The log file records the startup process of an Android application called QuickRide. It shows the application initializing various SDKs and libraries, checking for user sessions, and starting the splash activity. Errors are logged that the JIT profiler file could not be found and no user session was available to resume.
We take content rights seriously. If you suspect this is your content, claim it here.
Available Formats
Download as TXT, PDF, TXT or read online on Scribd
0 ratings0% found this document useful (0 votes)
179 views
QuickRide Logcat
The log file records the startup process of an Android application called QuickRide. It shows the application initializing various SDKs and libraries, checking for user sessions, and starting the splash activity. Errors are logged that the JIT profiler file could not be found and no user session was available to resume.
We take content rights seriously. If you suspect this is your content, claim it here.
Available Formats
Download as TXT, PDF, TXT or read online on Scribd
You are on page 1/ 49
--------- beginning of main
12-09 08:17:04.978 7429 7429 E disha.quickrid: Not starting debugger since
process cannot load the jdwp agent.
12-09 08:17:05.005 7429 7429 I disha.quickrid: The ClassLoaderContext is a special shared library.
12-09 08:17:05.011 7429 7429 W disha.quickrid: JIT profile information will not be recorded: profile file does not exits.
12-09 08:17:05.011 7429 7429 I chatty : uid=10006(com.disha.quickride) identical 1 line
12-09 08:17:05.011 7429 7429 W disha.quickrid: JIT profile information will not be recorded: profile file does not exits.
12-09 08:17:05.014 7429 7429 I Perf : Connecting to perf service.
12-09 08:17:05.019 7429 7429 D com.disha.quickride.androidapp.startup.QuickRideApplication: QuickRideApplication is instantiated
12-09 08:17:05.020 7429 7429 I MultiDex: VM with version 2.1.0 has multidex support
12-09 08:17:05.020 7429 7429 I MultiDex: Installing application
12-09 08:17:05.020 7429 7429 I MultiDex: VM has multidex support, MultiDex support library is disabled.
12-09 08:17:05.020 7429 7429 I MultiDex: Installing application
12-09 08:17:05.020 7429 7429 I MultiDex: VM has multidex support, MultiDex support library is disabled.
12-09 08:17:05.036 7429 7429 I FirebaseInitProvider: FirebaseApp initialization successful
12-09 08:17:05.038 7429 7429 I CrashlyticsInitProvider: CrashlyticsInitProvider skipping initialization
12-09 08:17:05.039 7429 7476 I FeatureParser: can't find raphaelin.xml in assets/device_features/,it may be in /system/etc/device_features
12-09 08:17:05.040 7429 7476 E libc : Access denied finding property "ro.vendor.df.effect.conflict"
12-09 08:17:05.024 7429 7429 W firebase-iid-ex: type=1400 audit(0.0:106559): avc: denied { read } for name="u:object_r:vendor_displayfeature_prop:s0" dev="tmpfs" ino=17234 scontext=u:r:untrusted_app_27:s0:c6,c256,c512,c768 tcontext=u:object_r:vendor_displayfeature_prop:s0 tclass=file permissive=0
12-09 08:17:05.060 7429 7429 E Apxor : App Id is empty or null, couldn't initialize ApxorSDK
12-09 08:17:05.062 7429 7429 D com.disha.quickride.androidapp.startup.QuickRideApplication: QuickRideApplication is created
12-09 08:17:05.066 7429 7481 D NetworkSecurityConfig: No Network Security Config specified, using platform default
12-09 08:17:05.069 7429 7473 I FA : App measurement is starting up, version: 15300
12-09 08:17:05.069 7429 7473 I FA : To enable debug logging run: adb shell setprop log.tag.FA VERBOSE
12-09 08:17:05.069 7429 7473 I FA : To enable faster debug mode event logging run:
12-09 08:17:05.069 7429 7473 I FA : adb shell setprop debug.firebase.analytics.app com.disha.quickride
12-09 08:17:05.069 7429 7429 D com.disha.quickride.androidapp.startup.QuickRideApplication: enabled https protocols null
12-09 08:17:05.089 7429 7429 E a : Value of SMT_USE_AD_ID : null
12-09 08:17:05.090 7429 7429 D NetcoreSDK: readConfig: null
12-09 08:17:05.104 7429 7429 I CleverTap: Activity Lifecycle Callback successfully registered
12-09 08:17:05.121 7429 7495 I CrashlyticsCore: Initializing Crashlytics 2.6.8.32
12-09 08:17:05.128 7429 7429 D com.disha.quickride.androidapp.startup.QuickRideApplication: Initializing Session Manager
12-09 08:17:05.133 7429 7525 D com.disha.quickride.androidapp.startup.session.SessionManagerController: Resuming user session
12-09 08:17:05.133 7429 7525 D com.disha.quickride.androidapp.startup.session.SessionManager: Entering createNewSessionManager
12-09 08:17:05.133 7429 7485 W DynamiteModule: Local module descriptor class for providerinstaller not found.
12-09 08:17:05.133 7429 7525 D com.disha.quickride.androidapp.startup.session.SessionManager: No User session found
12-09 08:17:05.133 7429 7525 D com.disha.quickride.androidapp.startup.session.SessionManagerController: Session manager can't resume as user session not found
12-09 08:17:05.133 7429 7525 E com.disha.quickride.androidapp.startup.session.SessionSetupAsyncTask: Session change operation failed
12-09 08:17:05.133 7429 7525 E com.disha.quickride.androidapp.startup.session.SessionSetupAsyncTask: com.disha.quickride.androidapp.startup.session.SessionManagerOperationFailedExcepti on
12-09 08:17:05.133 7429 7525 E com.disha.quickride.androidapp.startup.session.SessionSetupAsyncTask: at com.disha.quickride.androidapp.startup.session.SessionManagerController.resumeUserS ession(SourceFile:93)
12-09 08:17:05.133 7429 7525 E com.disha.quickride.androidapp.startup.session.SessionSetupAsyncTask: at com.disha.quickride.androidapp.startup.session.SessionResumeAsyncTask.performSessio nInitializationOperation(SourceFile:21)
12-09 08:17:05.133 7429 7525 E com.disha.quickride.androidapp.startup.session.SessionSetupAsyncTask: at com.disha.quickride.androidapp.startup.session.SessionSetupAsyncTask.doInBackground (SourceFile:58)
12-09 08:17:05.133 7429 7525 E com.disha.quickride.androidapp.startup.session.SessionSetupAsyncTask: at com.disha.quickride.androidapp.startup.session.SessionSetupAsyncTask.doInBackground (SourceFile:15)
12-09 08:17:05.133 7429 7525 E com.disha.quickride.androidapp.startup.session.SessionSetupAsyncTask: at android.os.AsyncTask$3.call(AsyncTask.java:378)
12-09 08:17:05.133 7429 7525 E com.disha.quickride.androidapp.startup.session.SessionSetupAsyncTask: at java.util.concurrent.FutureTask.run(FutureTask.java:266)
12-09 08:17:05.133 7429 7525 E com.disha.quickride.androidapp.startup.session.SessionSetupAsyncTask: at java.util.concurrent.ThreadPoolExecutor.runWorker(ThreadPoolExecutor.java:1167)
12-09 08:17:05.133 7429 7525 E com.disha.quickride.androidapp.startup.session.SessionSetupAsyncTask: at java.util.concurrent.ThreadPoolExecutor$Worker.run(ThreadPoolExecutor.java:641)
12-09 08:17:05.133 7429 7525 E com.disha.quickride.androidapp.startup.session.SessionSetupAsyncTask: at java.lang.Thread.run(Thread.java:919)
12-09 08:17:05.133 7429 7525 D com.disha.quickride.androidapp.startup.session.SessionSetupAsyncTask: Session change operation took 1 ms
12-09 08:17:05.136 7429 7485 I DynamiteModule: Considering local module providerinstaller:0 and remote module providerinstaller:0
12-09 08:17:05.136 7429 7485 W ProviderInstaller: Failed to load providerinstaller module: No acceptable module found. Local version is 0 and remote version is 0.
12-09 08:17:05.145 7429 7529 E Perf : Fail to get file list com.disha.quickride
12-09 08:17:05.145 7429 7529 E Perf : getFolderSize() : Exception_1 = java.lang.NullPointerException: Attempt to get length of null array
12-09 08:17:05.145 7429 7529 E Perf : Fail to get file list com.disha.quickride
12-09 08:17:05.145 7429 7529 E Perf : getFolderSize() : Exception_1 = java.lang.NullPointerException: Attempt to get length of null array
12-09 08:17:05.145 7429 7529 E Perf : Fail to get file list oat
12-09 08:17:05.145 7429 7529 E Perf : getFolderSize() : Exception_1 = java.lang.NullPointerException: Attempt to get length of null array
12-09 08:17:05.146 7429 7495 W com.facebook.appevents.AppEventsLogger: activateApp events are being logged automatically. There's no need to call activateApp explicitly, this is safe to remove.
12-09 08:17:05.147 7429 7528 D com.disha.quickride.androidapp.common.AndroidRestClient.AndroidClientLogger: RestClient.callService with httpRequestMethod = GET
12-09 08:17:05.152 7429 7485 I disha.quickrid: The ClassLoaderContext is a special shared library.
12-09 08:17:05.152 7429 7495 I GAv4 : Google Analytics 12.4.51 is starting up. To enable debug logging on a device run:
12-09 08:17:05.152 7429 7495 I GAv4 : adb shell setprop log.tag.GAv4 DEBUG
12-09 08:17:05.152 7429 7495 I GAv4 : adb logcat -s GAv4
12-09 08:17:05.157 7429 7429 I com.disha.quickride.androidapp.startup.QRSplashActivity: on create of splash activity
12-09 08:17:05.162 7429 7429 I CleverTap: Account Region not specified in the AndroidManifest - using default region
12-09 08:17:05.173 7429 7485 I disha.quickrid: The ClassLoaderContext is a special shared library.
12-09 08:17:05.176 7429 7429 I CleverTap: CleverTap SDK initialized with accountId: 677-74Z-765Z accountToken: 14a-aa6 accountRegion: null
12-09 08:17:05.177 7429 7429 D com.disha.quickride.androidapp.QuickRideLifecycleHandler: App is opened by the user
12-09 08:17:05.183 7429 7544 I CleverTap: SDK Version Code is 30501
12-09 08:17:05.183 7429 7544 I CleverTap: CTPushNotificationReceiver is present
12-09 08:17:05.187 7429 7544 I CleverTap: InstallReferrerBroadcastReceiver is present
12-09 08:17:05.188 7429 7544 I CleverTap: CTNotificationIntentService not present
12-09 08:17:05.189 7429 7544 I CleverTap: CTBackgroundJobService is present
12-09 08:17:05.190 7429 7544 I CleverTap: CTBackgroundIntentService is present
12-09 08:17:05.192 7429 7544 I CleverTap: InAppNotificationActivity is present
12-09 08:17:05.193 7429 7544 I CleverTap: FcmMessageListenerService not present
12-09 08:17:05.193 7429 7544 I CleverTap: FcmTokenListenerService not present
12-09 08:17:05.202 7429 7485 V NativeCrypto: Registering com/google/android/gms/org/conscrypt/NativeCrypto's 286 native methods...
12-09 08:17:05.211 7429 7495 D AppsFlyer_4.9.0: Initializing AppsFlyer SDK: (v4.9.0.184)
12-09 08:17:05.214 7429 7429 D com.disha.quickride.androidapp.location.GoogleApiClientProvider: getGoogleApiClient()
12-09 08:17:05.217 7429 7429 D com.disha.quickride.androidapp.QuickRideLifecycleHandler: App is visible
12-09 08:17:05.233 7429 7485 I ProviderInstaller: Installed default security provider GmsCore_OpenSSL
12-09 08:17:05.265 7429 7429 D a : registerEvent: Token is Null
12-09 08:17:05.270 7429 7429 I AppsFlyer_4.9.0: onBecameForeground
12-09 08:17:05.271 7429 7429 I AppsFlyer_4.9.0: Sending first launch for this session!
12-09 08:17:05.284 7429 7429 D AppsFlyer_4.9.0: InstallReferrer connected
12-09 08:17:05.289 7429 7491 I ActivityThread: com.facebook.katana.provider.AttributionIdProvider acquiringCount 2
12-09 08:17:05.290 7429 7487 I ActivityThread: com.facebook.katana.provider.AttributionIdProvider acquiringCount 3
12-09 08:17:05.297 7429 7429 D com.disha.quickride.androidapp.startup.QuickRideApplication: ProviderInstaller.installIfNeededAsync onProviderInstalled
12-09 08:17:05.368 7429 7530 I AdrenoGLES: QUALCOMM build : e0436c5, Ib165d46056
12-09 08:17:05.368 7429 7530 I AdrenoGLES: Build Date : 09/10/19
12-09 08:17:05.368 7429 7530 I AdrenoGLES: OpenGL ES Shader Compiler Version: EV031.27.05.01
12-09 08:17:05.368 7429 7530 I AdrenoGLES: Local Branch :
12-09 08:17:05.368 7429 7530 I AdrenoGLES: Remote Branch : quic/gfx-adreno.lnx.1.0.r74-rel
12-09 08:17:05.368 7429 7530 I AdrenoGLES: Remote Branch : NONE
12-09 08:17:05.368 7429 7530 I AdrenoGLES: Reconstruct Branch : NOTHING
12-09 08:17:05.368 7429 7530 I AdrenoGLES: Build Config : S P 8.0.11 AArch64
12-09 08:17:05.371 7429 7530 I AdrenoGLES: PFP: 0x016ee187, ME: 0x00000000
12-09 08:17:05.373 7429 7530 W AdrenoUtils: <ReadGpuID_from_sysfs:194>: Failed to open /sys/class/kgsl/kgsl-3d0/gpu_model
12-09 08:17:05.373 7429 7530 W AdrenoUtils: <ReadGpuID:218>: Failed to read chip ID from gpu_model. Fallback to use the GSL path
12-09 08:17:05.380 7429 7473 W disha.quickrid: Long monitor contention with owner firebase-iid-executor (7476) at long com.android.org.conscrypt.NativeCrypto.RSA_generate_key_ex(int, byte[]) (NativeCrypto.java:-2) waiters=0 in ecb ecc.a(java.lang.String, java.lang.String, java.lang.String) for 275ms
12-09 08:17:05.380 7429 7544 I CleverTap:677-74Z-765Z: FCM token: null
12-09 08:17:05.391 7429 7530 W Gralloc3: mapper 3.x is not supported
12-09 08:17:05.393 7429 7473 I FA : Tag Manager is not found and thus will not be used
12-09 08:17:05.421 7429 7568 I AppsFlyer_4.9.0: sendTrackingWithEvent from activity: com.disha.quickride.androidapp.startup.QuickRideApplication
12-09 08:17:05.422 7429 7568 I AppsFlyer_4.9.0: Trying to fetch GAID..
12-09 08:17:05.428 7429 7522 W disha.quickrid: Long monitor contention with owner Queue (7508) at boolean android.os.BinderProxy.transactNative(int, android.os.Parcel, android.os.Parcel, int)(BinderProxy.java:-2) waiters=0 in erl esc.l() for 309ms
12-09 08:17:05.429 7429 7527 W disha.quickrid: Long monitor contention with owner Queue (7508) at boolean android.os.BinderProxy.transactNative(int, android.os.Parcel, android.os.Parcel, int)(BinderProxy.java:-2) waiters=1 in erl esc.l() for 285ms
12-09 08:17:05.432 7429 7429 D com.disha.quickride.androidapp.location.GoogleApiClientProvider: onConnected
12-09 08:17:05.433 7429 7429 D com.disha.quickride.androidapp.startup.QRSplashActivity: Seeking permissions from user : [android.permission.READ_EXTERNAL_STORAGE, android.permission.WRITE_EXTERNAL_STORAGE, android.permission.ACCESS_FINE_LOCATION]
12-09 08:17:05.489 7429 7568 I AppsFlyer_4.9.0: ******* sendTrackingWithEvent: Launch
12-09 08:17:05.491 7429 7568 I AppsFlyer_4.9.0: Initialising KeyStore..
12-09 08:17:05.497 7429 7568 I AppsFlyer_4.9.0: Creating a new key with alias: com.appsflyer,KSAppsFlyerId=1575859625497-464584806058761408,KSAppsFlyerRICounter=0
12-09 08:17:05.796 7429 7528 D com.disha.quickride.androidapp.common.AndroidRestClient.AndroidClientLogger: RestClient.callService response code : 200
12-09 08:17:05.798 7429 7528 W Java7Support: Unable to load JDK7 types (annotations, java.nio.file.Path): no Java7 support added
12-09 08:17:05.869 7429 7429 I AppsFlyer_4.9.0: MultipleInstallBroadcastReceiver called
12-09 08:17:05.869 7429 7429 I AppsFlyer_4.9.0: ****** onReceive called *******
12-09 08:17:05.870 7429 7429 I AppsFlyer_4.9.0: Play store referrer: af_tranid=- H4OLmdaW9tLePQb5zkXag&shortlink=FloatCTA&pid=website&c=website_float_cta&af_dp=http s://quickride.onelink.me/HnCK/newride&af_web_id=40c222a9-5794-4876-bfc4- 5bf0b1bdd217-o
12-09 08:17:05.889 7429 7429 I AppsFlyer_4.9.0: trigger onReceive: class: com.disha.quickride.androidapp.startup.InstallReferrerReceiver
12-09 08:17:05.890 7429 7429 D com.disha.quickride.androidapp.startup.InstallReferrerReceiver: onReceive with action: com.android.vending.INSTALL_REFERRER; data: null; extras: referrer=af_tranid=- H4OLmdaW9tLePQb5zkXag&shortlink=FloatCTA&pid=website&c=website_float_cta&af_dp=http s://quickride.onelink.me/HnCK/newride&af_web_id=40c222a9-5794-4876-bfc4- 5bf0b1bdd217-o referrer_timestamp_seconds=1575859539
12-09 08:17:05.890 7429 7429 D com.disha.quickride.androidapp.startup.InstallReferrerReceiver: Referrer info af_tranid=- H4OLmdaW9tLePQb5zkXag&shortlink=FloatCTA&pid=website&c=website_float_cta&af_dp=http s://quickride.onelink.me/HnCK/newride&af_web_id=40c222a9-5794-4876-bfc4- 5bf0b1bdd217-o
12-09 08:17:05.890 7429 7429 D com.disha.quickride.androidapp.startup.InstallReferrerReceiver: Notifying CampaignTrackingReceiver
12-09 08:17:05.890 7429 7429 I AppsFlyer_4.9.0: trigger onReceive: class: com.google.android.gms.analytics.CampaignTrackingReceiver
12-09 08:17:05.891 7429 7429 I AppsFlyer_4.9.0: trigger onReceive: class: com.clevertap.android.sdk.InstallReferrerBroadcastReceiver
12-09 08:17:05.892 7429 7429 I AppsFlyer_4.9.0: trigger onReceive: class: com.google.android.gms.measurement.AppMeasurementInstallReferrerReceiver
12-09 08:17:05.893 7429 7429 I FA : Install referrer extras are: af_tranid=- H4OLmdaW9tLePQb5zkXag&shortlink=FloatCTA&pid=website&c=website_float_cta&af_dp=http s://quickride.onelink.me/HnCK/newride&af_web_id=40c222a9-5794-4876-bfc4- 5bf0b1bdd217-o
12-09 08:17:05.894 7429 7473 I FA : Install Referrer Reporter is initializing
12-09 08:17:05.895 7429 7429 D com.disha.quickride.androidapp.startup.InstallReferrerReceiver: onReceive with action: com.android.vending.INSTALL_REFERRER; data: null; extras: referrer=af_tranid=- H4OLmdaW9tLePQb5zkXag&shortlink=FloatCTA&pid=website&c=website_float_cta&af_dp=http s://quickride.onelink.me/HnCK/newride&af_web_id=40c222a9-5794-4876-bfc4- 5bf0b1bdd217-o referrer_timestamp_seconds=1575859539
12-09 08:17:05.895 7429 7429 D com.disha.quickride.androidapp.startup.InstallReferrerReceiver: Referrer info af_tranid=- H4OLmdaW9tLePQb5zkXag&shortlink=FloatCTA&pid=website&c=website_float_cta&af_dp=http s://quickride.onelink.me/HnCK/newride&af_web_id=40c222a9-5794-4876-bfc4- 5bf0b1bdd217-o
12-09 08:17:05.895 7429 7429 D com.disha.quickride.androidapp.startup.InstallReferrerReceiver: Notifying CampaignTrackingReceiver
12-09 08:17:05.896 7429 7485 W b : Response from url :{"InAppRuleList": [],"smartechSettings": {"sessionInterval":30,"batchInterval":60,"batchSize":30,"sdkActive":true,"paEnabled ":true,"paInterval":15,"panelActive":true,"baseUrls": {"trackAppActUrl":"https:\/\/ptop.only.wip.la:443\/https\/npn.netcoresmartech.com\/","pushAmpUrl":"https:\/\/ptop.only.wip.la:443\/https\/npa .netcoresmartech.com\/","inAppUrl":"https:\/\/ptop.only.wip.la:443\/https\/ninapp.netcoresmartech.com\/","inboxU rl":"https:\/\/ptop.only.wip.la:443\/https\/ninbox.netcoresmartech.com\/"}}}
12-09 08:17:05.905 7429 7542 W GAv4 : Ignoring duplicate install campaign
12-09 08:17:05.917 7429 7542 W GAv4 : Ignoring duplicate install campaign
12-09 08:17:05.918 7429 7473 I FA : Install Referrer Service is: available
12-09 08:17:05.919 7429 7429 I FA : Install Referrer Service connected
12-09 08:17:05.920 7429 7542 W GAv4 : Ignoring duplicate install campaign
12-09 08:17:05.921 7429 7542 W GAv4 : Ignoring duplicate install campaign
12-09 08:17:05.927 7429 7473 E FA : No campaign params defined in install referrer result
12-09 08:17:05.939 7429 7542 W GAv4 : Ignoring duplicate install campaign
12-09 08:17:05.947 7429 7429 I FA : Install referrer extras are: af_tranid=- H4OLmdaW9tLePQb5zkXag&shortlink=FloatCTA&pid=website&c=website_float_cta&af_dp=http s://quickride.onelink.me/HnCK/newride&af_web_id=40c222a9-5794-4876-bfc4- 5bf0b1bdd217-o
12-09 08:17:05.947 7429 7473 I FA : Install Referrer Reporter is initializing
12-09 08:17:05.960 7429 7473 I FA : Install Referrer Service is: available
12-09 08:17:05.963 7429 7429 I FA : Install Referrer Service connected
12-09 08:17:05.965 7429 7505 I ApxorSDK: ApxorSDK(v258) successfully initialized for: d25af8de489a0ca420f9540aed14013a
12-09 08:17:05.973 7429 7682 D SlaveNetworkWorker: not matched:
12-09 08:17:05.975 7429 7473 E FA : No campaign params defined in install referrer result
12-09 08:17:05.984 7429 7631 I AppsFlyer_4.9.0: onBecameBackground
12-09 08:17:05.984 7429 7631 I AppsFlyer_4.9.0: callStatsBackground background call
12-09 08:17:05.984 7429 7682 I WebViewFactory: Loading com.google.android.webview version 78.0.3904.108 (code 390410838)
12-09 08:17:05.987 7429 7631 I AppsFlyer_4.9.0: app went to background
12-09 08:17:05.991 7429 7631 D AppsFlyer_4.9.0: Stats call is disabled, ignore ...
12-09 08:17:05.991 7429 7631 D AppsFlyer_4.9.0: RD status is OFF
12-09 08:17:06.005 7429 7692 D SlaveNetworkWorker: not matched: 1
12-09 08:17:06.030 7429 7488 E GraphResponse: {HttpStatus: 400, errorCode: 43003, subErrorCode: -1, errorType: OAuthException, errorMessage: (#43003) App button auto detection is disabled}
12-09 08:17:06.041 7429 7491 W AnalyticsUserIDStore: initStore should have been called before calling setUserID
12-09 08:17:06.042 7429 7491 W UserDataStore: initStore should have been called before calling setUserID
12-09 08:17:06.092 7429 7682 I cr_LibraryLoader: Time to load native libraries: 3 ms
12-09 08:17:06.167 7429 7429 I chromium: [INFO:library_loader_hooks.cc(51)] Chromium logging enabled: level = 0, default verbosity = 0
12-09 08:17:06.168 7429 7429 I cr_LibraryLoader: Expected native library version number "78.0.3904.108", actual native library version number "78.0.3904.108"
12-09 08:17:06.191 7429 7738 W cr_ChildProcLH: Create a new ChildConnectionAllocator with package name = com.google.android.webview, sandboxed = true
12-09 08:17:06.209 7429 7429 I cr_BrowserStartup: Initializing chromium process, singleProcess=false
12-09 08:17:06.216 7429 7568 D AppsFlyer_4.9.0: PreInstall file wasn't found: /data/miui/pai/pre_install.appsflyer
12-09 08:17:06.204 7429 7429 W Thread-14: type=1400 audit(0.0:106580): avc: denied { open } for path="/data/miui/pai/pre_install.appsflyer" dev="sda31" ino=46 scontext=u:r:untrusted_app_27:s0:c6,c256,c512,c768 tcontext=u:object_r:system_data_file:s0 tclass=file permissive=0
12-09 08:17:06.266 7429 7429 E chromium: [ERROR:filesystem_posix.cc(89)] stat /data/user/0/com.disha.quickride/cache/WebView/Crashpad: No such file or directory (2)
12-09 08:17:06.266 7429 7429 E chromium: [ERROR:filesystem_posix.cc(62)] mkdir /data/user/0/com.disha.quickride/cache/WebView/Crashpad: No such file or directory (2)
12-09 08:17:06.270 7429 7568 I AppsFlyer_4.9.0: IMEI was not collected.
12-09 08:17:06.272 7429 7568 I AppsFlyer_4.9.0: Android ID was not collected.
12-09 08:17:06.280 7429 7568 D AppsFlyer_4.9.0: AppsFlyer: first launch detected
12-09 08:17:06.281 7429 7568 I AppsFlyer_4.9.0: AppsFlyer: first launch date: 2019-12-09_024706+0000
12-09 08:17:06.283 7429 7568 D AppsFlyer_4.9.0: didConfigureTokenRefreshService=false
12-09 08:17:06.290 7429 7568 I AppsFlyer_4.9.0: AppsFlyerLib.sendTrackingWithEvent
12-09 08:17:06.292 7429 7568 D AppsFlyer_4.9.0: Install referrer is allowed
12-09 08:17:06.296 7429 7768 I AppsFlyer_4.9.0: url: https://t.appsflyer.com/api/v4/androidevent? buildnumber=4.9.0&app_id=com.disha.quickride
12-09 08:17:06.296 7429 7768 I AppsFlyer_4.9.0: data: {"country":"","af_timestamp":"1575859625468","appsflyerKey":"s********************m ","af_events_api":"1","isFirstCall":"true","registeredUninstall":false,"operator":" airtel","network":"MOBILE","timepassedsincelastlaunch":"- 1","open_referrer":"android- app:\/\/com.mi.android.globallauncher","af_v2":"344a3939ccd98067a457b24f211a0b07a71 b6651","uid":"1575859625497- 464584806058761408","isGaidWithGps":"true","lang_code":"en","installDate":"2019-12- 09_024605+0000","app_version_code":"351","firstLaunchDate":"2019-12- 09_024706+0000","ivc":false,"model":"Redmi K20 Pro","lang":"English","brand":"Xiaomi","batteryLevel":"68.0","deviceType":"user","p roduct":"raphaelin","kef5266":"295d2d5eb7e3e21748181a1e0c531a0d591f1f0d5a1f1e","dev iceData":{"sensors":[{"sT":4,"sVS":[0.029676694,-0.50264746,- 0.18207127],"sN":"icm4x6xx Gyroscope Non-wakeup","sV":"TDK-Invensense","sVE":[- 1.9581051,-0.5793464,0.079983555]},{"sT":2,"sVS":[7.278614,-40.11771,- 20.295776],"sN":"ak0991x Magnetometer Non-wakeup","sV":"akm","sVE":[5.436226,- 37.585148,-26.672546]},{"sT":1,"sVS":[-3.1839747,2.0173764,9.39137],"sN":"icm4x6xx Accelerometer Non-wakeup","sV":"TDK-Invensense","sVE":[- 0.055479743,0.37407804,11.700611]}],"cpu_abi":"arm64- v8a","build_display_id":"QKQ1.190825.002 test-keys","btch":"no","dim": {"size":"2","ydp":"404.326","xdp":"403.411","y_px":"2210","x_px":"1080","d_dpi":"44 0"},"arch":"","btl":"68.0","cpu_abi2":""},"installer_package":"com.android.vending" ,"date2":"2019-12-09_024605+0000","counter":"1","date1":"2019-12- 09_024605+0000","advertiserId":"e8d21283-8603-4bc0-be1b- 73a185bce871","advertiserIdEnabled":"false","referrer":"af_tranid=- H4OLmdaW9tLePQb5zkXag&shortlink=FloatCTA&pid=website&c=website_float_cta&af_dp=http s:\/\/quickride.onelink.me\/HnCK\/newride&af_web_id=40c222a9-5794-4876-bfc4- 5bf0b1bdd217- o","af_v":"2df8de2be4581d08ef6a5d905a82936ab6b62c1f","carrier":"airtel","af_preinst alled":"false","iaecounter":"0","tokenRefreshConfigured":false,"sdk":"29","fb":"5c3 bda05-0aa9-4d12-80dc- 89510a0b766a","app_version_name":"9.01","device":"raphaelin","platformextension":"a ndroid_native","cksm_v1":"6db1c6a47626ae7bbf68da979e24efe594","rfr": {"val":"af_tranid=- H4OLmdaW9tLePQb5zkXag&shortlink=FloatCTA&pid=website&c=website_float_cta&af_dp=http s:\/\/quickride.onelink.me\/HnCK\/newride&af_web_id=40c222a9-5794-4876-bfc4- 5bf0b1bdd217-o","code":"0","clk":"1575859539","install":"1575859544"}}
12-09 08:17:06.589 7429 7487 D com.disha.quickride.androidapp.startup.QRSplashActivity: AppLinkData is null; cannot fetch referer info
12-09 08:17:06.597 7429 7505 E Apxor : Configuration is not in fall between provided dates
12-09 08:17:06.597 7429 7505 E Apxor : Failed to initialize the config item
12-09 08:17:06.608 7429 7505 E Apxor : Configuration is not in fall between provided dates
12-09 08:17:06.608 7429 7505 E Apxor : Failed to initialize the config item
12-09 08:17:06.669 7429 7623 D b : Get: https://pa.netcoresmartech.com/getnotifications? sdkversion=2.2.1&appid=d25af8de489a0ca420f9540aed14013a&guid=b1c8fadb-decc-403b- a0c9-5d42a3f6a66b<s=1575859625&type=android -> --- 200 OK {"pa_enable":"1","notifications":[],"pa_freq":"15"}
12-09 08:17:06.830 7429 7818 D com.disha.quickride.androidapp.notification.QuickRideGCMIntentService: New token generated : eCe8ONF0LKc:APA91bES19miubmm4yLn4qx-NX2-ASKq3YHs2DP- u66MfUXB2m_jvQoIOKaeTrTdPGwSSSAPWsqi6cIPGUNiIYwKcFBlOKXHYs20ecvsdGB8EZtPpgSLnOEtT6c fSmLYlbAnleficG-L
12-09 08:17:06.850 7429 7818 I AppsFlyer_4.9.0: updateServerUninstallToken called with: 1575859626850,eCe8ONF0LKc:APA91bES19miubmm4yLn4qx-NX2-ASKq3YHs2DP- u66MfUXB2m_jvQoIOKaeTrTdPGwSSSAPWsqi6cIPGUNiIYwKcFBlOKXHYs20ecvsdGB8EZtPpgSLnOEtT6c fSmLYlbAnleficG-L
12-09 08:17:06.853 7429 7481 I AppsFlyer_4.9.0: call = https://register.appsflyer.com/api/v4/androidevent? buildnumber=4.9.0&app_id=com.disha.quickride; size = 545 bytes; body = {"devkey":"s********************m","operator":"airtel","network":"MOBILE","advertis erId":"e8d21283-8603-4bc0-be1b-73a185bce871","app_name":"Quick Ride","uid":"1575859625497- 464584806058761408","carrier":"airtel","app_version_code":"351","installDate":"2019 -12-09_024605+0000","af_gcm_token":"eCe8ONF0LKc:APA91bES19miubmm4yLn4qx-NX2- ASKq3YHs2DP- u66MfUXB2m_jvQoIOKaeTrTdPGwSSSAPWsqi6cIPGUNiIYwKcFBlOKXHYs20ecvsdGB8EZtPpgSLnOEtT6c fSmLYlbAnleficG-L","launch_counter":"1","model":"Redmi K20 Pro","sdk":"29","app_version_name":"9.01","brand":"Xiaomi"}
12-09 08:17:06.989 7429 7692 D b : getData: response code:200
12-09 08:17:06.989 7429 7692 D b : POST: https://pn.netcoresmartech.com/app_activity -> {"appid":"d25af8de489a0ca420f9540aed14013a","pushid":"b1c8fadb-decc-403b-a0c9- 5d42a3f6a66b","identity":"","ostype":"Android","make":"Xiaomi","model":"Redmi K20 Pro","osversion":"10","appname":"Quick Ride","appversion":"9.01","sdkversion":"2.2.1","cts":191209081705,"lat":null,"lng": null,"adid":"","sessionid":"1575859625219","tx":"1575859625901","eventid":"20"} --- 200 OK {"status" : "success"}
12-09 08:17:07.004 7429 7682 D b : getData: response code:200
12-09 08:17:07.004 7429 7682 D b : POST: https://pn.netcoresmartech.com/app_activity -> {"appid":"d25af8de489a0ca420f9540aed14013a","pushid":"b1c8fadb-decc-403b-a0c9- 5d42a3f6a66b","identity":"","ostype":"Android","make":"Xiaomi","model":"Redmi K20 Pro","osversion":"10","appname":"Quick Ride","appversion":"9.01","sdkversion":"2.2.1","cts":191209081705,"lat":null,"lng": null,"adid":"","sessionid":"1575859625219","tx":"1575859625899","eventid":"26"} --- 200 OK {"status" : "success"}
12-09 08:17:07.007 7429 7506 I WM-WorkerWrapper: Worker result SUCCESS for Work [ id=ba8a2a51-3968-43ac-9fe4-790efce605c1, tags={ in.netcore.smartechfcm.workmanager.SlaveNetworkWorker } ]
12-09 08:17:07.021 7429 7692 D SlaveNetworkWorker: not matched:
12-09 08:17:07.023 7429 7506 I WM-WorkerWrapper: Worker result SUCCESS for Work [ id=bba9e2ec-0042-485c-9332-132839d70fe8, tags={ in.netcore.smartechfcm.workmanager.SlaveNetworkWorker } ]
12-09 08:17:07.151 7429 7692 D b : getData: response code:200
12-09 08:17:07.152 7429 7692 D b : POST: https://pn.netcoresmartech.com/pn_register -> {"appid":"d25af8de489a0ca420f9540aed14013a","pushid":"b1c8fadb-decc-403b-a0c9- 5d42a3f6a66b","identity":"","ostype":"Android","make":"Xiaomi","model":"Redmi K20 Pro","osversion":"10","appname":"Quick Ride","appversion":"9.01","sdkversion":"2.2.1","cts":191209081706,"lat":null,"lng": null,"adid":"","oldToken":"eCe8ONF0LKc:APA91bES19miubmm4yLn4qx-NX2-ASKq3YHs2DP- u66MfUXB2m_jvQoIOKaeTrTdPGwSSSAPWsqi6cIPGUNiIYwKcFBlOKXHYs20ecvsdGB8EZtPpgSLnOEtT6c fSmLYlbAnleficG- L","sessionid":"1575859625219","tx":"1575859626849","eventid":"25","token":"eCe8ONF 0LKc:APA91bES19miubmm4yLn4qx-NX2-ASKq3YHs2DP- u66MfUXB2m_jvQoIOKaeTrTdPGwSSSAPWsqi6cIPGUNiIYwKcFBlOKXHYs20ecvsdGB8EZtPpgSLnOEtT6c fSmLYlbAnleficG-L"} --- 200 OK {"status":"success","panelStatus":"1"}
12-09 08:17:07.156 7429 7506 I WM-WorkerWrapper: Worker result SUCCESS for Work [ id=00876ccd-bdad-4bfe-be73-c1c375826c85, tags={ in.netcore.smartechfcm.workmanager.SlaveNetworkWorker } ]
12-09 08:17:07.248 7429 7768 I AppsFlyer_4.9.0: response code: 200
12-09 08:17:07.249 7429 7768 D AppsFlyer_4.9.0: Uninstall Token exists: 1575859626850,eCe8ONF0LKc:APA91bES19miubmm4yLn4qx-NX2-ASKq3YHs2DP- u66MfUXB2m_jvQoIOKaeTrTdPGwSSSAPWsqi6cIPGUNiIYwKcFBlOKXHYs20ecvsdGB8EZtPpgSLnOEtT6c fSmLYlbAnleficG-L
12-09 08:17:07.249 7429 7768 D AppsFlyer_4.9.0: Resending Uninstall token to AF servers: 1575859626850,eCe8ONF0LKc:APA91bES19miubmm4yLn4qx-NX2-ASKq3YHs2DP- u66MfUXB2m_jvQoIOKaeTrTdPGwSSSAPWsqi6cIPGUNiIYwKcFBlOKXHYs20ecvsdGB8EZtPpgSLnOEtT6c fSmLYlbAnleficG-L
12-09 08:17:07.250 7429 7768 I AppsFlyer_4.9.0: updateServerUninstallToken called with: 1575859627250,1575859626850,eCe8ONF0LKc:APA91bES19miubmm4yLn4qx-NX2- ASKq3YHs2DP- u66MfUXB2m_jvQoIOKaeTrTdPGwSSSAPWsqi6cIPGUNiIYwKcFBlOKXHYs20ecvsdGB8EZtPpgSLnOEtT6c fSmLYlbAnleficG-L
12-09 08:17:07.275 7429 7837 I AppsFlyer_4.9.0: Calling server for attribution url: https://api.appsflyer.com/install_data/v3/com.disha.quickride? devkey=s********************m&device_id=1575859625497-464584806058761408
12-09 08:17:07.845 7429 7481 I AppsFlyer_4.9.0: Status 200 ok
12-09 08:17:07.846 7429 7481 D AppsFlyer_4.9.0: Successfully registered for Uninstall Tracking
12-09 08:17:07.847 7429 7429 I AppsFlyer_4.9.0: Connection call succeeded: {"string_response":"ok\n"}
12-09 08:17:07.848 7429 7487 I AppsFlyer_4.9.0: call = https://register.appsflyer.com/api/v4/androidevent? buildnumber=4.9.0&app_id=com.disha.quickride; size = 559 bytes; body = {"devkey":"s********************m","operator":"airtel","network":"MOBILE","advertis erId":"e8d21283-8603-4bc0-be1b-73a185bce871","app_name":"Quick Ride","uid":"1575859625497- 464584806058761408","carrier":"airtel","app_version_code":"351","installDate":"2019 -12- 09_024605+0000","af_gcm_token":"1575859626850,eCe8ONF0LKc:APA91bES19miubmm4yLn4qx- NX2-ASKq3YHs2DP- u66MfUXB2m_jvQoIOKaeTrTdPGwSSSAPWsqi6cIPGUNiIYwKcFBlOKXHYs20ecvsdGB8EZtPpgSLnOEtT6c fSmLYlbAnleficG-L","launch_counter":"1","model":"Redmi K20 Pro","sdk":"29","app_version_name":"9.01","brand":"Xiaomi"}
12-09 08:17:08.111 7429 7487 I AppsFlyer_4.9.0: Status 200 ok
12-09 08:17:08.112 7429 7487 D AppsFlyer_4.9.0: Successfully registered for Uninstall Tracking
12-09 08:17:08.112 7429 7429 I AppsFlyer_4.9.0: Connection call succeeded: {"string_response":"ok\n"}
12-09 08:17:08.445 7429 7837 D AppsFlyer_4.9.0: iscache=true caching conversion data
12-09 08:17:08.648 7429 7818 D com.disha.quickride.androidapp.notification.QuickRideGCMIntentService: New GCM message received : {af-uinstall-tracking=true}
12-09 08:17:08.649 7429 7818 E b : Error: No value for data
12-09 08:17:08.649 7429 7818 D com.disha.quickride.androidapp.notification.QuickRideGCMIntentService: Not handled by NetCore
12-09 08:17:08.649 7429 7818 D com.disha.quickride.androidapp.notification.QuickRideGCMIntentService: Session is not yet initialized; will queue up the message and process after session is initialized
12-09 08:17:09.271 7429 7818 D com.disha.quickride.androidapp.notification.QuickRideGCMIntentService: New GCM message received : {af-uinstall-tracking=true}
12-09 08:17:09.271 7429 7818 E b : Error: No value for data
12-09 08:17:09.272 7429 7818 D com.disha.quickride.androidapp.notification.QuickRideGCMIntentService: Not handled by NetCore
12-09 08:17:09.272 7429 7818 D com.disha.quickride.androidapp.notification.QuickRideGCMIntentService: Session is not yet initialized; will queue up the message and process after session is initialized
12-09 08:17:10.974 7429 7514 I WM-WorkerWrapper: Worker result SUCCESS for Work [ id=cb92a291-260d-49d7-a593-77bd4abf1d68, tags={ in.netcore.smartechfcm.workmanager.SlaveDBSyncWorker } ]
12-09 08:17:13.044 7429 7468 I disha.quickrid: ProcessProfilingInfo new_methods=7312 is saved saved_to_disk=1 resolve_classes_delay=8000
12-09 08:17:35.014 7429 7429 I AppsFlyer_4.9.0: onBecameForeground
12-09 08:17:35.015 7429 7429 I AppsFlyer_4.9.0: Last Launch attempt: 2019/12/09 02:47:05.271 +0000;
12-09 08:17:35.015 7429 7429 I AppsFlyer_4.9.0: Last successful Launch event: 2019/12/09 02:47:07.249 +0000;
12-09 08:17:35.015 7429 7429 I AppsFlyer_4.9.0: Sending launch (+29744 ms)
12-09 08:17:35.168 7429 8084 I AppsFlyer_4.9.0: sendTrackingWithEvent from activity: com.disha.quickride.androidapp.startup.QuickRideApplication
12-09 08:17:35.168 7429 8084 I AppsFlyer_4.9.0: Trying to fetch GAID..
12-09 08:17:35.202 7429 8084 I AppsFlyer_4.9.0: ******* sendTrackingWithEvent: Launch
12-09 08:17:35.220 7429 8084 I AppsFlyer_4.9.0: IMEI was not collected.
12-09 08:17:35.221 7429 8084 I AppsFlyer_4.9.0: Android ID was not collected.
12-09 08:17:35.224 7429 8084 I AppsFlyer_4.9.0: AppsFlyer: first launch date: 2019-12-09_024706+0000
12-09 08:17:35.224 7429 8084 D AppsFlyer_4.9.0: didConfigureTokenRefreshService=false
12-09 08:17:35.226 7429 8084 I AppsFlyer_4.9.0: AppsFlyerLib.sendTrackingWithEvent
12-09 08:17:35.227 7429 8084 D AppsFlyer_4.9.0: Install referrer is allowed
12-09 08:17:35.229 7429 8084 I AppsFlyer_4.9.0: url: https://t.appsflyer.com/api/v4/androidevent? buildnumber=4.9.0&app_id=com.disha.quickride
12-09 08:17:35.229 7429 8084 I AppsFlyer_4.9.0: data: {"country":"","af_timestamp":"1575859655185","appsflyerKey":"s********************m ","af_events_api":"1","isFirstCall":"false","registeredUninstall":true,"operator":" airtel","network":"MOBILE","timepassedsincelastlaunch":"29","open_referrer":"androi d- app:\/\/com.mi.android.globallauncher","af_v2":"078e3f84efdfcfe040516cc9ce170f509ac 1b869","uid":"1575859625497- 464584806058761408","isGaidWithGps":"true","lang_code":"en","kef5f68":"7f5429f1bb32 5a3848181b1b0c531a0d591f1f0d5a1f1f","installDate":"2019-12- 09_024605+0000","app_version_code":"351","firstLaunchDate":"2019-12- 09_024706+0000","ivc":false,"model":"Redmi K20 Pro","lang":"English","brand":"Xiaomi","deviceType":"user","product":"raphaelin","d eviceData":{"sensors":[{"sT":4,"sVS":[-0.053413857,0.051289544,- 0.013759635],"sN":"icm4x6xx Gyroscope Non-wakeup","sV":"TDK-Invensense","sVE":[- 0.002281209,0.004417946,0.012871953]},{"sT":2,"sVS":[2.368246,-37.71857,- 15.675537],"sN":"ak0991x Magnetometer Non-wakeup","sV":"akm","sVE":[2.3058586,- 37.657837,-18.125122]},{"sT":1,"sVS":[- 0.13692601,1.0879306,9.621336],"sN":"icm4x6xx Accelerometer Non-wakeup","sV":"TDK- Invensense","sVE":[-0.20879036,1.0783488,10.052522]}],"cpu_abi":"arm64- v8a","build_display_id":"QKQ1.190825.002 test-keys","btch":"no","dim": {"size":"2","ydp":"404.326","xdp":"403.411","y_px":"2210","x_px":"1080","d_dpi":"44 0"},"arch":"","btl":"67.0","cpu_abi2":""},"installer_package":"com.android.vending" ,"date2":"2019-12-09_024605+0000","counter":"2","date1":"2019-12- 09_024605+0000","advertiserId":"e8d21283-8603-4bc0-be1b- 73a185bce871","advertiserIdEnabled":"false","referrer":"af_tranid=- H4OLmdaW9tLePQb5zkXag&shortlink=FloatCTA&pid=website&c=website_float_cta&af_dp=http s:\/\/quickride.onelink.me\/HnCK\/newride&af_web_id=40c222a9-5794-4876-bfc4- 5bf0b1bdd217- o","af_v":"48a5e23b015038325bd996f0ce01dfee1ea2408a","carrier":"airtel","gcd_timing ":"1172","af_preinstalled":"false","iaecounter":"0","tokenRefreshConfigured":false, "af_gcm_token":"1575859626850","sdk":"29","fb":"5c3bda05-0aa9-4d12-80dc- 89510a0b766a","app_version_name":"9.01","device":"raphaelin","platformextension":"a ndroid_native","cksm_v1":"dd2c9034609700786f4a6d539cc57fa65f","rfr": {"val":"af_tranid=- H4OLmdaW9tLePQb5zkXag&shortlink=FloatCTA&pid=website&c=website_float_cta&af_dp=http s:\/\/quickride.onelink.me\/HnCK\/newride&af_web_id=40c222a9-5794-4876-bfc4- 5bf0b1bdd217-o","code":"0","clk":"1575859539","install":"1575859544"}}
12-09 08:17:35.477 7429 8084 I AppsFlyer_4.9.0: response code: 200
12-09 08:17:35.477 7429 8084 D AppsFlyer_4.9.0: Uninstall Token exists: 1575859627250,1575859626850,eCe8ONF0LKc:APA91bES19miubmm4yLn4qx-NX2-ASKq3YHs2DP- u66MfUXB2m_jvQoIOKaeTrTdPGwSSSAPWsqi6cIPGUNiIYwKcFBlOKXHYs20ecvsdGB8EZtPpgSLnOEtT6c fSmLYlbAnleficG-L
12-09 08:17:35.755 7429 7429 I com.disha.quickride.androidapp.startup.QRSplashActivity: updated location : Location[fused 22.491082,88.401758 hAcc=17 et=+1d22h40m43s521ms alt=- 51.20000076293945 vAcc=19 sAcc=??? bAcc=??? {Bundle[mParcelledData.dataSize=52]}]
12-09 08:17:35.906 7429 7429 I com.disha.quickride.androidapp.startup.QRSplashActivity: Checking session status and transferring to next activity
12-09 08:17:35.909 7429 8108 D com.disha.quickride.androidapp.startup.session.SessionManagerController: Resuming user session
12-09 08:17:35.909 7429 8108 D com.disha.quickride.androidapp.startup.session.SessionManager: Entering createNewSessionManager
12-09 08:17:35.909 7429 8108 D com.disha.quickride.androidapp.startup.session.SessionManager: Entering destroySessionManager
12-09 08:17:35.909 7429 8108 D com.disha.quickride.androidapp.startup.session.SessionManager: Entering onSessionManagerDestroyed
12-09 08:17:35.910 7429 8108 D com.disha.quickride.androidapp.startup.session.SessionManager: No User session found
12-09 08:17:35.910 7429 8108 D com.disha.quickride.androidapp.startup.session.SessionManagerController: Session manager can't resume as user session not found
12-09 08:17:35.910 7429 8108 E com.disha.quickride.androidapp.startup.session.SessionSetupAsyncTask: Session change operation failed
12-09 08:17:35.910 7429 8108 E com.disha.quickride.androidapp.startup.session.SessionSetupAsyncTask: com.disha.quickride.androidapp.startup.session.SessionManagerOperationFailedExcepti on
12-09 08:17:35.910 7429 8108 E com.disha.quickride.androidapp.startup.session.SessionSetupAsyncTask: at com.disha.quickride.androidapp.startup.session.SessionManagerController.resumeUserS ession(SourceFile:93)
12-09 08:17:35.910 7429 8108 E com.disha.quickride.androidapp.startup.session.SessionSetupAsyncTask: at com.disha.quickride.androidapp.startup.session.SessionResumeAsyncTask.performSessio nInitializationOperation(SourceFile:21)
12-09 08:17:35.910 7429 8108 E com.disha.quickride.androidapp.startup.session.SessionSetupAsyncTask: at com.disha.quickride.androidapp.startup.session.SessionSetupAsyncTask.doInBackground (SourceFile:58)
12-09 08:17:35.910 7429 8108 E com.disha.quickride.androidapp.startup.session.SessionSetupAsyncTask: at com.disha.quickride.androidapp.startup.session.SessionSetupAsyncTask.doInBackground (SourceFile:15)
12-09 08:17:35.910 7429 8108 E com.disha.quickride.androidapp.startup.session.SessionSetupAsyncTask: at android.os.AsyncTask$3.call(AsyncTask.java:378)
12-09 08:17:35.910 7429 8108 E com.disha.quickride.androidapp.startup.session.SessionSetupAsyncTask: at java.util.concurrent.FutureTask.run(FutureTask.java:266)
12-09 08:17:35.910 7429 8108 E com.disha.quickride.androidapp.startup.session.SessionSetupAsyncTask: at java.util.concurrent.ThreadPoolExecutor.runWorker(ThreadPoolExecutor.java:1167)
12-09 08:17:35.910 7429 8108 E com.disha.quickride.androidapp.startup.session.SessionSetupAsyncTask: at java.util.concurrent.ThreadPoolExecutor$Worker.run(ThreadPoolExecutor.java:641)
12-09 08:17:35.910 7429 8108 E com.disha.quickride.androidapp.startup.session.SessionSetupAsyncTask: at java.lang.Thread.run(Thread.java:919)
12-09 08:17:35.910 7429 8108 D com.disha.quickride.androidapp.startup.session.SessionSetupAsyncTask: Session change operation took 1 ms
12-09 08:17:35.911 7429 7429 I com.disha.quickride.androidapp.startup.QRSplashActivity: navigating to new user screen
12-09 08:17:36.671 7429 7623 I b : pushAmpDataParser: Listener status: false
12-09 08:17:36.678 7429 7526 I WM-WorkerWrapper: Worker result SUCCESS for Work [ id=de22edea-dd24-4577-99d6-229a8774db5f, tags={ in.netcore.smartechfcm.worker.SlavePushAmpWorker } ] --------- beginning of system
12-09 08:17:36.816 7429 7429 I Timeline: Timeline: Activity_launch_request time:95337793
12-09 08:17:36.839 7429 7429 W ActivityThread: handleWindowVisibility: no activity for token android.os.BinderProxy@4f7dbe1
12-09 08:17:36.841 7429 7429 I com.disha.quickride.androidapp.startup.QRSignupActivity: on create of signup activity called
12-09 08:17:36.862 7429 7429 I com.disha.quickride.androidapp.startup.QRSignupActivity: startAutoRotation
12-09 08:17:36.866 7429 8117 D com.disha.quickride.androidapp.common.AndroidRestClient.AndroidClientLogger: RestClient.callService with httpRequestMethod = GET
12-09 08:17:36.890 7429 7429 I com.disha.quickride.androidapp.startup.ScreenSlidePagerAdapter: Position of get items 0
12-09 08:17:36.890 7429 7429 I com.disha.quickride.androidapp.startup.ScreenSlidePagerAdapter: Position of get items 1
12-09 08:17:37.392 7429 8117 D com.disha.quickride.androidapp.common.AndroidRestClient.AndroidClientLogger: RestClient.callService response code : 200
12-09 08:17:38.640 7429 8131 W ExifInterface: Invalid image: ExifInterface got an unsupported image format file(ExifInterface supports JPEG and some RAW image formats only) or a corrupted JPEG file to ExifInterface.
12-09 08:17:38.640 7429 8131 W ExifInterface: java.io.IOException: Invalid byte order: ffff8950
12-09 08:17:38.640 7429 8131 W ExifInterface: at android.media.ExifInterface.readByteOrder(ExifInterface.java:3121)
12-09 08:17:38.640 7429 8131 W ExifInterface: at android.media.ExifInterface.isOrfFormat(ExifInterface.java:2437)
12-09 08:17:38.640 7429 8131 W ExifInterface: at android.media.ExifInterface.getMimeType(ExifInterface.java:2315)
12-09 08:17:38.640 7429 8131 W ExifInterface: at android.media.ExifInterface.loadAttributes(ExifInterface.java:1753)
12-09 08:17:38.640 7429 8131 W ExifInterface: at android.media.ExifInterface.<init>(ExifInterface.java:1447)
12-09 08:17:38.640 7429 8131 W ExifInterface: at all.a(SourceFile:40)
12-09 08:17:38.640 7429 8131 W ExifInterface: at agp.b(SourceFile:92)
12-09 08:17:38.640 7429 8131 W ExifInterface: at ali.a(SourceFile:269)
12-09 08:17:38.640 7429 8131 W ExifInterface: at ali.a(SourceFile:224)
12-09 08:17:38.640 7429 8131 W ExifInterface: at ali.a(SourceFile:173)
12-09 08:17:38.640 7429 8131 W ExifInterface: at alc.a(SourceFile:31)
12-09 08:17:38.640 7429 8131 W ExifInterface: at alc.a(SourceFile:14)
12-09 08:17:38.640 7429 8131 W ExifInterface: at ahy.a(SourceFile:92)
12-09 08:17:38.640 7429 8131 W ExifInterface: at ahy.a(SourceFile:70)
12-09 08:17:38.640 7429 8131 W ExifInterface: at ahy.a(SourceFile:59)
12-09 08:17:38.640 7429 8131 W ExifInterface: at aij.a(SourceFile:76)
12-09 08:17:38.640 7429 8131 W ExifInterface: at aij.a(SourceFile:57)
12-09 08:17:38.640 7429 8131 W ExifInterface: at ahx.a(SourceFile:524)
12-09 08:17:38.640 7429 8131 W ExifInterface: at ahx.a(SourceFile:488)
12-09 08:17:38.640 7429 8131 W ExifInterface: at ahx.a(SourceFile:474)
12-09 08:17:38.640 7429 8131 W ExifInterface: at ahx.n(SourceFile:426)
12-09 08:17:38.640 7429 8131 W ExifInterface: at ahx.a(SourceFile:390)
12-09 08:17:38.640 7429 8131 W ExifInterface: at aip.a(SourceFile:146)
12-09 08:17:38.640 7429 8131 W ExifInterface: at ahs.a(SourceFile:94)
12-09 08:17:38.640 7429 8131 W ExifInterface: at ajt$a.a(SourceFile:70)
12-09 08:17:38.640 7429 8131 W ExifInterface: at ahs.a(SourceFile:74)
12-09 08:17:38.640 7429 8131 W ExifInterface: at aip.a(SourceFile:50)
12-09 08:17:38.640 7429 8131 W ExifInterface: at ahx.k(SourceFile:310)
12-09 08:17:38.640 7429 8131 W ExifInterface: at ahx.i(SourceFile:279)
12-09 08:17:38.640 7429 8131 W ExifInterface: at ahx.run(SourceFile:234)
12-09 08:17:38.640 7429 8131 W ExifInterface: at java.util.concurrent.ThreadPoolExecutor.runWorker(ThreadPoolExecutor.java:1167)
12-09 08:17:38.640 7429 8131 W ExifInterface: at java.util.concurrent.ThreadPoolExecutor$Worker.run(ThreadPoolExecutor.java:641)
12-09 08:17:38.640 7429 8131 W ExifInterface: at java.lang.Thread.run(Thread.java:919)
12-09 08:17:38.640 7429 8131 W ExifInterface: at ajo$a$1.run(SourceFile:431)
12-09 08:17:41.550 7429 7429 I com.disha.quickride.androidapp.startup.ScreenSlidePagerAdapter: Position of get items 2
12-09 08:17:41.953 7429 7429 I com.disha.quickride.androidapp.startup.ScreenSlidePagerAdapter: Position of get items 3
12-09 08:17:42.313 7429 7429 I com.disha.quickride.androidapp.startup.ScreenSlidePagerAdapter: Position of get items 4
12-09 08:17:44.299 7429 7429 I com.disha.quickride.androidapp.startup.ScreenSlidePagerAdapter: Position of get items 2
12-09 08:17:44.836 7429 7429 I com.disha.quickride.androidapp.startup.ScreenSlidePagerAdapter: Position of get items 1
12-09 08:17:45.611 7429 7429 I com.disha.quickride.androidapp.startup.ScreenSlidePagerAdapter: Position of get items 0
12-09 08:17:46.273 7429 7429 I com.disha.quickride.androidapp.startup.ScreenSlidePagerAdapter: Position of get items 3
12-09 08:17:46.394 7429 7429 I com.disha.quickride.androidapp.startup.QRSignupActivity: onclick in signupactivity
12-09 08:17:46.395 7429 7429 I com.disha.quickride.androidapp.startup.QRSignupActivity: navigating to target activity
12-09 08:17:46.395 7429 7429 I Timeline: Timeline: Activity_launch_request time:95347372
12-09 08:17:46.412 7429 7429 W ActivityThread: handleWindowVisibility: no activity for token android.os.BinderProxy@851f31a
12-09 08:17:46.414 7429 7429 D com.disha.quickride.androidapp.usermgmt.register.UserRegistrationActivity: On create of user registration activity
12-09 08:17:46.489 7429 7429 D AutoManageHelper: starting AutoManage for client 748 false null
12-09 08:17:46.495 7429 7429 I Timeline: Timeline: Activity_launch_request time:95347472
12-09 08:17:46.528 7429 7429 D AutoManageHelper: onStart true {748=bhi$a@d133b16}
12-09 08:17:46.604 7429 7429 D com.disha.quickride.androidapp.location.FindLocationNameForLatLng: getLocationInfoForLatLngAsync for 22.4910816, 88.4017575
12-09 08:17:46.943 7429 8177 I AppsFlyer_4.9.0: onBecameBackground
12-09 08:17:46.943 7429 8177 I AppsFlyer_4.9.0: callStatsBackground background call
12-09 08:17:46.943 7429 8177 I AppsFlyer_4.9.0: app went to background
12-09 08:17:46.944 7429 8177 D AppsFlyer_4.9.0: Stats call is disabled, ignore ...
12-09 08:17:46.944 7429 8177 D AppsFlyer_4.9.0: RD status is OFF
12-09 08:17:47.526 7429 7429 I com.disha.quickride.androidapp.usermgmt.register.UserRegistrationActivity: updated location : Location[fused 22.491081,88.401758 hAcc=17 et=+1d22h40m55s340ms alt=- 51.20000076293945 vel=2.1661076E-4 bear=155.2045 vAcc=19 sAcc=??? bAcc=??? {Bundle[mParcelledData.dataSize=52]}]
12-09 08:17:50.471 7429 7429 I AppsFlyer_4.9.0: onBecameForeground --------- beginning of main
12-09 08:17:50.471 7429 7429 I AppsFlyer_4.9.0: onBecameForeground
12-09 08:17:50.471 7429 7429 I AppsFlyer_4.9.0: Last Launch attempt: 2019/12/09 02:47:35.015 +0000;
12-09 08:17:50.471 7429 7429 I AppsFlyer_4.9.0: Last successful Launch event: 2019/12/09 02:47:35.477 +0000;
12-09 08:17:50.471 7429 7429 I AppsFlyer_4.9.0: Sending launch (+15456 ms)
12-09 08:17:50.471 7429 7429 I AppsFlyer_4.9.0: Last Launch attempt: 2019/12/09 02:47:35.015 +0000;
12-09 08:17:50.471 7429 7429 I AppsFlyer_4.9.0: Last successful Launch event: 2019/12/09 02:47:35.477 +0000;
12-09 08:17:50.471 7429 7429 I AppsFlyer_4.9.0: Sending launch (+15456 ms)
12-09 08:17:50.473 7429 7429 D com.disha.quickride.androidapp.location.FindLocationNameForLatLng: getLocationInfoForLatLngAsync for 22.4910814, 88.4017576
12-09 08:17:50.473 7429 7429 D com.disha.quickride.androidapp.location.FindLocationNameForLatLng: getLocationInfoForLatLngAsync for 22.4910814, 88.4017576
12-09 08:17:50.522 7429 7429 I com.disha.quickride.androidapp.usermgmt.register.UserRegistrationActivity: updated location : Location[fused 22.491081,88.401758 hAcc=17 et=+1d22h40m55s340ms alt=- 51.20000076293945 vel=2.1661076E-4 bear=155.2045 vAcc=19 sAcc=??? bAcc=??? {Bundle[mParcelledData.dataSize=52]}]
12-09 08:17:50.522 7429 7429 I com.disha.quickride.androidapp.usermgmt.register.UserRegistrationActivity: updated location : Location[fused 22.491081,88.401758 hAcc=17 et=+1d22h40m55s340ms alt=- 51.20000076293945 vel=2.1661076E-4 bear=155.2045 vAcc=19 sAcc=??? bAcc=??? {Bundle[mParcelledData.dataSize=52]}]
12-09 08:17:50.622 7429 8375 I AppsFlyer_4.9.0: sendTrackingWithEvent from activity: com.disha.quickride.androidapp.startup.QuickRideApplication
12-09 08:17:50.622 7429 8375 I AppsFlyer_4.9.0: Trying to fetch GAID..
12-09 08:17:50.622 7429 8375 I AppsFlyer_4.9.0: sendTrackingWithEvent from activity: com.disha.quickride.androidapp.startup.QuickRideApplication
12-09 08:17:50.622 7429 8375 I AppsFlyer_4.9.0: Trying to fetch GAID..
12-09 08:17:50.677 7429 8375 I AppsFlyer_4.9.0: ******* sendTrackingWithEvent: Launch
