12-09 08:18:21.431 7429 7692 D b : POST: https://pn.netcoresmartech.com/profilePush -> {"appid":"d25af8de489a0ca420f9540aed14013a","pushid":"b1c8fadb-decc-403b-a0c9- 5d42a3f6a66b","adid":"","identity":"80505606595752","profileDetails": {"EMAIL":"[email protected]","NAME":"Debojit Sinha","MOBILE":"7002796890"}} --- 200 OK {"status" : "success"}
12-09 08:18:21.435 7429 7682 D b : getData: response code:200
12-09 08:18:21.436 7429 7682 D b : POST: https://pn.netcoresmartech.com/pn_login -> {"appid":"d25af8de489a0ca420f9540aed14013a","pushid":"b1c8fadb-decc-403b-a0c9- 5d42a3f6a66b","identity":"80505606595752","ostype":"Android","make":"Xiaomi","model ":"Redmi K20 Pro","osversion":"10","appname":"Quick Ride","appversion":"9.01","sdkversion":"2.2.1","cts":191209081820,"lat":null,"lng": null,"adid":"","sessionid":"1575859625219","tx":"1575859700704","eventid":"22"} --- 200 OK {"status" : "success"}
12-09 08:18:21.477 7429 7514 I WM-WorkerWrapper: Worker result SUCCESS for Work [ id=93bb5910-822b-4241-83a8-a0b781c34b68, tags={ in.netcore.smartechfcm.workmanager.SlaveNetworkWorker } ]
12-09 08:18:21.477 7429 7514 I WM-WorkerWrapper: Worker result SUCCESS for Work [ id=93bb5910-822b-4241-83a8-a0b781c34b68, tags={ in.netcore.smartechfcm.workmanager.SlaveNetworkWorker } ]
12-09 08:18:21.494 7429 7479 I WM-WorkerWrapper: Worker result SUCCESS for Work [ id=acd25464-c3ad-473b-aec9-cec9e68da345, tags={ in.netcore.smartechfcm.workmanager.SlaveNetworkWorker } ]
12-09 08:18:21.494 7429 7479 I WM-WorkerWrapper: Worker result SUCCESS for Work [ id=acd25464-c3ad-473b-aec9-cec9e68da345, tags={ in.netcore.smartechfcm.workmanager.SlaveNetworkWorker } ]
12-09 08:18:21.514 7429 7479 I WM-WorkerWrapper: Worker result SUCCESS for Work [ id=cdecf4a8-24f1-4ab9-be1c-9604fb6153f5, tags={ in.netcore.smartechfcm.workmanager.SlaveNetworkWorker } ]
12-09 08:18:21.514 7429 7479 I WM-WorkerWrapper: Worker result SUCCESS for Work [ id=cdecf4a8-24f1-4ab9-be1c-9604fb6153f5, tags={ in.netcore.smartechfcm.workmanager.SlaveNetworkWorker } ]
12-09 08:18:22.003 7429 8405 I AppsFlyer_4.9.0: response code: 200
12-09 08:18:22.003 7429 8405 I AppsFlyer_4.9.0: response code: 200
12-09 08:18:22.004 7429 8405 D AppsFlyer_4.9.0: Uninstall Token exists: 1575859627250,1575859626850,eCe8ONF0LKc:APA91bES19miubmm4yLn4qx-NX2-ASKq3YHs2DP- u66MfUXB2m_jvQoIOKaeTrTdPGwSSSAPWsqi6cIPGUNiIYwKcFBlOKXHYs20ecvsdGB8EZtPpgSLnOEtT6c fSmLYlbAnleficG-L
12-09 08:18:22.004 7429 8405 D AppsFlyer_4.9.0: Uninstall Token exists: 1575859627250,1575859626850,eCe8ONF0LKc:APA91bES19miubmm4yLn4qx-NX2-ASKq3YHs2DP- u66MfUXB2m_jvQoIOKaeTrTdPGwSSSAPWsqi6cIPGUNiIYwKcFBlOKXHYs20ecvsdGB8EZtPpgSLnOEtT6c fSmLYlbAnleficG-L
12-09 08:18:22.145 7429 7429 D com.disha.quickride.androidapp.QuickRideLifecycleHandler: App is visible
12-09 08:18:22.145 7429 7429 D com.disha.quickride.androidapp.QuickRideLifecycleHandler: App is visible
12-09 08:18:22.146 7429 7429 D AutoManageHelper: onStart true {}
12-09 08:18:22.146 7429 7429 D AutoManageHelper: onStart true {}
12-09 08:18:22.197 7429 7429 I Timeline: Timeline: Activity_launch_request time:95383174
12-09 08:18:22.197 7429 7429 I Timeline: Timeline: Activity_launch_request time:95383174
12-09 08:18:22.225 7429 7429 W ActivityThread: handleWindowVisibility: no activity for token android.os.BinderProxy@d850ff3
12-09 08:18:22.225 7429 7429 W ActivityThread: handleWindowVisibility: no activity for token android.os.BinderProxy@d850ff3
12-09 08:18:22.228 7429 7429 I com.disha.quickride.androidapp.usermgmt.profile.SignUpCompanyProfileDisplayActivity : On Create for user Activation Activity
12-09 08:18:22.228 7429 7429 I com.disha.quickride.androidapp.usermgmt.profile.SignUpCompanyProfileDisplayActivity : On Create for user Activation Activity
12-09 08:18:22.256 7429 8117 D com.disha.quickride.androidapp.common.AndroidRestClient.AndroidClientLogger: RestClient.callService with httpRequestMethod = GET
12-09 08:18:22.256 7429 8117 D com.disha.quickride.androidapp.common.AndroidRestClient.AndroidClientLogger: RestClient.callService with httpRequestMethod = GET
12-09 08:18:22.260 7429 7429 I AppsFlyer_4.9.0: onBecameForeground
12-09 08:18:22.260 7429 7429 I AppsFlyer_4.9.0: onBecameForeground
12-09 08:18:22.261 7429 7429 I AppsFlyer_4.9.0: Last Launch attempt: 2019/12/09 02:47:50.471 +0000;
12-09 08:18:22.261 7429 7429 I AppsFlyer_4.9.0: Last successful Launch event: 2019/12/09 02:47:51.181 +0000;
12-09 08:18:22.261 7429 7429 I AppsFlyer_4.9.0: Sending launch (+31790 ms)
12-09 08:18:22.261 7429 7429 I AppsFlyer_4.9.0: Last Launch attempt: 2019/12/09 02:47:50.471 +0000;
12-09 08:18:22.261 7429 7429 I AppsFlyer_4.9.0: Last successful Launch event: 2019/12/09 02:47:51.181 +0000;
12-09 08:18:22.261 7429 7429 I AppsFlyer_4.9.0: Sending launch (+31790 ms)
12-09 08:18:22.411 7429 8869 I AppsFlyer_4.9.0: sendTrackingWithEvent from activity: com.disha.quickride.androidapp.startup.QuickRideApplication
12-09 08:18:22.411 7429 8869 I AppsFlyer_4.9.0: sendTrackingWithEvent from activity: com.disha.quickride.androidapp.startup.QuickRideApplication
12-09 08:18:22.411 7429 8869 I AppsFlyer_4.9.0: Trying to fetch GAID..
12-09 08:18:22.411 7429 8869 I AppsFlyer_4.9.0: Trying to fetch GAID..
12-09 08:18:22.434 7429 8869 I AppsFlyer_4.9.0: ******* sendTrackingWithEvent: Launch
12-09 08:18:22.434 7429 8869 I AppsFlyer_4.9.0: ******* sendTrackingWithEvent: Launch
12-09 08:18:22.446 7429 8869 I AppsFlyer_4.9.0: IMEI was not collected.
12-09 08:18:22.446 7429 8869 I AppsFlyer_4.9.0: IMEI was not collected.
12-09 08:18:22.447 7429 8869 I AppsFlyer_4.9.0: Android ID was not collected.
12-09 08:18:22.447 7429 8869 I AppsFlyer_4.9.0: Android ID was not collected.
12-09 08:18:22.450 7429 8869 I AppsFlyer_4.9.0: AppsFlyer: first launch date: 2019-12-09_024706+0000
12-09 08:18:22.450 7429 8869 I AppsFlyer_4.9.0: AppsFlyer: first launch date: 2019-12-09_024706+0000
12-09 08:18:22.450 7429 8869 D AppsFlyer_4.9.0: didConfigureTokenRefreshService=false
12-09 08:18:22.450 7429 8869 D AppsFlyer_4.9.0: didConfigureTokenRefreshService=false
12-09 08:18:22.452 7429 8869 I AppsFlyer_4.9.0: AppsFlyerLib.sendTrackingWithEvent
12-09 08:18:22.452 7429 8869 I AppsFlyer_4.9.0: AppsFlyerLib.sendTrackingWithEvent
12-09 08:18:22.453 7429 8892 I AppsFlyer_4.9.0: url: https://t.appsflyer.com/api/v4/androidevent? buildnumber=4.9.0&app_id=com.disha.quickride
12-09 08:18:22.453 7429 8892 I AppsFlyer_4.9.0: url: https://t.appsflyer.com/api/v4/androidevent? buildnumber=4.9.0&app_id=com.disha.quickride
12-09 08:18:22.453 7429 8892 I AppsFlyer_4.9.0: data: {"country":"","af_timestamp":"1575859702419","appsflyerKey":"s********************m ","af_events_api":"1","isFirstCall":"false","registeredUninstall":true,"operator":" airtel","network":"MOBILE","timepassedsincelastlaunch":"31","open_referrer":"androi d- app:\/\/com.disha.quickride","af_v2":"a78339add9a1138feda0228bd4d84cb32e08e290","ui d":"1575859625497- 464584806058761408","isGaidWithGps":"true","lang_code":"en","installDate":"2019-12- 09_024605+0000","app_version_code":"351","firstLaunchDate":"2019-12- 09_024706+0000","ivc":false,"model":"Redmi K20 Pro","lang":"English","brand":"Xiaomi","deviceType":"user","product":"raphaelin","d eviceData":{"cpu_abi":"arm64-v8a","build_display_id":"QKQ1.190825.002 test- keys","btch":"no","dim": {"size":"2","ydp":"404.326","xdp":"403.411","y_px":"2210","x_px":"1080","d_dpi":"44 0"},"arch":"","btl":"67.0","cpu_abi2":""},"installer_package":"com.android.vending" ,"date2":"2019-12-09_024605+0000","counter":"4","date1":"2019-12- 09_024605+0000","advertiserId":"e8d21283-8603-4bc0-be1b- 73a185bce871","advertiserIdEnabled":"false","kef5361":"1244e653d417f7c748181b190c53 1a0d591f1f0d5a1f19","referrer":"af_tranid=- H4OLmdaW9tLePQb5zkXag&shortlink=FloatCTA&pid=website&c=website_float_cta&af_dp=http s:\/\/quickride.onelink.me\/HnCK\/newride&af_web_id=40c222a9-5794-4876-bfc4- 5bf0b1bdd217- o","af_v":"337cc0f82ca16dc5691da8b9130bc4dea5e6e08a","carrier":"airtel","af_preinst alled":"false","iaecounter":"1","tokenRefreshConfigured":false,"af_gcm_token":"1575 859626850","sdk":"29","fb":"5c3bda05-0aa9-4d12-80dc- 89510a0b766a","app_version_name":"9.01","device":"raphaelin","platformextension":"a ndroid_native","cksm_v1":"84987323fcc9f2bccf4d596935cdff7f0f"}
12-09 08:18:22.453 7429 8892 I AppsFlyer_4.9.0: data: {"country":"","af_timestamp":"1575859702419","appsflyerKey":"s********************m ","af_events_api":"1","isFirstCall":"false","registeredUninstall":true,"operator":" airtel","network":"MOBILE","timepassedsincelastlaunch":"31","open_referrer":"androi d- app:\/\/com.disha.quickride","af_v2":"a78339add9a1138feda0228bd4d84cb32e08e290","ui d":"1575859625497- 464584806058761408","isGaidWithGps":"true","lang_code":"en","installDate":"2019-12- 09_024605+0000","app_version_code":"351","firstLaunchDate":"2019-12- 09_024706+0000","ivc":false,"model":"Redmi K20 Pro","lang":"English","brand":"Xiaomi","deviceType":"user","product":"raphaelin","d eviceData":{"cpu_abi":"arm64-v8a","build_display_id":"QKQ1.190825.002 test- keys","btch":"no","dim": {"size":"2","ydp":"404.326","xdp":"403.411","y_px":"2210","x_px":"1080","d_dpi":"44 0"},"arch":"","btl":"67.0","cpu_abi2":""},"installer_package":"com.android.vending" ,"date2":"2019-12-09_024605+0000","counter":"4","date1":"2019-12- 09_024605+0000","advertiserId":"e8d21283-8603-4bc0-be1b- 73a185bce871","advertiserIdEnabled":"false","kef5361":"1244e653d417f7c748181b190c53 1a0d591f1f0d5a1f19","referrer":"af_tranid=- H4OLmdaW9tLePQb5zkXag&shortlink=FloatCTA&pid=website&c=website_float_cta&af_dp=http s:\/\/quickride.onelink.me\/HnCK\/newride&af_web_id=40c222a9-5794-4876-bfc4- 5bf0b1bdd217- o","af_v":"337cc0f82ca16dc5691da8b9130bc4dea5e6e08a","carrier":"airtel","af_preinst alled":"false","iaecounter":"1","tokenRefreshConfigured":false,"af_gcm_token":"1575 859626850","sdk":"29","fb":"5c3bda05-0aa9-4d12-80dc- 89510a0b766a","app_version_name":"9.01","device":"raphaelin","platformextension":"a ndroid_native","cksm_v1":"84987323fcc9f2bccf4d596935cdff7f0f"}
12-09 08:18:22.681 7429 8117 D com.disha.quickride.androidapp.common.AndroidRestClient.AndroidClientLogger: RestClient.callService response code : 200
12-09 08:18:22.681 7429 8117 D com.disha.quickride.androidapp.common.AndroidRestClient.AndroidClientLogger: RestClient.callService response code : 200
12-09 08:18:22.840 7429 7429 E ActivityThread: Activity com.disha.quickride.androidapp.usermgmt.register.UserRegistrationActivity has leaked IntentReceiver com.disha.quickride.androidapp.GoogleSMSBroadcastReceiver@7714210 that was originally registered here. Are you missing a call to unregisterReceiver()?
12-09 08:18:22.840 7429 7429 E ActivityThread: android.app.IntentReceiverLeaked: Activity com.disha.quickride.androidapp.usermgmt.register.UserRegistrationActivity has leaked IntentReceiver com.disha.quickride.androidapp.GoogleSMSBroadcastReceiver@7714210 that was originally registered here. Are you missing a call to unregisterReceiver()?
12-09 08:18:22.840 7429 7429 E ActivityThread: at android.app.LoadedApk$ReceiverDispatcher.<init>(LoadedApk.java:1596)
12-09 08:18:22.840 7429 7429 E ActivityThread: at android.app.LoadedApk.getReceiverDispatcher(LoadedApk.java:1372)
12-09 08:18:22.840 7429 7429 E ActivityThread: at android.app.ContextImpl.registerReceiverInternal(ContextImpl.java:1525)
12-09 08:18:22.840 7429 7429 E ActivityThread: at android.app.ContextImpl.registerReceiver(ContextImpl.java:1498)
12-09 08:18:22.840 7429 7429 E ActivityThread: at android.app.ContextImpl.registerReceiver(ContextImpl.java:1486)
12-09 08:18:22.840 7429 7429 E ActivityThread: at android.content.ContextWrapper.registerReceiver(ContextWrapper.java:637)
12-09 08:18:22.840 7429 7429 E ActivityThread: at com.disha.quickride.androidapp.usermgmt.register.UserRegistrationActivity$12.onSucc ess(SourceFile:1310)
12-09 08:18:22.840 7429 7429 E ActivityThread: at com.disha.quickride.androidapp.usermgmt.register.UserRegistrationActivity$12.onSucc ess(SourceFile:1304)
12-09 08:18:22.840 7429 7429 E ActivityThread: at dum.run(Unknown Source:4)
12-09 08:18:22.840 7429 7429 E ActivityThread: at android.os.Handler.handleCallback(Handler.java:883)
12-09 08:18:22.840 7429 7429 E ActivityThread: at android.os.Handler.dispatchMessage(Handler.java:100)
12-09 08:18:22.840 7429 7429 E ActivityThread: at android.os.Looper.loop(Looper.java:221)
12-09 08:18:22.840 7429 7429 E ActivityThread: at android.app.ActivityThread.main(ActivityThread.java:7520)
12-09 08:18:22.840 7429 7429 E ActivityThread: at java.lang.reflect.Method.invoke(Native Method)
12-09 08:18:22.840 7429 7429 E ActivityThread: at com.android.internal.os.RuntimeInit$MethodAndArgsCaller.run(RuntimeInit.java:539)
12-09 08:18:22.840 7429 7429 E ActivityThread: at com.android.internal.os.ZygoteInit.main(ZygoteInit.java:950)
12-09 08:18:22.840 7429 7429 E ActivityThread: Activity com.disha.quickride.androidapp.usermgmt.register.UserRegistrationActivity has leaked IntentReceiver com.disha.quickride.androidapp.GoogleSMSBroadcastReceiver@7714210 that was originally registered here. Are you missing a call to unregisterReceiver()?
12-09 08:18:22.840 7429 7429 E ActivityThread: android.app.IntentReceiverLeaked: Activity com.disha.quickride.androidapp.usermgmt.register.UserRegistrationActivity has leaked IntentReceiver com.disha.quickride.androidapp.GoogleSMSBroadcastReceiver@7714210 that was originally registered here. Are you missing a call to unregisterReceiver()?
12-09 08:18:22.840 7429 7429 E ActivityThread: at android.app.LoadedApk$ReceiverDispatcher.<init>(LoadedApk.java:1596)
12-09 08:18:22.840 7429 7429 E ActivityThread: at android.app.LoadedApk.getReceiverDispatcher(LoadedApk.java:1372)
12-09 08:18:22.840 7429 7429 E ActivityThread: at android.app.ContextImpl.registerReceiverInternal(ContextImpl.java:1525)
12-09 08:18:22.840 7429 7429 E ActivityThread: at android.app.ContextImpl.registerReceiver(ContextImpl.java:1498)
12-09 08:18:22.840 7429 7429 E ActivityThread: at android.app.ContextImpl.registerReceiver(ContextImpl.java:1486)
12-09 08:18:22.840 7429 7429 E ActivityThread: at android.content.ContextWrapper.registerReceiver(ContextWrapper.java:637)
12-09 08:18:22.840 7429 7429 E ActivityThread: at com.disha.quickride.androidapp.usermgmt.register.UserRegistrationActivity$12.onSucc ess(SourceFile:1310)
12-09 08:18:22.840 7429 7429 E ActivityThread: at com.disha.quickride.androidapp.usermgmt.register.UserRegistrationActivity$12.onSucc ess(SourceFile:1304)
12-09 08:18:22.840 7429 7429 E ActivityThread: at dum.run(Unknown Source:4)
12-09 08:18:22.840 7429 7429 E ActivityThread: at android.os.Handler.handleCallback(Handler.java:883)
12-09 08:18:22.840 7429 7429 E ActivityThread: at android.os.Handler.dispatchMessage(Handler.java:100)
12-09 08:18:22.840 7429 7429 E ActivityThread: at android.os.Looper.loop(Looper.java:221)
12-09 08:18:22.840 7429 7429 E ActivityThread: at android.app.ActivityThread.main(ActivityThread.java:7520)
12-09 08:18:22.840 7429 7429 E ActivityThread: at java.lang.reflect.Method.invoke(Native Method)
12-09 08:18:22.840 7429 7429 E ActivityThread: at com.android.internal.os.RuntimeInit$MethodAndArgsCaller.run(RuntimeInit.java:539)
12-09 08:18:22.840 7429 7429 E ActivityThread: at com.android.internal.os.ZygoteInit.main(ZygoteInit.java:950)
12-09 08:18:23.598 7429 7429 W AutofillManager: setSaveUiState(1425533374, false) called on existing session 1425533374; cancelling it
12-09 08:18:23.598 7429 7429 W AutofillManager: setSaveUiState(1425533374, false) called on existing session 1425533374; cancelling it
12-09 08:18:23.604 7429 8892 I AppsFlyer_4.9.0: response code: 200
12-09 08:18:23.604 7429 8892 D AppsFlyer_4.9.0: Uninstall Token exists: 1575859627250,1575859626850,eCe8ONF0LKc:APA91bES19miubmm4yLn4qx-NX2-ASKq3YHs2DP- u66MfUXB2m_jvQoIOKaeTrTdPGwSSSAPWsqi6cIPGUNiIYwKcFBlOKXHYs20ecvsdGB8EZtPpgSLnOEtT6c fSmLYlbAnleficG-L
12-09 08:18:23.604 7429 8892 I AppsFlyer_4.9.0: response code: 200
12-09 08:18:23.604 7429 8892 D AppsFlyer_4.9.0: Uninstall Token exists: 1575859627250,1575859626850,eCe8ONF0LKc:APA91bES19miubmm4yLn4qx-NX2-ASKq3YHs2DP- u66MfUXB2m_jvQoIOKaeTrTdPGwSSSAPWsqi6cIPGUNiIYwKcFBlOKXHYs20ecvsdGB8EZtPpgSLnOEtT6c fSmLYlbAnleficG-L
12-09 08:18:23.631 7429 8838 D com.disha.quickride.androidapp.usermgmt.UserMessageListener: subscribeToUserMsgUpdates
12-09 08:18:23.631 7429 8838 D com.disha.quickride.androidapp.usermgmt.UserMessageListener: subscribeToUserMsgUpdates
12-09 08:18:23.632 7429 8838 D com.disha.quickride.androidapp.event.RideMgmtEventServiceProxy: Adding topic name to subscriptions queue :userMsg/80505606595752
12-09 08:18:23.632 7429 8838 I com.disha.quickride.androidapp.usermgmt.cache.UserDataCache: getting of referral code
12-09 08:18:23.632 7429 8838 D com.disha.quickride.androidapp.event.RideMgmtEventServiceProxy: Adding topic name to subscriptions queue :userMsg/80505606595752
12-09 08:18:23.632 7429 8838 I com.disha.quickride.androidapp.usermgmt.cache.UserDataCache: getting of referral code
12-09 08:18:23.639 7429 8838 D com.disha.quickride.androidapp.event.EventModuleSessionManager: Establishing event service connection
12-09 08:18:23.639 7429 8838 D com.disha.quickride.androidapp.event.RideMgmtEventServiceProxy: Entering dispatchAllMessagesArrivedBeforeSessionWasInitialized
12-09 08:18:23.639 7429 8838 D com.disha.quickride.androidapp.event.EventModuleSessionManager: Establishing event service connection
12-09 08:18:23.639 7429 8838 D com.disha.quickride.androidapp.event.RideMgmtEventServiceProxy: Entering dispatchAllMessagesArrivedBeforeSessionWasInitialized
12-09 08:18:23.640 7429 8199 D com.disha.quickride.androidapp.event.InitialMessagesDispatchTask: Dispatching initial messages
12-09 08:18:23.640 7429 8199 D com.disha.quickride.androidapp.event.InitialMessagesDispatchTask: Dispatching initial messages
12-09 08:18:23.640 7429 8838 D com.disha.quickride.androidapp.event.LocationUpdateEventServiceProxy: Entering dispatchAllMessagesArrivedBeforeSessionWasInitialized
12-09 08:18:23.640 7429 8838 D com.disha.quickride.androidapp.event.LocationUpdateEventServiceProxy: Entering dispatchAllMessagesArrivedBeforeSessionWasInitialized
12-09 08:18:23.640 7429 8702 D com.disha.quickride.androidapp.event.InitialMessagesDispatchTask: Dispatching initial messages
12-09 08:18:23.640 7429 8702 D com.disha.quickride.androidapp.event.InitialMessagesDispatchTask: Dispatching initial messages
12-09 08:18:23.692 7429 7429 I AssistStructure: Flattened final assist data: 3440 bytes, containing 1 windows, 16 views
12-09 08:18:23.692 7429 7429 I AssistStructure: Flattened final assist data: 3440 bytes, containing 1 windows, 16 views
12-09 08:18:23.703 7429 8838 D com.disha.quickride.androidapp.QuickRideLifecycleHandler: Adding ApplicationVisibilityStatusChangeListener [com.disha.quickride.androidapp.notification.NotificationStore@5fe9ffa] for key : [NOTIFICATION_STORE]
12-09 08:18:23.703 7429 8838 D com.disha.quickride.androidapp.notification.NotificationStore: Creating periodic work request to refresh notifications regularly
12-09 08:18:23.703 7429 8838 D com.disha.quickride.androidapp.QuickRideLifecycleHandler: Adding ApplicationVisibilityStatusChangeListener [com.disha.quickride.androidapp.notification.NotificationStore@5fe9ffa] for key : [NOTIFICATION_STORE]
12-09 08:18:23.703 7429 8838 D com.disha.quickride.androidapp.notification.NotificationStore: Creating periodic work request to refresh notifications regularly
12-09 08:18:23.716 7429 8705 D com.disha.quickride.androidapp.common.AndroidRestClient.AndroidClientLogger: RestClient.callService with httpRequestMethod = GET
12-09 08:18:23.716 7429 8705 D com.disha.quickride.androidapp.common.AndroidRestClient.AndroidClientLogger: RestClient.callService with httpRequestMethod = GET
12-09 08:18:24.286 7429 8705 D com.disha.quickride.androidapp.common.AndroidRestClient.AndroidClientLogger: RestClient.callService response code : 200
12-09 08:18:24.286 7429 8705 D com.disha.quickride.androidapp.common.AndroidRestClient.AndroidClientLogger: RestClient.callService response code : 200
12-09 08:18:33.684 7429 7429 I com.disha.quickride.androidapp.usermgmt.profile.SignUpCompanyProfileDisplayActivity : User clicked continue Button
12-09 08:18:33.684 7429 7429 I com.disha.quickride.androidapp.usermgmt.profile.SignUpCompanyProfileDisplayActivity : User clicked continue Button
12-09 08:18:33.685 7429 7429 I com.disha.quickride.androidapp.usermgmt.profile.SignUpCompanyProfileDisplayActivity : saving of user Edited details
12-09 08:18:33.685 7429 7429 I com.disha.quickride.androidapp.usermgmt.profile.SignUpCompanyProfileDisplayActivity : saving of user Edited details
12-09 08:18:33.687 7429 7429 I com.disha.quickride.androidapp.usermgmt.profile.SignUpCompanyProfileDisplayActivity : checking if official email is given, in profileEditActivity
12-09 08:18:33.687 7429 7429 I com.disha.quickride.androidapp.usermgmt.profile.SignUpCompanyProfileDisplayActivity : checking if official email is given, in profileEditActivity
12-09 08:18:33.688 7429 7429 I com.disha.quickride.androidapp.util.QuickRideModalDialog: Displaying of info Dialog Given email is not an organization email. Please provide your corporate email ID bearing your name.
12-09 08:18:33.688 7429 7429 I com.disha.quickride.androidapp.util.QuickRideModalDialog: Displaying of info Dialog Given email is not an organization email. Please provide your corporate email ID bearing your name.
12-09 08:18:39.373 7429 7429 I Timeline: Timeline: Activity_launch_request time:95400349
12-09 08:18:39.373 7429 7429 I Timeline: Timeline: Activity_launch_request time:95400349
12-09 08:18:39.394 7429 7429 W ActivityThread: handleWindowVisibility: no activity for token android.os.BinderProxy@599cc64
12-09 08:18:39.394 7429 7429 W ActivityThread: handleWindowVisibility: no activity for token android.os.BinderProxy@599cc64
12-09 08:18:39.396 7429 7429 D com.disha.quickride.androidapp.usermgmt.profile.SignUpFlowRideCreationActivity: On create of user registration this
12-09 08:18:39.396 7429 7429 D com.disha.quickride.androidapp.usermgmt.profile.SignUpFlowRideCreationActivity: On create of user registration this
12-09 08:18:39.408 7429 8885 D Gabe : call returning from cache
12-09 08:18:39.408 7429 8885 D Gabe : call returning from cache
12-09 08:18:39.434 7429 7495 D com.disha.quickride.androidapp.common.AndroidRestClient.AndroidClientLogger: RestClient.callService with httpRequestMethod = GET
12-09 08:18:39.434 7429 7495 D com.disha.quickride.androidapp.common.AndroidRestClient.AndroidClientLogger: RestClient.callService with httpRequestMethod = GET
12-09 08:18:39.951 7429 7495 D com.disha.quickride.androidapp.common.AndroidRestClient.AndroidClientLogger: RestClient.callService response code : 200
12-09 08:18:39.951 7429 7495 D com.disha.quickride.androidapp.common.AndroidRestClient.AndroidClientLogger: RestClient.callService response code : 200
12-09 08:18:58.845 7429 7429 W AllCapsTransformationMethod: Caller did not enable length changes; not transforming text
12-09 08:18:58.845 7429 7429 W AllCapsTransformationMethod: Caller did not enable length changes; not transforming text
12-09 08:18:58.845 7429 7429 W AllCapsTransformationMethod: Caller did not enable length changes; not transforming text
12-09 08:18:58.859 7429 7528 I S3ImageProcessAsyncTask: Image Retrieval
12-09 08:18:58.845 7429 7429 W AllCapsTransformationMethod: Caller did not enable length changes; not transforming text
12-09 08:18:58.859 7429 7528 I S3ImageProcessAsyncTask: Image Retrieval
12-09 08:18:58.864 7429 7429 W AllCapsTransformationMethod: Caller did not enable length changes; not transforming text
12-09 08:18:58.864 7429 7429 W AllCapsTransformationMethod: Caller did not enable length changes; not transforming text
12-09 08:19:06.648 7429 7429 W InputEventReceiver: Attempted to finish an input event but the input event receiver has already been disposed.
12-09 08:19:06.648 7429 7429 W InputEventReceiver: Attempted to finish an input event but the input event receiver has already been disposed.
12-09 08:19:08.634 7429 7429 W InputEventReceiver: Attempted to finish an input event but the input event receiver has already been disposed.
12-09 08:19:08.634 7429 7429 W InputEventReceiver: Attempted to finish an input event but the input event receiver has already been disposed.
12-09 08:19:08.961 7429 7429 I Timeline: Timeline: Activity_launch_request time:95429938
12-09 08:19:08.961 7429 7429 I Timeline: Timeline: Activity_launch_request time:95429938
12-09 08:19:08.980 7429 7429 W ActivityThread: handleWindowVisibility: no activity for token android.os.BinderProxy@7456a2c
12-09 08:19:08.980 7429 7429 W ActivityThread: handleWindowVisibility: no activity for token android.os.BinderProxy@7456a2c
12-09 08:19:08.982 7429 7429 I com.disha.quickride.androidapp.usermgmt.profile.SignUpCompanyProfileDisplayActivity : On Create for user Activation Activity
12-09 08:19:08.982 7429 7429 I com.disha.quickride.androidapp.usermgmt.profile.SignUpCompanyProfileDisplayActivity : On Create for user Activation Activity
12-09 08:19:08.992 7429 8885 D Gabe : call returning from cache
12-09 08:19:08.992 7429 8885 D Gabe : call returning from cache
12-09 08:19:09.002 7429 8108 D com.disha.quickride.androidapp.common.AndroidRestClient.AndroidClientLogger: RestClient.callService with httpRequestMethod = GET
12-09 08:19:09.002 7429 8108 D com.disha.quickride.androidapp.common.AndroidRestClient.AndroidClientLogger: RestClient.callService with httpRequestMethod = GET
12-09 08:19:09.421 7429 8108 D com.disha.quickride.androidapp.common.AndroidRestClient.AndroidClientLogger: RestClient.callService response code : 200
12-09 08:19:09.421 7429 8108 D com.disha.quickride.androidapp.common.AndroidRestClient.AndroidClientLogger: RestClient.callService response code : 200
12-09 08:19:14.935 7429 7429 D com.disha.quickride.androidapp.QuickRideLifecycleHandler: App is invisible
12-09 08:19:14.935 7429 7429 D com.disha.quickride.androidapp.QuickRideLifecycleHandler: App is invisible
12-09 08:19:15.070 7429 8974 I AppsFlyer_4.9.0: onBecameBackground
12-09 08:19:15.071 7429 8974 I AppsFlyer_4.9.0: callStatsBackground background call
12-09 08:19:15.071 7429 8974 I AppsFlyer_4.9.0: app went to background
12-09 08:19:15.070 7429 8974 I AppsFlyer_4.9.0: onBecameBackground
12-09 08:19:15.071 7429 8974 I AppsFlyer_4.9.0: callStatsBackground background call
12-09 08:19:15.071 7429 8974 I AppsFlyer_4.9.0: app went to background
12-09 08:19:15.074 7429 8974 D AppsFlyer_4.9.0: Stats call is disabled, ignore ...
12-09 08:19:15.074 7429 8974 D AppsFlyer_4.9.0: RD status is OFF
12-09 08:19:15.074 7429 8974 D AppsFlyer_4.9.0: Stats call is disabled, ignore ...
12-09 08:19:15.074 7429 8974 D AppsFlyer_4.9.0: RD status is OFF
12-09 08:19:17.931 7429 7429 D com.disha.quickride.androidapp.QuickRideLifecycleHandler: App is visible
12-09 08:19:17.931 7429 7429 D com.disha.quickride.androidapp.notification.NotificationStore: Refreshing notifications when app became visible
12-09 08:19:17.931 7429 7429 D com.disha.quickride.androidapp.QuickRideLifecycleHandler: App is visible
12-09 08:19:17.931 7429 7429 D com.disha.quickride.androidapp.notification.NotificationStore: Refreshing notifications when app became visible
12-09 08:19:17.932 7429 8698 D com.disha.quickride.androidapp.notification.GettingPendingUserNotificationsAsyncTas k: Getting pending notifications from server
12-09 08:19:17.932 7429 8698 D com.disha.quickride.androidapp.notification.GettingPendingUserNotificationsAsyncTas k: Getting pending notifications from server
12-09 08:19:17.937 7429 7525 D com.disha.quickride.androidapp.common.AndroidRestClient.AndroidClientLogger: RestClient.callService with httpRequestMethod = GET
12-09 08:19:17.937 7429 7525 D com.disha.quickride.androidapp.common.AndroidRestClient.AndroidClientLogger: RestClient.callService with httpRequestMethod = GET
12-09 08:19:17.941 7429 8698 D com.disha.quickride.androidapp.common.AndroidRestClient.AndroidClientLogger: RestClient.callService with httpRequestMethod = GET
12-09 08:19:17.941 7429 8698 D com.disha.quickride.androidapp.common.AndroidRestClient.AndroidClientLogger: RestClient.callService with httpRequestMethod = GET
12-09 08:19:17.944 7429 7429 I AppsFlyer_4.9.0: onBecameForeground
12-09 08:19:17.944 7429 7429 I AppsFlyer_4.9.0: onBecameForeground
12-09 08:19:17.944 7429 7429 I AppsFlyer_4.9.0: Last Launch attempt: 2019/12/09 02:48:22.261 +0000;
12-09 08:19:17.944 7429 7429 I AppsFlyer_4.9.0: Last successful Launch event: 2019/12/09 02:48:23.604 +0000;
12-09 08:19:17.944 7429 7429 I AppsFlyer_4.9.0: Sending launch (+55683 ms)
12-09 08:19:17.944 7429 7429 I AppsFlyer_4.9.0: Last Launch attempt: 2019/12/09 02:48:22.261 +0000;
12-09 08:19:17.944 7429 7429 I AppsFlyer_4.9.0: Last successful Launch event: 2019/12/09 02:48:23.604 +0000;
12-09 08:19:17.944 7429 7429 I AppsFlyer_4.9.0: Sending launch (+55683 ms)
12-09 08:19:18.095 7429 9082 I AppsFlyer_4.9.0: sendTrackingWithEvent from activity: com.disha.quickride.androidapp.startup.QuickRideApplication
12-09 08:19:18.095 7429 9082 I AppsFlyer_4.9.0: Trying to fetch GAID..
12-09 08:19:18.095 7429 9082 I AppsFlyer_4.9.0: sendTrackingWithEvent from activity: com.disha.quickride.androidapp.startup.QuickRideApplication
12-09 08:19:18.095 7429 9082 I AppsFlyer_4.9.0: Trying to fetch GAID..
12-09 08:19:18.122 7429 9082 I AppsFlyer_4.9.0: ******* sendTrackingWithEvent: Launch
12-09 08:19:18.122 7429 9082 I AppsFlyer_4.9.0: ******* sendTrackingWithEvent: Launch
12-09 08:19:18.138 7429 9082 I AppsFlyer_4.9.0: IMEI was not collected.
12-09 08:19:18.138 7429 9082 I AppsFlyer_4.9.0: IMEI was not collected.
12-09 08:19:18.139 7429 9082 I AppsFlyer_4.9.0: Android ID was not collected.
12-09 08:19:18.139 7429 9082 I AppsFlyer_4.9.0: Android ID was not collected.
12-09 08:19:18.141 7429 9082 I AppsFlyer_4.9.0: AppsFlyer: first launch date: 2019-12-09_024706+0000
12-09 08:19:18.141 7429 9082 I AppsFlyer_4.9.0: AppsFlyer: first launch date: 2019-12-09_024706+0000
12-09 08:19:18.141 7429 9082 D AppsFlyer_4.9.0: didConfigureTokenRefreshService=false
12-09 08:19:18.141 7429 9082 D AppsFlyer_4.9.0: didConfigureTokenRefreshService=false
12-09 08:19:18.144 7429 9082 I AppsFlyer_4.9.0: AppsFlyerLib.sendTrackingWithEvent
12-09 08:19:18.144 7429 9082 I AppsFlyer_4.9.0: AppsFlyerLib.sendTrackingWithEvent
12-09 08:19:18.145 7429 9082 I AppsFlyer_4.9.0: url: https://t.appsflyer.com/api/v4/androidevent? buildnumber=4.9.0&app_id=com.disha.quickride
12-09 08:19:18.146 7429 9082 I AppsFlyer_4.9.0: data: {"country":"","af_timestamp":"1575859758104","appsflyerKey":"s********************m ","af_events_api":"1","isFirstCall":"false","registeredUninstall":true,"operator":" airtel","network":"MOBILE","timepassedsincelastlaunch":"55","open_referrer":"androi d- app:\/\/com.disha.quickride","af_v2":"86746373197d4fb1dc9254ff105dacfcd7cc629b","ui d":"1575859625497- 464584806058761408","isGaidWithGps":"true","lang_code":"en","installDate":"2019-12- 09_024605+0000","app_version_code":"351","firstLaunchDate":"2019-12- 09_024706+0000","ivc":false,"model":"Redmi K20 Pro","lang":"English","brand":"Xiaomi","kef5e60":"88e47df17fd8017948181b190c531a0d5 91f1f0d5a1f19","deviceType":"user","product":"raphaelin","deviceData": {"cpu_abi":"arm64-v8a","build_display_id":"QKQ1.190825.002 test- keys","btch":"no","dim": {"size":"2","ydp":"404.326","xdp":"403.411","y_px":"2210","x_px":"1080","d_dpi":"44 0"},"arch":"","btl":"67.0","cpu_abi2":""},"installer_package":"com.android.vending" ,"date2":"2019-12-09_024605+0000","counter":"5","date1":"2019-12- 09_024605+0000","advertiserId":"e8d21283-8603-4bc0-be1b- 73a185bce871","advertiserIdEnabled":"false","referrer":"af_tranid=- H4OLmdaW9tLePQb5zkXag&shortlink=FloatCTA&pid=website&c=website_float_cta&af_dp=http s:\/\/quickride.onelink.me\/HnCK\/newride&af_web_id=40c222a9-5794-4876-bfc4- 5bf0b1bdd217- o","af_v":"578225a9f9b4ef9d132ab267627d4ce2de440d51","carrier":"airtel","af_preinst alled":"false","iaecounter":"1","tokenRefreshConfigured":false,"af_gcm_token":"1575 859626850","sdk":"29","fb":"5c3bda05-0aa9-4d12-80dc- 89510a0b766a","app_version_name":"9.01","device":"raphaelin","platformextension":"a ndroid_native","cksm_v1":"8f1122041e97dccf8f0f13c32462af8359"}
12-09 08:19:18.145 7429 9082 I AppsFlyer_4.9.0: url: https://t.appsflyer.com/api/v4/androidevent? buildnumber=4.9.0&app_id=com.disha.quickride
12-09 08:19:18.146 7429 9082 I AppsFlyer_4.9.0: data: {"country":"","af_timestamp":"1575859758104","appsflyerKey":"s********************m ","af_events_api":"1","isFirstCall":"false","registeredUninstall":true,"operator":" airtel","network":"MOBILE","timepassedsincelastlaunch":"55","open_referrer":"androi d- app:\/\/com.disha.quickride","af_v2":"86746373197d4fb1dc9254ff105dacfcd7cc629b","ui d":"1575859625497- 464584806058761408","isGaidWithGps":"true","lang_code":"en","installDate":"2019-12- 09_024605+0000","app_version_code":"351","firstLaunchDate":"2019-12- 09_024706+0000","ivc":false,"model":"Redmi K20 Pro","lang":"English","brand":"Xiaomi","kef5e60":"88e47df17fd8017948181b190c531a0d5 91f1f0d5a1f19","deviceType":"user","product":"raphaelin","deviceData": {"cpu_abi":"arm64-v8a","build_display_id":"QKQ1.190825.002 test- keys","btch":"no","dim": {"size":"2","ydp":"404.326","xdp":"403.411","y_px":"2210","x_px":"1080","d_dpi":"44 0"},"arch":"","btl":"67.0","cpu_abi2":""},"installer_package":"com.android.vending" ,"date2":"2019-12-09_024605+0000","counter":"5","date1":"2019-12- 09_024605+0000","advertiserId":"e8d21283-8603-4bc0-be1b- 73a185bce871","advertiserIdEnabled":"false","referrer":"af_tranid=- H4OLmdaW9tLePQb5zkXag&shortlink=FloatCTA&pid=website&c=website_float_cta&af_dp=http s:\/\/quickride.onelink.me\/HnCK\/newride&af_web_id=40c222a9-5794-4876-bfc4- 5bf0b1bdd217- o","af_v":"578225a9f9b4ef9d132ab267627d4ce2de440d51","carrier":"airtel","af_preinst alled":"false","iaecounter":"1","tokenRefreshConfigured":false,"af_gcm_token":"1575 859626850","sdk":"29","fb":"5c3bda05-0aa9-4d12-80dc- 89510a0b766a","app_version_name":"9.01","device":"raphaelin","platformextension":"a ndroid_native","cksm_v1":"8f1122041e97dccf8f0f13c32462af8359"}
12-09 08:19:18.692 7429 8698 D com.disha.quickride.androidapp.common.AndroidRestClient.AndroidClientLogger: RestClient.callService response code : 200
12-09 08:19:18.692 7429 8698 D com.disha.quickride.androidapp.common.AndroidRestClient.AndroidClientLogger: RestClient.callService response code : 200
12-09 08:19:18.835 7429 7525 D com.disha.quickride.androidapp.common.AndroidRestClient.AndroidClientLogger: RestClient.callService response code : 200
12-09 08:19:18.835 7429 7525 D com.disha.quickride.androidapp.common.AndroidRestClient.AndroidClientLogger: RestClient.callService response code : 200
12-09 08:19:19.318 7429 9082 I AppsFlyer_4.9.0: response code: 200
12-09 08:19:19.319 7429 9082 D AppsFlyer_4.9.0: Uninstall Token exists: 1575859627250,1575859626850,eCe8ONF0LKc:APA91bES19miubmm4yLn4qx-NX2-ASKq3YHs2DP- u66MfUXB2m_jvQoIOKaeTrTdPGwSSSAPWsqi6cIPGUNiIYwKcFBlOKXHYs20ecvsdGB8EZtPpgSLnOEtT6c fSmLYlbAnleficG-L
12-09 08:19:19.318 7429 9082 I AppsFlyer_4.9.0: response code: 200
12-09 08:19:19.319 7429 9082 D AppsFlyer_4.9.0: Uninstall Token exists: 1575859627250,1575859626850,eCe8ONF0LKc:APA91bES19miubmm4yLn4qx-NX2-ASKq3YHs2DP- u66MfUXB2m_jvQoIOKaeTrTdPGwSSSAPWsqi6cIPGUNiIYwKcFBlOKXHYs20ecvsdGB8EZtPpgSLnOEtT6c fSmLYlbAnleficG-L
12-09 08:19:25.622 7429 7429 I Timeline: Timeline: Activity_launch_request time:95446599
12-09 08:19:25.622 7429 7429 I Timeline: Timeline: Activity_launch_request time:95446599
12-09 08:19:25.645 7429 7429 W ActivityThread: handleWindowVisibility: no activity for token android.os.BinderProxy@4222eca
12-09 08:19:25.645 7429 7429 W ActivityThread: handleWindowVisibility: no activity for token android.os.BinderProxy@4222eca
12-09 08:19:25.647 7429 7429 D com.disha.quickride.androidapp.usermgmt.profile.SignUpFlowRideCreationActivity: On create of user registration this
12-09 08:19:25.647 7429 7429 D com.disha.quickride.androidapp.usermgmt.profile.SignUpFlowRideCreationActivity: On create of user registration this
12-09 08:19:25.656 7429 8885 D Gabe : call returning from cache
12-09 08:19:25.656 7429 8885 D Gabe : call returning from cache
12-09 08:19:25.674 7429 8837 D com.disha.quickride.androidapp.common.AndroidRestClient.AndroidClientLogger: RestClient.callService with httpRequestMethod = GET
12-09 08:19:25.674 7429 8837 D com.disha.quickride.androidapp.common.AndroidRestClient.AndroidClientLogger: RestClient.callService with httpRequestMethod = GET
12-09 08:19:26.349 7429 8837 D com.disha.quickride.androidapp.common.AndroidRestClient.AndroidClientLogger: RestClient.callService response code : 200
12-09 08:19:26.349 7429 8837 D com.disha.quickride.androidapp.common.AndroidRestClient.AndroidClientLogger: RestClient.callService response code : 200
12-09 08:19:30.606 7429 8117 I com.disha.quickride.androidapp.usermgmt.profile.ProfileSavingAsyncTask: saving of profile async task
12-09 08:19:30.606 7429 8117 I com.disha.quickride.androidapp.usermgmt.profile.ProfileSavingAsyncTask: saving of profile async task
12-09 08:19:30.627 7429 8117 D com.disha.quickride.androidapp.common.AndroidRestClient.AndroidClientLogger: RestClient.callService with httpRequestMethod = PUT
12-09 08:19:30.627 7429 8117 D com.disha.quickride.androidapp.common.AndroidRestClient.AndroidClientLogger: RestClient.callService with httpRequestMethod = PUT
12-09 08:19:31.123 7429 8117 D com.disha.quickride.androidapp.common.AndroidRestClient.AndroidClientLogger: RestClient.callService response code : 200
12-09 08:19:31.123 7429 8117 D com.disha.quickride.androidapp.common.AndroidRestClient.AndroidClientLogger: RestClient.callService response code : 200
12-09 08:19:31.144 7429 8117 I com.disha.quickride.androidapp.usermgmt.profile.ProfileEditBaseActivity: Profile updated
12-09 08:19:31.144 7429 8117 I com.disha.quickride.androidapp.usermgmt.profile.ProfileEditBaseActivity: Profile updated
12-09 08:19:31.147 7429 8117 I com.disha.quickride.androidapp.usermgmt.cache.UserDataCache: storing of profileVerificationData
12-09 08:19:31.147 7429 8117 I com.disha.quickride.androidapp.usermgmt.cache.UserDataCache: storing of profileVerificationData
12-09 08:19:31.218 7429 7623 D SlaveNetworkWorker: not matched: 1
12-09 08:19:31.218 7429 7623 D SlaveNetworkWorker: not matched: 1
12-09 08:19:31.271 7429 7683 D SlaveNetworkWorker: not matched: 1
12-09 08:19:31.271 7429 7683 D SlaveNetworkWorker: not matched: 1
12-09 08:19:31.286 7429 7692 D SlaveNetworkWorker: not matched: 1
12-09 08:19:31.287 7429 9120 D com.disha.quickride.androidapp.notification.QuickRideGCMIntentService: New GCM message received : {MsgClassName=com.disha.quickride.domain.model.UserProfile, MsgObject={"id":80505606595752,"userName":"Debojit Sinha","emailforcommunication":"[email protected]","gender":"M","regMailSen t":false,"verificationstatus":false,"rating":0.0,"noofridesaspassenger":0,"noofride sasrider":0,"noOfReviews":0,"onTimeComplianceRating":0,"profileVerificationData": {"userId":80505606595752,"emailVerified":false,"imageVerified":false,"persIDVerifie d":false,"profileVerified":false,"emailVerifiedAtleastOnce":false,"profVerifSource" :0,"persVerifSource":0,"uniqueID":"1575859771687"},"defaultRole":"Passenger","confi rmtype":false,"uniqueID":"pro_472603140","msgObjType":"pro"}, IS_USER_NOTIFICATION=false, MQTT_TOPIC_NAME=userMsg/80505606595752}
12-09 08:19:31.286 7429 7692 D SlaveNetworkWorker: not matched: 1
12-09 08:19:31.287 7429 9120 D com.disha.quickride.androidapp.notification.QuickRideGCMIntentService: New GCM message received : {MsgClassName=com.disha.quickride.domain.model.UserProfile, MsgObject={"id":80505606595752,"userName":"Debojit Sinha","emailforcommunication":"[email protected]","gender":"M","regMailSen t":false,"verificationstatus":false,"rating":0.0,"noofridesaspassenger":0,"noofride sasrider":0,"noOfReviews":0,"onTimeComplianceRating":0,"profileVerificationData": {"userId":80505606595752,"emailVerified":false,"imageVerified":false,"persIDVerifie d":false,"profileVerified":false,"emailVerifiedAtleastOnce":false,"profVerifSource" :0,"persVerifSource":0,"uniqueID":"1575859771687"},"defaultRole":"Passenger","confi rmtype":false,"uniqueID":"pro_472603140","msgObjType":"pro"}, IS_USER_NOTIFICATION=false, MQTT_TOPIC_NAME=userMsg/80505606595752}
12-09 08:19:31.287 7429 9120 E NetcoreSDK: Error: Unterminated object at character 721 of {MsgClassName=com.disha.quickride.domain.model.UserProfile, MsgObject={"id":80505606595752,"userName":"Debojit Sinha","emailforcommunication":"[email protected]","gender":"M","regMailSen t":false,"verificationstatus":false,"rating":0.0,"noofridesaspassenger":0,"noofride sasrider":0,"noOfReviews":0,"onTimeComplianceRating":0,"profileVerificationData": {"userId":80505606595752,"emailVerified":false,"imageVerified":false,"persIDVerifie d":false,"profileVerified":false,"emailVerifiedAtleastOnce":false,"profVerifSource" :0,"persVerifSource":0,"uniqueID":"1575859771687"},"defaultRole":"Passenger","confi rmtype":false,"uniqueID":"pro_472603140","msgObjType":"pro"}, IS_USER_NOTIFICATION=false, MQTT_TOPIC_NAME=userMsg/80505606595752}
12-09 08:19:31.287 7429 9120 D com.disha.quickride.androidapp.notification.QuickRideGCMIntentService: Not handled by NetCore
12-09 08:19:31.287 7429 9120 D com.disha.quickride.androidapp.notification.QuickRideGCMIntentService: Processing new GCM Message : Bundle[{MsgClassName=com.disha.quickride.domain.model.UserProfile, MsgObject={"id":80505606595752,"userName":"Debojit Sinha","emailforcommunication":"[email protected]","gender":"M","regMailSen t":false,"verificationstatus":false,"rating":0.0,"noofridesaspassenger":0,"noofride sasrider":0,"noOfReviews":0,"onTimeComplianceRating":0,"profileVerificationData": {"userId":80505606595752,"emailVerified":false,"imageVerified":false,"persIDVerifie d":false,"profileVerified":false,"emailVerifiedAtleastOnce":false,"profVerifSource" :0,"persVerifSource":0,"uniqueID":"1575859771687"},"defaultRole":"Passenger","confi rmtype":false,"uniqueID":"pro_472603140","msgObjType":"pro"}, IS_USER_NOTIFICATION=false, MQTT_TOPIC_NAME=userMsg/80505606595752}]
12-09 08:19:31.287 7429 9120 E NetcoreSDK: Error: Unterminated object at character 721 of {MsgClassName=com.disha.quickride.domain.model.UserProfile, MsgObject={"id":80505606595752,"userName":"Debojit Sinha","emailforcommunication":"[email protected]","gender":"M","regMailSen t":false,"verificationstatus":false,"rating":0.0,"noofridesaspassenger":0,"noofride sasrider":0,"noOfReviews":0,"onTimeComplianceRating":0,"profileVerificationData": {"userId":80505606595752,"emailVerified":false,"imageVerified":false,"persIDVerifie d":false,"profileVerified":false,"emailVerifiedAtleastOnce":false,"profVerifSource" :0,"persVerifSource":0,"uniqueID":"1575859771687"},"defaultRole":"Passenger","confi rmtype":false,"uniqueID":"pro_472603140","msgObjType":"pro"}, IS_USER_NOTIFICATION=false, MQTT_TOPIC_NAME=userMsg/80505606595752}
12-09 08:19:31.287 7429 9120 D com.disha.quickride.androidapp.notification.QuickRideGCMIntentService: Not handled by NetCore
12-09 08:19:31.287 7429 9120 D com.disha.quickride.androidapp.notification.QuickRideGCMIntentService: Processing new GCM Message : Bundle[{MsgClassName=com.disha.quickride.domain.model.UserProfile, MsgObject={"id":80505606595752,"userName":"Debojit Sinha","emailforcommunication":"[email protected]","gender":"M","regMailSen t":false,"verificationstatus":false,"rating":0.0,"noofridesaspassenger":0,"noofride sasrider":0,"noOfReviews":0,"onTimeComplianceRating":0,"profileVerificationData": {"userId":80505606595752,"emailVerified":false,"imageVerified":false,"persIDVerifie d":false,"profileVerified":false,"emailVerifiedAtleastOnce":false,"profVerifSource" :0,"persVerifSource":0,"uniqueID":"1575859771687"},"defaultRole":"Passenger","confi rmtype":false,"uniqueID":"pro_472603140","msgObjType":"pro"}, IS_USER_NOTIFICATION=false, MQTT_TOPIC_NAME=userMsg/80505606595752}]
12-09 08:19:31.287 7429 9120 I com.disha.quickride.androidapp.event.RideMgmtEventServiceProxy: MQTT Message received [{"id":80505606595752,"userName":"Debojit Sinha","emailforcommunication":"[email protected]","gender":"M","regMailSen t":false,"verificationstatus":false,"rating":0.0,"noofridesaspassenger":0,"noofride sasrider":0,"noOfReviews":0,"onTimeComplianceRating":0,"profileVerificationData": {"userId":80505606595752,"emailVerified":false,"imageVerified":false,"persIDVerifie d":false,"profileVerified":false,"emailVerifiedAtleastOnce":false,"profVerifSource" :0,"persVerifSource":0,"uniqueID":"1575859771687"},"defaultRole":"Passenger","confi rmtype":false,"uniqueID":"pro_472603140","msgObjType":"pro"}] from topic [userMsg/80505606595752]
12-09 08:19:31.287 7429 9120 I com.disha.quickride.androidapp.event.RideMgmtEventServiceProxy: MQTT Message received [{"id":80505606595752,"userName":"Debojit Sinha","emailforcommunication":"[email protected]","gender":"M","regMailSen t":false,"verificationstatus":false,"rating":0.0,"noofridesaspassenger":0,"noofride sasrider":0,"noOfReviews":0,"onTimeComplianceRating":0,"profileVerificationData": {"userId":80505606595752,"emailVerified":false,"imageVerified":false,"persIDVerifie d":false,"profileVerified":false,"emailVerifiedAtleastOnce":false,"profVerifSource" :0,"persVerifSource":0,"uniqueID":"1575859771687"},"defaultRole":"Passenger","confi rmtype":false,"uniqueID":"pro_472603140","msgObjType":"pro"}] from topic [userMsg/80505606595752]
12-09 08:19:31.300 7429 9115 I AppsFlyer_4.9.0: sendTrackingWithEvent from activity: com.disha.quickride.androidapp.startup.QuickRideApplication
12-09 08:19:31.300 7429 9115 I AppsFlyer_4.9.0: Trying to fetch GAID..
12-09 08:19:31.300 7429 9115 I AppsFlyer_4.9.0: sendTrackingWithEvent from activity: com.disha.quickride.androidapp.startup.QuickRideApplication
12-09 08:19:31.300 7429 9115 I AppsFlyer_4.9.0: Trying to fetch GAID..
12-09 08:19:31.306 7429 9116 I AppsFlyer_4.9.0: sendTrackingWithEvent from activity: com.disha.quickride.androidapp.startup.QuickRideApplication
12-09 08:19:31.306 7429 9116 I AppsFlyer_4.9.0: Trying to fetch GAID..
12-09 08:19:31.306 7429 9116 I AppsFlyer_4.9.0: sendTrackingWithEvent from activity: com.disha.quickride.androidapp.startup.QuickRideApplication
12-09 08:19:31.306 7429 9116 I AppsFlyer_4.9.0: Trying to fetch GAID..
12-09 08:19:31.332 7429 8199 D com.disha.quickride.androidapp.event.EventServiceUtils: Parsing new message : {"id":80505606595752,"userName":"Debojit Sinha","emailforcommunication":"[email protected]","gender":"M","regMailSen t":false,"verificationstatus":false,"rating":0.0,"noofridesaspassenger":0,"noofride sasrider":0,"noOfReviews":0,"onTimeComplianceRating":0,"profileVerificationData": {"userId":80505606595752,"emailVerified":false,"imageVerified":false,"persIDVerifie d":false,"profileVerified":false,"emailVerifiedAtleastOnce":false,"profVerifSource" :0,"persVerifSource":0,"uniqueID":"1575859771687"},"defaultRole":"Passenger","confi rmtype":false,"uniqueID":"pro_472603140","msgObjType":"pro"}
12-09 08:19:31.335 7429 9115 I AppsFlyer_4.9.0: ******* sendTrackingWithEvent: UserProfessionDetailsSignUpFlow
12-09 08:19:31.332 7429 8199 D com.disha.quickride.androidapp.event.EventServiceUtils: Parsing new message : {"id":80505606595752,"userName":"Debojit Sinha","emailforcommunication":"[email protected]","gender":"M","regMailSen t":false,"verificationstatus":false,"rating":0.0,"noofridesaspassenger":0,"noofride sasrider":0,"noOfReviews":0,"onTimeComplianceRating":0,"profileVerificationData": {"userId":80505606595752,"emailVerified":false,"imageVerified":false,"persIDVerifie d":false,"profileVerified":false,"emailVerifiedAtleastOnce":false,"profVerifSource" :0,"persVerifSource":0,"uniqueID":"1575859771687"},"defaultRole":"Passenger","confi rmtype":false,"uniqueID":"pro_472603140","msgObjType":"pro"}
12-09 08:19:31.335 7429 9115 I AppsFlyer_4.9.0: ******* sendTrackingWithEvent: UserProfessionDetailsSignUpFlow
12-09 08:19:31.338 7429 9116 I AppsFlyer_4.9.0: ******* sendTrackingWithEvent: UserImageDetailsSignUpFlow
12-09 08:19:31.338 7429 9116 I AppsFlyer_4.9.0: ******* sendTrackingWithEvent: UserImageDetailsSignUpFlow
12-09 08:19:31.353 7429 9115 I AppsFlyer_4.9.0: IMEI was not collected.
12-09 08:19:31.354 7429 9115 I AppsFlyer_4.9.0: Android ID was not collected.
12-09 08:19:31.353 7429 9115 I AppsFlyer_4.9.0: IMEI was not collected.
12-09 08:19:31.354 7429 9115 I AppsFlyer_4.9.0: Android ID was not collected.
12-09 08:19:31.359 7429 8199 D com.disha.quickride.androidapp.usermgmt.profile.ProfileUpdateListener: Processing of new message
12-09 08:19:31.359 7429 8199 I com.disha.quickride.androidapp.usermgmt.cache.UserDataCache: storing of profile dynamic changes
12-09 08:19:31.360 7429 9115 I AppsFlyer_4.9.0: AppsFlyer: first launch date: 2019-12-09_024706+0000
12-09 08:19:31.360 7429 9115 D AppsFlyer_4.9.0: didConfigureTokenRefreshService=false
12-09 08:19:31.361 7429 9116 I AppsFlyer_4.9.0: IMEI was not collected.
12-09 08:19:31.359 7429 8199 D com.disha.quickride.androidapp.usermgmt.profile.ProfileUpdateListener: Processing of new message
12-09 08:19:31.359 7429 8199 I com.disha.quickride.androidapp.usermgmt.cache.UserDataCache: storing of profile dynamic changes
12-09 08:19:31.360 7429 9115 I AppsFlyer_4.9.0: AppsFlyer: first launch date: 2019-12-09_024706+0000
12-09 08:19:31.360 7429 9115 D AppsFlyer_4.9.0: didConfigureTokenRefreshService=false
12-09 08:19:31.361 7429 9116 I AppsFlyer_4.9.0: IMEI was not collected.
12-09 08:19:31.362 7429 9116 I AppsFlyer_4.9.0: Android ID was not collected.
12-09 08:19:31.362 7429 9116 I AppsFlyer_4.9.0: Android ID was not collected.
12-09 08:19:31.363 7429 9115 I AppsFlyer_4.9.0: AppsFlyerLib.sendTrackingWithEvent
