01-27 16:15:13.120 15461 15461 I com.disha.quickride.androidapp.usermgmt.profile.ProfileDisplayFragment: retrieving of user image data for displaying in profile
01-27 16:15:13.148 15461 15461 D OnePlusJankManager: Chor uploadMDM JANK_TYPE_ONCE mViewTitle = com.disha.quickride/com.disha.quickride.androidapp.usermgmt.profile.ProfileDisplayF ragmentActivity--- jank level = 1
01-27 16:15:13.148 15461 15461 D OnePlusJankManager: Chor uploadMDM JANK_TYPE_ONCE mViewTitle = com.disha.quickride/com.disha.quickride.androidapp.usermgmt.profile.ProfileDisplayF ragmentActivity--- jank level = 1
01-27 16:15:13.152 15461 15461 D OnePlusJankManager: Chor uploadMDM JANK_TYPE_ONCE mViewTitle = com.disha.quickride/com.disha.quickride.androidapp.usermgmt.profile.ProfileDisplayF ragmentActivity--- jank level = 2
01-27 16:15:13.152 15461 15461 D OnePlusJankManager: Chor uploadMDM JANK_TYPE_ONCE mViewTitle = com.disha.quickride/com.disha.quickride.androidapp.usermgmt.profile.ProfileDisplayF ragmentActivity--- jank level = 2
01-27 16:15:13.154 15461 15461 I com.disha.quickride.androidapp.usermgmt.profile.ProfileDisplayBaseFragment: retrieving of profile verification data for profile display
01-27 16:15:13.154 15461 15461 I com.disha.quickride.androidapp.usermgmt.cache.UserDataCache: getting of user profile
01-27 16:15:13.154 15461 15461 I com.disha.quickride.androidapp.usermgmt.profile.ProfileDisplayBaseFragment: retrieving of profile verification data for profile display
01-27 16:15:13.154 15461 15461 I com.disha.quickride.androidapp.usermgmt.profile.ProfileDisplayBaseFragment: retrieving of profile verification data for profile display
01-27 16:15:13.154 15461 15461 I com.disha.quickride.androidapp.usermgmt.cache.UserDataCache: getting of user profile
01-27 16:15:13.154 15461 15461 I com.disha.quickride.androidapp.usermgmt.cache.UserDataCache: getting of user profile
01-27 16:15:13.154 15461 15461 I com.disha.quickride.androidapp.usermgmt.profile.ProfileDisplayBaseFragment: retrieving of profile verification data for profile display
01-27 16:15:13.154 15461 15461 I com.disha.quickride.androidapp.usermgmt.cache.UserDataCache: getting of user profile
01-27 16:15:13.155 15461 16911 I com.disha.quickride.androidapp.usermgmt.profile.UserProfileRetrievalAsyncTask: User Profile Retrieval
01-27 16:15:13.155 15461 16911 I com.disha.quickride.androidapp.usermgmt.profile.UserProfileRetrievalAsyncTask: User Profile Retrieval
01-27 16:15:13.155 15461 15600 I com.disha.quickride.androidapp.usermgmt.profile.UserProfileRetrievalAsyncTask: User Profile Retrieval
01-27 16:15:13.155 15461 15600 I com.disha.quickride.androidapp.usermgmt.profile.UserProfileRetrievalAsyncTask: User Profile Retrieval
01-27 16:15:13.171 15461 15476 W System : A resource failed to call end.
01-27 16:15:13.171 15461 15476 W System : A resource failed to call end.
01-27 16:15:13.171 15461 15476 W System : A resource failed to call end.
01-27 16:15:13.171 15461 15476 W System : A resource failed to call end.
01-27 16:15:13.172 15461 16911 D com.disha.quickride.androidapp.common.AndroidRestClient.AndroidClientLogger: RestClient.callService with httpRequestMethod = GET
01-27 16:15:13.172 15461 16911 D com.disha.quickride.androidapp.common.AndroidRestClient.AndroidClientLogger: RestClient.callService with httpRequestMethod = GET
01-27 16:15:13.174 15461 15600 D com.disha.quickride.androidapp.common.AndroidRestClient.AndroidClientLogger: RestClient.callService with httpRequestMethod = GET
01-27 16:15:13.180 15461 19243 I AppsFlyer_4.9.0: ******* sendTrackingWithEvent: viewedOtherUSerProfile
01-27 16:15:13.174 15461 15600 D com.disha.quickride.androidapp.common.AndroidRestClient.AndroidClientLogger: RestClient.callService with httpRequestMethod = GET
01-27 16:15:13.180 15461 19243 I AppsFlyer_4.9.0: ******* sendTrackingWithEvent: viewedOtherUSerProfile
01-27 16:15:13.186 15461 15461 D com.disha.quickride.androidapp.BaseQuickRideMenuFragment: onSaveInstanceState
01-27 16:15:13.187 15461 15461 D com.disha.quickride.androidapp.ridemgmt.RideCreationFirstStepBaseFragment: onSaveInstanceState in FindRideAndOfferRideFragment{138f59e (3672a87f-a54c-4a90- aa6d-059e3b58ed01) id=0x7f0a02f1}[startAddress = , startLatitude = 0.0, startLongitude = 0.0, endAddress = null, endLatitude = 0.0, endLongitude = 0.0, startTime = Mon Jan 27 16:13:10 GMT+05:30 2020, rideType = Passenger, userVehicle = [id: 0 ][ownerid: 80505609211004 ][model: Hatch Back ][regno: null ][capacity: 4 ] [fare: 4.0 ][imageURI: null ][makeAndCategory: null ][additionalFacilities: null ] [vehicleType: Car ][riderHasHelmet: true ], selectedSeats = 1, appliedPromoCode = null, reuseExistingData = false]
01-27 16:15:13.186 15461 15461 D com.disha.quickride.androidapp.BaseQuickRideMenuFragment: onSaveInstanceState
01-27 16:15:13.187 15461 15461 D com.disha.quickride.androidapp.ridemgmt.RideCreationFirstStepBaseFragment: onSaveInstanceState in FindRideAndOfferRideFragment{138f59e (3672a87f-a54c-4a90- aa6d-059e3b58ed01) id=0x7f0a02f1}[startAddress = , startLatitude = 0.0, startLongitude = 0.0, endAddress = null, endLatitude = 0.0, endLongitude = 0.0, startTime = Mon Jan 27 16:13:10 GMT+05:30 2020, rideType = Passenger, userVehicle = [id: 0 ][ownerid: 80505609211004 ][model: Hatch Back ][regno: null ][capacity: 4 ] [fare: 4.0 ][imageURI: null ][makeAndCategory: null ][additionalFacilities: null ] [vehicleType: Car ][riderHasHelmet: true ], selectedSeats = 1, appliedPromoCode = null, reuseExistingData = false]
01-27 16:15:13.237 15461 19243 I AppsFlyer_4.9.0: IMEI was not collected.
01-27 16:15:13.237 15461 19243 I AppsFlyer_4.9.0: IMEI was not collected.
01-27 16:15:13.239 15461 19243 I AppsFlyer_4.9.0: Android ID was not collected.
01-27 16:15:13.239 15461 19243 I AppsFlyer_4.9.0: Android ID was not collected.
01-27 16:15:13.246 15461 19243 I AppsFlyer_4.9.0: AppsFlyer: first launch date: 2020-01-27_103941+0000
01-27 16:15:13.246 15461 19243 I AppsFlyer_4.9.0: AppsFlyer: first launch date: 2020-01-27_103941+0000
01-27 16:15:13.247 15461 19243 D AppsFlyer_4.9.0: didConfigureTokenRefreshService=false
01-27 16:15:13.247 15461 19243 D AppsFlyer_4.9.0: didConfigureTokenRefreshService=false
01-27 16:15:13.250 15461 19243 I AppsFlyer_4.9.0: AppsFlyerLib.sendTrackingWithEvent
01-27 16:15:13.250 15461 19243 I AppsFlyer_4.9.0: AppsFlyerLib.sendTrackingWithEvent
01-27 16:15:13.253 15461 19243 I AppsFlyer_4.9.0: url: https://events.appsflyer.com/api/v4/androidevent? buildnumber=4.9.0&app_id=com.disha.quickride
01-27 16:15:13.253 15461 19243 I AppsFlyer_4.9.0: url: https://events.appsflyer.com/api/v4/androidevent? buildnumber=4.9.0&app_id=com.disha.quickride
01-27 16:15:13.253 15461 19243 I AppsFlyer_4.9.0: data: {"country":"","af_timestamp":"1580121913153","appsflyerKey":"s********************m ","af_events_api":"1","isFirstCall":"false","registeredUninstall":true,"operator":" airtel","network":"MOBILE","af_v2":"dfb3421e083014b407756c0ddf9a432b368fafff","uid" :"1580121578867- 3762180197533250658","eventValue":"{\"userId\":\"80505609211004\"}","isGaidWithGps" :"true","lang_code":"en","installDate":"2020-01- 27_103818+0000","app_version_code":"392","firstLaunchDate":"2020-01- 27_103941+0000","ivc":false,"eventName":"viewedOtherUSerProfile","model":"GM1901"," lang":"English","brand":"OnePlus","deviceType":"user","product":"OnePlus7","deviceD ata":{"cpu_abi":"arm64-v8a","build_display_id":"GM1901_14_191007","dim": {"size":"2","ydp":"409.903","xdp":"403.411","y_px":"2134","x_px":"1080","d_dpi":"42 0"},"arch":"","cpu_abi2":""},"installer_package":"com.android.vending","date2":"202 0-01-27_103818+0000","counter":"6","date1":"2020-01- 27_103818+0000","advertiserId":"faffb339-3913-4b71-a9e8- 48eaac69539f","advertiserIdEnabled":"true","referrer":"utm_source=(not %20set)&utm_medium=(not %20set)","af_v":"41da02b11400dd4281e1e1ac4bfedf050d8c459a","carrier":"airtel","kef4 e62":"2f9af4d7184ed26a48181c120c531a0d5918180d5a1f1e","af_preinstalled":"false","ia ecounter":"14","tokenRefreshConfigured":false,"af_gcm_token":"eguMVjeN_q0:APA91bGCu 6T_3PfNJncyQzww1FvV08zhdoJjCGXzznTp9j_tUNXOcDg_-- kv1gul2gmReQmo1AG1QxQvRhC9stl0GmJIaXtw2oMYaAVennaacfYVjZag2MxrV6AO90ETnL02B2b4FFVC" ,"sdk":"29","fb":"d97bfaf6-0352-4a71-bae0- 9aa184401bdb","app_version_name":"9.42","device":"OnePlus7","prev_event":"{\"prev_e vent_timestamp\":\"1580121906992\",\"prev_event_value\":\"{\\\"userId\\\":\\\"80505 609211004\\\"}\",\"prev_event_name\":\"viewedOtherUSerProfile\"}","platformextensio n":"android_native","cksm_v1":"e282a792805fd1c9cfde3af743d18ffb90"}
01-27 16:15:13.253 15461 19243 I AppsFlyer_4.9.0: data: {"country":"","af_timestamp":"1580121913153","appsflyerKey":"s********************m ","af_events_api":"1","isFirstCall":"false","registeredUninstall":true,"operator":" airtel","network":"MOBILE","af_v2":"dfb3421e083014b407756c0ddf9a432b368fafff","uid" :"1580121578867- 3762180197533250658","eventValue":"{\"userId\":\"80505609211004\"}","isGaidWithGps" :"true","lang_code":"en","installDate":"2020-01- 27_103818+0000","app_version_code":"392","firstLaunchDate":"2020-01- 27_103941+0000","ivc":false,"eventName":"viewedOtherUSerProfile","model":"GM1901"," lang":"English","brand":"OnePlus","deviceType":"user","product":"OnePlus7","deviceD ata":{"cpu_abi":"arm64-v8a","build_display_id":"GM1901_14_191007","dim": {"size":"2","ydp":"409.903","xdp":"403.411","y_px":"2134","x_px":"1080","d_dpi":"42 0"},"arch":"","cpu_abi2":""},"installer_package":"com.android.vending","date2":"202 0-01-27_103818+0000","counter":"6","date1":"2020-01- 27_103818+0000","advertiserId":"faffb339-3913-4b71-a9e8- 48eaac69539f","advertiserIdEnabled":"true","referrer":"utm_source=(not %20set)&utm_medium=(not %20set)","af_v":"41da02b11400dd4281e1e1ac4bfedf050d8c459a","carrier":"airtel","kef4 e62":"2f9af4d7184ed26a48181c120c531a0d5918180d5a1f1e","af_preinstalled":"false","ia ecounter":"14","tokenRefreshConfigured":false,"af_gcm_token":"eguMVjeN_q0:APA91bGCu 6T_3PfNJncyQzww1FvV08zhdoJjCGXzznTp9j_tUNXOcDg_-- kv1gul2gmReQmo1AG1QxQvRhC9stl0GmJIaXtw2oMYaAVennaacfYVjZag2MxrV6AO90ETnL02B2b4FFVC" ,"sdk":"29","fb":"d97bfaf6-0352-4a71-bae0- 9aa184401bdb","app_version_name":"9.42","device":"OnePlus7","prev_event":"{\"prev_e vent_timestamp\":\"1580121906992\",\"prev_event_value\":\"{\\\"userId\\\":\\\"80505 609211004\\\"}\",\"prev_event_name\":\"viewedOtherUSerProfile\"}","platformextensio n":"android_native","cksm_v1":"e282a792805fd1c9cfde3af743d18ffb90"}
01-27 16:15:13.281 15461 15600 D com.disha.quickride.androidapp.common.AndroidRestClient.AndroidClientLogger: RestClient.callService response code : 200
01-27 16:15:13.281 15461 15600 D com.disha.quickride.androidapp.common.AndroidRestClient.AndroidClientLogger: RestClient.callService response code : 200
01-27 16:15:13.285 15461 15461 I com.disha.quickride.androidapp.usermgmt.profile.ProfileDisplayBaseFragment: getting user profile for profile display activity
01-27 16:15:13.285 15461 15461 I com.disha.quickride.androidapp.usermgmt.profile.ProfileDisplayBaseFragment: getting user profile for profile display activity
01-27 16:15:13.286 15461 15461 I com.disha.quickride.androidapp.usermgmt.profile.ProfileDisplayBaseFragment: Displaying profession details
01-27 16:15:13.286 15461 15461 I com.disha.quickride.androidapp.usermgmt.profile.ProfileDisplayBaseFragment: Displaying profession details
01-27 16:15:13.286 15461 15461 I com.disha.quickride.androidapp.usermgmt.profile.ProfileDisplayFragment: displaying of verification status
01-27 16:15:13.286 15461 15461 I com.disha.quickride.androidapp.usermgmt.profile.ProfileDisplayFragment: displaying of verification status
01-27 16:15:13.286 15461 15461 I com.disha.quickride.androidapp.usermgmt.profile.ProfileDisplayFragment: Displaying of total rides count
01-27 16:15:13.286 15461 15461 I com.disha.quickride.androidapp.usermgmt.profile.ProfileDisplayFragment: Displaying of total rides count
01-27 16:15:13.287 15461 15461 I com.disha.quickride.androidapp.usermgmt.profile.ProfileDisplayFragment: Displaying of user rating
01-27 16:15:13.287 15461 15461 I com.disha.quickride.androidapp.usermgmt.profile.ProfileDisplayFragment: Displaying of user rating
01-27 16:15:13.287 15461 15461 I com.disha.quickride.androidapp.usermgmt.profile.ProfileDisplayFragment: Displaying of user onTime
01-27 16:15:13.287 15461 15461 I com.disha.quickride.androidapp.usermgmt.profile.ProfileDisplayFragment: Displaying of user onTime
01-27 16:15:13.287 15461 15461 I com.disha.quickride.androidapp.usermgmt.profile.ProfileDisplayFragment: Displaying social networks if configured
01-27 16:15:13.287 15461 15461 I com.disha.quickride.androidapp.usermgmt.profile.ProfileDisplayFragment: Displaying social networks if configured
01-27 16:15:13.288 15461 15461 I com.disha.quickride.androidapp.usermgmt.profile.ProfileDisplayFragment: retrieving of user image data for displaying in profile
01-27 16:15:13.288 15461 15461 I com.disha.quickride.androidapp.usermgmt.profile.ProfileDisplayFragment: retrieving of user image data for displaying in profile
01-27 16:15:13.293 15461 16911 D com.disha.quickride.androidapp.common.AndroidRestClient.AndroidClientLogger: RestClient.callService response code : 200
01-27 16:15:13.293 15461 16911 D com.disha.quickride.androidapp.common.AndroidRestClient.AndroidClientLogger: RestClient.callService response code : 200
01-27 16:15:13.310 15461 15461 I com.disha.quickride.androidapp.usermgmt.profile.ProfileDisplayBaseFragment: getting user profile for profile display activity
01-27 16:15:13.310 15461 15461 I com.disha.quickride.androidapp.usermgmt.profile.ProfileDisplayBaseFragment: getting user profile for profile display activity
01-27 16:15:13.310 15461 15461 I com.disha.quickride.androidapp.usermgmt.profile.ProfileDisplayBaseFragment: Displaying profession details
01-27 16:15:13.310 15461 15461 I com.disha.quickride.androidapp.usermgmt.profile.ProfileDisplayBaseFragment: Displaying profession details
01-27 16:15:13.310 15461 15461 I com.disha.quickride.androidapp.usermgmt.profile.ProfileDisplayFragment: displaying of verification status
01-27 16:15:13.310 15461 15461 I com.disha.quickride.androidapp.usermgmt.profile.ProfileDisplayFragment: displaying of verification status
01-27 16:15:13.311 15461 15461 I com.disha.quickride.androidapp.usermgmt.profile.ProfileDisplayFragment: Displaying of total rides count
01-27 16:15:13.311 15461 15461 I com.disha.quickride.androidapp.usermgmt.profile.ProfileDisplayFragment: Displaying of total rides count
01-27 16:15:13.311 15461 15461 I com.disha.quickride.androidapp.usermgmt.profile.ProfileDisplayFragment: Displaying of user rating
01-27 16:15:13.311 15461 15461 I com.disha.quickride.androidapp.usermgmt.profile.ProfileDisplayFragment: Displaying of user rating
01-27 16:15:13.311 15461 15461 I com.disha.quickride.androidapp.usermgmt.profile.ProfileDisplayFragment: Displaying of user onTime
01-27 16:15:13.311 15461 15461 I com.disha.quickride.androidapp.usermgmt.profile.ProfileDisplayFragment: Displaying of user onTime
01-27 16:15:13.312 15461 15461 I com.disha.quickride.androidapp.usermgmt.profile.ProfileDisplayFragment: Displaying social networks if configured
01-27 16:15:13.312 15461 15461 I com.disha.quickride.androidapp.usermgmt.profile.ProfileDisplayFragment: Displaying social networks if configured
01-27 16:15:13.312 15461 15461 I com.disha.quickride.androidapp.usermgmt.profile.ProfileDisplayFragment: retrieving of user image data for displaying in profile
01-27 16:15:13.312 15461 15461 I com.disha.quickride.androidapp.usermgmt.profile.ProfileDisplayFragment: retrieving of user image data for displaying in profile
01-27 16:15:13.896 15461 19243 I AppsFlyer_4.9.0: response code: 200
01-27 16:15:13.896 15461 19243 I AppsFlyer_4.9.0: response code: 200
01-27 16:15:13.897 15461 19243 D AppsFlyer_4.9.0: Uninstall Token exists: 1580121578861,eguMVjeN_q0:APA91bGCu6T_3PfNJncyQzww1FvV08zhdoJjCGXzznTp9j_tUNXOcDg_- -kv1gul2gmReQmo1AG1QxQvRhC9stl0GmJIaXtw2oMYaAVennaacfYVjZag2MxrV6AO90ETnL02B2b4FFVC
01-27 16:15:13.897 15461 19243 D AppsFlyer_4.9.0: Uninstall Token exists: 1580121578861,eguMVjeN_q0:APA91bGCu6T_3PfNJncyQzww1FvV08zhdoJjCGXzznTp9j_tUNXOcDg_- -kv1gul2gmReQmo1AG1QxQvRhC9stl0GmJIaXtw2oMYaAVennaacfYVjZag2MxrV6AO90ETnL02B2b4FFVC
01-27 16:15:18.343 15461 15461 I Surface : opservice is null false
01-27 16:15:18.343 15461 15461 I Surface : opservice is null false
01-27 16:15:23.085 15461 15461 I Surface : opservice is null false
01-27 16:15:23.085 15461 15461 I Surface : opservice is null false
01-27 16:15:29.125 15461 15478 D DecorView: onWindowFocusChangedFromViewRoot hasFocus: true, DecorView@5c082bb[ProfileDisplayFragmentActivity]
01-27 16:15:29.125 15461 15478 D DecorView: onWindowFocusChangedFromViewRoot hasFocus: true, DecorView@5c082bb[ProfileDisplayFragmentActivity]
01-27 16:15:29.867 15461 15461 E SensorManager: unregisterListenerImpl callingApp: com.disha.quickride,callingPid:15461,callingUid:10450
01-27 16:15:29.867 15461 15461 E SensorManager: unregisterListenerImpl callingApp: com.disha.quickride,callingPid:15461,callingUid:10450
01-27 16:15:30.065 15461 15461 D com.disha.quickride.androidapp.QuickRideLifecycleHandler: App is invisible
01-27 16:15:30.065 15461 15461 D com.disha.quickride.androidapp.QuickRideLifecycleHandler: App is invisible
01-27 16:15:30.416 15461 17695 I AppsFlyer_4.9.0: onBecameBackground
01-27 16:15:30.417 15461 17695 I AppsFlyer_4.9.0: callStatsBackground background call
01-27 16:15:30.417 15461 17695 I AppsFlyer_4.9.0: app went to background
01-27 16:15:30.416 15461 17695 I AppsFlyer_4.9.0: onBecameBackground
01-27 16:15:30.417 15461 17695 I AppsFlyer_4.9.0: callStatsBackground background call
01-27 16:15:30.417 15461 17695 I AppsFlyer_4.9.0: app went to background
01-27 16:15:30.420 15461 17695 D AppsFlyer_4.9.0: Stats call is disabled, ignore ...
01-27 16:15:30.420 15461 17695 D AppsFlyer_4.9.0: RD status is OFF
01-27 16:15:30.420 15461 17695 D AppsFlyer_4.9.0: Stats call is disabled, ignore ...
01-27 16:15:30.420 15461 17695 D AppsFlyer_4.9.0: RD status is OFF
01-27 16:15:30.626 15461 15461 D com.disha.quickride.androidapp.ridemgmt.RideCreationFirstStepBaseFragment: RideCreationFirstStep's view is destroyed
01-27 16:15:30.626 15461 15461 D com.disha.quickride.androidapp.ridemgmt.RideCreationFirstStepBaseFragment: RideCreationFirstStep's view is destroyed
01-27 16:15:30.649 15461 15461 E com.disha.quickride.androidapp.QuickRideBaseFragmentActivity: onDestroy failed
01-27 16:15:30.649 15461 15461 E com.disha.quickride.androidapp.QuickRideBaseFragmentActivity: java.lang.NullPointerException: Attempt to invoke virtual method 'boolean le.i()' on a null object reference
01-27 16:15:30.649 15461 15461 E com.disha.quickride.androidapp.QuickRideBaseFragmentActivity: at ky.performDetach(SourceFile:2849)
01-27 16:15:30.649 15461 15461 E com.disha.quickride.androidapp.QuickRideBaseFragmentActivity: at le.a(SourceFile:1034)
01-27 16:15:30.649 15461 15461 E com.disha.quickride.androidapp.QuickRideBaseFragmentActivity: at le.k(SourceFile:1238)
01-27 16:15:30.649 15461 15461 E com.disha.quickride.androidapp.QuickRideBaseFragmentActivity: at le.a(SourceFile:1303)
01-27 16:15:30.649 15461 15461 E com.disha.quickride.androidapp.QuickRideBaseFragmentActivity: at le.e(SourceFile:2659)
01-27 16:15:30.649 15461 15461 E com.disha.quickride.androidapp.QuickRideBaseFragmentActivity: at le.y(SourceFile:2644)
01-27 16:15:30.649 15461 15461 E com.disha.quickride.androidapp.QuickRideBaseFragmentActivity: at ky.performDestroy(SourceFile:2825)
01-27 16:15:30.649 15461 15461 E com.disha.quickride.androidapp.QuickRideBaseFragmentActivity: at le.a(SourceFile:1028)
01-27 16:15:30.649 15461 15461 E com.disha.quickride.androidapp.QuickRideBaseFragmentActivity: at le.k(SourceFile:1238)
01-27 16:15:30.649 15461 15461 E com.disha.quickride.androidapp.QuickRideBaseFragmentActivity: at le.a(SourceFile:1303)
01-27 16:15:30.649 15461 15461 E com.disha.quickride.androidapp.QuickRideBaseFragmentActivity: at le.e(SourceFile:2659)
01-27 16:15:30.649 15461 15461 E com.disha.quickride.androidapp.QuickRideBaseFragmentActivity: at le.y(SourceFile:2644)
01-27 16:15:30.649 15461 15461 E com.disha.quickride.androidapp.QuickRideBaseFragmentActivity: at la.j(SourceFile:329)
01-27 16:15:30.649 15461 15461 E com.disha.quickride.androidapp.QuickRideBaseFragmentActivity: at androidx.fragment.app.FragmentActivity.onDestroy(SourceFile:366)
01-27 16:15:30.649 15461 15461 E com.disha.quickride.androidapp.QuickRideBaseFragmentActivity: at androidx.appcompat.app.AppCompatActivity.onDestroy(SourceFile:233)
01-27 16:15:30.649 15461 15461 E com.disha.quickride.androidapp.QuickRideBaseFragmentActivity: at com.disha.quickride.androidapp.QuickRideBaseFragmentActivity.onDestroy(SourceFile:1 02)
01-27 16:15:30.649 15461 15461 E com.disha.quickride.androidapp.QuickRideBaseFragmentActivity: at android.app.Activity.performDestroy(Activity.java:8073)
01-27 16:15:30.649 15461 15461 E com.disha.quickride.androidapp.QuickRideBaseFragmentActivity: at android.app.Instrumentation.callActivityOnDestroy(Instrumentation.java:1353)
01-27 16:15:30.649 15461 15461 E com.disha.quickride.androidapp.QuickRideBaseFragmentActivity: at android.app.ActivityThread.performDestroyActivity(ActivityThread.java:5043)
01-27 16:15:30.649 15461 15461 E com.disha.quickride.androidapp.QuickRideBaseFragmentActivity: at android.app.ActivityThread.handleDestroyActivity(ActivityThread.java:5087)
01-27 16:15:30.649 15461 15461 E com.disha.quickride.androidapp.QuickRideBaseFragmentActivity: at android.app.servertransaction.DestroyActivityItem.execute(DestroyActivityItem.java: 44)
01-27 16:15:30.649 15461 15461 E com.disha.quickride.androidapp.QuickRideBaseFragmentActivity: at android.app.servertransaction.TransactionExecutor.executeLifecycleState(Transaction Executor.java:176)
01-27 16:15:30.649 15461 15461 E com.disha.quickride.androidapp.QuickRideBaseFragmentActivity: at android.app.servertransaction.TransactionExecutor.execute(TransactionExecutor.java: 97)
01-27 16:15:30.649 15461 15461 E com.disha.quickride.androidapp.QuickRideBaseFragmentActivity: at android.app.ActivityThread$H.handleMessage(ActivityThread.java:2109)
01-27 16:15:30.649 15461 15461 E com.disha.quickride.androidapp.QuickRideBaseFragmentActivity: at android.os.Handler.dispatchMessage(Handler.java:107)
01-27 16:15:30.649 15461 15461 E com.disha.quickride.androidapp.QuickRideBaseFragmentActivity: at android.os.Looper.loop(Looper.java:214)
01-27 16:15:30.649 15461 15461 E com.disha.quickride.androidapp.QuickRideBaseFragmentActivity: at android.app.ActivityThread.main(ActivityThread.java:7682)
01-27 16:15:30.649 15461 15461 E com.disha.quickride.androidapp.QuickRideBaseFragmentActivity: at java.lang.reflect.Method.invoke(Native Method)
01-27 16:15:30.649 15461 15461 E com.disha.quickride.androidapp.QuickRideBaseFragmentActivity: at com.android.internal.os.RuntimeInit$MethodAndArgsCaller.run(RuntimeInit.java:516)
01-27 16:15:30.649 15461 15461 E com.disha.quickride.androidapp.QuickRideBaseFragmentActivity: at com.android.internal.os.ZygoteInit.main(ZygoteInit.java:950)
01-27 16:15:30.649 15461 15461 E com.disha.quickride.androidapp.QuickRideBaseFragmentActivity: onDestroy failed
01-27 16:15:30.649 15461 15461 E com.disha.quickride.androidapp.QuickRideBaseFragmentActivity: java.lang.NullPointerException: Attempt to invoke virtual method 'boolean le.i()' on a null object reference
01-27 16:15:30.649 15461 15461 E com.disha.quickride.androidapp.QuickRideBaseFragmentActivity: at ky.performDetach(SourceFile:2849)
01-27 16:15:30.649 15461 15461 E com.disha.quickride.androidapp.QuickRideBaseFragmentActivity: at le.a(SourceFile:1034)
01-27 16:15:30.649 15461 15461 E com.disha.quickride.androidapp.QuickRideBaseFragmentActivity: at le.k(SourceFile:1238)
01-27 16:15:30.649 15461 15461 E com.disha.quickride.androidapp.QuickRideBaseFragmentActivity: at le.a(SourceFile:1303)
01-27 16:15:30.649 15461 15461 E com.disha.quickride.androidapp.QuickRideBaseFragmentActivity: at le.e(SourceFile:2659)
01-27 16:15:30.649 15461 15461 E com.disha.quickride.androidapp.QuickRideBaseFragmentActivity: at le.y(SourceFile:2644)
01-27 16:15:30.649 15461 15461 E com.disha.quickride.androidapp.QuickRideBaseFragmentActivity: at ky.performDestroy(SourceFile:2825)
01-27 16:15:30.649 15461 15461 E com.disha.quickride.androidapp.QuickRideBaseFragmentActivity: at le.a(SourceFile:1028)
01-27 16:15:30.649 15461 15461 E com.disha.quickride.androidapp.QuickRideBaseFragmentActivity: at le.k(SourceFile:1238)
01-27 16:15:30.649 15461 15461 E com.disha.quickride.androidapp.QuickRideBaseFragmentActivity: at le.a(SourceFile:1303)
01-27 16:15:30.649 15461 15461 E com.disha.quickride.androidapp.QuickRideBaseFragmentActivity: at le.e(SourceFile:2659)
01-27 16:15:30.649 15461 15461 E com.disha.quickride.androidapp.QuickRideBaseFragmentActivity: at le.y(SourceFile:2644)
01-27 16:15:30.649 15461 15461 E com.disha.quickride.androidapp.QuickRideBaseFragmentActivity: at la.j(SourceFile:329)
01-27 16:15:30.649 15461 15461 E com.disha.quickride.androidapp.QuickRideBaseFragmentActivity: at androidx.fragment.app.FragmentActivity.onDestroy(SourceFile:366)
01-27 16:15:30.649 15461 15461 E com.disha.quickride.androidapp.QuickRideBaseFragmentActivity: at androidx.appcompat.app.AppCompatActivity.onDestroy(SourceFile:233)
01-27 16:15:30.649 15461 15461 E com.disha.quickride.androidapp.QuickRideBaseFragmentActivity: at com.disha.quickride.androidapp.QuickRideBaseFragmentActivity.onDestroy(SourceFile:1 02)
01-27 16:15:30.649 15461 15461 E com.disha.quickride.androidapp.QuickRideBaseFragmentActivity: at android.app.Activity.performDestroy(Activity.java:8073)
01-27 16:15:30.649 15461 15461 E com.disha.quickride.androidapp.QuickRideBaseFragmentActivity: at android.app.Instrumentation.callActivityOnDestroy(Instrumentation.java:1353)
01-27 16:15:30.649 15461 15461 E com.disha.quickride.androidapp.QuickRideBaseFragmentActivity: at android.app.ActivityThread.performDestroyActivity(ActivityThread.java:5043)
01-27 16:15:30.649 15461 15461 E com.disha.quickride.androidapp.QuickRideBaseFragmentActivity: at android.app.ActivityThread.handleDestroyActivity(ActivityThread.java:5087)
01-27 16:15:30.649 15461 15461 E com.disha.quickride.androidapp.QuickRideBaseFragmentActivity: at android.app.servertransaction.DestroyActivityItem.execute(DestroyActivityItem.java: 44)
01-27 16:15:30.649 15461 15461 E com.disha.quickride.androidapp.QuickRideBaseFragmentActivity: at android.app.servertransaction.TransactionExecutor.executeLifecycleState(Transaction Executor.java:176)
01-27 16:15:30.649 15461 15461 E com.disha.quickride.androidapp.QuickRideBaseFragmentActivity: at android.app.servertransaction.TransactionExecutor.execute(TransactionExecutor.java: 97)
01-27 16:15:30.649 15461 15461 E com.disha.quickride.androidapp.QuickRideBaseFragmentActivity: at android.app.ActivityThread$H.handleMessage(ActivityThread.java:2109)
01-27 16:15:30.649 15461 15461 E com.disha.quickride.androidapp.QuickRideBaseFragmentActivity: at android.os.Handler.dispatchMessage(Handler.java:107)
01-27 16:15:30.649 15461 15461 E com.disha.quickride.androidapp.QuickRideBaseFragmentActivity: at android.os.Looper.loop(Looper.java:214)
01-27 16:15:30.649 15461 15461 E com.disha.quickride.androidapp.QuickRideBaseFragmentActivity: at android.app.ActivityThread.main(ActivityThread.java:7682)
01-27 16:15:30.649 15461 15461 E com.disha.quickride.androidapp.QuickRideBaseFragmentActivity: at java.lang.reflect.Method.invoke(Native Method)
01-27 16:15:30.649 15461 15461 E com.disha.quickride.androidapp.QuickRideBaseFragmentActivity: at com.android.internal.os.RuntimeInit$MethodAndArgsCaller.run(RuntimeInit.java:516)
01-27 16:15:30.649 15461 15461 E com.disha.quickride.androidapp.QuickRideBaseFragmentActivity: at com.android.internal.os.ZygoteInit.main(ZygoteInit.java:950)
01-27 16:15:30.751 15461 15461 D com.disha.quickride.androidapp.QuickRideLifecycleHandler: App is closed by the user
01-27 16:15:30.751 15461 15461 D com.disha.quickride.androidapp.QuickRideLifecycleHandler: App is closed by the user
01-27 16:15:30.756 15461 15461 D OnePlusJankManager: Chor uploadMDM JANK_TYPE_ONCE mViewTitle = com.disha.quickride/com.disha.quickride.androidapp.usermgmt.profile.ProfileDisplayF ragmentActivity--- jank level = 1
01-27 16:15:30.756 15461 15461 D OnePlusJankManager: Chor uploadMDM JANK_TYPE_ONCE mViewTitle = com.disha.quickride/com.disha.quickride.androidapp.usermgmt.profile.ProfileDisplayF ragmentActivity--- jank level = 1 --------- beginning of main
01-27 16:54:23.674 11317 11317 E disha.quickrid: Not starting debugger since process cannot load the jdwp agent.
01-27 16:54:23.740 11317 11317 I disha.quickrid: The ClassLoaderContext is a special shared library.
01-27 16:54:23.809 11317 11317 W disha.quickrid: JIT profile information will not be recorded: profile file does not exits.
01-27 16:54:23.809 11317 11317 W disha.quickrid: JIT profile information will not be recorded: profile file does not exits.
01-27 16:54:23.823 11317 11317 I Perf : Connecting to perf service.
01-27 16:54:23.833 11317 11317 D com.disha.quickride.androidapp.startup.QuickRideApplication: QuickRideApplication is instantiated
01-27 16:54:23.834 11317 11317 I MultiDex: VM with version 2.1.0 has multidex support
01-27 16:54:23.835 11317 11317 I MultiDex: Installing application
01-27 16:54:23.835 11317 11317 I MultiDex: VM has multidex support, MultiDex support library is disabled.
01-27 16:54:23.835 11317 11317 I MultiDex: Installing application
01-27 16:54:23.835 11317 11317 I MultiDex: VM has multidex support, MultiDex support library is disabled.
01-27 16:54:23.915 11317 11317 I FirebaseInitProvider: FirebaseApp initialization successful
01-27 16:54:23.919 11317 11317 I CrashlyticsInitProvider: CrashlyticsInitProvider skipping initialization
01-27 16:54:24.013 11317 11317 E Apxor : App Id is empty or null, couldn't initialize ApxorSDK
01-27 16:54:24.021 11317 11317 D com.disha.quickride.androidapp.startup.QuickRideApplication: QuickRideApplication is created
01-27 16:54:24.021 11317 11317 V Font : Change font:1
01-27 16:54:24.021 11317 11317 V Font : Default family:android.graphics.Typeface@3324ec54
01-27 16:54:24.022 11317 11317 D com.disha.quickride.androidapp.startup.QuickRideApplication: enabled https protocols null
01-27 16:54:24.025 11317 11361 I FA : App measurement is starting up, version: 15300
01-27 16:54:24.025 11317 11361 I FA : To enable debug logging run: adb shell setprop log.tag.FA VERBOSE
01-27 16:54:24.041 11317 11361 I FA : To enable faster debug mode event logging run:
01-27 16:54:24.041 11317 11361 I FA : adb shell setprop debug.firebase.analytics.app com.disha.quickride
01-27 16:54:24.054 11317 11364 D NetworkSecurityConfig: No Network Security Config specified, using platform default
01-27 16:54:24.057 11317 11364 I DpmTcmClient: RegisterTcmMonitor from: $Proxy0
01-27 16:54:24.189 11317 11392 I CrashlyticsCore: Initializing Crashlytics 2.6.8.32
01-27 16:54:24.221 11317 11392 W com.facebook.appevents.AppEventsLogger: activateApp events are being logged automatically. There's no need to call activateApp explicitly, this is safe to remove.
01-27 16:54:24.238 11317 11392 I GAv4 : Google Analytics 12.4.51 is starting up. To enable debug logging on a device run:
01-27 16:54:24.238 11317 11392 I GAv4 : adb shell setprop log.tag.GAv4 DEBUG
01-27 16:54:24.238 11317 11392 I GAv4 : adb logcat -s GAv4
01-27 16:54:24.308 11317 11317 E a : Value of SMT_USE_AD_ID : null
01-27 16:54:24.309 11317 11317 D NetcoreSDK: readConfig: null
01-27 16:54:24.378 11317 11317 I CleverTap: Activity Lifecycle Callback successfully registered
01-27 16:54:24.380 11317 11317 I CleverTap: Account Region not specified in the AndroidManifest - using default region
01-27 16:54:24.466 11317 11317 I CleverTap: CleverTap SDK initialized with accountId: 677-74Z-765Z accountToken: 14a-aa6 accountRegion: null
01-27 16:54:24.476 11317 11317 W Adjust : PRODUCTION: Adjust is running in Production mode. Use this setting only for the build that you want to publish. Set the environment to `sandbox` if you want to test your app!
01-27 16:54:24.477 11317 11317 W Adjust : PRODUCTION: Adjust is running in Production mode. Use this setting only for the build that you want to publish. Set the environment to `sandbox` if you want to test your app!
01-27 16:54:24.484 11317 11507 I CleverTap: SDK Version Code is 30501
01-27 16:54:24.486 11317 11507 I CleverTap: CTPushNotificationReceiver is present
01-27 16:54:24.488 11317 11507 I CleverTap: InstallReferrerBroadcastReceiver is present
01-27 16:54:24.489 11317 11507 I CleverTap: CTNotificationIntentService not present
01-27 16:54:24.491 11317 11507 I CleverTap: CTBackgroundJobService is present
01-27 16:54:24.492 11317 11507 I CleverTap: CTBackgroundIntentService is present
01-27 16:54:24.498 11317 11507 I CleverTap: InAppNotificationActivity is present
01-27 16:54:24.499 11317 11507 I CleverTap: FcmMessageListenerService not present
01-27 16:54:24.501 11317 11507 I CleverTap: FcmTokenListenerService not present
01-27 16:54:24.517 11317 11317 D com.disha.quickride.androidapp.startup.QuickRideApplication: Initializing Session Manager
01-27 16:54:24.530 11317 11521 D com.disha.quickride.androidapp.startup.session.SessionManagerController: Resuming user session
01-27 16:54:24.530 11317 11521 D com.disha.quickride.androidapp.startup.session.SessionManager: Entering createNewSessionManager
01-27 16:54:24.530 11317 11521 D com.disha.quickride.androidapp.startup.session.SessionManager: Found Persistent session for user 80505609211004
01-27 16:54:24.536 11317 11521 D com.disha.quickride.androidapp.startup.session.SessionManager: Entering onResumeUserSession
01-27 16:54:24.537 11317 11521 D com.disha.quickride.androidapp.startup.session.SessionManager: Performing session change operation on com.disha.quickride.androidapp.common.serverConfig.ClientConfigurationModuleSession Manager@8446ae1
01-27 16:54:24.544 11317 11521 D com.disha.quickride.androidapp.common.serverConfig.ClientConfigurationModuleSession Manager: Resuming basic user session
01-27 16:54:24.640 11317 11367 W DynamiteModule: Local module descriptor class for providerinstaller not found.
01-27 16:54:24.646 11317 11522 E Perf : Fail to get file list WizRocket.xml.bak
01-27 16:54:24.647 11317 11522 E Perf : getFolderSize() : Exception_1 = java.lang.NullPointerException: Attempt to get length of null array
01-27 16:54:24.654 11317 11507 I CleverTap:677-74Z-765Z: Notification channel promopush has been created
01-27 16:54:24.656 11317 11507 I CleverTap:677-74Z-765Z: Notification channel offerspush has been created
01-27 16:54:24.658 11317 11507 I CleverTap:677-74Z-765Z: Notification channel notifypush has been created
01-27 16:54:24.675 11317 11546 D SlaveNetworkWorker: not matched:
01-27 16:54:24.675 11317 11522 E Perf : Fail to get file list com.disha.quickride
01-27 16:54:24.676 11317 11522 E Perf : getFolderSize() : Exception_1 = java.lang.NullPointerException: Attempt to get length of null array
01-27 16:54:24.682 11317 11522 E Perf : Fail to get file list oat
01-27 16:54:24.682 11317 11522 E Perf : getFolderSize() : Exception_1 = java.lang.NullPointerException: Attempt to get length of null array
01-27 16:54:24.702 11317 11521 W Java7Support: Unable to load JDK7 types (annotations, java.nio.file.Path): no Java7 support added
01-27 16:54:24.732 11317 11521 D com.disha.quickride.androidapp.startup.session.SessionManager: Performing session change operation on com.disha.quickride.androidapp.usermgmt.UserModuleSessionManager@5e84702
01-27 16:54:24.732 11317 11521 D com.disha.quickride.androidapp.usermgmt.UserModuleSessionManager: Resume basic user session
01-27 16:54:24.820 11317 11392 D AppsFlyer_4.9.0: Initializing AppsFlyer SDK: (v4.9.0.184)
01-27 16:54:24.821 11317 11392 D AppsFlyer_4.9.0: Done loading properties: true
01-27 16:54:24.926 11317 11367 I DynamiteModule: Considering local module providerinstaller:0 and remote module providerinstaller:0
01-27 16:54:24.926 11317 11367 W ProviderInstaller: Failed to load providerinstaller module: No acceptable module found. Local version is 0 and remote version is 0.
01-27 16:54:24.950 11317 11546 I WebViewFactory: Loading com.google.android.webview version 74.0.3729.157 (code 373015758)
01-27 16:54:24.976 11317 11367 I disha.quickrid: The ClassLoaderContext is a special shared library.
01-27 16:54:24.983 11317 11574 D com.disha.quickride.androidapp.notification.QuickRideGCMIntentService: New GCM message received : {wzrk_acct_id=677-74Z-765Z, wzrk_acts=[{"l":"Ride Now","dl":"quickride://newride","id":"1","ico":""}], nm=Monday Traffic is Back!!
01-27 16:54:24.983 11317 11574 D com.disha.quickride.androidapp.notification.QuickRideGCMIntentService: Ride back home with a new friend or your favourite Quick Riders today , nt=Don't get stuck in traffic alone �, pr=max, wzrk_pivot=wzrk_default, wzrk_cid=promo, wzrk_pid=1580124215, wzrk_rnv=true, wzrk_ttl=1580145860, wzrk_push_amp=false, wzrk_bc=, wzrk_bi=2, wzrk_dl=quickride://newride, wzrk_id=1580124215_20200127, wzrk_pn=true}
01-27 16:54:25.027 11317 11574 E NetcoreSDK: Error: Unterminated object at character 114 of {wzrk_acct_id=677-74Z-765Z, wzrk_acts=[{"l":"Ride Now","dl":"quickride://newride","id":"1","ico":""}], nm=Monday Traffic is Back!!
01-27 16:54:25.027 11317 11574 E NetcoreSDK: Ride back home with a new friend or your favourite Quick Riders today , nt=Don't get stuck in traffic alone � , pr=max, wzrk_pivot=wzrk_default, wzrk_cid=promo, wzrk_pid=1580124215, wzrk_rnv=true, wzrk_ttl=1580145860, wzrk_push_amp=false, wzrk_bc=, wzrk_bi=2, wzrk_dl=quickride://newride, wzrk_id=1580124215_20200127, wzrk_pn=true}
01-27 16:54:25.072 11317 11507 E OpApplicationPackageManagerInjector: Attempt to invoke virtual method 'boolean java.lang.String.equals(java.lang.Object)' on a null object reference
01-27 16:54:25.404 11317 11367 I disha.quickrid: The ClassLoaderContext is a special shared library.
01-27 16:54:25.411 11317 11473 I ApxorSDK: ApxorSDK(v258) successfully initialized for: d25af8de489a0ca420f9540aed14013a
01-27 16:54:25.624 11317 11546 I cr_LibraryLoader: Time to load native libraries: 7 ms (timestamps 580-587)
01-27 16:54:25.740 11317 11367 I disha.quickrid: Waiting for a blocking GC AddRemoveAppImageSpace
01-27 16:54:25.850 11317 11317 I chromium: [INFO:library_loader_hooks.cc(50)] Chromium logging enabled: level = 0, default verbosity = 0
01-27 16:54:25.851 11317 11317 I cr_LibraryLoader: Expected native library version number "74.0.3729.157", actual native library version number "74.0.3729.157"
01-27 16:54:25.968 11317 11367 I disha.quickrid: WaitForGcToComplete blocked AddRemoveAppImageSpace on ClassLinker for 228.561ms
01-27 16:54:26.050 11317 11367 W disha.quickrid: Suspending all threads took: 82.020ms
01-27 16:54:26.173 11317 11623 W cr_ChildProcLH: Create a new ChildConnectionAllocator with package name = com.google.android.webview, sandboxed = true
01-27 16:54:26.276 11317 11317 I cr_BrowserStartup: Initializing chromium process, singleProcess=false
01-27 16:54:26.399 11317 11521 D com.disha.quickride.androidapp.startup.session.SessionManager: Performing session change operation on com.disha.quickride.androidapp.event.EventModuleSessionManager@e742100
01-27 16:54:26.567 11317 11521 D com.disha.quickride.androidapp.startup.session.SessionManager: Performing session change operation on com.disha.quickride.androidapp.ridemgmt.RideMgmtModuleSessionHandler@68e42e
01-27 16:54:26.570 11317 11521 I com.disha.quickride.androidapp.ridemgmt.RideMgmtModuleSessionHandler: resumeBasicUserSession
01-27 16:54:26.629 11317 11367 V NativeCrypto: Registering com/google/android/gms/org/conscrypt/NativeCrypto's 286 native methods...
01-27 16:54:26.776 11317 11521 I com.disha.quickride.androidapp.myrides.cache.MyActiveRidesCache: getting active rides of user after the current time
01-27 16:54:26.784 11317 11521 D com.disha.quickride.androidapp.myrides.cache.MyClosedRidesCache: Loading closed rides from local database
01-27 16:54:26.820 11317 11651 D com.disha.quickride.androidapp.common.AndroidRestClient.AndroidClientLogger: RestClient.callService with httpRequestMethod = GET
01-27 16:54:26.904 11317 11521 D com.disha.quickride.androidapp.myrides.cache.MyCompletedRidesCachePersistenceHelper : getting all rider rides from databse
01-27 16:54:26.910 11317 11521 D com.disha.quickride.androidapp.myrides.cache.MyCompletedRidesCachePersistenceHelper : getting all passenger rides
01-27 16:54:26.916 11317 11521 D com.disha.quickride.androidapp.myrides.cache.MyCompletedRidesCachePersistenceHelper : getting all regular passenger rides
01-27 16:54:26.921 11317 11521 D com.disha.quickride.androidapp.myrides.cache.MyCompletedRidesCachePersistenceHelper : getting all regular passenger rides
01-27 16:54:26.997 11317 11521 I com.disha.quickride.androidapp.usermgmt.cache.UserDataCache: getting of user name
01-27 16:54:27.000 11317 11521 D com.disha.quickride.androidapp.startup.session.SessionManagerController: Session change operation completed successfully
01-27 16:54:27.000 11317 11521 D com.disha.quickride.androidapp.startup.session.SessionResumeAsyncTask: Session resume operation completed
01-27 16:54:27.003 11317 11521 D com.disha.quickride.androidapp.notification.FCMTokenRegistrationHelper: Getting FCM token to update to server for user : 80505609211004
01-27 16:54:27.020 11317 11696 D com.disha.quickride.androidapp.startup.session.SetUserIdIdentifierToFabricAsyncTask : UserId set to Fabric
01-27 16:54:27.034 11317 11521 D com.disha.quickride.androidapp.startup.session.SessionSetupAsyncTask: Session change operation completed successfully
01-27 16:54:27.041 11317 11521 D com.disha.quickride.androidapp.startup.session.SessionManagerController: Starting WatchdogService
01-27 16:54:27.079 11317 11521 E com.disha.quickride.androidapp.startup.session.SessionManagerController: Error while starting QuickRideWatchdogService
01-27 16:54:27.079 11317 11521 E com.disha.quickride.androidapp.startup.session.SessionManagerController: java.lang.IllegalStateException: Not allowed to start service Intent { cmp=com.disha.quickride/.androidapp.watchdog.QuickRideWatchdogService }: app is in background uid UidRecord{5e39e82 u0a450 TRNB idle procs:1 seq(0,0,0)}
01-27 16:54:27.079 11317 11521 E com.disha.quickride.androidapp.startup.session.SessionManagerController: at android.app.ContextImpl.startServiceCommon(ContextImpl.java:1650)
01-27 16:54:27.079 11317 11521 E com.disha.quickride.androidapp.startup.session.SessionManagerController: at android.app.ContextImpl.startService(ContextImpl.java:1605)
01-27 16:54:27.079 11317 11521 E com.disha.quickride.androidapp.startup.session.SessionManagerController: at android.content.ContextWrapper.startService(ContextWrapper.java:669)
01-27 16:54:27.079 11317 11521 E com.disha.quickride.androidapp.startup.session.SessionManagerController: at com.disha.quickride.androidapp.startup.session.SessionManagerController.startWatchd ogServiceAndAlarmManager(SourceFile:335)
01-27 16:54:27.079 11317 11521 E com.disha.quickride.androidapp.startup.session.SessionManagerController: at com.disha.quickride.androidapp.startup.session.SessionManagerController.sessionChan geOperationCompleted(SourceFile:316)
01-27 16:54:27.079 11317 11521 E com.disha.quickride.androidapp.startup.session.SessionManagerController: at com.disha.quickride.androidapp.startup.session.SessionManagerController.resumeUserS ession(SourceFile:120)
01-27 16:54:27.079 11317 11521 E com.disha.quickride.androidapp.startup.session.SessionManagerController: at com.disha.quickride.androidapp.startup.session.SessionResumeAsyncTask.performSessio nInitializationOperation(SourceFile:21)
01-27 16:54:27.079 11317 11521 E com.disha.quickride.androidapp.startup.session.SessionManagerController: at com.disha.quickride.androidapp.startup.session.SessionSetupAsyncTask.doInBackground (SourceFile:57)
01-27 16:54:27.079 11317 11521 E com.disha.quickride.androidapp.startup.session.SessionManagerController: at com.disha.quickride.androidapp.startup.session.SessionSetupAsyncTask.doInBackground (SourceFile:15)
01-27 16:54:27.079 11317 11521 E com.disha.quickride.androidapp.startup.session.SessionManagerController: at android.os.AsyncTask$3.call(AsyncTask.java:378)
01-27 16:54:27.079 11317 11521 E com.disha.quickride.androidapp.startup.session.SessionManagerController: at java.util.concurrent.FutureTask.run(FutureTask.java:266)
01-27 16:54:27.079 11317 11521 E com.disha.quickride.androidapp.startup.session.SessionManagerController: at java.util.concurrent.ThreadPoolExecutor.runWorker(ThreadPoolExecutor.java:1167)
01-27 16:54:27.079 11317 11521 E com.disha.quickride.androidapp.startup.session.SessionManagerController: at java.util.concurrent.ThreadPoolExecutor$Worker.run(ThreadPoolExecutor.java:641)
01-27 16:54:27.079 11317 11521 E com.disha.quickride.androidapp.startup.session.SessionManagerController: at java.lang.Thread.run(Thread.java:919)
01-27 16:54:27.079 11317 11521 D com.disha.quickride.androidapp.startup.session.SessionManagerController: Setting alarm to ensure watchdog service is started if Android does not restart
01-27 16:54:27.120 11317 11521 D com.disha.quickride.androidapp.startup.session.SessionSetupAsyncTask: Session change operation took 2591 ms
01-27 16:54:27.130 11317 11367 I ProviderInstaller: Installed default security provider GmsCore_OpenSSL
01-27 16:54:27.364 11317 11651 D com.disha.quickride.androidapp.common.AndroidRestClient.AndroidClientLogger: RestClient.callService response code : 200
01-27 16:54:27.623 11317 11317 D com.disha.quickride.androidapp.notification.FCMTokenRegistrationHelper: FCM token for userId : 80505609211004 is : eguMVjeN_q0:APA91bGCu6T_3PfNJncyQzww1FvV08zhdoJjCGXzznTp9j_tUNXOcDg_-- kv1gul2gmReQmo1AG1QxQvRhC9stl0GmJIaXtw2oMYaAVennaacfYVjZag2MxrV6AO90ETnL02B2b4FFVC
01-27 16:54:27.633 11317 11317 D com.disha.quickride.androidapp.startup.QuickRideApplication: ProviderInstaller.installIfNeededAsync onProviderInstalled
01-27 16:54:27.639 11317 11719 D com.disha.quickride.androidapp.notification.FCMTokenRegistrationAsyncTask: Updating client device id to server : eguMVjeN_q0:APA91bGCu6T_3PfNJncyQzww1FvV08zhdoJjCGXzznTp9j_tUNXOcDg_-- kv1gul2gmReQmo1AG1QxQvRhC9stl0GmJIaXtw2oMYaAVennaacfYVjZag2MxrV6AO90ETnL02B2b4FFVC
01-27 16:54:27.678 11317 11719 D com.disha.quickride.androidapp.common.AndroidRestClient.AndroidClientLogger: RestClient.callService with httpRequestMethod = PUT
01-27 16:54:27.764 11317 11546 D b : getData: response code:200
01-27 16:54:27.776 11317 11546 D b : POST: https://pn.netcoresmartech.com/pn_register -> {"appid":"d25af8de489a0ca420f9540aed14013a","pushid":"7e30f1fa-c105-4964-bbc5- 77aac2c0d007","identity":"80505609211004","ostype":"Android","make":"OnePlus","mode l":"GM1901","osversion":"10","appname":"Quick Ride","appversion":"9.42","sdkversion":"2.2.1","cts":200127165424,"lat":null,"lng": null,"adid":"","oldToken":"eguMVjeN_q0:APA91bGCu6T_3PfNJncyQzww1FvV08zhdoJjCGXzznTp 9j_tUNXOcDg_-- kv1gul2gmReQmo1AG1QxQvRhC9stl0GmJIaXtw2oMYaAVennaacfYVjZag2MxrV6AO90ETnL02B2b4FFVC" ,"sessionid":"1580124264225","tx":"1580124264289","eventid":"25","token":"eguMVjeN_ q0:APA91bGCu6T_3PfNJncyQzww1FvV08zhdoJjCGXzznTp9j_tUNXOcDg_-- kv1gul2gmReQmo1AG1QxQvRhC9stl0GmJIaXtw2oMYaAVennaacfYVjZag2MxrV6AO90ETnL02B2b4FFVC" } --- 200 OK {"status":"success","panelStatus":"1"}
01-27 16:54:27.815 11317 11362 I WM-WorkerWrapper: Worker result SUCCESS for Work [ id=ba304025-026a-493b-b6b0-3fdd388a8158, tags={ in.netcore.smartechfcm.workmanager.SlaveNetworkWorker } ]
01-27 16:54:28.063 11317 11726 D b : Get: https://pa.netcoresmartech.com/getnotifications? sdkversion=2.2.1&appid=d25af8de489a0ca420f9540aed14013a&guid=7e30f1fa-c105-4964- bbc5-77aac2c0d007<s=1580121607&type=android -> --- 200 OK {"pa_enable":"1","notifications":[],"pa_freq":"15"}
01-27 16:54:28.860 11317 11353 I disha.quickrid: Waiting for a blocking GC ProfileSaver
01-27 16:54:28.902 11317 11353 I disha.quickrid: WaitForGcToComplete blocked ProfileSaver on AddRemoveAppImageSpace for 41.779ms
01-27 16:54:29.213 11317 11368 E GraphResponse: {HttpStatus: 400, errorCode: 43003, subErrorCode: -1, errorType: OAuthException, errorMessage: (#43003) App button auto detection is disabled}
01-27 16:54:30.007 11317 11686 D com.disha.quickride.androidapp.event.EventModuleSessionManager: Resuming complete user session
01-27 16:54:30.058 11317 11686 D com.disha.quickride.androidapp.event.EventServicePersistenceHelper: Purging old messages with condition : time <= 1580102670008
01-27 16:54:30.059 11317 11686 D com.disha.quickride.androidapp.event.EventServicePersistenceHelper: No of old messages purged : 0
01-27 16:54:30.100 11317 11686 D com.disha.quickride.androidapp.event.EventServicePersistenceHelper: 1 messages read from persistence
01-27 16:54:30.101 11317 11686 D com.disha.quickride.androidapp.event.RideMgmtEventServiceProxy: Initializing unprocessed messages from persistence
01-27 16:54:30.105 11317 11686 D com.disha.quickride.androidapp.event.EventServicePersistenceHelper: 0 unprocessed messages read from persistence
01-27 16:54:30.107 11317 11686 D com.disha.quickride.androidapp.event.EventServicePersistenceHelper: Purging old messages with condition : time <= 1580102670105
01-27 16:54:30.108 11317 11686 D com.disha.quickride.androidapp.event.EventServicePersistenceHelper: No of old messages purged : 0
01-27 16:54:30.113 11317 11686 D com.disha.quickride.androidapp.event.EventServicePersistenceHelper: 1 messages read from persistence
01-27 16:54:30.113 11317 11686 D com.disha.quickride.androidapp.event.LocationUpdateEventServiceProxy: Initializing unprocessed messages from persistence
01-27 16:54:30.116 11317 11686 D com.disha.quickride.androidapp.event.EventServicePersistenceHelper: 0 unprocessed messages read from persistence
