01-27 16:13:10.375 15461 15461 D class com.disha.quickride.androidapp.image.store.ImageUtils: radius: 56
01-27 16:13:10.375 15461 15461 D class com.disha.quickride.androidapp.image.store.ImageUtils: getRoundedShape: 112,112
01-27 16:13:10.375 15461 15461 D class com.disha.quickride.androidapp.image.store.ImageUtils: getRoundedShape: 112,112
01-27 16:13:10.375 15461 15461 D class com.disha.quickride.androidapp.image.store.ImageUtils: radius: 59
01-27 16:13:10.375 15461 15461 D class com.disha.quickride.androidapp.image.store.ImageUtils: getRoundedShape: 118,118
01-27 16:13:10.375 15461 15461 D class com.disha.quickride.androidapp.image.store.ImageUtils: radius: 59
01-27 16:13:10.375 15461 15461 D class com.disha.quickride.androidapp.image.store.ImageUtils: getRoundedShape: 118,118
01-27 16:13:10.376 15461 15461 D class com.disha.quickride.androidapp.image.store.ImageUtils: radius: 59
01-27 16:13:10.377 15461 15461 D class com.disha.quickride.androidapp.image.store.ImageUtils: getRoundedShape: 118,118
01-27 16:13:10.376 15461 15461 D class com.disha.quickride.androidapp.image.store.ImageUtils: radius: 59
01-27 16:13:10.377 15461 15461 D class com.disha.quickride.androidapp.image.store.ImageUtils: getRoundedShape: 118,118
01-27 16:13:10.377 15461 15461 D com.disha.quickride.androidapp.ridemgmt.ridematcher.cache.MatchedUsersCache: getAllMatchedRiders cache key : 28.6987, 77.1333 : 28.558, 77.207:sfdnDwbxuMIV@DVPVNNBT@pAQBCSaCa@B]?]O_@UmBiBuEaEoAeAGENS`A_Br@iAjF}JjBoEtAcE dA_DrAmE`CuHxAcEjB{FjAiE`BsHvF{VvAkGZaBBYEg@G[O[g@k@y@s@[Ka@AUDWNGFO\Ed@? RJb@v@nA`A`@nBz@lC|@tAZtF|@hNxBtA\|A`A\ZTT|@hAlDbGtCxE`CdElKdQ|HvMhAlAl@d@tAx@\L| Bj@lH|AvB`@`Dp@jGxA~D|@|@Rz@TfDhAjGpBjBr@f@X|AfAl@f@tB~BlAxAtBnC| GjIlCbDfCtCXVdBvBbCxClChD|AbBr@~@x@j@\Pj@LdERbFNh@Fd@R`@Rb@XlHpG~@| @`EpDnFpEzApAdBhAx@\RF~@Ph@D~A@hAMbBe@r@YhBo@rBq@hBq@pBq@tLiDpBm@dCq@zBs@r@U`EcAt@[ xCw@rFyA~EwAfNyDzBo@`W_HnAa@^SpBi@pBe@xCy@xLkDzMuDxK_DfMkDdGcBlAQ^C`AA~@?fBFbCBrD? zDCzB@TBh@@^CVG`A]RC`A@hA@dAEhAQd@Or@a@fC}AlCsBtAmAbA{@jDwB| AeAfHoFhAy@pBoB`B{Bn@gAtAgDNs@j@yENo@Nc@P}@d@oFp@kKVgCv@aLbBwR`@kEZaBj@_B^u@p@eA| GaKhDiFxEyGjDcFh@o@v@{@fAw@lBoAfDuBfF}C`GyDxC_BzDyAtCaAb@S~@e@Z]vEyCdHeEjHiEhC}A`Dg BvFsCtAq@bHaD~GiDtCeAvE}BzDeBvE}BrIgE`BcAvC}AbB}@~@i@j@e@lB_BtAuAjBiCtAcC~CeH\kAXsA LmAH_BPkFFg@l@gJb@eI\ {GLuC@}@@sAEgAAsBI{DK{Bq@aSEqBMwFCaDVyHXsOFwCAqASiAQk@uC_F_@aAKu@Ay@Bc@Nk@Nc@Xe@b@o @\EVEVEVBVHPLPd@D^AdABTHRJHp@j@\b@bFx@f@JdFt@hBVLCTA~@Cx@CzB?^Af@Jp@ApADpDPfCPtGh@| Fj@`BLfCXLCRI@280120200800:1WANTSBoth
01-27 16:13:10.377 15461 15461 D com.disha.quickride.androidapp.ridemgmt.ridematcher.cache.MatchedUsersCache: getAllMatchedRiders cache key : 28.6987, 77.1333 : 28.558, 77.207:sfdnDwbxuMIV@DVPVNNBT@pAQBCSaCa@B]?]O_@UmBiBuEaEoAeAGENS`A_Br@iAjF}JjBoEtAcE dA_DrAmE`CuHxAcEjB{FjAiE`BsHvF{VvAkGZaBBYEg@G[O[g@k@y@s@[Ka@AUDWNGFO\Ed@? RJb@v@nA`A`@nBz@lC|@tAZtF|@hNxBtA\|A`A\ZTT|@hAlDbGtCxE`CdElKdQ|HvMhAlAl@d@tAx@\L| Bj@lH|AvB`@`Dp@jGxA~D|@|@Rz@TfDhAjGpBjBr@f@X|AfAl@f@tB~BlAxAtBnC| GjIlCbDfCtCXVdBvBbCxClChD|AbBr@~@x@j@\Pj@LdERbFNh@Fd@R`@Rb@XlHpG~@| @`EpDnFpEzApAdBhAx@\RF~@Ph@D~A@hAMbBe@r@YhBo@rBq@hBq@pBq@tLiDpBm@dCq@zBs@r@U`EcAt@[ xCw@rFyA~EwAfNyDzBo@`W_HnAa@^SpBi@pBe@xCy@xLkDzMuDxK_DfMkDdGcBlAQ^C`AA~@?fBFbCBrD? zDCzB@TBh@@^CVG`A]RC`A@hA@dAEhAQd@Or@a@fC}AlCsBtAmAbA{@jDwB| AeAfHoFhAy@pBoB`B{Bn@gAtAgDNs@j@yENo@Nc@P}@d@oFp@kKVgCv@aLbBwR`@kEZaBj@_B^u@p@eA| GaKhDiFxEyGjDcFh@o@v@{@fAw@lBoAfDuBfF}C`GyDxC_BzDyAtCaAb@S~@e@Z]vEyCdHeEjHiEhC}A`Dg BvFsCtAq@bHaD~GiDtCeAvE}BzDeBvE}BrIgE`BcAvC}AbB}@~@i@j@e@lB_BtAuAjBiCtAcC~CeH\kAXsA LmAH_BPkFFg@l@gJb@eI\ {GLuC@}@@sAEgAAsBI{DK{Bq@aSEqBMwFCaDVyHXsOFwCAqASiAQk@uC_F_@aAKu@Ay@Bc@Nk@Nc@Xe@b@o @\EVEVEVBVHPLPd@D^AdABTHRJHp@j@\b@bFx@f@JdFt@hBVLCTA~@Cx@CzB?^Af@Jp@ApADpDPfCPtGh@| Fj@`BLfCXLCRI@280120200800:1WANTSBoth
01-27 16:13:10.377 15461 15461 D com.disha.quickride.androidapp.ridemgmt.ridematcher.cache.MatchedUsersCache: Cache contains some query result that is still valid!!!
01-27 16:13:10.377 15461 15461 D com.disha.quickride.androidapp.ridemgmt.ridematcher.cache.MatchedUsersCache: Cache contains some query result that is still valid!!!
01-27 16:13:10.380 15461 16575 I com.disha.quickride.androidapp.referral.ReferAndEarnTCJsonGettingAsyncTask: getting CustomerSupport JSON async task
01-27 16:13:10.380 15461 16575 I com.disha.quickride.androidapp.referral.ReferAndEarnTCJsonGettingAsyncTask: getting CustomerSupport JSON async task
01-27 16:13:10.385 15461 16308 D com.disha.quickride.androidapp.common.AndroidRestClient.AndroidClientLogger: RestClient.callService with httpRequestMethod = GET
01-27 16:13:10.385 15461 16308 D com.disha.quickride.androidapp.common.AndroidRestClient.AndroidClientLogger: RestClient.callService with httpRequestMethod = GET
01-27 16:13:10.391 15461 17691 I AppsFlyer_4.9.0: sendTrackingWithEvent from activity: com.disha.quickride.androidapp.startup.QuickRideApplication
01-27 16:13:10.391 15461 17691 I AppsFlyer_4.9.0: Trying to fetch GAID..
01-27 16:13:10.391 15461 17691 I AppsFlyer_4.9.0: sendTrackingWithEvent from activity: com.disha.quickride.androidapp.startup.QuickRideApplication
01-27 16:13:10.391 15461 17691 I AppsFlyer_4.9.0: Trying to fetch GAID..
01-27 16:13:10.414 15461 15461 W Choreographer: Already have a pending vsync event. There should only be one at a time.
01-27 16:13:10.414 15461 15461 W Choreographer: Already have a pending vsync event. There should only be one at a time.
01-27 16:13:10.446 15461 15771 D SlaveNetworkWorker: not matched: 1
01-27 16:13:10.446 15461 15771 D SlaveNetworkWorker: not matched: 1
01-27 16:13:10.451 15461 15461 D com.disha.quickride.androidapp.util.NetworkStateReceiver: Received connection status changed intent Intent { act=android.net.conn.CONNECTIVITY_CHANGE flg=0x4200010 (has extras) }
01-27 16:13:10.451 15461 15461 D com.disha.quickride.androidapp.util.NetworkStateReceiver: Received connection status changed intent Intent { act=android.net.conn.CONNECTIVITY_CHANGE flg=0x4200010 (has extras) }
01-27 16:13:10.452 15461 15461 E SensorManager: unregisterListenerImpl callingApp: com.disha.quickride,callingPid:15461,callingUid:10450
01-27 16:13:10.452 15461 15461 E SensorManager: unregisterListenerImpl callingApp: com.disha.quickride,callingPid:15461,callingUid:10450
01-27 16:13:10.458 15461 15461 D com.disha.quickride.androidapp.util.NetworkStateReceiver: Stop listening to network state changes
01-27 16:13:10.458 15461 15461 D com.disha.quickride.androidapp.util.NetworkStateReceiver: Stop listening to network state changes
01-27 16:13:10.461 15461 15461 E SensorManager: registerListenerImpl sensorName:lsm6dsm Accelerometer Non-wakeup,isWakeUpSensor:false,callingApp: com.disha.quickride,callingPid:15461,callingUid:10450
01-27 16:13:10.461 15461 15461 E SensorManager: registerListenerImpl sensorName:lsm6dsm Accelerometer Non-wakeup,isWakeUpSensor:false,callingApp: com.disha.quickride,callingPid:15461,callingUid:10450
01-27 16:13:10.466 15461 15461 D com.disha.quickride.androidapp.ridemgmt.ridematcher.InviteUsersAndGroupsBaseActivit y: Creating view after session is initialized
01-27 16:13:10.466 15461 15461 D com.disha.quickride.androidapp.ridemgmt.ridematcher.InviteUsersAndGroupsBaseActivit y: Creating view after session is initialized
01-27 16:13:10.466 15461 15461 D com.disha.quickride.androidapp.util.NetworkStateReceiver: Start listening to network state changes
01-27 16:13:10.466 15461 15461 D com.disha.quickride.androidapp.util.NetworkStateReceiver: Start listening to network state changes
01-27 16:13:10.492 15461 15461 I com.disha.quickride.androidapp.ridemgmt.ridematcher.invite.InviteUsersAndGroupsActi vity: handling of fragment change in invite users and groups activity
01-27 16:13:10.492 15461 15461 I com.disha.quickride.androidapp.ridemgmt.ridematcher.invite.InviteUsersAndGroupsActi vity: handling of fragment change in invite users and groups activity
01-27 16:13:10.493 15461 16911 I com.disha.quickride.androidapp.referral.ReferAndEarnTCJsonGettingAsyncTask: getting CustomerSupport JSON async task
01-27 16:13:10.493 15461 16911 I com.disha.quickride.androidapp.referral.ReferAndEarnTCJsonGettingAsyncTask: getting CustomerSupport JSON async task
01-27 16:13:10.496 15461 15461 D com.disha.quickride.androidapp.ridemgmt.ridematcher.invite.InviteUsersAndGroupsActi vity: getItem called with position : 0
01-27 16:13:10.496 15461 15461 D com.disha.quickride.androidapp.ridemgmt.ridematcher.invite.InviteUsersAndGroupsActi vity: getItem called with position : 0
01-27 16:13:10.497 15461 15461 D com.disha.quickride.androidapp.ridemgmt.ridematcher.invite.InviteUsersAndGroupsActi vity: getItem called with position : 1
01-27 16:13:10.497 15461 15461 D com.disha.quickride.androidapp.ridemgmt.ridematcher.invite.InviteUsersAndGroupsActi vity: getItem called with position : 1
01-27 16:13:10.505 15461 16308 D com.disha.quickride.androidapp.common.AndroidRestClient.AndroidClientLogger: RestClient.callService response code : 200
01-27 16:13:10.505 15461 16308 D com.disha.quickride.androidapp.common.AndroidRestClient.AndroidClientLogger: RestClient.callService response code : 200
01-27 16:13:10.537 15461 15461 D com.disha.quickride.androidapp.ridemgmt.ridematcher.cache.MatchedUsersCache: getAllMatchedRiders cache key : 28.6987, 77.1333 : 28.558, 77.207:sfdnDwbxuMIV@DVPVNNBT@pAQBCSaCa@B]?]O_@UmBiBuEaEoAeAGENS`A_Br@iAjF}JjBoEtAcE dA_DrAmE`CuHxAcEjB{FjAiE`BsHvF{VvAkGZaBBYEg@G[O[g@k@y@s@[Ka@AUDWNGFO\Ed@? RJb@v@nA`A`@nBz@lC|@tAZtF|@hNxBtA\|A`A\ZTT|@hAlDbGtCxE`CdElKdQ|HvMhAlAl@d@tAx@\L| Bj@lH|AvB`@`Dp@jGxA~D|@|@Rz@TfDhAjGpBjBr@f@X|AfAl@f@tB~BlAxAtBnC| GjIlCbDfCtCXVdBvBbCxClChD|AbBr@~@x@j@\Pj@LdERbFNh@Fd@R`@Rb@XlHpG~@| @`EpDnFpEzApAdBhAx@\RF~@Ph@D~A@hAMbBe@r@YhBo@rBq@hBq@pBq@tLiDpBm@dCq@zBs@r@U`EcAt@[ xCw@rFyA~EwAfNyDzBo@`W_HnAa@^SpBi@pBe@xCy@xLkDzMuDxK_DfMkDdGcBlAQ^C`AA~@?fBFbCBrD? zDCzB@TBh@@^CVG`A]RC`A@hA@dAEhAQd@Or@a@fC}AlCsBtAmAbA{@jDwB| AeAfHoFhAy@pBoB`B{Bn@gAtAgDNs@j@yENo@Nc@P}@d@oFp@kKVgCv@aLbBwR`@kEZaBj@_B^u@p@eA| GaKhDiFxEyGjDcFh@o@v@{@fAw@lBoAfDuBfF}C`GyDxC_BzDyAtCaAb@S~@e@Z]vEyCdHeEjHiEhC}A`Dg BvFsCtAq@bHaD~GiDtCeAvE}BzDeBvE}BrIgE`BcAvC}AbB}@~@i@j@e@lB_BtAuAjBiCtAcC~CeH\kAXsA LmAH_BPkFFg@l@gJb@eI\ {GLuC@}@@sAEgAAsBI{DK{Bq@aSEqBMwFCaDVyHXsOFwCAqASiAQk@uC_F_@aAKu@Ay@Bc@Nk@Nc@Xe@b@o @\EVEVEVBVHPLPd@D^AdABTHRJHp@j@\b@bFx@f@JdFt@hBVLCTA~@Cx@CzB?^Af@Jp@ApADpDPfCPtGh@| Fj@`BLfCXLCRI@280120200800:1WANTSBoth
01-27 16:13:10.537 15461 15461 D com.disha.quickride.androidapp.ridemgmt.ridematcher.cache.MatchedUsersCache: getAllMatchedRiders cache key : 28.6987, 77.1333 : 28.558, 77.207:sfdnDwbxuMIV@DVPVNNBT@pAQBCSaCa@B]?]O_@UmBiBuEaEoAeAGENS`A_Br@iAjF}JjBoEtAcE dA_DrAmE`CuHxAcEjB{FjAiE`BsHvF{VvAkGZaBBYEg@G[O[g@k@y@s@[Ka@AUDWNGFO\Ed@? RJb@v@nA`A`@nBz@lC|@tAZtF|@hNxBtA\|A`A\ZTT|@hAlDbGtCxE`CdElKdQ|HvMhAlAl@d@tAx@\L| Bj@lH|AvB`@`Dp@jGxA~D|@|@Rz@TfDhAjGpBjBr@f@X|AfAl@f@tB~BlAxAtBnC| GjIlCbDfCtCXVdBvBbCxClChD|AbBr@~@x@j@\Pj@LdERbFNh@Fd@R`@Rb@XlHpG~@| @`EpDnFpEzApAdBhAx@\RF~@Ph@D~A@hAMbBe@r@YhBo@rBq@hBq@pBq@tLiDpBm@dCq@zBs@r@U`EcAt@[ xCw@rFyA~EwAfNyDzBo@`W_HnAa@^SpBi@pBe@xCy@xLkDzMuDxK_DfMkDdGcBlAQ^C`AA~@?fBFbCBrD? zDCzB@TBh@@^CVG`A]RC`A@hA@dAEhAQd@Or@a@fC}AlCsBtAmAbA{@jDwB| AeAfHoFhAy@pBoB`B{Bn@gAtAgDNs@j@yENo@Nc@P}@d@oFp@kKVgCv@aLbBwR`@kEZaBj@_B^u@p@eA| GaKhDiFxEyGjDcFh@o@v@{@fAw@lBoAfDuBfF}C`GyDxC_BzDyAtCaAb@S~@e@Z]vEyCdHeEjHiEhC}A`Dg BvFsCtAq@bHaD~GiDtCeAvE}BzDeBvE}BrIgE`BcAvC}AbB}@~@i@j@e@lB_BtAuAjBiCtAcC~CeH\kAXsA LmAH_BPkFFg@l@gJb@eI\ {GLuC@}@@sAEgAAsBI{DK{Bq@aSEqBMwFCaDVyHXsOFwCAqASiAQk@uC_F_@aAKu@Ay@Bc@Nk@Nc@Xe@b@o @\EVEVEVBVHPLPd@D^AdABTHRJHp@j@\b@bFx@f@JdFt@hBVLCTA~@Cx@CzB?^Af@Jp@ApADpDPfCPtGh@| Fj@`BLfCXLCRI@280120200800:1WANTSBoth
01-27 16:13:10.537 15461 15461 D com.disha.quickride.androidapp.ridemgmt.ridematcher.cache.MatchedUsersCache: Cache contains some query result that is still valid!!!
01-27 16:13:10.537 15461 15461 D com.disha.quickride.androidapp.ridemgmt.ridematcher.cache.MatchedUsersCache: Cache contains some query result that is still valid!!!
01-27 16:13:10.558 15461 15461 V ViewRootImpl: The specified message queue synchronization barrier token has not been posted or has already been removed
01-27 16:13:10.558 15461 15461 V ViewRootImpl: The specified message queue synchronization barrier token has not been posted or has already been removed
01-27 16:13:10.587 15461 15600 D com.disha.quickride.androidapp.ridemgmt.ridematcher.invite.InviteUsersAndGroupsActi vity: Network is available
01-27 16:13:10.587 15461 15600 D com.disha.quickride.androidapp.ridemgmt.ridematcher.invite.InviteUsersAndGroupsActi vity: Network is available
01-27 16:13:10.591 15461 15771 D b : getData: response code:200
01-27 16:13:10.591 15461 15771 D b : getData: response code:200
01-27 16:13:10.591 15461 15771 D b : POST: https://pn.netcoresmartech.com/app_activity_ngn -> {"appid":"d25af8de489a0ca420f9540aed14013a","pushid":"7e30f1fa-c105-4964-bbc5- 77aac2c0d007","identity":"80505609211004","ostype":"Android","make":"OnePlus","mode l":"GM1901","osversion":"10","appname":"Quick Ride","appversion":"9.42","sdkversion":"2.2.1","cts":200127161310,"lat":null,"lng": null,"adid":"","sessionid":"1580121571980","tx":"1580121790241","eventname":"findri decreated","payload":{"ride_id":"112278839","price":"0.0","from":"Ek-Jyot Apartments, Shyamji Krishna Varma Marg, Saraswati Vihar, Pitampura, Delhi, India","to":"Green Park Metro Station, Sri Aurobindo Marg, Block A, Green Park, New Delhi, Delhi, India","time":"Tue Jan 28 08:00:00 GMT+05:30 2020","seats":"1"}} --- 200 OK {"status" : "success"}
01-27 16:13:10.591 15461 15771 D b : POST: https://pn.netcoresmartech.com/app_activity_ngn -> {"appid":"d25af8de489a0ca420f9540aed14013a","pushid":"7e30f1fa-c105-4964-bbc5- 77aac2c0d007","identity":"80505609211004","ostype":"Android","make":"OnePlus","mode l":"GM1901","osversion":"10","appname":"Quick Ride","appversion":"9.42","sdkversion":"2.2.1","cts":200127161310,"lat":null,"lng": null,"adid":"","sessionid":"1580121571980","tx":"1580121790241","eventname":"findri decreated","payload":{"ride_id":"112278839","price":"0.0","from":"Ek-Jyot Apartments, Shyamji Krishna Varma Marg, Saraswati Vihar, Pitampura, Delhi, India","to":"Green Park Metro Station, Sri Aurobindo Marg, Block A, Green Park, New Delhi, Delhi, India","time":"Tue Jan 28 08:00:00 GMT+05:30 2020","seats":"1"}} --- 200 OK {"status" : "success"}
01-27 16:13:10.607 15461 15632 I WM-WorkerWrapper: Worker result SUCCESS for Work [ id=54b7360b-564c-4543-99fe-331b532b5fb8, tags={ in.netcore.smartechfcm.workmanager.SlaveNetworkWorker } ]
01-27 16:13:10.607 15461 15632 I WM-WorkerWrapper: Worker result SUCCESS for Work [ id=54b7360b-564c-4543-99fe-331b532b5fb8, tags={ in.netcore.smartechfcm.workmanager.SlaveNetworkWorker } ]
01-27 16:13:10.734 15461 15461 W Choreographer: Already have a pending vsync event. There should only be one at a time.
01-27 16:13:10.734 15461 15461 W Choreographer: Already have a pending vsync event. There should only be one at a time.
01-27 16:13:10.744 15461 15461 D com.disha.quickride.androidapp.util.NetworkStateReceiver: Received connection status changed intent Intent { act=android.net.conn.CONNECTIVITY_CHANGE flg=0x4200010 (has extras) }
01-27 16:13:10.744 15461 15461 D com.disha.quickride.androidapp.util.NetworkStateReceiver: Received connection status changed intent Intent { act=android.net.conn.CONNECTIVITY_CHANGE flg=0x4200010 (has extras) }
01-27 16:13:10.792 15461 17691 I AppsFlyer_4.9.0: ******* sendTrackingWithEvent: FindRideCreated
01-27 16:13:10.792 15461 17691 I AppsFlyer_4.9.0: ******* sendTrackingWithEvent: FindRideCreated
01-27 16:13:10.801 15461 15461 E libprocessgroup: set_timerslack_ns write failed: Operation not permitted
01-27 16:13:10.801 15461 15461 E libprocessgroup: set_timerslack_ns write failed: Operation not permitted
01-27 16:13:10.826 15461 17691 I AppsFlyer_4.9.0: IMEI was not collected.
01-27 16:13:10.826 15461 17691 I AppsFlyer_4.9.0: IMEI was not collected.
01-27 16:13:10.826 15461 17691 I AppsFlyer_4.9.0: Android ID was not collected.
01-27 16:13:10.826 15461 17691 I AppsFlyer_4.9.0: Android ID was not collected.
01-27 16:13:10.830 15461 17691 I AppsFlyer_4.9.0: AppsFlyer: first launch date: 2020-01-27_103941+0000
01-27 16:13:10.830 15461 17691 I AppsFlyer_4.9.0: AppsFlyer: first launch date: 2020-01-27_103941+0000
01-27 16:13:10.831 15461 17691 D AppsFlyer_4.9.0: didConfigureTokenRefreshService=false
01-27 16:13:10.831 15461 17691 D AppsFlyer_4.9.0: didConfigureTokenRefreshService=false
01-27 16:13:10.832 15461 17691 I AppsFlyer_4.9.0: AppsFlyerLib.sendTrackingWithEvent
01-27 16:13:10.832 15461 17691 I AppsFlyer_4.9.0: AppsFlyerLib.sendTrackingWithEvent
01-27 16:13:10.836 15461 17691 I AppsFlyer_4.9.0: url: https://events.appsflyer.com/api/v4/androidevent? buildnumber=4.9.0&app_id=com.disha.quickride
01-27 16:13:10.836 15461 17691 I AppsFlyer_4.9.0: data: {"country":"","af_timestamp":"1580121790771","appsflyerKey":"s********************m ","af_events_api":"1","isFirstCall":"false","registeredUninstall":true,"operator":" airtel","network":"MOBILE","af_v2":"38600fcd72272d0ec2ac0ed16b83bd6fce65f582","uid" :"1580121578867- 3762180197533250658","eventValue":"{\"ride_id\":\"112278839\",\"price\":\"0.0\",\"f rom\":\"Ek-Jyot Apartments, Shyamji Krishna Varma Marg, Saraswati Vihar, Pitampura, Delhi, India\",\"to\":\"Green Park Metro Station, Sri Aurobindo Marg, Block A, Green Park, New Delhi, Delhi, India\",\"time\":\"Tue Jan 28 08:00:00 GMT+05:30 2020\",\"seats\":\"1\"}","isGaidWithGps":"true","lang_code":"en","installDate":"202 0-01-27_103818+0000","app_version_code":"392","firstLaunchDate":"2020-01- 27_103941+0000","ivc":false,"eventName":"FindRideCreated","model":"GM1901","lang":" English","brand":"OnePlus","deviceType":"user","product":"OnePlus7","deviceData": {"cpu_abi":"arm64-v8a","build_display_id":"GM1901_14_191007","dim": {"size":"2","ydp":"409.903","xdp":"403.411","y_px":"2134","x_px":"1080","d_dpi":"42 0"},"arch":"","cpu_abi2":""},"installer_package":"com.android.vending","date2":"202 0-01-27_103818+0000","counter":"6","date1":"2020-01- 27_103818+0000","advertiserId":"faffb339-3913-4b71-a9e8- 48eaac69539f","advertiserIdEnabled":"true","referrer":"utm_source=(not %20set)&utm_medium=(not %20set)","af_v":"9837782108a747bca10c4dfeac825085b0160bfc","carrier":"airtel","af_p reinstalled":"false","iaecounter":"12","tokenRefreshConfigured":false,"af_gcm_token ":"eguMVjeN_q0:APA91bGCu6T_3PfNJncyQzww1FvV08zhdoJjCGXzznTp9j_tUNXOcDg_-- kv1gul2gmReQmo1AG1QxQvRhC9stl0GmJIaXtw2oMYaAVennaacfYVjZag2MxrV6AO90ETnL02B2b4FFVC" ,"sdk":"29","fb":"d97bfaf6-0352-4a71-bae0- 9aa184401bdb","app_version_name":"9.42","device":"OnePlus7","prev_event":"{\"prev_e vent_timestamp\":\"1580121760026\",\"prev_event_value\":\"{\\\"userId\\\":805056092 11004,\\\"recurringRide\\\":true}\",\"prev_event_name\":\"FullSignupComplete\"}","p latformextension":"android_native","cksm_v1":"f1d2b9a3175ac7dbcf8fbea78c16cf4256"," kef4c60":"78d0b8d849e58bd748181c1e0c531a0d5918180d5a1f1e"}
01-27 16:13:10.836 15461 17691 I AppsFlyer_4.9.0: url: https://events.appsflyer.com/api/v4/androidevent? buildnumber=4.9.0&app_id=com.disha.quickride
01-27 16:13:10.836 15461 17691 I AppsFlyer_4.9.0: data: {"country":"","af_timestamp":"1580121790771","appsflyerKey":"s********************m ","af_events_api":"1","isFirstCall":"false","registeredUninstall":true,"operator":" airtel","network":"MOBILE","af_v2":"38600fcd72272d0ec2ac0ed16b83bd6fce65f582","uid" :"1580121578867- 3762180197533250658","eventValue":"{\"ride_id\":\"112278839\",\"price\":\"0.0\",\"f rom\":\"Ek-Jyot Apartments, Shyamji Krishna Varma Marg, Saraswati Vihar, Pitampura, Delhi, India\",\"to\":\"Green Park Metro Station, Sri Aurobindo Marg, Block A, Green Park, New Delhi, Delhi, India\",\"time\":\"Tue Jan 28 08:00:00 GMT+05:30 2020\",\"seats\":\"1\"}","isGaidWithGps":"true","lang_code":"en","installDate":"202 0-01-27_103818+0000","app_version_code":"392","firstLaunchDate":"2020-01- 27_103941+0000","ivc":false,"eventName":"FindRideCreated","model":"GM1901","lang":" English","brand":"OnePlus","deviceType":"user","product":"OnePlus7","deviceData": {"cpu_abi":"arm64-v8a","build_display_id":"GM1901_14_191007","dim": {"size":"2","ydp":"409.903","xdp":"403.411","y_px":"2134","x_px":"1080","d_dpi":"42 0"},"arch":"","cpu_abi2":""},"installer_package":"com.android.vending","date2":"202 0-01-27_103818+0000","counter":"6","date1":"2020-01- 27_103818+0000","advertiserId":"faffb339-3913-4b71-a9e8- 48eaac69539f","advertiserIdEnabled":"true","referrer":"utm_source=(not %20set)&utm_medium=(not %20set)","af_v":"9837782108a747bca10c4dfeac825085b0160bfc","carrier":"airtel","af_p reinstalled":"false","iaecounter":"12","tokenRefreshConfigured":false,"af_gcm_token ":"eguMVjeN_q0:APA91bGCu6T_3PfNJncyQzww1FvV08zhdoJjCGXzznTp9j_tUNXOcDg_-- kv1gul2gmReQmo1AG1QxQvRhC9stl0GmJIaXtw2oMYaAVennaacfYVjZag2MxrV6AO90ETnL02B2b4FFVC" ,"sdk":"29","fb":"d97bfaf6-0352-4a71-bae0- 9aa184401bdb","app_version_name":"9.42","device":"OnePlus7","prev_event":"{\"prev_e vent_timestamp\":\"1580121760026\",\"prev_event_value\":\"{\\\"userId\\\":805056092 11004,\\\"recurringRide\\\":true}\",\"prev_event_name\":\"FullSignupComplete\"}","p latformextension":"android_native","cksm_v1":"f1d2b9a3175ac7dbcf8fbea78c16cf4256"," kef4c60":"78d0b8d849e58bd748181c1e0c531a0d5918180d5a1f1e"}
01-27 16:13:10.889 15461 15519 D com.disha.quickride.androidapp.ridemgmt.ridematcher.invite.InviteUsersAndGroupsActi vity: Network is available
01-27 16:13:10.889 15461 15519 D com.disha.quickride.androidapp.ridemgmt.ridematcher.invite.InviteUsersAndGroupsActi vity: Network is available
01-27 16:13:11.447 15461 17691 I AppsFlyer_4.9.0: response code: 200
01-27 16:13:11.447 15461 17691 I AppsFlyer_4.9.0: response code: 200
01-27 16:13:11.448 15461 17691 D AppsFlyer_4.9.0: Uninstall Token exists: 1580121578861,eguMVjeN_q0:APA91bGCu6T_3PfNJncyQzww1FvV08zhdoJjCGXzznTp9j_tUNXOcDg_- -kv1gul2gmReQmo1AG1QxQvRhC9stl0GmJIaXtw2oMYaAVennaacfYVjZag2MxrV6AO90ETnL02B2b4FFVC
01-27 16:13:11.448 15461 17691 D AppsFlyer_4.9.0: Uninstall Token exists: 1580121578861,eguMVjeN_q0:APA91bGCu6T_3PfNJncyQzww1FvV08zhdoJjCGXzznTp9j_tUNXOcDg_- -kv1gul2gmReQmo1AG1QxQvRhC9stl0GmJIaXtw2oMYaAVennaacfYVjZag2MxrV6AO90ETnL02B2b4FFVC
01-27 16:13:16.021 15461 16936 W ExifInterface: Invalid image: ExifInterface got an unsupported image format file(ExifInterface supports JPEG and some RAW image formats only) or a corrupted JPEG file to ExifInterface.
01-27 16:13:16.021 15461 16936 W ExifInterface: java.io.IOException: Invalid byte order: ffff8950
01-27 16:13:16.021 15461 16936 W ExifInterface: at android.media.ExifInterface.readByteOrder(ExifInterface.java:3121)
01-27 16:13:16.021 15461 16936 W ExifInterface: at android.media.ExifInterface.isOrfFormat(ExifInterface.java:2437)
01-27 16:13:16.021 15461 16936 W ExifInterface: at android.media.ExifInterface.getMimeType(ExifInterface.java:2315)
01-27 16:13:16.021 15461 16936 W ExifInterface: at android.media.ExifInterface.loadAttributes(ExifInterface.java:1753)
01-27 16:13:16.021 15461 16936 W ExifInterface: at android.media.ExifInterface.<init>(ExifInterface.java:1447)
01-27 16:13:16.021 15461 16936 W ExifInterface: at amf.a(SourceFile:40)
01-27 16:13:16.021 15461 16936 W ExifInterface: at ahj.b(SourceFile:92)
01-27 16:13:16.021 15461 16936 W ExifInterface: at amc.a(SourceFile:269)
01-27 16:13:16.021 15461 16936 W ExifInterface: at amc.a(SourceFile:224)
01-27 16:13:16.021 15461 16936 W ExifInterface: at amc.a(SourceFile:173)
01-27 16:13:16.021 15461 16936 W ExifInterface: at alw.a(SourceFile:31)
01-27 16:13:16.021 15461 16936 W ExifInterface: at alw.a(SourceFile:14)
01-27 16:13:16.021 15461 16936 W ExifInterface: at ais.a(SourceFile:92)
01-27 16:13:16.021 15461 16936 W ExifInterface: at ais.a(SourceFile:70)
01-27 16:13:16.021 15461 16936 W ExifInterface: at ais.a(SourceFile:59)
01-27 16:13:16.021 15461 16936 W ExifInterface: at ajd.a(SourceFile:76)
01-27 16:13:16.021 15461 16936 W ExifInterface: at ajd.a(SourceFile:57)
01-27 16:13:16.021 15461 16936 W ExifInterface: at air.a(SourceFile:524)
01-27 16:13:16.021 15461 16936 W ExifInterface: at air.a(SourceFile:488)
01-27 16:13:16.021 15461 16936 W ExifInterface: at air.a(SourceFile:474)
01-27 16:13:16.021 15461 16936 W ExifInterface: at air.n(SourceFile:426)
01-27 16:13:16.021 15461 16936 W ExifInterface: at air.a(SourceFile:390)
01-27 16:13:16.021 15461 16936 W ExifInterface: at ajj.a(SourceFile:146)
01-27 16:13:16.021 15461 16936 W ExifInterface: at aim.a(SourceFile:94)
01-27 16:13:16.021 15461 16936 W ExifInterface: at akn$a.a(SourceFile:70)
01-27 16:13:16.021 15461 16936 W ExifInterface: at aim.a(SourceFile:74)
01-27 16:13:16.021 15461 16936 W ExifInterface: at ajj.a(SourceFile:50)
01-27 16:13:16.021 15461 16936 W ExifInterface: at air.k(SourceFile:310)
01-27 16:13:16.021 15461 16936 W ExifInterface: at air.i(SourceFile:279)
01-27 16:13:16.021 15461 16936 W ExifInterface: at air.run(SourceFile:234)
01-27 16:13:16.021 15461 16936 W ExifInterface: at java.util.concurrent.ThreadPoolExecutor.runWorker(ThreadPoolExecutor.java:1167)
01-27 16:13:16.021 15461 16936 W ExifInterface: at java.util.concurrent.ThreadPoolExecutor$Worker.run(ThreadPoolExecutor.java:641)
01-27 16:13:16.021 15461 16936 W ExifInterface: at java.lang.Thread.run(Thread.java:919)
01-27 16:13:16.021 15461 16936 W ExifInterface: at aki$a$1.run(SourceFile:431)
01-27 16:13:16.021 15461 16936 W ExifInterface: Invalid image: ExifInterface got an unsupported image format file(ExifInterface supports JPEG and some RAW image formats only) or a corrupted JPEG file to ExifInterface.
01-27 16:13:16.021 15461 16936 W ExifInterface: java.io.IOException: Invalid byte order: ffff8950
01-27 16:13:16.021 15461 16936 W ExifInterface: at android.media.ExifInterface.readByteOrder(ExifInterface.java:3121)
01-27 16:13:16.021 15461 16936 W ExifInterface: at android.media.ExifInterface.isOrfFormat(ExifInterface.java:2437)
01-27 16:13:16.021 15461 16936 W ExifInterface: at android.media.ExifInterface.getMimeType(ExifInterface.java:2315)
01-27 16:13:16.021 15461 16936 W ExifInterface: at android.media.ExifInterface.loadAttributes(ExifInterface.java:1753)
01-27 16:13:16.021 15461 16936 W ExifInterface: at android.media.ExifInterface.<init>(ExifInterface.java:1447)
01-27 16:13:16.021 15461 16936 W ExifInterface: at amf.a(SourceFile:40)
01-27 16:13:16.021 15461 16936 W ExifInterface: at ahj.b(SourceFile:92)
01-27 16:13:16.021 15461 16936 W ExifInterface: at amc.a(SourceFile:269)
01-27 16:13:16.021 15461 16936 W ExifInterface: at amc.a(SourceFile:224)
01-27 16:13:16.021 15461 16936 W ExifInterface: at amc.a(SourceFile:173)
01-27 16:13:16.021 15461 16936 W ExifInterface: at alw.a(SourceFile:31)
01-27 16:13:16.021 15461 16936 W ExifInterface: at alw.a(SourceFile:14)
01-27 16:13:16.021 15461 16936 W ExifInterface: at ais.a(SourceFile:92)
01-27 16:13:16.021 15461 16936 W ExifInterface: at ais.a(SourceFile:70)
01-27 16:13:16.021 15461 16936 W ExifInterface: at ais.a(SourceFile:59)
01-27 16:13:16.021 15461 16936 W ExifInterface: at ajd.a(SourceFile:76)
01-27 16:13:16.021 15461 16936 W ExifInterface: at ajd.a(SourceFile:57)
01-27 16:13:16.021 15461 16936 W ExifInterface: at air.a(SourceFile:524)
01-27 16:13:16.021 15461 16936 W ExifInterface: at air.a(SourceFile:488)
01-27 16:13:16.021 15461 16936 W ExifInterface: at air.a(SourceFile:474)
01-27 16:13:16.021 15461 16936 W ExifInterface: at air.n(SourceFile:426)
01-27 16:13:16.021 15461 16936 W ExifInterface: at air.a(SourceFile:390)
01-27 16:13:16.021 15461 16936 W ExifInterface: at ajj.a(SourceFile:146)
01-27 16:13:16.021 15461 16936 W ExifInterface: at aim.a(SourceFile:94)
01-27 16:13:16.021 15461 16936 W ExifInterface: at akn$a.a(SourceFile:70)
01-27 16:13:16.021 15461 16936 W ExifInterface: at aim.a(SourceFile:74)
01-27 16:13:16.021 15461 16936 W ExifInterface: at ajj.a(SourceFile:50)
01-27 16:13:16.021 15461 16936 W ExifInterface: at air.k(SourceFile:310)
01-27 16:13:16.021 15461 16936 W ExifInterface: at air.i(SourceFile:279)
01-27 16:13:16.021 15461 16936 W ExifInterface: at air.run(SourceFile:234)
01-27 16:13:16.021 15461 16936 W ExifInterface: at java.util.concurrent.ThreadPoolExecutor.runWorker(ThreadPoolExecutor.java:1167)
01-27 16:13:16.021 15461 16936 W ExifInterface: at java.util.concurrent.ThreadPoolExecutor$Worker.run(ThreadPoolExecutor.java:641)
01-27 16:13:16.021 15461 16936 W ExifInterface: at java.lang.Thread.run(Thread.java:919)
01-27 16:13:16.021 15461 16936 W ExifInterface: at aki$a$1.run(SourceFile:431)
01-27 16:13:20.222 15461 15479 D DecorView: onWindowFocusChangedFromViewRoot hasFocus: true, DecorView@10e257e[CommonMapActivity]
01-27 16:13:20.223 15461 15461 E libprocessgroup: set_timerslack_ns write failed: Operation not permitted
01-27 16:13:20.222 15461 15479 D DecorView: onWindowFocusChangedFromViewRoot hasFocus: true, DecorView@10e257e[CommonMapActivity]
01-27 16:13:20.223 15461 15461 E libprocessgroup: set_timerslack_ns write failed: Operation not permitted
01-27 16:13:22.540 15461 15461 D com.disha.quickride.androidapp.ridemgmt.ridematcher.invite.InviteMatchedUsersFragme nt: onMatchedUserSelection()
01-27 16:13:22.540 15461 15461 D com.disha.quickride.androidapp.ridemgmt.ridematcher.invite.InviteMatchedUsersFragme nt: onMatchedUserSelection()
01-27 16:13:22.582 15461 15461 E SensorManager: unregisterListenerImpl callingApp: com.disha.quickride,callingPid:15461,callingUid:10450
01-27 16:13:22.582 15461 15461 E SensorManager: unregisterListenerImpl callingApp: com.disha.quickride,callingPid:15461,callingUid:10450
01-27 16:13:22.592 15461 15461 D com.disha.quickride.androidapp.util.NetworkStateReceiver: Stop listening to network state changes
01-27 16:13:22.592 15461 15461 D com.disha.quickride.androidapp.util.NetworkStateReceiver: Stop listening to network state changes
01-27 16:13:22.599 15461 15461 E SensorManager: registerListenerImpl sensorName:lsm6dsm Accelerometer Non-wakeup,isWakeUpSensor:false,callingApp: com.disha.quickride,callingPid:15461,callingUid:10450
01-27 16:13:22.599 15461 15461 E SensorManager: registerListenerImpl sensorName:lsm6dsm Accelerometer Non-wakeup,isWakeUpSensor:false,callingApp: com.disha.quickride,callingPid:15461,callingUid:10450
01-27 16:13:22.633 15461 16932 W ExifInterface: Invalid image: ExifInterface got an unsupported image format file(ExifInterface supports JPEG and some RAW image formats only) or a corrupted JPEG file to ExifInterface.
01-27 16:13:22.633 15461 16932 W ExifInterface: java.io.IOException: Invalid byte order: ffff8950
01-27 16:13:22.633 15461 16932 W ExifInterface: at android.media.ExifInterface.readByteOrder(ExifInterface.java:3121)
01-27 16:13:22.633 15461 16932 W ExifInterface: at android.media.ExifInterface.isOrfFormat(ExifInterface.java:2437)
01-27 16:13:22.633 15461 16932 W ExifInterface: at android.media.ExifInterface.getMimeType(ExifInterface.java:2315)
01-27 16:13:22.633 15461 16932 W ExifInterface: at android.media.ExifInterface.loadAttributes(ExifInterface.java:1753)
01-27 16:13:22.633 15461 16932 W ExifInterface: at android.media.ExifInterface.<init>(ExifInterface.java:1447)
01-27 16:13:22.633 15461 16932 W ExifInterface: at amf.a(SourceFile:40)
01-27 16:13:22.633 15461 16932 W ExifInterface: at ahj.b(SourceFile:92)
01-27 16:13:22.633 15461 16932 W ExifInterface: at amc.a(SourceFile:269)
01-27 16:13:22.633 15461 16932 W ExifInterface: at amc.a(SourceFile:224)
01-27 16:13:22.633 15461 16932 W ExifInterface: at amc.a(SourceFile:173)
01-27 16:13:22.633 15461 16932 W ExifInterface: at alw.a(SourceFile:31)
01-27 16:13:22.633 15461 16932 W ExifInterface: at alw.a(SourceFile:14)
01-27 16:13:22.633 15461 16932 W ExifInterface: at ais.a(SourceFile:92)
01-27 16:13:22.633 15461 16932 W ExifInterface: at ais.a(SourceFile:70)
01-27 16:13:22.633 15461 16932 W ExifInterface: at ais.a(SourceFile:59)
01-27 16:13:22.633 15461 16932 W ExifInterface: at ajd.a(SourceFile:76)
01-27 16:13:22.633 15461 16932 W ExifInterface: at ajd.a(SourceFile:57)
01-27 16:13:22.633 15461 16932 W ExifInterface: at air.a(SourceFile:524)
01-27 16:13:22.633 15461 16932 W ExifInterface: at air.a(SourceFile:488)
01-27 16:13:22.633 15461 16932 W ExifInterface: at air.a(SourceFile:474)
01-27 16:13:22.633 15461 16932 W ExifInterface: at air.n(SourceFile:426)
01-27 16:13:22.633 15461 16932 W ExifInterface: at air.a(SourceFile:390)
01-27 16:13:22.633 15461 16932 W ExifInterface: at aim.a(SourceFile:94)
01-27 16:13:22.633 15461 16932 W ExifInterface: at akn$a.a(SourceFile:70)
01-27 16:13:22.633 15461 16932 W ExifInterface: at aim.a(SourceFile:74)
01-27 16:13:22.633 15461 16932 W ExifInterface: at air.k(SourceFile:310)
01-27 16:13:22.633 15461 16932 W ExifInterface: at air.i(SourceFile:276)
01-27 16:13:22.633 15461 16932 W ExifInterface: at air.run(SourceFile:234)
01-27 16:13:22.633 15461 16932 W ExifInterface: at java.util.concurrent.ThreadPoolExecutor.runWorker(ThreadPoolExecutor.java:1167)
01-27 16:13:22.633 15461 16932 W ExifInterface: at java.util.concurrent.ThreadPoolExecutor$Worker.run(ThreadPoolExecutor.java:641)
01-27 16:13:22.633 15461 16932 W ExifInterface: at java.lang.Thread.run(Thread.java:919)
01-27 16:13:22.633 15461 16932 W ExifInterface: at aki$a$1.run(SourceFile:431)
01-27 16:13:22.633 15461 16932 W ExifInterface: Invalid image: ExifInterface got an unsupported image format file(ExifInterface supports JPEG and some RAW image formats only) or a corrupted JPEG file to ExifInterface.
01-27 16:13:22.633 15461 16932 W ExifInterface: java.io.IOException: Invalid byte order: ffff8950
01-27 16:13:22.633 15461 16932 W ExifInterface: at android.media.ExifInterface.readByteOrder(ExifInterface.java:3121)
01-27 16:13:22.633 15461 16932 W ExifInterface: at android.media.ExifInterface.isOrfFormat(ExifInterface.java:2437)
01-27 16:13:22.633 15461 16932 W ExifInterface: at android.media.ExifInterface.getMimeType(ExifInterface.java:2315)
01-27 16:13:22.633 15461 16932 W ExifInterface: at android.media.ExifInterface.loadAttributes(ExifInterface.java:1753)
01-27 16:13:22.633 15461 16932 W ExifInterface: at android.media.ExifInterface.<init>(ExifInterface.java:1447)
01-27 16:13:22.633 15461 16932 W ExifInterface: at amf.a(SourceFile:40)
01-27 16:13:22.633 15461 16932 W ExifInterface: at ahj.b(SourceFile:92)
01-27 16:13:22.633 15461 16932 W ExifInterface: at amc.a(SourceFile:269)
01-27 16:13:22.633 15461 16932 W ExifInterface: at amc.a(SourceFile:224)
01-27 16:13:22.633 15461 16932 W ExifInterface: at amc.a(SourceFile:173)
01-27 16:13:22.633 15461 16932 W ExifInterface: at alw.a(SourceFile:31)
01-27 16:13:22.633 15461 16932 W ExifInterface: at alw.a(SourceFile:14)
01-27 16:13:22.633 15461 16932 W ExifInterface: at ais.a(SourceFile:92)
01-27 16:13:22.633 15461 16932 W ExifInterface: at ais.a(SourceFile:70)
01-27 16:13:22.633 15461 16932 W ExifInterface: at ais.a(SourceFile:59)
01-27 16:13:22.633 15461 16932 W ExifInterface: at ajd.a(SourceFile:76)
01-27 16:13:22.633 15461 16932 W ExifInterface: at ajd.a(SourceFile:57)
01-27 16:13:22.633 15461 16932 W ExifInterface: at air.a(SourceFile:524)
01-27 16:13:22.633 15461 16932 W ExifInterface: at air.a(SourceFile:488)
01-27 16:13:22.633 15461 16932 W ExifInterface: at air.a(SourceFile:474)
01-27 16:13:22.633 15461 16932 W ExifInterface: at air.n(SourceFile:426)
01-27 16:13:22.633 15461 16932 W ExifInterface: at air.a(SourceFile:390)
01-27 16:13:22.633 15461 16932 W ExifInterface: at aim.a(SourceFile:94)
01-27 16:13:22.633 15461 16932 W ExifInterface: at akn$a.a(SourceFile:70)
01-27 16:13:22.633 15461 16932 W ExifInterface: at aim.a(SourceFile:74)
01-27 16:13:22.633 15461 16932 W ExifInterface: at air.k(SourceFile:310)
01-27 16:13:22.633 15461 16932 W ExifInterface: at air.i(SourceFile:276)
01-27 16:13:22.633 15461 16932 W ExifInterface: at air.run(SourceFile:234)
01-27 16:13:22.633 15461 16932 W ExifInterface: at java.util.concurrent.ThreadPoolExecutor.runWorker(ThreadPoolExecutor.java:1167)
01-27 16:13:22.633 15461 16932 W ExifInterface: at java.util.concurrent.ThreadPoolExecutor$Worker.run(ThreadPoolExecutor.java:641)
01-27 16:13:22.633 15461 16932 W ExifInterface: at java.lang.Thread.run(Thread.java:919)
01-27 16:13:22.633 15461 16932 W ExifInterface: at aki$a$1.run(SourceFile:431)
01-27 16:13:22.641 15461 15461 V ViewRootImpl: The specified message queue synchronization barrier token has not been posted or has already been removed
01-27 16:13:22.641 15461 15461 V ViewRootImpl: The specified message queue synchronization barrier token has not been posted or has already been removed
01-27 16:13:22.656 15461 15461 V ViewRootImpl: The specified message queue synchronization barrier token has not been posted or has already been removed
01-27 16:13:22.656 15461 15461 V ViewRootImpl: The specified message queue synchronization barrier token has not been posted or has already been removed
01-27 16:13:22.676 15461 15479 D DecorView: onWindowFocusChangedFromViewRoot hasFocus: true, DecorView@4b6f82c[CommonMapActivity]
01-27 16:13:22.676 15461 15479 D DecorView: onWindowFocusChangedFromViewRoot hasFocus: true, DecorView@4b6f82c[CommonMapActivity]
01-27 16:13:22.694 15461 15479 D DecorView: onWindowFocusChangedFromViewRoot hasFocus: true, DecorView@4b16b18[CommonMapActivity]
01-27 16:13:22.694 15461 15479 D DecorView: onWindowFocusChangedFromViewRoot hasFocus: true, DecorView@4b16b18[CommonMapActivity]
01-27 16:13:22.700 15461 15461 W Choreographer: Already have a pending vsync event. There should only be one at a time.
01-27 16:13:22.700 15461 15461 W Choreographer: Already have a pending vsync event. There should only be one at a time.
01-27 16:13:22.759 15461 15476 W System : A resource failed to call end.
01-27 16:13:22.759 15461 15476 W System : A resource failed to call end.
01-27 16:13:22.760 15461 15476 W System : A resource failed to call end.
01-27 16:13:22.760 15461 15476 W System : A resource failed to call end.
01-27 16:13:22.824 15461 15461 D OnePlusJankManager: Chor uploadMDM JANK_TYPE_ONCE mViewTitle = com.disha.quickride/com.disha.quickride.androidapp.common.CommonMapActivity--- jank level = 1
01-27 16:13:22.824 15461 15461 D OnePlusJankManager: Chor uploadMDM JANK_TYPE_ONCE mViewTitle = com.disha.quickride/com.disha.quickride.androidapp.common.CommonMapActivity--- jank level = 1
01-27 16:13:22.837 15461 15461 D OnePlusJankManager: Chor uploadMDM JANK_TYPE_ONCE mViewTitle = com.disha.quickride/com.disha.quickride.androidapp.common.CommonMapActivity--- jank level = 1
01-27 16:13:22.837 15461 15461 D OnePlusJankManager: Chor uploadMDM JANK_TYPE_ONCE mViewTitle = com.disha.quickride/com.disha.quickride.androidapp.common.CommonMapActivity--- jank level = 1
01-27 16:13:22.850 15461 16011 D com.disha.quickride.androidapp.common.AndroidRestClient.AndroidClientLogger: RestClient.callService with httpRequestMethod = GET
01-27 16:13:22.850 15461 16011 D com.disha.quickride.androidapp.common.AndroidRestClient.AndroidClientLogger: RestClient.callService with httpRequestMethod = GET
01-27 16:13:22.855 15461 15461 D com.disha.quickride.androidapp.location.FindLocationNameForLatLng: getLocationInfoForLatLngAsync for 28.69937, 77.13429
01-27 16:13:22.855 15461 15461 D com.disha.quickride.androidapp.location.FindLocationNameForLatLng: getLocationInfoForLatLngAsync for 28.69937, 77.13429
01-27 16:13:22.858 15461 15461 D com.disha.quickride.androidapp.location.FindLocationNameForLatLng: getLocationInfoForLatLngAsync for 28.57027, 77.20979
01-27 16:13:22.858 15461 15461 D com.disha.quickride.androidapp.location.FindLocationNameForLatLng: getLocationInfoForLatLngAsync for 28.57027, 77.20979
01-27 16:13:22.877 15461 15461 E libprocessgroup: set_timerslack_ns write failed: Operation not permitted
01-27 16:13:22.877 15461 15461 E libprocessgroup: set_timerslack_ns write failed: Operation not permitted
01-27 16:13:22.977 15461 15461 D padding : fixZoomForMarkersAndPolyline:,width,widthPercent162,1080,0.15
01-27 16:13:22.977 15461 15461 D padding : fixZoomForMarkersAndPolyline:,width,widthPercent162,1080,0.15
01-27 16:13:23.232 15461 16011 D com.disha.quickride.androidapp.common.AndroidRestClient.AndroidClientLogger: RestClient.callService response code : 200
01-27 16:13:23.232 15461 16011 D com.disha.quickride.androidapp.common.AndroidRestClient.AndroidClientLogger: RestClient.callService response code : 200 --------- beginning of system
01-27 16:13:28.227 15461 15461 W ViewRootImpl[CommonMapActivity]: Dropping event due to root view being removed: MotionEvent { action=ACTION_OUTSIDE, actionButton=0, id[0]=0, x[0]=5.0, y[0]=457.0, toolType[0]=TOOL_TYPE_FINGER, buttonState=0, classification=NONE, metaState=0, flags=0x0, edgeFlags=0x0, pointerCount=1, historySize=0, eventTime=551123172, downTime=551123172, deviceId=7, source=0x1002, displayId=0 }
01-27 16:13:28.227 15461 15461 W ViewRootImpl[CommonMapActivity]: Dropping event due to root view being removed: MotionEvent { action=ACTION_OUTSIDE, actionButton=0, id[0]=0, x[0]=5.0, y[0]=457.0, toolType[0]=TOOL_TYPE_FINGER, buttonState=0, classification=NONE, metaState=0, flags=0x0, edgeFlags=0x0, pointerCount=1, historySize=0, eventTime=551123172, downTime=551123172, deviceId=7, source=0x1002, displayId=0 }
01-27 16:13:28.227 15461 15461 W InputEventReceiver: Attempted to finish an input event but the input event receiver has already been disposed.
01-27 16:13:28.227 15461 15478 D DecorView: onWindowFocusChangedFromViewRoot hasFocus: true, DecorView@4b6f82c[CommonMapActivity]
01-27 16:13:28.227 15461 15461 W InputEventReceiver: Attempted to finish an input event but the input event receiver has already been disposed.
01-27 16:13:28.227 15461 15478 D DecorView: onWindowFocusChangedFromViewRoot hasFocus: true, DecorView@4b6f82c[CommonMapActivity]
01-27 16:13:28.238 15461 15461 W InputEventReceiver: Attempted to finish an input event but the input event receiver has already been disposed.
01-27 16:13:28.241 15461 15478 D DecorView: onWindowFocusChangedFromViewRoot hasFocus: true, DecorView@10e257e[CommonMapActivity]
01-27 16:13:28.238 15461 15461 W InputEventReceiver: Attempted to finish an input event but the input event receiver has already been disposed.
01-27 16:13:28.241 15461 15478 D DecorView: onWindowFocusChangedFromViewRoot hasFocus: true, DecorView@10e257e[CommonMapActivity]
01-27 16:13:28.242 15461 15461 E libprocessgroup: set_timerslack_ns write failed: Operation not permitted
01-27 16:13:28.242 15461 15461 E libprocessgroup: set_timerslack_ns write failed: Operation not permitted
01-27 16:13:29.970 15461 15461 V ViewRootImpl: The specified message queue synchronization barrier token has not been posted or has already been removed
01-27 16:13:29.970 15461 15461 V ViewRootImpl: The specified message queue synchronization barrier token has not been posted or has already been removed
01-27 16:13:29.991 15461 15478 D DecorView: onWindowFocusChangedFromViewRoot hasFocus: true, DecorView@372ba36[CommonMapActivity]
01-27 16:13:29.991 15461 15478 D DecorView: onWindowFocusChangedFromViewRoot hasFocus: true, DecorView@372ba36[CommonMapActivity]
01-27 16:13:30.021 15461 15620 D com.disha.quickride.androidapp.common.AndroidRestClient.AndroidClientLogger: RestClient.callService with httpRequestMethod = GET
01-27 16:13:30.021 15461 15620 D com.disha.quickride.androidapp.common.AndroidRestClient.AndroidClientLogger: RestClient.callService with httpRequestMethod = GET
01-27 16:13:30.023 15461 15461 D com.disha.quickride.androidapp.location.FindLocationNameForLatLng: getLocationInfoForLatLngAsync for 28.69757, 77.14104
01-27 16:13:30.023 15461 15461 D com.disha.quickride.androidapp.location.FindLocationNameForLatLng: getLocationInfoForLatLngAsync for 28.69757, 77.14104
01-27 16:13:30.025 15461 15461 D com.disha.quickride.androidapp.location.FindLocationNameForLatLng: getLocationInfoForLatLngAsync for 28.57027, 77.20979
01-27 16:13:30.025 15461 15461 D com.disha.quickride.androidapp.location.FindLocationNameForLatLng: getLocationInfoForLatLngAsync for 28.57027, 77.20979
01-27 16:13:30.051 15461 15461 E libprocessgroup: set_timerslack_ns write failed: Operation not permitted
01-27 16:13:30.051 15461 15461 E libprocessgroup: set_timerslack_ns write failed: Operation not permitted
01-27 16:13:30.146 15461 15461 D padding : fixZoomForMarkersAndPolyline:,width,widthPercent162,1080,0.15
01-27 16:13:30.146 15461 15461 D padding : fixZoomForMarkersAndPolyline:,width,widthPercent162,1080,0.15
01-27 16:13:30.404 15461 15620 D com.disha.quickride.androidapp.common.AndroidRestClient.AndroidClientLogger: RestClient.callService response code : 200
01-27 16:13:30.404 15461 15620 D com.disha.quickride.androidapp.common.AndroidRestClient.AndroidClientLogger: RestClient.callService response code : 200
01-27 16:13:28.238 15461 15461 W ViewRootImpl[CommonMapActivity]: Dropping event due to root view being removed: MotionEvent { action=ACTION_OUTSIDE, actionButton=0, id[0]=0, x[0]=5.0, y[0]=457.0, toolType[0]=TOOL_TYPE_FINGER, buttonState=0, classification=NONE, metaState=0, flags=0x0, edgeFlags=0x0, pointerCount=1, historySize=0, eventTime=551123172, downTime=551123172, deviceId=7, source=0x1002, displayId=0 }
01-27 16:13:28.238 15461 15461 W ViewRootImpl[CommonMapActivity]: Dropping event due to root view being removed: MotionEvent { action=ACTION_OUTSIDE, actionButton=0, id[0]=0, x[0]=5.0, y[0]=457.0, toolType[0]=TOOL_TYPE_FINGER, buttonState=0, classification=NONE, metaState=0, flags=0x0, edgeFlags=0x0, pointerCount=1, historySize=0, eventTime=551123172, downTime=551123172, deviceId=7, source=0x1002, displayId=0 }
01-27 16:13:31.947 15461 15548 D com.disha.quickride.androidapp.event.RideMgmtEventServiceProxy: Starting Mqtt client level operations
01-27 16:13:31.947 15461 15548 D com.disha.quickride.androidapp.event.RideMgmtEventServiceProxy: Starting Mqtt client level operations
01-27 16:13:31.949 15461 17748 D com.disha.quickride.androidapp.event.MqttMessageSendingThread: Started publishing Mqtt messages
01-27 16:13:31.950 15461 15548 I com.disha.quickride.androidapp.event.EventServiceConnection: Mqtt connect called
01-27 16:13:31.950 15461 15548 D com.disha.quickride.androidapp.event.EventServiceConnection: brokerURLs
01-27 16:13:31.950 15461 17749 D com.disha.quickride.androidapp.event.MqttTopicSubscribingThread: Started subscribing
01-27 16:13:31.949 15461 17748 D com.disha.quickride.androidapp.event.MqttMessageSendingThread: Started publishing Mqtt messages
01-27 16:13:31.950 15461 17749 D com.disha.quickride.androidapp.event.MqttTopicSubscribingThread: Subscribing to userMsg/80505609211004
01-27 16:13:31.950 15461 15548 I com.disha.quickride.androidapp.event.EventServiceConnection: Mqtt connect called
01-27 16:13:31.950 15461 15548 D com.disha.quickride.androidapp.event.EventServiceConnection: brokerURLs
01-27 16:13:31.950 15461 17749 D com.disha.quickride.androidapp.event.MqttTopicSubscribingThread: Started subscribing
01-27 16:13:31.950 15461 17749 D com.disha.quickride.androidapp.event.MqttTopicSubscribingThread: Subscribing to userMsg/80505609211004
01-27 16:13:31.950 15461 17749 D com.disha.quickride.androidapp.event.EventServiceConnection: Entering subscribe to userMsg/80505609211004
01-27 16:13:31.950 15461 17749 D com.disha.quickride.androidapp.event.EventServiceConnection: Entering subscribe to userMsg/80505609211004
01-27 16:13:31.951 15461 17750 D com.disha.quickride.androidapp.event.MqttTopicUnsubscribingThread: Started unsubscribing
01-27 16:13:31.951 15461 17750 D com.disha.quickride.androidapp.event.MqttTopicUnsubscribingThread: Started unsubscribing
01-27 16:13:33.993 15461 15461 W ViewRootImpl[CommonMapActivity]: Dropping event due to root view being removed: MotionEvent { action=ACTION_OUTSIDE, actionButton=0, id[0]=0, x[0]=-13.0, y[0]=-249.0, toolType[0]=TOOL_TYPE_FINGER, buttonState=0, classification=NONE, metaState=0, flags=0x0, edgeFlags=0x0, pointerCount=1, historySize=0, eventTime=551128944, downTime=551128944, deviceId=7, source=0x1002, displayId=0 }
01-27 16:13:33.993 15461 15461 W InputEventReceiver: Attempted to finish an input event but the input event receiver has already been disposed.
01-27 16:13:33.995 15461 15478 D DecorView: onWindowFocusChangedFromViewRoot hasFocus: true, DecorView@10e257e[CommonMapActivity]
01-27 16:13:33.993 15461 15461 W ViewRootImpl[CommonMapActivity]: Dropping event due to root view being removed: MotionEvent { action=ACTION_OUTSIDE, actionButton=0, id[0]=0, x[0]=-13.0, y[0]=-249.0, toolType[0]=TOOL_TYPE_FINGER, buttonState=0, classification=NONE, metaState=0, flags=0x0, edgeFlags=0x0, pointerCount=1, historySize=0, eventTime=551128944, downTime=551128944, deviceId=7, source=0x1002, displayId=0 }
01-27 16:13:33.993 15461 15461 W InputEventReceiver: Attempted to finish an input event but the input event receiver has already been disposed.
01-27 16:13:33.995 15461 15478 D DecorView: onWindowFocusChangedFromViewRoot hasFocus: true, DecorView@10e257e[CommonMapActivity]
01-27 16:13:33.997 15461 15461 E libprocessgroup: set_timerslack_ns write failed: Operation not permitted
01-27 16:13:33.997 15461 15461 E libprocessgroup: set_timerslack_ns write failed: Operation not permitted
01-27 16:13:48.197 15461 15461 D padding : fixZoomForMarkersAndPolyline:,width,widthPercent162,1080,0.15
01-27 16:13:48.197 15461 15461 D padding : fixZoomForMarkersAndPolyline:,width,widthPercent162,1080,0.15
01-27 16:13:55.360 15461 15461 V ViewRootImpl: The specified message queue synchronization barrier token has not been posted or has already been removed
01-27 16:13:55.360 15461 15461 V ViewRootImpl: The specified message queue synchronization barrier token has not been posted or has already been removed
01-27 16:13:55.376 15461 15478 D DecorView: onWindowFocusChangedFromViewRoot hasFocus: true, DecorView@f1dc55b[CommonMapActivity]
01-27 16:13:55.376 15461 15478 D DecorView: onWindowFocusChangedFromViewRoot hasFocus: true, DecorView@f1dc55b[CommonMapActivity]
