01-27 16:13:55.394 15461 15461 E libprocessgroup: set_timerslack_ns write failed: Operation not permitted
01-27 16:13:55.394 15461 15461 E libprocessgroup: set_timerslack_ns write failed: Operation not permitted
01-27 16:13:55.536 15461 15461 D padding : fixZoomForMarkersAndPolyline:,width,widthPercent162,1080,0.15
01-27 16:13:55.536 15461 15461 D padding : fixZoomForMarkersAndPolyline:,width,widthPercent162,1080,0.15
01-27 16:13:55.630 15461 15461 I Surface : opservice is null false
01-27 16:13:55.630 15461 15461 I Surface : opservice is null false
01-27 16:13:55.641 15461 15461 W ViewRootImpl[CommonMapActivity]: Dropping event due to root view being removed: MotionEvent { action=ACTION_OUTSIDE, actionButton=0, id[0]=0, x[0]=545.0, y[0]=457.0, toolType[0]=TOOL_TYPE_FINGER, buttonState=0, classification=NONE, metaState=0, flags=0x0, edgeFlags=0x0, pointerCount=1, historySize=0, eventTime=551150590, downTime=551150590, deviceId=7, source=0x1002, displayId=0 }
01-27 16:13:55.641 15461 15461 W ViewRootImpl[CommonMapActivity]: Dropping event due to root view being removed: MotionEvent { action=ACTION_OUTSIDE, actionButton=0, id[0]=0, x[0]=545.0, y[0]=457.0, toolType[0]=TOOL_TYPE_FINGER, buttonState=0, classification=NONE, metaState=0, flags=0x0, edgeFlags=0x0, pointerCount=1, historySize=0, eventTime=551150590, downTime=551150590, deviceId=7, source=0x1002, displayId=0 }
01-27 16:13:55.641 15461 15461 W InputEventReceiver: Attempted to finish an input event but the input event receiver has already been disposed.
01-27 16:13:55.641 15461 15478 D DecorView: onWindowFocusChangedFromViewRoot hasFocus: true, DecorView@10e257e[CommonMapActivity]
01-27 16:13:55.641 15461 15461 W InputEventReceiver: Attempted to finish an input event but the input event receiver has already been disposed.
01-27 16:13:55.641 15461 15478 D DecorView: onWindowFocusChangedFromViewRoot hasFocus: true, DecorView@10e257e[CommonMapActivity]
01-27 16:13:55.644 15461 15461 E libprocessgroup: set_timerslack_ns write failed: Operation not permitted
01-27 16:13:55.644 15461 15461 E libprocessgroup: set_timerslack_ns write failed: Operation not permitted
01-27 16:13:56.077 15461 15461 V ViewRootImpl: The specified message queue synchronization barrier token has not been posted or has already been removed
01-27 16:13:56.077 15461 15461 V ViewRootImpl: The specified message queue synchronization barrier token has not been posted or has already been removed
01-27 16:13:56.091 15461 15478 D DecorView: onWindowFocusChangedFromViewRoot hasFocus: true, DecorView@de0f094[CommonMapActivity]
01-27 16:13:56.091 15461 15478 D DecorView: onWindowFocusChangedFromViewRoot hasFocus: true, DecorView@de0f094[CommonMapActivity]
01-27 16:13:56.096 15461 15461 W Choreographer: Already have a pending vsync event. There should only be one at a time.
01-27 16:13:56.096 15461 15461 W Choreographer: Already have a pending vsync event. There should only be one at a time.
01-27 16:13:56.110 15461 15461 E libprocessgroup: set_timerslack_ns write failed: Operation not permitted
01-27 16:13:56.110 15461 15461 E libprocessgroup: set_timerslack_ns write failed: Operation not permitted
01-27 16:13:56.139 15461 15600 D com.disha.quickride.androidapp.common.AndroidRestClient.AndroidClientLogger: RestClient.callService with httpRequestMethod = GET
01-27 16:13:56.139 15461 15600 D com.disha.quickride.androidapp.common.AndroidRestClient.AndroidClientLogger: RestClient.callService with httpRequestMethod = GET
01-27 16:13:56.139 15461 16308 D com.disha.quickride.androidapp.common.AndroidRestClient.AndroidClientLogger: RestClient.callService with httpRequestMethod = GET
01-27 16:13:56.139 15461 16308 D com.disha.quickride.androidapp.common.AndroidRestClient.AndroidClientLogger: RestClient.callService with httpRequestMethod = GET
01-27 16:13:56.140 15461 15461 D com.disha.quickride.androidapp.location.FindLocationNameForLatLng: getLocationInfoForLatLngAsync for 28.70121, 77.13528
01-27 16:13:56.140 15461 15461 D com.disha.quickride.androidapp.location.FindLocationNameForLatLng: getLocationInfoForLatLngAsync for 28.70121, 77.13528
01-27 16:13:56.142 15461 15461 D com.disha.quickride.androidapp.location.FindLocationNameForLatLng: getLocationInfoForLatLngAsync for 28.55845, 77.20512
01-27 16:13:56.142 15461 15461 D com.disha.quickride.androidapp.location.FindLocationNameForLatLng: getLocationInfoForLatLngAsync for 28.55845, 77.20512
01-27 16:13:56.254 15461 15461 D padding : fixZoomForMarkersAndPolyline:,width,widthPercent162,1080,0.15
01-27 16:13:56.254 15461 15461 D padding : fixZoomForMarkersAndPolyline:,width,widthPercent162,1080,0.15
01-27 16:13:56.504 15461 15600 D com.disha.quickride.androidapp.common.AndroidRestClient.AndroidClientLogger: RestClient.callService response code : 200
01-27 16:13:56.504 15461 15600 D com.disha.quickride.androidapp.common.AndroidRestClient.AndroidClientLogger: RestClient.callService response code : 200
01-27 16:13:56.515 15461 16308 D com.disha.quickride.androidapp.common.AndroidRestClient.AndroidClientLogger: RestClient.callService response code : 200
01-27 16:13:56.515 15461 16308 D com.disha.quickride.androidapp.common.AndroidRestClient.AndroidClientLogger: RestClient.callService response code : 200
01-27 16:13:58.753 15461 15461 W ViewRootImpl[CommonMapActivity]: Dropping event due to root view being removed: MotionEvent { action=ACTION_OUTSIDE, actionButton=0, id[0]=0, x[0]=27.0, y[0]=-173.0, toolType[0]=TOOL_TYPE_FINGER, buttonState=0, classification=NONE, metaState=0, flags=0x0, edgeFlags=0x0, pointerCount=1, historySize=0, eventTime=551153697, downTime=551153697, deviceId=7, source=0x1002, displayId=0 }
01-27 16:13:58.753 15461 15461 W InputEventReceiver: Attempted to finish an input event but the input event receiver has already been disposed.
01-27 16:13:58.753 15461 15461 W ViewRootImpl[CommonMapActivity]: Dropping event due to root view being removed: MotionEvent { action=ACTION_OUTSIDE, actionButton=0, id[0]=0, x[0]=27.0, y[0]=-173.0, toolType[0]=TOOL_TYPE_FINGER, buttonState=0, classification=NONE, metaState=0, flags=0x0, edgeFlags=0x0, pointerCount=1, historySize=0, eventTime=551153697, downTime=551153697, deviceId=7, source=0x1002, displayId=0 }
01-27 16:13:58.753 15461 15461 W InputEventReceiver: Attempted to finish an input event but the input event receiver has already been disposed.
01-27 16:13:58.755 15461 15478 D DecorView: onWindowFocusChangedFromViewRoot hasFocus: true, DecorView@10e257e[CommonMapActivity]
01-27 16:13:58.758 15461 15461 E libprocessgroup: set_timerslack_ns write failed: Operation not permitted
01-27 16:13:58.755 15461 15478 D DecorView: onWindowFocusChangedFromViewRoot hasFocus: true, DecorView@10e257e[CommonMapActivity]
01-27 16:13:58.758 15461 15461 E libprocessgroup: set_timerslack_ns write failed: Operation not permitted
01-27 16:14:02.467 15461 15461 V ViewRootImpl: The specified message queue synchronization barrier token has not been posted or has already been removed
01-27 16:14:02.467 15461 15461 V ViewRootImpl: The specified message queue synchronization barrier token has not been posted or has already been removed
01-27 16:14:02.484 15461 15478 D DecorView: onWindowFocusChangedFromViewRoot hasFocus: true, DecorView@9c199c8[CommonMapActivity]
01-27 16:14:02.484 15461 15478 D DecorView: onWindowFocusChangedFromViewRoot hasFocus: true, DecorView@9c199c8[CommonMapActivity]
01-27 16:14:02.500 15461 15461 E libprocessgroup: set_timerslack_ns write failed: Operation not permitted
01-27 16:14:02.512 15461 15461 D com.disha.quickride.androidapp.location.FindLocationNameForLatLng: getLocationInfoForLatLngAsync for 28.70121, 77.13528
01-27 16:14:02.500 15461 15461 E libprocessgroup: set_timerslack_ns write failed: Operation not permitted
01-27 16:14:02.512 15461 15461 D com.disha.quickride.androidapp.location.FindLocationNameForLatLng: getLocationInfoForLatLngAsync for 28.70121, 77.13528
01-27 16:14:02.525 15461 15461 D com.disha.quickride.androidapp.location.FindLocationNameForLatLng: getLocationInfoForLatLngAsync for 28.57027, 77.20979
01-27 16:14:02.525 15461 15461 D com.disha.quickride.androidapp.location.FindLocationNameForLatLng: getLocationInfoForLatLngAsync for 28.57027, 77.20979
01-27 16:14:02.639 15461 15461 D padding : fixZoomForMarkersAndPolyline:,width,widthPercent162,1080,0.15
01-27 16:14:02.639 15461 15461 D padding : fixZoomForMarkersAndPolyline:,width,widthPercent162,1080,0.15
01-27 16:14:03.249 15461 15461 W InputEventReceiver: Attempted to finish an input event but the input event receiver has already been disposed.
01-27 16:14:03.249 15461 15461 W InputEventReceiver: Attempted to finish an input event but the input event receiver has already been disposed.
01-27 16:14:03.252 15461 15478 D DecorView: onWindowFocusChangedFromViewRoot hasFocus: true, DecorView@10e257e[CommonMapActivity]
01-27 16:14:03.252 15461 15478 D DecorView: onWindowFocusChangedFromViewRoot hasFocus: true, DecorView@10e257e[CommonMapActivity]
01-27 16:14:03.254 15461 15461 E libprocessgroup: set_timerslack_ns write failed: Operation not permitted
01-27 16:14:03.254 15461 15461 E libprocessgroup: set_timerslack_ns write failed: Operation not permitted
01-27 16:14:06.188 15461 15461 V ViewRootImpl: The specified message queue synchronization barrier token has not been posted or has already been removed
01-27 16:14:06.188 15461 15461 V ViewRootImpl: The specified message queue synchronization barrier token has not been posted or has already been removed
01-27 16:14:06.201 15461 15478 D DecorView: onWindowFocusChangedFromViewRoot hasFocus: true, DecorView@870fe3d[CommonMapActivity]
01-27 16:14:06.201 15461 15478 D DecorView: onWindowFocusChangedFromViewRoot hasFocus: true, DecorView@870fe3d[CommonMapActivity]
01-27 16:14:06.213 15461 15461 W Choreographer: Already have a pending vsync event. There should only be one at a time.
01-27 16:14:06.213 15461 15461 W Choreographer: Already have a pending vsync event. There should only be one at a time.
01-27 16:14:06.219 15461 15461 E libprocessgroup: set_timerslack_ns write failed: Operation not permitted
01-27 16:14:06.219 15461 15461 E libprocessgroup: set_timerslack_ns write failed: Operation not permitted
01-27 16:14:06.257 15461 15461 D com.disha.quickride.androidapp.location.FindLocationNameForLatLng: getLocationInfoForLatLngAsync for 28.70121, 77.13528
01-27 16:14:06.257 15461 15461 D com.disha.quickride.androidapp.location.FindLocationNameForLatLng: getLocationInfoForLatLngAsync for 28.70121, 77.13528
01-27 16:14:06.268 15461 15461 D com.disha.quickride.androidapp.location.FindLocationNameForLatLng: getLocationInfoForLatLngAsync for 28.57027, 77.20979
01-27 16:14:06.268 15461 15461 D com.disha.quickride.androidapp.location.FindLocationNameForLatLng: getLocationInfoForLatLngAsync for 28.57027, 77.20979
01-27 16:14:06.343 15461 16935 W ExifInterface: Invalid image: ExifInterface got an unsupported image format file(ExifInterface supports JPEG and some RAW image formats only) or a corrupted JPEG file to ExifInterface.
01-27 16:14:06.343 15461 16935 W ExifInterface: java.io.IOException: Invalid byte order: ffff8950
01-27 16:14:06.343 15461 16935 W ExifInterface: at android.media.ExifInterface.readByteOrder(ExifInterface.java:3121)
01-27 16:14:06.343 15461 16935 W ExifInterface: at android.media.ExifInterface.isOrfFormat(ExifInterface.java:2437)
01-27 16:14:06.343 15461 16935 W ExifInterface: at android.media.ExifInterface.getMimeType(ExifInterface.java:2315)
01-27 16:14:06.343 15461 16935 W ExifInterface: at android.media.ExifInterface.loadAttributes(ExifInterface.java:1753)
01-27 16:14:06.343 15461 16935 W ExifInterface: at android.media.ExifInterface.<init>(ExifInterface.java:1447)
01-27 16:14:06.343 15461 16935 W ExifInterface: at amf.a(SourceFile:40)
01-27 16:14:06.343 15461 16935 W ExifInterface: at ahj.b(SourceFile:92)
01-27 16:14:06.343 15461 16935 W ExifInterface: at amc.a(SourceFile:269)
01-27 16:14:06.343 15461 16935 W ExifInterface: at amc.a(SourceFile:224)
01-27 16:14:06.343 15461 16935 W ExifInterface: at amc.a(SourceFile:173)
01-27 16:14:06.343 15461 16935 W ExifInterface: at alw.a(SourceFile:31)
01-27 16:14:06.343 15461 16935 W ExifInterface: at alw.a(SourceFile:14)
01-27 16:14:06.343 15461 16935 W ExifInterface: at ais.a(SourceFile:92)
01-27 16:14:06.343 15461 16935 W ExifInterface: at ais.a(SourceFile:70)
01-27 16:14:06.343 15461 16935 W ExifInterface: at ais.a(SourceFile:59)
01-27 16:14:06.343 15461 16935 W ExifInterface: at ajd.a(SourceFile:76)
01-27 16:14:06.343 15461 16935 W ExifInterface: at ajd.a(SourceFile:57)
01-27 16:14:06.343 15461 16935 W ExifInterface: at air.a(SourceFile:524)
01-27 16:14:06.343 15461 16935 W ExifInterface: at air.a(SourceFile:488)
01-27 16:14:06.343 15461 16935 W ExifInterface: at air.a(SourceFile:474)
01-27 16:14:06.343 15461 16935 W ExifInterface: at air.n(SourceFile:426)
01-27 16:14:06.343 15461 16935 W ExifInterface: at air.a(SourceFile:390)
01-27 16:14:06.343 15461 16935 W ExifInterface: at ajj.a(SourceFile:146)
01-27 16:14:06.343 15461 16935 W ExifInterface: at aim.a(SourceFile:94)
01-27 16:14:06.343 15461 16935 W ExifInterface: at akn$a.a(SourceFile:70)
01-27 16:14:06.343 15461 16935 W ExifInterface: at aim.a(SourceFile:74)
01-27 16:14:06.343 15461 16935 W ExifInterface: at ajj.a(SourceFile:50)
01-27 16:14:06.343 15461 16935 W ExifInterface: at air.k(SourceFile:310)
01-27 16:14:06.343 15461 16935 W ExifInterface: at air.i(SourceFile:279)
01-27 16:14:06.343 15461 16935 W ExifInterface: at air.run(SourceFile:234)
01-27 16:14:06.343 15461 16935 W ExifInterface: at java.util.concurrent.ThreadPoolExecutor.runWorker(ThreadPoolExecutor.java:1167)
01-27 16:14:06.343 15461 16935 W ExifInterface: at java.util.concurrent.ThreadPoolExecutor$Worker.run(ThreadPoolExecutor.java:641)
01-27 16:14:06.343 15461 16935 W ExifInterface: at java.lang.Thread.run(Thread.java:919)
01-27 16:14:06.343 15461 16935 W ExifInterface: at aki$a$1.run(SourceFile:431)
01-27 16:14:06.343 15461 16935 W ExifInterface: Invalid image: ExifInterface got an unsupported image format file(ExifInterface supports JPEG and some RAW image formats only) or a corrupted JPEG file to ExifInterface.
01-27 16:14:06.343 15461 16935 W ExifInterface: java.io.IOException: Invalid byte order: ffff8950
01-27 16:14:06.343 15461 16935 W ExifInterface: at android.media.ExifInterface.readByteOrder(ExifInterface.java:3121)
01-27 16:14:06.343 15461 16935 W ExifInterface: at android.media.ExifInterface.isOrfFormat(ExifInterface.java:2437)
01-27 16:14:06.343 15461 16935 W ExifInterface: at android.media.ExifInterface.getMimeType(ExifInterface.java:2315)
01-27 16:14:06.343 15461 16935 W ExifInterface: at android.media.ExifInterface.loadAttributes(ExifInterface.java:1753)
01-27 16:14:06.343 15461 16935 W ExifInterface: at android.media.ExifInterface.<init>(ExifInterface.java:1447)
01-27 16:14:06.343 15461 16935 W ExifInterface: at amf.a(SourceFile:40)
01-27 16:14:06.343 15461 16935 W ExifInterface: at ahj.b(SourceFile:92)
01-27 16:14:06.343 15461 16935 W ExifInterface: at amc.a(SourceFile:269)
01-27 16:14:06.343 15461 16935 W ExifInterface: at amc.a(SourceFile:224)
01-27 16:14:06.343 15461 16935 W ExifInterface: at amc.a(SourceFile:173)
01-27 16:14:06.343 15461 16935 W ExifInterface: at alw.a(SourceFile:31)
01-27 16:14:06.343 15461 16935 W ExifInterface: at alw.a(SourceFile:14)
01-27 16:14:06.343 15461 16935 W ExifInterface: at ais.a(SourceFile:92)
01-27 16:14:06.343 15461 16935 W ExifInterface: at ais.a(SourceFile:70)
01-27 16:14:06.343 15461 16935 W ExifInterface: at ais.a(SourceFile:59)
01-27 16:14:06.343 15461 16935 W ExifInterface: at ajd.a(SourceFile:76)
01-27 16:14:06.343 15461 16935 W ExifInterface: at ajd.a(SourceFile:57)
01-27 16:14:06.343 15461 16935 W ExifInterface: at air.a(SourceFile:524)
01-27 16:14:06.343 15461 16935 W ExifInterface: at air.a(SourceFile:488)
01-27 16:14:06.343 15461 16935 W ExifInterface: at air.a(SourceFile:474)
01-27 16:14:06.343 15461 16935 W ExifInterface: at air.n(SourceFile:426)
01-27 16:14:06.343 15461 16935 W ExifInterface: at air.a(SourceFile:390)
01-27 16:14:06.343 15461 16935 W ExifInterface: at ajj.a(SourceFile:146)
01-27 16:14:06.343 15461 16935 W ExifInterface: at aim.a(SourceFile:94)
01-27 16:14:06.343 15461 16935 W ExifInterface: at akn$a.a(SourceFile:70)
01-27 16:14:06.343 15461 16935 W ExifInterface: at aim.a(SourceFile:74)
01-27 16:14:06.343 15461 16935 W ExifInterface: at ajj.a(SourceFile:50)
01-27 16:14:06.343 15461 16935 W ExifInterface: at air.k(SourceFile:310)
01-27 16:14:06.343 15461 16935 W ExifInterface: at air.i(SourceFile:279)
01-27 16:14:06.343 15461 16935 W ExifInterface: at air.run(SourceFile:234)
01-27 16:14:06.343 15461 16935 W ExifInterface: at java.util.concurrent.ThreadPoolExecutor.runWorker(ThreadPoolExecutor.java:1167)
01-27 16:14:06.343 15461 16935 W ExifInterface: at java.util.concurrent.ThreadPoolExecutor$Worker.run(ThreadPoolExecutor.java:641)
01-27 16:14:06.343 15461 16935 W ExifInterface: at java.lang.Thread.run(Thread.java:919)
01-27 16:14:06.343 15461 16935 W ExifInterface: at aki$a$1.run(SourceFile:431)
01-27 16:14:06.346 15461 15461 I Surface : opservice is null false
01-27 16:14:06.346 15461 15461 I Surface : opservice is null false
01-27 16:14:06.391 15461 15461 D padding : fixZoomForMarkersAndPolyline:,width,widthPercent162,1080,0.15
01-27 16:14:06.391 15461 15461 D padding : fixZoomForMarkersAndPolyline:,width,widthPercent162,1080,0.15
01-27 16:14:07.159 15461 15461 W InputEventReceiver: Attempted to finish an input event but the input event receiver has already been disposed.
01-27 16:14:07.159 15461 15461 W InputEventReceiver: Attempted to finish an input event but the input event receiver has already been disposed.
01-27 16:14:07.164 15461 15478 D DecorView: onWindowFocusChangedFromViewRoot hasFocus: true, DecorView@10e257e[CommonMapActivity]
01-27 16:14:07.164 15461 15478 D DecorView: onWindowFocusChangedFromViewRoot hasFocus: true, DecorView@10e257e[CommonMapActivity]
01-27 16:14:07.166 15461 15461 E libprocessgroup: set_timerslack_ns write failed: Operation not permitted
01-27 16:14:07.166 15461 15461 E libprocessgroup: set_timerslack_ns write failed: Operation not permitted
01-27 16:14:12.926 15461 15461 V ViewRootImpl: The specified message queue synchronization barrier token has not been posted or has already been removed
01-27 16:14:12.926 15461 15461 V ViewRootImpl: The specified message queue synchronization barrier token has not been posted or has already been removed
01-27 16:14:12.956 15461 15478 D DecorView: onWindowFocusChangedFromViewRoot hasFocus: true, DecorView@ade8ae4[CommonMapActivity]
01-27 16:14:12.956 15461 15478 D DecorView: onWindowFocusChangedFromViewRoot hasFocus: true, DecorView@ade8ae4[CommonMapActivity]
01-27 16:14:12.968 15461 15461 W Choreographer: Already have a pending vsync event. There should only be one at a time.
01-27 16:14:12.968 15461 15461 W Choreographer: Already have a pending vsync event. There should only be one at a time.
01-27 16:14:12.973 15461 15461 E libprocessgroup: set_timerslack_ns write failed: Operation not permitted
01-27 16:14:12.973 15461 15461 E libprocessgroup: set_timerslack_ns write failed: Operation not permitted
01-27 16:14:13.100 15461 15461 D padding : fixZoomForMarkersAndPolyline:,width,widthPercent162,1080,0.15
01-27 16:14:13.100 15461 15461 D padding : fixZoomForMarkersAndPolyline:,width,widthPercent162,1080,0.15
01-27 16:14:13.926 15461 15461 W ViewRootImpl[CommonMapActivity]: Dropping event due to root view being removed: MotionEvent { action=ACTION_OUTSIDE, actionButton=0, id[0]=0, x[0]=361.0, y[0]=425.0, toolType[0]=TOOL_TYPE_FINGER, buttonState=0, classification=NONE, metaState=0, flags=0x0, edgeFlags=0x0, pointerCount=1, historySize=0, eventTime=551168875, downTime=551168875, deviceId=7, source=0x1002, displayId=0 }
01-27 16:14:13.926 15461 15461 W ViewRootImpl[CommonMapActivity]: Dropping event due to root view being removed: MotionEvent { action=ACTION_OUTSIDE, actionButton=0, id[0]=0, x[0]=361.0, y[0]=425.0, toolType[0]=TOOL_TYPE_FINGER, buttonState=0, classification=NONE, metaState=0, flags=0x0, edgeFlags=0x0, pointerCount=1, historySize=0, eventTime=551168875, downTime=551168875, deviceId=7, source=0x1002, displayId=0 }
01-27 16:14:13.926 15461 15461 W InputEventReceiver: Attempted to finish an input event but the input event receiver has already been disposed.
01-27 16:14:13.926 15461 15461 W InputEventReceiver: Attempted to finish an input event but the input event receiver has already been disposed.
01-27 16:14:13.929 15461 15478 D DecorView: onWindowFocusChangedFromViewRoot hasFocus: true, DecorView@10e257e[CommonMapActivity]
01-27 16:14:13.931 15461 15461 E libprocessgroup: set_timerslack_ns write failed: Operation not permitted
01-27 16:14:13.929 15461 15478 D DecorView: onWindowFocusChangedFromViewRoot hasFocus: true, DecorView@10e257e[CommonMapActivity]
01-27 16:14:13.931 15461 15461 E libprocessgroup: set_timerslack_ns write failed: Operation not permitted
01-27 16:14:14.304 15461 15461 V ViewRootImpl: The specified message queue synchronization barrier token has not been posted or has already been removed
01-27 16:14:14.304 15461 15461 V ViewRootImpl: The specified message queue synchronization barrier token has not been posted or has already been removed
01-27 16:14:14.321 15461 15478 D DecorView: onWindowFocusChangedFromViewRoot hasFocus: true, DecorView@27a1f27[CommonMapActivity]
01-27 16:14:14.321 15461 15478 D DecorView: onWindowFocusChangedFromViewRoot hasFocus: true, DecorView@27a1f27[CommonMapActivity]
01-27 16:14:14.338 15461 15461 E libprocessgroup: set_timerslack_ns write failed: Operation not permitted
01-27 16:14:14.338 15461 15461 E libprocessgroup: set_timerslack_ns write failed: Operation not permitted
01-27 16:14:14.480 15461 15461 D padding : fixZoomForMarkersAndPolyline:,width,widthPercent162,1080,0.15
01-27 16:14:14.480 15461 15461 D padding : fixZoomForMarkersAndPolyline:,width,widthPercent162,1080,0.15
01-27 16:14:15.160 15461 15461 W ViewRootImpl[CommonMapActivity]: Dropping event due to root view being removed: MotionEvent { action=ACTION_OUTSIDE, actionButton=0, id[0]=0, x[0]=359.0, y[0]=442.0, toolType[0]=TOOL_TYPE_FINGER, buttonState=0, classification=NONE, metaState=0, flags=0x0, edgeFlags=0x0, pointerCount=1, historySize=0, eventTime=551170103, downTime=551170103, deviceId=7, source=0x1002, displayId=0 }
01-27 16:14:15.160 15461 15461 W ViewRootImpl[CommonMapActivity]: Dropping event due to root view being removed: MotionEvent { action=ACTION_OUTSIDE, actionButton=0, id[0]=0, x[0]=359.0, y[0]=442.0, toolType[0]=TOOL_TYPE_FINGER, buttonState=0, classification=NONE, metaState=0, flags=0x0, edgeFlags=0x0, pointerCount=1, historySize=0, eventTime=551170103, downTime=551170103, deviceId=7, source=0x1002, displayId=0 }
01-27 16:14:15.160 15461 15461 W InputEventReceiver: Attempted to finish an input event but the input event receiver has already been disposed.
01-27 16:14:15.160 15461 15461 W InputEventReceiver: Attempted to finish an input event but the input event receiver has already been disposed.
01-27 16:14:15.168 15461 15478 D DecorView: onWindowFocusChangedFromViewRoot hasFocus: true, DecorView@10e257e[CommonMapActivity]
01-27 16:14:15.168 15461 15478 D DecorView: onWindowFocusChangedFromViewRoot hasFocus: true, DecorView@10e257e[CommonMapActivity]
01-27 16:14:15.170 15461 15461 E libprocessgroup: set_timerslack_ns write failed: Operation not permitted
01-27 16:14:15.170 15461 15461 E libprocessgroup: set_timerslack_ns write failed: Operation not permitted
01-27 16:14:15.550 15461 15461 V ViewRootImpl: The specified message queue synchronization barrier token has not been posted or has already been removed
01-27 16:14:15.550 15461 15461 V ViewRootImpl: The specified message queue synchronization barrier token has not been posted or has already been removed
01-27 16:14:15.567 15461 15478 D DecorView: onWindowFocusChangedFromViewRoot hasFocus: true, DecorView@2969ce1[CommonMapActivity]
01-27 16:14:15.567 15461 15478 D DecorView: onWindowFocusChangedFromViewRoot hasFocus: true, DecorView@2969ce1[CommonMapActivity]
01-27 16:14:15.574 15461 15461 W Choreographer: Already have a pending vsync event. There should only be one at a time.
01-27 16:14:15.574 15461 15461 W Choreographer: Already have a pending vsync event. There should only be one at a time.
01-27 16:14:15.581 15461 15461 E libprocessgroup: set_timerslack_ns write failed: Operation not permitted
01-27 16:14:15.581 15461 15461 E libprocessgroup: set_timerslack_ns write failed: Operation not permitted
01-27 16:14:15.729 15461 15461 D padding : fixZoomForMarkersAndPolyline:,width,widthPercent162,1080,0.15
01-27 16:14:15.729 15461 15461 D padding : fixZoomForMarkersAndPolyline:,width,widthPercent162,1080,0.15
01-27 16:14:17.760 15461 15461 W ViewRootImpl[CommonMapActivity]: Dropping event due to root view being removed: MotionEvent { action=ACTION_OUTSIDE, actionButton=0, id[0]=0, x[0]=403.0, y[0]=450.0, toolType[0]=TOOL_TYPE_FINGER, buttonState=0, classification=NONE, metaState=0, flags=0x0, edgeFlags=0x0, pointerCount=1, historySize=0, eventTime=551172702, downTime=551172702, deviceId=7, source=0x1002, displayId=0 }
01-27 16:14:17.760 15461 15461 W InputEventReceiver: Attempted to finish an input event but the input event receiver has already been disposed.
01-27 16:14:17.761 15461 15478 D DecorView: onWindowFocusChangedFromViewRoot hasFocus: true, DecorView@10e257e[CommonMapActivity]
01-27 16:14:17.760 15461 15461 W ViewRootImpl[CommonMapActivity]: Dropping event due to root view being removed: MotionEvent { action=ACTION_OUTSIDE, actionButton=0, id[0]=0, x[0]=403.0, y[0]=450.0, toolType[0]=TOOL_TYPE_FINGER, buttonState=0, classification=NONE, metaState=0, flags=0x0, edgeFlags=0x0, pointerCount=1, historySize=0, eventTime=551172702, downTime=551172702, deviceId=7, source=0x1002, displayId=0 }
01-27 16:14:17.760 15461 15461 W InputEventReceiver: Attempted to finish an input event but the input event receiver has already been disposed.
01-27 16:14:17.761 15461 15478 D DecorView: onWindowFocusChangedFromViewRoot hasFocus: true, DecorView@10e257e[CommonMapActivity]
01-27 16:14:17.764 15461 15461 E libprocessgroup: set_timerslack_ns write failed: Operation not permitted
01-27 16:14:17.764 15461 15461 E libprocessgroup: set_timerslack_ns write failed: Operation not permitted
01-27 16:14:18.360 15461 15461 D padding : fixZoomForMarkersAndPolyline:,width,widthPercent162,1080,0.15
01-27 16:14:18.360 15461 15461 D padding : fixZoomForMarkersAndPolyline:,width,widthPercent162,1080,0.15
01-27 16:14:21.445 15461 15461 V ViewRootImpl: The specified message queue synchronization barrier token has not been posted or has already been removed
01-27 16:14:21.445 15461 15461 V ViewRootImpl: The specified message queue synchronization barrier token has not been posted or has already been removed
01-27 16:14:21.467 15461 18132 D DecorView: onWindowFocusChangedFromViewRoot hasFocus: true, DecorView@1262fc2[CommonMapActivity]
01-27 16:14:21.467 15461 18132 D DecorView: onWindowFocusChangedFromViewRoot hasFocus: true, DecorView@1262fc2[CommonMapActivity]
01-27 16:14:21.490 15461 15461 E libprocessgroup: set_timerslack_ns write failed: Operation not permitted
01-27 16:14:21.490 15461 15461 E libprocessgroup: set_timerslack_ns write failed: Operation not permitted
01-27 16:14:21.614 15461 15461 D padding : fixZoomForMarkersAndPolyline:,width,widthPercent162,1080,0.15
01-27 16:14:21.614 15461 15461 D padding : fixZoomForMarkersAndPolyline:,width,widthPercent162,1080,0.15
01-27 16:14:22.323 15461 15548 D com.disha.quickride.androidapp.event.LocationUpdateEventServiceProxy: Starting Mqtt client level operations
01-27 16:14:22.323 15461 15548 D com.disha.quickride.androidapp.event.LocationUpdateEventServiceProxy: Starting Mqtt client level operations
01-27 16:14:22.325 15461 18141 D com.disha.quickride.androidapp.event.MqttMessageSendingThread: Started publishing Mqtt messages
01-27 16:14:22.325 15461 18141 D com.disha.quickride.androidapp.event.MqttMessageSendingThread: Started publishing Mqtt messages
01-27 16:14:22.325 15461 18142 D com.disha.quickride.androidapp.event.MqttTopicSubscribingThread: Started subscribing
01-27 16:14:22.325 15461 18142 D com.disha.quickride.androidapp.event.MqttTopicSubscribingThread: Started subscribing
01-27 16:14:22.328 15461 18143 D com.disha.quickride.androidapp.event.MqttTopicUnsubscribingThread: Started unsubscribing
01-27 16:14:22.328 15461 18143 D com.disha.quickride.androidapp.event.MqttTopicUnsubscribingThread: Started unsubscribing
01-27 16:14:22.967 15461 15461 W ViewRootImpl[CommonMapActivity]: Dropping event due to root view being removed: MotionEvent { action=ACTION_OUTSIDE, actionButton=0, id[0]=0, x[0]=642.0, y[0]=435.0, toolType[0]=TOOL_TYPE_FINGER, buttonState=0, classification=NONE, metaState=0, flags=0x0, edgeFlags=0x0, pointerCount=1, historySize=0, eventTime=551177914, downTime=551177914, deviceId=7, source=0x1002, displayId=0 }
01-27 16:14:22.967 15461 15461 W InputEventReceiver: Attempted to finish an input event but the input event receiver has already been disposed.
01-27 16:14:22.967 15461 15461 W ViewRootImpl[CommonMapActivity]: Dropping event due to root view being removed: MotionEvent { action=ACTION_OUTSIDE, actionButton=0, id[0]=0, x[0]=642.0, y[0]=435.0, toolType[0]=TOOL_TYPE_FINGER, buttonState=0, classification=NONE, metaState=0, flags=0x0, edgeFlags=0x0, pointerCount=1, historySize=0, eventTime=551177914, downTime=551177914, deviceId=7, source=0x1002, displayId=0 }
01-27 16:14:22.967 15461 15461 W InputEventReceiver: Attempted to finish an input event but the input event receiver has already been disposed.
01-27 16:14:22.970 15461 18132 D DecorView: onWindowFocusChangedFromViewRoot hasFocus: true, DecorView@10e257e[CommonMapActivity]
01-27 16:14:22.970 15461 18132 D DecorView: onWindowFocusChangedFromViewRoot hasFocus: true, DecorView@10e257e[CommonMapActivity]
01-27 16:14:22.972 15461 15461 E libprocessgroup: set_timerslack_ns write failed: Operation not permitted
01-27 16:14:22.972 15461 15461 E libprocessgroup: set_timerslack_ns write failed: Operation not permitted
01-27 16:14:23.322 15461 15461 V ViewRootImpl: The specified message queue synchronization barrier token has not been posted or has already been removed
01-27 16:14:23.322 15461 15461 V ViewRootImpl: The specified message queue synchronization barrier token has not been posted or has already been removed
01-27 16:14:23.341 15461 18132 D DecorView: onWindowFocusChangedFromViewRoot hasFocus: true, DecorView@5d34d83[CommonMapActivity]
01-27 16:14:23.341 15461 18132 D DecorView: onWindowFocusChangedFromViewRoot hasFocus: true, DecorView@5d34d83[CommonMapActivity]
01-27 16:14:23.379 15461 15461 E libprocessgroup: set_timerslack_ns write failed: Operation not permitted
01-27 16:14:23.379 15461 15461 E libprocessgroup: set_timerslack_ns write failed: Operation not permitted
01-27 16:14:23.476 15461 15461 D padding : fixZoomForMarkersAndPolyline:,width,widthPercent162,1080,0.15
01-27 16:14:23.476 15461 15461 D padding : fixZoomForMarkersAndPolyline:,width,widthPercent162,1080,0.15
01-27 16:14:24.750 15461 15461 W ViewRootImpl[CommonMapActivity]: Dropping event due to root view being removed: MotionEvent { action=ACTION_OUTSIDE, actionButton=0, id[0]=0, x[0]=644.0, y[0]=436.0, toolType[0]=TOOL_TYPE_FINGER, buttonState=0, classification=NONE, metaState=0, flags=0x0, edgeFlags=0x0, pointerCount=1, historySize=0, eventTime=551179692, downTime=551179692, deviceId=7, source=0x1002, displayId=0 }
01-27 16:14:24.750 15461 15461 W InputEventReceiver: Attempted to finish an input event but the input event receiver has already been disposed.
01-27 16:14:24.751 15461 15479 D DecorView: onWindowFocusChangedFromViewRoot hasFocus: true, DecorView@10e257e[CommonMapActivity]
01-27 16:14:24.750 15461 15461 W ViewRootImpl[CommonMapActivity]: Dropping event due to root view being removed: MotionEvent { action=ACTION_OUTSIDE, actionButton=0, id[0]=0, x[0]=644.0, y[0]=436.0, toolType[0]=TOOL_TYPE_FINGER, buttonState=0, classification=NONE, metaState=0, flags=0x0, edgeFlags=0x0, pointerCount=1, historySize=0, eventTime=551179692, downTime=551179692, deviceId=7, source=0x1002, displayId=0 }
01-27 16:14:24.750 15461 15461 W InputEventReceiver: Attempted to finish an input event but the input event receiver has already been disposed.
01-27 16:14:24.751 15461 15479 D DecorView: onWindowFocusChangedFromViewRoot hasFocus: true, DecorView@10e257e[CommonMapActivity]
01-27 16:14:24.759 15461 15461 E libprocessgroup: set_timerslack_ns write failed: Operation not permitted
01-27 16:14:24.759 15461 15461 E libprocessgroup: set_timerslack_ns write failed: Operation not permitted
01-27 16:14:25.067 15461 15461 V ViewRootImpl: The specified message queue synchronization barrier token has not been posted or has already been removed
01-27 16:14:25.067 15461 15461 V ViewRootImpl: The specified message queue synchronization barrier token has not been posted or has already been removed
01-27 16:14:25.086 15461 18132 D DecorView: onWindowFocusChangedFromViewRoot hasFocus: true, DecorView@2ad2bd9[CommonMapActivity]
01-27 16:14:25.086 15461 18132 D DecorView: onWindowFocusChangedFromViewRoot hasFocus: true, DecorView@2ad2bd9[CommonMapActivity]
01-27 16:14:25.099 15461 15461 E libprocessgroup: set_timerslack_ns write failed: Operation not permitted
01-27 16:14:25.099 15461 15461 E libprocessgroup: set_timerslack_ns write failed: Operation not permitted
01-27 16:14:25.238 15461 15461 D padding : fixZoomForMarkersAndPolyline:,width,widthPercent162,1080,0.15
01-27 16:14:25.238 15461 15461 D padding : fixZoomForMarkersAndPolyline:,width,widthPercent162,1080,0.15
01-27 16:14:26.875 15461 15461 W ViewRootImpl[CommonMapActivity]: Dropping event due to root view being removed: MotionEvent { action=ACTION_OUTSIDE, actionButton=0, id[0]=0, x[0]=561.0, y[0]=459.0, toolType[0]=TOOL_TYPE_FINGER, buttonState=0, classification=NONE, metaState=0, flags=0x0, edgeFlags=0x0, pointerCount=1, historySize=0, eventTime=551181817, downTime=551181817, deviceId=7, source=0x1002, displayId=0 }
01-27 16:14:26.875 15461 15461 W ViewRootImpl[CommonMapActivity]: Dropping event due to root view being removed: MotionEvent { action=ACTION_OUTSIDE, actionButton=0, id[0]=0, x[0]=561.0, y[0]=459.0, toolType[0]=TOOL_TYPE_FINGER, buttonState=0, classification=NONE, metaState=0, flags=0x0, edgeFlags=0x0, pointerCount=1, historySize=0, eventTime=551181817, downTime=551181817, deviceId=7, source=0x1002, displayId=0 }
01-27 16:14:26.875 15461 15461 W InputEventReceiver: Attempted to finish an input event but the input event receiver has already been disposed.
01-27 16:14:26.875 15461 15461 W InputEventReceiver: Attempted to finish an input event but the input event receiver has already been disposed.
01-27 16:14:26.876 15461 18132 D DecorView: onWindowFocusChangedFromViewRoot hasFocus: true, DecorView@10e257e[CommonMapActivity]
01-27 16:14:26.879 15461 15461 E libprocessgroup: set_timerslack_ns write failed: Operation not permitted
01-27 16:14:26.876 15461 18132 D DecorView: onWindowFocusChangedFromViewRoot hasFocus: true, DecorView@10e257e[CommonMapActivity]
01-27 16:14:26.879 15461 15461 E libprocessgroup: set_timerslack_ns write failed: Operation not permitted
01-27 16:14:27.256 15461 16932 W ExifInterface: Invalid image: ExifInterface got an unsupported image format file(ExifInterface supports JPEG and some RAW image formats only) or a corrupted JPEG file to ExifInterface.
01-27 16:14:27.256 15461 16932 W ExifInterface: java.io.IOException: Invalid byte order: ffff8950
01-27 16:14:27.256 15461 16932 W ExifInterface: at android.media.ExifInterface.readByteOrder(ExifInterface.java:3121)
01-27 16:14:27.256 15461 16932 W ExifInterface: at android.media.ExifInterface.isOrfFormat(ExifInterface.java:2437)
01-27 16:14:27.256 15461 16932 W ExifInterface: at android.media.ExifInterface.getMimeType(ExifInterface.java:2315)
01-27 16:14:27.256 15461 16932 W ExifInterface: at android.media.ExifInterface.loadAttributes(ExifInterface.java:1753)
01-27 16:14:27.256 15461 16932 W ExifInterface: at android.media.ExifInterface.<init>(ExifInterface.java:1447)
01-27 16:14:27.256 15461 16932 W ExifInterface: at amf.a(SourceFile:40)
01-27 16:14:27.256 15461 16932 W ExifInterface: at ahj.b(SourceFile:92)
01-27 16:14:27.256 15461 16932 W ExifInterface: at amc.a(SourceFile:269)
01-27 16:14:27.256 15461 16932 W ExifInterface: at amc.a(SourceFile:224)
01-27 16:14:27.256 15461 16932 W ExifInterface: at amc.a(SourceFile:173)
01-27 16:14:27.256 15461 16932 W ExifInterface: at alw.a(SourceFile:31)
01-27 16:14:27.256 15461 16932 W ExifInterface: at alw.a(SourceFile:14)
01-27 16:14:27.256 15461 16932 W ExifInterface: at ais.a(SourceFile:92)
01-27 16:14:27.256 15461 16932 W ExifInterface: at ais.a(SourceFile:70)
01-27 16:14:27.256 15461 16932 W ExifInterface: at ais.a(SourceFile:59)
01-27 16:14:27.256 15461 16932 W ExifInterface: at ajd.a(SourceFile:76)
01-27 16:14:27.256 15461 16932 W ExifInterface: at ajd.a(SourceFile:57)
01-27 16:14:27.256 15461 16932 W ExifInterface: at air.a(SourceFile:524)
01-27 16:14:27.256 15461 16932 W ExifInterface: at air.a(SourceFile:488)
01-27 16:14:27.256 15461 16932 W ExifInterface: at air.a(SourceFile:474)
01-27 16:14:27.256 15461 16932 W ExifInterface: at air.n(SourceFile:426)
01-27 16:14:27.256 15461 16932 W ExifInterface: at air.a(SourceFile:390)
01-27 16:14:27.256 15461 16932 W ExifInterface: at aim.a(SourceFile:94)
01-27 16:14:27.256 15461 16932 W ExifInterface: at akn$a.a(SourceFile:70)
01-27 16:14:27.256 15461 16932 W ExifInterface: at aim.a(SourceFile:74)
01-27 16:14:27.256 15461 16932 W ExifInterface: at air.k(SourceFile:310)
01-27 16:14:27.256 15461 16932 W ExifInterface: at air.i(SourceFile:276)
01-27 16:14:27.256 15461 16932 W ExifInterface: at air.run(SourceFile:234)
01-27 16:14:27.256 15461 16932 W ExifInterface: at java.util.concurrent.ThreadPoolExecutor.runWorker(ThreadPoolExecutor.java:1167)
01-27 16:14:27.256 15461 16932 W ExifInterface: at java.util.concurrent.ThreadPoolExecutor$Worker.run(ThreadPoolExecutor.java:641)
01-27 16:14:27.256 15461 16932 W ExifInterface: at java.lang.Thread.run(Thread.java:919)
01-27 16:14:27.256 15461 16932 W ExifInterface: at aki$a$1.run(SourceFile:431)
01-27 16:14:27.256 15461 16932 W ExifInterface: Invalid image: ExifInterface got an unsupported image format file(ExifInterface supports JPEG and some RAW image formats only) or a corrupted JPEG file to ExifInterface.
01-27 16:14:27.256 15461 16932 W ExifInterface: java.io.IOException: Invalid byte order: ffff8950
01-27 16:14:27.256 15461 16932 W ExifInterface: at android.media.ExifInterface.readByteOrder(ExifInterface.java:3121)
01-27 16:14:27.256 15461 16932 W ExifInterface: at android.media.ExifInterface.isOrfFormat(ExifInterface.java:2437)
01-27 16:14:27.256 15461 16932 W ExifInterface: at android.media.ExifInterface.getMimeType(ExifInterface.java:2315)
01-27 16:14:27.256 15461 16932 W ExifInterface: at android.media.ExifInterface.loadAttributes(ExifInterface.java:1753)
01-27 16:14:27.256 15461 16932 W ExifInterface: at android.media.ExifInterface.<init>(ExifInterface.java:1447)
01-27 16:14:27.256 15461 16932 W ExifInterface: at amf.a(SourceFile:40)
01-27 16:14:27.256 15461 16932 W ExifInterface: at ahj.b(SourceFile:92)
01-27 16:14:27.256 15461 16932 W ExifInterface: at amc.a(SourceFile:269)
01-27 16:14:27.256 15461 16932 W ExifInterface: at amc.a(SourceFile:224)
01-27 16:14:27.256 15461 16932 W ExifInterface: at amc.a(SourceFile:173)
01-27 16:14:27.256 15461 16932 W ExifInterface: at alw.a(SourceFile:31)
01-27 16:14:27.256 15461 16932 W ExifInterface: at alw.a(SourceFile:14)
01-27 16:14:27.256 15461 16932 W ExifInterface: at ais.a(SourceFile:92)
01-27 16:14:27.256 15461 16932 W ExifInterface: at ais.a(SourceFile:70)
01-27 16:14:27.256 15461 16932 W ExifInterface: at ais.a(SourceFile:59)
01-27 16:14:27.256 15461 16932 W ExifInterface: at ajd.a(SourceFile:76)
01-27 16:14:27.256 15461 16932 W ExifInterface: at ajd.a(SourceFile:57)
01-27 16:14:27.256 15461 16932 W ExifInterface: at air.a(SourceFile:524)
01-27 16:14:27.256 15461 16932 W ExifInterface: at air.a(SourceFile:488)
01-27 16:14:27.256 15461 16932 W ExifInterface: at air.a(SourceFile:474)
01-27 16:14:27.256 15461 16932 W ExifInterface: at air.n(SourceFile:426)
01-27 16:14:27.256 15461 16932 W ExifInterface: at air.a(SourceFile:390)
01-27 16:14:27.256 15461 16932 W ExifInterface: at aim.a(SourceFile:94)
01-27 16:14:27.256 15461 16932 W ExifInterface: at akn$a.a(SourceFile:70)
01-27 16:14:27.256 15461 16932 W ExifInterface: at aim.a(SourceFile:74)
01-27 16:14:27.256 15461 16932 W ExifInterface: at air.k(SourceFile:310)
01-27 16:14:27.256 15461 16932 W ExifInterface: at air.i(SourceFile:276)
01-27 16:14:27.256 15461 16932 W ExifInterface: at air.run(SourceFile:234)
01-27 16:14:27.256 15461 16932 W ExifInterface: at java.util.concurrent.ThreadPoolExecutor.runWorker(ThreadPoolExecutor.java:1167)
01-27 16:14:27.256 15461 16932 W ExifInterface: at java.util.concurrent.ThreadPoolExecutor$Worker.run(ThreadPoolExecutor.java:641)
01-27 16:14:27.256 15461 16932 W ExifInterface: at java.lang.Thread.run(Thread.java:919)
01-27 16:14:27.256 15461 16932 W ExifInterface: at aki$a$1.run(SourceFile:431)
01-27 16:14:27.261 15461 15461 V ViewRootImpl: The specified message queue synchronization barrier token has not been posted or has already been removed
01-27 16:14:27.261 15461 15461 V ViewRootImpl: The specified message queue synchronization barrier token has not been posted or has already been removed
01-27 16:14:27.277 15461 18132 D DecorView: onWindowFocusChangedFromViewRoot hasFocus: true, DecorView@adea1f[CommonMapActivity]
01-27 16:14:27.277 15461 18132 D DecorView: onWindowFocusChangedFromViewRoot hasFocus: true, DecorView@adea1f[CommonMapActivity]
01-27 16:14:27.283 15461 15461 W Choreographer: Already have a pending vsync event. There should only be one at a time.
01-27 16:14:27.283 15461 15461 W Choreographer: Already have a pending vsync event. There should only be one at a time.
01-27 16:14:27.294 15461 15461 E libprocessgroup: set_timerslack_ns write failed: Operation not permitted
01-27 16:14:27.294 15461 15461 E libprocessgroup: set_timerslack_ns write failed: Operation not permitted
01-27 16:14:27.439 15461 15461 D padding : fixZoomForMarkersAndPolyline:,width,widthPercent162,1080,0.15
01-27 16:14:27.439 15461 15461 D padding : fixZoomForMarkersAndPolyline:,width,widthPercent162,1080,0.15
01-27 16:14:29.605 15461 15461 W InputEventReceiver: Attempted to finish an input event but the input event receiver has already been disposed.
01-27 16:14:29.605 15461 15461 W InputEventReceiver: Attempted to finish an input event but the input event receiver has already been disposed.
01-27 16:14:29.608 15461 18132 D DecorView: onWindowFocusChangedFromViewRoot hasFocus: true, DecorView@10e257e[CommonMapActivity]
01-27 16:14:29.610 15461 15461 E libprocessgroup: set_timerslack_ns write failed: Operation not permitted
01-27 16:14:29.608 15461 18132 D DecorView: onWindowFocusChangedFromViewRoot hasFocus: true, DecorView@10e257e[CommonMapActivity]
01-27 16:14:29.610 15461 15461 E libprocessgroup: set_timerslack_ns write failed: Operation not permitted
01-27 16:14:31.105 15461 15461 V ViewRootImpl: The specified message queue synchronization barrier token has not been posted or has already been removed
01-27 16:14:31.105 15461 15461 V ViewRootImpl: The specified message queue synchronization barrier token has not been posted or has already been removed
01-27 16:14:31.121 15461 18132 D DecorView: onWindowFocusChangedFromViewRoot hasFocus: true, DecorView@e7ea9de[CommonMapActivity]
01-27 16:14:31.121 15461 18132 D DecorView: onWindowFocusChangedFromViewRoot hasFocus: true, DecorView@e7ea9de[CommonMapActivity]
01-27 16:14:31.140 15461 15461 E libprocessgroup: set_timerslack_ns write failed: Operation not permitted
01-27 16:14:31.140 15461 15461 E libprocessgroup: set_timerslack_ns write failed: Operation not permitted
01-27 16:14:31.191 15461 15461 W ViewRootImpl[CommonMapActivity]: Dropping event due to root view being removed: MotionEvent { action=ACTION_OUTSIDE, actionButton=0, id[0]=0, x[0]=455.0, y[0]=433.0, toolType[0]=TOOL_TYPE_FINGER, buttonState=0, classification=NONE, metaState=0, flags=0x0, edgeFlags=0x0, pointerCount=1, historySize=0, eventTime=551186145, downTime=551186145, deviceId=7, source=0x1002, displayId=0 }
01-27 16:14:31.191 15461 15461 W InputEventReceiver: Attempted to finish an input event but the input event receiver has already been disposed.
01-27 16:14:31.191 15461 15461 W ViewRootImpl[CommonMapActivity]: Dropping event due to root view being removed: MotionEvent { action=ACTION_OUTSIDE, actionButton=0, id[0]=0, x[0]=455.0, y[0]=433.0, toolType[0]=TOOL_TYPE_FINGER, buttonState=0, classification=NONE, metaState=0, flags=0x0, edgeFlags=0x0, pointerCount=1, historySize=0, eventTime=551186145, downTime=551186145, deviceId=7, source=0x1002, displayId=0 }
01-27 16:14:31.191 15461 15461 W InputEventReceiver: Attempted to finish an input event but the input event receiver has already been disposed.
01-27 16:14:31.205 15461 18132 D DecorView: onWindowFocusChangedFromViewRoot hasFocus: true, DecorView@10e257e[CommonMapActivity]
01-27 16:14:31.205 15461 18132 D DecorView: onWindowFocusChangedFromViewRoot hasFocus: true, DecorView@10e257e[CommonMapActivity]
01-27 16:14:31.208 15461 15461 E libprocessgroup: set_timerslack_ns write failed: Operation not permitted
01-27 16:14:31.208 15461 15461 E libprocessgroup: set_timerslack_ns write failed: Operation not permitted
01-27 16:14:31.279 15461 15461 D padding : fixZoomForMarkersAndPolyline:,width,widthPercent162,1080,0.15
01-27 16:14:31.279 15461 15461 D padding : fixZoomForMarkersAndPolyline:,width,widthPercent162,1080,0.15
01-27 16:14:31.546 15461 15461 V ViewRootImpl: The specified message queue synchronization barrier token has not been posted or has already been removed
01-27 16:14:31.546 15461 15461 V ViewRootImpl: The specified message queue synchronization barrier token has not been posted or has already been removed
01-27 16:14:31.556 15461 18641 D DecorView: onWindowFocusChangedFromViewRoot hasFocus: true, DecorView@cfa3b7c[CommonMapActivity]
01-27 16:14:31.556 15461 18641 D DecorView: onWindowFocusChangedFromViewRoot hasFocus: true, DecorView@cfa3b7c[CommonMapActivity]
01-27 16:14:31.573 15461 15461 E libprocessgroup: set_timerslack_ns write failed: Operation not permitted
01-27 16:14:31.573 15461 15461 E libprocessgroup: set_timerslack_ns write failed: Operation not permitted
01-27 16:14:31.812 15461 15461 W ViewRootImpl[CommonMapActivity]: Dropping event due to root view being removed: MotionEvent { action=ACTION_OUTSIDE, actionButton=0, id[0]=0, x[0]=385.0, y[0]=486.0, toolType[0]=TOOL_TYPE_FINGER, buttonState=0, classification=NONE, metaState=0, flags=0x0, edgeFlags=0x0, pointerCount=1, historySize=0, eventTime=551186763, downTime=551186763, deviceId=7, source=0x1002, displayId=0 }
01-27 16:14:31.812 15461 15461 W InputEventReceiver: Attempted to finish an input event but the input event receiver has already been disposed.
01-27 16:14:31.814 15461 18641 D DecorView: onWindowFocusChangedFromViewRoot hasFocus: true, DecorView@10e257e[CommonMapActivity]
01-27 16:14:31.815 15461 15461 E libprocessgroup: set_timerslack_ns write failed: Operation not permitted
01-27 16:14:31.812 15461 15461 W ViewRootImpl[CommonMapActivity]: Dropping event due to root view being removed: MotionEvent { action=ACTION_OUTSIDE, actionButton=0, id[0]=0, x[0]=385.0, y[0]=486.0, toolType[0]=TOOL_TYPE_FINGER, buttonState=0, classification=NONE, metaState=0, flags=0x0, edgeFlags=0x0, pointerCount=1, historySize=0, eventTime=551186763, downTime=551186763, deviceId=7, source=0x1002, displayId=0 }
01-27 16:14:31.812 15461 15461 W InputEventReceiver: Attempted to finish an input event but the input event receiver has already been disposed.
01-27 16:14:31.814 15461 18641 D DecorView: onWindowFocusChangedFromViewRoot hasFocus: true, DecorView@10e257e[CommonMapActivity]
01-27 16:14:31.815 15461 15461 E libprocessgroup: set_timerslack_ns write failed: Operation not permitted
01-27 16:14:31.864 15461 15461 V ViewRootImpl: The specified message queue synchronization barrier token has not been posted or has already been removed
01-27 16:14:31.864 15461 15461 V ViewRootImpl: The specified message queue synchronization barrier token has not been posted or has already been removed
01-27 16:14:32.031 15461 18641 D DecorView: onWindowFocusChangedFromViewRoot hasFocus: true, DecorView@d0d7c36[CommonMapActivity]
01-27 16:14:32.031 15461 18641 D DecorView: onWindowFocusChangedFromViewRoot hasFocus: true, DecorView@d0d7c36[CommonMapActivity]
01-27 16:14:32.041 15461 15461 D OnePlusJankManager: Chor uploadMDM JANK_TYPE_ONCE mViewTitle = com.disha.quickride/com.disha.quickride.androidapp.common.CommonMapActivity--- jank level = 1
01-27 16:14:32.048 15461 15461 E libprocessgroup: set_timerslack_ns write failed: Operation not permitted
01-27 16:14:32.041 15461 15461 D OnePlusJankManager: Chor uploadMDM JANK_TYPE_ONCE mViewTitle = com.disha.quickride/com.disha.quickride.androidapp.common.CommonMapActivity--- jank level = 1
01-27 16:14:32.048 15461 15461 E libprocessgroup: set_timerslack_ns write failed: Operation not permitted
01-27 16:14:32.129 15461 18641 D DecorView: onWindowFocusChangedFromViewRoot hasFocus: true, DecorView@10e257e[CommonMapActivity]
01-27 16:14:32.129 15461 18641 D DecorView: onWindowFocusChangedFromViewRoot hasFocus: true, DecorView@10e257e[CommonMapActivity]
