01-27 16:14:32.130 15461 15461 W ViewRootImpl[CommonMapActivity]: Dropping event due to root view being removed: MotionEvent { action=ACTION_OUTSIDE, actionButton=0, id[0]=0, x[0]=412.0, y[0]=516.0, toolType[0]=TOOL_TYPE_FINGER, buttonState=0, classification=NONE, metaState=0, flags=0x0, edgeFlags=0x0, pointerCount=1, historySize=0, eventTime=551187073, downTime=551187073, deviceId=7, source=0x1002, displayId=0 }
01-27 16:14:32.130 15461 15461 W InputEventReceiver: Attempted to finish an input event but the input event receiver has already been disposed.
01-27 16:14:32.130 15461 15461 W ViewRootImpl[CommonMapActivity]: Dropping event due to root view being removed: MotionEvent { action=ACTION_OUTSIDE, actionButton=0, id[0]=0, x[0]=412.0, y[0]=516.0, toolType[0]=TOOL_TYPE_FINGER, buttonState=0, classification=NONE, metaState=0, flags=0x0, edgeFlags=0x0, pointerCount=1, historySize=0, eventTime=551187073, downTime=551187073, deviceId=7, source=0x1002, displayId=0 }
01-27 16:14:32.130 15461 15461 W InputEventReceiver: Attempted to finish an input event but the input event receiver has already been disposed.
01-27 16:14:32.132 15461 15461 E libprocessgroup: set_timerslack_ns write failed: Operation not permitted
01-27 16:14:32.132 15461 15461 E libprocessgroup: set_timerslack_ns write failed: Operation not permitted
01-27 16:14:33.577 15461 15461 E libprocessgroup: set_timerslack_ns write failed: Operation not permitted
01-27 16:14:33.577 15461 15461 E libprocessgroup: set_timerslack_ns write failed: Operation not permitted
01-27 16:14:33.831 15461 18640 D DecorView: onWindowFocusChangedFromViewRoot hasFocus: true, DecorView@10e257e[CommonMapActivity]
01-27 16:14:33.831 15461 18640 D DecorView: onWindowFocusChangedFromViewRoot hasFocus: true, DecorView@10e257e[CommonMapActivity]
01-27 16:14:33.833 15461 15461 E libprocessgroup: set_timerslack_ns write failed: Operation not permitted
01-27 16:14:33.833 15461 15461 E libprocessgroup: set_timerslack_ns write failed: Operation not permitted
01-27 16:14:33.843 15461 15461 I Surface : opservice is null false
01-27 16:14:33.843 15461 15461 I Surface : opservice is null false
01-27 16:14:46.698 15461 15461 D padding : fixZoomForMarkersAndPolyline:,width,widthPercent162,1080,0.15
01-27 16:14:46.698 15461 15461 D padding : fixZoomForMarkersAndPolyline:,width,widthPercent162,1080,0.15
01-27 16:14:51.688 15461 15461 V ViewRootImpl: The specified message queue synchronization barrier token has not been posted or has already been removed
01-27 16:14:51.688 15461 15461 V ViewRootImpl: The specified message queue synchronization barrier token has not been posted or has already been removed
01-27 16:14:51.733 15461 18132 D DecorView: onWindowFocusChangedFromViewRoot hasFocus: true, DecorView@5ad6f57[CommonMapActivity]
01-27 16:14:51.733 15461 18132 D DecorView: onWindowFocusChangedFromViewRoot hasFocus: true, DecorView@5ad6f57[CommonMapActivity]
01-27 16:14:51.773 15461 15461 E libprocessgroup: set_timerslack_ns write failed: Operation not permitted
01-27 16:14:51.773 15461 15461 E libprocessgroup: set_timerslack_ns write failed: Operation not permitted
01-27 16:14:52.329 15461 18140 E ClientState: l80505609211004: Timed out as no write activity, keepAlive=30,000 lastOutboundActivity=1,580,121,811,994 lastInboundActivity=1,580,121,862,321 time=1,580,121,892,324 lastPing=0
01-27 16:14:52.329 15461 18140 E ClientState: l80505609211004: Timed out as no write activity, keepAlive=30,000 lastOutboundActivity=1,580,121,811,994 lastInboundActivity=1,580,121,862,321 time=1,580,121,892,324 lastPing=0
01-27 16:14:52.346 15461 18140 E com.disha.quickride.androidapp.event.LocationUpdateEventServiceProxy: Entering EventServiceProxy connectionLost with retryImmediately = true
01-27 16:14:52.346 15461 18140 E com.disha.quickride.androidapp.event.LocationUpdateEventServiceProxy: Timed out while waiting to write messages to the server (32002)
01-27 16:14:52.346 15461 18140 E com.disha.quickride.androidapp.event.LocationUpdateEventServiceProxy: at org.eclipse.paho.client.mqttv3.internal.ExceptionHelper.createMqttException(SourceF ile:31)
01-27 16:14:52.346 15461 18140 E com.disha.quickride.androidapp.event.LocationUpdateEventServiceProxy: at org.eclipse.paho.client.mqttv3.internal.ClientState.checkForActivity(SourceFile:705 )
01-27 16:14:52.346 15461 18140 E com.disha.quickride.androidapp.event.LocationUpdateEventServiceProxy: at org.eclipse.paho.client.mqttv3.internal.ClientComms.checkForActivity(SourceFile:784 )
01-27 16:14:52.346 15461 18140 E com.disha.quickride.androidapp.event.LocationUpdateEventServiceProxy: at org.eclipse.paho.client.mqttv3.internal.ClientComms.checkForActivity(SourceFile:770 )
01-27 16:14:52.346 15461 18140 E com.disha.quickride.androidapp.event.LocationUpdateEventServiceProxy: at org.eclipse.paho.client.mqttv3.TimerPingSender$PingTask.run(SourceFile:77)
01-27 16:14:52.346 15461 18140 E com.disha.quickride.androidapp.event.LocationUpdateEventServiceProxy: at java.util.TimerThread.mainLoop(Timer.java:562)
01-27 16:14:52.346 15461 18140 E com.disha.quickride.androidapp.event.LocationUpdateEventServiceProxy: at java.util.TimerThread.run(Timer.java:512)
01-27 16:14:52.348 15461 18140 D com.disha.quickride.androidapp.event.LocationUpdateEventServiceProxy: Stopping Mqtt client level operations
01-27 16:14:52.346 15461 18140 E com.disha.quickride.androidapp.event.LocationUpdateEventServiceProxy: Entering EventServiceProxy connectionLost with retryImmediately = true
01-27 16:14:52.346 15461 18140 E com.disha.quickride.androidapp.event.LocationUpdateEventServiceProxy: Timed out while waiting to write messages to the server (32002)
01-27 16:14:52.346 15461 18140 E com.disha.quickride.androidapp.event.LocationUpdateEventServiceProxy: at org.eclipse.paho.client.mqttv3.internal.ExceptionHelper.createMqttException(SourceF ile:31)
01-27 16:14:52.346 15461 18140 E com.disha.quickride.androidapp.event.LocationUpdateEventServiceProxy: at org.eclipse.paho.client.mqttv3.internal.ClientState.checkForActivity(SourceFile:705 )
01-27 16:14:52.346 15461 18140 E com.disha.quickride.androidapp.event.LocationUpdateEventServiceProxy: at org.eclipse.paho.client.mqttv3.internal.ClientComms.checkForActivity(SourceFile:784 )
01-27 16:14:52.346 15461 18140 E com.disha.quickride.androidapp.event.LocationUpdateEventServiceProxy: at org.eclipse.paho.client.mqttv3.internal.ClientComms.checkForActivity(SourceFile:770 )
01-27 16:14:52.346 15461 18140 E com.disha.quickride.androidapp.event.LocationUpdateEventServiceProxy: at org.eclipse.paho.client.mqttv3.TimerPingSender$PingTask.run(SourceFile:77)
01-27 16:14:52.346 15461 18140 E com.disha.quickride.androidapp.event.LocationUpdateEventServiceProxy: at java.util.TimerThread.mainLoop(Timer.java:562)
01-27 16:14:52.346 15461 18140 E com.disha.quickride.androidapp.event.LocationUpdateEventServiceProxy: at java.util.TimerThread.run(Timer.java:512)
01-27 16:14:52.348 15461 18140 D com.disha.quickride.androidapp.event.LocationUpdateEventServiceProxy: Stopping Mqtt client level operations
01-27 16:14:52.351 15461 18142 E com.disha.quickride.androidapp.event.MqttTopicSubscribingThread: Exception while taking subscription wrapper from the subscriptions queue :
01-27 16:14:52.351 15461 18142 E com.disha.quickride.androidapp.event.MqttTopicSubscribingThread: java.lang.InterruptedException
01-27 16:14:52.351 15461 18142 E com.disha.quickride.androidapp.event.MqttTopicSubscribingThread: at java.util.concurrent.locks.AbstractQueuedSynchronizer$ConditionObject.reportInterru ptAfterWait(AbstractQueuedSynchronizer.java:2042)
01-27 16:14:52.351 15461 18142 E com.disha.quickride.androidapp.event.MqttTopicSubscribingThread: at java.util.concurrent.locks.AbstractQueuedSynchronizer$ConditionObject.await(Abstrac tQueuedSynchronizer.java:2076)
01-27 16:14:52.351 15461 18142 E com.disha.quickride.androidapp.event.MqttTopicSubscribingThread: at java.util.concurrent.LinkedBlockingQueue.take(LinkedBlockingQueue.java:442)
01-27 16:14:52.351 15461 18142 E com.disha.quickride.androidapp.event.MqttTopicSubscribingThread: at com.disha.quickride.androidapp.event.MqttTopicSubscribingThread.getNextSubscription (SourceFile:73)
01-27 16:14:52.351 15461 18142 E com.disha.quickride.androidapp.event.MqttTopicSubscribingThread: at com.disha.quickride.androidapp.event.MqttTopicSubscribingThread.run(SourceFile:44)
01-27 16:14:52.351 15461 18142 E com.disha.quickride.androidapp.event.MqttTopicSubscribingThread: at java.lang.Thread.run(Thread.java:919)
01-27 16:14:52.351 15461 18141 E com.disha.quickride.androidapp.event.MqttMessageSendingThread: Exception while taking Mqtt message from the queue :
01-27 16:14:52.351 15461 18141 E com.disha.quickride.androidapp.event.MqttMessageSendingThread: java.lang.InterruptedException
01-27 16:14:52.351 15461 18141 E com.disha.quickride.androidapp.event.MqttMessageSendingThread: at java.util.concurrent.locks.AbstractQueuedSynchronizer$ConditionObject.reportInterru ptAfterWait(AbstractQueuedSynchronizer.java:2042)
01-27 16:14:52.351 15461 18141 E com.disha.quickride.androidapp.event.MqttMessageSendingThread: at java.util.concurrent.locks.AbstractQueuedSynchronizer$ConditionObject.await(Abstrac tQueuedSynchronizer.java:2076)
01-27 16:14:52.351 15461 18141 E com.disha.quickride.androidapp.event.MqttMessageSendingThread: at java.util.concurrent.LinkedBlockingQueue.take(LinkedBlockingQueue.java:442)
01-27 16:14:52.351 15461 18141 E com.disha.quickride.androidapp.event.MqttMessageSendingThread: at com.disha.quickride.androidapp.event.MqttMessageSendingThread.getNextMessage(Source File:77)
01-27 16:14:52.351 15461 18141 E com.disha.quickride.androidapp.event.MqttMessageSendingThread: at com.disha.quickride.androidapp.event.MqttMessageSendingThread.run(SourceFile:46)
01-27 16:14:52.351 15461 18141 E com.disha.quickride.androidapp.event.MqttMessageSendingThread: at java.lang.Thread.run(Thread.java:919)
01-27 16:14:52.351 15461 18141 W com.disha.quickride.androidapp.event.MqttMessageSendingThread: Stopped publishing Mqtt messages
01-27 16:14:52.351 15461 18142 W com.disha.quickride.androidapp.event.MqttTopicSubscribingThread: Stopped subscribing
01-27 16:14:52.351 15461 18142 E com.disha.quickride.androidapp.event.MqttTopicSubscribingThread: Exception while taking subscription wrapper from the subscriptions queue :
01-27 16:14:52.351 15461 18142 E com.disha.quickride.androidapp.event.MqttTopicSubscribingThread: java.lang.InterruptedException
01-27 16:14:52.351 15461 18142 E com.disha.quickride.androidapp.event.MqttTopicSubscribingThread: at java.util.concurrent.locks.AbstractQueuedSynchronizer$ConditionObject.reportInterru ptAfterWait(AbstractQueuedSynchronizer.java:2042)
01-27 16:14:52.351 15461 18142 E com.disha.quickride.androidapp.event.MqttTopicSubscribingThread: at java.util.concurrent.locks.AbstractQueuedSynchronizer$ConditionObject.await(Abstrac tQueuedSynchronizer.java:2076)
01-27 16:14:52.351 15461 18142 E com.disha.quickride.androidapp.event.MqttTopicSubscribingThread: at java.util.concurrent.LinkedBlockingQueue.take(LinkedBlockingQueue.java:442)
01-27 16:14:52.351 15461 18142 E com.disha.quickride.androidapp.event.MqttTopicSubscribingThread: at com.disha.quickride.androidapp.event.MqttTopicSubscribingThread.getNextSubscription (SourceFile:73)
01-27 16:14:52.351 15461 18142 E com.disha.quickride.androidapp.event.MqttTopicSubscribingThread: at com.disha.quickride.androidapp.event.MqttTopicSubscribingThread.run(SourceFile:44)
01-27 16:14:52.351 15461 18142 E com.disha.quickride.androidapp.event.MqttTopicSubscribingThread: at java.lang.Thread.run(Thread.java:919)
01-27 16:14:52.351 15461 18143 E com.disha.quickride.androidapp.event.MqttTopicUnsubscribingThread: Exception while taking topic name from the unsubscriptions queue :
01-27 16:14:52.351 15461 18143 E com.disha.quickride.androidapp.event.MqttTopicUnsubscribingThread: java.lang.InterruptedException
01-27 16:14:52.351 15461 18143 E com.disha.quickride.androidapp.event.MqttTopicUnsubscribingThread: at java.util.concurrent.locks.AbstractQueuedSynchronizer$ConditionObject.reportInterru ptAfterWait(AbstractQueuedSynchronizer.java:2042)
01-27 16:14:52.351 15461 18143 E com.disha.quickride.androidapp.event.MqttTopicUnsubscribingThread: at java.util.concurrent.locks.AbstractQueuedSynchronizer$ConditionObject.await(Abstrac tQueuedSynchronizer.java:2076)
01-27 16:14:52.351 15461 18143 E com.disha.quickride.androidapp.event.MqttTopicUnsubscribingThread: at java.util.concurrent.LinkedBlockingQueue.take(LinkedBlockingQueue.java:442)
01-27 16:14:52.351 15461 18143 E com.disha.quickride.androidapp.event.MqttTopicUnsubscribingThread: at com.disha.quickride.androidapp.event.MqttTopicUnsubscribingThread.getNextTopicForUn subscription(SourceFile:65)
01-27 16:14:52.351 15461 18143 E com.disha.quickride.androidapp.event.MqttTopicUnsubscribingThread: at com.disha.quickride.androidapp.event.MqttTopicUnsubscribingThread.run(SourceFile:41 )
01-27 16:14:52.351 15461 18143 E com.disha.quickride.androidapp.event.MqttTopicUnsubscribingThread: at java.lang.Thread.run(Thread.java:919)
01-27 16:14:52.351 15461 18141 E com.disha.quickride.androidapp.event.MqttMessageSendingThread: Exception while taking Mqtt message from the queue :
01-27 16:14:52.351 15461 18141 E com.disha.quickride.androidapp.event.MqttMessageSendingThread: java.lang.InterruptedException
01-27 16:14:52.351 15461 18141 E com.disha.quickride.androidapp.event.MqttMessageSendingThread: at java.util.concurrent.locks.AbstractQueuedSynchronizer$ConditionObject.reportInterru ptAfterWait(AbstractQueuedSynchronizer.java:2042)
01-27 16:14:52.351 15461 18141 E com.disha.quickride.androidapp.event.MqttMessageSendingThread: at java.util.concurrent.locks.AbstractQueuedSynchronizer$ConditionObject.await(Abstrac tQueuedSynchronizer.java:2076)
01-27 16:14:52.351 15461 18141 E com.disha.quickride.androidapp.event.MqttMessageSendingThread: at java.util.concurrent.LinkedBlockingQueue.take(LinkedBlockingQueue.java:442)
01-27 16:14:52.351 15461 18141 E com.disha.quickride.androidapp.event.MqttMessageSendingThread: at com.disha.quickride.androidapp.event.MqttMessageSendingThread.getNextMessage(Source File:77)
01-27 16:14:52.351 15461 18141 E com.disha.quickride.androidapp.event.MqttMessageSendingThread: at com.disha.quickride.androidapp.event.MqttMessageSendingThread.run(SourceFile:46)
01-27 16:14:52.351 15461 18141 E com.disha.quickride.androidapp.event.MqttMessageSendingThread: at java.lang.Thread.run(Thread.java:919)
01-27 16:14:52.351 15461 18143 W com.disha.quickride.androidapp.event.MqttTopicUnsubscribingThread: Stopped unsubscribing
01-27 16:14:52.351 15461 18141 W com.disha.quickride.androidapp.event.MqttMessageSendingThread: Stopped publishing Mqtt messages
01-27 16:14:52.351 15461 18142 W com.disha.quickride.androidapp.event.MqttTopicSubscribingThread: Stopped subscribing
01-27 16:14:52.351 15461 18143 E com.disha.quickride.androidapp.event.MqttTopicUnsubscribingThread: Exception while taking topic name from the unsubscriptions queue :
01-27 16:14:52.351 15461 18143 E com.disha.quickride.androidapp.event.MqttTopicUnsubscribingThread: java.lang.InterruptedException
01-27 16:14:52.351 15461 18143 E com.disha.quickride.androidapp.event.MqttTopicUnsubscribingThread: at java.util.concurrent.locks.AbstractQueuedSynchronizer$ConditionObject.reportInterru ptAfterWait(AbstractQueuedSynchronizer.java:2042)
01-27 16:14:52.351 15461 18143 E com.disha.quickride.androidapp.event.MqttTopicUnsubscribingThread: at java.util.concurrent.locks.AbstractQueuedSynchronizer$ConditionObject.await(Abstrac tQueuedSynchronizer.java:2076)
01-27 16:14:52.351 15461 18143 E com.disha.quickride.androidapp.event.MqttTopicUnsubscribingThread: at java.util.concurrent.LinkedBlockingQueue.take(LinkedBlockingQueue.java:442)
01-27 16:14:52.351 15461 18143 E com.disha.quickride.androidapp.event.MqttTopicUnsubscribingThread: at com.disha.quickride.androidapp.event.MqttTopicUnsubscribingThread.getNextTopicForUn subscription(SourceFile:65)
01-27 16:14:52.351 15461 18143 E com.disha.quickride.androidapp.event.MqttTopicUnsubscribingThread: at com.disha.quickride.androidapp.event.MqttTopicUnsubscribingThread.run(SourceFile:41 )
01-27 16:14:52.351 15461 18143 E com.disha.quickride.androidapp.event.MqttTopicUnsubscribingThread: at java.lang.Thread.run(Thread.java:919)
01-27 16:14:52.351 15461 18143 W com.disha.quickride.androidapp.event.MqttTopicUnsubscribingThread: Stopped unsubscribing
01-27 16:14:52.564 15461 18784 D com.disha.quickride.androidapp.event.LocationUpdateEventServiceProxy: Entering recheckNetworkConnectionAndReconnect
01-27 16:14:52.564 15461 18784 D com.disha.quickride.androidapp.event.LocationUpdateEventServiceProxy: Entering recheckNetworkConnectionAndReconnect
01-27 16:14:52.566 15461 18784 I com.disha.quickride.androidapp.event.EventServiceConnection: Mqtt connect called
01-27 16:14:52.566 15461 18784 I com.disha.quickride.androidapp.event.EventServiceConnection: Mqtt connect called
01-27 16:14:52.566 15461 18784 D com.disha.quickride.androidapp.event.EventServiceConnection: brokerURLs
01-27 16:14:52.566 15461 18784 D com.disha.quickride.androidapp.event.EventServiceConnection: brokerURLs
01-27 16:14:56.119 15461 15461 W InputEventReceiver: Attempted to finish an input event but the input event receiver has already been disposed.
01-27 16:14:56.119 15461 15461 W InputEventReceiver: Attempted to finish an input event but the input event receiver has already been disposed.
01-27 16:14:56.122 15461 18132 D DecorView: onWindowFocusChangedFromViewRoot hasFocus: true, DecorView@10e257e[CommonMapActivity]
01-27 16:14:56.122 15461 18132 D DecorView: onWindowFocusChangedFromViewRoot hasFocus: true, DecorView@10e257e[CommonMapActivity]
01-27 16:14:56.124 15461 15461 E libprocessgroup: set_timerslack_ns write failed: Operation not permitted
01-27 16:14:56.124 15461 15461 E libprocessgroup: set_timerslack_ns write failed: Operation not permitted
01-27 16:14:56.685 15461 15461 D com.disha.quickride.androidapp.util.NetworkStateReceiver: Start listening to network state changes
01-27 16:14:56.685 15461 15461 D com.disha.quickride.androidapp.util.NetworkStateReceiver: Start listening to network state changes
01-27 16:14:56.727 15461 15461 D com.disha.quickride.androidapp.util.NetworkStateReceiver: Received connection status changed intent Intent { act=android.net.conn.CONNECTIVITY_CHANGE flg=0x4200010 (has extras) }
01-27 16:14:56.727 15461 15461 D com.disha.quickride.androidapp.util.NetworkStateReceiver: Received connection status changed intent Intent { act=android.net.conn.CONNECTIVITY_CHANGE flg=0x4200010 (has extras) }
01-27 16:14:56.891 15461 15652 D com.disha.quickride.androidapp.ridemgmt.ridematcher.invite.InviteUsersAndGroupsActi vity: Network is available
01-27 16:14:56.891 15461 15652 D com.disha.quickride.androidapp.ridemgmt.ridematcher.invite.InviteUsersAndGroupsActi vity: Network is available
01-27 16:15:01.855 15461 15461 I Surface : opservice is null false
01-27 16:15:01.855 15461 15461 I Surface : opservice is null false
01-27 16:15:02.114 15461 16932 W ExifInterface: Invalid image: ExifInterface got an unsupported image format file(ExifInterface supports JPEG and some RAW image formats only) or a corrupted JPEG file to ExifInterface.
01-27 16:15:02.114 15461 16932 W ExifInterface: java.io.IOException: Invalid byte order: ffff8950
01-27 16:15:02.114 15461 16932 W ExifInterface: at android.media.ExifInterface.readByteOrder(ExifInterface.java:3121)
01-27 16:15:02.114 15461 16932 W ExifInterface: at android.media.ExifInterface.isOrfFormat(ExifInterface.java:2437)
01-27 16:15:02.114 15461 16932 W ExifInterface: at android.media.ExifInterface.getMimeType(ExifInterface.java:2315)
01-27 16:15:02.114 15461 16932 W ExifInterface: at android.media.ExifInterface.loadAttributes(ExifInterface.java:1753)
01-27 16:15:02.114 15461 16932 W ExifInterface: at android.media.ExifInterface.<init>(ExifInterface.java:1447)
01-27 16:15:02.114 15461 16932 W ExifInterface: at amf.a(SourceFile:40)
01-27 16:15:02.114 15461 16932 W ExifInterface: at ahj.b(SourceFile:92)
01-27 16:15:02.114 15461 16932 W ExifInterface: at amc.a(SourceFile:269)
01-27 16:15:02.114 15461 16932 W ExifInterface: at amc.a(SourceFile:224)
01-27 16:15:02.114 15461 16932 W ExifInterface: at amc.a(SourceFile:173)
01-27 16:15:02.114 15461 16932 W ExifInterface: at alw.a(SourceFile:31)
01-27 16:15:02.114 15461 16932 W ExifInterface: at alw.a(SourceFile:14)
01-27 16:15:02.114 15461 16932 W ExifInterface: at ais.a(SourceFile:92)
01-27 16:15:02.114 15461 16932 W ExifInterface: at ais.a(SourceFile:70)
01-27 16:15:02.114 15461 16932 W ExifInterface: at ais.a(SourceFile:59)
01-27 16:15:02.114 15461 16932 W ExifInterface: at ajd.a(SourceFile:76)
01-27 16:15:02.114 15461 16932 W ExifInterface: at ajd.a(SourceFile:57)
01-27 16:15:02.114 15461 16932 W ExifInterface: at air.a(SourceFile:524)
01-27 16:15:02.114 15461 16932 W ExifInterface: at air.a(SourceFile:488)
01-27 16:15:02.114 15461 16932 W ExifInterface: at air.a(SourceFile:474)
01-27 16:15:02.114 15461 16932 W ExifInterface: at air.n(SourceFile:426)
01-27 16:15:02.114 15461 16932 W ExifInterface: at air.a(SourceFile:390)
01-27 16:15:02.114 15461 16932 W ExifInterface: at aim.a(SourceFile:94)
01-27 16:15:02.114 15461 16932 W ExifInterface: at akn$a.a(SourceFile:70)
01-27 16:15:02.114 15461 16932 W ExifInterface: at aim.a(SourceFile:74)
01-27 16:15:02.114 15461 16932 W ExifInterface: at air.k(SourceFile:310)
01-27 16:15:02.114 15461 16932 W ExifInterface: at air.i(SourceFile:276)
01-27 16:15:02.114 15461 16932 W ExifInterface: at air.run(SourceFile:234)
01-27 16:15:02.114 15461 16932 W ExifInterface: at java.util.concurrent.ThreadPoolExecutor.runWorker(ThreadPoolExecutor.java:1167)
01-27 16:15:02.114 15461 16932 W ExifInterface: at java.util.concurrent.ThreadPoolExecutor$Worker.run(ThreadPoolExecutor.java:641)
01-27 16:15:02.114 15461 16932 W ExifInterface: at java.lang.Thread.run(Thread.java:919)
01-27 16:15:02.114 15461 16932 W ExifInterface: at aki$a$1.run(SourceFile:431)
01-27 16:15:02.114 15461 16932 W ExifInterface: Invalid image: ExifInterface got an unsupported image format file(ExifInterface supports JPEG and some RAW image formats only) or a corrupted JPEG file to ExifInterface.
01-27 16:15:02.114 15461 16932 W ExifInterface: java.io.IOException: Invalid byte order: ffff8950
01-27 16:15:02.114 15461 16932 W ExifInterface: at android.media.ExifInterface.readByteOrder(ExifInterface.java:3121)
01-27 16:15:02.114 15461 16932 W ExifInterface: at android.media.ExifInterface.isOrfFormat(ExifInterface.java:2437)
01-27 16:15:02.114 15461 16932 W ExifInterface: at android.media.ExifInterface.getMimeType(ExifInterface.java:2315)
01-27 16:15:02.114 15461 16932 W ExifInterface: at android.media.ExifInterface.loadAttributes(ExifInterface.java:1753)
01-27 16:15:02.114 15461 16932 W ExifInterface: at android.media.ExifInterface.<init>(ExifInterface.java:1447)
01-27 16:15:02.114 15461 16932 W ExifInterface: at amf.a(SourceFile:40)
01-27 16:15:02.114 15461 16932 W ExifInterface: at ahj.b(SourceFile:92)
01-27 16:15:02.114 15461 16932 W ExifInterface: at amc.a(SourceFile:269)
01-27 16:15:02.114 15461 16932 W ExifInterface: at amc.a(SourceFile:224)
01-27 16:15:02.114 15461 16932 W ExifInterface: at amc.a(SourceFile:173)
01-27 16:15:02.114 15461 16932 W ExifInterface: at alw.a(SourceFile:31)
01-27 16:15:02.114 15461 16932 W ExifInterface: at alw.a(SourceFile:14)
01-27 16:15:02.114 15461 16932 W ExifInterface: at ais.a(SourceFile:92)
01-27 16:15:02.114 15461 16932 W ExifInterface: at ais.a(SourceFile:70)
01-27 16:15:02.114 15461 16932 W ExifInterface: at ais.a(SourceFile:59)
01-27 16:15:02.114 15461 16932 W ExifInterface: at ajd.a(SourceFile:76)
01-27 16:15:02.114 15461 16932 W ExifInterface: at ajd.a(SourceFile:57)
01-27 16:15:02.114 15461 16932 W ExifInterface: at air.a(SourceFile:524)
01-27 16:15:02.114 15461 16932 W ExifInterface: at air.a(SourceFile:488)
01-27 16:15:02.114 15461 16932 W ExifInterface: at air.a(SourceFile:474)
01-27 16:15:02.114 15461 16932 W ExifInterface: at air.n(SourceFile:426)
01-27 16:15:02.114 15461 16932 W ExifInterface: at air.a(SourceFile:390)
01-27 16:15:02.114 15461 16932 W ExifInterface: at aim.a(SourceFile:94)
01-27 16:15:02.114 15461 16932 W ExifInterface: at akn$a.a(SourceFile:70)
01-27 16:15:02.114 15461 16932 W ExifInterface: at aim.a(SourceFile:74)
01-27 16:15:02.114 15461 16932 W ExifInterface: at air.k(SourceFile:310)
01-27 16:15:02.114 15461 16932 W ExifInterface: at air.i(SourceFile:276)
01-27 16:15:02.114 15461 16932 W ExifInterface: at air.run(SourceFile:234)
01-27 16:15:02.114 15461 16932 W ExifInterface: at java.util.concurrent.ThreadPoolExecutor.runWorker(ThreadPoolExecutor.java:1167)
01-27 16:15:02.114 15461 16932 W ExifInterface: at java.util.concurrent.ThreadPoolExecutor$Worker.run(ThreadPoolExecutor.java:641)
01-27 16:15:02.114 15461 16932 W ExifInterface: at java.lang.Thread.run(Thread.java:919)
01-27 16:15:02.114 15461 16932 W ExifInterface: at aki$a$1.run(SourceFile:431)
01-27 16:15:02.754 15461 15461 I com.disha.quickride.androidapp.ridemgmt.ridematcher.passenger.MatchedRidersAdapter: Handling passenger click
01-27 16:15:02.754 15461 15461 I com.disha.quickride.androidapp.ridemgmt.ridematcher.passenger.MatchedRidersAdapter: Handling passenger click
01-27 16:15:04.560 15461 15461 I Surface : opservice is null false
01-27 16:15:04.560 15461 15461 I Surface : opservice is null false
01-27 16:15:04.612 15461 15461 I com.disha.quickride.androidapp.ridemgmt.ridematcher.passenger.MatchedRidersAdapter: Handling passenger click
01-27 16:15:04.612 15461 15461 I com.disha.quickride.androidapp.ridemgmt.ridematcher.passenger.MatchedRidersAdapter: Handling passenger click
01-27 16:15:06.280 15461 15461 E SensorManager: unregisterListenerImpl callingApp: com.disha.quickride,callingPid:15461,callingUid:10450
01-27 16:15:06.280 15461 15461 E SensorManager: unregisterListenerImpl callingApp: com.disha.quickride,callingPid:15461,callingUid:10450
01-27 16:15:06.298 15461 15461 D com.disha.quickride.androidapp.util.NetworkStateReceiver: Stop listening to network state changes
01-27 16:15:06.298 15461 15461 D com.disha.quickride.androidapp.util.NetworkStateReceiver: Stop listening to network state changes
01-27 16:15:06.303 15461 15461 W ActivityThread: handleWindowVisibility: no activity for token android.os.BinderProxy@302b7ef
01-27 16:15:06.303 15461 15461 W ActivityThread: handleWindowVisibility: no activity for token android.os.BinderProxy@302b7ef
01-27 16:15:06.310 15461 15461 D com.disha.quickride.androidapp.QuickRideBaseFragmentActivity: Session resumed successfully
01-27 16:15:06.310 15461 15461 D com.disha.quickride.androidapp.QuickRideBaseFragmentActivity: Session resumed successfully
01-27 16:15:06.331 15461 15461 I TextToSpeech: Sucessfully bound to com.google.android.tts
01-27 16:15:06.331 15461 15461 I TextToSpeech: Sucessfully bound to com.google.android.tts
01-27 16:15:06.331 15461 15461 W TextToSpeech: setLanguage failed: not bound to TTS engine
01-27 16:15:06.331 15461 15461 W TextToSpeech: setLanguage failed: not bound to TTS engine
01-27 16:15:06.390 15461 15461 I com.disha.quickride.androidapp.usermgmt.profile.ProfileDisplayBaseFragment: reading of profile data
01-27 16:15:06.390 15461 15461 I com.disha.quickride.androidapp.usermgmt.profile.ProfileDisplayBaseFragment: reading of profile data
01-27 16:15:06.390 15461 15461 I com.disha.quickride.androidapp.usermgmt.profile.ProfileDisplayFragment: profile display activity actionbar customization
01-27 16:15:06.390 15461 15461 I com.disha.quickride.androidapp.usermgmt.profile.ProfileDisplayFragment: profile display activity actionbar customization
01-27 16:15:06.391 15461 15461 I com.disha.quickride.androidapp.usermgmt.profile.ProfileDisplayBaseFragment: retrieving of user data for profile display
01-27 16:15:06.391 15461 15461 I com.disha.quickride.androidapp.usermgmt.profile.ProfileDisplayBaseFragment: retrieving of user data for profile display
01-27 16:15:06.391 15461 15461 I com.disha.quickride.androidapp.usermgmt.cache.UserDataCache: getUser
01-27 16:15:06.391 15461 15461 I com.disha.quickride.androidapp.usermgmt.cache.UserDataCache: getUser
01-27 16:15:06.391 15461 15461 I com.disha.quickride.androidapp.usermgmt.profile.ProfileDisplayBaseFragment: retrieving of user profile data for profile display
01-27 16:15:06.391 15461 15461 I com.disha.quickride.androidapp.usermgmt.cache.UserDataCache: getUserInformation
01-27 16:15:06.391 15461 15461 I com.disha.quickride.androidapp.usermgmt.profile.ProfileDisplayBaseFragment: retrieving of user profile data for profile display
01-27 16:15:06.391 15461 15461 I com.disha.quickride.androidapp.usermgmt.cache.UserDataCache: getUserInformation
01-27 16:15:06.391 15461 16011 I com.disha.quickride.androidapp.usermgmt.register.UserRetrievalAsyncTask: User Retrieval Async Task
01-27 16:15:06.391 15461 16011 I com.disha.quickride.androidapp.usermgmt.register.UserRetrievalAsyncTask: User Retrieval Async Task
01-27 16:15:06.394 15461 15461 V ViewRootImpl: The specified message queue synchronization barrier token has not been posted or has already been removed
01-27 16:15:06.394 15461 15461 V ViewRootImpl: The specified message queue synchronization barrier token has not been posted or has already been removed
01-27 16:15:06.395 15461 16011 D com.disha.quickride.androidapp.common.AndroidRestClient.AndroidClientLogger: RestClient.callService with httpRequestMethod = GET
01-27 16:15:06.395 15461 16011 D com.disha.quickride.androidapp.common.AndroidRestClient.AndroidClientLogger: RestClient.callService with httpRequestMethod = GET
01-27 16:15:06.401 15461 15461 E SensorManager: registerListenerImpl sensorName:lsm6dsm Accelerometer Non-wakeup,isWakeUpSensor:false,callingApp: com.disha.quickride,callingPid:15461,callingUid:10450
01-27 16:15:06.401 15461 16156 D com.disha.quickride.androidapp.common.AndroidRestClient.AndroidClientLogger: RestClient.callService with httpRequestMethod = GET
01-27 16:15:06.401 15461 15461 E SensorManager: registerListenerImpl sensorName:lsm6dsm Accelerometer Non-wakeup,isWakeUpSensor:false,callingApp: com.disha.quickride,callingPid:15461,callingUid:10450
01-27 16:15:06.401 15461 16156 D com.disha.quickride.androidapp.common.AndroidRestClient.AndroidClientLogger: RestClient.callService with httpRequestMethod = GET
01-27 16:15:06.411 15461 15461 I com.disha.quickride.androidapp.usermgmt.profile.ProfileDisplayBaseFragment: reading of profile data
01-27 16:15:06.412 15461 15461 I com.disha.quickride.androidapp.usermgmt.profile.ProfileDisplayBaseFragment: retrieving of user data for profile display
01-27 16:15:06.412 15461 15461 I com.disha.quickride.androidapp.usermgmt.cache.UserDataCache: getUser
01-27 16:15:06.412 15461 15461 I com.disha.quickride.androidapp.usermgmt.profile.ProfileDisplayBaseFragment: retrieving of user profile data for profile display
01-27 16:15:06.412 15461 15461 I com.disha.quickride.androidapp.usermgmt.cache.UserDataCache: getUserInformation
01-27 16:15:06.412 15461 15620 I com.disha.quickride.androidapp.usermgmt.register.UserRetrievalAsyncTask: User Retrieval Async Task
01-27 16:15:06.411 15461 15461 I com.disha.quickride.androidapp.usermgmt.profile.ProfileDisplayBaseFragment: reading of profile data
01-27 16:15:06.412 15461 15461 I com.disha.quickride.androidapp.usermgmt.profile.ProfileDisplayBaseFragment: retrieving of user data for profile display
01-27 16:15:06.412 15461 15461 I com.disha.quickride.androidapp.usermgmt.cache.UserDataCache: getUser
01-27 16:15:06.412 15461 15461 I com.disha.quickride.androidapp.usermgmt.profile.ProfileDisplayBaseFragment: retrieving of user profile data for profile display
01-27 16:15:06.412 15461 15461 I com.disha.quickride.androidapp.usermgmt.cache.UserDataCache: getUserInformation
01-27 16:15:06.412 15461 15620 I com.disha.quickride.androidapp.usermgmt.register.UserRetrievalAsyncTask: User Retrieval Async Task
01-27 16:15:06.415 15461 15461 V ViewRootImpl: The specified message queue synchronization barrier token has not been posted or has already been removed
01-27 16:15:06.415 15461 15461 V ViewRootImpl: The specified message queue synchronization barrier token has not been posted or has already been removed
01-27 16:15:06.421 15461 15620 D com.disha.quickride.androidapp.common.AndroidRestClient.AndroidClientLogger: RestClient.callService with httpRequestMethod = GET
01-27 16:15:06.421 15461 15620 D com.disha.quickride.androidapp.common.AndroidRestClient.AndroidClientLogger: RestClient.callService with httpRequestMethod = GET
01-27 16:15:06.424 15461 15461 V ViewRootImpl: The specified message queue synchronization barrier token has not been posted or has already been removed
01-27 16:15:06.424 15461 15461 V ViewRootImpl: The specified message queue synchronization barrier token has not been posted or has already been removed
01-27 16:15:06.435 15461 15478 D DecorView: onWindowFocusChangedFromViewRoot hasFocus: true, DecorView@fd84d67[ProfileDisplayFragmentActivity]
01-27 16:15:06.435 15461 15478 D DecorView: onWindowFocusChangedFromViewRoot hasFocus: true, DecorView@fd84d67[ProfileDisplayFragmentActivity]
01-27 16:15:06.436 15461 16575 D com.disha.quickride.androidapp.common.AndroidRestClient.AndroidClientLogger: RestClient.callService with httpRequestMethod = GET
01-27 16:15:06.436 15461 16575 D com.disha.quickride.androidapp.common.AndroidRestClient.AndroidClientLogger: RestClient.callService with httpRequestMethod = GET
01-27 16:15:06.449 15461 15478 D DecorView: onWindowFocusChangedFromViewRoot hasFocus: true, DecorView@f1585b2[ProfileDisplayFragmentActivity]
01-27 16:15:06.449 15461 15478 D DecorView: onWindowFocusChangedFromViewRoot hasFocus: true, DecorView@f1585b2[ProfileDisplayFragmentActivity]
01-27 16:15:06.477 15461 15461 E RecyclerView: No adapter attached; skipping layout
01-27 16:15:06.477 15461 15461 E RecyclerView: No adapter attached; skipping layout
01-27 16:15:06.490 15461 15461 W Choreographer: Already have a pending vsync event. There should only be one at a time.
01-27 16:15:06.490 15461 15461 W Choreographer: Already have a pending vsync event. There should only be one at a time.
01-27 16:15:06.497 15461 15461 E libprocessgroup: set_timerslack_ns write failed: Operation not permitted
01-27 16:15:06.498 15461 15461 I TextToSpeech: Connected to ComponentInfo{com.google.android.tts/com.google.android.tts.service.GoogleTTSServic e}
01-27 16:15:06.497 15461 15461 E libprocessgroup: set_timerslack_ns write failed: Operation not permitted
01-27 16:15:06.498 15461 15461 I TextToSpeech: Connected to ComponentInfo{com.google.android.tts/com.google.android.tts.service.GoogleTTSServic e}
01-27 16:15:06.510 15461 16011 D com.disha.quickride.androidapp.common.AndroidRestClient.AndroidClientLogger: RestClient.callService response code : 200
01-27 16:15:06.510 15461 16011 D com.disha.quickride.androidapp.common.AndroidRestClient.AndroidClientLogger: RestClient.callService response code : 200
01-27 16:15:06.513 15461 17126 I TextToSpeech: Set up connection to ComponentInfo{com.google.android.tts/com.google.android.tts.service.GoogleTTSServic e}
01-27 16:15:06.513 15461 17126 I TextToSpeech: Set up connection to ComponentInfo{com.google.android.tts/com.google.android.tts.service.GoogleTTSServic e}
01-27 16:15:06.527 15461 16156 D com.disha.quickride.androidapp.common.AndroidRestClient.AndroidClientLogger: RestClient.callService response code : 200
01-27 16:15:06.527 15461 16156 D com.disha.quickride.androidapp.common.AndroidRestClient.AndroidClientLogger: RestClient.callService response code : 200
01-27 16:15:06.543 15461 15620 D com.disha.quickride.androidapp.common.AndroidRestClient.AndroidClientLogger: RestClient.callService response code : 200
01-27 16:15:06.543 15461 15620 D com.disha.quickride.androidapp.common.AndroidRestClient.AndroidClientLogger: RestClient.callService response code : 200
01-27 16:15:06.549 15461 16575 D com.disha.quickride.androidapp.common.AndroidRestClient.AndroidClientLogger: RestClient.callService response code : 200
01-27 16:15:06.549 15461 16575 D com.disha.quickride.androidapp.common.AndroidRestClient.AndroidClientLogger: RestClient.callService response code : 200
01-27 16:15:06.550 15461 18856 I AppsFlyer_4.9.0: sendTrackingWithEvent from activity: com.disha.quickride.androidapp.startup.QuickRideApplication
01-27 16:15:06.550 15461 18856 I AppsFlyer_4.9.0: sendTrackingWithEvent from activity: com.disha.quickride.androidapp.startup.QuickRideApplication
01-27 16:15:06.550 15461 18856 I AppsFlyer_4.9.0: Trying to fetch GAID..
01-27 16:15:06.550 15461 18856 I AppsFlyer_4.9.0: Trying to fetch GAID..
01-27 16:15:06.666 15461 15461 D OnePlusJankManager: Chor uploadMDM JANK_TYPE_ONCE mViewTitle = com.disha.quickride/com.disha.quickride.androidapp.usermgmt.profile.ProfileDisplayF ragmentActivity--- jank level = 1
01-27 16:15:06.666 15461 15461 D OnePlusJankManager: Chor uploadMDM JANK_TYPE_ONCE mViewTitle = com.disha.quickride/com.disha.quickride.androidapp.usermgmt.profile.ProfileDisplayF ragmentActivity--- jank level = 1
01-27 16:15:06.677 15461 15461 D OnePlusJankManager: Chor uploadMDM JANK_TYPE_ONCE mViewTitle = com.disha.quickride/com.disha.quickride.androidapp.usermgmt.profile.ProfileDisplayF ragmentActivity--- jank level = 1
01-27 16:15:06.677 15461 15461 D OnePlusJankManager: Chor uploadMDM JANK_TYPE_ONCE mViewTitle = com.disha.quickride/com.disha.quickride.androidapp.usermgmt.profile.ProfileDisplayF ragmentActivity--- jank level = 1
01-27 16:15:06.678 15461 15461 I com.disha.quickride.androidapp.usermgmt.cache.UserDataCache: Store User
01-27 16:15:06.678 15461 15461 I com.disha.quickride.androidapp.usermgmt.profile.ProfileDisplayBaseFragment: retrieving of user profile data for profile display
01-27 16:15:06.678 15461 15461 I com.disha.quickride.androidapp.usermgmt.cache.UserDataCache: getting of user profile
01-27 16:15:06.678 15461 16911 I com.disha.quickride.androidapp.usermgmt.profile.UserProfileRetrievalAsyncTask: User Profile Retrieval
01-27 16:15:06.678 15461 15461 I com.disha.quickride.androidapp.usermgmt.cache.UserDataCache: Store User
01-27 16:15:06.678 15461 15461 I com.disha.quickride.androidapp.usermgmt.profile.ProfileDisplayBaseFragment: retrieving of user profile data for profile display
01-27 16:15:06.678 15461 15461 I com.disha.quickride.androidapp.usermgmt.cache.UserDataCache: getting of user profile
01-27 16:15:06.678 15461 16911 I com.disha.quickride.androidapp.usermgmt.profile.UserProfileRetrievalAsyncTask: User Profile Retrieval
01-27 16:15:06.680 15461 16911 D com.disha.quickride.androidapp.common.AndroidRestClient.AndroidClientLogger: RestClient.callService with httpRequestMethod = GET
01-27 16:15:06.680 15461 16911 D com.disha.quickride.androidapp.common.AndroidRestClient.AndroidClientLogger: RestClient.callService with httpRequestMethod = GET
01-27 16:15:06.683 15461 15461 I com.disha.quickride.androidapp.usermgmt.profile.ProfileDisplayBaseFragment: getting user profile for profile display activity
01-27 16:15:06.683 15461 15461 I com.disha.quickride.androidapp.usermgmt.profile.ProfileDisplayBaseFragment: getting user profile for profile display activity
01-27 16:15:06.684 15461 15461 I com.disha.quickride.androidapp.usermgmt.profile.ProfileDisplayBaseFragment: Displaying profession details
01-27 16:15:06.684 15461 15461 I com.disha.quickride.androidapp.usermgmt.profile.ProfileDisplayBaseFragment: Displaying profession details
01-27 16:15:06.684 15461 15461 I com.disha.quickride.androidapp.usermgmt.profile.ProfileDisplayFragment: displaying of verification status
01-27 16:15:06.686 15461 15461 I com.disha.quickride.androidapp.usermgmt.profile.ProfileDisplayFragment: Displaying of total rides count
01-27 16:15:06.687 15461 15461 I com.disha.quickride.androidapp.usermgmt.profile.ProfileDisplayFragment: Displaying of user rating
01-27 16:15:06.684 15461 15461 I com.disha.quickride.androidapp.usermgmt.profile.ProfileDisplayFragment: displaying of verification status
01-27 16:15:06.686 15461 15461 I com.disha.quickride.androidapp.usermgmt.profile.ProfileDisplayFragment: Displaying of total rides count
01-27 16:15:06.687 15461 15461 I com.disha.quickride.androidapp.usermgmt.profile.ProfileDisplayFragment: Displaying of user rating
01-27 16:15:06.690 15461 15461 I com.disha.quickride.androidapp.usermgmt.profile.ProfileDisplayFragment: Displaying of user onTime
01-27 16:15:06.690 15461 15461 I com.disha.quickride.androidapp.usermgmt.profile.ProfileDisplayFragment: Displaying of user onTime
01-27 16:15:06.692 15461 15461 I com.disha.quickride.androidapp.usermgmt.profile.ProfileDisplayFragment: Displaying social networks if configured
01-27 16:15:06.692 15461 15461 I com.disha.quickride.androidapp.usermgmt.profile.ProfileDisplayFragment: Displaying social networks if configured
01-27 16:15:06.692 15461 15461 I com.disha.quickride.androidapp.usermgmt.profile.ProfileDisplayFragment: retrieving of user image data for displaying in profile
01-27 16:15:06.692 15461 15461 I com.disha.quickride.androidapp.usermgmt.profile.ProfileDisplayFragment: retrieving of user image data for displaying in profile
01-27 16:15:06.729 15461 15461 I com.disha.quickride.androidapp.usermgmt.cache.UserDataCache: Store User
01-27 16:15:06.729 15461 15461 I com.disha.quickride.androidapp.usermgmt.profile.ProfileDisplayBaseFragment: retrieving of user profile data for profile display
01-27 16:15:06.729 15461 15461 I com.disha.quickride.androidapp.usermgmt.cache.UserDataCache: getting of user profile
01-27 16:15:06.729 15461 15461 I com.disha.quickride.androidapp.usermgmt.cache.UserDataCache: Store User
01-27 16:15:06.729 15461 15461 I com.disha.quickride.androidapp.usermgmt.profile.ProfileDisplayBaseFragment: retrieving of user profile data for profile display
01-27 16:15:06.729 15461 15461 I com.disha.quickride.androidapp.usermgmt.cache.UserDataCache: getting of user profile
01-27 16:15:06.729 15461 15600 I com.disha.quickride.androidapp.usermgmt.profile.UserProfileRetrievalAsyncTask: User Profile Retrieval
01-27 16:15:06.729 15461 15600 I com.disha.quickride.androidapp.usermgmt.profile.UserProfileRetrievalAsyncTask: User Profile Retrieval
01-27 16:15:06.732 15461 15600 D com.disha.quickride.androidapp.common.AndroidRestClient.AndroidClientLogger: RestClient.callService with httpRequestMethod = GET
01-27 16:15:06.732 15461 15600 D com.disha.quickride.androidapp.common.AndroidRestClient.AndroidClientLogger: RestClient.callService with httpRequestMethod = GET
01-27 16:15:06.795 15461 16911 D com.disha.quickride.androidapp.common.AndroidRestClient.AndroidClientLogger: RestClient.callService response code : 200
01-27 16:15:06.795 15461 16911 D com.disha.quickride.androidapp.common.AndroidRestClient.AndroidClientLogger: RestClient.callService response code : 200
01-27 16:15:06.847 15461 15600 D com.disha.quickride.androidapp.common.AndroidRestClient.AndroidClientLogger: RestClient.callService response code : 200
01-27 16:15:06.847 15461 15600 D com.disha.quickride.androidapp.common.AndroidRestClient.AndroidClientLogger: RestClient.callService response code : 200
01-27 16:15:06.907 15461 16936 W ExifInterface: Invalid image: ExifInterface got an unsupported image format file(ExifInterface supports JPEG and some RAW image formats only) or a corrupted JPEG file to ExifInterface.
01-27 16:15:06.907 15461 16936 W ExifInterface: java.io.IOException: Invalid byte order: ffff8950
01-27 16:15:06.907 15461 16936 W ExifInterface: at android.media.ExifInterface.readByteOrder(ExifInterface.java:3121)
01-27 16:15:06.907 15461 16936 W ExifInterface: at android.media.ExifInterface.isOrfFormat(ExifInterface.java:2437)
01-27 16:15:06.907 15461 16936 W ExifInterface: at android.media.ExifInterface.getMimeType(ExifInterface.java:2315)
01-27 16:15:06.907 15461 16936 W ExifInterface: at android.media.ExifInterface.loadAttributes(ExifInterface.java:1753)
01-27 16:15:06.907 15461 16936 W ExifInterface: at android.media.ExifInterface.<init>(ExifInterface.java:1447)
01-27 16:15:06.907 15461 16936 W ExifInterface: at amf.a(SourceFile:40)
01-27 16:15:06.907 15461 16936 W ExifInterface: at ahj.b(SourceFile:92)
01-27 16:15:06.907 15461 16936 W ExifInterface: at amc.a(SourceFile:269)
01-27 16:15:06.907 15461 16936 W ExifInterface: at amc.a(SourceFile:224)
01-27 16:15:06.907 15461 16936 W ExifInterface: at amc.a(SourceFile:173)
01-27 16:15:06.907 15461 16936 W ExifInterface: at alw.a(SourceFile:31)
01-27 16:15:06.907 15461 16936 W ExifInterface: at alw.a(SourceFile:14)
01-27 16:15:06.907 15461 16936 W ExifInterface: at ais.a(SourceFile:92)
01-27 16:15:06.907 15461 16936 W ExifInterface: at ais.a(SourceFile:70)
01-27 16:15:06.907 15461 16936 W ExifInterface: at ais.a(SourceFile:59)
01-27 16:15:06.907 15461 16936 W ExifInterface: at ajd.a(SourceFile:76)
01-27 16:15:06.907 15461 16936 W ExifInterface: at ajd.a(SourceFile:57)
01-27 16:15:06.907 15461 16936 W ExifInterface: at air.a(SourceFile:524)
01-27 16:15:06.907 15461 16936 W ExifInterface: at air.a(SourceFile:488)
01-27 16:15:06.907 15461 16936 W ExifInterface: at air.a(SourceFile:474)
01-27 16:15:06.907 15461 16936 W ExifInterface: at air.n(SourceFile:426)
01-27 16:15:06.907 15461 16936 W ExifInterface: at air.a(SourceFile:390)
01-27 16:15:06.907 15461 16936 W ExifInterface: at ajj.a(SourceFile:146)
01-27 16:15:06.907 15461 16936 W ExifInterface: at aim.a(SourceFile:94)
01-27 16:15:06.907 15461 16936 W ExifInterface: at akn$a.a(SourceFile:70)
01-27 16:15:06.907 15461 16936 W ExifInterface: at aim.a(SourceFile:74)
01-27 16:15:06.907 15461 16936 W ExifInterface: at ajj.a(SourceFile:50)
01-27 16:15:06.907 15461 16936 W ExifInterface: at air.k(SourceFile:310)
01-27 16:15:06.907 15461 16936 W ExifInterface: at air.i(SourceFile:279)
01-27 16:15:06.907 15461 16936 W ExifInterface: at air.run(SourceFile:234)
01-27 16:15:06.907 15461 16936 W ExifInterface: at java.util.concurrent.ThreadPoolExecutor.runWorker(ThreadPoolExecutor.java:1167)
01-27 16:15:06.907 15461 16936 W ExifInterface: at java.util.concurrent.ThreadPoolExecutor$Worker.run(ThreadPoolExecutor.java:641)
01-27 16:15:06.907 15461 16936 W ExifInterface: at java.lang.Thread.run(Thread.java:919)
01-27 16:15:06.907 15461 16936 W ExifInterface: at aki$a$1.run(SourceFile:431)
01-27 16:15:06.907 15461 16936 W ExifInterface: Invalid image: ExifInterface got an unsupported image format file(ExifInterface supports JPEG and some RAW image formats only) or a corrupted JPEG file to ExifInterface.
01-27 16:15:06.907 15461 16936 W ExifInterface: java.io.IOException: Invalid byte order: ffff8950
01-27 16:15:06.907 15461 16936 W ExifInterface: at android.media.ExifInterface.readByteOrder(ExifInterface.java:3121)
01-27 16:15:06.907 15461 16936 W ExifInterface: at android.media.ExifInterface.isOrfFormat(ExifInterface.java:2437)
01-27 16:15:06.907 15461 16936 W ExifInterface: at android.media.ExifInterface.getMimeType(ExifInterface.java:2315)
01-27 16:15:06.907 15461 16936 W ExifInterface: at android.media.ExifInterface.loadAttributes(ExifInterface.java:1753)
01-27 16:15:06.907 15461 16936 W ExifInterface: at android.media.ExifInterface.<init>(ExifInterface.java:1447)
01-27 16:15:06.907 15461 16936 W ExifInterface: at amf.a(SourceFile:40)
01-27 16:15:06.907 15461 16936 W ExifInterface: at ahj.b(SourceFile:92)
01-27 16:15:06.907 15461 16936 W ExifInterface: at amc.a(SourceFile:269)
01-27 16:15:06.907 15461 16936 W ExifInterface: at amc.a(SourceFile:224)
01-27 16:15:06.907 15461 16936 W ExifInterface: at amc.a(SourceFile:173)
01-27 16:15:06.907 15461 16936 W ExifInterface: at alw.a(SourceFile:31)
01-27 16:15:06.907 15461 16936 W ExifInterface: at alw.a(SourceFile:14)
01-27 16:15:06.907 15461 16936 W ExifInterface: at ais.a(SourceFile:92)
01-27 16:15:06.907 15461 16936 W ExifInterface: at ais.a(SourceFile:70)
01-27 16:15:06.907 15461 16936 W ExifInterface: at ais.a(SourceFile:59)
01-27 16:15:06.907 15461 16936 W ExifInterface: at ajd.a(SourceFile:76)
01-27 16:15:06.907 15461 16936 W ExifInterface: at ajd.a(SourceFile:57)
01-27 16:15:06.907 15461 16936 W ExifInterface: at air.a(SourceFile:524)
01-27 16:15:06.907 15461 16936 W ExifInterface: at air.a(SourceFile:488)
01-27 16:15:06.907 15461 16936 W ExifInterface: at air.a(SourceFile:474)
01-27 16:15:06.907 15461 16936 W ExifInterface: at air.n(SourceFile:426)
01-27 16:15:06.907 15461 16936 W ExifInterface: at air.a(SourceFile:390)
01-27 16:15:06.907 15461 16936 W ExifInterface: at ajj.a(SourceFile:146)
01-27 16:15:06.907 15461 16936 W ExifInterface: at aim.a(SourceFile:94)
01-27 16:15:06.907 15461 16936 W ExifInterface: at akn$a.a(SourceFile:70)
01-27 16:15:06.907 15461 16936 W ExifInterface: at aim.a(SourceFile:74)
01-27 16:15:06.907 15461 16936 W ExifInterface: at ajj.a(SourceFile:50)
01-27 16:15:06.907 15461 16936 W ExifInterface: at air.k(SourceFile:310)
01-27 16:15:06.907 15461 16936 W ExifInterface: at air.i(SourceFile:279)
01-27 16:15:06.907 15461 16936 W ExifInterface: at air.run(SourceFile:234)
01-27 16:15:06.907 15461 16936 W ExifInterface: at java.util.concurrent.ThreadPoolExecutor.runWorker(ThreadPoolExecutor.java:1167)
01-27 16:15:06.907 15461 16936 W ExifInterface: at java.util.concurrent.ThreadPoolExecutor$Worker.run(ThreadPoolExecutor.java:641)
01-27 16:15:06.907 15461 16936 W ExifInterface: at java.lang.Thread.run(Thread.java:919)
01-27 16:15:06.907 15461 16936 W ExifInterface: at aki$a$1.run(SourceFile:431)
01-27 16:15:06.927 15461 15461 I com.disha.quickride.androidapp.usermgmt.profile.ProfileDisplayBaseFragment: getting user profile for profile display activity
01-27 16:15:06.927 15461 15461 I com.disha.quickride.androidapp.usermgmt.profile.ProfileDisplayBaseFragment: getting user profile for profile display activity
01-27 16:15:06.928 15461 15461 I com.disha.quickride.androidapp.usermgmt.profile.ProfileDisplayBaseFragment: Displaying profession details
