The log file shows the startup process of a mobile application. It initializes various SDKs and libraries like Firebase, Crashlytics, adjusting. It also initializes the session manager but is unable to resume a user session as one is not found. The application's splash activity is then launched and the app becomes visible to the user.
We take content rights seriously. If you suspect this is your content, claim it here.
Available Formats
Download as TXT, PDF, TXT or read online on Scribd
0 ratings0% found this document useful (0 votes)
250 views
QuickRide Logcat
The log file shows the startup process of a mobile application. It initializes various SDKs and libraries like Firebase, Crashlytics, adjusting. It also initializes the session manager but is unable to resume a user session as one is not found. The application's splash activity is then launched and the app becomes visible to the user.
We take content rights seriously. If you suspect this is your content, claim it here.
Available Formats
Download as TXT, PDF, TXT or read online on Scribd
You are on page 1/ 229
--------- beginning of main
01-27 16:09:31.027 15461 15461 E disha.quickrid: Not starting debugger since
process cannot load the jdwp agent.
01-27 16:09:31.258 15461 15461 I disha.quickrid: The ClassLoaderContext is a special shared library.
01-27 16:09:31.267 15461 15461 W disha.quickrid: JIT profile information will not be recorded: profile file does not exits.
01-27 16:09:31.267 15461 15461 W disha.quickrid: JIT profile information will not be recorded: profile file does not exits.
01-27 16:09:31.271 15461 15461 I Perf : Connecting to perf service.
01-27 16:09:31.275 15461 15461 D com.disha.quickride.androidapp.startup.QuickRideApplication: QuickRideApplication is instantiated
01-27 16:09:31.276 15461 15461 I MultiDex: VM with version 2.1.0 has multidex support
01-27 16:09:31.276 15461 15461 I MultiDex: Installing application
01-27 16:09:31.276 15461 15461 I MultiDex: VM has multidex support, MultiDex support library is disabled.
01-27 16:09:31.276 15461 15461 I MultiDex: Installing application
01-27 16:09:31.276 15461 15461 I MultiDex: VM has multidex support, MultiDex support library is disabled.
01-27 16:09:31.290 15461 15461 I FirebaseInitProvider: FirebaseApp initialization successful
01-27 16:09:31.292 15461 15461 I CrashlyticsInitProvider: CrashlyticsInitProvider skipping initialization
01-27 16:09:31.313 15461 15505 D NetworkSecurityConfig: No Network Security Config specified, using platform default
01-27 16:09:31.314 15461 15461 E Apxor : App Id is empty or null, couldn't initialize ApxorSDK
01-27 16:09:31.314 15461 15505 I DpmTcmClient: RegisterTcmMonitor from: $Proxy0
01-27 16:09:31.444 15461 15461 D com.disha.quickride.androidapp.startup.QuickRideApplication: QuickRideApplication is created
01-27 16:09:31.444 15461 15461 V Font : Change font:1
01-27 16:09:31.444 15461 15461 V Font : Default family:android.graphics.Typeface@3324ec54
01-27 16:09:31.444 15461 15461 D com.disha.quickride.androidapp.startup.QuickRideApplication: enabled https protocols null
01-27 16:09:31.457 15461 15461 E a : Value of SMT_USE_AD_ID : null
01-27 16:09:31.458 15461 15461 D NetcoreSDK: readConfig: null
01-27 16:09:31.494 15461 15461 I CleverTap: Activity Lifecycle Callback successfully registered
01-27 16:09:31.495 15461 15461 W Adjust : PRODUCTION: Adjust is running in Production mode. Use this setting only for the build that you want to publish. Set the environment to `sandbox` if you want to test your app!
01-27 16:09:31.496 15461 15461 W Adjust : PRODUCTION: Adjust is running in Production mode. Use this setting only for the build that you want to publish. Set the environment to `sandbox` if you want to test your app!
01-27 16:09:31.516 15461 15461 D com.disha.quickride.androidapp.startup.QuickRideApplication: Initializing Session Manager
01-27 16:09:31.517 15461 15548 D com.disha.quickride.androidapp.startup.session.SessionManagerController: Resuming user session
01-27 16:09:31.517 15461 15548 D com.disha.quickride.androidapp.startup.session.SessionManager: Entering createNewSessionManager
01-27 16:09:31.519 15461 15548 D com.disha.quickride.androidapp.startup.session.SessionManager: No User session found
01-27 16:09:31.519 15461 15548 D com.disha.quickride.androidapp.startup.session.SessionManagerController: Session manager can't resume as user session not found
01-27 16:09:31.519 15461 15548 E com.disha.quickride.androidapp.startup.session.SessionSetupAsyncTask: Session change operation failed
01-27 16:09:31.519 15461 15548 E com.disha.quickride.androidapp.startup.session.SessionSetupAsyncTask: com.disha.quickride.androidapp.startup.session.SessionManagerOperationFailedExcepti on
01-27 16:09:31.519 15461 15548 E com.disha.quickride.androidapp.startup.session.SessionSetupAsyncTask: at com.disha.quickride.androidapp.startup.session.SessionManagerController.resumeUserS ession(SourceFile:93)
01-27 16:09:31.519 15461 15548 E com.disha.quickride.androidapp.startup.session.SessionSetupAsyncTask: at com.disha.quickride.androidapp.startup.session.SessionResumeAsyncTask.performSessio nInitializationOperation(SourceFile:21)
01-27 16:09:31.519 15461 15548 E com.disha.quickride.androidapp.startup.session.SessionSetupAsyncTask: at com.disha.quickride.androidapp.startup.session.SessionSetupAsyncTask.doInBackground (SourceFile:57)
01-27 16:09:31.519 15461 15548 E com.disha.quickride.androidapp.startup.session.SessionSetupAsyncTask: at com.disha.quickride.androidapp.startup.session.SessionSetupAsyncTask.doInBackground (SourceFile:15)
01-27 16:09:31.519 15461 15548 E com.disha.quickride.androidapp.startup.session.SessionSetupAsyncTask: at android.os.AsyncTask$3.call(AsyncTask.java:378)
01-27 16:09:31.519 15461 15548 E com.disha.quickride.androidapp.startup.session.SessionSetupAsyncTask: at java.util.concurrent.FutureTask.run(FutureTask.java:266)
01-27 16:09:31.519 15461 15548 E com.disha.quickride.androidapp.startup.session.SessionSetupAsyncTask: at java.util.concurrent.ThreadPoolExecutor.runWorker(ThreadPoolExecutor.java:1167)
01-27 16:09:31.519 15461 15548 E com.disha.quickride.androidapp.startup.session.SessionSetupAsyncTask: at java.util.concurrent.ThreadPoolExecutor$Worker.run(ThreadPoolExecutor.java:641)
01-27 16:09:31.519 15461 15548 E com.disha.quickride.androidapp.startup.session.SessionSetupAsyncTask: at java.lang.Thread.run(Thread.java:919)
01-27 16:09:31.519 15461 15548 D com.disha.quickride.androidapp.startup.session.SessionSetupAsyncTask: Session change operation took 2 ms
01-27 16:09:31.531 15461 15555 W DynamiteModule: Local module descriptor class for providerinstaller not found.
01-27 16:09:31.533 15461 15556 E Perf : Fail to get file list com.disha.quickride
01-27 16:09:31.534 15461 15556 E Perf : getFolderSize() : Exception_1 = java.lang.NullPointerException: Attempt to get length of null array
01-27 16:09:31.534 15461 15556 E Perf : Fail to get file list com.disha.quickride
01-27 16:09:31.534 15461 15556 E Perf : getFolderSize() : Exception_1 = java.lang.NullPointerException: Attempt to get length of null array
01-27 16:09:31.534 15461 15556 E Perf : Fail to get file list oat
01-27 16:09:31.534 15461 15556 E Perf : getFolderSize() : Exception_1 = java.lang.NullPointerException: Attempt to get length of null array
01-27 16:09:31.573 15461 15519 I CrashlyticsCore: Initializing Crashlytics 2.6.8.32
01-27 16:09:31.602 15461 15519 W com.facebook.appevents.AppEventsLogger: activateApp events are being logged automatically. There's no need to call activateApp explicitly, this is safe to remove.
01-27 16:09:31.605 15461 15519 I GAv4 : Google Analytics 12.4.51 is starting up. To enable debug logging on a device run:
01-27 16:09:31.605 15461 15519 I GAv4 : adb shell setprop log.tag.GAv4 DEBUG
01-27 16:09:31.605 15461 15519 I GAv4 : adb logcat -s GAv4
01-27 16:09:31.716 15461 15461 I com.disha.quickride.androidapp.startup.QRSplashActivity: on create of splash activity
01-27 16:09:31.720 15461 15461 I CleverTap: Account Region not specified in the AndroidManifest - using default region
01-27 16:09:31.725 15461 15461 I CleverTap: CleverTap SDK initialized with accountId: 677-74Z-765Z accountToken: 14a-aa6 accountRegion: null
01-27 16:09:31.725 15461 15461 D com.disha.quickride.androidapp.QuickRideLifecycleHandler: App is opened by the user
01-27 16:09:31.763 15461 15593 I CleverTap: SDK Version Code is 30501
01-27 16:09:31.763 15461 15593 I CleverTap: CTPushNotificationReceiver is present
01-27 16:09:31.764 15461 15593 I CleverTap: InstallReferrerBroadcastReceiver is present
01-27 16:09:31.764 15461 15593 I CleverTap: CTNotificationIntentService not present
01-27 16:09:31.765 15461 15593 I CleverTap: CTBackgroundJobService is present
01-27 16:09:31.766 15461 15593 I CleverTap: CTBackgroundIntentService is present
01-27 16:09:31.768 15461 15593 I CleverTap: InAppNotificationActivity is present
01-27 16:09:31.769 15461 15593 I CleverTap: FcmMessageListenerService not present
01-27 16:09:31.770 15461 15593 I CleverTap: FcmTokenListenerService not present
01-27 16:09:31.945 15461 15461 V FlingOptimizerScroller: FlingOptimizerOverScroller Init
01-27 16:09:31.948 15461 15555 I DynamiteModule: Considering local module providerinstaller:0 and remote module providerinstaller:0
01-27 16:09:31.948 15461 15555 W ProviderInstaller: Failed to load providerinstaller module: No acceptable module found. Local version is 0 and remote version is 0.
01-27 16:09:31.964 15461 15501 I FA : App measurement is starting up, version: 15300
01-27 16:09:31.964 15461 15501 I FA : To enable debug logging run: adb shell setprop log.tag.FA VERBOSE
01-27 16:09:31.964 15461 15501 I FA : To enable faster debug mode event logging run:
01-27 16:09:31.964 15461 15501 I FA : adb shell setprop debug.firebase.analytics.app com.disha.quickride
01-27 16:09:31.971 15461 15555 I disha.quickrid: The ClassLoaderContext is a special shared library.
01-27 16:09:31.975 15461 15461 D com.disha.quickride.androidapp.location.GoogleApiClientProvider: getGoogleApiClient()
01-27 16:09:31.978 15461 15461 D com.disha.quickride.androidapp.QuickRideLifecycleHandler: App is visible
01-27 16:09:31.988 15461 15600 D com.disha.quickride.androidapp.common.AndroidRestClient.AndroidClientLogger: RestClient.callService with httpRequestMethod = GET
01-27 16:09:31.992 15461 15555 I disha.quickrid: The ClassLoaderContext is a special shared library.
01-27 16:09:32.068 15461 15555 V NativeCrypto: Registering com/google/android/gms/org/conscrypt/NativeCrypto's 286 native methods...
01-27 16:09:32.083 15461 15461 D a : registerEvent: Token is Null
01-27 16:09:32.130 15461 15555 I ProviderInstaller: Installed default security provider GmsCore_OpenSSL
01-27 16:09:32.173 15461 15600 D com.disha.quickride.androidapp.common.AndroidRestClient.AndroidClientLogger: RestClient.callService response code : 200
01-27 16:09:32.184 15461 15600 W Java7Support: Unable to load JDK7 types (annotations, java.nio.file.Path): no Java7 support added
01-27 16:09:32.281 15461 15519 D AppsFlyer_4.9.0: Initializing AppsFlyer SDK: (v4.9.0.184)
01-27 16:09:32.285 15461 15608 W b : Response from url :{"InAppRuleList": [],"smartechSettings": {"sessionInterval":30,"batchInterval":60,"batchSize":30,"sdkActive":true,"paEnabled ":true,"paInterval":15,"panelActive":true,"baseUrls": {"trackAppActUrl":"https:\/\/ptop.only.wip.la:443\/https\/npn.netcoresmartech.com\/","pushAmpUrl":"https:\/\/ptop.only.wip.la:443\/https\/npa .netcoresmartech.com\/","inAppUrl":"https:\/\/ptop.only.wip.la:443\/https\/ninapp.netcoresmartech.com\/","inboxU rl":"https:\/\/ptop.only.wip.la:443\/https\/ninbox.netcoresmartech.com\/"}}}
01-27 16:09:32.291 15461 15461 V ViewRootImpl: The specified message queue synchronization barrier token has not been posted or has already been removed
01-27 16:09:32.380 15461 15527 I ApxorSDK: ApxorSDK(v258) successfully initialized for: d25af8de489a0ca420f9540aed14013a
01-27 16:09:32.561 15461 15557 I AdrenoGLES: QUALCOMM build : bc92c36, I9e73322269
01-27 16:09:32.561 15461 15557 I AdrenoGLES: Build Date : 08/28/19
01-27 16:09:32.561 15461 15557 I AdrenoGLES: OpenGL ES Shader Compiler Version: EV031.27.02.00
01-27 16:09:32.561 15461 15557 I AdrenoGLES: Local Branch :
01-27 16:09:32.561 15461 15557 I AdrenoGLES: Remote Branch : refs/tags/AU_LINUX_ANDROID_LA.UM.8.1.R1.09.00.00.529.074
01-27 16:09:32.561 15461 15557 I AdrenoGLES: Remote Branch : NONE
01-27 16:09:32.561 15461 15557 I AdrenoGLES: Reconstruct Branch : NOTHING
01-27 16:09:32.561 15461 15557 I AdrenoGLES: Build Config : S P 8.0.8 AArch64
01-27 16:09:32.589 15461 15557 I AdrenoGLES: PFP: 0x016ee187, ME: 0x00000000
01-27 16:09:32.631 15461 15479 D DecorView: onWindowFocusChangedFromViewRoot hasFocus: true, DecorView@d852763[QRSplashActivity]
01-27 16:09:32.678 15461 15557 W Gralloc3: mapper 3.x is not supported
01-27 16:09:32.742 15461 15557 D : Successfully load libgui-plugin.so, this=0x7e8d9fe050
01-27 16:09:32.747 15461 15461 W Choreographer: Already have a pending vsync event. There should only be one at a time.
01-27 16:09:32.755 15461 15461 I AppsFlyer_4.9.0: MultipleInstallBroadcastReceiver called
01-27 16:09:32.755 15461 15461 I AppsFlyer_4.9.0: ****** onReceive called *******
01-27 16:09:32.755 15461 15461 I AppsFlyer_4.9.0: Play store referrer: utm_source=(not%20set)&utm_medium=(not%20set)
01-27 16:09:32.773 15461 15461 I AppsFlyer_4.9.0: trigger onReceive: class: com.disha.quickride.androidapp.startup.InstallReferrerReceiver
01-27 16:09:32.774 15461 15461 D com.disha.quickride.androidapp.startup.InstallReferrerReceiver: onReceive with action: com.android.vending.INSTALL_REFERRER; data: null; extras: referrer=utm_source=(not%20set)&utm_medium=(not%20set) referrer_timestamp_seconds=1580121447
01-27 16:09:32.774 15461 15461 D com.disha.quickride.androidapp.startup.InstallReferrerReceiver: Referrer info utm_source=(not%20set)&utm_medium=(not%20set)
01-27 16:09:32.774 15461 15461 D com.disha.quickride.androidapp.startup.InstallReferrerReceiver: Found valid userRefererInfo which will be used during sign up : UserRefererInfo [id=0, uniqueDeviceId=null, source=(not set), medium=(not set), term=null, content=null, campaign=null, userId=0, createdDate=null, lastUpdatedTime=null, googleAdvertisingId=null, appsFlyerId=null, publisherId=null, subPublisherId=null, adInfo=null]
01-27 16:09:32.774 15461 15461 D com.disha.quickride.androidapp.startup.InstallReferrerReceiver: Notifying CampaignTrackingReceiver
01-27 16:09:32.775 15461 15461 I AppsFlyer_4.9.0: trigger onReceive: class: com.google.android.gms.analytics.CampaignTrackingReceiver
01-27 16:09:32.775 15461 15461 I AppsFlyer_4.9.0: trigger onReceive: class: com.clevertap.android.sdk.InstallReferrerBroadcastReceiver
01-27 16:09:32.777 15461 15461 I AppsFlyer_4.9.0: trigger onReceive: class: com.google.android.gms.measurement.AppMeasurementInstallReferrerReceiver
01-27 16:09:32.778 15461 15461 I FA : Install referrer extras are: utm_source=(not%20set)&utm_medium=(not%20set)
01-27 16:09:32.924 15461 15593 I CleverTap:677-74Z-765Z: FCM token: null
01-27 16:09:33.041 15461 15461 D com.disha.quickride.androidapp.startup.QuickRideApplication: ProviderInstaller.installIfNeededAsync onProviderInstalled
01-27 16:09:33.060 15461 15461 I Choreographer: Skipped 32 frames! The application may be doing too much work on its main thread.
01-27 16:09:33.061 15461 15501 I FA : Tag Manager is not found and thus will not be used
01-27 16:09:33.068 15461 15461 D OnePlusJankManager: Chor uploadMDM JANK_TYPE_ONCE mViewTitle = com.disha.quickride/com.disha.quickride.androidapp.startup.QRSplashActivity--- jank level = 3
01-27 16:09:33.077 15461 15461 D AppsFlyer_4.9.0: InstallReferrer connected
01-27 16:09:33.166 15461 15501 I FA : Install Referrer Reporter is initializing
01-27 16:09:33.504 15461 15501 I FA : Install Referrer Service is: available
01-27 16:09:33.505 15461 15461 D com.disha.quickride.androidapp.startup.InstallReferrerReceiver: onReceive with action: com.android.vending.INSTALL_REFERRER; data: null; extras: referrer=utm_source=(not%20set)&utm_medium=(not%20set) referrer_timestamp_seconds=1580121447
01-27 16:09:33.505 15461 15461 D com.disha.quickride.androidapp.startup.InstallReferrerReceiver: Referrer info utm_source=(not%20set)&utm_medium=(not%20set)
01-27 16:09:33.505 15461 15461 D com.disha.quickride.androidapp.startup.InstallReferrerReceiver: Found valid userRefererInfo which will be used during sign up : UserRefererInfo [id=0, uniqueDeviceId=null, source=(not set), medium=(not set), term=null, content=null, campaign=null, userId=0, createdDate=null, lastUpdatedTime=null, googleAdvertisingId=null, appsFlyerId=null, publisherId=null, subPublisherId=null, adInfo=null]
01-27 16:09:33.505 15461 15461 D com.disha.quickride.androidapp.startup.InstallReferrerReceiver: Notifying CampaignTrackingReceiver
01-27 16:09:33.521 15461 15461 D com.disha.quickride.androidapp.location.GoogleApiClientProvider: onConnected
01-27 16:09:33.522 15461 15461 D com.disha.quickride.androidapp.startup.QRSplashActivity: Seeking permissions from user : [android.permission.READ_EXTERNAL_STORAGE, android.permission.WRITE_EXTERNAL_STORAGE, android.permission.ACCESS_FINE_LOCATION]
01-27 16:09:33.566 15461 15461 I FA : Install Referrer Service connected
01-27 16:09:33.733 15461 15620 D com.disha.quickride.androidapp.common.AndroidRestClient.AndroidClientLogger: RestClient.callService with httpRequestMethod = POST
01-27 16:09:33.893 15461 15620 D com.disha.quickride.androidapp.common.AndroidRestClient.AndroidClientLogger: RestClient.callService response code : 200
01-27 16:09:34.115 15461 15652 D com.disha.quickride.androidapp.common.AndroidRestClient.AndroidClientLogger: RestClient.callService with httpRequestMethod = POST
01-27 16:09:34.244 15461 15652 D com.disha.quickride.androidapp.common.AndroidRestClient.AndroidClientLogger: RestClient.callService response code : 200
01-27 16:09:36.896 15461 15597 W GAv4 : Ignoring duplicate install campaign
01-27 16:09:36.907 15461 15597 W GAv4 : Ignoring duplicate install campaign
01-27 16:09:36.907 15461 15597 I chatty : uid=10450(com.disha.quickride) measurement-1 identical 1 line
01-27 16:09:36.907 15461 15597 W GAv4 : Ignoring duplicate install campaign
01-27 16:09:36.934 15461 15771 D SlaveNetworkWorker: not matched: 1
01-27 16:09:36.943 15461 15768 D SlaveNetworkWorker: not matched:
01-27 16:09:36.969 15461 15771 I WebViewFactory: Loading com.google.android.webview version 74.0.3729.157 (code 373015758)
01-27 16:09:36.998 15461 15597 W GAv4 : Ignoring duplicate install campaign
01-27 16:09:37.067 15461 15769 D b : Get: https://pa.netcoresmartech.com/getnotifications? sdkversion=2.2.1&appid=d25af8de489a0ca420f9540aed14013a&guid=7e30f1fa-c105-4964- bbc5-77aac2c0d007<s=1580121576&type=android -> --- 200 OK {"pa_enable":"1","notifications":[],"pa_freq":"15"}
01-27 16:09:37.151 15461 15508 E GraphResponse: {HttpStatus: 400, errorCode: 43003, subErrorCode: -1, errorType: OAuthException, errorMessage: (#43003) App button auto detection is disabled}
01-27 16:09:37.205 15461 15461 I FA : Install referrer extras are: utm_source=(not%20set)&utm_medium=(not%20set)
01-27 16:09:37.275 15461 15771 I cr_LibraryLoader: Time to load native libraries: 2 ms (timestamps 2236-2238)
01-27 16:09:37.311 15461 15461 I chromium: [INFO:library_loader_hooks.cc(50)] Chromium logging enabled: level = 0, default verbosity = 0
01-27 16:09:37.313 15461 15461 I cr_LibraryLoader: Expected native library version number "74.0.3729.157", actual native library version number "74.0.3729.157"
01-27 16:09:37.332 15461 15509 D com.disha.quickride.androidapp.startup.QRSplashActivity: URI from appLinkData : quickride://newride
01-27 16:09:37.332 15461 15509 D com.disha.quickride.androidapp.startup.QRSplashActivity: refererData from appLinkData : null
01-27 16:09:37.332 15461 15509 D com.disha.quickride.androidapp.startup.QRSplashActivity: argumentBundle in appLinkData : Bundle[{com.facebook.platform.APPLINK_NATIVE_CLASS=, target_url=quickride://newride, com.facebook.platform.APPLINK_NATIVE_URL=quickride://newride}]
01-27 16:09:37.332 15461 15509 D com.disha.quickride.androidapp.startup.QRSplashActivity: appLinkNativeUrl in appLinkData : quickride://newride
01-27 16:09:37.353 15461 15785 W cr_ChildProcLH: Create a new ChildConnectionAllocator with package name = com.google.android.webview, sandboxed = true
01-27 16:09:37.511 15461 15501 I FA : Install Referrer Reporter is initializing
01-27 16:09:37.532 15461 15461 I cr_BrowserStartup: Initializing chromium process, singleProcess=false
01-27 16:09:37.551 15461 15501 I FA : Install Referrer Service is: available
01-27 16:09:37.633 15461 15461 E chromium: [ERROR:filesystem_posix.cc(89)] stat /data/user/0/com.disha.quickride/cache/WebView/Crashpad: No such file or directory (2)
01-27 16:09:37.634 15461 15461 E chromium: [ERROR:filesystem_posix.cc(62)] mkdir /data/user/0/com.disha.quickride/cache/WebView/Crashpad: No such file or directory (2)
01-27 16:09:37.955 15461 15461 I FA : Install Referrer Service connected
01-27 16:09:38.064 15461 15771 D b : getData: response code:200
01-27 16:09:38.065 15461 15771 D b : POST: https://pn.netcoresmartech.com/app_activity -> {"appid":"d25af8de489a0ca420f9540aed14013a","pushid":"7e30f1fa-c105-4964-bbc5- 77aac2c0d007","identity":"","ostype":"Android","make":"OnePlus","model":"GM1901","o sversion":"10","appname":"Quick Ride","appversion":"9.42","sdkversion":"2.2.1","cts":200127160933,"lat":null,"lng": null,"adid":"","sessionid":"1580121571980","tx":"1580121573059","eventid":"20"} --- 200 OK {"status" : "success"}
01-27 16:09:38.065 15461 15768 D b : getData: response code:200
01-27 16:09:38.065 15461 15768 D b : POST: https://pn.netcoresmartech.com/app_activity -> {"appid":"d25af8de489a0ca420f9540aed14013a","pushid":"7e30f1fa-c105-4964-bbc5- 77aac2c0d007","identity":"","ostype":"Android","make":"OnePlus","model":"GM1901","o sversion":"10","appname":"Quick Ride","appversion":"9.42","sdkversion":"2.2.1","cts":200127160933,"lat":null,"lng": null,"adid":"","sessionid":"1580121571980","tx":"1580121573056","eventid":"26"} --- 200 OK {"status" : "success"}
01-27 16:09:38.079 15461 15632 I WM-WorkerWrapper: Worker result SUCCESS for Work [ id=cbfaafc2-d05f-4344-b333-c17860194703, tags={ in.netcore.smartechfcm.workmanager.SlaveNetworkWorker } ]
01-27 16:09:38.094 15461 15596 I WM-WorkerWrapper: Worker result SUCCESS for Work [ id=ca477e0d-958d-47e4-8810-3051c8dd1dbc, tags={ in.netcore.smartechfcm.workmanager.SlaveNetworkWorker } ]
01-27 16:09:38.850 15461 15925 D com.disha.quickride.androidapp.notification.QuickRideGCMIntentService: New token generated : eguMVjeN_q0:APA91bGCu6T_3PfNJncyQzww1FvV08zhdoJjCGXzznTp9j_tUNXOcDg_-- kv1gul2gmReQmo1AG1QxQvRhC9stl0GmJIaXtw2oMYaAVennaacfYVjZag2MxrV6AO90ETnL02B2b4FFVC
01-27 16:09:38.862 15461 15925 I AppsFlyer_4.9.0: updateServerUninstallToken called with: 1580121578861,eguMVjeN_q0:APA91bGCu6T_3PfNJncyQzww1FvV08zhdoJjCGXzznTp9j_tUNXOcDg_- -kv1gul2gmReQmo1AG1QxQvRhC9stl0GmJIaXtw2oMYaAVennaacfYVjZag2MxrV6AO90ETnL02B2b4FFVC
01-27 16:09:38.869 15461 15509 I AppsFlyer_4.9.0: call = https://register.appsflyer.com/api/v4/androidevent? buildnumber=4.9.0&app_id=com.disha.quickride; size = 486 bytes; body = {"devkey":"s********************m","operator":"airtel","network":"MOBILE","app_name ":"Quick Ride","uid":"1580121578867- 3762180197533250658","carrier":"airtel","app_version_code":"392","installDate":"202 0-01- 27_103818+0000","af_gcm_token":"eguMVjeN_q0:APA91bGCu6T_3PfNJncyQzww1FvV08zhdoJjCGX zznTp9j_tUNXOcDg_-- kv1gul2gmReQmo1AG1QxQvRhC9stl0GmJIaXtw2oMYaAVennaacfYVjZag2MxrV6AO90ETnL02B2b4FFVC" ,"launch_counter":"0","model":"GM1901","sdk":"29","app_version_name":"9.42","brand" :"OnePlus"}
01-27 16:09:38.875 15461 15771 D SlaveNetworkWorker: not matched:
01-27 16:09:38.914 15461 15771 D b : getData: response code:200
01-27 16:09:38.914 15461 15771 D b : POST: https://pn.netcoresmartech.com/pn_register -> {"appid":"d25af8de489a0ca420f9540aed14013a","pushid":"7e30f1fa-c105-4964-bbc5- 77aac2c0d007","identity":"","ostype":"Android","make":"OnePlus","model":"GM1901","o sversion":"10","appname":"Quick Ride","appversion":"9.42","sdkversion":"2.2.1","cts":200127160938,"lat":null,"lng": null,"adid":"","oldToken":"eguMVjeN_q0:APA91bGCu6T_3PfNJncyQzww1FvV08zhdoJjCGXzznTp 9j_tUNXOcDg_-- kv1gul2gmReQmo1AG1QxQvRhC9stl0GmJIaXtw2oMYaAVennaacfYVjZag2MxrV6AO90ETnL02B2b4FFVC" ,"sessionid":"1580121571980","tx":"1580121578861","eventid":"25","token":"eguMVjeN_ q0:APA91bGCu6T_3PfNJncyQzww1FvV08zhdoJjCGXzznTp9j_tUNXOcDg_-- kv1gul2gmReQmo1AG1QxQvRhC9stl0GmJIaXtw2oMYaAVennaacfYVjZag2MxrV6AO90ETnL02B2b4FFVC" } --- 200 OK {"status":"success","panelStatus":"1"}
01-27 16:09:38.916 15461 15598 I WM-WorkerWrapper: Worker result SUCCESS for Work [ id=01c95fd6-3a9b-439f-8ca7-a96db23004ec, tags={ in.netcore.smartechfcm.workmanager.SlaveNetworkWorker } ]
01-27 16:09:39.562 15461 15509 I AppsFlyer_4.9.0: Status 200 ok
01-27 16:09:39.563 15461 15509 D AppsFlyer_4.9.0: Successfully registered for Uninstall Tracking
01-27 16:09:39.563 15461 15461 I AppsFlyer_4.9.0: Connection call succeeded: {"string_response":"ok\n"}
01-27 16:09:40.027 15461 15478 D DecorView: onWindowFocusChangedFromViewRoot hasFocus: true, DecorView@d852763[QRSplashActivity]
01-27 16:09:40.065 15461 15461 E SensorManager: registerListenerImpl sensorName:lsm6dsm Accelerometer Non-wakeup,isWakeUpSensor:false,callingApp: com.disha.quickride,callingPid:15461,callingUid:10450
01-27 16:09:40.084 15461 15461 I AppsFlyer_4.9.0: onBecameForeground
01-27 16:09:40.084 15461 15461 I AppsFlyer_4.9.0: Sending first launch for this session!
01-27 16:09:40.104 15461 15461 E SensorManager: registerListenerImpl sensorName:mmc5603x Magnetometer Non-wakeup,isWakeUpSensor:false,callingApp: com.disha.quickride,callingPid:15461,callingUid:10450
01-27 16:09:40.119 15461 15461 E SensorManager: registerListenerImpl sensorName:lsm6dsm Gyroscope Non-wakeup,isWakeUpSensor:false,callingApp: com.disha.quickride,callingPid:15461,callingUid:10450
01-27 16:09:40.131 15461 15461 E SensorManager: registerListenerImpl sensorName:lsm6dsm Accelerometer Non-wakeup,isWakeUpSensor:false,callingApp: com.disha.quickride,callingPid:15461,callingUid:10450
01-27 16:09:40.145 15461 15925 D com.disha.quickride.androidapp.notification.QuickRideGCMIntentService: New GCM message received : {af-uinstall-tracking=true}
01-27 16:09:40.146 15461 15925 E b : Error: No value for data
01-27 16:09:40.146 15461 15925 D com.disha.quickride.androidapp.notification.QuickRideGCMIntentService: Not handled by NetCore
01-27 16:09:40.146 15461 15925 D com.disha.quickride.androidapp.notification.QuickRideGCMIntentService: Session is not yet initialized; will queue up the message and process after session is initialized
01-27 16:09:40.235 15461 15985 I AppsFlyer_4.9.0: sendTrackingWithEvent from activity: com.disha.quickride.androidapp.startup.QuickRideApplication
01-27 16:09:40.235 15461 15985 I AppsFlyer_4.9.0: Trying to fetch GAID..
01-27 16:09:40.269 15461 15985 I AppsFlyer_4.9.0: ******* sendTrackingWithEvent: Launch
01-27 16:09:40.272 15461 15985 I AppsFlyer_4.9.0: Initialising KeyStore..
01-27 16:09:40.289 15461 15985 I AppsFlyer_4.9.0: Creating a new key with alias: com.appsflyer,KSAppsFlyerId=1580121578867- 3762180197533250658,KSAppsFlyerRICounter=0
01-27 16:09:40.638 15461 15461 E SensorManager: unregisterListenerImpl callingApp: com.disha.quickride,callingPid:15461,callingUid:10450
01-27 16:09:40.648 15461 15461 E SensorManager: unregisterListenerImpl callingApp: com.disha.quickride,callingPid:15461,callingUid:10450
01-27 16:09:40.653 15461 15461 E SensorManager: unregisterListenerImpl callingApp: com.disha.quickride,callingPid:15461,callingUid:10450
01-27 16:09:40.954 15461 15461 I com.disha.quickride.androidapp.startup.QRSplashActivity: Checking session status and transferring to next activity
01-27 16:09:40.956 15461 16011 D com.disha.quickride.androidapp.startup.session.SessionManagerController: Resuming user session
01-27 16:09:40.957 15461 16011 D com.disha.quickride.androidapp.startup.session.SessionManager: Entering createNewSessionManager
01-27 16:09:40.957 15461 16011 D com.disha.quickride.androidapp.startup.session.SessionManager: Entering destroySessionManager
01-27 16:09:40.957 15461 16011 D com.disha.quickride.androidapp.startup.session.SessionManager: Entering onSessionManagerDestroyed
01-27 16:09:40.958 15461 16011 D com.disha.quickride.androidapp.startup.session.SessionManager: No User session found
01-27 16:09:40.958 15461 16011 D com.disha.quickride.androidapp.startup.session.SessionManagerController: Session manager can't resume as user session not found
01-27 16:09:40.958 15461 16011 E com.disha.quickride.androidapp.startup.session.SessionSetupAsyncTask: Session change operation failed
01-27 16:09:40.958 15461 16011 E com.disha.quickride.androidapp.startup.session.SessionSetupAsyncTask: com.disha.quickride.androidapp.startup.session.SessionManagerOperationFailedExcepti on
01-27 16:09:40.958 15461 16011 E com.disha.quickride.androidapp.startup.session.SessionSetupAsyncTask: at com.disha.quickride.androidapp.startup.session.SessionManagerController.resumeUserS ession(SourceFile:93)
01-27 16:09:40.958 15461 16011 E com.disha.quickride.androidapp.startup.session.SessionSetupAsyncTask: at com.disha.quickride.androidapp.startup.session.SessionResumeAsyncTask.performSessio nInitializationOperation(SourceFile:21)
01-27 16:09:40.958 15461 16011 E com.disha.quickride.androidapp.startup.session.SessionSetupAsyncTask: at com.disha.quickride.androidapp.startup.session.SessionSetupAsyncTask.doInBackground (SourceFile:57)
01-27 16:09:40.958 15461 16011 E com.disha.quickride.androidapp.startup.session.SessionSetupAsyncTask: at com.disha.quickride.androidapp.startup.session.SessionSetupAsyncTask.doInBackground (SourceFile:15)
01-27 16:09:40.958 15461 16011 E com.disha.quickride.androidapp.startup.session.SessionSetupAsyncTask: at android.os.AsyncTask$3.call(AsyncTask.java:378)
01-27 16:09:40.958 15461 16011 E com.disha.quickride.androidapp.startup.session.SessionSetupAsyncTask: at java.util.concurrent.FutureTask.run(FutureTask.java:266)
01-27 16:09:40.958 15461 16011 E com.disha.quickride.androidapp.startup.session.SessionSetupAsyncTask: at java.util.concurrent.ThreadPoolExecutor.runWorker(ThreadPoolExecutor.java:1167)
01-27 16:09:40.958 15461 16011 E com.disha.quickride.androidapp.startup.session.SessionSetupAsyncTask: at java.util.concurrent.ThreadPoolExecutor$Worker.run(ThreadPoolExecutor.java:641)
01-27 16:09:40.958 15461 16011 E com.disha.quickride.androidapp.startup.session.SessionSetupAsyncTask: at java.lang.Thread.run(Thread.java:919)
01-27 16:09:40.958 15461 16011 D com.disha.quickride.androidapp.startup.session.SessionSetupAsyncTask: Session change operation took 2 ms
01-27 16:09:40.959 15461 15461 I com.disha.quickride.androidapp.startup.QRSplashActivity: navigating to new user screen
01-27 16:09:41.138 15461 15985 I AppsFlyer_4.9.0: IMEI was not collected.
01-27 16:09:41.139 15461 15985 I AppsFlyer_4.9.0: Android ID was not collected.
01-27 16:09:41.147 15461 15985 D AppsFlyer_4.9.0: AppsFlyer: first launch detected
01-27 16:09:41.147 15461 15985 I AppsFlyer_4.9.0: AppsFlyer: first launch date: 2020-01-27_103941+0000
01-27 16:09:41.148 15461 15985 D AppsFlyer_4.9.0: didConfigureTokenRefreshService=false
01-27 16:09:41.150 15461 15985 I AppsFlyer_4.9.0: AppsFlyerLib.sendTrackingWithEvent
01-27 16:09:41.150 15461 15985 D AppsFlyer_4.9.0: Install referrer is allowed
01-27 16:09:41.153 15461 15985 I AppsFlyer_4.9.0: url: https://t.appsflyer.com/api/v4/androidevent? buildnumber=4.9.0&app_id=com.disha.quickride
01-27 16:09:41.153 15461 15985 I AppsFlyer_4.9.0: data: {"country":"","af_timestamp":"1580121580252","appsflyerKey":"s********************m ","af_events_api":"1","isFirstCall":"true","registeredUninstall":true,"operator":"a irtel","network":"MOBILE","timepassedsincelastlaunch":"- 1","open_referrer":"android- app:\/\/net.oneplus.launcher","af_v2":"fe231f572013160cbcf95e8c034f40e27eb10d50","u id":"1580121578867- 3762180197533250658","isGaidWithGps":"true","lang_code":"en","installDate":"2020- 01-27_103818+0000","app_version_code":"392","firstLaunchDate":"2020-01- 27_103941+0000","ivc":false,"model":"GM1901","lang":"English","brand":"OnePlus","ba tteryLevel":"41.0","deviceType":"user","product":"OnePlus7","deviceData": {"sensors":[{"sT":4,"sVS":[0.47372562,0.7990874,0.25413498],"sN":"lsm6dsm Gyroscope Non-wakeup","sV":"STMicro","sVE":[0.81458807,1.0727547,1.478308]},{"sT":2,"sVS": [18.758339,-51.931366,-40.919556],"sN":"mmc5603x Magnetometer Non- wakeup","sV":"memsic","sVE":[18.72689,-63.362274,-26.96283]},{"sT":1,"sVS": [3.6315606,2.2537804,8.536928],"sN":"lsm6dsm Accelerometer Non- wakeup","sV":"STMicro","sVE":[1.5486946,3.2138138,9.631032]}],"cpu_abi":"arm64- v8a","build_display_id":"GM1901_14_191007","btch":"no","dim": {"size":"2","ydp":"409.903","xdp":"403.411","y_px":"2134","x_px":"1080","d_dpi":"42 0"},"arch":"","btl":"41.0","cpu_abi2":""},"installer_package":"com.android.vending" ,"date2":"2020-01-27_103818+0000","counter":"1","date1":"2020-01- 27_103818+0000","advertiserId":"faffb339-3913-4b71-a9e8- 48eaac69539f","advertiserIdEnabled":"true","kef4f62":"16dd7faf0989dee94818181f0c531 a0d5918180d5a1f1f","referrer":"utm_source=(not%20set)&utm_medium=(not %20set)","af_v":"6356bbb111516a4690e2c220fd8f68d15ea08e02","carrier":"airtel","af_p reinstalled":"false","iaecounter":"0","tokenRefreshConfigured":false,"af_gcm_token" :"eguMVjeN_q0:APA91bGCu6T_3PfNJncyQzww1FvV08zhdoJjCGXzznTp9j_tUNXOcDg_-- kv1gul2gmReQmo1AG1QxQvRhC9stl0GmJIaXtw2oMYaAVennaacfYVjZag2MxrV6AO90ETnL02B2b4FFVC" ,"sdk":"29","fb":"d97bfaf6-0352-4a71-bae0- 9aa184401bdb","app_version_name":"9.42","device":"OnePlus7","platformextension":"an droid_native","cksm_v1":"b7ea9fe2812a59821fdf3555497a9f1e41","rfr": {"val":"utm_source=(not%20set)&utm_medium=(not %20set)","code":"0","clk":"1580121447","install":"1580121456"}}
01-27 16:09:41.876 15461 15985 I AppsFlyer_4.9.0: response code: 200
01-27 16:09:41.876 15461 15985 D AppsFlyer_4.9.0: Uninstall Token exists: 1580121578861,eguMVjeN_q0:APA91bGCu6T_3PfNJncyQzww1FvV08zhdoJjCGXzznTp9j_tUNXOcDg_- -kv1gul2gmReQmo1AG1QxQvRhC9stl0GmJIaXtw2oMYaAVennaacfYVjZag2MxrV6AO90ETnL02B2b4FFVC
01-27 16:09:41.883 15461 15461 E SensorManager: unregisterListenerImpl callingApp: com.disha.quickride,callingPid:15461,callingUid:10450
01-27 16:09:41.887 15461 15985 I AppsFlyer_4.9.0: Calling server for attribution url: https://api.appsflyer.com/install_data/v3/com.disha.quickride? devkey=s********************m&device_id=1580121578867-3762180197533250658
01-27 16:09:41.897 15461 15461 W ActivityThread: handleWindowVisibility: no activity for token android.os.BinderProxy@74b4e3
01-27 16:09:41.900 15461 15461 I com.disha.quickride.androidapp.startup.QRHomeScreenActivity: on create of QRHomeScreenActivity called
01-27 16:09:41.932 15461 15596 I WM-WorkerWrapper: Worker result SUCCESS for Work [ id=0aa8d251-804c-4956-8dc6-a185d6524ad1, tags={ in.netcore.smartechfcm.workmanager.SlaveDBSyncWorker } ]
01-27 16:09:41.970 15461 16025 I com.disha.quickride.androidapp.analytics.AnalyticsEventsRunnableTaskThread: AnalyticsEventsRunnableTask
01-27 16:09:41.974 15461 15461 E SensorManager: registerListenerImpl sensorName:lsm6dsm Accelerometer Non-wakeup,isWakeUpSensor:false,callingApp: com.disha.quickride,callingPid:15461,callingUid:10450
01-27 16:09:41.983 15461 15461 V ViewRootImpl: The specified message queue synchronization barrier token has not been posted or has already been removed
01-27 16:09:42.020 15461 15894 D DecorView: onWindowFocusChangedFromViewRoot hasFocus: true, DecorView@81eab2a[QRHomeScreenActivity]
01-27 16:09:42.129 15461 16016 I AppsFlyer_4.9.0: sendTrackingWithEvent from activity: com.disha.quickride.androidapp.startup.QuickRideApplication
01-27 16:09:42.130 15461 16016 I AppsFlyer_4.9.0: Trying to fetch GAID..
01-27 16:09:42.313 15461 15768 D SlaveNetworkWorker: not matched: 1
01-27 16:09:42.352 15461 15768 D b : getData: response code:200
01-27 16:09:42.352 15461 15768 D b : POST: https://pn.netcoresmartech.com/app_activity_ngn -> {"appid":"d25af8de489a0ca420f9540aed14013a","pushid":"7e30f1fa-c105-4964-bbc5- 77aac2c0d007","identity":"","ostype":"Android","make":"OnePlus","model":"GM1901","o sversion":"10","appname":"Quick Ride","appversion":"9.42","sdkversion":"2.2.1","cts":200127160941,"lat":null,"lng": null,"adid":"","sessionid":"1580121571980","tx":"1580121581979","eventname":"appope nsignupwindow","payload":{"DeviceId":"c2f7364d6d035220"}} --- 200 OK {"status" : "success"}
01-27 16:09:42.359 15461 15632 I WM-WorkerWrapper: Worker result SUCCESS for Work [ id=dc6c1c91-23aa-447c-9dbf-54b8eb968435, tags={ in.netcore.smartechfcm.workmanager.SlaveNetworkWorker } ]
01-27 16:09:42.569 15461 15985 D AppsFlyer_4.9.0: iscache=false caching conversion data
01-27 16:09:42.596 15461 16016 I AppsFlyer_4.9.0: ******* sendTrackingWithEvent: AppOpenSignupWindow
01-27 16:09:42.651 15461 16016 I AppsFlyer_4.9.0: IMEI was not collected.
01-27 16:09:42.652 15461 16016 I AppsFlyer_4.9.0: Android ID was not collected.
01-27 16:09:42.657 15461 16016 I AppsFlyer_4.9.0: AppsFlyer: first launch date: 2020-01-27_103941+0000
01-27 16:09:42.658 15461 16016 D AppsFlyer_4.9.0: didConfigureTokenRefreshService=false
01-27 16:09:42.659 15461 16016 I AppsFlyer_4.9.0: AppsFlyerLib.sendTrackingWithEvent
01-27 16:09:42.665 15461 16030 I AppsFlyer_4.9.0: url: https://events.appsflyer.com/api/v4/androidevent? buildnumber=4.9.0&app_id=com.disha.quickride
01-27 16:09:42.665 15461 16030 I AppsFlyer_4.9.0: data: {"kef4563":"fa186f6095c19a5f4818181f0c531a0d5918180d5a1f19","country":"US","af_time stamp":"1580121582548","appsflyerKey":"s********************m","af_events_api":"1", "isFirstCall":"false","registeredUninstall":true,"operator":"airtel","network":"MOB ILE","af_v2":"b1a1e63f5e88b6e629b1fc5f5883808c924dc9fd","uid":"1580121578867- 3762180197533250658","eventValue":"{\"DeviceId\":\"c2f7364d6d035220\"}","isGaidWith Gps":"true","lang_code":"en","installDate":"2020-01- 27_103818+0000","app_version_code":"392","firstLaunchDate":"2020-01- 27_103941+0000","ivc":false,"eventName":"AppOpenSignupWindow","model":"GM1901","lan g":"English","brand":"OnePlus","deviceType":"user","product":"OnePlus7","deviceData ":{"cpu_abi":"arm64-v8a","build_display_id":"GM1901_14_191007","dim": {"size":"2","ydp":"409.903","xdp":"403.411","y_px":"2134","x_px":"1080","d_dpi":"42 0"},"arch":"","cpu_abi2":""},"installer_package":"com.android.vending","date2":"202 0-01-27_103818+0000","counter":"1","date1":"2020-01- 27_103818+0000","advertiserId":"faffb339-3913-4b71-a9e8- 48eaac69539f","advertiserIdEnabled":"true","referrer":"utm_source=(not %20set)&utm_medium=(not %20set)","af_v":"319436d3858770c917324b47b5c3ce1baf2ed62d","carrier":"airtel","af_p reinstalled":"false","iaecounter":"1","tokenRefreshConfigured":false,"af_gcm_token" :"eguMVjeN_q0:APA91bGCu6T_3PfNJncyQzww1FvV08zhdoJjCGXzznTp9j_tUNXOcDg_-- kv1gul2gmReQmo1AG1QxQvRhC9stl0GmJIaXtw2oMYaAVennaacfYVjZag2MxrV6AO90ETnL02B2b4FFVC" ,"sdk":"29","fb":"d97bfaf6-0352-4a71-bae0- 9aa184401bdb","app_version_name":"9.42","device":"OnePlus7","platformextension":"an droid_native","cksm_v1":"5ba75b432aa4d2c76f39d3857c9e8fb915"}
01-27 16:09:43.345 15461 16030 I AppsFlyer_4.9.0: response code: 200
01-27 16:09:43.345 15461 16030 D AppsFlyer_4.9.0: Uninstall Token exists: 1580121578861,eguMVjeN_q0:APA91bGCu6T_3PfNJncyQzww1FvV08zhdoJjCGXzznTp9j_tUNXOcDg_- -kv1gul2gmReQmo1AG1QxQvRhC9stl0GmJIaXtw2oMYaAVennaacfYVjZag2MxrV6AO90ETnL02B2b4FFVC
01-27 16:09:51.728 15461 15461 E SensorManager: unregisterListenerImpl callingApp: com.disha.quickride,callingPid:15461,callingUid:10450
01-27 16:09:51.739 15461 15461 W ActivityThread: handleWindowVisibility: no activity for token android.os.BinderProxy@b2e3650
01-27 16:09:51.742 15461 15461 I com.disha.quickride.androidapp.usermgmt.register.QRPhoneNumberActivity: On create for QRPhoneNumberActivity
01-27 16:09:51.794 15461 15461 E SensorManager: registerListenerImpl sensorName:lsm6dsm Accelerometer Non-wakeup,isWakeUpSensor:false,callingApp: com.disha.quickride,callingPid:15461,callingUid:10450
01-27 16:09:51.800 15461 15461 V ViewRootImpl: The specified message queue synchronization barrier token has not been posted or has already been removed
01-27 16:09:51.814 15461 15894 D DecorView: onWindowFocusChangedFromViewRoot hasFocus: true, DecorView@af9f082[QRPhoneNumberActivity]
01-27 16:09:51.865 15461 15461 W Choreographer: Already have a pending vsync event. There should only be one at a time.
01-27 16:09:51.878 15461 16030 I AppsFlyer_4.9.0: sendTrackingWithEvent from activity: com.disha.quickride.androidapp.startup.QuickRideApplication
01-27 16:09:51.878 15461 16030 I AppsFlyer_4.9.0: Trying to fetch GAID..
01-27 16:09:51.885 15461 15771 D SlaveNetworkWorker: not matched: 1
01-27 16:09:51.947 15461 15771 D b : getData: response code:200
01-27 16:09:51.948 15461 15771 D b : POST: https://pn.netcoresmartech.com/app_activity_ngn -> {"appid":"d25af8de489a0ca420f9540aed14013a","pushid":"7e30f1fa-c105-4964-bbc5- 77aac2c0d007","identity":"","ostype":"Android","make":"OnePlus","model":"GM1901","o sversion":"10","appname":"Quick Ride","appversion":"9.42","sdkversion":"2.2.1","cts":200127160951,"lat":null,"lng": null,"adid":"","sessionid":"1580121571980","tx":"1580121591727","eventname":"firstp agectaclick","payload":{"DeviceId":"c2f7364d6d035220","loginOrSignUpType":"Phone"}} --- 200 OK {"status" : "success"}
01-27 16:09:51.991 15461 15596 I WM-WorkerWrapper: Worker result SUCCESS for Work [ id=8cb9569a-0a30-4fbe-89c4-974a3e9953b1, tags={ in.netcore.smartechfcm.workmanager.SlaveNetworkWorker } ]
01-27 16:09:52.014 15461 16030 I AppsFlyer_4.9.0: ******* sendTrackingWithEvent: FirstPageCTAClick
01-27 16:09:52.228 15461 16030 I AppsFlyer_4.9.0: IMEI was not collected.
01-27 16:09:52.229 15461 16030 I AppsFlyer_4.9.0: Android ID was not collected.
01-27 16:09:52.236 15461 16030 I AppsFlyer_4.9.0: AppsFlyer: first launch date: 2020-01-27_103941+0000
01-27 16:09:52.236 15461 16030 D AppsFlyer_4.9.0: didConfigureTokenRefreshService=false
01-27 16:09:52.240 15461 16030 I AppsFlyer_4.9.0: AppsFlyerLib.sendTrackingWithEvent
01-27 16:09:52.241 15461 16146 I AppsFlyer_4.9.0: url: https://events.appsflyer.com/api/v4/androidevent? buildnumber=4.9.0&app_id=com.disha.quickride
01-27 16:09:52.241 15461 16146 I AppsFlyer_4.9.0: data: {"country":"US","af_timestamp":"1580121591990","appsflyerKey":"s******************* *m","af_events_api":"1","isFirstCall":"false","registeredUninstall":true,"operator" :"airtel","network":"MOBILE","af_v2":"3b7e736835b7d6682f5341fc5c163aea62f974a2","ui d":"1580121578867- 3762180197533250658","eventValue":"{\"DeviceId\":\"c2f7364d6d035220\",\"loginOrSign UpType\":\"Phone\"}","isGaidWithGps":"true","lang_code":"en","installDate":"2020- 01-27_103818+0000","app_version_code":"392","firstLaunchDate":"2020-01- 27_103941+0000","ivc":false,"eventName":"FirstPageCTAClick","model":"GM1901","lang" :"English","brand":"OnePlus","deviceType":"user","kef4d6e":"5fc5485adecf67ec4818181 d0c531a0d5918180d5a1f1e","product":"OnePlus7","deviceData":{"cpu_abi":"arm64- v8a","build_display_id":"GM1901_14_191007","dim": {"size":"2","ydp":"409.903","xdp":"403.411","y_px":"2134","x_px":"1080","d_dpi":"42 0"},"arch":"","cpu_abi2":""},"installer_package":"com.android.vending","date2":"202 0-01-27_103818+0000","counter":"1","date1":"2020-01- 27_103818+0000","advertiserId":"faffb339-3913-4b71-a9e8- 48eaac69539f","advertiserIdEnabled":"true","referrer":"utm_source=(not %20set)&utm_medium=(not %20set)","af_v":"f6a76ad00515be5c7c41f595d881cccffebea3e1","carrier":"airtel","af_p reinstalled":"false","iaecounter":"2","tokenRefreshConfigured":false,"af_gcm_token" :"eguMVjeN_q0:APA91bGCu6T_3PfNJncyQzww1FvV08zhdoJjCGXzznTp9j_tUNXOcDg_-- kv1gul2gmReQmo1AG1QxQvRhC9stl0GmJIaXtw2oMYaAVennaacfYVjZag2MxrV6AO90ETnL02B2b4FFVC" ,"sdk":"29","fb":"d97bfaf6-0352-4a71-bae0- 9aa184401bdb","app_version_name":"9.42","device":"OnePlus7","prev_event":"{\"prev_e vent_timestamp\":\"1580121582596\",\"prev_event_value\":\"{\\\"DeviceId\\\":\\\"c2f 7364d6d035220\\\"}\",\"prev_event_name\":\"AppOpenSignupWindow\"}","platformextensi on":"android_native","cksm_v1":"f410ad733de9993b3f3678b72db76fecb6"}
01-27 16:09:52.612 15461 16146 I AppsFlyer_4.9.0: response code: 200
01-27 16:09:52.613 15461 16146 D AppsFlyer_4.9.0: Uninstall Token exists: 1580121578861,eguMVjeN_q0:APA91bGCu6T_3PfNJncyQzww1FvV08zhdoJjCGXzznTp9j_tUNXOcDg_- -kv1gul2gmReQmo1AG1QxQvRhC9stl0GmJIaXtw2oMYaAVennaacfYVjZag2MxrV6AO90ETnL02B2b4FFVC
01-27 16:09:55.383 15461 15461 I com.disha.quickride.androidapp.usermgmt.register.QRPhoneNumberActivity: validating of user phone
01-27 16:09:55.399 15461 15461 V ViewRootImpl: The specified message queue synchronization barrier token has not been posted or has already been removed
01-27 16:09:55.411 15461 16156 D com.disha.quickride.androidapp.common.AndroidRestClient.AndroidClientLogger: RestClient.callService with httpRequestMethod = POST
01-27 16:09:55.430 15461 15678 D DecorView: onWindowFocusChangedFromViewRoot hasFocus: true, DecorView@90536a2[QRPhoneNumberActivity]
01-27 16:09:55.433 15461 15461 W Choreographer: Already have a pending vsync event. There should only be one at a time.
01-27 16:09:55.504 15461 15770 D SlaveNetworkWorker: not matched: 1
01-27 16:09:55.562 15461 16030 I AppsFlyer_4.9.0: sendTrackingWithEvent from activity: com.disha.quickride.androidapp.startup.QuickRideApplication
01-27 16:09:55.562 15461 16030 I AppsFlyer_4.9.0: Trying to fetch GAID..
01-27 16:09:55.564 15461 16156 D com.disha.quickride.androidapp.common.AndroidRestClient.AndroidClientLogger: RestClient.callService response code : 200
01-27 16:09:55.567 15461 15476 W System : A resource failed to call end.
01-27 16:09:55.567 15461 15476 I chatty : uid=10450(com.disha.quickride) FinalizerDaemon identical 4 lines
01-27 16:09:55.567 15461 15476 W System : A resource failed to call end.
01-27 16:09:55.705 15461 15894 D DecorView: onWindowFocusChangedFromViewRoot hasFocus: true, DecorView@af9f082[QRPhoneNumberActivity]
01-27 16:09:55.710 15461 15461 D OnePlusJankManager: Chor uploadMDM JANK_TYPE_ONCE mViewTitle = com.disha.quickride/com.disha.quickride.androidapp.usermgmt.register.QRPhoneNumberA ctivity--- jank level = 1
01-27 16:09:55.715 15461 15461 E SensorManager: unregisterListenerImpl callingApp: com.disha.quickride,callingPid:15461,callingUid:10450
01-27 16:09:55.728 15461 15461 W ActivityThread: handleWindowVisibility: no activity for token android.os.BinderProxy@946037b
01-27 16:09:55.731 15461 15461 I com.disha.quickride.androidapp.usermgmt.register.QRPhoneNumberVerificationActivity: On Create for user Activation Activity
01-27 16:09:55.751 15461 15770 D b : getData: response code:200
01-27 16:09:55.751 15461 15770 D b : POST: https://pn.netcoresmartech.com/app_activity_ngn -> {"appid":"d25af8de489a0ca420f9540aed14013a","pushid":"7e30f1fa-c105-4964-bbc5- 77aac2c0d007","identity":"","ostype":"Android","make":"OnePlus","model":"GM1901","o sversion":"10","appname":"Quick Ride","appversion":"9.42","sdkversion":"2.2.1","cts":200127160955,"lat":null,"lng": null,"adid":"","sessionid":"1580121571980","tx":"1580121595412","eventname":"contac tnoentered","payload":{"DeviceId":"c2f7364d6d035220","contactNumber":"8586003883"}} --- 200 OK {"status" : "success"}
01-27 16:09:55.754 15461 16030 I AppsFlyer_4.9.0: ******* sendTrackingWithEvent: ContactNoEntered
01-27 16:09:55.758 15461 15461 D AutoManageHelper: starting AutoManage for client 730 false null
01-27 16:09:55.760 15461 15461 D AutoManageHelper: onStart true {730=bir$a@95e436c}
01-27 16:09:55.761 15461 15461 E SensorManager: registerListenerImpl sensorName:lsm6dsm Accelerometer Non-wakeup,isWakeUpSensor:false,callingApp: com.disha.quickride,callingPid:15461,callingUid:10450
01-27 16:09:55.762 15461 15632 I WM-WorkerWrapper: Worker result SUCCESS for Work [ id=07b337e0-2a29-45a6-8c37-6d01c21e3869, tags={ in.netcore.smartechfcm.workmanager.SlaveNetworkWorker } ]
01-27 16:09:55.782 15461 15461 V ViewRootImpl: The specified message queue synchronization barrier token has not been posted or has already been removed
01-27 16:09:55.800 15461 15678 D DecorView: onWindowFocusChangedFromViewRoot hasFocus: true, DecorView@180b932[QRPhoneNumberVerificationActivity]
01-27 16:09:55.809 15461 15461 W Choreographer: Already have a pending vsync event. There should only be one at a time.
01-27 16:09:56.010 15461 15461 D OnePlusJankManager: Chor uploadMDM JANK_TYPE_ONCE mViewTitle = com.disha.quickride/com.disha.quickride.androidapp.usermgmt.register.QRPhoneNumberV erificationActivity--- jank level = 1
01-27 16:09:56.023 15461 16030 I AppsFlyer_4.9.0: IMEI was not collected.
01-27 16:09:56.024 15461 16030 I AppsFlyer_4.9.0: Android ID was not collected.
01-27 16:09:56.027 15461 16030 I AppsFlyer_4.9.0: AppsFlyer: first launch date: 2020-01-27_103941+0000
01-27 16:09:56.028 15461 16030 D AppsFlyer_4.9.0: didConfigureTokenRefreshService=false
01-27 16:09:56.029 15461 16030 I AppsFlyer_4.9.0: AppsFlyerLib.sendTrackingWithEvent
01-27 16:09:56.030 15461 16146 I AppsFlyer_4.9.0: url: https://events.appsflyer.com/api/v4/androidevent? buildnumber=4.9.0&app_id=com.disha.quickride
