01-27 16:15:06.928 15461 15461 I com.disha.quickride.androidapp.usermgmt.profile.ProfileDisplayFragment: displaying of verification status
01-27 16:15:06.928 15461 15461 I com.disha.quickride.androidapp.usermgmt.profile.ProfileDisplayBaseFragment: Displaying profession details
01-27 16:15:06.928 15461 18640 D DecorView: onWindowFocusChangedFromViewRoot hasFocus: true, DecorView@2fd1378[ProfileDisplayFragmentActivity]
01-27 16:15:06.928 15461 15461 I com.disha.quickride.androidapp.usermgmt.profile.ProfileDisplayFragment: Displaying of total rides count
01-27 16:15:06.929 15461 15461 I com.disha.quickride.androidapp.usermgmt.profile.ProfileDisplayFragment: Displaying of user rating
01-27 16:15:06.928 15461 15461 I com.disha.quickride.androidapp.usermgmt.profile.ProfileDisplayFragment: displaying of verification status
01-27 16:15:06.929 15461 15461 I com.disha.quickride.androidapp.usermgmt.profile.ProfileDisplayFragment: Displaying of user onTime
01-27 16:15:06.928 15461 18640 D DecorView: onWindowFocusChangedFromViewRoot hasFocus: true, DecorView@2fd1378[ProfileDisplayFragmentActivity]
01-27 16:15:06.929 15461 15461 I com.disha.quickride.androidapp.usermgmt.profile.ProfileDisplayFragment: Displaying social networks if configured
01-27 16:15:06.928 15461 15461 I com.disha.quickride.androidapp.usermgmt.profile.ProfileDisplayFragment: Displaying of total rides count
01-27 16:15:06.929 15461 15461 I com.disha.quickride.androidapp.usermgmt.profile.ProfileDisplayFragment: Displaying of user rating
01-27 16:15:06.929 15461 15461 I com.disha.quickride.androidapp.usermgmt.profile.ProfileDisplayFragment: Displaying of user onTime
01-27 16:15:06.929 15461 15461 I com.disha.quickride.androidapp.usermgmt.profile.ProfileDisplayFragment: Displaying social networks if configured
01-27 16:15:06.929 15461 15461 I com.disha.quickride.androidapp.usermgmt.profile.ProfileDisplayFragment: retrieving of user image data for displaying in profile
01-27 16:15:06.929 15461 15461 I com.disha.quickride.androidapp.usermgmt.profile.ProfileDisplayFragment: retrieving of user image data for displaying in profile
01-27 16:15:06.930 15461 15461 W Choreographer: Already have a pending vsync event. There should only be one at a time.
01-27 16:15:06.930 15461 15461 W Choreographer: Already have a pending vsync event. There should only be one at a time.
01-27 16:15:06.947 15461 15769 D SlaveNetworkWorker: not matched: 1
01-27 16:15:06.947 15461 15769 D SlaveNetworkWorker: not matched: 1
01-27 16:15:06.952 15461 15461 D OnePlusJankManager: Chor uploadMDM JANK_TYPE_ONCE mViewTitle = com.disha.quickride/com.disha.quickride.androidapp.usermgmt.profile.ProfileDisplayF ragmentActivity--- jank level = 1
01-27 16:15:06.952 15461 15461 D OnePlusJankManager: Chor uploadMDM JANK_TYPE_ONCE mViewTitle = com.disha.quickride/com.disha.quickride.androidapp.usermgmt.profile.ProfileDisplayF ragmentActivity--- jank level = 1
01-27 16:15:06.961 15461 15461 I com.disha.quickride.androidapp.usermgmt.profile.ProfileDisplayBaseFragment: retrieving of profile verification data for profile display
01-27 16:15:06.961 15461 15461 I com.disha.quickride.androidapp.usermgmt.cache.UserDataCache: getting of user profile
01-27 16:15:06.961 15461 15461 I com.disha.quickride.androidapp.usermgmt.profile.ProfileDisplayBaseFragment: retrieving of profile verification data for profile display
01-27 16:15:06.961 15461 15461 I com.disha.quickride.androidapp.usermgmt.cache.UserDataCache: getting of user profile
01-27 16:15:06.962 15461 16308 I com.disha.quickride.androidapp.usermgmt.profile.UserProfileRetrievalAsyncTask: User Profile Retrieval
01-27 16:15:06.965 15461 16308 D com.disha.quickride.androidapp.common.AndroidRestClient.AndroidClientLogger: RestClient.callService with httpRequestMethod = GET
01-27 16:15:06.965 15461 15519 I com.disha.quickride.androidapp.usermgmt.profile.UserProfileRetrievalAsyncTask: User Profile Retrieval
01-27 16:15:06.961 15461 15461 I com.disha.quickride.androidapp.usermgmt.profile.ProfileDisplayBaseFragment: retrieving of profile verification data for profile display
01-27 16:15:06.961 15461 15461 I com.disha.quickride.androidapp.usermgmt.cache.UserDataCache: getting of user profile
01-27 16:15:06.961 15461 15461 I com.disha.quickride.androidapp.usermgmt.profile.ProfileDisplayBaseFragment: retrieving of profile verification data for profile display
01-27 16:15:06.961 15461 15461 I com.disha.quickride.androidapp.usermgmt.cache.UserDataCache: getting of user profile
01-27 16:15:06.962 15461 16308 I com.disha.quickride.androidapp.usermgmt.profile.UserProfileRetrievalAsyncTask: User Profile Retrieval
01-27 16:15:06.965 15461 16308 D com.disha.quickride.androidapp.common.AndroidRestClient.AndroidClientLogger: RestClient.callService with httpRequestMethod = GET
01-27 16:15:06.965 15461 15519 I com.disha.quickride.androidapp.usermgmt.profile.UserProfileRetrievalAsyncTask: User Profile Retrieval
01-27 16:15:06.984 15461 15519 D com.disha.quickride.androidapp.common.AndroidRestClient.AndroidClientLogger: RestClient.callService with httpRequestMethod = GET
01-27 16:15:06.984 15461 15519 D com.disha.quickride.androidapp.common.AndroidRestClient.AndroidClientLogger: RestClient.callService with httpRequestMethod = GET
01-27 16:15:06.991 15461 18856 I AppsFlyer_4.9.0: ******* sendTrackingWithEvent: viewedOtherUSerProfile
01-27 16:15:06.991 15461 18856 I AppsFlyer_4.9.0: ******* sendTrackingWithEvent: viewedOtherUSerProfile
01-27 16:15:07.006 15461 15461 D com.disha.quickride.androidapp.BaseQuickRideMenuFragment: onSaveInstanceState
01-27 16:15:07.007 15461 15461 D com.disha.quickride.androidapp.ridemgmt.RideCreationFirstStepBaseFragment: onSaveInstanceState in FindRideAndOfferRideFragment{138f59e (3672a87f-a54c-4a90- aa6d-059e3b58ed01) id=0x7f0a02f1}[startAddress = , startLatitude = 0.0, startLongitude = 0.0, endAddress = null, endLatitude = 0.0, endLongitude = 0.0, startTime = Mon Jan 27 16:13:10 GMT+05:30 2020, rideType = Passenger, userVehicle = [id: 0 ][ownerid: 80505609211004 ][model: Hatch Back ][regno: null ][capacity: 4 ] [fare: 4.0 ][imageURI: null ][makeAndCategory: null ][additionalFacilities: null ] [vehicleType: Car ][riderHasHelmet: true ], selectedSeats = 1, appliedPromoCode = null, reuseExistingData = false]
01-27 16:15:07.006 15461 15461 D com.disha.quickride.androidapp.BaseQuickRideMenuFragment: onSaveInstanceState
01-27 16:15:07.007 15461 15461 D com.disha.quickride.androidapp.ridemgmt.RideCreationFirstStepBaseFragment: onSaveInstanceState in FindRideAndOfferRideFragment{138f59e (3672a87f-a54c-4a90- aa6d-059e3b58ed01) id=0x7f0a02f1}[startAddress = , startLatitude = 0.0, startLongitude = 0.0, endAddress = null, endLatitude = 0.0, endLongitude = 0.0, startTime = Mon Jan 27 16:13:10 GMT+05:30 2020, rideType = Passenger, userVehicle = [id: 0 ][ownerid: 80505609211004 ][model: Hatch Back ][regno: null ][capacity: 4 ] [fare: 4.0 ][imageURI: null ][makeAndCategory: null ][additionalFacilities: null ] [vehicleType: Car ][riderHasHelmet: true ], selectedSeats = 1, appliedPromoCode = null, reuseExistingData = false]
01-27 16:15:07.071 15461 16308 D com.disha.quickride.androidapp.common.AndroidRestClient.AndroidClientLogger: RestClient.callService response code : 200
01-27 16:15:07.071 15461 16308 D com.disha.quickride.androidapp.common.AndroidRestClient.AndroidClientLogger: RestClient.callService response code : 200
01-27 16:15:07.076 15461 15461 I com.disha.quickride.androidapp.usermgmt.profile.ProfileDisplayBaseFragment: getting user profile for profile display activity
01-27 16:15:07.076 15461 15461 I com.disha.quickride.androidapp.usermgmt.profile.ProfileDisplayBaseFragment: getting user profile for profile display activity
01-27 16:15:07.077 15461 15461 I com.disha.quickride.androidapp.usermgmt.profile.ProfileDisplayBaseFragment: Displaying profession details
01-27 16:15:07.079 15461 15461 I com.disha.quickride.androidapp.usermgmt.profile.ProfileDisplayFragment: displaying of verification status
01-27 16:15:07.081 15461 15461 I com.disha.quickride.androidapp.usermgmt.profile.ProfileDisplayFragment: Displaying of total rides count
01-27 16:15:07.077 15461 15461 I com.disha.quickride.androidapp.usermgmt.profile.ProfileDisplayBaseFragment: Displaying profession details
01-27 16:15:07.079 15461 15461 I com.disha.quickride.androidapp.usermgmt.profile.ProfileDisplayFragment: displaying of verification status
01-27 16:15:07.085 15461 15461 I com.disha.quickride.androidapp.usermgmt.profile.ProfileDisplayFragment: Displaying of user rating
01-27 16:15:07.081 15461 15461 I com.disha.quickride.androidapp.usermgmt.profile.ProfileDisplayFragment: Displaying of total rides count
01-27 16:15:07.085 15461 15461 I com.disha.quickride.androidapp.usermgmt.profile.ProfileDisplayFragment: Displaying of user rating
01-27 16:15:07.086 15461 15461 I com.disha.quickride.androidapp.usermgmt.profile.ProfileDisplayFragment: Displaying of user onTime
01-27 16:15:07.086 15461 15461 I com.disha.quickride.androidapp.usermgmt.profile.ProfileDisplayFragment: Displaying of user onTime
01-27 16:15:07.087 15461 15461 I com.disha.quickride.androidapp.usermgmt.profile.ProfileDisplayFragment: Displaying social networks if configured
01-27 16:15:07.090 15461 15461 I com.disha.quickride.androidapp.usermgmt.profile.ProfileDisplayFragment: retrieving of user image data for displaying in profile
01-27 16:15:07.087 15461 15461 I com.disha.quickride.androidapp.usermgmt.profile.ProfileDisplayFragment: Displaying social networks if configured
01-27 16:15:07.090 15461 15461 I com.disha.quickride.androidapp.usermgmt.profile.ProfileDisplayFragment: retrieving of user image data for displaying in profile
01-27 16:15:07.093 15461 15519 D com.disha.quickride.androidapp.common.AndroidRestClient.AndroidClientLogger: RestClient.callService response code : 200
01-27 16:15:07.093 15461 15519 D com.disha.quickride.androidapp.common.AndroidRestClient.AndroidClientLogger: RestClient.callService response code : 200
01-27 16:15:07.103 15461 15769 D b : getData: response code:200
01-27 16:15:07.103 15461 15769 D b : POST: https://pn.netcoresmartech.com/app_activity_ngn -> {"appid":"d25af8de489a0ca420f9540aed14013a","pushid":"7e30f1fa-c105-4964-bbc5- 77aac2c0d007","identity":"80505609211004","ostype":"Android","make":"OnePlus","mode l":"GM1901","osversion":"10","appname":"Quick Ride","appversion":"9.42","sdkversion":"2.2.1","cts":200127161506,"lat":null,"lng": null,"adid":"","sessionid":"1580121571980","tx":"1580121906400","eventname":"viewed otheruserprofile","payload":{"userId":"80505609211004"}} --- 200 OK {"status" : "success"}
01-27 16:15:07.103 15461 15769 D b : getData: response code:200
01-27 16:15:07.103 15461 15769 D b : POST: https://pn.netcoresmartech.com/app_activity_ngn -> {"appid":"d25af8de489a0ca420f9540aed14013a","pushid":"7e30f1fa-c105-4964-bbc5- 77aac2c0d007","identity":"80505609211004","ostype":"Android","make":"OnePlus","mode l":"GM1901","osversion":"10","appname":"Quick Ride","appversion":"9.42","sdkversion":"2.2.1","cts":200127161506,"lat":null,"lng": null,"adid":"","sessionid":"1580121571980","tx":"1580121906400","eventname":"viewed otheruserprofile","payload":{"userId":"80505609211004"}} --- 200 OK {"status" : "success"}
01-27 16:15:07.129 15461 15461 I com.disha.quickride.androidapp.usermgmt.profile.ProfileDisplayBaseFragment: getting user profile for profile display activity
01-27 16:15:07.129 15461 15461 I com.disha.quickride.androidapp.usermgmt.profile.ProfileDisplayBaseFragment: Displaying profession details
01-27 16:15:07.130 15461 15461 I com.disha.quickride.androidapp.usermgmt.profile.ProfileDisplayFragment: displaying of verification status
01-27 16:15:07.130 15461 15461 I com.disha.quickride.androidapp.usermgmt.profile.ProfileDisplayFragment: Displaying of total rides count
01-27 16:15:07.131 15461 15461 I com.disha.quickride.androidapp.usermgmt.profile.ProfileDisplayFragment: Displaying of user rating
01-27 16:15:07.131 15461 15461 I com.disha.quickride.androidapp.usermgmt.profile.ProfileDisplayFragment: Displaying of user onTime
01-27 16:15:07.131 15461 15461 I com.disha.quickride.androidapp.usermgmt.profile.ProfileDisplayFragment: Displaying social networks if configured
01-27 16:15:07.131 15461 15461 I com.disha.quickride.androidapp.usermgmt.profile.ProfileDisplayFragment: retrieving of user image data for displaying in profile
01-27 16:15:07.133 15461 15598 I WM-WorkerWrapper: Worker result SUCCESS for Work [ id=5271bca4-5f5a-46ba-bcbf-697d2a587d0e, tags={ in.netcore.smartechfcm.workmanager.SlaveNetworkWorker } ]
01-27 16:15:07.129 15461 15461 I com.disha.quickride.androidapp.usermgmt.profile.ProfileDisplayBaseFragment: getting user profile for profile display activity
01-27 16:15:07.129 15461 15461 I com.disha.quickride.androidapp.usermgmt.profile.ProfileDisplayBaseFragment: Displaying profession details
01-27 16:15:07.130 15461 15461 I com.disha.quickride.androidapp.usermgmt.profile.ProfileDisplayFragment: displaying of verification status
01-27 16:15:07.130 15461 15461 I com.disha.quickride.androidapp.usermgmt.profile.ProfileDisplayFragment: Displaying of total rides count
01-27 16:15:07.131 15461 15461 I com.disha.quickride.androidapp.usermgmt.profile.ProfileDisplayFragment: Displaying of user rating
01-27 16:15:07.131 15461 15461 I com.disha.quickride.androidapp.usermgmt.profile.ProfileDisplayFragment: Displaying of user onTime
01-27 16:15:07.131 15461 15461 I com.disha.quickride.androidapp.usermgmt.profile.ProfileDisplayFragment: Displaying social networks if configured
01-27 16:15:07.131 15461 15461 I com.disha.quickride.androidapp.usermgmt.profile.ProfileDisplayFragment: retrieving of user image data for displaying in profile
01-27 16:15:07.133 15461 15598 I WM-WorkerWrapper: Worker result SUCCESS for Work [ id=5271bca4-5f5a-46ba-bcbf-697d2a587d0e, tags={ in.netcore.smartechfcm.workmanager.SlaveNetworkWorker } ]
01-27 16:15:08.111 15461 18856 I AppsFlyer_4.9.0: IMEI was not collected.
01-27 16:15:08.111 15461 18856 I AppsFlyer_4.9.0: IMEI was not collected.
01-27 16:15:08.112 15461 18856 I AppsFlyer_4.9.0: Android ID was not collected.
01-27 16:15:08.112 15461 18856 I AppsFlyer_4.9.0: Android ID was not collected.
01-27 16:15:08.124 15461 18856 I AppsFlyer_4.9.0: AppsFlyer: first launch date: 2020-01-27_103941+0000
01-27 16:15:08.124 15461 18856 I AppsFlyer_4.9.0: AppsFlyer: first launch date: 2020-01-27_103941+0000
01-27 16:15:08.126 15461 18856 D AppsFlyer_4.9.0: didConfigureTokenRefreshService=false
01-27 16:15:08.126 15461 18856 D AppsFlyer_4.9.0: didConfigureTokenRefreshService=false
01-27 16:15:08.128 15461 18856 I AppsFlyer_4.9.0: AppsFlyerLib.sendTrackingWithEvent
01-27 16:15:08.128 15461 18856 I AppsFlyer_4.9.0: AppsFlyerLib.sendTrackingWithEvent
01-27 16:15:08.129 15461 18856 I AppsFlyer_4.9.0: url: https://events.appsflyer.com/api/v4/androidevent? buildnumber=4.9.0&app_id=com.disha.quickride
01-27 16:15:08.129 15461 18856 I AppsFlyer_4.9.0: data: {"country":"","kef4462":"dc30d8dfd7f097c748181c120c531a0d5918180d5a1f1e","af_timest amp":"1580121906959","appsflyerKey":"s********************m","af_events_api":"1","i sFirstCall":"false","registeredUninstall":true,"operator":"airtel","network":"MOBIL E","af_v2":"0272efa415dd07c2fff8c87b7419dc7b9315911e","uid":"1580121578867- 3762180197533250658","eventValue":"{\"userId\":\"80505609211004\"}","isGaidWithGps" :"true","lang_code":"en","installDate":"2020-01- 27_103818+0000","app_version_code":"392","firstLaunchDate":"2020-01- 27_103941+0000","ivc":false,"eventName":"viewedOtherUSerProfile","model":"GM1901"," lang":"English","brand":"OnePlus","deviceType":"user","product":"OnePlus7","deviceD ata":{"cpu_abi":"arm64-v8a","build_display_id":"GM1901_14_191007","dim": {"size":"2","ydp":"409.903","xdp":"403.411","y_px":"2134","x_px":"1080","d_dpi":"42 0"},"arch":"","cpu_abi2":""},"installer_package":"com.android.vending","date2":"202 0-01-27_103818+0000","counter":"6","date1":"2020-01- 27_103818+0000","advertiserId":"faffb339-3913-4b71-a9e8- 48eaac69539f","advertiserIdEnabled":"true","referrer":"utm_source=(not %20set)&utm_medium=(not %20set)","af_v":"59435a60f643441a580703913392d7bc7ee81b66","carrier":"airtel","af_p reinstalled":"false","iaecounter":"13","tokenRefreshConfigured":false,"af_gcm_token ":"eguMVjeN_q0:APA91bGCu6T_3PfNJncyQzww1FvV08zhdoJjCGXzznTp9j_tUNXOcDg_-- kv1gul2gmReQmo1AG1QxQvRhC9stl0GmJIaXtw2oMYaAVennaacfYVjZag2MxrV6AO90ETnL02B2b4FFVC" ,"sdk":"29","fb":"d97bfaf6-0352-4a71-bae0- 9aa184401bdb","app_version_name":"9.42","device":"OnePlus7","prev_event":"{\"prev_e vent_timestamp\":\"1580121790792\",\"prev_event_value\":\"{\\\"ride_id\\\":\\\"1122 78839\\\",\\\"price\\\":\\\"0.0\\\",\\\"from\\\":\\\"Ek-Jyot Apartments, Shyamji Krishna Varma Marg, Saraswati Vihar, Pitampura, Delhi, India\\\",\\\"to\\\":\\\"Green Park Metro Station, Sri Aurobindo Marg, Block A, Green Park, New Delhi, Delhi, India\\\",\\\"time\\\":\\\"Tue Jan 28 08:00:00 GMT+05:30 2020\\\",\\\"seats\\\":\\\"1\\\"}\",\"prev_event_name\":\"FindRideCreated\"}","plat formextension":"android_native","cksm_v1":"60edf5138d0a961eaf16d5e306410fc613"}
01-27 16:15:08.129 15461 18856 I AppsFlyer_4.9.0: url: https://events.appsflyer.com/api/v4/androidevent? buildnumber=4.9.0&app_id=com.disha.quickride
01-27 16:15:08.129 15461 18856 I AppsFlyer_4.9.0: data: {"country":"","kef4462":"dc30d8dfd7f097c748181c120c531a0d5918180d5a1f1e","af_timest amp":"1580121906959","appsflyerKey":"s********************m","af_events_api":"1","i sFirstCall":"false","registeredUninstall":true,"operator":"airtel","network":"MOBIL E","af_v2":"0272efa415dd07c2fff8c87b7419dc7b9315911e","uid":"1580121578867- 3762180197533250658","eventValue":"{\"userId\":\"80505609211004\"}","isGaidWithGps" :"true","lang_code":"en","installDate":"2020-01- 27_103818+0000","app_version_code":"392","firstLaunchDate":"2020-01- 27_103941+0000","ivc":false,"eventName":"viewedOtherUSerProfile","model":"GM1901"," lang":"English","brand":"OnePlus","deviceType":"user","product":"OnePlus7","deviceD ata":{"cpu_abi":"arm64-v8a","build_display_id":"GM1901_14_191007","dim": {"size":"2","ydp":"409.903","xdp":"403.411","y_px":"2134","x_px":"1080","d_dpi":"42 0"},"arch":"","cpu_abi2":""},"installer_package":"com.android.vending","date2":"202 0-01-27_103818+0000","counter":"6","date1":"2020-01- 27_103818+0000","advertiserId":"faffb339-3913-4b71-a9e8- 48eaac69539f","advertiserIdEnabled":"true","referrer":"utm_source=(not %20set)&utm_medium=(not %20set)","af_v":"59435a60f643441a580703913392d7bc7ee81b66","carrier":"airtel","af_p reinstalled":"false","iaecounter":"13","tokenRefreshConfigured":false,"af_gcm_token ":"eguMVjeN_q0:APA91bGCu6T_3PfNJncyQzww1FvV08zhdoJjCGXzznTp9j_tUNXOcDg_-- kv1gul2gmReQmo1AG1QxQvRhC9stl0GmJIaXtw2oMYaAVennaacfYVjZag2MxrV6AO90ETnL02B2b4FFVC" ,"sdk":"29","fb":"d97bfaf6-0352-4a71-bae0- 9aa184401bdb","app_version_name":"9.42","device":"OnePlus7","prev_event":"{\"prev_e vent_timestamp\":\"1580121790792\",\"prev_event_value\":\"{\\\"ride_id\\\":\\\"1122 78839\\\",\\\"price\\\":\\\"0.0\\\",\\\"from\\\":\\\"Ek-Jyot Apartments, Shyamji Krishna Varma Marg, Saraswati Vihar, Pitampura, Delhi, India\\\",\\\"to\\\":\\\"Green Park Metro Station, Sri Aurobindo Marg, Block A, Green Park, New Delhi, Delhi, India\\\",\\\"time\\\":\\\"Tue Jan 28 08:00:00 GMT+05:30 2020\\\",\\\"seats\\\":\\\"1\\\"}\",\"prev_event_name\":\"FindRideCreated\"}","plat formextension":"android_native","cksm_v1":"60edf5138d0a961eaf16d5e306410fc613"}
01-27 16:15:08.761 15461 18856 I AppsFlyer_4.9.0: response code: 200
01-27 16:15:08.761 15461 18856 D AppsFlyer_4.9.0: Uninstall Token exists: 1580121578861,eguMVjeN_q0:APA91bGCu6T_3PfNJncyQzww1FvV08zhdoJjCGXzznTp9j_tUNXOcDg_- -kv1gul2gmReQmo1AG1QxQvRhC9stl0GmJIaXtw2oMYaAVennaacfYVjZag2MxrV6AO90ETnL02B2b4FFVC
01-27 16:15:08.761 15461 18856 I AppsFlyer_4.9.0: response code: 200
01-27 16:15:08.761 15461 18856 D AppsFlyer_4.9.0: Uninstall Token exists: 1580121578861,eguMVjeN_q0:APA91bGCu6T_3PfNJncyQzww1FvV08zhdoJjCGXzznTp9j_tUNXOcDg_- -kv1gul2gmReQmo1AG1QxQvRhC9stl0GmJIaXtw2oMYaAVennaacfYVjZag2MxrV6AO90ETnL02B2b4FFVC
01-27 16:15:10.569 15461 15461 D TAG : Finish
01-27 16:15:10.569 15461 15461 D TAG : Finish
01-27 16:15:10.581 15461 15461 E SensorManager: unregisterListenerImpl callingApp: com.disha.quickride,callingPid:15461,callingUid:10450
01-27 16:15:10.581 15461 15461 E SensorManager: unregisterListenerImpl callingApp: com.disha.quickride,callingPid:15461,callingUid:10450
01-27 16:15:10.605 15461 15461 D com.disha.quickride.androidapp.QuickRideBaseFragmentActivity: Session resumed successfully
01-27 16:15:10.605 15461 15461 D com.disha.quickride.androidapp.QuickRideBaseFragmentActivity: Session resumed successfully
01-27 16:15:10.608 15461 15461 D com.disha.quickride.androidapp.ridemgmt.RideCreationFirstStepBaseFragment: Ride creation fragment is started
01-27 16:15:10.608 15461 15461 D com.disha.quickride.androidapp.ridemgmt.RideCreationFirstStepBaseFragment: Ride creation fragment is started
01-27 16:15:10.627 15461 15461 I com.disha.quickride.androidapp.myrides.cache.MyActiveRidesCache: addRideUpdateListener with : RIDE_VIEW_KEY, RideViewActivity{ab80eb1 (77bf7322- 4f3b-45fb-a0ec-fc548e3e14c9) id=0x7f0a07bf}
01-27 16:15:10.627 15461 15461 I com.disha.quickride.androidapp.myrides.cache.MyActiveRidesCache: addRideUpdateListener with : RIDE_VIEW_KEY, RideViewActivity{ab80eb1 (77bf7322- 4f3b-45fb-a0ec-fc548e3e14c9) id=0x7f0a07bf}
01-27 16:15:10.630 15461 15461 D com.disha.quickride.androidapp.QuickRideLifecycleHandler: Adding ApplicationVisibilityStatusChangeListener [RideViewActivity{ab80eb1 (77bf7322-4f3b- 45fb-a0ec-fc548e3e14c9) id=0x7f0a07bf}] for key : [RIDE_VIEW_KEY]
01-27 16:15:10.630 15461 15461 D com.disha.quickride.androidapp.QuickRideLifecycleHandler: Adding ApplicationVisibilityStatusChangeListener [RideViewActivity{ab80eb1 (77bf7322-4f3b- 45fb-a0ec-fc548e3e14c9) id=0x7f0a07bf}] for key : [RIDE_VIEW_KEY]
01-27 16:15:10.652 15461 15461 E SensorManager: registerListenerImpl sensorName:lsm6dsm Accelerometer Non-wakeup,isWakeUpSensor:false,callingApp: com.disha.quickride,callingPid:15461,callingUid:10450
01-27 16:15:10.652 15461 15461 E SensorManager: registerListenerImpl sensorName:lsm6dsm Accelerometer Non-wakeup,isWakeUpSensor:false,callingApp: com.disha.quickride,callingPid:15461,callingUid:10450
01-27 16:15:10.710 15461 18640 D DecorView: onWindowFocusChangedFromViewRoot hasFocus: true, DecorView@10e257e[CommonMapActivity]
01-27 16:15:10.710 15461 18640 D DecorView: onWindowFocusChangedFromViewRoot hasFocus: true, DecorView@10e257e[CommonMapActivity]
01-27 16:15:10.751 15461 15461 E libprocessgroup: set_timerslack_ns write failed: Operation not permitted
01-27 16:15:10.751 15461 15461 E libprocessgroup: set_timerslack_ns write failed: Operation not permitted
01-27 16:15:12.465 15461 15461 E SensorManager: unregisterListenerImpl callingApp: com.disha.quickride,callingPid:15461,callingUid:10450
01-27 16:15:12.465 15461 15461 E SensorManager: unregisterListenerImpl callingApp: com.disha.quickride,callingPid:15461,callingUid:10450
01-27 16:15:12.476 15461 15461 W ActivityThread: handleWindowVisibility: no activity for token android.os.BinderProxy@21919b5
01-27 16:15:12.476 15461 15461 W ActivityThread: handleWindowVisibility: no activity for token android.os.BinderProxy@21919b5
01-27 16:15:12.488 15461 15461 D com.disha.quickride.androidapp.QuickRideBaseFragmentActivity: Session resumed successfully
01-27 16:15:12.488 15461 15461 D com.disha.quickride.androidapp.QuickRideBaseFragmentActivity: Session resumed successfully
01-27 16:15:12.500 15461 15461 I TextToSpeech: Sucessfully bound to com.google.android.tts
01-27 16:15:12.500 15461 15461 W TextToSpeech: setLanguage failed: not bound to TTS engine
01-27 16:15:12.500 15461 15461 I TextToSpeech: Sucessfully bound to com.google.android.tts
01-27 16:15:12.500 15461 15461 W TextToSpeech: setLanguage failed: not bound to TTS engine
01-27 16:15:12.521 15461 15461 I com.disha.quickride.androidapp.usermgmt.profile.ProfileDisplayBaseFragment: reading of profile data
01-27 16:15:12.521 15461 15461 I com.disha.quickride.androidapp.usermgmt.profile.ProfileDisplayFragment: profile display activity actionbar customization
01-27 16:15:12.521 15461 15461 I com.disha.quickride.androidapp.usermgmt.profile.ProfileDisplayBaseFragment: reading of profile data
01-27 16:15:12.521 15461 15461 I com.disha.quickride.androidapp.usermgmt.profile.ProfileDisplayFragment: profile display activity actionbar customization
01-27 16:15:12.522 15461 15461 I com.disha.quickride.androidapp.usermgmt.profile.ProfileDisplayBaseFragment: retrieving of user data for profile display
01-27 16:15:12.522 15461 15461 I com.disha.quickride.androidapp.usermgmt.cache.UserDataCache: getUser
01-27 16:15:12.522 15461 15461 I com.disha.quickride.androidapp.usermgmt.profile.ProfileDisplayBaseFragment: retrieving of user profile data for profile display
01-27 16:15:12.522 15461 15461 I com.disha.quickride.androidapp.usermgmt.profile.ProfileDisplayBaseFragment: retrieving of user data for profile display
01-27 16:15:12.522 15461 15461 I com.disha.quickride.androidapp.usermgmt.cache.UserDataCache: getUser
01-27 16:15:12.522 15461 15461 I com.disha.quickride.androidapp.usermgmt.profile.ProfileDisplayBaseFragment: retrieving of user profile data for profile display
01-27 16:15:12.522 15461 15461 I com.disha.quickride.androidapp.usermgmt.cache.UserDataCache: getUserInformation
01-27 16:15:12.522 15461 15461 I com.disha.quickride.androidapp.usermgmt.cache.UserDataCache: getUserInformation
01-27 16:15:12.522 15461 15548 I com.disha.quickride.androidapp.usermgmt.register.UserRetrievalAsyncTask: User Retrieval Async Task
01-27 16:15:12.522 15461 15548 I com.disha.quickride.androidapp.usermgmt.register.UserRetrievalAsyncTask: User Retrieval Async Task
01-27 16:15:12.528 15461 15548 D com.disha.quickride.androidapp.common.AndroidRestClient.AndroidClientLogger: RestClient.callService with httpRequestMethod = GET
01-27 16:15:12.528 15461 15548 D com.disha.quickride.androidapp.common.AndroidRestClient.AndroidClientLogger: RestClient.callService with httpRequestMethod = GET
01-27 16:15:12.531 15461 15461 V ViewRootImpl: The specified message queue synchronization barrier token has not been posted or has already been removed
01-27 16:15:12.531 15461 15461 V ViewRootImpl: The specified message queue synchronization barrier token has not been posted or has already been removed
01-27 16:15:12.537 15461 15461 E SensorManager: registerListenerImpl sensorName:lsm6dsm Accelerometer Non-wakeup,isWakeUpSensor:false,callingApp: com.disha.quickride,callingPid:15461,callingUid:10450
01-27 16:15:12.537 15461 15461 E SensorManager: registerListenerImpl sensorName:lsm6dsm Accelerometer Non-wakeup,isWakeUpSensor:false,callingApp: com.disha.quickride,callingPid:15461,callingUid:10450
01-27 16:15:12.542 15461 15461 I com.disha.quickride.androidapp.usermgmt.profile.ProfileDisplayBaseFragment: reading of profile data
01-27 16:15:12.542 15461 15461 I com.disha.quickride.androidapp.usermgmt.profile.ProfileDisplayBaseFragment: retrieving of user data for profile display
01-27 16:15:12.542 15461 15461 I com.disha.quickride.androidapp.usermgmt.cache.UserDataCache: getUser
01-27 16:15:12.542 15461 15461 I com.disha.quickride.androidapp.usermgmt.profile.ProfileDisplayBaseFragment: retrieving of user profile data for profile display
01-27 16:15:12.542 15461 15461 I com.disha.quickride.androidapp.usermgmt.cache.UserDataCache: getUserInformation
01-27 16:15:12.542 15461 16011 I com.disha.quickride.androidapp.usermgmt.register.UserRetrievalAsyncTask: User Retrieval Async Task
01-27 16:15:12.542 15461 15461 I com.disha.quickride.androidapp.usermgmt.profile.ProfileDisplayBaseFragment: reading of profile data
01-27 16:15:12.542 15461 15461 I com.disha.quickride.androidapp.usermgmt.profile.ProfileDisplayBaseFragment: retrieving of user data for profile display
01-27 16:15:12.542 15461 15461 I com.disha.quickride.androidapp.usermgmt.cache.UserDataCache: getUser
01-27 16:15:12.542 15461 15461 I com.disha.quickride.androidapp.usermgmt.profile.ProfileDisplayBaseFragment: retrieving of user profile data for profile display
01-27 16:15:12.542 15461 15461 I com.disha.quickride.androidapp.usermgmt.cache.UserDataCache: getUserInformation
01-27 16:15:12.542 15461 16011 I com.disha.quickride.androidapp.usermgmt.register.UserRetrievalAsyncTask: User Retrieval Async Task
01-27 16:15:12.545 15461 15652 D com.disha.quickride.androidapp.common.AndroidRestClient.AndroidClientLogger: RestClient.callService with httpRequestMethod = GET
01-27 16:15:12.545 15461 15652 D com.disha.quickride.androidapp.common.AndroidRestClient.AndroidClientLogger: RestClient.callService with httpRequestMethod = GET
01-27 16:15:12.547 15461 15461 V ViewRootImpl: The specified message queue synchronization barrier token has not been posted or has already been removed
01-27 16:15:12.547 15461 15461 V ViewRootImpl: The specified message queue synchronization barrier token has not been posted or has already been removed
01-27 16:15:12.550 15461 16011 D com.disha.quickride.androidapp.common.AndroidRestClient.AndroidClientLogger: RestClient.callService with httpRequestMethod = GET
01-27 16:15:12.550 15461 16011 D com.disha.quickride.androidapp.common.AndroidRestClient.AndroidClientLogger: RestClient.callService with httpRequestMethod = GET
01-27 16:15:12.554 15461 15461 V ViewRootImpl: The specified message queue synchronization barrier token has not been posted or has already been removed
01-27 16:15:12.554 15461 15461 V ViewRootImpl: The specified message queue synchronization barrier token has not been posted or has already been removed
01-27 16:15:12.558 15461 16156 D com.disha.quickride.androidapp.common.AndroidRestClient.AndroidClientLogger: RestClient.callService with httpRequestMethod = GET
01-27 16:15:12.558 15461 16156 D com.disha.quickride.androidapp.common.AndroidRestClient.AndroidClientLogger: RestClient.callService with httpRequestMethod = GET
01-27 16:15:12.571 15461 15478 D DecorView: onWindowFocusChangedFromViewRoot hasFocus: true, DecorView@feb30e[ProfileDisplayFragmentActivity]
01-27 16:15:12.571 15461 15478 D DecorView: onWindowFocusChangedFromViewRoot hasFocus: true, DecorView@feb30e[ProfileDisplayFragmentActivity]
01-27 16:15:12.583 15461 15478 D DecorView: onWindowFocusChangedFromViewRoot hasFocus: true, DecorView@46d08c5[ProfileDisplayFragmentActivity]
01-27 16:15:12.583 15461 15478 D DecorView: onWindowFocusChangedFromViewRoot hasFocus: true, DecorView@46d08c5[ProfileDisplayFragmentActivity]
01-27 16:15:12.611 15461 15461 E RecyclerView: No adapter attached; skipping layout
01-27 16:15:12.611 15461 15461 E RecyclerView: No adapter attached; skipping layout
01-27 16:15:12.623 15461 15461 W Choreographer: Already have a pending vsync event. There should only be one at a time.
01-27 16:15:12.623 15461 15461 W Choreographer: Already have a pending vsync event. There should only be one at a time.
01-27 16:15:12.632 15461 15461 E libprocessgroup: set_timerslack_ns write failed: Operation not permitted
01-27 16:15:12.632 15461 15461 E libprocessgroup: set_timerslack_ns write failed: Operation not permitted
01-27 16:15:12.637 15461 15461 I TextToSpeech: Connected to ComponentInfo{com.google.android.tts/com.google.android.tts.service.GoogleTTSServic e}
01-27 16:15:12.637 15461 15461 I TextToSpeech: Connected to ComponentInfo{com.google.android.tts/com.google.android.tts.service.GoogleTTSServic e}
01-27 16:15:12.639 15461 17126 I TextToSpeech: Set up connection to ComponentInfo{com.google.android.tts/com.google.android.tts.service.GoogleTTSServic e}
01-27 16:15:12.639 15461 17126 I TextToSpeech: Set up connection to ComponentInfo{com.google.android.tts/com.google.android.tts.service.GoogleTTSServic e}
01-27 16:15:12.687 15461 19243 I AppsFlyer_4.9.0: sendTrackingWithEvent from activity: com.disha.quickride.androidapp.startup.QuickRideApplication
01-27 16:15:12.687 15461 19243 I AppsFlyer_4.9.0: Trying to fetch GAID..
01-27 16:15:12.687 15461 19243 I AppsFlyer_4.9.0: sendTrackingWithEvent from activity: com.disha.quickride.androidapp.startup.QuickRideApplication
01-27 16:15:12.687 15461 19243 I AppsFlyer_4.9.0: Trying to fetch GAID..
01-27 16:15:12.694 15461 16011 D com.disha.quickride.androidapp.common.AndroidRestClient.AndroidClientLogger: RestClient.callService response code : 200
01-27 16:15:12.694 15461 16011 D com.disha.quickride.androidapp.common.AndroidRestClient.AndroidClientLogger: RestClient.callService response code : 200
01-27 16:15:12.703 15461 15548 D com.disha.quickride.androidapp.common.AndroidRestClient.AndroidClientLogger: RestClient.callService response code : 200
01-27 16:15:12.703 15461 15548 D com.disha.quickride.androidapp.common.AndroidRestClient.AndroidClientLogger: RestClient.callService response code : 200
01-27 16:15:12.704 15461 15652 D com.disha.quickride.androidapp.common.AndroidRestClient.AndroidClientLogger: RestClient.callService response code : 200
01-27 16:15:12.704 15461 15652 D com.disha.quickride.androidapp.common.AndroidRestClient.AndroidClientLogger: RestClient.callService response code : 200
01-27 16:15:12.716 15461 16156 D com.disha.quickride.androidapp.common.AndroidRestClient.AndroidClientLogger: RestClient.callService response code : 200
01-27 16:15:12.716 15461 16156 D com.disha.quickride.androidapp.common.AndroidRestClient.AndroidClientLogger: RestClient.callService response code : 200
01-27 16:15:12.845 15461 15461 D OnePlusJankManager: Chor uploadMDM JANK_TYPE_ONCE mViewTitle = com.disha.quickride/com.disha.quickride.androidapp.usermgmt.profile.ProfileDisplayF ragmentActivity--- jank level = 1
01-27 16:15:12.845 15461 15461 D OnePlusJankManager: Chor uploadMDM JANK_TYPE_ONCE mViewTitle = com.disha.quickride/com.disha.quickride.androidapp.usermgmt.profile.ProfileDisplayF ragmentActivity--- jank level = 1
01-27 16:15:12.862 15461 15770 D SlaveNetworkWorker: not matched: 1
01-27 16:15:12.862 15461 15770 D SlaveNetworkWorker: not matched: 1
01-27 16:15:12.873 15461 15461 I com.disha.quickride.androidapp.usermgmt.cache.UserDataCache: Store User
01-27 16:15:12.873 15461 15461 I com.disha.quickride.androidapp.usermgmt.cache.UserDataCache: Store User
01-27 16:15:12.873 15461 15461 I com.disha.quickride.androidapp.usermgmt.profile.ProfileDisplayBaseFragment: retrieving of user profile data for profile display
01-27 16:15:12.873 15461 15461 I com.disha.quickride.androidapp.usermgmt.cache.UserDataCache: getting of user profile
01-27 16:15:12.874 15461 15620 I com.disha.quickride.androidapp.usermgmt.profile.UserProfileRetrievalAsyncTask: User Profile Retrieval
01-27 16:15:12.873 15461 15461 I com.disha.quickride.androidapp.usermgmt.profile.ProfileDisplayBaseFragment: retrieving of user profile data for profile display
01-27 16:15:12.873 15461 15461 I com.disha.quickride.androidapp.usermgmt.cache.UserDataCache: getting of user profile
01-27 16:15:12.874 15461 15620 I com.disha.quickride.androidapp.usermgmt.profile.UserProfileRetrievalAsyncTask: User Profile Retrieval
01-27 16:15:12.878 15461 15620 D com.disha.quickride.androidapp.common.AndroidRestClient.AndroidClientLogger: RestClient.callService with httpRequestMethod = GET
01-27 16:15:12.878 15461 15620 D com.disha.quickride.androidapp.common.AndroidRestClient.AndroidClientLogger: RestClient.callService with httpRequestMethod = GET
01-27 16:15:12.882 15461 15461 I com.disha.quickride.androidapp.usermgmt.profile.ProfileDisplayBaseFragment: getting user profile for profile display activity
01-27 16:15:12.882 15461 15461 I com.disha.quickride.androidapp.usermgmt.profile.ProfileDisplayBaseFragment: getting user profile for profile display activity
01-27 16:15:12.891 15461 15461 I com.disha.quickride.androidapp.usermgmt.profile.ProfileDisplayBaseFragment: Displaying profession details
01-27 16:15:12.891 15461 15461 I com.disha.quickride.androidapp.usermgmt.profile.ProfileDisplayBaseFragment: Displaying profession details
01-27 16:15:12.894 15461 15461 I com.disha.quickride.androidapp.usermgmt.profile.ProfileDisplayFragment: displaying of verification status
01-27 16:15:12.894 15461 15461 I com.disha.quickride.androidapp.usermgmt.profile.ProfileDisplayFragment: displaying of verification status
01-27 16:15:12.894 15461 15461 I com.disha.quickride.androidapp.usermgmt.profile.ProfileDisplayFragment: Displaying of total rides count
01-27 16:15:12.894 15461 15461 I com.disha.quickride.androidapp.usermgmt.profile.ProfileDisplayFragment: Displaying of total rides count
01-27 16:15:12.895 15461 15461 I com.disha.quickride.androidapp.usermgmt.profile.ProfileDisplayFragment: Displaying of user rating
01-27 16:15:12.895 15461 15461 I com.disha.quickride.androidapp.usermgmt.profile.ProfileDisplayFragment: Displaying of user rating
01-27 16:15:12.895 15461 15461 I com.disha.quickride.androidapp.usermgmt.profile.ProfileDisplayFragment: Displaying of user onTime
01-27 16:15:12.895 15461 15461 I com.disha.quickride.androidapp.usermgmt.profile.ProfileDisplayFragment: Displaying of user onTime
01-27 16:15:12.895 15461 15461 I com.disha.quickride.androidapp.usermgmt.profile.ProfileDisplayFragment: Displaying social networks if configured
01-27 16:15:12.895 15461 15461 I com.disha.quickride.androidapp.usermgmt.profile.ProfileDisplayFragment: Displaying social networks if configured
01-27 16:15:12.895 15461 15461 I com.disha.quickride.androidapp.usermgmt.profile.ProfileDisplayFragment: retrieving of user image data for displaying in profile
01-27 16:15:12.895 15461 15461 I com.disha.quickride.androidapp.usermgmt.profile.ProfileDisplayFragment: retrieving of user image data for displaying in profile
01-27 16:15:12.903 15461 15461 I com.disha.quickride.androidapp.usermgmt.cache.UserDataCache: Store User
01-27 16:15:12.903 15461 15461 I com.disha.quickride.androidapp.usermgmt.cache.UserDataCache: Store User
01-27 16:15:12.903 15461 15461 I com.disha.quickride.androidapp.usermgmt.profile.ProfileDisplayBaseFragment: retrieving of user profile data for profile display
01-27 16:15:12.903 15461 15461 I com.disha.quickride.androidapp.usermgmt.profile.ProfileDisplayBaseFragment: retrieving of user profile data for profile display
01-27 16:15:12.903 15461 15461 I com.disha.quickride.androidapp.usermgmt.cache.UserDataCache: getting of user profile
01-27 16:15:12.903 15461 15461 I com.disha.quickride.androidapp.usermgmt.cache.UserDataCache: getting of user profile
01-27 16:15:12.903 15461 16575 I com.disha.quickride.androidapp.usermgmt.profile.UserProfileRetrievalAsyncTask: User Profile Retrieval
01-27 16:15:12.903 15461 16575 I com.disha.quickride.androidapp.usermgmt.profile.UserProfileRetrievalAsyncTask: User Profile Retrieval
01-27 16:15:12.907 15461 16575 D com.disha.quickride.androidapp.common.AndroidRestClient.AndroidClientLogger: RestClient.callService with httpRequestMethod = GET
01-27 16:15:12.907 15461 16575 D com.disha.quickride.androidapp.common.AndroidRestClient.AndroidClientLogger: RestClient.callService with httpRequestMethod = GET
01-27 16:15:12.907 15461 16932 W ExifInterface: Invalid image: ExifInterface got an unsupported image format file(ExifInterface supports JPEG and some RAW image formats only) or a corrupted JPEG file to ExifInterface.
01-27 16:15:12.907 15461 16932 W ExifInterface: java.io.IOException: Invalid byte order: ffff8950
01-27 16:15:12.907 15461 16932 W ExifInterface: at android.media.ExifInterface.readByteOrder(ExifInterface.java:3121)
01-27 16:15:12.907 15461 16932 W ExifInterface: at android.media.ExifInterface.isOrfFormat(ExifInterface.java:2437)
01-27 16:15:12.907 15461 16932 W ExifInterface: at android.media.ExifInterface.getMimeType(ExifInterface.java:2315)
01-27 16:15:12.907 15461 16932 W ExifInterface: at android.media.ExifInterface.loadAttributes(ExifInterface.java:1753)
01-27 16:15:12.907 15461 16932 W ExifInterface: at android.media.ExifInterface.<init>(ExifInterface.java:1447)
01-27 16:15:12.907 15461 16932 W ExifInterface: at amf.a(SourceFile:40)
01-27 16:15:12.907 15461 16932 W ExifInterface: at ahj.b(SourceFile:92)
01-27 16:15:12.907 15461 16932 W ExifInterface: at amc.a(SourceFile:269)
01-27 16:15:12.907 15461 16932 W ExifInterface: at amc.a(SourceFile:224)
01-27 16:15:12.907 15461 16932 W ExifInterface: at amc.a(SourceFile:173)
01-27 16:15:12.907 15461 16932 W ExifInterface: at alw.a(SourceFile:31)
01-27 16:15:12.907 15461 16932 W ExifInterface: at alw.a(SourceFile:14)
01-27 16:15:12.907 15461 16932 W ExifInterface: at ais.a(SourceFile:92)
01-27 16:15:12.907 15461 16932 W ExifInterface: at ais.a(SourceFile:70)
01-27 16:15:12.907 15461 16932 W ExifInterface: at ais.a(SourceFile:59)
01-27 16:15:12.907 15461 16932 W ExifInterface: at ajd.a(SourceFile:76)
01-27 16:15:12.907 15461 16932 W ExifInterface: at ajd.a(SourceFile:57)
01-27 16:15:12.907 15461 16932 W ExifInterface: at air.a(SourceFile:524)
01-27 16:15:12.907 15461 16932 W ExifInterface: at air.a(SourceFile:488)
01-27 16:15:12.907 15461 16932 W ExifInterface: at air.a(SourceFile:474)
01-27 16:15:12.907 15461 16932 W ExifInterface: at air.n(SourceFile:426)
01-27 16:15:12.907 15461 16932 W ExifInterface: at air.a(SourceFile:390)
01-27 16:15:12.907 15461 16932 W ExifInterface: at aim.a(SourceFile:94)
01-27 16:15:12.907 15461 16932 W ExifInterface: at akn$a.a(SourceFile:70)
01-27 16:15:12.907 15461 16932 W ExifInterface: at aim.a(SourceFile:74)
01-27 16:15:12.907 15461 16932 W ExifInterface: at air.k(SourceFile:310)
01-27 16:15:12.907 15461 16932 W ExifInterface: at air.i(SourceFile:276)
01-27 16:15:12.907 15461 16932 W ExifInterface: at air.run(SourceFile:234)
01-27 16:15:12.907 15461 16932 W ExifInterface: at java.util.concurrent.ThreadPoolExecutor.runWorker(ThreadPoolExecutor.java:1167)
01-27 16:15:12.907 15461 16932 W ExifInterface: at java.util.concurrent.ThreadPoolExecutor$Worker.run(ThreadPoolExecutor.java:641)
01-27 16:15:12.907 15461 16932 W ExifInterface: at java.lang.Thread.run(Thread.java:919)
01-27 16:15:12.907 15461 16932 W ExifInterface: at aki$a$1.run(SourceFile:431)
01-27 16:15:12.907 15461 16932 W ExifInterface: Invalid image: ExifInterface got an unsupported image format file(ExifInterface supports JPEG and some RAW image formats only) or a corrupted JPEG file to ExifInterface.
01-27 16:15:12.907 15461 16932 W ExifInterface: java.io.IOException: Invalid byte order: ffff8950
01-27 16:15:12.907 15461 16932 W ExifInterface: at android.media.ExifInterface.readByteOrder(ExifInterface.java:3121)
01-27 16:15:12.907 15461 16932 W ExifInterface: at android.media.ExifInterface.isOrfFormat(ExifInterface.java:2437)
01-27 16:15:12.907 15461 16932 W ExifInterface: at android.media.ExifInterface.getMimeType(ExifInterface.java:2315)
01-27 16:15:12.907 15461 16932 W ExifInterface: at android.media.ExifInterface.loadAttributes(ExifInterface.java:1753)
01-27 16:15:12.907 15461 16932 W ExifInterface: at android.media.ExifInterface.<init>(ExifInterface.java:1447)
01-27 16:15:12.907 15461 16932 W ExifInterface: at amf.a(SourceFile:40)
01-27 16:15:12.907 15461 16932 W ExifInterface: at ahj.b(SourceFile:92)
01-27 16:15:12.907 15461 16932 W ExifInterface: at amc.a(SourceFile:269)
01-27 16:15:12.907 15461 16932 W ExifInterface: at amc.a(SourceFile:224)
01-27 16:15:12.907 15461 16932 W ExifInterface: at amc.a(SourceFile:173)
01-27 16:15:12.907 15461 16932 W ExifInterface: at alw.a(SourceFile:31)
01-27 16:15:12.907 15461 16932 W ExifInterface: at alw.a(SourceFile:14)
01-27 16:15:12.907 15461 16932 W ExifInterface: at ais.a(SourceFile:92)
01-27 16:15:12.907 15461 16932 W ExifInterface: at ais.a(SourceFile:70)
01-27 16:15:12.907 15461 16932 W ExifInterface: at ais.a(SourceFile:59)
01-27 16:15:12.907 15461 16932 W ExifInterface: at ajd.a(SourceFile:76)
01-27 16:15:12.907 15461 16932 W ExifInterface: at ajd.a(SourceFile:57)
01-27 16:15:12.907 15461 16932 W ExifInterface: at air.a(SourceFile:524)
01-27 16:15:12.907 15461 16932 W ExifInterface: at air.a(SourceFile:488)
01-27 16:15:12.907 15461 16932 W ExifInterface: at air.a(SourceFile:474)
01-27 16:15:12.907 15461 16932 W ExifInterface: at air.n(SourceFile:426)
01-27 16:15:12.907 15461 16932 W ExifInterface: at air.a(SourceFile:390)
01-27 16:15:12.907 15461 16932 W ExifInterface: at aim.a(SourceFile:94)
01-27 16:15:12.907 15461 16932 W ExifInterface: at akn$a.a(SourceFile:70)
01-27 16:15:12.907 15461 16932 W ExifInterface: at aim.a(SourceFile:74)
01-27 16:15:12.907 15461 16932 W ExifInterface: at air.k(SourceFile:310)
01-27 16:15:12.907 15461 16932 W ExifInterface: at air.i(SourceFile:276)
01-27 16:15:12.907 15461 16932 W ExifInterface: at air.run(SourceFile:234)
01-27 16:15:12.907 15461 16932 W ExifInterface: at java.util.concurrent.ThreadPoolExecutor.runWorker(ThreadPoolExecutor.java:1167)
01-27 16:15:12.907 15461 16932 W ExifInterface: at java.util.concurrent.ThreadPoolExecutor$Worker.run(ThreadPoolExecutor.java:641)
01-27 16:15:12.907 15461 16932 W ExifInterface: at java.lang.Thread.run(Thread.java:919)
01-27 16:15:12.907 15461 16932 W ExifInterface: at aki$a$1.run(SourceFile:431)
01-27 16:15:12.989 15461 15620 D com.disha.quickride.androidapp.common.AndroidRestClient.AndroidClientLogger: RestClient.callService response code : 200
01-27 16:15:12.989 15461 15620 D com.disha.quickride.androidapp.common.AndroidRestClient.AndroidClientLogger: RestClient.callService response code : 200
01-27 16:15:13.018 15461 16575 D com.disha.quickride.androidapp.common.AndroidRestClient.AndroidClientLogger: RestClient.callService response code : 200
01-27 16:15:13.018 15461 16575 D com.disha.quickride.androidapp.common.AndroidRestClient.AndroidClientLogger: RestClient.callService response code : 200
01-27 16:15:13.096 15461 15770 D b : getData: response code:200
01-27 16:15:13.096 15461 15770 D b : POST: https://pn.netcoresmartech.com/app_activity_ngn -> {"appid":"d25af8de489a0ca420f9540aed14013a","pushid":"7e30f1fa-c105-4964-bbc5- 77aac2c0d007","identity":"80505609211004","ostype":"Android","make":"OnePlus","mode l":"GM1901","osversion":"10","appname":"Quick Ride","appversion":"9.42","sdkversion":"2.2.1","cts":200127161512,"lat":null,"lng": null,"adid":"","sessionid":"1580121571980","tx":"1580121912537","eventname":"viewed otheruserprofile","payload":{"userId":"80505609211004"}} --- 200 OK {"status" : "success"}
01-27 16:15:13.096 15461 15770 D b : getData: response code:200
01-27 16:15:13.096 15461 15770 D b : POST: https://pn.netcoresmartech.com/app_activity_ngn -> {"appid":"d25af8de489a0ca420f9540aed14013a","pushid":"7e30f1fa-c105-4964-bbc5- 77aac2c0d007","identity":"80505609211004","ostype":"Android","make":"OnePlus","mode l":"GM1901","osversion":"10","appname":"Quick Ride","appversion":"9.42","sdkversion":"2.2.1","cts":200127161512,"lat":null,"lng": null,"adid":"","sessionid":"1580121571980","tx":"1580121912537","eventname":"viewed otheruserprofile","payload":{"userId":"80505609211004"}} --- 200 OK {"status" : "success"}
01-27 16:15:13.105 15461 15632 I WM-WorkerWrapper: Worker result SUCCESS for Work [ id=bc8b8647-4887-4de2-9f3b-4554b7de86a8, tags={ in.netcore.smartechfcm.workmanager.SlaveNetworkWorker } ]
01-27 16:15:13.105 15461 15632 I WM-WorkerWrapper: Worker result SUCCESS for Work [ id=bc8b8647-4887-4de2-9f3b-4554b7de86a8, tags={ in.netcore.smartechfcm.workmanager.SlaveNetworkWorker } ]
01-27 16:15:13.115 15461 15461 I com.disha.quickride.androidapp.usermgmt.profile.ProfileDisplayBaseFragment: getting user profile for profile display activity
01-27 16:15:13.115 15461 15478 D DecorView: onWindowFocusChangedFromViewRoot hasFocus: true, DecorView@5c082bb[ProfileDisplayFragmentActivity]
01-27 16:15:13.115 15461 15461 I com.disha.quickride.androidapp.usermgmt.profile.ProfileDisplayBaseFragment: Displaying profession details
01-27 16:15:13.115 15461 15461 I com.disha.quickride.androidapp.usermgmt.profile.ProfileDisplayBaseFragment: getting user profile for profile display activity
01-27 16:15:13.115 15461 15478 D DecorView: onWindowFocusChangedFromViewRoot hasFocus: true, DecorView@5c082bb[ProfileDisplayFragmentActivity]
01-27 16:15:13.115 15461 15461 I com.disha.quickride.androidapp.usermgmt.profile.ProfileDisplayBaseFragment: Displaying profession details
01-27 16:15:13.117 15461 15461 I com.disha.quickride.androidapp.usermgmt.profile.ProfileDisplayFragment: displaying of verification status
01-27 16:15:13.117 15461 15461 I com.disha.quickride.androidapp.usermgmt.profile.ProfileDisplayFragment: displaying of verification status
01-27 16:15:13.118 15461 15461 I com.disha.quickride.androidapp.usermgmt.profile.ProfileDisplayFragment: Displaying of total rides count
01-27 16:15:13.118 15461 15461 I com.disha.quickride.androidapp.usermgmt.profile.ProfileDisplayFragment: Displaying of total rides count
01-27 16:15:13.118 15461 15461 I com.disha.quickride.androidapp.usermgmt.profile.ProfileDisplayFragment: Displaying of user rating
01-27 16:15:13.118 15461 15461 I com.disha.quickride.androidapp.usermgmt.profile.ProfileDisplayFragment: Displaying of user rating
01-27 16:15:13.118 15461 15461 I com.disha.quickride.androidapp.usermgmt.profile.ProfileDisplayFragment: Displaying of user onTime
01-27 16:15:13.118 15461 15461 I com.disha.quickride.androidapp.usermgmt.profile.ProfileDisplayFragment: Displaying of user onTime
01-27 16:15:13.119 15461 15461 I com.disha.quickride.androidapp.usermgmt.profile.ProfileDisplayFragment: Displaying social networks if configured
01-27 16:15:13.119 15461 15461 I com.disha.quickride.androidapp.usermgmt.profile.ProfileDisplayFragment: Displaying social networks if configured
01-27 16:15:13.120 15461 15461 I com.disha.quickride.androidapp.usermgmt.profile.ProfileDisplayFragment: retrieving of user image data for displaying in profile
