01-27 16:12:04.693 15461 17096 I AppsFlyer_4.9.0: data: {"country":"","af_timestamp":"1580121724160","appsflyerKey":"s********************m ","af_events_api":"1","isFirstCall":"false","registeredUninstall":true,"operator":" airtel","network":"MOBILE","af_v2":"056c92ce7a65bb2e73160f60fe3f80bd7ed90235","uid" :"1580121578867- 3762180197533250658","eventValue":"{\"preferredRole\":\"RideTaker\"}","isGaidWithGp s":"true","lang_code":"en","installDate":"2020-01- 27_103818+0000","app_version_code":"392","firstLaunchDate":"2020-01- 27_103941+0000","ivc":false,"eventName":"UserSelectedRole","model":"GM1901","lang": "English","brand":"OnePlus","deviceType":"user","product":"OnePlus7","deviceData": {"cpu_abi":"arm64-v8a","build_display_id":"GM1901_14_191007","dim": {"size":"2","ydp":"409.903","xdp":"403.411","y_px":"2134","x_px":"1080","d_dpi":"42 0"},"arch":"","cpu_abi2":""},"installer_package":"com.android.vending","date2":"202 0-01-27_103818+0000","counter":"5","date1":"2020-01- 27_103818+0000","advertiserId":"faffb339-3913-4b71-a9e8- 48eaac69539f","advertiserIdEnabled":"true","referrer":"utm_source=(not %20set)&utm_medium=(not %20set)","af_v":"2d71ba193160043a74171b4637cd0fe7e1bd5b3d","carrier":"airtel","af_p reinstalled":"false","iaecounter":"8","tokenRefreshConfigured":false,"af_gcm_token" :"eguMVjeN_q0:APA91bGCu6T_3PfNJncyQzww1FvV08zhdoJjCGXzznTp9j_tUNXOcDg_-- kv1gul2gmReQmo1AG1QxQvRhC9stl0GmJIaXtw2oMYaAVennaacfYVjZag2MxrV6AO90ETnL02B2b4FFVC" ,"sdk":"29","fb":"d97bfaf6-0352-4a71-bae0- 9aa184401bdb","app_version_name":"9.42","device":"OnePlus7","prev_event":"{\"prev_e vent_timestamp\":\"1580121724195\",\"prev_event_value\":\"{\\\"isFromDrawer\\\":fal se,\\\"organizationName\\\":null,\\\"organizationEmail\\\":null}\",\"prev_event_nam e\":\"UserProfessionDetails\"}","kef4d61":"f77e056f91b963e748181c180c531a0d5918180d 5a1f1e","platformextension":"android_native","cksm_v1":"ef7032526d30765b4f018c1247f 5ff5d45"}
01-27 16:12:04.696 15461 17095 I AppsFlyer_4.9.0: IMEI was not collected.
01-27 16:12:04.697 15461 17095 I AppsFlyer_4.9.0: Android ID was not collected.
01-27 16:12:04.696 15461 17095 I AppsFlyer_4.9.0: IMEI was not collected.
01-27 16:12:04.697 15461 17095 I AppsFlyer_4.9.0: Android ID was not collected.
01-27 16:12:04.700 15461 17095 I AppsFlyer_4.9.0: AppsFlyer: first launch date: 2020-01-27_103941+0000
01-27 16:12:04.700 15461 17095 D AppsFlyer_4.9.0: didConfigureTokenRefreshService=false
01-27 16:12:04.702 15461 17095 I AppsFlyer_4.9.0: AppsFlyerLib.sendTrackingWithEvent
01-27 16:12:04.700 15461 17095 I AppsFlyer_4.9.0: AppsFlyer: first launch date: 2020-01-27_103941+0000
01-27 16:12:04.700 15461 17095 D AppsFlyer_4.9.0: didConfigureTokenRefreshService=false
01-27 16:12:04.702 15461 17095 I AppsFlyer_4.9.0: AppsFlyerLib.sendTrackingWithEvent
01-27 16:12:04.706 15461 17095 I AppsFlyer_4.9.0: url: https://events.appsflyer.com/api/v4/androidevent? buildnumber=4.9.0&app_id=com.disha.quickride
01-27 16:12:04.706 15461 17095 I AppsFlyer_4.9.0: url: https://events.appsflyer.com/api/v4/androidevent? buildnumber=4.9.0&app_id=com.disha.quickride
01-27 16:12:04.706 15461 17095 I AppsFlyer_4.9.0: data: {"country":"","af_timestamp":"1580121724152","appsflyerKey":"s********************m ","af_events_api":"1","isFirstCall":"false","registeredUninstall":true,"operator":" airtel","network":"MOBILE","af_v2":"48259838992795e60e298972a91ba6166208a7f6","uid" :"1580121578867- 3762180197533250658","eventValue":"{\"isFromDrawer\":false,\"organizationName\":nul l,\"organizationEmail\":null}","isGaidWithGps":"true","lang_code":"en","installDate ":"2020-01-27_103818+0000","app_version_code":"392","firstLaunchDate":"2020-01- 27_103941+0000","ivc":false,"eventName":"UserProfessionDetails","model":"GM1901","l ang":"English","brand":"OnePlus","deviceType":"user","product":"OnePlus7","deviceDa ta":{"cpu_abi":"arm64-v8a","build_display_id":"GM1901_14_191007","dim": {"size":"2","ydp":"409.903","xdp":"403.411","y_px":"2134","x_px":"1080","d_dpi":"42 0"},"arch":"","cpu_abi2":""},"installer_package":"com.android.vending","date2":"202 0-01-27_103818+0000","counter":"5","date1":"2020-01- 27_103818+0000","advertiserId":"faffb339-3913-4b71-a9e8- 48eaac69539f","advertiserIdEnabled":"true","kef4f62":"d91e10d472f2301748181c180c531 a0d5918180d5a1f1e","referrer":"utm_source=(not%20set)&utm_medium=(not %20set)","af_v":"2903c0c7faccb1da9917992353d7db2c09963ce6","carrier":"airtel","af_p reinstalled":"false","iaecounter":"9","tokenRefreshConfigured":false,"af_gcm_token" :"eguMVjeN_q0:APA91bGCu6T_3PfNJncyQzww1FvV08zhdoJjCGXzznTp9j_tUNXOcDg_-- kv1gul2gmReQmo1AG1QxQvRhC9stl0GmJIaXtw2oMYaAVennaacfYVjZag2MxrV6AO90ETnL02B2b4FFVC" ,"sdk":"29","fb":"d97bfaf6-0352-4a71-bae0- 9aa184401bdb","app_version_name":"9.42","device":"OnePlus7","prev_event":"{\"prev_e vent_timestamp\":\"1580121687038\",\"prev_event_value\":\"{\\\"primaryRegion\\\":nu ll,\\\"gender\\\":\\\"M\\\",\\\"phone\\\":8586003883,\\\"name\\\":\\\"Yash Ahuja\\\",\\\"refferalcode\\\":\\\"CFOA77\\\",\\\"email\\\":\\\"ahuja.yash24@gmail. com\\\"}\",\"prev_event_name\":\"UserSignedUp\"}","platformextension":"android_nati ve","cksm_v1":"e3db22827f4df3acaf977db828a8cf0e90"}
01-27 16:12:04.706 15461 17095 I AppsFlyer_4.9.0: data: {"country":"","af_timestamp":"1580121724152","appsflyerKey":"s********************m ","af_events_api":"1","isFirstCall":"false","registeredUninstall":true,"operator":" airtel","network":"MOBILE","af_v2":"48259838992795e60e298972a91ba6166208a7f6","uid" :"1580121578867- 3762180197533250658","eventValue":"{\"isFromDrawer\":false,\"organizationName\":nul l,\"organizationEmail\":null}","isGaidWithGps":"true","lang_code":"en","installDate ":"2020-01-27_103818+0000","app_version_code":"392","firstLaunchDate":"2020-01- 27_103941+0000","ivc":false,"eventName":"UserProfessionDetails","model":"GM1901","l ang":"English","brand":"OnePlus","deviceType":"user","product":"OnePlus7","deviceDa ta":{"cpu_abi":"arm64-v8a","build_display_id":"GM1901_14_191007","dim": {"size":"2","ydp":"409.903","xdp":"403.411","y_px":"2134","x_px":"1080","d_dpi":"42 0"},"arch":"","cpu_abi2":""},"installer_package":"com.android.vending","date2":"202 0-01-27_103818+0000","counter":"5","date1":"2020-01- 27_103818+0000","advertiserId":"faffb339-3913-4b71-a9e8- 48eaac69539f","advertiserIdEnabled":"true","kef4f62":"d91e10d472f2301748181c180c531 a0d5918180d5a1f1e","referrer":"utm_source=(not%20set)&utm_medium=(not %20set)","af_v":"2903c0c7faccb1da9917992353d7db2c09963ce6","carrier":"airtel","af_p reinstalled":"false","iaecounter":"9","tokenRefreshConfigured":false,"af_gcm_token" :"eguMVjeN_q0:APA91bGCu6T_3PfNJncyQzww1FvV08zhdoJjCGXzznTp9j_tUNXOcDg_-- kv1gul2gmReQmo1AG1QxQvRhC9stl0GmJIaXtw2oMYaAVennaacfYVjZag2MxrV6AO90ETnL02B2b4FFVC" ,"sdk":"29","fb":"d97bfaf6-0352-4a71-bae0- 9aa184401bdb","app_version_name":"9.42","device":"OnePlus7","prev_event":"{\"prev_e vent_timestamp\":\"1580121687038\",\"prev_event_value\":\"{\\\"primaryRegion\\\":nu ll,\\\"gender\\\":\\\"M\\\",\\\"phone\\\":8586003883,\\\"name\\\":\\\"Yash Ahuja\\\",\\\"refferalcode\\\":\\\"CFOA77\\\",\\\"email\\\":\\\"ahuja.yash24@gmail. com\\\"}\",\"prev_event_name\":\"UserSignedUp\"}","platformextension":"android_nati ve","cksm_v1":"e3db22827f4df3acaf977db828a8cf0e90"}
01-27 16:12:04.821 15461 15769 D b : getData: response code:200
01-27 16:12:04.821 15461 15769 D b : POST: https://pn.netcoresmartech.com/profilePush -> {"appid":"d25af8de489a0ca420f9540aed14013a","pushid":"7e30f1fa-c105-4964-bbc5- 77aac2c0d007","adid":"","identity":"80505609211004","profileDetails":{"COMPANY_NAME ":"null"}} --- 200 OK {"status" : "success"}
01-27 16:12:04.821 15461 15768 D b : getData: response code:200
01-27 16:12:04.821 15461 15769 D b : getData: response code:200
01-27 16:12:04.821 15461 15769 D b : POST: https://pn.netcoresmartech.com/profilePush -> {"appid":"d25af8de489a0ca420f9540aed14013a","pushid":"7e30f1fa-c105-4964-bbc5- 77aac2c0d007","adid":"","identity":"80505609211004","profileDetails":{"COMPANY_NAME ":"null"}} --- 200 OK {"status" : "success"}
01-27 16:12:04.821 15461 15768 D b : getData: response code:200
01-27 16:12:04.821 15461 15768 D b : POST: https://pn.netcoresmartech.com/app_activity_ngn -> {"appid":"d25af8de489a0ca420f9540aed14013a","pushid":"7e30f1fa-c105-4964-bbc5- 77aac2c0d007","identity":"80505609211004","ostype":"Android","make":"OnePlus","mode l":"GM1901","osversion":"10","appname":"Quick Ride","appversion":"9.42","sdkversion":"2.2.1","cts":200127161203,"lat":null,"lng": null,"adid":"","sessionid":"1580121571980","tx":"1580121723966","eventname":"userse lectedrole","payload":{"preferredRole":"RideTaker"}} --- 200 OK {"status" : "success"}
01-27 16:12:04.821 15461 15768 D b : POST: https://pn.netcoresmartech.com/app_activity_ngn -> {"appid":"d25af8de489a0ca420f9540aed14013a","pushid":"7e30f1fa-c105-4964-bbc5- 77aac2c0d007","identity":"80505609211004","ostype":"Android","make":"OnePlus","mode l":"GM1901","osversion":"10","appname":"Quick Ride","appversion":"9.42","sdkversion":"2.2.1","cts":200127161203,"lat":null,"lng": null,"adid":"","sessionid":"1580121571980","tx":"1580121723966","eventname":"userse lectedrole","payload":{"preferredRole":"RideTaker"}} --- 200 OK {"status" : "success"}
01-27 16:12:04.825 15461 15770 D b : getData: response code:200
01-27 16:12:04.825 15461 15770 D b : POST: https://pn.netcoresmartech.com/app_activity_ngn -> {"appid":"d25af8de489a0ca420f9540aed14013a","pushid":"7e30f1fa-c105-4964-bbc5- 77aac2c0d007","identity":"80505609211004","ostype":"Android","make":"OnePlus","mode l":"GM1901","osversion":"10","appname":"Quick Ride","appversion":"9.42","sdkversion":"2.2.1","cts":200127161203,"lat":null,"lng": null,"adid":"","sessionid":"1580121571980","tx":"1580121723963","eventname":"userpr ofessiondetails","payload":{"isFromDrawer":"false"}} --- 200 OK {"status" : "success"}
01-27 16:12:04.825 15461 15770 D b : getData: response code:200
01-27 16:12:04.825 15461 15770 D b : POST: https://pn.netcoresmartech.com/app_activity_ngn -> {"appid":"d25af8de489a0ca420f9540aed14013a","pushid":"7e30f1fa-c105-4964-bbc5- 77aac2c0d007","identity":"80505609211004","ostype":"Android","make":"OnePlus","mode l":"GM1901","osversion":"10","appname":"Quick Ride","appversion":"9.42","sdkversion":"2.2.1","cts":200127161203,"lat":null,"lng": null,"adid":"","sessionid":"1580121571980","tx":"1580121723963","eventname":"userpr ofessiondetails","payload":{"isFromDrawer":"false"}} --- 200 OK {"status" : "success"}
01-27 16:12:04.830 15461 15502 I WM-WorkerWrapper: Worker result SUCCESS for Work [ id=c3676b85-4b97-4470-99e5-2f57056d1152, tags={ in.netcore.smartechfcm.workmanager.SlaveNetworkWorker } ]
01-27 16:12:04.830 15461 15502 I WM-WorkerWrapper: Worker result SUCCESS for Work [ id=c3676b85-4b97-4470-99e5-2f57056d1152, tags={ in.netcore.smartechfcm.workmanager.SlaveNetworkWorker } ]
01-27 16:12:04.941 15461 15502 I WM-WorkerWrapper: Worker result SUCCESS for Work [ id=f92f4e47-918e-443d-9ed7-f433e5280d6d, tags={ in.netcore.smartechfcm.workmanager.SlaveNetworkWorker } ]
01-27 16:12:04.941 15461 15502 I WM-WorkerWrapper: Worker result SUCCESS for Work [ id=f92f4e47-918e-443d-9ed7-f433e5280d6d, tags={ in.netcore.smartechfcm.workmanager.SlaveNetworkWorker } ]
01-27 16:12:04.966 15461 15502 I WM-WorkerWrapper: Worker result SUCCESS for Work [ id=6aaf19cc-6990-4db8-ab1d-3f8efa2f7afc, tags={ in.netcore.smartechfcm.workmanager.SlaveNetworkWorker } ]
01-27 16:12:04.966 15461 15502 I WM-WorkerWrapper: Worker result SUCCESS for Work [ id=6aaf19cc-6990-4db8-ab1d-3f8efa2f7afc, tags={ in.netcore.smartechfcm.workmanager.SlaveNetworkWorker } ]
01-27 16:12:05.335 15461 17095 I AppsFlyer_4.9.0: response code: 200
01-27 16:12:05.335 15461 17095 I AppsFlyer_4.9.0: response code: 200
01-27 16:12:05.335 15461 17095 D AppsFlyer_4.9.0: Uninstall Token exists: 1580121578861,eguMVjeN_q0:APA91bGCu6T_3PfNJncyQzww1FvV08zhdoJjCGXzznTp9j_tUNXOcDg_- -kv1gul2gmReQmo1AG1QxQvRhC9stl0GmJIaXtw2oMYaAVennaacfYVjZag2MxrV6AO90ETnL02B2b4FFVC
01-27 16:12:05.335 15461 17095 D AppsFlyer_4.9.0: Uninstall Token exists: 1580121578861,eguMVjeN_q0:APA91bGCu6T_3PfNJncyQzww1FvV08zhdoJjCGXzznTp9j_tUNXOcDg_- -kv1gul2gmReQmo1AG1QxQvRhC9stl0GmJIaXtw2oMYaAVennaacfYVjZag2MxrV6AO90ETnL02B2b4FFVC
01-27 16:12:05.338 15461 17096 I AppsFlyer_4.9.0: response code: 200
01-27 16:12:05.338 15461 17096 I AppsFlyer_4.9.0: response code: 200
01-27 16:12:05.338 15461 17096 D AppsFlyer_4.9.0: Uninstall Token exists: 1580121578861,eguMVjeN_q0:APA91bGCu6T_3PfNJncyQzww1FvV08zhdoJjCGXzznTp9j_tUNXOcDg_- -kv1gul2gmReQmo1AG1QxQvRhC9stl0GmJIaXtw2oMYaAVennaacfYVjZag2MxrV6AO90ETnL02B2b4FFVC
01-27 16:12:05.338 15461 17096 D AppsFlyer_4.9.0: Uninstall Token exists: 1580121578861,eguMVjeN_q0:APA91bGCu6T_3PfNJncyQzww1FvV08zhdoJjCGXzznTp9j_tUNXOcDg_- -kv1gul2gmReQmo1AG1QxQvRhC9stl0GmJIaXtw2oMYaAVennaacfYVjZag2MxrV6AO90ETnL02B2b4FFVC
01-27 16:12:08.675 15461 15461 E SensorManager: unregisterListenerImpl callingApp: com.disha.quickride,callingPid:15461,callingUid:10450
01-27 16:12:08.675 15461 15461 E SensorManager: unregisterListenerImpl callingApp: com.disha.quickride,callingPid:15461,callingUid:10450
01-27 16:12:08.685 15461 15461 W ActivityThread: handleWindowVisibility: no activity for token android.os.BinderProxy@205b312
01-27 16:12:08.685 15461 15461 W ActivityThread: handleWindowVisibility: no activity for token android.os.BinderProxy@205b312
01-27 16:12:08.688 15461 15461 D com.disha.quickride.androidapp.usermgmt.onboardflow.OnBoardingRideCreationActivity: On create of OnBoardingRideCreationActivity
01-27 16:12:08.688 15461 15461 D com.disha.quickride.androidapp.usermgmt.onboardflow.OnBoardingRideCreationActivity: On create of OnBoardingRideCreationActivity
01-27 16:12:08.734 15461 15461 E SensorManager: registerListenerImpl sensorName:lsm6dsm Accelerometer Non-wakeup,isWakeUpSensor:false,callingApp: com.disha.quickride,callingPid:15461,callingUid:10450
01-27 16:12:08.734 15461 15461 E SensorManager: registerListenerImpl sensorName:lsm6dsm Accelerometer Non-wakeup,isWakeUpSensor:false,callingApp: com.disha.quickride,callingPid:15461,callingUid:10450
01-27 16:12:08.740 15461 15461 V ViewRootImpl: The specified message queue synchronization barrier token has not been posted or has already been removed
01-27 16:12:08.740 15461 15461 V ViewRootImpl: The specified message queue synchronization barrier token has not been posted or has already been removed
01-27 16:12:08.755 15461 15489 D DecorView: onWindowFocusChangedFromViewRoot hasFocus: true, DecorView@154b90b[OnBoardingRideCreationActivity]
01-27 16:12:08.755 15461 15489 D DecorView: onWindowFocusChangedFromViewRoot hasFocus: true, DecorView@154b90b[OnBoardingRideCreationActivity]
01-27 16:12:08.773 15461 15461 W Choreographer: Already have a pending vsync event. There should only be one at a time.
01-27 16:12:08.773 15461 15461 W Choreographer: Already have a pending vsync event. There should only be one at a time.
01-27 16:12:08.928 15461 15461 D OnePlusJankManager: Chor uploadMDM JANK_TYPE_ONCE mViewTitle = com.disha.quickride/com.disha.quickride.androidapp.usermgmt.onboardflow.OnBoardingR ideCreationActivity--- jank level = 1
01-27 16:12:08.928 15461 15461 D OnePlusJankManager: Chor uploadMDM JANK_TYPE_ONCE mViewTitle = com.disha.quickride/com.disha.quickride.androidapp.usermgmt.onboardflow.OnBoardingR ideCreationActivity--- jank level = 1
01-27 16:12:09.856 15461 15461 E SensorManager: unregisterListenerImpl callingApp: com.disha.quickride,callingPid:15461,callingUid:10450
01-27 16:12:09.856 15461 15461 E SensorManager: unregisterListenerImpl callingApp: com.disha.quickride,callingPid:15461,callingUid:10450
01-27 16:12:09.864 15461 15461 W ActivityThread: handleWindowVisibility: no activity for token android.os.BinderProxy@aa219bf
01-27 16:12:09.864 15461 15461 W ActivityThread: handleWindowVisibility: no activity for token android.os.BinderProxy@aa219bf
01-27 16:12:09.869 15461 15461 D com.disha.quickride.androidapp.QuickRideBaseFragmentActivity: Session resumed successfully
01-27 16:12:09.869 15461 15461 D com.disha.quickride.androidapp.QuickRideBaseFragmentActivity: Session resumed successfully
01-27 16:12:09.880 15461 15461 I TextToSpeech: Sucessfully bound to com.google.android.tts
01-27 16:12:09.880 15461 15461 W TextToSpeech: setLanguage failed: not bound to TTS engine
01-27 16:12:09.880 15461 15461 I TextToSpeech: Sucessfully bound to com.google.android.tts
01-27 16:12:09.880 15461 15461 W TextToSpeech: setLanguage failed: not bound to TTS engine
01-27 16:12:09.881 15461 15461 D com.disha.quickride.androidapp.location.LocationSelectionActivity: Creating view after session is initialized
01-27 16:12:09.881 15461 15461 D com.disha.quickride.androidapp.location.LocationSelectionActivity: Creating view after session is initialized
01-27 16:12:09.898 15461 15461 E SensorManager: registerListenerImpl sensorName:lsm6dsm Accelerometer Non-wakeup,isWakeUpSensor:false,callingApp: com.disha.quickride,callingPid:15461,callingUid:10450
01-27 16:12:09.898 15461 15461 E SensorManager: registerListenerImpl sensorName:lsm6dsm Accelerometer Non-wakeup,isWakeUpSensor:false,callingApp: com.disha.quickride,callingPid:15461,callingUid:10450
01-27 16:12:09.905 15461 15461 V ViewRootImpl: The specified message queue synchronization barrier token has not been posted or has already been removed
01-27 16:12:09.905 15461 15461 V ViewRootImpl: The specified message queue synchronization barrier token has not been posted or has already been removed
01-27 16:12:09.920 15461 15489 D DecorView: onWindowFocusChangedFromViewRoot hasFocus: true, DecorView@73d180[LocationSelectionFragmentActivity]
01-27 16:12:09.920 15461 15489 D DecorView: onWindowFocusChangedFromViewRoot hasFocus: true, DecorView@73d180[LocationSelectionFragmentActivity]
01-27 16:12:09.935 15461 15461 W Choreographer: Already have a pending vsync event. There should only be one at a time.
01-27 16:12:09.935 15461 15461 W Choreographer: Already have a pending vsync event. There should only be one at a time.
01-27 16:12:09.937 15461 15461 I TextToSpeech: Connected to ComponentInfo{com.google.android.tts/com.google.android.tts.service.GoogleTTSServic e}
01-27 16:12:09.937 15461 15461 I TextToSpeech: Connected to ComponentInfo{com.google.android.tts/com.google.android.tts.service.GoogleTTSServic e}
01-27 16:12:09.940 15461 17126 I TextToSpeech: Set up connection to ComponentInfo{com.google.android.tts/com.google.android.tts.service.GoogleTTSServic e}
01-27 16:12:09.940 15461 17126 I TextToSpeech: Set up connection to ComponentInfo{com.google.android.tts/com.google.android.tts.service.GoogleTTSServic e}
01-27 16:12:12.159 15461 17139 D com.disha.quickride.androidapp.location.LocationListAdaptor: Searching for ek j
01-27 16:12:12.159 15461 17139 D com.disha.quickride.androidapp.location.LocationListAdaptor: Searching for ek j
01-27 16:12:12.159 15461 17139 D com.disha.quickride.androidapp.location.LocationListAdaptor: Location list adapter handleThroughFallBackMechanism ek j
01-27 16:12:12.159 15461 17139 D com.disha.quickride.androidapp.location.LocationListAdaptor: Location list adapter handleThroughFallBackMechanism ek j
01-27 16:12:12.166 15461 17139 D com.disha.quickride.androidapp.common.AndroidRestClient.AndroidClientLogger: RestClient.callService with httpRequestMethod = GET
01-27 16:12:12.166 15461 17139 D com.disha.quickride.androidapp.common.AndroidRestClient.AndroidClientLogger: RestClient.callService with httpRequestMethod = GET
01-27 16:12:12.459 15461 17139 D com.disha.quickride.androidapp.common.AndroidRestClient.AndroidClientLogger: RestClient.callService response code : 200
01-27 16:12:12.459 15461 17139 D com.disha.quickride.androidapp.common.AndroidRestClient.AndroidClientLogger: RestClient.callService response code : 200
01-27 16:12:12.464 15461 16156 I com.disha.quickride.androidapp.usermgmt.UserContactNoRetrievalAsyncTask: Saving location search results
01-27 16:12:12.464 15461 16156 I com.disha.quickride.androidapp.usermgmt.UserContactNoRetrievalAsyncTask: Saving location search results
01-27 16:12:13.274 15461 17141 E com.disha.quickride.androidapp.location.LocationSelectionActivity: TIme Difference 870
01-27 16:12:13.274 15461 17141 E com.disha.quickride.androidapp.location.LocationSelectionActivity: TIme Difference 870
01-27 16:12:13.274 15461 17141 E com.disha.quickride.androidapp.location.LocationSelectionActivity: TIme Difference Not satisfied
01-27 16:12:13.274 15461 17141 E com.disha.quickride.androidapp.location.LocationSelectionActivity: TIme Difference Not satisfied
01-27 16:12:13.407 15461 17142 E com.disha.quickride.androidapp.location.LocationSelectionActivity: TIme Difference 1002
01-27 16:12:13.407 15461 17142 E com.disha.quickride.androidapp.location.LocationSelectionActivity: TIme Difference 1002
01-27 16:12:13.407 15461 17142 E com.disha.quickride.androidapp.location.LocationSelectionActivity: TIme Difference satisfied
01-27 16:12:13.407 15461 17142 E com.disha.quickride.androidapp.location.LocationSelectionActivity: TIme Difference satisfied
01-27 16:12:13.422 15461 15461 E com.disha.quickride.androidapp.location.LocationSelectionActivity: TIme taken to triggerd15
01-27 16:12:13.422 15461 15461 E com.disha.quickride.androidapp.location.LocationSelectionActivity: TIme taken to triggerd15
01-27 16:12:13.425 15461 17145 D com.disha.quickride.androidapp.location.LocationListAdaptor: Searching for ek jyo
01-27 16:12:13.425 15461 17145 D com.disha.quickride.androidapp.location.LocationListAdaptor: Location list adapter handleThroughFallBackMechanism ek jyo
01-27 16:12:13.425 15461 17145 D com.disha.quickride.androidapp.location.LocationListAdaptor: Searching for ek jyo
01-27 16:12:13.425 15461 17145 D com.disha.quickride.androidapp.location.LocationListAdaptor: Location list adapter handleThroughFallBackMechanism ek jyo
01-27 16:12:13.443 15461 17145 D com.disha.quickride.androidapp.common.AndroidRestClient.AndroidClientLogger: RestClient.callService with httpRequestMethod = GET
01-27 16:12:13.443 15461 17145 D com.disha.quickride.androidapp.common.AndroidRestClient.AndroidClientLogger: RestClient.callService with httpRequestMethod = GET
01-27 16:12:13.707 15461 17145 D com.disha.quickride.androidapp.common.AndroidRestClient.AndroidClientLogger: RestClient.callService response code : 200
01-27 16:12:13.707 15461 17145 D com.disha.quickride.androidapp.common.AndroidRestClient.AndroidClientLogger: RestClient.callService response code : 200
01-27 16:12:13.720 15461 15548 I com.disha.quickride.androidapp.usermgmt.UserContactNoRetrievalAsyncTask: Saving location search results
01-27 16:12:13.720 15461 15548 I com.disha.quickride.androidapp.usermgmt.UserContactNoRetrievalAsyncTask: Saving location search results
01-27 16:12:14.549 15461 15461 V ViewRootImpl: The specified message queue synchronization barrier token has not been posted or has already been removed
01-27 16:12:14.549 15461 15461 V ViewRootImpl: The specified message queue synchronization barrier token has not been posted or has already been removed
01-27 16:12:14.563 15461 15461 D com.disha.quickride.androidapp.location.LocationSelectionActivity: Location selection activity ResultCallback handleThroughFallBackMechanism
01-27 16:12:14.563 15461 15461 D com.disha.quickride.androidapp.location.LocationSelectionActivity: Location selection activity ResultCallback handleThroughFallBackMechanism
01-27 16:12:14.563 15461 15461 D com.disha.quickride.androidapp.location.FindLocationNameForLatLng: getLocationInfoForAddressAsync for Ek-Jyot Apartments, Shyamji Krishna Varma Marg, Saraswati Vihar, Pitampura, Delhi, India
01-27 16:12:14.563 15461 15461 D com.disha.quickride.androidapp.location.FindLocationNameForLatLng: getLocationInfoForAddressAsync for Ek-Jyot Apartments, Shyamji Krishna Varma Marg, Saraswati Vihar, Pitampura, Delhi, India
01-27 16:12:14.589 15461 15894 D DecorView: onWindowFocusChangedFromViewRoot hasFocus: true, DecorView@c23d963[LocationSelectionFragmentActivity]
01-27 16:12:14.589 15461 15894 D DecorView: onWindowFocusChangedFromViewRoot hasFocus: true, DecorView@c23d963[LocationSelectionFragmentActivity]
01-27 16:12:14.592 15461 15461 W Choreographer: Already have a pending vsync event. There should only be one at a time.
01-27 16:12:14.592 15461 15461 W Choreographer: Already have a pending vsync event. There should only be one at a time.
01-27 16:12:15.351 15461 15461 D com.disha.quickride.androidapp.location.LocationSelectionActivity: sendSelectedLocationDetailsToCalledActivity Location [id=0, latitude=28.6987031, longitude=77.13332609999999, address=Ek-Jyot Apartments, Shyamji Krishna Varma Marg, Saraswati Vihar, Pitampura, Delhi, India, name=Ek-Jyot Apartments, placeId=ChIJoW0BptsDDTkR-YoGz-V9090, distanceFromCenterInMtr=3066, offline=false]
01-27 16:12:15.351 15461 15461 D com.disha.quickride.androidapp.location.LocationSelectionActivity: sendSelectedLocationDetailsToCalledActivity Location [id=0, latitude=28.6987031, longitude=77.13332609999999, address=Ek-Jyot Apartments, Shyamji Krishna Varma Marg, Saraswati Vihar, Pitampura, Delhi, India, name=Ek-Jyot Apartments, placeId=ChIJoW0BptsDDTkR-YoGz-V9090, distanceFromCenterInMtr=3066, offline=false]
01-27 16:12:15.372 15461 15894 D DecorView: onWindowFocusChangedFromViewRoot hasFocus: true, DecorView@73d180[LocationSelectionFragmentActivity]
01-27 16:12:15.372 15461 15894 D DecorView: onWindowFocusChangedFromViewRoot hasFocus: true, DecorView@73d180[LocationSelectionFragmentActivity]
01-27 16:12:15.383 15461 15461 D TAG : Finish
01-27 16:12:15.383 15461 15461 D TAG : Finish
01-27 16:12:15.402 15461 15461 E SensorManager: unregisterListenerImpl callingApp: com.disha.quickride,callingPid:15461,callingUid:10450
01-27 16:12:15.402 15461 15461 E SensorManager: unregisterListenerImpl callingApp: com.disha.quickride,callingPid:15461,callingUid:10450
01-27 16:12:15.421 15461 15461 D com.disha.quickride.androidapp.usermgmt.onboardflow.OnBoardingRideCreationActivity: Result from location selection this - Selected location : [Location [id=0, latitude=28.6987031, longitude=77.13332609999999, address=Ek-Jyot Apartments, Shyamji Krishna Varma Marg, Saraswati Vihar, Pitampura, Delhi, India, name=Ek-Jyot Apartments, placeId=ChIJoW0BptsDDTkR-YoGz-V9090, distanceFromCenterInMtr=3066, offline=false]]
01-27 16:12:15.423 15461 15461 D com.disha.quickride.androidapp.location.FindLocationNameForLatLng: getLocationInfoForLatLngAsync for 28.6987031, 77.13332609999999
01-27 16:12:15.421 15461 15461 D com.disha.quickride.androidapp.usermgmt.onboardflow.OnBoardingRideCreationActivity: Result from location selection this - Selected location : [Location [id=0, latitude=28.6987031, longitude=77.13332609999999, address=Ek-Jyot Apartments, Shyamji Krishna Varma Marg, Saraswati Vihar, Pitampura, Delhi, India, name=Ek-Jyot Apartments, placeId=ChIJoW0BptsDDTkR-YoGz-V9090, distanceFromCenterInMtr=3066, offline=false]]
01-27 16:12:15.423 15461 15461 D com.disha.quickride.androidapp.location.FindLocationNameForLatLng: getLocationInfoForLatLngAsync for 28.6987031, 77.13332609999999
01-27 16:12:15.428 15461 15461 E SensorManager: registerListenerImpl sensorName:lsm6dsm Accelerometer Non-wakeup,isWakeUpSensor:false,callingApp: com.disha.quickride,callingPid:15461,callingUid:10450
01-27 16:12:15.428 15461 15461 E SensorManager: registerListenerImpl sensorName:lsm6dsm Accelerometer Non-wakeup,isWakeUpSensor:false,callingApp: com.disha.quickride,callingPid:15461,callingUid:10450
01-27 16:12:15.440 15461 15894 D DecorView: onWindowFocusChangedFromViewRoot hasFocus: true, DecorView@154b90b[OnBoardingRideCreationActivity]
01-27 16:12:15.440 15461 15894 D DecorView: onWindowFocusChangedFromViewRoot hasFocus: true, DecorView@154b90b[OnBoardingRideCreationActivity]
01-27 16:12:15.590 15461 16575 D com.disha.quickride.androidapp.common.AndroidRestClient.AndroidClientLogger: RestClient.callService with httpRequestMethod = PUT
01-27 16:12:15.590 15461 16575 D com.disha.quickride.androidapp.common.AndroidRestClient.AndroidClientLogger: RestClient.callService with httpRequestMethod = PUT
01-27 16:12:15.699 15461 16575 D com.disha.quickride.androidapp.common.AndroidRestClient.AndroidClientLogger: RestClient.callService response code : 200
01-27 16:12:15.699 15461 16575 D com.disha.quickride.androidapp.common.AndroidRestClient.AndroidClientLogger: RestClient.callService response code : 200
01-27 16:12:16.182 15461 15461 E SensorManager: unregisterListenerImpl callingApp: com.disha.quickride,callingPid:15461,callingUid:10450
01-27 16:12:16.182 15461 15461 E SensorManager: unregisterListenerImpl callingApp: com.disha.quickride,callingPid:15461,callingUid:10450
01-27 16:12:16.189 15461 15461 W ActivityThread: handleWindowVisibility: no activity for token android.os.BinderProxy@7072d0c
01-27 16:12:16.189 15461 15461 W ActivityThread: handleWindowVisibility: no activity for token android.os.BinderProxy@7072d0c
01-27 16:12:16.192 15461 15461 D com.disha.quickride.androidapp.QuickRideBaseFragmentActivity: Session resumed successfully
01-27 16:12:16.192 15461 15461 D com.disha.quickride.androidapp.QuickRideBaseFragmentActivity: Session resumed successfully
01-27 16:12:16.201 15461 15461 I TextToSpeech: Sucessfully bound to com.google.android.tts
01-27 16:12:16.201 15461 15461 W TextToSpeech: setLanguage failed: not bound to TTS engine
01-27 16:12:16.201 15461 15461 I TextToSpeech: Sucessfully bound to com.google.android.tts
01-27 16:12:16.201 15461 15461 W TextToSpeech: setLanguage failed: not bound to TTS engine
01-27 16:12:16.203 15461 15461 D com.disha.quickride.androidapp.location.LocationSelectionActivity: Creating view after session is initialized
01-27 16:12:16.203 15461 15461 D com.disha.quickride.androidapp.location.LocationSelectionActivity: Creating view after session is initialized
01-27 16:12:16.212 15461 15461 E SensorManager: registerListenerImpl sensorName:lsm6dsm Accelerometer Non-wakeup,isWakeUpSensor:false,callingApp: com.disha.quickride,callingPid:15461,callingUid:10450
01-27 16:12:16.212 15461 15461 E SensorManager: registerListenerImpl sensorName:lsm6dsm Accelerometer Non-wakeup,isWakeUpSensor:false,callingApp: com.disha.quickride,callingPid:15461,callingUid:10450
01-27 16:12:16.222 15461 15461 V ViewRootImpl: The specified message queue synchronization barrier token has not been posted or has already been removed
01-27 16:12:16.222 15461 15461 V ViewRootImpl: The specified message queue synchronization barrier token has not been posted or has already been removed
01-27 16:12:16.235 15461 15489 D DecorView: onWindowFocusChangedFromViewRoot hasFocus: true, DecorView@ade9015[LocationSelectionFragmentActivity]
01-27 16:12:16.235 15461 15489 D DecorView: onWindowFocusChangedFromViewRoot hasFocus: true, DecorView@ade9015[LocationSelectionFragmentActivity]
01-27 16:12:16.247 15461 15461 I TextToSpeech: Connected to ComponentInfo{com.google.android.tts/com.google.android.tts.service.GoogleTTSServic e}
01-27 16:12:16.247 15461 15461 I TextToSpeech: Connected to ComponentInfo{com.google.android.tts/com.google.android.tts.service.GoogleTTSServic e}
01-27 16:12:16.250 15461 17126 I TextToSpeech: Set up connection to ComponentInfo{com.google.android.tts/com.google.android.tts.service.GoogleTTSServic e}
01-27 16:12:16.250 15461 17126 I TextToSpeech: Set up connection to ComponentInfo{com.google.android.tts/com.google.android.tts.service.GoogleTTSServic e}
01-27 16:12:19.655 15461 17160 D com.disha.quickride.androidapp.location.LocationListAdaptor: Searching for gree
01-27 16:12:19.655 15461 17160 D com.disha.quickride.androidapp.location.LocationListAdaptor: Searching for gree
01-27 16:12:19.655 15461 17160 D com.disha.quickride.androidapp.location.LocationListAdaptor: Location list adapter handleThroughFallBackMechanism gree
01-27 16:12:19.655 15461 17160 D com.disha.quickride.androidapp.location.LocationListAdaptor: Location list adapter handleThroughFallBackMechanism gree
01-27 16:12:19.658 15461 17160 D com.disha.quickride.androidapp.common.AndroidRestClient.AndroidClientLogger: RestClient.callService with httpRequestMethod = GET
01-27 16:12:19.658 15461 17160 D com.disha.quickride.androidapp.common.AndroidRestClient.AndroidClientLogger: RestClient.callService with httpRequestMethod = GET
01-27 16:12:19.783 15461 17160 D com.disha.quickride.androidapp.common.AndroidRestClient.AndroidClientLogger: RestClient.callService response code : 200
01-27 16:12:19.783 15461 17160 D com.disha.quickride.androidapp.common.AndroidRestClient.AndroidClientLogger: RestClient.callService response code : 200
01-27 16:12:19.787 15461 16911 I com.disha.quickride.androidapp.usermgmt.UserContactNoRetrievalAsyncTask: Saving location search results
01-27 16:12:19.787 15461 16911 I com.disha.quickride.androidapp.usermgmt.UserContactNoRetrievalAsyncTask: Saving location search results
01-27 16:12:20.703 15461 17162 E com.disha.quickride.androidapp.location.LocationSelectionActivity: TIme Difference 432
01-27 16:12:20.703 15461 17162 E com.disha.quickride.androidapp.location.LocationSelectionActivity: TIme Difference 432
01-27 16:12:20.703 15461 17162 E com.disha.quickride.androidapp.location.LocationSelectionActivity: TIme Difference Not satisfied
01-27 16:12:20.703 15461 17162 E com.disha.quickride.androidapp.location.LocationSelectionActivity: TIme Difference Not satisfied
01-27 16:12:20.935 15461 17163 E com.disha.quickride.androidapp.location.LocationSelectionActivity: TIme Difference 665
01-27 16:12:20.935 15461 17163 E com.disha.quickride.androidapp.location.LocationSelectionActivity: TIme Difference 665
01-27 16:12:20.935 15461 17163 E com.disha.quickride.androidapp.location.LocationSelectionActivity: TIme Difference Not satisfied
01-27 16:12:20.935 15461 17163 E com.disha.quickride.androidapp.location.LocationSelectionActivity: TIme Difference Not satisfied
01-27 16:12:21.143 15461 17164 E com.disha.quickride.androidapp.location.LocationSelectionActivity: TIme Difference 873
01-27 16:12:21.143 15461 17164 E com.disha.quickride.androidapp.location.LocationSelectionActivity: TIme Difference 873
01-27 16:12:21.143 15461 17164 E com.disha.quickride.androidapp.location.LocationSelectionActivity: TIme Difference Not satisfied
01-27 16:12:21.143 15461 17164 E com.disha.quickride.androidapp.location.LocationSelectionActivity: TIme Difference Not satisfied
01-27 16:12:21.272 15461 17165 E com.disha.quickride.androidapp.location.LocationSelectionActivity: TIme Difference 1002
01-27 16:12:21.272 15461 17165 E com.disha.quickride.androidapp.location.LocationSelectionActivity: TIme Difference 1002
01-27 16:12:21.272 15461 17165 E com.disha.quickride.androidapp.location.LocationSelectionActivity: TIme Difference satisfied
01-27 16:12:21.272 15461 17165 E com.disha.quickride.androidapp.location.LocationSelectionActivity: TIme Difference satisfied
01-27 16:12:21.273 15461 15461 E com.disha.quickride.androidapp.location.LocationSelectionActivity: TIme taken to triggerd1
01-27 16:12:21.273 15461 15461 E com.disha.quickride.androidapp.location.LocationSelectionActivity: TIme taken to triggerd1
01-27 16:12:21.274 15461 17167 D com.disha.quickride.androidapp.location.LocationListAdaptor: Searching for green pa
01-27 16:12:21.274 15461 17167 D com.disha.quickride.androidapp.location.LocationListAdaptor: Searching for green pa
01-27 16:12:21.274 15461 17167 D com.disha.quickride.androidapp.location.LocationListAdaptor: Location list adapter handleThroughFallBackMechanism green pa
01-27 16:12:21.274 15461 17167 D com.disha.quickride.androidapp.location.LocationListAdaptor: Location list adapter handleThroughFallBackMechanism green pa
01-27 16:12:21.279 15461 17167 D com.disha.quickride.androidapp.common.AndroidRestClient.AndroidClientLogger: RestClient.callService with httpRequestMethod = GET
01-27 16:12:21.279 15461 17167 D com.disha.quickride.androidapp.common.AndroidRestClient.AndroidClientLogger: RestClient.callService with httpRequestMethod = GET
01-27 16:12:21.412 15461 17167 D com.disha.quickride.androidapp.common.AndroidRestClient.AndroidClientLogger: RestClient.callService response code : 200
01-27 16:12:21.412 15461 17167 D com.disha.quickride.androidapp.common.AndroidRestClient.AndroidClientLogger: RestClient.callService response code : 200
01-27 16:12:21.422 15461 15600 I com.disha.quickride.androidapp.usermgmt.UserContactNoRetrievalAsyncTask: Saving location search results
01-27 16:12:21.422 15461 15600 I com.disha.quickride.androidapp.usermgmt.UserContactNoRetrievalAsyncTask: Saving location search results
01-27 16:12:21.601 15461 15461 V ViewRootImpl: The specified message queue synchronization barrier token has not been posted or has already been removed
01-27 16:12:21.601 15461 15461 V ViewRootImpl: The specified message queue synchronization barrier token has not been posted or has already been removed
01-27 16:12:21.617 15461 15461 D com.disha.quickride.androidapp.location.LocationSelectionActivity: Location selection activity ResultCallback handleThroughFallBackMechanism
01-27 16:12:21.617 15461 15461 D com.disha.quickride.androidapp.location.FindLocationNameForLatLng: getLocationInfoForAddressAsync for Green Park Metro Station, Sri Aurobindo Marg, Block A, Green Park, New Delhi, Delhi, India
01-27 16:12:21.617 15461 15461 D com.disha.quickride.androidapp.location.LocationSelectionActivity: Location selection activity ResultCallback handleThroughFallBackMechanism
01-27 16:12:21.617 15461 15461 D com.disha.quickride.androidapp.location.FindLocationNameForLatLng: getLocationInfoForAddressAsync for Green Park Metro Station, Sri Aurobindo Marg, Block A, Green Park, New Delhi, Delhi, India
01-27 16:12:21.636 15461 15489 D DecorView: onWindowFocusChangedFromViewRoot hasFocus: true, DecorView@d0aa157[LocationSelectionFragmentActivity]
01-27 16:12:21.636 15461 15489 D DecorView: onWindowFocusChangedFromViewRoot hasFocus: true, DecorView@d0aa157[LocationSelectionFragmentActivity]
01-27 16:12:21.639 15461 15461 W Choreographer: Already have a pending vsync event. There should only be one at a time.
01-27 16:12:21.639 15461 15461 W Choreographer: Already have a pending vsync event. There should only be one at a time.
01-27 16:12:22.827 15461 15461 D com.disha.quickride.androidapp.location.LocationSelectionActivity: sendSelectedLocationDetailsToCalledActivity Location [id=0, latitude=28.5579537, longitude=77.206958, address=Green Park Metro Station, Sri Aurobindo Marg, Block A, Green Park, New Delhi, Delhi, India, name=Green Park Metro Station, placeId=ChIJ28dh7G3iDDkR1UXU5KB7a_M, distanceFromCenterInMtr=19181, offline=true]
01-27 16:12:22.827 15461 15461 D com.disha.quickride.androidapp.location.LocationSelectionActivity: sendSelectedLocationDetailsToCalledActivity Location [id=0, latitude=28.5579537, longitude=77.206958, address=Green Park Metro Station, Sri Aurobindo Marg, Block A, Green Park, New Delhi, Delhi, India, name=Green Park Metro Station, placeId=ChIJ28dh7G3iDDkR1UXU5KB7a_M, distanceFromCenterInMtr=19181, offline=true]
01-27 16:12:22.855 15461 15894 D DecorView: onWindowFocusChangedFromViewRoot hasFocus: true, DecorView@ade9015[LocationSelectionFragmentActivity]
01-27 16:12:22.855 15461 15894 D DecorView: onWindowFocusChangedFromViewRoot hasFocus: true, DecorView@ade9015[LocationSelectionFragmentActivity]
01-27 16:12:22.868 15461 15461 D TAG : Finish
01-27 16:12:22.868 15461 15461 D TAG : Finish
01-27 16:12:22.884 15461 15461 E SensorManager: unregisterListenerImpl callingApp: com.disha.quickride,callingPid:15461,callingUid:10450
01-27 16:12:22.884 15461 15461 E SensorManager: unregisterListenerImpl callingApp: com.disha.quickride,callingPid:15461,callingUid:10450
01-27 16:12:22.905 15461 15461 D com.disha.quickride.androidapp.usermgmt.onboardflow.OnBoardingRideCreationActivity: Result from location selection this - Selected location : [Location [id=0, latitude=28.5579537, longitude=77.206958, address=Green Park Metro Station, Sri Aurobindo Marg, Block A, Green Park, New Delhi, Delhi, India, name=Green Park Metro Station, placeId=ChIJ28dh7G3iDDkR1UXU5KB7a_M, distanceFromCenterInMtr=19181, offline=true]]
01-27 16:12:22.905 15461 15461 D com.disha.quickride.androidapp.usermgmt.onboardflow.OnBoardingRideCreationActivity: Result from location selection this - Selected location : [Location [id=0, latitude=28.5579537, longitude=77.206958, address=Green Park Metro Station, Sri Aurobindo Marg, Block A, Green Park, New Delhi, Delhi, India, name=Green Park Metro Station, placeId=ChIJ28dh7G3iDDkR1UXU5KB7a_M, distanceFromCenterInMtr=19181, offline=true]]
01-27 16:12:22.911 15461 15461 E SensorManager: registerListenerImpl sensorName:lsm6dsm Accelerometer Non-wakeup,isWakeUpSensor:false,callingApp: com.disha.quickride,callingPid:15461,callingUid:10450
01-27 16:12:22.911 15461 15461 E SensorManager: registerListenerImpl sensorName:lsm6dsm Accelerometer Non-wakeup,isWakeUpSensor:false,callingApp: com.disha.quickride,callingPid:15461,callingUid:10450
01-27 16:12:22.924 15461 15894 D DecorView: onWindowFocusChangedFromViewRoot hasFocus: true, DecorView@154b90b[OnBoardingRideCreationActivity]
01-27 16:12:22.924 15461 15894 D DecorView: onWindowFocusChangedFromViewRoot hasFocus: true, DecorView@154b90b[OnBoardingRideCreationActivity]
01-27 16:12:23.055 15461 15461 D OnePlusJankManager: Chor uploadMDM JANK_TYPE_ONCE mViewTitle = com.disha.quickride/com.disha.quickride.androidapp.usermgmt.onboardflow.OnBoardingR ideCreationActivity--- jank level = 1
01-27 16:12:23.055 15461 15461 D OnePlusJankManager: Chor uploadMDM JANK_TYPE_ONCE mViewTitle = com.disha.quickride/com.disha.quickride.androidapp.usermgmt.onboardflow.OnBoardingR ideCreationActivity--- jank level = 1
01-27 16:12:25.426 15461 15461 V ViewRootImpl: The specified message queue synchronization barrier token has not been posted or has already been removed
01-27 16:12:25.426 15461 15461 V ViewRootImpl: The specified message queue synchronization barrier token has not been posted or has already been removed
01-27 16:12:25.448 15461 15489 D DecorView: onWindowFocusChangedFromViewRoot hasFocus: true, DecorView@75d35ec[OnBoardingRideCreationActivity]
01-27 16:12:25.448 15461 15489 D DecorView: onWindowFocusChangedFromViewRoot hasFocus: true, DecorView@75d35ec[OnBoardingRideCreationActivity]
01-27 16:12:30.611 15461 15489 D DecorView: onWindowFocusChangedFromViewRoot hasFocus: true, DecorView@154b90b[OnBoardingRideCreationActivity]
01-27 16:12:30.611 15461 15489 D DecorView: onWindowFocusChangedFromViewRoot hasFocus: true, DecorView@154b90b[OnBoardingRideCreationActivity]
01-27 16:12:31.423 15461 15461 V ViewRootImpl: The specified message queue synchronization barrier token has not been posted or has already been removed
01-27 16:12:31.423 15461 15461 V ViewRootImpl: The specified message queue synchronization barrier token has not been posted or has already been removed
01-27 16:12:31.452 15461 15489 D DecorView: onWindowFocusChangedFromViewRoot hasFocus: true, DecorView@7650086[OnBoardingRideCreationActivity]
01-27 16:12:31.452 15461 15489 D DecorView: onWindowFocusChangedFromViewRoot hasFocus: true, DecorView@7650086[OnBoardingRideCreationActivity]
01-27 16:12:32.218 15461 15489 D DecorView: onWindowFocusChangedFromViewRoot hasFocus: true, DecorView@154b90b[OnBoardingRideCreationActivity]
01-27 16:12:32.218 15461 15489 D DecorView: onWindowFocusChangedFromViewRoot hasFocus: true, DecorView@154b90b[OnBoardingRideCreationActivity]
01-27 16:12:37.449 15461 15461 V ViewRootImpl: The specified message queue synchronization barrier token has not been posted or has already been removed
01-27 16:12:37.449 15461 15461 V ViewRootImpl: The specified message queue synchronization barrier token has not been posted or has already been removed
01-27 16:12:37.458 15461 15461 D com.disha.quickride.androidapp.location.FindLocationNameForLatLng: getLocationInfoForLatLngAsync for 28.6987031, 77.13332609999999
01-27 16:12:37.458 15461 15461 D com.disha.quickride.androidapp.location.FindLocationNameForLatLng: getLocationInfoForLatLngAsync for 28.6987031, 77.13332609999999
01-27 16:12:37.459 15461 16011 I com.disha.quickride.androidapp.usermgmt.favourites.FavouriteCreationAsyncTask: saving of favourites async task
01-27 16:12:37.459 15461 16011 I com.disha.quickride.androidapp.usermgmt.favourites.FavouriteCreationAsyncTask: saving of favourites async task
01-27 16:12:37.463 15461 16011 D com.disha.quickride.androidapp.common.AndroidRestClient.AndroidClientLogger: RestClient.callService with httpRequestMethod = POST
01-27 16:12:37.463 15461 16011 D com.disha.quickride.androidapp.common.AndroidRestClient.AndroidClientLogger: RestClient.callService with httpRequestMethod = POST
01-27 16:12:37.484 15461 15489 D DecorView: onWindowFocusChangedFromViewRoot hasFocus: true, DecorView@28be0d1[OnBoardingRideCreationActivity]
01-27 16:12:37.484 15461 15489 D DecorView: onWindowFocusChangedFromViewRoot hasFocus: true, DecorView@28be0d1[OnBoardingRideCreationActivity]
01-27 16:12:37.487 15461 15461 W Choreographer: Already have a pending vsync event. There should only be one at a time.
01-27 16:12:37.487 15461 15461 W Choreographer: Already have a pending vsync event. There should only be one at a time.
01-27 16:12:37.602 15461 16011 D com.disha.quickride.androidapp.common.AndroidRestClient.AndroidClientLogger: RestClient.callService response code : 200
01-27 16:12:37.602 15461 16011 D com.disha.quickride.androidapp.common.AndroidRestClient.AndroidClientLogger: RestClient.callService response code : 200
01-27 16:12:37.621 15461 16011 I com.disha.quickride.androidapp.usermgmt.favourites.FavouriteCreationAsyncTask: Favourite saved
01-27 16:12:37.621 15461 16011 I com.disha.quickride.androidapp.usermgmt.favourites.FavouriteCreationAsyncTask: Favourite saved
01-27 16:12:37.621 15461 15461 I com.disha.quickride.androidapp.usermgmt.favourites.FavouriteCreationAsyncTask: favourites saved
01-27 16:12:37.621 15461 15461 I com.disha.quickride.androidapp.usermgmt.favourites.FavouriteCreationAsyncTask: favourites saved
01-27 16:12:37.622 15461 15461 D com.disha.quickride.androidapp.location.FindLocationNameForLatLng: getLocationInfoForLatLngAsync for 28.5579537, 77.206958
01-27 16:12:37.622 15461 15461 D com.disha.quickride.androidapp.location.FindLocationNameForLatLng: getLocationInfoForLatLngAsync for 28.5579537, 77.206958
01-27 16:12:37.671 15461 15771 D SlaveNetworkWorker: not matched: 1
01-27 16:12:37.671 15461 15771 D SlaveNetworkWorker: not matched: 1
01-27 16:12:37.808 15461 15771 D b : getData: response code:200
01-27 16:12:37.808 15461 15771 D b : getData: response code:200
01-27 16:12:37.809 15461 15771 D b : POST: https://pn.netcoresmartech.com/profilePush -> {"appid":"d25af8de489a0ca420f9540aed14013a","pushid":"7e30f1fa-c105-4964-bbc5- 77aac2c0d007","adid":"","identity":"80505609211004","profileDetails":{"HOME":"Ek- Jyot Apartments, Shyamji Krishna Varma Marg, Saraswati Vihar, Pitampura, Delhi, India"}} --- 200 OK {"status" : "success"}
01-27 16:12:37.809 15461 15771 D b : POST: https://pn.netcoresmartech.com/profilePush -> {"appid":"d25af8de489a0ca420f9540aed14013a","pushid":"7e30f1fa-c105-4964-bbc5- 77aac2c0d007","adid":"","identity":"80505609211004","profileDetails":{"HOME":"Ek- Jyot Apartments, Shyamji Krishna Varma Marg, Saraswati Vihar, Pitampura, Delhi, India"}} --- 200 OK {"status" : "success"}
01-27 16:12:37.817 15461 15502 I WM-WorkerWrapper: Worker result SUCCESS for Work [ id=3cd5b0f0-96e9-4722-98c9-5aeb4ed88b09, tags={ in.netcore.smartechfcm.workmanager.SlaveNetworkWorker } ]
01-27 16:12:37.817 15461 15502 I WM-WorkerWrapper: Worker result SUCCESS for Work [ id=3cd5b0f0-96e9-4722-98c9-5aeb4ed88b09, tags={ in.netcore.smartechfcm.workmanager.SlaveNetworkWorker } ]
01-27 16:12:37.873 15461 16156 I com.disha.quickride.androidapp.usermgmt.favourites.FavouriteCreationAsyncTask: saving of favourites async task
01-27 16:12:37.873 15461 16156 I com.disha.quickride.androidapp.usermgmt.favourites.FavouriteCreationAsyncTask: saving of favourites async task
01-27 16:12:37.875 15461 16156 D com.disha.quickride.androidapp.common.AndroidRestClient.AndroidClientLogger: RestClient.callService with httpRequestMethod = POST
01-27 16:12:37.875 15461 16156 D com.disha.quickride.androidapp.common.AndroidRestClient.AndroidClientLogger: RestClient.callService with httpRequestMethod = POST
01-27 16:12:38.000 15461 16156 D com.disha.quickride.androidapp.common.AndroidRestClient.AndroidClientLogger: RestClient.callService response code : 200
01-27 16:12:38.000 15461 16156 D com.disha.quickride.androidapp.common.AndroidRestClient.AndroidClientLogger: RestClient.callService response code : 200
01-27 16:12:38.015 15461 16156 I com.disha.quickride.androidapp.usermgmt.favourites.FavouriteCreationAsyncTask: Favourite saved
01-27 16:12:38.015 15461 16156 I com.disha.quickride.androidapp.usermgmt.favourites.FavouriteCreationAsyncTask: Favourite saved
01-27 16:12:38.015 15461 15461 I com.disha.quickride.androidapp.usermgmt.favourites.FavouriteCreationAsyncTask: favourites saved
01-27 16:12:38.015 15461 15461 I com.disha.quickride.androidapp.usermgmt.favourites.FavouriteCreationAsyncTask: favourites saved
01-27 16:12:38.016 15461 15461 D com.disha.quickride.androidapp.location.FindLocationNameForLatLng: getLocationInfoForLatLngAsync for 28.6987031, 77.13332609999999
01-27 16:12:38.016 15461 15461 D com.disha.quickride.androidapp.location.FindLocationNameForLatLng: getLocationInfoForLatLngAsync for 28.6987031, 77.13332609999999
01-27 16:12:38.020 15461 15548 D com.disha.quickride.androidapp.common.AndroidRestClient.AndroidClientLogger: RestClient.callService with httpRequestMethod = POST
