01-27 16:11:27.469 15461 15769 D b : POST: https://pn.netcoresmartech.com/profilePush -> {"appid":"d25af8de489a0ca420f9540aed14013a","pushid":"7e30f1fa-c105-4964-bbc5- 77aac2c0d007","adid":"","identity":"80505609211004","profileDetails": {"EMAIL":"[email protected]","NAME":"Yash Ahuja","MOBILE":"8586003883"}} --- 200 OK {"status" : "success"}
01-27 16:11:27.469 15461 15768 D b : POST: https://pn.netcoresmartech.com/pn_login -> {"appid":"d25af8de489a0ca420f9540aed14013a","pushid":"7e30f1fa-c105-4964-bbc5- 77aac2c0d007","identity":"80505609211004","ostype":"Android","make":"OnePlus","mode l":"GM1901","osversion":"10","appname":"Quick Ride","appversion":"9.42","sdkversion":"2.2.1","cts":200127161126,"lat":null,"lng": null,"adid":"","sessionid":"1580121571980","tx":"1580121686772","eventid":"22"} --- 200 OK {"status" : "success"}
01-27 16:11:27.463 15461 15461 I com.disha.quickride.androidapp.myrides.cache.MyActiveRidesCache: getting active rides from cache
01-27 16:11:27.468 15461 15768 D b : getData: response code:200
01-27 16:11:27.468 15461 15769 D b : getData: response code:200
01-27 16:11:27.469 15461 15769 D b : POST: https://pn.netcoresmartech.com/profilePush -> {"appid":"d25af8de489a0ca420f9540aed14013a","pushid":"7e30f1fa-c105-4964-bbc5- 77aac2c0d007","adid":"","identity":"80505609211004","profileDetails": {"EMAIL":"[email protected]","NAME":"Yash Ahuja","MOBILE":"8586003883"}} --- 200 OK {"status" : "success"}
01-27 16:11:27.469 15461 15768 D b : POST: https://pn.netcoresmartech.com/pn_login -> {"appid":"d25af8de489a0ca420f9540aed14013a","pushid":"7e30f1fa-c105-4964-bbc5- 77aac2c0d007","identity":"80505609211004","ostype":"Android","make":"OnePlus","mode l":"GM1901","osversion":"10","appname":"Quick Ride","appversion":"9.42","sdkversion":"2.2.1","cts":200127161126,"lat":null,"lng": null,"adid":"","sessionid":"1580121571980","tx":"1580121686772","eventid":"22"} --- 200 OK {"status" : "success"}
01-27 16:11:27.472 15461 15771 D b : getData: response code:200
01-27 16:11:27.472 15461 15771 D b : POST: https://pn.netcoresmartech.com/app_activity_ngn -> {"appid":"d25af8de489a0ca420f9540aed14013a","pushid":"7e30f1fa-c105-4964-bbc5- 77aac2c0d007","identity":"80505609211004","ostype":"Android","make":"OnePlus","mode l":"GM1901","osversion":"10","appname":"Quick Ride","appversion":"9.42","sdkversion":"2.2.1","cts":200127161126,"lat":null,"lng": null,"adid":"","sessionid":"1580121571980","tx":"1580121686781","eventname":"usersi gnedup","payload":{"gender":"M","phone":8586003883,"name":"Yash Ahuja","refferalcode":"CFOA77","email":"[email protected]"}} --- 200 OK {"status" : "success"}
01-27 16:11:27.472 15461 15771 D b : getData: response code:200
01-27 16:11:27.472 15461 15771 D b : POST: https://pn.netcoresmartech.com/app_activity_ngn -> {"appid":"d25af8de489a0ca420f9540aed14013a","pushid":"7e30f1fa-c105-4964-bbc5- 77aac2c0d007","identity":"80505609211004","ostype":"Android","make":"OnePlus","mode l":"GM1901","osversion":"10","appname":"Quick Ride","appversion":"9.42","sdkversion":"2.2.1","cts":200127161126,"lat":null,"lng": null,"adid":"","sessionid":"1580121571980","tx":"1580121686781","eventname":"usersi gnedup","payload":{"gender":"M","phone":8586003883,"name":"Yash Ahuja","refferalcode":"CFOA77","email":"[email protected]"}} --- 200 OK {"status" : "success"}
01-27 16:11:27.486 15461 15596 I WM-WorkerWrapper: Worker result SUCCESS for Work [ id=7df57f8a-5734-4793-be9f-00bba7ec8c64, tags={ in.netcore.smartechfcm.workmanager.SlaveNetworkWorker } ]
01-27 16:11:27.486 15461 15596 I WM-WorkerWrapper: Worker result SUCCESS for Work [ id=7df57f8a-5734-4793-be9f-00bba7ec8c64, tags={ in.netcore.smartechfcm.workmanager.SlaveNetworkWorker } ]
01-27 16:11:27.488 15461 15479 D DecorView: onWindowFocusChangedFromViewRoot hasFocus: true, DecorView@b6ae471[GeneralUserCreationActivity]
01-27 16:11:27.488 15461 15479 D DecorView: onWindowFocusChangedFromViewRoot hasFocus: true, DecorView@b6ae471[GeneralUserCreationActivity]
01-27 16:11:27.489 15461 15461 E SensorManager: registerListenerImpl sensorName:lsm6dsm Accelerometer Non-wakeup,isWakeUpSensor:false,callingApp: com.disha.quickride,callingPid:15461,callingUid:10450
01-27 16:11:27.489 15461 15461 E SensorManager: registerListenerImpl sensorName:lsm6dsm Accelerometer Non-wakeup,isWakeUpSensor:false,callingApp: com.disha.quickride,callingPid:15461,callingUid:10450
01-27 16:11:27.500 15461 15461 I AppsFlyer_4.9.0: onBecameForeground
01-27 16:11:27.501 15461 15461 I AppsFlyer_4.9.0: Last Launch attempt: 2020/01/27 10:40:52.837 +0000;
01-27 16:11:27.501 15461 15461 I AppsFlyer_4.9.0: Last successful Launch event: 2020/01/27 10:40:54.195 +0000;
01-27 16:11:27.501 15461 15461 I AppsFlyer_4.9.0: Sending launch (+34663 ms)
01-27 16:11:27.501 15461 15632 I WM-WorkerWrapper: Worker result SUCCESS for Work [ id=a3365c0a-c3b4-4812-90dd-afac05c34d3e, tags={ in.netcore.smartechfcm.workmanager.SlaveNetworkWorker } ]
01-27 16:11:27.500 15461 15461 I AppsFlyer_4.9.0: onBecameForeground
01-27 16:11:27.501 15461 15461 I AppsFlyer_4.9.0: Last Launch attempt: 2020/01/27 10:40:52.837 +0000;
01-27 16:11:27.501 15461 15461 I AppsFlyer_4.9.0: Last successful Launch event: 2020/01/27 10:40:54.195 +0000;
01-27 16:11:27.501 15461 15461 I AppsFlyer_4.9.0: Sending launch (+34663 ms)
01-27 16:11:27.501 15461 15632 I WM-WorkerWrapper: Worker result SUCCESS for Work [ id=a3365c0a-c3b4-4812-90dd-afac05c34d3e, tags={ in.netcore.smartechfcm.workmanager.SlaveNetworkWorker } ]
01-27 16:11:27.504 15461 15461 E SensorManager: unregisterListenerImpl callingApp: com.disha.quickride,callingPid:15461,callingUid:10450
01-27 16:11:27.504 15461 15461 E SensorManager: unregisterListenerImpl callingApp: com.disha.quickride,callingPid:15461,callingUid:10450
01-27 16:11:27.512 15461 15632 I WM-WorkerWrapper: Worker result SUCCESS for Work [ id=1721fb4e-e8e7-4cfd-91a6-24ee820146ab, tags={ in.netcore.smartechfcm.workmanager.SlaveNetworkWorker } ]
01-27 16:11:27.512 15461 15632 I WM-WorkerWrapper: Worker result SUCCESS for Work [ id=1721fb4e-e8e7-4cfd-91a6-24ee820146ab, tags={ in.netcore.smartechfcm.workmanager.SlaveNetworkWorker } ]
01-27 16:11:27.636 15461 15461 W ActivityThread: handleWindowVisibility: no activity for token android.os.BinderProxy@915b526
01-27 16:11:27.636 15461 15461 W ActivityThread: handleWindowVisibility: no activity for token android.os.BinderProxy@915b526
01-27 16:11:27.638 15461 15461 D com.disha.quickride.androidapp.usermgmt.onboardflow.OnBoardingPreferenceActivity: On create of user registration this
01-27 16:11:27.638 15461 15461 D com.disha.quickride.androidapp.usermgmt.onboardflow.OnBoardingPreferenceActivity: On create of user registration this
01-27 16:11:27.651 15461 16983 I AppsFlyer_4.9.0: sendTrackingWithEvent from activity: com.disha.quickride.androidapp.startup.QuickRideApplication
01-27 16:11:27.651 15461 16983 I AppsFlyer_4.9.0: Trying to fetch GAID..
01-27 16:11:27.651 15461 16983 I AppsFlyer_4.9.0: sendTrackingWithEvent from activity: com.disha.quickride.androidapp.startup.QuickRideApplication
01-27 16:11:27.651 15461 16983 I AppsFlyer_4.9.0: Trying to fetch GAID..
01-27 16:11:27.673 15461 15461 E SensorManager: registerListenerImpl sensorName:lsm6dsm Accelerometer Non-wakeup,isWakeUpSensor:false,callingApp: com.disha.quickride,callingPid:15461,callingUid:10450
01-27 16:11:27.673 15461 15461 E SensorManager: registerListenerImpl sensorName:lsm6dsm Accelerometer Non-wakeup,isWakeUpSensor:false,callingApp: com.disha.quickride,callingPid:15461,callingUid:10450
01-27 16:11:27.679 15461 15461 V ViewRootImpl: The specified message queue synchronization barrier token has not been posted or has already been removed
01-27 16:11:27.679 15461 15461 V ViewRootImpl: The specified message queue synchronization barrier token has not been posted or has already been removed
01-27 16:11:27.689 15461 15479 D DecorView: onWindowFocusChangedFromViewRoot hasFocus: true, DecorView@d97f7e6[OnBoardingPreferenceActivity]
01-27 16:11:27.689 15461 15479 D DecorView: onWindowFocusChangedFromViewRoot hasFocus: true, DecorView@d97f7e6[OnBoardingPreferenceActivity]
01-27 16:11:27.927 15461 15461 D OnePlusJankManager: Chor uploadMDM JANK_TYPE_ONCE mViewTitle = com.disha.quickride/com.disha.quickride.androidapp.usermgmt.onboardflow.OnBoardingP referenceActivity--- jank level = 1
01-27 16:11:27.927 15461 15461 D OnePlusJankManager: Chor uploadMDM JANK_TYPE_ONCE mViewTitle = com.disha.quickride/com.disha.quickride.androidapp.usermgmt.onboardflow.OnBoardingP referenceActivity--- jank level = 1
01-27 16:11:27.941 15461 16983 I AppsFlyer_4.9.0: ******* sendTrackingWithEvent: Launch
01-27 16:11:27.941 15461 16983 I AppsFlyer_4.9.0: ******* sendTrackingWithEvent: Launch
01-27 16:11:27.958 15461 16983 I AppsFlyer_4.9.0: IMEI was not collected.
01-27 16:11:27.958 15461 16983 I AppsFlyer_4.9.0: IMEI was not collected.
01-27 16:11:27.959 15461 16983 I AppsFlyer_4.9.0: Android ID was not collected.
01-27 16:11:27.959 15461 16983 I AppsFlyer_4.9.0: Android ID was not collected.
01-27 16:11:27.962 15461 16983 I AppsFlyer_4.9.0: AppsFlyer: first launch date: 2020-01-27_103941+0000
01-27 16:11:27.962 15461 16983 I AppsFlyer_4.9.0: AppsFlyer: first launch date: 2020-01-27_103941+0000
01-27 16:11:27.962 15461 16983 D AppsFlyer_4.9.0: didConfigureTokenRefreshService=false
01-27 16:11:27.962 15461 16983 D AppsFlyer_4.9.0: didConfigureTokenRefreshService=false
01-27 16:11:27.963 15461 16983 I AppsFlyer_4.9.0: AppsFlyerLib.sendTrackingWithEvent
01-27 16:11:27.963 15461 16983 I AppsFlyer_4.9.0: AppsFlyerLib.sendTrackingWithEvent
01-27 16:11:27.965 15461 16983 I AppsFlyer_4.9.0: url: https://t.appsflyer.com/api/v4/androidevent? buildnumber=4.9.0&app_id=com.disha.quickride
01-27 16:11:27.965 15461 16983 I AppsFlyer_4.9.0: url: https://t.appsflyer.com/api/v4/androidevent? buildnumber=4.9.0&app_id=com.disha.quickride
01-27 16:11:27.966 15461 16983 I AppsFlyer_4.9.0: data: {"country":"","af_timestamp":"1580121687919","appsflyerKey":"s********************m ","af_events_api":"1","kef4466":"a084af9c4c5199b348181c1a0c531a0d5918180d5a1f19","i sFirstCall":"false","registeredUninstall":true,"operator":"airtel","network":"MOBIL E","timepassedsincelastlaunch":"34","open_referrer":"android- app:\/\/com.disha.quickride","af_v2":"982f38f5469892f25cd1d16928c5048e496ac0c5","ui d":"1580121578867- 3762180197533250658","isGaidWithGps":"true","lang_code":"en","installDate":"2020- 01-27_103818+0000","app_version_code":"392","firstLaunchDate":"2020-01- 27_103941+0000","ivc":false,"model":"GM1901","lang":"English","brand":"OnePlus","de viceType":"user","product":"OnePlus7","deviceData":{"cpu_abi":"arm64- v8a","build_display_id":"GM1901_14_191007","btch":"ac","dim": {"size":"2","ydp":"409.903","xdp":"403.411","y_px":"2134","x_px":"1080","d_dpi":"42 0"},"arch":"","btl":"43.0","cpu_abi2":""},"installer_package":"com.android.vending" ,"date2":"2020-01-27_103818+0000","counter":"4","date1":"2020-01- 27_103818+0000","advertiserId":"faffb339-3913-4b71-a9e8- 48eaac69539f","advertiserIdEnabled":"true","referrer":"utm_source=(not %20set)&utm_medium=(not %20set)","af_v":"a7e68636b75c65900ddd124591e2085049ea5e73","carrier":"IND airtel","af_preinstalled":"false","iaecounter":"7","tokenRefreshConfigured":false," af_gcm_token":"eguMVjeN_q0:APA91bGCu6T_3PfNJncyQzww1FvV08zhdoJjCGXzznTp9j_tUNXOcDg_ -- kv1gul2gmReQmo1AG1QxQvRhC9stl0GmJIaXtw2oMYaAVennaacfYVjZag2MxrV6AO90ETnL02B2b4FFVC" ,"sdk":"29","fb":"d97bfaf6-0352-4a71-bae0- 9aa184401bdb","app_version_name":"9.42","device":"OnePlus7","platformextension":"an droid_native","cksm_v1":"c58ff4a3af1f1f418f4a23c5778eaf2139"}
01-27 16:11:27.966 15461 16983 I AppsFlyer_4.9.0: data: {"country":"","af_timestamp":"1580121687919","appsflyerKey":"s********************m ","af_events_api":"1","kef4466":"a084af9c4c5199b348181c1a0c531a0d5918180d5a1f19","i sFirstCall":"false","registeredUninstall":true,"operator":"airtel","network":"MOBIL E","timepassedsincelastlaunch":"34","open_referrer":"android- app:\/\/com.disha.quickride","af_v2":"982f38f5469892f25cd1d16928c5048e496ac0c5","ui d":"1580121578867- 3762180197533250658","isGaidWithGps":"true","lang_code":"en","installDate":"2020- 01-27_103818+0000","app_version_code":"392","firstLaunchDate":"2020-01- 27_103941+0000","ivc":false,"model":"GM1901","lang":"English","brand":"OnePlus","de viceType":"user","product":"OnePlus7","deviceData":{"cpu_abi":"arm64- v8a","build_display_id":"GM1901_14_191007","btch":"ac","dim": {"size":"2","ydp":"409.903","xdp":"403.411","y_px":"2134","x_px":"1080","d_dpi":"42 0"},"arch":"","btl":"43.0","cpu_abi2":""},"installer_package":"com.android.vending" ,"date2":"2020-01-27_103818+0000","counter":"4","date1":"2020-01- 27_103818+0000","advertiserId":"faffb339-3913-4b71-a9e8- 48eaac69539f","advertiserIdEnabled":"true","referrer":"utm_source=(not %20set)&utm_medium=(not %20set)","af_v":"a7e68636b75c65900ddd124591e2085049ea5e73","carrier":"IND airtel","af_preinstalled":"false","iaecounter":"7","tokenRefreshConfigured":false," af_gcm_token":"eguMVjeN_q0:APA91bGCu6T_3PfNJncyQzww1FvV08zhdoJjCGXzznTp9j_tUNXOcDg_ -- kv1gul2gmReQmo1AG1QxQvRhC9stl0GmJIaXtw2oMYaAVennaacfYVjZag2MxrV6AO90ETnL02B2b4FFVC" ,"sdk":"29","fb":"d97bfaf6-0352-4a71-bae0- 9aa184401bdb","app_version_name":"9.42","device":"OnePlus7","platformextension":"an droid_native","cksm_v1":"c58ff4a3af1f1f418f4a23c5778eaf2139"}
01-27 16:11:27.992 15461 16944 I AppsFlyer_4.9.0: response code: 200
01-27 16:11:27.992 15461 16944 D AppsFlyer_4.9.0: Uninstall Token exists: 1580121578861,eguMVjeN_q0:APA91bGCu6T_3PfNJncyQzww1FvV08zhdoJjCGXzznTp9j_tUNXOcDg_- -kv1gul2gmReQmo1AG1QxQvRhC9stl0GmJIaXtw2oMYaAVennaacfYVjZag2MxrV6AO90ETnL02B2b4FFVC
01-27 16:11:27.992 15461 16944 I AppsFlyer_4.9.0: response code: 200
01-27 16:11:27.992 15461 16944 D AppsFlyer_4.9.0: Uninstall Token exists: 1580121578861,eguMVjeN_q0:APA91bGCu6T_3PfNJncyQzww1FvV08zhdoJjCGXzznTp9j_tUNXOcDg_- -kv1gul2gmReQmo1AG1QxQvRhC9stl0GmJIaXtw2oMYaAVennaacfYVjZag2MxrV6AO90ETnL02B2b4FFVC
01-27 16:11:28.633 15461 16983 I AppsFlyer_4.9.0: response code: 200
01-27 16:11:28.633 15461 16983 D AppsFlyer_4.9.0: Uninstall Token exists: 1580121578861,eguMVjeN_q0:APA91bGCu6T_3PfNJncyQzww1FvV08zhdoJjCGXzznTp9j_tUNXOcDg_- -kv1gul2gmReQmo1AG1QxQvRhC9stl0GmJIaXtw2oMYaAVennaacfYVjZag2MxrV6AO90ETnL02B2b4FFVC
01-27 16:11:28.633 15461 16983 I AppsFlyer_4.9.0: response code: 200
01-27 16:11:28.633 15461 16983 D AppsFlyer_4.9.0: Uninstall Token exists: 1580121578861,eguMVjeN_q0:APA91bGCu6T_3PfNJncyQzww1FvV08zhdoJjCGXzznTp9j_tUNXOcDg_- -kv1gul2gmReQmo1AG1QxQvRhC9stl0GmJIaXtw2oMYaAVennaacfYVjZag2MxrV6AO90ETnL02B2b4FFVC
01-27 16:11:29.729 15461 16940 D com.disha.quickride.androidapp.usermgmt.UserMessageListener: subscribeToUserMsgUpdates
01-27 16:11:29.729 15461 16940 D com.disha.quickride.androidapp.usermgmt.UserMessageListener: subscribeToUserMsgUpdates
01-27 16:11:29.730 15461 16940 D com.disha.quickride.androidapp.event.RideMgmtEventServiceProxy: Adding topic name to subscriptions queue :userMsg/80505609211004
01-27 16:11:29.730 15461 16940 D com.disha.quickride.androidapp.event.RideMgmtEventServiceProxy: Adding topic name to subscriptions queue :userMsg/80505609211004
01-27 16:11:29.731 15461 16940 I com.disha.quickride.androidapp.usermgmt.cache.UserDataCache: getting of referral code
01-27 16:11:29.731 15461 16940 I com.disha.quickride.androidapp.usermgmt.cache.UserDataCache: getting of referral code
01-27 16:11:29.763 15461 16940 D com.disha.quickride.androidapp.event.EventModuleSessionManager: Establishing event service connection
01-27 16:11:29.763 15461 16940 D com.disha.quickride.androidapp.event.RideMgmtEventServiceProxy: Entering dispatchAllMessagesArrivedBeforeSessionWasInitialized
01-27 16:11:29.763 15461 16940 D com.disha.quickride.androidapp.event.EventModuleSessionManager: Establishing event service connection
01-27 16:11:29.763 15461 16940 D com.disha.quickride.androidapp.event.RideMgmtEventServiceProxy: Entering dispatchAllMessagesArrivedBeforeSessionWasInitialized
01-27 16:11:29.764 15461 16308 D com.disha.quickride.androidapp.event.InitialMessagesDispatchTask: Dispatching initial messages
01-27 16:11:29.764 15461 16308 D com.disha.quickride.androidapp.event.InitialMessagesDispatchTask: Dispatching initial messages
01-27 16:11:29.765 15461 16940 D com.disha.quickride.androidapp.event.LocationUpdateEventServiceProxy: Entering dispatchAllMessagesArrivedBeforeSessionWasInitialized
01-27 16:11:29.765 15461 16940 D com.disha.quickride.androidapp.event.LocationUpdateEventServiceProxy: Entering dispatchAllMessagesArrivedBeforeSessionWasInitialized
01-27 16:11:29.765 15461 16575 D com.disha.quickride.androidapp.event.InitialMessagesDispatchTask: Dispatching initial messages
01-27 16:11:29.765 15461 16575 D com.disha.quickride.androidapp.event.InitialMessagesDispatchTask: Dispatching initial messages
01-27 16:11:29.798 15461 16940 D com.disha.quickride.androidapp.QuickRideLifecycleHandler: Adding ApplicationVisibilityStatusChangeListener [com.disha.quickride.androidapp.notification.NotificationStore@3cc1b32] for key : [NOTIFICATION_STORE]
01-27 16:11:29.798 15461 16940 D com.disha.quickride.androidapp.QuickRideLifecycleHandler: Adding ApplicationVisibilityStatusChangeListener [com.disha.quickride.androidapp.notification.NotificationStore@3cc1b32] for key : [NOTIFICATION_STORE]
01-27 16:11:29.798 15461 16940 D com.disha.quickride.androidapp.notification.NotificationStore: Creating periodic work request to refresh notifications regularly
01-27 16:11:29.798 15461 16940 D com.disha.quickride.androidapp.notification.NotificationStore: Creating periodic work request to refresh notifications regularly
01-27 16:11:51.385 15461 15461 E SensorManager: unregisterListenerImpl callingApp: com.disha.quickride,callingPid:15461,callingUid:10450
01-27 16:11:51.385 15461 15461 E SensorManager: unregisterListenerImpl callingApp: com.disha.quickride,callingPid:15461,callingUid:10450
01-27 16:11:51.686 15461 15461 D com.disha.quickride.androidapp.QuickRideLifecycleHandler: App is invisible
01-27 16:11:51.686 15461 15461 D com.disha.quickride.androidapp.QuickRideLifecycleHandler: App is invisible
01-27 16:11:51.936 15461 17009 I AppsFlyer_4.9.0: onBecameBackground
01-27 16:11:51.937 15461 17009 I AppsFlyer_4.9.0: callStatsBackground background call
01-27 16:11:51.937 15461 17009 I AppsFlyer_4.9.0: app went to background
01-27 16:11:51.936 15461 17009 I AppsFlyer_4.9.0: onBecameBackground
01-27 16:11:51.937 15461 17009 I AppsFlyer_4.9.0: callStatsBackground background call
01-27 16:11:51.937 15461 17009 I AppsFlyer_4.9.0: app went to background
01-27 16:11:51.939 15461 17009 D AppsFlyer_4.9.0: Stats call is disabled, ignore ...
01-27 16:11:51.939 15461 17009 D AppsFlyer_4.9.0: Stats call is disabled, ignore ...
01-27 16:11:51.939 15461 17009 D AppsFlyer_4.9.0: RD status is OFF
01-27 16:11:51.939 15461 17009 D AppsFlyer_4.9.0: RD status is OFF
01-27 16:11:53.264 15461 15479 D DecorView: onWindowFocusChangedFromViewRoot hasFocus: true, DecorView@d97f7e6[OnBoardingPreferenceActivity]
01-27 16:11:53.265 15461 15461 D com.disha.quickride.androidapp.QuickRideLifecycleHandler: App is visible
01-27 16:11:53.265 15461 15461 D com.disha.quickride.androidapp.notification.NotificationStore: Refreshing notifications when app became visible
01-27 16:11:53.264 15461 15479 D DecorView: onWindowFocusChangedFromViewRoot hasFocus: true, DecorView@d97f7e6[OnBoardingPreferenceActivity]
01-27 16:11:53.265 15461 16911 D com.disha.quickride.androidapp.notification.GettingPendingUserNotificationsAsyncTas k: Getting pending notifications from server
01-27 16:11:53.265 15461 15461 D com.disha.quickride.androidapp.QuickRideLifecycleHandler: App is visible
01-27 16:11:53.265 15461 15461 D com.disha.quickride.androidapp.notification.NotificationStore: Refreshing notifications when app became visible
01-27 16:11:53.265 15461 16911 D com.disha.quickride.androidapp.notification.GettingPendingUserNotificationsAsyncTas k: Getting pending notifications from server
01-27 16:11:53.289 15461 15600 D com.disha.quickride.androidapp.common.AndroidRestClient.AndroidClientLogger: RestClient.callService with httpRequestMethod = GET
01-27 16:11:53.289 15461 15600 D com.disha.quickride.androidapp.common.AndroidRestClient.AndroidClientLogger: RestClient.callService with httpRequestMethod = GET
01-27 16:11:53.295 15461 16911 D com.disha.quickride.androidapp.common.AndroidRestClient.AndroidClientLogger: RestClient.callService with httpRequestMethod = GET
01-27 16:11:53.295 15461 16911 D com.disha.quickride.androidapp.common.AndroidRestClient.AndroidClientLogger: RestClient.callService with httpRequestMethod = GET
01-27 16:11:53.313 15461 15461 E SensorManager: registerListenerImpl sensorName:lsm6dsm Accelerometer Non-wakeup,isWakeUpSensor:false,callingApp: com.disha.quickride,callingPid:15461,callingUid:10450
01-27 16:11:53.313 15461 15461 E SensorManager: registerListenerImpl sensorName:lsm6dsm Accelerometer Non-wakeup,isWakeUpSensor:false,callingApp: com.disha.quickride,callingPid:15461,callingUid:10450
01-27 16:11:53.319 15461 15461 I AppsFlyer_4.9.0: onBecameForeground
01-27 16:11:53.319 15461 15461 I AppsFlyer_4.9.0: Last Launch attempt: 2020/01/27 10:41:27.501 +0000;
01-27 16:11:53.319 15461 15461 I AppsFlyer_4.9.0: Last successful Launch event: 2020/01/27 10:41:28.633 +0000;
01-27 16:11:53.319 15461 15461 I AppsFlyer_4.9.0: Sending launch (+25818 ms)
01-27 16:11:53.319 15461 15461 I AppsFlyer_4.9.0: onBecameForeground
01-27 16:11:53.319 15461 15461 I AppsFlyer_4.9.0: Last Launch attempt: 2020/01/27 10:41:27.501 +0000;
01-27 16:11:53.319 15461 15461 I AppsFlyer_4.9.0: Last successful Launch event: 2020/01/27 10:41:28.633 +0000;
01-27 16:11:53.319 15461 15461 I AppsFlyer_4.9.0: Sending launch (+25818 ms)
01-27 16:11:53.470 15461 17031 I AppsFlyer_4.9.0: sendTrackingWithEvent from activity: com.disha.quickride.androidapp.startup.QuickRideApplication
01-27 16:11:53.470 15461 17031 I AppsFlyer_4.9.0: sendTrackingWithEvent from activity: com.disha.quickride.androidapp.startup.QuickRideApplication
01-27 16:11:53.470 15461 17031 I AppsFlyer_4.9.0: Trying to fetch GAID..
01-27 16:11:53.470 15461 17031 I AppsFlyer_4.9.0: Trying to fetch GAID..
01-27 16:11:53.548 15461 16911 D com.disha.quickride.androidapp.common.AndroidRestClient.AndroidClientLogger: RestClient.callService response code : 200
01-27 16:11:53.548 15461 16911 D com.disha.quickride.androidapp.common.AndroidRestClient.AndroidClientLogger: RestClient.callService response code : 200
01-27 16:11:53.626 15461 17031 I AppsFlyer_4.9.0: ******* sendTrackingWithEvent: Launch
01-27 16:11:53.626 15461 17031 I AppsFlyer_4.9.0: ******* sendTrackingWithEvent: Launch
01-27 16:11:53.836 15461 17031 I AppsFlyer_4.9.0: IMEI was not collected.
01-27 16:11:53.836 15461 17031 I AppsFlyer_4.9.0: IMEI was not collected.
01-27 16:11:53.837 15461 17031 I AppsFlyer_4.9.0: Android ID was not collected.
01-27 16:11:53.837 15461 17031 I AppsFlyer_4.9.0: Android ID was not collected.
01-27 16:11:53.839 15461 17031 I AppsFlyer_4.9.0: AppsFlyer: first launch date: 2020-01-27_103941+0000
01-27 16:11:53.839 15461 17031 I AppsFlyer_4.9.0: AppsFlyer: first launch date: 2020-01-27_103941+0000
01-27 16:11:53.839 15461 17031 D AppsFlyer_4.9.0: didConfigureTokenRefreshService=false
01-27 16:11:53.839 15461 17031 D AppsFlyer_4.9.0: didConfigureTokenRefreshService=false
01-27 16:11:53.841 15461 17031 I AppsFlyer_4.9.0: AppsFlyerLib.sendTrackingWithEvent
01-27 16:11:53.841 15461 17031 I AppsFlyer_4.9.0: AppsFlyerLib.sendTrackingWithEvent
01-27 16:11:53.842 15461 17031 I AppsFlyer_4.9.0: url: https://t.appsflyer.com/api/v4/androidevent? buildnumber=4.9.0&app_id=com.disha.quickride
01-27 16:11:53.842 15461 17031 I AppsFlyer_4.9.0: url: https://t.appsflyer.com/api/v4/androidevent? buildnumber=4.9.0&app_id=com.disha.quickride
01-27 16:11:53.842 15461 17031 I AppsFlyer_4.9.0: data: {"country":"","af_timestamp":"1580121713598","appsflyerKey":"s********************m ","af_events_api":"1","isFirstCall":"false","registeredUninstall":true,"operator":" airtel","network":"MOBILE","timepassedsincelastlaunch":"25","open_referrer":"androi d- app:\/\/com.disha.quickride","af_v2":"a12e210514e5d024dd4ee2128427895c27601851","ui d":"1580121578867- 3762180197533250658","isGaidWithGps":"true","lang_code":"en","installDate":"2020- 01-27_103818+0000","app_version_code":"392","firstLaunchDate":"2020-01- 27_103941+0000","ivc":false,"model":"GM1901","lang":"English","brand":"OnePlus","de viceType":"user","product":"OnePlus7","deviceData":{"cpu_abi":"arm64- v8a","build_display_id":"GM1901_14_191007","btch":"ac","dim": {"size":"2","ydp":"409.903","xdp":"403.411","y_px":"2134","x_px":"1080","d_dpi":"42 0"},"arch":"","btl":"44.0","cpu_abi2":""},"installer_package":"com.android.vending" ,"date2":"2020-01-27_103818+0000","counter":"5","date1":"2020-01- 27_103818+0000","advertiserId":"faffb339-3913-4b71-a9e8- 48eaac69539f","advertiserIdEnabled":"true","referrer":"utm_source=(not %20set)&utm_medium=(not %20set)","af_v":"cb03792f12a2dd57a4831f3d0a7558e8e6407de3","carrier":"airtel","af_p reinstalled":"false","iaecounter":"7","tokenRefreshConfigured":false,"af_gcm_token" :"eguMVjeN_q0:APA91bGCu6T_3PfNJncyQzww1FvV08zhdoJjCGXzznTp9j_tUNXOcDg_-- kv1gul2gmReQmo1AG1QxQvRhC9stl0GmJIaXtw2oMYaAVennaacfYVjZag2MxrV6AO90ETnL02B2b4FFVC" ,"kef456e":"612f2b10d73f372648181c180c531a0d5918180d5a1f19","sdk":"29","fb":"d97bfa f6-0352-4a71-bae0- 9aa184401bdb","app_version_name":"9.42","device":"OnePlus7","platformextension":"an droid_native","cksm_v1":"44a3ad733c922a9c4ff0e1e538f1cf0ba5"}
01-27 16:11:53.842 15461 17031 I AppsFlyer_4.9.0: data: {"country":"","af_timestamp":"1580121713598","appsflyerKey":"s********************m ","af_events_api":"1","isFirstCall":"false","registeredUninstall":true,"operator":" airtel","network":"MOBILE","timepassedsincelastlaunch":"25","open_referrer":"androi d- app:\/\/com.disha.quickride","af_v2":"a12e210514e5d024dd4ee2128427895c27601851","ui d":"1580121578867- 3762180197533250658","isGaidWithGps":"true","lang_code":"en","installDate":"2020- 01-27_103818+0000","app_version_code":"392","firstLaunchDate":"2020-01- 27_103941+0000","ivc":false,"model":"GM1901","lang":"English","brand":"OnePlus","de viceType":"user","product":"OnePlus7","deviceData":{"cpu_abi":"arm64- v8a","build_display_id":"GM1901_14_191007","btch":"ac","dim": {"size":"2","ydp":"409.903","xdp":"403.411","y_px":"2134","x_px":"1080","d_dpi":"42 0"},"arch":"","btl":"44.0","cpu_abi2":""},"installer_package":"com.android.vending" ,"date2":"2020-01-27_103818+0000","counter":"5","date1":"2020-01- 27_103818+0000","advertiserId":"faffb339-3913-4b71-a9e8- 48eaac69539f","advertiserIdEnabled":"true","referrer":"utm_source=(not %20set)&utm_medium=(not %20set)","af_v":"cb03792f12a2dd57a4831f3d0a7558e8e6407de3","carrier":"airtel","af_p reinstalled":"false","iaecounter":"7","tokenRefreshConfigured":false,"af_gcm_token" :"eguMVjeN_q0:APA91bGCu6T_3PfNJncyQzww1FvV08zhdoJjCGXzznTp9j_tUNXOcDg_-- kv1gul2gmReQmo1AG1QxQvRhC9stl0GmJIaXtw2oMYaAVennaacfYVjZag2MxrV6AO90ETnL02B2b4FFVC" ,"kef456e":"612f2b10d73f372648181c180c531a0d5918180d5a1f19","sdk":"29","fb":"d97bfa f6-0352-4a71-bae0- 9aa184401bdb","app_version_name":"9.42","device":"OnePlus7","platformextension":"an droid_native","cksm_v1":"44a3ad733c922a9c4ff0e1e538f1cf0ba5"}
01-27 16:11:54.006 15461 17031 I AppsFlyer_4.9.0: response code: 200
01-27 16:11:54.006 15461 17031 I AppsFlyer_4.9.0: response code: 200
01-27 16:11:54.006 15461 17031 D AppsFlyer_4.9.0: Uninstall Token exists: 1580121578861,eguMVjeN_q0:APA91bGCu6T_3PfNJncyQzww1FvV08zhdoJjCGXzznTp9j_tUNXOcDg_- -kv1gul2gmReQmo1AG1QxQvRhC9stl0GmJIaXtw2oMYaAVennaacfYVjZag2MxrV6AO90ETnL02B2b4FFVC
01-27 16:11:54.006 15461 17031 D AppsFlyer_4.9.0: Uninstall Token exists: 1580121578861,eguMVjeN_q0:APA91bGCu6T_3PfNJncyQzww1FvV08zhdoJjCGXzznTp9j_tUNXOcDg_- -kv1gul2gmReQmo1AG1QxQvRhC9stl0GmJIaXtw2oMYaAVennaacfYVjZag2MxrV6AO90ETnL02B2b4FFVC
01-27 16:11:58.460 15461 15600 D com.disha.quickride.androidapp.common.AndroidRestClient.AndroidClientLogger: RestClient.callService response code : 200
01-27 16:11:58.460 15461 15600 D com.disha.quickride.androidapp.common.AndroidRestClient.AndroidClientLogger: RestClient.callService response code : 200
01-27 16:12:03.788 15461 15519 I com.disha.quickride.androidapp.usermgmt.profile.ProfileSavingAsyncTask: saving of profile async task
01-27 16:12:03.788 15461 15519 I com.disha.quickride.androidapp.usermgmt.profile.ProfileSavingAsyncTask: saving of profile async task
01-27 16:12:03.793 15461 15519 D com.disha.quickride.androidapp.common.AndroidRestClient.AndroidClientLogger: RestClient.callService with httpRequestMethod = PUT
01-27 16:12:03.793 15461 15519 D com.disha.quickride.androidapp.common.AndroidRestClient.AndroidClientLogger: RestClient.callService with httpRequestMethod = PUT
01-27 16:12:03.811 15461 15461 E SensorManager: unregisterListenerImpl callingApp: com.disha.quickride,callingPid:15461,callingUid:10450
01-27 16:12:03.811 15461 15461 E SensorManager: unregisterListenerImpl callingApp: com.disha.quickride,callingPid:15461,callingUid:10450
01-27 16:12:03.824 15461 15461 W ActivityThread: handleWindowVisibility: no activity for token android.os.BinderProxy@cf8d781
01-27 16:12:03.824 15461 15461 W ActivityThread: handleWindowVisibility: no activity for token android.os.BinderProxy@cf8d781
01-27 16:12:03.828 15461 15461 I com.disha.quickride.androidapp.usermgmt.onboardflow.QRPledgeDisplayActivity: OnCreate called for PledgeDisplayActivity
01-27 16:12:03.828 15461 15461 I com.disha.quickride.androidapp.usermgmt.onboardflow.QRPledgeDisplayActivity: OnCreate called for PledgeDisplayActivity
01-27 16:12:03.830 15461 15461 D com.disha.quickride.androidapp.QuickRideBaseActivity: Session resumed successfully
01-27 16:12:03.830 15461 15461 D com.disha.quickride.androidapp.QuickRideBaseActivity: Session resumed successfully
01-27 16:12:03.865 15461 15461 I TextToSpeech: Sucessfully bound to com.google.android.tts
01-27 16:12:03.865 15461 15461 W TextToSpeech: setLanguage failed: not bound to TTS engine
01-27 16:12:03.865 15461 15461 I TextToSpeech: Sucessfully bound to com.google.android.tts
01-27 16:12:03.865 15461 15461 W TextToSpeech: setLanguage failed: not bound to TTS engine
01-27 16:12:03.869 15461 15461 E SensorManager: registerListenerImpl sensorName:lsm6dsm Accelerometer Non-wakeup,isWakeUpSensor:false,callingApp: com.disha.quickride,callingPid:15461,callingUid:10450
01-27 16:12:03.869 15461 15461 E SensorManager: registerListenerImpl sensorName:lsm6dsm Accelerometer Non-wakeup,isWakeUpSensor:false,callingApp: com.disha.quickride,callingPid:15461,callingUid:10450
01-27 16:12:03.878 15461 15461 V ViewRootImpl: The specified message queue synchronization barrier token has not been posted or has already been removed
01-27 16:12:03.878 15461 15461 V ViewRootImpl: The specified message queue synchronization barrier token has not been posted or has already been removed
01-27 16:12:03.894 15461 15489 D DecorView: onWindowFocusChangedFromViewRoot hasFocus: true, DecorView@170cd1f[QRPledgeDisplayActivity]
01-27 16:12:03.894 15461 15489 D DecorView: onWindowFocusChangedFromViewRoot hasFocus: true, DecorView@170cd1f[QRPledgeDisplayActivity]
01-27 16:12:03.947 15461 15519 D com.disha.quickride.androidapp.common.AndroidRestClient.AndroidClientLogger: RestClient.callService response code : 200
01-27 16:12:03.947 15461 15519 D com.disha.quickride.androidapp.common.AndroidRestClient.AndroidClientLogger: RestClient.callService response code : 200
01-27 16:12:03.958 15461 15519 I com.disha.quickride.androidapp.usermgmt.profile.ProfileEditBaseActivity: Profile updated
01-27 16:12:03.958 15461 15519 I com.disha.quickride.androidapp.usermgmt.profile.ProfileEditBaseActivity: Profile updated
01-27 16:12:03.960 15461 15519 I com.disha.quickride.androidapp.usermgmt.cache.UserDataCache: storing of profileVerificationData
01-27 16:12:03.960 15461 15519 I com.disha.quickride.androidapp.usermgmt.cache.UserDataCache: storing of profileVerificationData
01-27 16:12:04.111 15461 17095 I AppsFlyer_4.9.0: sendTrackingWithEvent from activity: com.disha.quickride.androidapp.startup.QuickRideApplication
01-27 16:12:04.111 15461 17095 I AppsFlyer_4.9.0: sendTrackingWithEvent from activity: com.disha.quickride.androidapp.startup.QuickRideApplication
01-27 16:12:04.111 15461 17095 I AppsFlyer_4.9.0: Trying to fetch GAID..
01-27 16:12:04.111 15461 17095 I AppsFlyer_4.9.0: Trying to fetch GAID..
01-27 16:12:04.116 15461 17096 I AppsFlyer_4.9.0: sendTrackingWithEvent from activity: com.disha.quickride.androidapp.startup.QuickRideApplication
01-27 16:12:04.116 15461 17096 I AppsFlyer_4.9.0: sendTrackingWithEvent from activity: com.disha.quickride.androidapp.startup.QuickRideApplication
01-27 16:12:04.117 15461 17096 I AppsFlyer_4.9.0: Trying to fetch GAID..
01-27 16:12:04.117 15461 17096 I AppsFlyer_4.9.0: Trying to fetch GAID..
01-27 16:12:04.195 15461 17095 I AppsFlyer_4.9.0: ******* sendTrackingWithEvent: UserProfessionDetails
01-27 16:12:04.195 15461 17095 I AppsFlyer_4.9.0: ******* sendTrackingWithEvent: UserProfessionDetails
01-27 16:12:04.202 15461 17096 I AppsFlyer_4.9.0: ******* sendTrackingWithEvent: UserSelectedRole
01-27 16:12:04.202 15461 17096 I AppsFlyer_4.9.0: ******* sendTrackingWithEvent: UserSelectedRole
01-27 16:12:04.398 15461 17104 D com.disha.quickride.androidapp.notification.QuickRideGCMIntentService: New GCM message received : {MsgClassName=com.disha.quickride.domain.model.UserProfile, MsgObject={"id":80505609211004,"userName":"Yash Ahuja","emailforcommunication":"[email protected]","gender":"M","regMailSent": false,"verificationstatus":false,"rating":0.0,"noofridesaspassenger":0,"noofridesas rider":0,"noOfReviews":0,"onTimeComplianceRating":0,"profileVerificationData": {"userId":80505609211004,"emailVerified":false,"imageVerified":false,"persIDVerifie d":false,"profileVerified":false,"emailVerifiedAtleastOnce":false,"profVerifSource" :0,"persVerifSource":0,"uniqueID":"1580121724547","payloadType":"full"},"defaultRol e":"Passenger","confirmtype":false,"uniqueID":"pro_611621701","msgObjType":"pro","p ayloadType":"full"}, IS_USER_NOTIFICATION=false, MQTT_TOPIC_NAME=userMsg/80505609211004}
01-27 16:12:04.398 15461 17104 D com.disha.quickride.androidapp.notification.QuickRideGCMIntentService: New GCM message received : {MsgClassName=com.disha.quickride.domain.model.UserProfile, MsgObject={"id":80505609211004,"userName":"Yash Ahuja","emailforcommunication":"[email protected]","gender":"M","regMailSent": false,"verificationstatus":false,"rating":0.0,"noofridesaspassenger":0,"noofridesas rider":0,"noOfReviews":0,"onTimeComplianceRating":0,"profileVerificationData": {"userId":80505609211004,"emailVerified":false,"imageVerified":false,"persIDVerifie d":false,"profileVerified":false,"emailVerifiedAtleastOnce":false,"profVerifSource" :0,"persVerifSource":0,"uniqueID":"1580121724547","payloadType":"full"},"defaultRol e":"Passenger","confirmtype":false,"uniqueID":"pro_611621701","msgObjType":"pro","p ayloadType":"full"}, IS_USER_NOTIFICATION=false, MQTT_TOPIC_NAME=userMsg/80505609211004}
01-27 16:12:04.399 15461 17104 E NetcoreSDK: Error: Unterminated object at character 757 of {MsgClassName=com.disha.quickride.domain.model.UserProfile, MsgObject={"id":80505609211004,"userName":"Yash Ahuja","emailforcommunication":"[email protected]","gender":"M","regMailSent": false,"verificationstatus":false,"rating":0.0,"noofridesaspassenger":0,"noofridesas rider":0,"noOfReviews":0,"onTimeComplianceRating":0,"profileVerificationData": {"userId":80505609211004,"emailVerified":false,"imageVerified":false,"persIDVerifie d":false,"profileVerified":false,"emailVerifiedAtleastOnce":false,"profVerifSource" :0,"persVerifSource":0,"uniqueID":"1580121724547","payloadType":"full"},"defaultRol e":"Passenger","confirmtype":false,"uniqueID":"pro_611621701","msgObjType":"pro","p ayloadType":"full"}, IS_USER_NOTIFICATION=false, MQTT_TOPIC_NAME=userMsg/80505609211004}
01-27 16:12:04.399 15461 17104 E NetcoreSDK: Error: Unterminated object at character 757 of {MsgClassName=com.disha.quickride.domain.model.UserProfile, MsgObject={"id":80505609211004,"userName":"Yash Ahuja","emailforcommunication":"[email protected]","gender":"M","regMailSent": false,"verificationstatus":false,"rating":0.0,"noofridesaspassenger":0,"noofridesas rider":0,"noOfReviews":0,"onTimeComplianceRating":0,"profileVerificationData": {"userId":80505609211004,"emailVerified":false,"imageVerified":false,"persIDVerifie d":false,"profileVerified":false,"emailVerifiedAtleastOnce":false,"profVerifSource" :0,"persVerifSource":0,"uniqueID":"1580121724547","payloadType":"full"},"defaultRol e":"Passenger","confirmtype":false,"uniqueID":"pro_611621701","msgObjType":"pro","p ayloadType":"full"}, IS_USER_NOTIFICATION=false, MQTT_TOPIC_NAME=userMsg/80505609211004}
01-27 16:12:04.399 15461 17104 D com.disha.quickride.androidapp.notification.QuickRideGCMIntentService: Not handled by NetCore
01-27 16:12:04.399 15461 17104 D com.disha.quickride.androidapp.notification.QuickRideGCMIntentService: Processing new GCM Message : Bundle[{MsgClassName=com.disha.quickride.domain.model.UserProfile, MsgObject={"id":80505609211004,"userName":"Yash Ahuja","emailforcommunication":"[email protected]","gender":"M","regMailSent": false,"verificationstatus":false,"rating":0.0,"noofridesaspassenger":0,"noofridesas rider":0,"noOfReviews":0,"onTimeComplianceRating":0,"profileVerificationData": {"userId":80505609211004,"emailVerified":false,"imageVerified":false,"persIDVerifie d":false,"profileVerified":false,"emailVerifiedAtleastOnce":false,"profVerifSource" :0,"persVerifSource":0,"uniqueID":"1580121724547","payloadType":"full"},"defaultRol e":"Passenger","confirmtype":false,"uniqueID":"pro_611621701","msgObjType":"pro","p ayloadType":"full"}, IS_USER_NOTIFICATION=false, MQTT_TOPIC_NAME=userMsg/80505609211004}]
01-27 16:12:04.399 15461 17104 D com.disha.quickride.androidapp.notification.QuickRideGCMIntentService: Not handled by NetCore
01-27 16:12:04.399 15461 17104 D com.disha.quickride.androidapp.notification.QuickRideGCMIntentService: Processing new GCM Message : Bundle[{MsgClassName=com.disha.quickride.domain.model.UserProfile, MsgObject={"id":80505609211004,"userName":"Yash Ahuja","emailforcommunication":"[email protected]","gender":"M","regMailSent": false,"verificationstatus":false,"rating":0.0,"noofridesaspassenger":0,"noofridesas rider":0,"noOfReviews":0,"onTimeComplianceRating":0,"profileVerificationData": {"userId":80505609211004,"emailVerified":false,"imageVerified":false,"persIDVerifie d":false,"profileVerified":false,"emailVerifiedAtleastOnce":false,"profVerifSource" :0,"persVerifSource":0,"uniqueID":"1580121724547","payloadType":"full"},"defaultRol e":"Passenger","confirmtype":false,"uniqueID":"pro_611621701","msgObjType":"pro","p ayloadType":"full"}, IS_USER_NOTIFICATION=false, MQTT_TOPIC_NAME=userMsg/80505609211004}]
01-27 16:12:04.399 15461 17104 I com.disha.quickride.androidapp.event.RideMgmtEventServiceProxy: MQTT Message received [{"id":80505609211004,"userName":"Yash Ahuja","emailforcommunication":"[email protected]","gender":"M","regMailSent": false,"verificationstatus":false,"rating":0.0,"noofridesaspassenger":0,"noofridesas rider":0,"noOfReviews":0,"onTimeComplianceRating":0,"profileVerificationData": {"userId":80505609211004,"emailVerified":false,"imageVerified":false,"persIDVerifie d":false,"profileVerified":false,"emailVerifiedAtleastOnce":false,"profVerifSource" :0,"persVerifSource":0,"uniqueID":"1580121724547","payloadType":"full"},"defaultRol e":"Passenger","confirmtype":false,"uniqueID":"pro_611621701","msgObjType":"pro","p ayloadType":"full"}] from topic [userMsg/80505609211004]
01-27 16:12:04.399 15461 17104 I com.disha.quickride.androidapp.event.RideMgmtEventServiceProxy: MQTT Message received [{"id":80505609211004,"userName":"Yash Ahuja","emailforcommunication":"[email protected]","gender":"M","regMailSent": false,"verificationstatus":false,"rating":0.0,"noofridesaspassenger":0,"noofridesas rider":0,"noOfReviews":0,"onTimeComplianceRating":0,"profileVerificationData": {"userId":80505609211004,"emailVerified":false,"imageVerified":false,"persIDVerifie d":false,"profileVerified":false,"emailVerifiedAtleastOnce":false,"profVerifSource" :0,"persVerifSource":0,"uniqueID":"1580121724547","payloadType":"full"},"defaultRol e":"Passenger","confirmtype":false,"uniqueID":"pro_611621701","msgObjType":"pro","p ayloadType":"full"}] from topic [userMsg/80505609211004]
01-27 16:12:04.448 15461 16011 D com.disha.quickride.androidapp.event.EventServiceUtils: Parsing new message : {"id":80505609211004,"userName":"Yash Ahuja","emailforcommunication":"[email protected]","gender":"M","regMailSent": false,"verificationstatus":false,"rating":0.0,"noofridesaspassenger":0,"noofridesas rider":0,"noOfReviews":0,"onTimeComplianceRating":0,"profileVerificationData": {"userId":80505609211004,"emailVerified":false,"imageVerified":false,"persIDVerifie d":false,"profileVerified":false,"emailVerifiedAtleastOnce":false,"profVerifSource" :0,"persVerifSource":0,"uniqueID":"1580121724547","payloadType":"full"},"defaultRol e":"Passenger","confirmtype":false,"uniqueID":"pro_611621701","msgObjType":"pro","p ayloadType":"full"}
01-27 16:12:04.448 15461 16011 D com.disha.quickride.androidapp.event.EventServiceUtils: Parsing new message : {"id":80505609211004,"userName":"Yash Ahuja","emailforcommunication":"[email protected]","gender":"M","regMailSent": false,"verificationstatus":false,"rating":0.0,"noofridesaspassenger":0,"noofridesas rider":0,"noOfReviews":0,"onTimeComplianceRating":0,"profileVerificationData": {"userId":80505609211004,"emailVerified":false,"imageVerified":false,"persIDVerifie d":false,"profileVerified":false,"emailVerifiedAtleastOnce":false,"profVerifSource" :0,"persVerifSource":0,"uniqueID":"1580121724547","payloadType":"full"},"defaultRol e":"Passenger","confirmtype":false,"uniqueID":"pro_611621701","msgObjType":"pro","p ayloadType":"full"}
01-27 16:12:04.454 15461 16011 D com.disha.quickride.androidapp.usermgmt.profile.ProfileUpdateListener: Processing of new message
01-27 16:12:04.454 15461 16011 I com.disha.quickride.androidapp.usermgmt.cache.UserDataCache: storing of profile dynamic changes
01-27 16:12:04.454 15461 16011 D com.disha.quickride.androidapp.usermgmt.profile.ProfileUpdateListener: Processing of new message
01-27 16:12:04.454 15461 16011 I com.disha.quickride.androidapp.usermgmt.cache.UserDataCache: storing of profile dynamic changes
01-27 16:12:04.455 15461 16011 I com.disha.quickride.androidapp.usermgmt.cache.UserDataCache: storing of profileVerificationData
01-27 16:12:04.455 15461 16011 I com.disha.quickride.androidapp.usermgmt.cache.UserDataCache: storing of profileVerificationData
01-27 16:12:04.455 15461 16011 D com.disha.quickride.androidapp.event.RideMgmtEventServiceProxy: Marking message as processed : [B@fc1ef1d
01-27 16:12:04.455 15461 16011 D com.disha.quickride.androidapp.event.RideMgmtEventServiceProxy: Marking message as processed : [B@fc1ef1d
01-27 16:12:04.459 15461 15652 D com.disha.quickride.androidapp.common.AndroidRestClient.AndroidClientLogger: RestClient.callService with httpRequestMethod = PUT
01-27 16:12:04.459 15461 15652 D com.disha.quickride.androidapp.common.AndroidRestClient.AndroidClientLogger: RestClient.callService with httpRequestMethod = PUT
01-27 16:12:04.562 15461 15652 D com.disha.quickride.androidapp.common.AndroidRestClient.AndroidClientLogger: RestClient.callService response code : 200
01-27 16:12:04.562 15461 15652 D com.disha.quickride.androidapp.common.AndroidRestClient.AndroidClientLogger: RestClient.callService response code : 200
01-27 16:12:04.660 15461 15770 D SlaveNetworkWorker: not matched: 1
01-27 16:12:04.660 15461 15770 D SlaveNetworkWorker: not matched: 1
01-27 16:12:04.664 15461 15769 D SlaveNetworkWorker: not matched: 1
01-27 16:12:04.664 15461 15769 D SlaveNetworkWorker: not matched: 1
01-27 16:12:04.666 15461 15768 D SlaveNetworkWorker: not matched: 1
01-27 16:12:04.666 15461 15768 D SlaveNetworkWorker: not matched: 1
01-27 16:12:04.677 15461 17096 I AppsFlyer_4.9.0: IMEI was not collected.
01-27 16:12:04.678 15461 17096 I AppsFlyer_4.9.0: Android ID was not collected.
01-27 16:12:04.677 15461 17096 I AppsFlyer_4.9.0: IMEI was not collected.
01-27 16:12:04.678 15461 17096 I AppsFlyer_4.9.0: Android ID was not collected.
01-27 16:12:04.685 15461 15461 I TextToSpeech: Connected to ComponentInfo{com.google.android.tts/com.google.android.tts.service.GoogleTTSServic e}
01-27 16:12:04.685 15461 15461 I TextToSpeech: Connected to ComponentInfo{com.google.android.tts/com.google.android.tts.service.GoogleTTSServic e}
01-27 16:12:04.687 15461 16855 I TextToSpeech: Set up connection to ComponentInfo{com.google.android.tts/com.google.android.tts.service.GoogleTTSServic e}
01-27 16:12:04.687 15461 16855 I TextToSpeech: Set up connection to ComponentInfo{com.google.android.tts/com.google.android.tts.service.GoogleTTSServic e}
01-27 16:12:04.688 15461 17096 I AppsFlyer_4.9.0: AppsFlyer: first launch date: 2020-01-27_103941+0000
01-27 16:12:04.688 15461 17096 I AppsFlyer_4.9.0: AppsFlyer: first launch date: 2020-01-27_103941+0000
01-27 16:12:04.688 15461 17096 D AppsFlyer_4.9.0: didConfigureTokenRefreshService=false
01-27 16:12:04.688 15461 17096 D AppsFlyer_4.9.0: didConfigureTokenRefreshService=false
01-27 16:12:04.690 15461 17096 I AppsFlyer_4.9.0: AppsFlyerLib.sendTrackingWithEvent
01-27 16:12:04.690 15461 17096 I AppsFlyer_4.9.0: AppsFlyerLib.sendTrackingWithEvent
01-27 16:12:04.693 15461 17096 I AppsFlyer_4.9.0: url: https://events.appsflyer.com/api/v4/androidevent? buildnumber=4.9.0&app_id=com.disha.quickride
01-27 16:12:04.693 15461 17096 I AppsFlyer_4.9.0: url: https://events.appsflyer.com/api/v4/androidevent? buildnumber=4.9.0&app_id=com.disha.quickride
01-27 16:12:04.693 15461 17096 I AppsFlyer_4.9.0: data: {"country":"","af_timestamp":"1580121724160","appsflyerKey":"s********************m ","af_events_api":"1","isFirstCall":"false","registeredUninstall":true,"operator":" airtel","network":"MOBILE","af_v2":"056c92ce7a65bb2e73160f60fe3f80bd7ed90235","uid" :"1580121578867- 3762180197533250658","eventValue":"{\"preferredRole\":\"RideTaker\"}","isGaidWithGp s":"true","lang_code":"en","installDate":"2020-01- 27_103818+0000","app_version_code":"392","firstLaunchDate":"2020-01- 27_103941+0000","ivc":false,"eventName":"UserSelectedRole","model":"GM1901","lang": "English","brand":"OnePlus","deviceType":"user","product":"OnePlus7","deviceData": {"cpu_abi":"arm64-v8a","build_display_id":"GM1901_14_191007","dim": {"size":"2","ydp":"409.903","xdp":"403.411","y_px":"2134","x_px":"1080","d_dpi":"42 0"},"arch":"","cpu_abi2":""},"installer_package":"com.android.vending","date2":"202 0-01-27_103818+0000","counter":"5","date1":"2020-01- 27_103818+0000","advertiserId":"faffb339-3913-4b71-a9e8- 48eaac69539f","advertiserIdEnabled":"true","referrer":"utm_source=(not %20set)&utm_medium=(not %20set)","af_v":"2d71ba193160043a74171b4637cd0fe7e1bd5b3d","carrier":"airtel","af_p reinstalled":"false","iaecounter":"8","tokenRefreshConfigured":false,"af_gcm_token" :"eguMVjeN_q0:APA91bGCu6T_3PfNJncyQzww1FvV08zhdoJjCGXzznTp9j_tUNXOcDg_-- kv1gul2gmReQmo1AG1QxQvRhC9stl0GmJIaXtw2oMYaAVennaacfYVjZag2MxrV6AO90ETnL02B2b4FFVC" ,"sdk":"29","fb":"d97bfaf6-0352-4a71-bae0- 9aa184401bdb","app_version_name":"9.42","device":"OnePlus7","prev_event":"{\"prev_e vent_timestamp\":\"1580121724195\",\"prev_event_value\":\"{\\\"isFromDrawer\\\":fal se,\\\"organizationName\\\":null,\\\"organizationEmail\\\":null}\",\"prev_event_nam e\":\"UserProfessionDetails\"}","kef4d61":"f77e056f91b963e748181c180c531a0d5918180d 5a1f1e","platformextension":"android_native","cksm_v1":"ef7032526d30765b4f018c1247f 5ff5d45"}
