06-12 05:18:30.637 9114 9349 E Perf : getFolderSize() : Exception_1 = java.lang.NullPointerException: Attempt to get length of null array
06-12 05:18:30.637 9114 9349 E Perf : Fail to get file list oat
06-12 05:18:30.637 9114 9349 E Perf : getFolderSize() : Exception_1 = java.lang.NullPointerException: Attempt to get length of null array
06-12 05:18:30.700 9114 9203 I disha.quickrid: Waiting for a blocking GC ClassLinker
06-12 05:18:30.790 9114 9354 I disha.quickrid: Waiting for a blocking GC AddRemoveAppImageSpace
06-12 05:18:30.937 9114 9298 I ApxorSDK: ApxorSDK(v263) successfully initialized for: d25af8de489a0ca420f9540aed14013a
06-12 05:18:30.975 9114 9203 I disha.quickrid: WaitForGcToComplete blocked ClassLinker on AddRemoveAppImageSpace for 274.891ms
06-12 05:18:30.978 9114 9354 I disha.quickrid: WaitForGcToComplete blocked AddRemoveAppImageSpace on ClassLinker for 187.749ms
06-12 05:18:31.099 9114 9207 E GraphResponse: {HttpStatus: 400, errorCode: 43003, subErrorCode: -1, errorType: OAuthException, errorMessage: (#43003) App button auto detection is disabled}
06-12 05:18:31.143 9114 9203 V NativeCrypto: Registering com/google/android/gms/org/conscrypt/NativeCrypto's 286 native methods...
06-12 05:18:31.613 9114 9203 I ProviderInstaller: Installed default security provider GmsCore_OpenSSL
06-12 05:18:31.619 9114 9114 D com.disha.quickride.androidapp.startup.QuickRideApplication: ProviderInstaller.installIfNeededAsync onProviderInstalled
06-12 05:18:31.622 9114 9114 I cr_LibraryLoader: Loaded native library version number "83.0.4103.101"
06-12 05:18:31.623 9114 9114 I cr_CachingUmaRecorder: Flushed 3 samples from 3 histograms.
06-12 05:18:32.040 9114 9346 D com.disha.quickride.androidapp.startup.session.SessionManager: Performing session change operation on com.disha.quickride.androidapp.event.EventModuleSessionManager@240d1bf
06-12 05:18:32.040 9114 9346 D com.disha.quickride.androidapp.event.AwsIotEventServiceConnection: 80505588231167 : Creating AwsIotEventServiceConnection to connect to a1xn41v6vdshwm-ats.iot.ap- south-1.amazonaws.com
06-12 05:18:32.071 9114 9346 D com.disha.quickride.androidapp.event.AwsIotEventServiceConnection: l80505588231167 : Creating AwsIotEventServiceConnection to connect to a1xn41v6vdshwm-ats.iot.ap-south-1.amazonaws.com
06-12 05:18:32.071 9114 9346 D com.disha.quickride.androidapp.startup.session.SessionManager: Performing session change operation on com.disha.quickride.androidapp.ridemgmt.RideMgmtModuleSessionHandler@7970851
06-12 05:18:32.071 9114 9346 I com.disha.quickride.androidapp.ridemgmt.RideMgmtModuleSessionHandler: resumeBasicUserSession
06-12 05:18:32.229 9114 9354 D b : getData: response code:200
06-12 05:18:32.230 9114 9354 D b : POST: https://pn.netcoresmartech.com/pn_register -> {"appid":"d25af8de489a0ca420f9540aed14013a","pushid":"d82d1d94-0714-4d0c-8135- 1e5d4fa2961a","identity":"80505588231167","ostype":"Android","make":"OnePlus","mode l":"ONEPLUS A6010","osversion":"10","appname":"Quick Ride","appversion":"9.99","sdkversion":"2.2.4","cts":200612051829,"lat":null,"lng": null,"adid":"","oldToken":"d9DPXCxVmMU:APA91bElxdx8E06pkTtaELXYEtsvRVk_Ck- h8aLPml_ePbBf9b1_ZH4Fw9fqprHEhekpasxB74oDlUYSOkmsH- 5vB6S5x9YlOEjaOqgxhMTqJXRVuQcppRwbp1Ep80m32JK_7jedPTMS","sessionid":"1591919309808" ,"tx":"1591919309883","eventid":"25","token":"d9DPXCxVmMU:APA91bElxdx8E06pkTtaELXYE tsvRVk_Ck-h8aLPml_ePbBf9b1_ZH4Fw9fqprHEhekpasxB74oDlUYSOkmsH- 5vB6S5x9YlOEjaOqgxhMTqJXRVuQcppRwbp1Ep80m32JK_7jedPTMS"} --- 200 OK {"status":"failed","panelStatus":"0"}
06-12 05:18:32.272 9114 9307 I WM-WorkerWrapper: Worker result SUCCESS for Work [ id=1d98dfaf-3030-4e38-9b4e-33d4079fac53, tags={ in.netcore.smartechfcm.workmanager.SlaveNetworkWorker } ]
06-12 05:18:32.334 9114 9346 I com.disha.quickride.androidapp.myrides.cache.MyActiveRidesCache: getting active rides of user after the current time
06-12 05:18:32.334 9114 9346 D com.disha.quickride.androidapp.myrides.cache.MyClosedRidesCache: Loading closed rides from local database
06-12 05:18:32.351 9114 9346 D com.disha.quickride.androidapp.myrides.cache.MyCompletedRidesCachePersistenceHelper : getting all rider rides from databse
06-12 05:18:32.364 9114 9346 D com.disha.quickride.androidapp.myrides.cache.MyCompletedRidesCachePersistenceHelper : getting all passenger rides
06-12 05:18:32.436 9114 9346 D com.disha.quickride.androidapp.myrides.cache.MyCompletedRidesCachePersistenceHelper : getting all regular passenger rides
06-12 05:18:32.445 9114 9346 D com.disha.quickride.androidapp.myrides.cache.MyCompletedRidesCachePersistenceHelper : getting all regular passenger rides
06-12 05:18:32.511 9114 9346 I com.disha.quickride.androidapp.usermgmt.cache.UserDataCache: getting of user name
06-12 05:18:32.511 9114 9346 D com.disha.quickride.androidapp.startup.session.SessionManagerController: Session change operation completed successfully
06-12 05:18:32.511 9114 9346 D com.disha.quickride.androidapp.startup.session.SessionResumeAsyncTask: Session resume operation completed
06-12 05:18:32.511 9114 9346 D com.disha.quickride.androidapp.notification.FCMTokenRegistrationHelper: Getting FCM token to update to server for user : 80505588231167
06-12 05:18:32.511 9114 9346 D com.disha.quickride.androidapp.startup.session.SessionSetupAsyncTask: Session change operation completed successfully
06-12 05:18:32.512 9114 9114 D com.disha.quickride.androidapp.notification.FCMTokenRegistrationHelper: FCM token for userId : 80505588231167 is : d9DPXCxVmMU:APA91bElxdx8E06pkTtaELXYEtsvRVk_Ck- h8aLPml_ePbBf9b1_ZH4Fw9fqprHEhekpasxB74oDlUYSOkmsH- 5vB6S5x9YlOEjaOqgxhMTqJXRVuQcppRwbp1Ep80m32JK_7jedPTMS
06-12 05:18:32.512 9114 9346 D com.disha.quickride.androidapp.startup.session.SessionManagerController: Stopping WatchdogService
06-12 05:18:32.513 9114 9633 D com.disha.quickride.androidapp.notification.FCMTokenRegistrationAsyncTask: Updating client device id to server : d9DPXCxVmMU:APA91bElxdx8E06pkTtaELXYEtsvRVk_Ck- h8aLPml_ePbBf9b1_ZH4Fw9fqprHEhekpasxB74oDlUYSOkmsH- 5vB6S5x9YlOEjaOqgxhMTqJXRVuQcppRwbp1Ep80m32JK_7jedPTMS
06-12 05:18:32.519 9114 9346 D com.disha.quickride.androidapp.startup.session.SessionManagerController: Cancelling alarm that was set to check watchdog service
06-12 05:18:32.523 9114 9632 D com.disha.quickride.androidapp.startup.session.SetUserIdIdentifierToFabricAsyncTask : UserId set to Fabric
06-12 05:18:32.535 9114 9346 D com.disha.quickride.androidapp.startup.session.SessionSetupAsyncTask: Session change operation took 2257 ms
06-12 05:18:32.845 9114 9633 D com.disha.quickride.androidapp.retrofitSetup.RetrofitUtils: OkHttp200 [Ljava.lang.String;@ee17e4f
06-12 05:18:32.845 9114 9633 D com.disha.quickride.androidapp.retrofitSetup.RetrofitUtils: OkHttp200 [Ljava.lang.String;@a9909dc
06-12 05:18:32.868 9114 9690 D com.disha.quickride.androidapp.notification.NotificationUpdateWorker: NotificationUpdateWorker.doWork() started
06-12 05:18:32.999 9114 9690 D com.disha.quickride.androidapp.retrofitSetup.RetrofitUtils: OkHttp200 [Ljava.lang.String;@2d1c56a
06-12 05:18:32.999 9114 9690 D com.disha.quickride.androidapp.retrofitSetup.RetrofitUtils: OkHttp200 [Ljava.lang.String;@7738a5b
06-12 05:18:33.090 9114 9690 D com.disha.quickride.androidapp.retrofitSetup.RetrofitUtils: OkHttp200 [Ljava.lang.String;@7a197c2
06-12 05:18:33.090 9114 9690 D com.disha.quickride.androidapp.retrofitSetup.RetrofitUtils: OkHttp200 [Ljava.lang.String;@e16e9d3
06-12 05:18:33.139 9114 9307 I WM-WorkerWrapper: Worker result SUCCESS for Work [ id=129ca9d6-7879-4614-9463-db5cf993f0a3, tags={ com.disha.quickride.androidapp.notification.NotificationUpdateWorker } ]
06-12 05:18:35.511 9114 9631 D com.disha.quickride.androidapp.event.EventModuleSessionManager: Resuming complete user session
06-12 05:18:35.517 9114 9631 D com.disha.quickride.androidapp.event.EventServicePersistenceHelper: Purging old messages with condition : time <= 1591897715511
06-12 05:18:35.518 9114 9631 D com.disha.quickride.androidapp.event.EventServicePersistenceHelper: No of old messages purged : 0
06-12 05:18:35.521 9114 9631 D com.disha.quickride.androidapp.event.EventServicePersistenceHelper: 0 messages read from persistence
06-12 05:18:35.522 9114 9631 D com.disha.quickride.androidapp.event.RideMgmtEventServiceProxy: Initializing unprocessed messages from persistence
06-12 05:18:35.541 9114 9631 D com.disha.quickride.androidapp.event.EventServicePersistenceHelper: 0 unprocessed messages read from persistence
06-12 05:18:35.548 9114 9631 D com.disha.quickride.androidapp.event.EventServicePersistenceHelper: Purging old messages with condition : time <= 1591897715541
06-12 05:18:35.549 9114 9631 D com.disha.quickride.androidapp.event.EventServicePersistenceHelper: No of old messages purged : 0
06-12 05:18:35.551 9114 9631 D com.disha.quickride.androidapp.event.EventServicePersistenceHelper: 0 messages read from persistence
06-12 05:18:35.551 9114 9631 D com.disha.quickride.androidapp.event.LocationUpdateEventServiceProxy: Initializing unprocessed messages from persistence
06-12 05:18:35.591 9114 9631 D com.disha.quickride.androidapp.event.EventServicePersistenceHelper: 0 unprocessed messages read from persistence
06-12 05:18:35.591 9114 9631 D com.disha.quickride.androidapp.usermgmt.UserMessageListener: subscribeToUserMsgUpdates
06-12 05:18:35.591 9114 9631 D com.disha.quickride.androidapp.event.RideMgmtEventServiceProxy: Adding topic name to subscriptions queue :userMsg/80505588231167
06-12 05:18:35.621 9114 9631 D com.disha.quickride.androidapp.event.EventModuleSessionManager: Establishing event service connection
06-12 05:18:35.622 9114 9631 D com.disha.quickride.androidapp.event.RideMgmtEventServiceProxy: Entering dispatchAllMessagesArrivedBeforeSessionWasInitialized
06-12 05:18:35.642 9114 9631 D com.disha.quickride.androidapp.event.LocationUpdateEventServiceProxy: Entering dispatchAllMessagesArrivedBeforeSessionWasInitialized
06-12 05:18:35.646 9114 10055 D com.disha.quickride.androidapp.event.InitialMessagesDispatchTask: Dispatching initial messages
06-12 05:18:35.646 9114 10057 D com.disha.quickride.androidapp.event.InitialMessagesDispatchTask: Dispatching initial messages
06-12 05:18:35.656 9114 9631 I com.disha.quickride.androidapp.ridemgmt.RideManagementMqttProxy: subscribing to topic of existing rides
06-12 05:18:35.656 9114 9631 I com.disha.quickride.androidapp.ridemgmt.RideManagementMqttProxy: subscribing to topic of existing rider rides
06-12 05:18:35.656 9114 9631 D com.disha.quickride.androidapp.groupchat.RideGroupChatMqttListener: Subscribing to collection of rides
06-12 05:18:35.656 9114 9631 I com.disha.quickride.androidapp.ridemgmt.RideManagementMqttProxy: subscribing to topic of existing passenger rides
06-12 05:18:35.656 9114 9631 D com.disha.quickride.androidapp.groupchat.RideGroupChatMqttListener: Subscribing to collection of rides
06-12 05:18:38.562 9114 9307 I WM-WorkerWrapper: Worker result SUCCESS for Work [ id=f7a78ce6-b2d2-4c82-aca3-192c3a71ea32, tags={ in.netcore.smartechfcm.workmanager.SlaveDBSyncWorker } ] --------- beginning of main
06-12 13:02:20.719 21156 21156 E disha.quickrid: Not starting debugger since process cannot load the jdwp agent.
06-12 13:02:20.759 21156 21156 I disha.quickrid: The ClassLoaderContext is a special shared library.
06-12 13:02:20.825 21156 21156 W disha.quickrid: JIT profile information will not be recorded: profile file does not exits.
06-12 13:02:20.825 21156 21156 W disha.quickrid: JIT profile information will not be recorded: profile file does not exits.
06-12 13:02:20.842 21156 21156 I Perf : Connecting to perf service.
06-12 13:02:20.853 21156 21156 I disha.quickrid: [GL_OOM] ClearGrowthLimit 536870912
06-12 13:02:20.860 21156 21156 D com.disha.quickride.androidapp.startup.QuickRideApplication: QuickRideApplication is instantiated
06-12 13:02:20.864 21156 21156 I MultiDex: VM with version 2.1.0 has multidex support
06-12 13:02:20.865 21156 21156 I MultiDex: Installing application
06-12 13:02:20.865 21156 21156 I MultiDex: VM has multidex support, MultiDex support library is disabled.
06-12 13:02:20.865 21156 21156 I MultiDex: Installing application
06-12 13:02:20.865 21156 21156 I MultiDex: VM has multidex support, MultiDex support library is disabled.
06-12 13:02:20.920 21156 21156 I FirebaseInitProvider: FirebaseApp initialization successful
06-12 13:02:20.924 21156 21156 I CrashlyticsInitProvider: CrashlyticsInitProvider skipping initialization
06-12 13:02:20.951 21156 21184 I FA : App measurement is starting up, version: 15300
06-12 13:02:20.951 21156 21184 I FA : To enable debug logging run: adb shell setprop log.tag.FA VERBOSE
06-12 13:02:20.951 21156 21184 I FA : To enable faster debug mode event logging run:
06-12 13:02:20.951 21156 21184 I FA : adb shell setprop debug.firebase.analytics.app com.disha.quickride
06-12 13:02:20.967 21156 21156 E Apxor : App Id is empty or null, couldn't initialize ApxorSDK
06-12 13:02:20.994 21156 21187 D NetworkSecurityConfig: No Network Security Config specified, using platform default
06-12 13:02:20.995 21156 21156 D com.disha.quickride.androidapp.startup.QuickRideApplication: QuickRideApplication is created
06-12 13:02:20.995 21156 21156 V Font : Change font:1
06-12 13:02:20.995 21156 21187 I DpmTcmClient: RegisterTcmMonitor from: $Proxy0
06-12 13:02:20.995 21156 21156 V Font : Default family:android.graphics.Typeface@4e9c1d53
06-12 13:02:20.996 21156 21156 D com.disha.quickride.androidapp.startup.QuickRideApplication: enabled https protocols null
06-12 13:02:21.058 21156 21156 W Java7Support: Unable to load JDK7 types (annotations, java.nio.file.Path): no Java7 support added
06-12 13:02:21.167 21156 21214 I CrashlyticsCore: Initializing Crashlytics 2.6.8.32
06-12 13:02:21.182 21156 21214 W com.facebook.appevents.AppEventsLogger: activateApp events are being logged automatically. There's no need to call activateApp explicitly, this is safe to remove.
06-12 13:02:21.183 21156 21214 I GAv4 : Google Analytics 12.4.51 is starting up. To enable debug logging on a device run:
06-12 13:02:21.183 21156 21214 I GAv4 : adb shell setprop log.tag.GAv4 DEBUG
06-12 13:02:21.183 21156 21214 I GAv4 : adb logcat -s GAv4
06-12 13:02:21.214 21156 21237 W GAv4 : CampaignTrackingReceiver is not registered, not exported or is disabled. Installation campaign tracking is not possible. See http://goo.gl/8Rd3yj for instructions.
06-12 13:02:21.258 21156 21156 E a : Value of SMT_USE_AD_ID : null
06-12 13:02:21.259 21156 21156 D NetcoreSDK: readConfig: null
06-12 13:02:21.285 21156 21156 I CleverTap: Activity Lifecycle Callback successfully registered
06-12 13:02:21.286 21156 21156 I CleverTap: Account Region not specified in the AndroidManifest - using default region
06-12 13:02:21.298 21156 21156 I CleverTap: CleverTap SDK initialized with accountId: 677-74Z-765Z accountToken: 14a-aa6 accountRegion: null
06-12 13:02:21.299 21156 21156 W Adjust : PRODUCTION: Adjust is running in Production mode. Use this setting only for the build that you want to publish. Set the environment to `sandbox` if you want to test your app!
06-12 13:02:21.300 21156 21156 W Adjust : PRODUCTION: Adjust is running in Production mode. Use this setting only for the build that you want to publish. Set the environment to `sandbox` if you want to test your app!
06-12 13:02:21.300 21156 21247 I CleverTap: SDK Version Code is 30501
06-12 13:02:21.302 21156 21247 I CleverTap: CTPushNotificationReceiver is present
06-12 13:02:21.303 21156 21247 I CleverTap: InstallReferrerBroadcastReceiver is present
06-12 13:02:21.304 21156 21247 I CleverTap: CTNotificationIntentService not present
06-12 13:02:21.305 21156 21247 I CleverTap: CTBackgroundJobService is present
06-12 13:02:21.309 21156 21247 I CleverTap: CTBackgroundIntentService is present
06-12 13:02:21.310 21156 21156 D com.disha.quickride.androidapp.startup.QuickRideApplication: Initializing Session Manager
06-12 13:02:21.317 21156 21247 I CleverTap: InAppNotificationActivity is present
06-12 13:02:21.318 21156 21247 I CleverTap: FcmMessageListenerService not present
06-12 13:02:21.319 21156 21247 I CleverTap: FcmTokenListenerService not present
06-12 13:02:21.325 21156 21254 D com.disha.quickride.androidapp.startup.session.SessionManagerController: Resuming user session
06-12 13:02:21.326 21156 21254 D com.disha.quickride.androidapp.startup.session.SessionManager: Entering createNewSessionManager
06-12 13:02:21.326 21156 21254 D com.disha.quickride.androidapp.startup.session.SessionManager: Found Persistent session for user 80505588231167
06-12 13:02:21.326 21156 21254 D com.disha.quickride.androidapp.startup.session.SessionManager: Entering onResumeUserSession
06-12 13:02:21.326 21156 21254 D com.disha.quickride.androidapp.startup.session.SessionManager: Performing session change operation on com.disha.quickride.androidapp.common.serverConfig.ClientConfigurationModuleSession Manager@81c9ce5
06-12 13:02:21.326 21156 21254 D com.disha.quickride.androidapp.common.serverConfig.ClientConfigurationModuleSession Manager: Resuming basic user session
06-12 13:02:21.329 21156 21188 W DynamiteModule: Local module descriptor class for providerinstaller not found.
06-12 13:02:21.337 21156 21254 D com.disha.quickride.androidapp.startup.session.SessionManager: Performing session change operation on com.disha.quickride.androidapp.usermgmt.UserModuleSessionManager@c5ea71a
06-12 13:02:21.337 21156 21254 D com.disha.quickride.androidapp.usermgmt.UserModuleSessionManager: Resume basic user session
06-12 13:02:21.369 21156 21188 I DynamiteModule: Considering local module providerinstaller:0 and remote module providerinstaller:0
06-12 13:02:21.369 21156 21188 W ProviderInstaller: Failed to load providerinstaller module: No acceptable module found. Local version is 0 and remote version is 0.
06-12 13:02:21.372 21156 21188 I disha.quickrid: The ClassLoaderContext is a special shared library.
06-12 13:02:21.383 21156 21247 I CleverTap:677-74Z-765Z: Notification channel promopush has been created
06-12 13:02:21.383 21156 21247 I CleverTap:677-74Z-765Z: Notification channel offerspush has been created
06-12 13:02:21.383 21156 21247 I CleverTap:677-74Z-765Z: Notification channel notifypush has been created
06-12 13:02:21.393 21156 21188 I disha.quickrid: The ClassLoaderContext is a special shared library.
06-12 13:02:21.421 21156 21188 V NativeCrypto: Registering com/google/android/gms/org/conscrypt/NativeCrypto's 286 native methods...
06-12 13:02:21.451 21156 21188 I ProviderInstaller: Installed default security provider GmsCore_OpenSSL
06-12 13:02:21.451 21156 21258 D SlaveNetworkWorker: not matched:
06-12 13:02:21.483 21156 21258 I WebViewFactory: Loading com.google.android.webview version 83.0.4103.101 (code 410410183)
06-12 13:02:21.495 21156 21156 D com.disha.quickride.androidapp.startup.QuickRideApplication: ProviderInstaller.installIfNeededAsync onProviderInstalled
06-12 13:02:21.515 21156 21195 W AnalyticsUserIDStore: initStore should have been called before calling setUserID
06-12 13:02:21.527 21156 21195 W UserDataStore: initStore should have been called before calling setUserID
06-12 13:02:21.536 21156 21260 D com.disha.quickride.androidapp.notification.QuickRideGCMIntentService: New GCM message received : {wzrk_acct_id=677-74Z-765Z, nm="Just checking in, hope you didn't forget about me" - Friday 😉
06-12 13:02:21.536 21156 21260 D com.disha.quickride.androidapp.notification.QuickRideGCMIntentService:
06-12 13:02:21.536 21156 21260 D com.disha.quickride.androidapp.notification.QuickRideGCMIntentService: Travel safely back home with Quick Ride ✅🚗, nt=Hi, it's me again! 🙌, pr=, wzrk_pivot=wzrk_default, wzrk_cid=offers, wzrk_clr=#008a41, wzrk_pid=1591938687, wzrk_rnv=true, wzrk_ttl=1591975942, wzrk_push_amp=false, wzrk_bc=, wzrk_bi=2, wzrk_dt=FIREBASE, wzrk_id=1591938687_20200612, wzrk_pn=true}
06-12 13:02:21.537 21156 21260 E NetcoreSDK: Error: Unterminated object at character 84 of {wzrk_acct_id=677-74Z-765Z, nm="Just checking in, hope you didn't forget about me" - Friday 😉
06-12 13:02:21.537 21156 21260 E NetcoreSDK:
06-12 13:02:21.537 21156 21260 E NetcoreSDK: Travel safely back home with Quick Ride ✅🚗, nt=Hi, it's me again! 🙌, pr=, wzrk_pivot=wzrk_default, wzrk_cid=offers, wzrk_clr=#008a41, wzrk_pid=1591938687, wzrk_rnv=true, wzrk_ttl=1591975942, wzrk_push_amp=false, wzrk_bc=, wzrk_bi=2, wzrk_dt=FIREBASE, wzrk_id=1591938687_20200612, wzrk_pn=true}
06-12 13:02:21.559 21156 21247 D IconPackHelper: IconPack com.oneplus.iconpack.oneplus was loaded !
06-12 13:02:21.601 21156 21255 E Perf : Fail to get file list com.disha.quickride
06-12 13:02:21.601 21156 21255 E Perf : getFolderSize() : Exception_1 = java.lang.NullPointerException: Attempt to get length of null array
06-12 13:02:21.601 21156 21255 E Perf : Fail to get file list oat
06-12 13:02:21.602 21156 21255 E Perf : getFolderSize() : Exception_1 = java.lang.NullPointerException: Attempt to get length of null array
06-12 13:02:21.628 21156 21156 I cr_LibraryLoader: Loaded native library version number "83.0.4103.101"
06-12 13:02:21.628 21156 21156 I cr_CachingUmaRecorder: Flushed 3 samples from 3 histograms.
06-12 13:02:21.735 21156 21240 I ApxorSDK: ApxorSDK(v263) successfully initialized for: d25af8de489a0ca420f9540aed14013a
06-12 13:02:21.736 21156 21254 D com.disha.quickride.androidapp.startup.session.SessionManager: Performing session change operation on com.disha.quickride.androidapp.event.EventModuleSessionManager@275be48
06-12 13:02:21.736 21156 21254 D com.disha.quickride.androidapp.event.AwsIotEventServiceConnection: 80505588231167 : Creating AwsIotEventServiceConnection to connect to a1xn41v6vdshwm-ats.iot.ap- south-1.amazonaws.com
06-12 13:02:21.739 21156 21254 D com.disha.quickride.androidapp.event.AwsIotEventServiceConnection: l80505588231167 : Creating AwsIotEventServiceConnection to connect to a1xn41v6vdshwm-ats.iot.ap-south-1.amazonaws.com
06-12 13:02:21.739 21156 21254 D com.disha.quickride.androidapp.startup.session.SessionManager: Performing session change operation on com.disha.quickride.androidapp.ridemgmt.RideMgmtModuleSessionHandler@52890c7
06-12 13:02:21.739 21156 21254 I com.disha.quickride.androidapp.ridemgmt.RideMgmtModuleSessionHandler: resumeBasicUserSession
06-12 13:02:21.846 21156 21254 I com.disha.quickride.androidapp.myrides.cache.MyActiveRidesCache: getting active rides of user after the current time
06-12 13:02:21.846 21156 21254 D com.disha.quickride.androidapp.myrides.cache.MyClosedRidesCache: Loading closed rides from local database
06-12 13:02:21.857 21156 21254 D com.disha.quickride.androidapp.myrides.cache.MyCompletedRidesCachePersistenceHelper : getting all rider rides from databse
06-12 13:02:21.871 21156 21262 D b : Get: https://pa.netcoresmartech.com/getnotifications? sdkversion=2.2.4&appid=d25af8de489a0ca420f9540aed14013a&guid=d82d1d94-0714-4d0c- 8135-1e5d4fa2961a<s=1591894122&type=android -> --- 200 OK {"pa_enable":"0","notifications":[],"pa_freq":"1300"}
06-12 13:02:21.874 21156 21254 D com.disha.quickride.androidapp.myrides.cache.MyCompletedRidesCachePersistenceHelper : getting all passenger rides
06-12 13:02:21.880 21156 21254 D com.disha.quickride.androidapp.myrides.cache.MyCompletedRidesCachePersistenceHelper : getting all regular passenger rides
06-12 13:02:21.887 21156 21254 D com.disha.quickride.androidapp.myrides.cache.MyCompletedRidesCachePersistenceHelper : getting all regular passenger rides
06-12 13:02:21.912 21156 21254 I com.disha.quickride.androidapp.usermgmt.cache.UserDataCache: getting of user name
06-12 13:02:21.913 21156 21254 D com.disha.quickride.androidapp.startup.session.SessionManagerController: Session change operation completed successfully
06-12 13:02:21.913 21156 21254 D com.disha.quickride.androidapp.startup.session.SessionResumeAsyncTask: Session resume operation completed
06-12 13:02:21.913 21156 21254 D com.disha.quickride.androidapp.notification.FCMTokenRegistrationHelper: Getting FCM token to update to server for user : 80505588231167
06-12 13:02:21.913 21156 21254 D com.disha.quickride.androidapp.startup.session.SessionSetupAsyncTask: Session change operation completed successfully
06-12 13:02:21.913 21156 21351 D com.disha.quickride.androidapp.startup.session.SetUserIdIdentifierToFabricAsyncTask : UserId set to Fabric
06-12 13:02:21.913 21156 21156 D com.disha.quickride.androidapp.notification.FCMTokenRegistrationHelper: FCM token for userId : 80505588231167 is : d9DPXCxVmMU:APA91bElxdx8E06pkTtaELXYEtsvRVk_Ck- h8aLPml_ePbBf9b1_ZH4Fw9fqprHEhekpasxB74oDlUYSOkmsH- 5vB6S5x9YlOEjaOqgxhMTqJXRVuQcppRwbp1Ep80m32JK_7jedPTMS
06-12 13:02:21.913 21156 21254 D com.disha.quickride.androidapp.startup.session.SessionManagerController: Stopping WatchdogService
06-12 13:02:21.914 21156 21254 D com.disha.quickride.androidapp.startup.session.SessionManagerController: Cancelling alarm that was set to check watchdog service
06-12 13:02:21.918 21156 21254 D com.disha.quickride.androidapp.startup.session.SessionSetupAsyncTask: Session change operation took 593 ms
06-12 13:02:21.928 21156 21352 D com.disha.quickride.androidapp.notification.FCMTokenRegistrationAsyncTask: Updating client device id to server : d9DPXCxVmMU:APA91bElxdx8E06pkTtaELXYEtsvRVk_Ck- h8aLPml_ePbBf9b1_ZH4Fw9fqprHEhekpasxB74oDlUYSOkmsH- 5vB6S5x9YlOEjaOqgxhMTqJXRVuQcppRwbp1Ep80m32JK_7jedPTMS
06-12 13:02:22.162 21156 21258 D b : getData: response code:200
06-12 13:02:22.163 21156 21258 D b : POST: https://pn.netcoresmartech.com/pn_register -> {"appid":"d25af8de489a0ca420f9540aed14013a","pushid":"d82d1d94-0714-4d0c-8135- 1e5d4fa2961a","identity":"80505588231167","ostype":"Android","make":"OnePlus","mode l":"ONEPLUS A6010","osversion":"10","appname":"Quick Ride","appversion":"9.99","sdkversion":"2.2.4","cts":200612130221,"lat":null,"lng": null,"adid":"","oldToken":"d9DPXCxVmMU:APA91bElxdx8E06pkTtaELXYEtsvRVk_Ck- h8aLPml_ePbBf9b1_ZH4Fw9fqprHEhekpasxB74oDlUYSOkmsH- 5vB6S5x9YlOEjaOqgxhMTqJXRVuQcppRwbp1Ep80m32JK_7jedPTMS","sessionid":"1591947141170" ,"tx":"1591947141193","eventid":"25","token":"d9DPXCxVmMU:APA91bElxdx8E06pkTtaELXYE tsvRVk_Ck-h8aLPml_ePbBf9b1_ZH4Fw9fqprHEhekpasxB74oDlUYSOkmsH- 5vB6S5x9YlOEjaOqgxhMTqJXRVuQcppRwbp1Ep80m32JK_7jedPTMS"} --- 200 OK {"status":"failed","panelStatus":"0"}
06-12 13:02:22.168 21156 21185 I WM-WorkerWrapper: Worker result SUCCESS for Work [ id=56adea11-4d16-4529-a134-2abd12ad41a2, tags={ in.netcore.smartechfcm.workmanager.SlaveNetworkWorker } ]
06-12 13:02:22.222 21156 21357 D com.disha.quickride.androidapp.notification.NotificationUpdateWorker: NotificationUpdateWorker.doWork() started
06-12 13:02:22.247 21156 21191 E GraphResponse: {HttpStatus: 400, errorCode: 43003, subErrorCode: -1, errorType: OAuthException, errorMessage: (#43003) App button auto detection is disabled}
06-12 13:02:22.411 21156 21357 D com.disha.quickride.androidapp.retrofitSetup.RetrofitUtils: OkHttp401 [Ljava.lang.String;@4f01627
06-12 13:02:22.417 21156 21357 E com.disha.quickride.androidapp.common.AndroidRestClient.AndroidClientLogger: RestResponse.processResponseErrorToProperException Error obj there [errorCode: 9994 ][httpStatusCode: 401 ][developerMsg: ][userMsg: Client request error ] [hintForCorrection: Please recheck the operation ][extraInfo: {} ]
06-12 13:02:22.418 21156 21357 D com.disha.quickride.androidapp.retrofitSetup.RetrofitUtils: OkHttp401 [Ljava.lang.String;@6137572
06-12 13:02:22.420 21156 21357 E com.disha.quickride.androidapp.retrofitSetup.RetrofitClientInstance: Error in makeHttpCall
06-12 13:02:22.420 21156 21357 E com.disha.quickride.androidapp.retrofitSetup.RetrofitClientInstance: java.io.IOException: stream closed
06-12 13:02:22.420 21156 21357 E com.disha.quickride.androidapp.retrofitSetup.RetrofitClientInstance: at okhttp3.internal.http2.Http2Stream$FramingSource.read(SourceFile:372)
06-12 13:02:22.420 21156 21357 E com.disha.quickride.androidapp.retrofitSetup.RetrofitClientInstance: at okhttp3.internal.http2.Http2Codec$StreamFinishingSource.read(SourceFile:205)
06-12 13:02:22.420 21156 21357 E com.disha.quickride.androidapp.retrofitSetup.RetrofitClientInstance: at ejt.a(SourceFile:176)
06-12 13:02:22.420 21156 21357 E com.disha.quickride.androidapp.retrofitSetup.RetrofitClientInstance: at elp.a(SourceFile:322)
06-12 13:02:22.420 21156 21357 E com.disha.quickride.androidapp.retrofitSetup.RetrofitClientInstance: at ele.a(SourceFile:211)
06-12 13:02:22.420 21156 21357 E com.disha.quickride.androidapp.retrofitSetup.RetrofitClientInstance: at ele.a(SourceFile:188)
06-12 13:02:22.420 21156 21357 E com.disha.quickride.androidapp.retrofitSetup.RetrofitClientInstance: at ekz$a.a(SourceFile:104)
06-12 13:02:22.420 21156 21357 E com.disha.quickride.androidapp.retrofitSetup.RetrofitClientInstance: at com.disha.quickride.androidapp.retrofitSetup.RetrofitClientInstance.makeHttpCall(So urceFile:211)
06-12 13:02:22.420 21156 21357 E com.disha.quickride.androidapp.retrofitSetup.RetrofitClientInstance: at com.disha.quickride.androidapp.retrofitSetup.RetrofitClientInstance.makeHttpGetCall (SourceFile:147)
06-12 13:02:22.420 21156 21357 E com.disha.quickride.androidapp.retrofitSetup.RetrofitClientInstance: at com.disha.quickride.androidapp.retrofitSetup.RetrofitClientInstance.makeHttpGetCall InSynForCollectionReturnObject(SourceFile:138)
06-12 13:02:22.420 21156 21357 E com.disha.quickride.androidapp.retrofitSetup.RetrofitClientInstance: at com.disha.quickride.androidapp.notification.NotificationUpdateWorker.doWork(SourceF ile:77)
06-12 13:02:22.420 21156 21357 E com.disha.quickride.androidapp.retrofitSetup.RetrofitClientInstance: at androidx.work.Worker$1.run(SourceFile:85)
06-12 13:02:22.420 21156 21357 E com.disha.quickride.androidapp.retrofitSetup.RetrofitClientInstance: at java.util.concurrent.ThreadPoolExecutor.runWorker(ThreadPoolExecutor.java:1167)
06-12 13:02:22.420 21156 21357 E com.disha.quickride.androidapp.retrofitSetup.RetrofitClientInstance: at java.util.concurrent.ThreadPoolExecutor$Worker.run(ThreadPoolExecutor.java:641)
06-12 13:02:22.420 21156 21357 E com.disha.quickride.androidapp.retrofitSetup.RetrofitClientInstance: at java.lang.Thread.run(Thread.java:919)
06-12 13:02:22.420 21156 21357 E com.disha.quickride.androidapp.common.AndroidRestClient.AndroidClientLogger: RestResponse.processResponseErrorToProperException OTHER ERROR100 java.io.IOException: stream closed
06-12 13:02:22.798 21156 21357 E com.disha.quickride.androidapp.common.AndroidRestClient.AndroidClientLogger: URLConnection.checkInternetAndDecideexception Network available: SERVICE_NOT_AVAILABLE; java.io.IOException: stream closed
06-12 13:02:22.860 21156 21357 D com.disha.quickride.androidapp.retrofitSetup.RetrofitUtils: OkHttp401 [Ljava.lang.String;@be19c88
06-12 13:02:22.862 21156 21357 E com.disha.quickride.androidapp.common.AndroidRestClient.AndroidClientLogger: RestResponse.processResponseErrorToProperException Error obj there [errorCode: 9994 ][httpStatusCode: 401 ][developerMsg: ][userMsg: Client request error ] [hintForCorrection: Please recheck the operation ][extraInfo: {} ]
06-12 13:02:22.862 21156 21357 D com.disha.quickride.androidapp.retrofitSetup.RetrofitUtils: OkHttp401 [Ljava.lang.String;@5f14621
06-12 13:02:22.863 21156 21357 E com.disha.quickride.androidapp.retrofitSetup.RetrofitClientInstance: Error in makeHttpCall
06-12 13:02:22.863 21156 21357 E com.disha.quickride.androidapp.retrofitSetup.RetrofitClientInstance: java.io.IOException: stream closed
06-12 13:02:22.863 21156 21357 E com.disha.quickride.androidapp.retrofitSetup.RetrofitClientInstance: at okhttp3.internal.http2.Http2Stream$FramingSource.read(SourceFile:372)
06-12 13:02:22.863 21156 21357 E com.disha.quickride.androidapp.retrofitSetup.RetrofitClientInstance: at okhttp3.internal.http2.Http2Codec$StreamFinishingSource.read(SourceFile:205)
06-12 13:02:22.863 21156 21357 E com.disha.quickride.androidapp.retrofitSetup.RetrofitClientInstance: at ejt.a(SourceFile:176)
06-12 13:02:22.863 21156 21357 E com.disha.quickride.androidapp.retrofitSetup.RetrofitClientInstance: at elp.a(SourceFile:322)
06-12 13:02:22.863 21156 21357 E com.disha.quickride.androidapp.retrofitSetup.RetrofitClientInstance: at ele.a(SourceFile:211)
06-12 13:02:22.863 21156 21357 E com.disha.quickride.androidapp.retrofitSetup.RetrofitClientInstance: at ele.a(SourceFile:188)
06-12 13:02:22.863 21156 21357 E com.disha.quickride.androidapp.retrofitSetup.RetrofitClientInstance: at ekz$a.a(SourceFile:104)
06-12 13:02:22.863 21156 21357 E com.disha.quickride.androidapp.retrofitSetup.RetrofitClientInstance: at com.disha.quickride.androidapp.retrofitSetup.RetrofitClientInstance.makeHttpCall(So urceFile:211)
06-12 13:02:22.863 21156 21357 E com.disha.quickride.androidapp.retrofitSetup.RetrofitClientInstance: at com.disha.quickride.androidapp.retrofitSetup.RetrofitClientInstance.makeHttpGetCall (SourceFile:147)
06-12 13:02:22.863 21156 21357 E com.disha.quickride.androidapp.retrofitSetup.RetrofitClientInstance: at com.disha.quickride.androidapp.retrofitSetup.RetrofitClientInstance.makeHttpGetCall InSynForCollectionReturnObject(SourceFile:138)
06-12 13:02:22.863 21156 21357 E com.disha.quickride.androidapp.retrofitSetup.RetrofitClientInstance: at com.disha.quickride.androidapp.notification.NotificationUpdateWorker.doWork(SourceF ile:88)
06-12 13:02:22.863 21156 21357 E com.disha.quickride.androidapp.retrofitSetup.RetrofitClientInstance: at androidx.work.Worker$1.run(SourceFile:85)
06-12 13:02:22.863 21156 21357 E com.disha.quickride.androidapp.retrofitSetup.RetrofitClientInstance: at java.util.concurrent.ThreadPoolExecutor.runWorker(ThreadPoolExecutor.java:1167)
06-12 13:02:22.863 21156 21357 E com.disha.quickride.androidapp.retrofitSetup.RetrofitClientInstance: at java.util.concurrent.ThreadPoolExecutor$Worker.run(ThreadPoolExecutor.java:641)
06-12 13:02:22.863 21156 21357 E com.disha.quickride.androidapp.retrofitSetup.RetrofitClientInstance: at java.lang.Thread.run(Thread.java:919)
06-12 13:02:22.863 21156 21357 E com.disha.quickride.androidapp.common.AndroidRestClient.AndroidClientLogger: RestResponse.processResponseErrorToProperException OTHER ERROR100 java.io.IOException: stream closed
06-12 13:02:23.171 21156 21357 E com.disha.quickride.androidapp.common.AndroidRestClient.AndroidClientLogger: URLConnection.checkInternetAndDecideexception Network available: SERVICE_NOT_AVAILABLE; java.io.IOException: stream closed
06-12 13:02:23.178 21156 21243 I WM-WorkerWrapper: Worker result SUCCESS for Work [ id=129ca9d6-7879-4614-9463-db5cf993f0a3, tags={ com.disha.quickride.androidapp.notification.NotificationUpdateWorker } ]
06-12 13:02:24.912 21156 21350 D com.disha.quickride.androidapp.event.EventModuleSessionManager: Resuming complete user session
06-12 13:02:24.919 21156 21350 D com.disha.quickride.androidapp.event.EventServicePersistenceHelper: Purging old messages with condition : time <= 1591925544912
06-12 13:02:24.920 21156 21350 D com.disha.quickride.androidapp.event.EventServicePersistenceHelper: No of old messages purged : 0
06-12 13:02:24.925 21156 21350 D com.disha.quickride.androidapp.event.EventServicePersistenceHelper: 0 messages read from persistence
06-12 13:02:24.926 21156 21350 D com.disha.quickride.androidapp.event.RideMgmtEventServiceProxy: Initializing unprocessed messages from persistence
06-12 13:02:24.930 21156 21350 D com.disha.quickride.androidapp.event.EventServicePersistenceHelper: 0 unprocessed messages read from persistence
06-12 13:02:24.932 21156 21350 D com.disha.quickride.androidapp.event.EventServicePersistenceHelper: Purging old messages with condition : time <= 1591925544930
06-12 13:02:24.933 21156 21350 D com.disha.quickride.androidapp.event.EventServicePersistenceHelper: No of old messages purged : 0
06-12 13:02:24.936 21156 21350 D com.disha.quickride.androidapp.event.EventServicePersistenceHelper: 0 messages read from persistence
06-12 13:02:24.936 21156 21350 D com.disha.quickride.androidapp.event.LocationUpdateEventServiceProxy: Initializing unprocessed messages from persistence
06-12 13:02:24.938 21156 21350 D com.disha.quickride.androidapp.event.EventServicePersistenceHelper: 0 unprocessed messages read from persistence
06-12 13:02:24.938 21156 21350 D com.disha.quickride.androidapp.usermgmt.UserMessageListener: subscribeToUserMsgUpdates
06-12 13:02:24.938 21156 21350 D com.disha.quickride.androidapp.event.RideMgmtEventServiceProxy: Adding topic name to subscriptions queue :userMsg/80505588231167
06-12 13:02:24.943 21156 21350 D com.disha.quickride.androidapp.event.EventModuleSessionManager: Establishing event service connection
06-12 13:02:24.943 21156 21350 D com.disha.quickride.androidapp.event.RideMgmtEventServiceProxy: Entering dispatchAllMessagesArrivedBeforeSessionWasInitialized
06-12 13:02:24.944 21156 21369 D com.disha.quickride.androidapp.event.InitialMessagesDispatchTask: Dispatching initial messages
06-12 13:02:24.944 21156 21350 D com.disha.quickride.androidapp.event.LocationUpdateEventServiceProxy: Entering dispatchAllMessagesArrivedBeforeSessionWasInitialized
06-12 13:02:24.945 21156 21372 D com.disha.quickride.androidapp.event.InitialMessagesDispatchTask: Dispatching initial messages
06-12 13:02:24.948 21156 21350 I com.disha.quickride.androidapp.ridemgmt.RideManagementMqttProxy: subscribing to topic of existing rides
06-12 13:02:24.948 21156 21350 I com.disha.quickride.androidapp.ridemgmt.RideManagementMqttProxy: subscribing to topic of existing rider rides
06-12 13:02:24.948 21156 21350 D com.disha.quickride.androidapp.groupchat.RideGroupChatMqttListener: Subscribing to collection of rides
06-12 13:02:24.948 21156 21350 I com.disha.quickride.androidapp.ridemgmt.RideManagementMqttProxy: subscribing to topic of existing passenger rides
06-12 13:02:24.948 21156 21350 D com.disha.quickride.androidapp.groupchat.RideGroupChatMqttListener: Subscribing to collection of rides
06-12 13:02:25.836 21156 21174 I disha.quickrid: Waiting for a blocking GC ProfileSaver
06-12 13:02:25.877 21156 21174 I disha.quickrid: WaitForGcToComplete blocked ProfileSaver on ClassLinker for 40.538ms
06-12 13:02:25.878 21156 21170 W System : A resource failed to call end.
06-12 13:02:25.878 21156 21170 W System : A resource failed to call end.
06-12 13:02:27.252 21156 21185 I WM-WorkerWrapper: Worker result SUCCESS for Work [ id=f7a78ce6-b2d2-4c82-aca3-192c3a71ea32, tags={ in.netcore.smartechfcm.workmanager.SlaveDBSyncWorker } ]
06-12 13:02:30.426 21156 21352 D com.disha.quickride.androidapp.retrofitSetup.RetrofitUtils: OkHttp429 [Ljava.lang.String;@4560f2c
06-12 13:02:30.426 21156 21352 D com.disha.quickride.androidapp.retrofitSetup.RetrofitUtils: OkHttp429 [Ljava.lang.String;@94c0df5
06-12 13:02:30.432 21156 21352 E com.disha.quickride.androidapp.common.AndroidRestClient.AndroidClientLogger: RestResponse.processResponseErrorToProperException Error obj there [errorCode: 9207 ][httpStatusCode: 400 ][developerMsg: DishaAPIServer is facing high request rate , current waiting connections 53 ][userMsg: Network is slow or Ride Server is busy ][hintForCorrection: Please try after sometime ][extraInfo: {} ]
06-12 13:02:30.433 21156 21352 E com.disha.quickride.androidapp.retrofitSetup.RetrofitClientInstance: Error in makeHttpCall
06-12 13:02:30.433 21156 21352 E com.disha.quickride.androidapp.retrofitSetup.RetrofitClientInstance: com.disha.quickride.rest.client.RestClientException: [errorCode: 9207 ] [httpStatusCode: 400 ][developerMsg: DishaAPIServer is facing high request rate , current waiting connections 53 ][userMsg: Network is slow or Ride Server is busy ] [hintForCorrection: Please try after sometime ][extraInfo: {} ]
06-12 13:02:30.433 21156 21352 E com.disha.quickride.androidapp.retrofitSetup.RetrofitClientInstance: at com.disha.quickride.androidapp.retrofitSetup.RetrofitUtils.processResponseErrorToPr operException(SourceFile:168)
06-12 13:02:30.433 21156 21352 E com.disha.quickride.androidapp.retrofitSetup.RetrofitClientInstance: at com.disha.quickride.androidapp.retrofitSetup.RetrofitClientInstance.makeHttpCall(So urceFile:242)
06-12 13:02:30.433 21156 21352 E com.disha.quickride.androidapp.retrofitSetup.RetrofitClientInstance: at com.disha.quickride.androidapp.retrofitSetup.RetrofitClientInstance.makeHttpPutCall (SourceFile:181)
06-12 13:02:30.433 21156 21352 E com.disha.quickride.androidapp.retrofitSetup.RetrofitClientInstance: at com.disha.quickride.androidapp.retrofitSetup.RetrofitClientInstance.makeHttpPutCall InSyn(SourceFile:168)
06-12 13:02:30.433 21156 21352 E com.disha.quickride.androidapp.retrofitSetup.RetrofitClientInstance: at com.disha.quickride.androidapp.usermgmt.profile.UserRestServiceClient.updateClientD eviceId(SourceFile:356)
06-12 13:02:30.433 21156 21352 E com.disha.quickride.androidapp.retrofitSetup.RetrofitClientInstance: at com.disha.quickride.androidapp.notification.FCMTokenRegistrationAsyncTask.doInBackg round(SourceFile:29)
06-12 13:02:30.433 21156 21352 E com.disha.quickride.androidapp.retrofitSetup.RetrofitClientInstance: at com.disha.quickride.androidapp.notification.FCMTokenRegistrationAsyncTask.doInBackg round(SourceFile:13)
06-12 13:02:30.433 21156 21352 E com.disha.quickride.androidapp.retrofitSetup.RetrofitClientInstance: at android.os.AsyncTask$3.call(AsyncTask.java:378)
06-12 13:02:30.433 21156 21352 E com.disha.quickride.androidapp.retrofitSetup.RetrofitClientInstance: at java.util.concurrent.FutureTask.run(FutureTask.java:266)
06-12 13:02:30.433 21156 21352 E com.disha.quickride.androidapp.retrofitSetup.RetrofitClientInstance: at java.util.concurrent.ThreadPoolExecutor.runWorker(ThreadPoolExecutor.java:1167)
06-12 13:02:30.433 21156 21352 E com.disha.quickride.androidapp.retrofitSetup.RetrofitClientInstance: at java.util.concurrent.ThreadPoolExecutor$Worker.run(ThreadPoolExecutor.java:641)
06-12 13:02:30.433 21156 21352 E com.disha.quickride.androidapp.retrofitSetup.RetrofitClientInstance: at java.lang.Thread.run(Thread.java:919)
06-12 13:02:30.433 21156 21352 E com.disha.quickride.androidapp.notification.FCMTokenRegistrationAsyncTask: Error while updating FCM registration token to server; User may not get FCM notifications
06-12 13:02:51.918 21156 21262 I b : pushAmpDataParser: Listener status: false
06-12 13:02:51.933 21156 21238 I WM-WorkerWrapper: Worker result SUCCESS for Work [ id=b9432f26-6960-440d-936c-ac9c5cc133f3, tags={ in.netcore.smartechfcm.worker.SlavePushAmpWorker } ]
06-12 13:03:00.457 21156 21449 D com.disha.quickride.androidapp.notification.FCMTokenRegistrationHelper: Getting FCM token to update to server for user : 80505588231167
06-12 13:03:00.460 21156 21156 D com.disha.quickride.androidapp.notification.FCMTokenRegistrationHelper: FCM token for userId : 80505588231167 is : d9DPXCxVmMU:APA91bElxdx8E06pkTtaELXYEtsvRVk_Ck- h8aLPml_ePbBf9b1_ZH4Fw9fqprHEhekpasxB74oDlUYSOkmsH- 5vB6S5x9YlOEjaOqgxhMTqJXRVuQcppRwbp1Ep80m32JK_7jedPTMS
06-12 13:03:00.462 21156 21456 D com.disha.quickride.androidapp.notification.FCMTokenRegistrationAsyncTask: Updating client device id to server : d9DPXCxVmMU:APA91bElxdx8E06pkTtaELXYEtsvRVk_Ck- h8aLPml_ePbBf9b1_ZH4Fw9fqprHEhekpasxB74oDlUYSOkmsH- 5vB6S5x9YlOEjaOqgxhMTqJXRVuQcppRwbp1Ep80m32JK_7jedPTMS
06-12 13:03:10.522 21156 21456 D com.disha.quickride.androidapp.retrofitSetup.RetrofitUtils: OkHttp504 [Ljava.lang.String;@79506ad
06-12 13:03:10.522 21156 21456 D com.disha.quickride.androidapp.retrofitSetup.RetrofitUtils: OkHttp504 [Ljava.lang.String;@94abde2
06-12 13:03:10.529 21156 21456 E com.disha.quickride.androidapp.retrofitSetup.RetrofitClientInstance: Error in makeHttpCall
06-12 13:03:10.529 21156 21456 E com.disha.quickride.androidapp.retrofitSetup.RetrofitClientInstance: java.lang.NullPointerException: Attempt to read from field 'com.disha.quickride.result.Error com.disha.quickride.androidapp.retrofitSetup.ErrorWrapper.resultData' on a null object reference
06-12 13:03:10.529 21156 21456 E com.disha.quickride.androidapp.retrofitSetup.RetrofitClientInstance: at com.disha.quickride.androidapp.retrofitSetup.RetrofitClientInstance.makeHttpCall(So urceFile:240)
06-12 13:03:10.529 21156 21456 E com.disha.quickride.androidapp.retrofitSetup.RetrofitClientInstance: at com.disha.quickride.androidapp.retrofitSetup.RetrofitClientInstance.makeHttpPutCall (SourceFile:181)
06-12 13:03:10.529 21156 21456 E com.disha.quickride.androidapp.retrofitSetup.RetrofitClientInstance: at com.disha.quickride.androidapp.retrofitSetup.RetrofitClientInstance.makeHttpPutCall InSyn(SourceFile:168)
06-12 13:03:10.529 21156 21456 E com.disha.quickride.androidapp.retrofitSetup.RetrofitClientInstance: at com.disha.quickride.androidapp.usermgmt.profile.UserRestServiceClient.updateClientD eviceId(SourceFile:356)
06-12 13:03:10.529 21156 21456 E com.disha.quickride.androidapp.retrofitSetup.RetrofitClientInstance: at com.disha.quickride.androidapp.notification.FCMTokenRegistrationAsyncTask.doInBackg round(SourceFile:29)
06-12 13:03:10.529 21156 21456 E com.disha.quickride.androidapp.retrofitSetup.RetrofitClientInstance: at com.disha.quickride.androidapp.notification.FCMTokenRegistrationAsyncTask.doInBackg round(SourceFile:13)
06-12 13:03:10.529 21156 21456 E com.disha.quickride.androidapp.retrofitSetup.RetrofitClientInstance: at android.os.AsyncTask$3.call(AsyncTask.java:378)
06-12 13:03:10.529 21156 21456 E com.disha.quickride.androidapp.retrofitSetup.RetrofitClientInstance: at java.util.concurrent.FutureTask.run(FutureTask.java:266)
06-12 13:03:10.529 21156 21456 E com.disha.quickride.androidapp.retrofitSetup.RetrofitClientInstance: at java.util.concurrent.ThreadPoolExecutor.runWorker(ThreadPoolExecutor.java:1167)
06-12 13:03:10.529 21156 21456 E com.disha.quickride.androidapp.retrofitSetup.RetrofitClientInstance: at java.util.concurrent.ThreadPoolExecutor$Worker.run(ThreadPoolExecutor.java:641)
06-12 13:03:10.529 21156 21456 E com.disha.quickride.androidapp.retrofitSetup.RetrofitClientInstance: at java.lang.Thread.run(Thread.java:919)
06-12 13:03:10.529 21156 21456 E com.disha.quickride.androidapp.common.AndroidRestClient.AndroidClientLogger: RestResponse.processResponseErrorToProperException OTHER ERROR100 java.lang.NullPointerException: Attempt to read from field 'com.disha.quickride.result.Error com.disha.quickride.androidapp.retrofitSetup.ErrorWrapper.resultData' on a null object reference
06-12 13:03:10.859 21156 21456 E com.disha.quickride.androidapp.common.AndroidRestClient.AndroidClientLogger: URLConnection.checkInternetAndDecideexception Network available: SERVICE_NOT_AVAILABLE; java.lang.NullPointerException: Attempt to read from field 'com.disha.quickride.result.Error com.disha.quickride.androidapp.retrofitSetup.ErrorWrapper.resultData' on a null object reference
06-12 13:03:10.860 21156 21456 E com.disha.quickride.androidapp.notification.FCMTokenRegistrationAsyncTask: Error while updating FCM registration token to server; User may not get FCM notifications
06-12 13:17:28.913 21156 21200 W DpmTcmClient: read failed bytes countRead: -1
06-12 13:17:28.913 21156 21207 V NativeCrypto: SSL shutdown failed: ssl=0x7dab8b88c8: I/O error during system call, Software caused connection abort
06-12 13:17:28.921 21156 21207 V NativeCrypto: SSL shutdown failed: ssl=0x7e1a729b88: I/O error during system call, Software caused connection abort
06-12 13:17:28.923 21156 21207 V NativeCrypto: SSL shutdown failed: ssl=0x7e284c2448: I/O error during system call, Software caused connection abort
06-12 13:17:28.933 21156 21459 D com.disha.quickride.androidapp.notification.FCMTokenRegistrationHelper: Getting FCM token to update to server for user : 80505588231167
06-12 13:17:28.936 21156 21354 V NativeCrypto: Read error: ssl=0x7da9692d08: I/O error during system call, Software caused connection abort
06-12 13:17:28.940 21156 21355 V NativeCrypto: SSL shutdown failed: ssl=0x7da9692d08: I/O error during system call, Broken pipe
06-12 13:17:28.942 21156 21156 D com.disha.quickride.androidapp.notification.FCMTokenRegistrationHelper: FCM token for userId : 80505588231167 is : d9DPXCxVmMU:APA91bElxdx8E06pkTtaELXYEtsvRVk_Ck- h8aLPml_ePbBf9b1_ZH4Fw9fqprHEhekpasxB74oDlUYSOkmsH- 5vB6S5x9YlOEjaOqgxhMTqJXRVuQcppRwbp1Ep80m32JK_7jedPTMS
06-12 13:17:28.954 21156 22643 D com.disha.quickride.androidapp.notification.FCMTokenRegistrationAsyncTask: Updating client device id to server : d9DPXCxVmMU:APA91bElxdx8E06pkTtaELXYEtsvRVk_Ck- h8aLPml_ePbBf9b1_ZH4Fw9fqprHEhekpasxB74oDlUYSOkmsH- 5vB6S5x9YlOEjaOqgxhMTqJXRVuQcppRwbp1Ep80m32JK_7jedPTMS
06-12 13:17:29.025 21156 21170 W System : A resource failed to call end.
06-12 13:17:31.368 21156 22643 D com.disha.quickride.androidapp.retrofitSetup.RetrofitUtils: OkHttp401 [Ljava.lang.String;@77dc619
06-12 13:17:31.385 21156 22643 E com.disha.quickride.androidapp.common.AndroidRestClient.AndroidClientLogger: RestResponse.processResponseErrorToProperException Error obj there [errorCode: 11103 ][httpStatusCode: 401 ][developerMsg: Unauthorized access; Jwt token has expired ][userMsg: Secure session has expired ][hintForCorrection: Re-login and retry ][extraInfo: {} ]
06-12 13:17:34.020 21156 21238 I WM-WorkerWrapper: Worker result SUCCESS for Work [ id=f7a78ce6-b2d2-4c82-aca3-192c3a71ea32, tags={ in.netcore.smartechfcm.workmanager.SlaveDBSyncWorker } ]
06-12 13:17:58.974 21156 21459 D com.disha.quickride.androidapp.notification.FCMTokenRegistrationHelper: Getting FCM token to update to server for user : 80505588231167
06-12 13:17:58.978 21156 21156 D com.disha.quickride.androidapp.notification.FCMTokenRegistrationHelper: FCM token for userId : 80505588231167 is : d9DPXCxVmMU:APA91bElxdx8E06pkTtaELXYEtsvRVk_Ck- h8aLPml_ePbBf9b1_ZH4Fw9fqprHEhekpasxB74oDlUYSOkmsH- 5vB6S5x9YlOEjaOqgxhMTqJXRVuQcppRwbp1Ep80m32JK_7jedPTMS
