06-15 16:14:53.015 25671 25671 W Java7Support: Unable to load JDK7 types (annotations, java.nio.file.Path): no Java7 support added
06-15 16:14:53.126 25671 25725 I CrashlyticsCore: Initializing Crashlytics 2.6.8.32
06-15 16:14:53.140 25671 25725 W com.facebook.appevents.AppEventsLogger: activateApp events are being logged automatically. There's no need to call activateApp explicitly, this is safe to remove.
06-15 16:14:53.144 25671 25725 I GAv4 : Google Analytics 12.4.51 is starting up. To enable debug logging on a device run:
06-15 16:14:53.144 25671 25725 I GAv4 : adb shell setprop log.tag.GAv4 DEBUG
06-15 16:14:53.144 25671 25725 I GAv4 : adb logcat -s GAv4
06-15 16:14:53.161 25671 25750 W GAv4 : CampaignTrackingReceiver is not registered, not exported or is disabled. Installation campaign tracking is not possible. See http://goo.gl/8Rd3yj for instructions.
06-15 16:14:53.164 25671 25671 E a : Value of SMT_USE_AD_ID : null
06-15 16:14:53.164 25671 25671 D NetcoreSDK: readConfig: null
06-15 16:14:53.178 25671 25671 I CleverTap: Activity Lifecycle Callback successfully registered
06-15 16:14:53.179 25671 25671 I CleverTap: Account Region not specified in the AndroidManifest - using default region
06-15 16:14:53.196 25671 25671 I CleverTap: CleverTap SDK initialized with accountId: 677-74Z-765Z accountToken: 14a-aa6 accountRegion: null
06-15 16:14:53.201 25671 25671 W Adjust : PRODUCTION: Adjust is running in Production mode. Use this setting only for the build that you want to publish. Set the environment to `sandbox` if you want to test your app!
06-15 16:14:53.204 25671 25759 I CleverTap: SDK Version Code is 30501
06-15 16:14:53.205 25671 25759 I CleverTap: CTPushNotificationReceiver is present
06-15 16:14:53.205 25671 25671 W Adjust : PRODUCTION: Adjust is running in Production mode. Use this setting only for the build that you want to publish. Set the environment to `sandbox` if you want to test your app!
06-15 16:14:53.212 25671 25759 I CleverTap: InstallReferrerBroadcastReceiver is present
06-15 16:14:53.213 25671 25759 I CleverTap: CTNotificationIntentService not present
06-15 16:14:53.214 25671 25759 I CleverTap: CTBackgroundJobService is present
06-15 16:14:53.215 25671 25759 I CleverTap: CTBackgroundIntentService is present
06-15 16:14:53.219 25671 25759 I CleverTap: InAppNotificationActivity is present
06-15 16:14:53.220 25671 25671 D com.disha.quickride.androidapp.startup.QuickRideApplication: Initializing Session Manager
06-15 16:14:53.221 25671 25759 I CleverTap: FcmMessageListenerService not present
06-15 16:14:53.222 25671 25759 I CleverTap: FcmTokenListenerService not present
06-15 16:14:53.234 25671 25765 D com.disha.quickride.androidapp.startup.session.SessionManagerController: Resuming user session
06-15 16:14:53.236 25671 25765 D com.disha.quickride.androidapp.startup.session.SessionManager: Entering createNewSessionManager
06-15 16:14:53.237 25671 25710 W DynamiteModule: Local module descriptor class for providerinstaller not found.
06-15 16:14:53.239 25671 25765 D com.disha.quickride.androidapp.startup.session.SessionManager: Found Persistent session for user 80505588231167
06-15 16:14:53.239 25671 25765 D com.disha.quickride.androidapp.startup.session.SessionManager: Entering onResumeUserSession
06-15 16:14:53.239 25671 25765 D com.disha.quickride.androidapp.startup.session.SessionManager: Performing session change operation on com.disha.quickride.androidapp.common.serverConfig.ClientConfigurationModuleSession Manager@1c4016d
06-15 16:14:53.239 25671 25765 D com.disha.quickride.androidapp.common.serverConfig.ClientConfigurationModuleSession Manager: Resuming basic user session
06-15 16:14:53.256 25671 25769 D SlaveNetworkWorker: not matched:
06-15 16:14:53.274 25671 25765 D com.disha.quickride.androidapp.startup.session.SessionManager: Performing session change operation on com.disha.quickride.androidapp.usermgmt.UserModuleSessionManager@a81bbb9
06-15 16:14:53.274 25671 25765 D com.disha.quickride.androidapp.usermgmt.UserModuleSessionManager: Resume basic user session
06-15 16:14:53.292 25671 25759 I CleverTap:677-74Z-765Z: Notification channel promopush has been created
06-15 16:14:53.296 25671 25759 I CleverTap:677-74Z-765Z: Notification channel offerspush has been created
06-15 16:14:53.296 25671 25759 I CleverTap:677-74Z-765Z: Notification channel notifypush has been created
06-15 16:14:53.298 25671 25770 D com.disha.quickride.androidapp.notification.QuickRideGCMIntentService: New GCM message received : {wzrk_acct_id=677-74Z-765Z, nm=1. Limited exposure
06-15 16:14:53.298 25671 25770 D com.disha.quickride.androidapp.notification.QuickRideGCMIntentService: 2. Only between trusted known set of verified professionals
06-15 16:14:53.298 25671 25770 D com.disha.quickride.androidapp.notification.QuickRideGCMIntentService: 3. Usage of a vehicle with minimum contact touch points, nt=3 reasons to choose Carpooling ✅, pr=max, wzrk_pivot=wzrk_default, wzrk_cid=offers, wzrk_clr=#008a41, wzrk_pid=1592217263, wzrk_rnv=true, wzrk_ttl=1592239530, wzrk_push_amp=false, wzrk_bc=, wzrk_bi=2, wzrk_dt=FIREBASE, wzrk_id=1592217263_20200615, wzrk_pn=true}
06-15 16:14:53.300 25671 25770 E NetcoreSDK: Error: Unterminated object at character 35 of {wzrk_acct_id=677-74Z-765Z, nm=1. Limited exposure
06-15 16:14:53.300 25671 25770 E NetcoreSDK: 2. Only between trusted known set of verified professionals
06-15 16:14:53.300 25671 25770 E NetcoreSDK: 3. Usage of a vehicle with minimum contact touch points, nt=3 reasons to choose Carpooling ✅, pr=max, wzrk_pivot=wzrk_default, wzrk_cid=offers, wzrk_clr=#008a41, wzrk_pid=1592217263, wzrk_rnv=true, wzrk_ttl=1592239530, wzrk_push_amp=false, wzrk_bc=, wzrk_bi=2, wzrk_dt=FIREBASE, wzrk_id=1592217263_20200615, wzrk_pn=true}
06-15 16:14:53.303 25671 25769 I WebViewFactory: Loading com.google.android.webview version 83.0.4103.101 (code 410410183)
06-15 16:14:53.327 25671 25710 I DynamiteModule: Considering local module providerinstaller:0 and remote module providerinstaller:0
06-15 16:14:53.327 25671 25710 W ProviderInstaller: Failed to load providerinstaller module: No acceptable module found. Local version is 0 and remote version is 0.
06-15 16:14:53.344 25671 25759 D IconPackHelper: IconPack com.oneplus.iconpack.oneplus was loaded !
06-15 16:14:53.369 25671 25766 E Perf : Fail to get file list com.disha.quickride
06-15 16:14:53.371 25671 25777 D com.disha.quickride.androidapp.notification.NotificationUpdateWorker: NotificationUpdateWorker.doWork() started
06-15 16:14:53.379 25671 25769 W disha.quickrid: Insufficient pre-allocated space to mmap vdex.
06-15 16:14:53.388 25671 25766 E Perf : getFolderSize() : Exception_1 = java.lang.NullPointerException: Attempt to get length of null array
06-15 16:14:53.388 25671 25766 E Perf : Fail to get file list oat
06-15 16:14:53.388 25671 25766 E Perf : getFolderSize() : Exception_1 = java.lang.NullPointerException: Attempt to get length of null array
06-15 16:14:53.471 25671 25714 W AnalyticsUserIDStore: initStore should have been called before calling setUserID
06-15 16:14:53.493 25671 25714 W UserDataStore: initStore should have been called before calling setUserID
06-15 16:14:53.556 25671 25710 I disha.quickrid: The ClassLoaderContext is a special shared library.
06-15 16:14:53.565 25671 25774 D b : Get: https://pa.netcoresmartech.com/getnotifications? sdkversion=2.2.4&appid=d25af8de489a0ca420f9540aed14013a&guid=d82d1d94-0714-4d0c- 8135-1e5d4fa2961a<s=1592132493&type=android -> --- 200 OK {"pa_enable":"0","notifications":[],"pa_freq":"1300"}
06-15 16:14:53.571 25671 25710 I disha.quickrid: The ClassLoaderContext is a special shared library.
06-15 16:14:53.594 25671 25671 I cr_LibraryLoader: Loaded native library version number "83.0.4103.101"
06-15 16:14:53.594 25671 25671 I cr_CachingUmaRecorder: Flushed 3 samples from 3 histograms.
06-15 16:14:53.617 25671 25710 V NativeCrypto: Registering com/google/android/gms/org/conscrypt/NativeCrypto's 286 native methods...
06-15 16:14:53.639 25671 25753 I ApxorSDK: ApxorSDK(v263) successfully initialized for: d25af8de489a0ca420f9540aed14013a
06-15 16:14:53.700 25671 25710 I ProviderInstaller: Installed default security provider GmsCore_OpenSSL
06-15 16:14:53.760 25671 25709 E GraphResponse: {HttpStatus: 400, errorCode: 43003, subErrorCode: -1, errorType: OAuthException, errorMessage: (#43003) App button auto detection is disabled}
06-15 16:14:53.791 25671 25671 D com.disha.quickride.androidapp.startup.QuickRideApplication: ProviderInstaller.installIfNeededAsync onProviderInstalled
06-15 16:14:53.946 25671 25769 D b : getData: response code:502
06-15 16:14:53.946 25671 25769 E b : Error: https://pn.netcoresmartech.com/pn_register
06-15 16:14:53.949 25671 25756 I WM-WorkerWrapper: Worker result FAILURE for Work [ id=5df01c24-9781-4162-90a8-271d891cd3b0, tags={ in.netcore.smartechfcm.workmanager.SlaveNetworkWorker } ]
06-15 16:14:54.163 25671 25765 D com.disha.quickride.androidapp.startup.session.SessionManager: Performing session change operation on com.disha.quickride.androidapp.event.EventModuleSessionManager@eeae3ce
06-15 16:14:54.171 25671 25765 D com.disha.quickride.androidapp.event.AwsIotEventServiceConnection: 80505588231167 : Creating AwsIotEventServiceConnection to connect to a1xn41v6vdshwm-ats.iot.ap- south-1.amazonaws.com
06-15 16:14:54.191 25671 25765 D com.disha.quickride.androidapp.event.AwsIotEventServiceConnection: l80505588231167 : Creating AwsIotEventServiceConnection to connect to a1xn41v6vdshwm-ats.iot.ap-south-1.amazonaws.com
06-15 16:14:54.192 25671 25765 D com.disha.quickride.androidapp.startup.session.SessionManager: Performing session change operation on com.disha.quickride.androidapp.ridemgmt.RideMgmtModuleSessionHandler@8bc0494
06-15 16:14:54.192 25671 25765 I com.disha.quickride.androidapp.ridemgmt.RideMgmtModuleSessionHandler: resumeBasicUserSession
06-15 16:14:54.269 25671 25765 I com.disha.quickride.androidapp.myrides.cache.MyActiveRidesCache: getting active rides of user after the current time
06-15 16:14:54.274 25671 25765 D com.disha.quickride.androidapp.myrides.cache.MyClosedRidesCache: Loading closed rides from local database
06-15 16:14:54.284 25671 25765 D com.disha.quickride.androidapp.myrides.cache.MyCompletedRidesCachePersistenceHelper : getting all rider rides from databse
06-15 16:14:54.303 25671 25765 D com.disha.quickride.androidapp.myrides.cache.MyCompletedRidesCachePersistenceHelper : getting all passenger rides
06-15 16:14:54.312 25671 25765 D com.disha.quickride.androidapp.myrides.cache.MyCompletedRidesCachePersistenceHelper : getting all regular passenger rides
06-15 16:14:54.316 25671 25765 D com.disha.quickride.androidapp.myrides.cache.MyCompletedRidesCachePersistenceHelper : getting all regular passenger rides
06-15 16:14:54.337 25671 25765 I com.disha.quickride.androidapp.usermgmt.cache.UserDataCache: getting of user name
06-15 16:14:54.337 25671 25765 D com.disha.quickride.androidapp.startup.session.SessionManagerController: Session change operation completed successfully
06-15 16:14:54.337 25671 25765 D com.disha.quickride.androidapp.startup.session.SessionResumeAsyncTask: Session resume operation completed
06-15 16:14:54.338 25671 25893 D com.disha.quickride.androidapp.startup.session.SetUserIdIdentifierToFabricAsyncTask : UserId set to Fabric
06-15 16:14:54.339 25671 25765 D com.disha.quickride.androidapp.notification.FCMTokenRegistrationHelper: Getting FCM token to update to server for user : 80505588231167
06-15 16:14:54.340 25671 25765 D com.disha.quickride.androidapp.startup.session.SessionSetupAsyncTask: Session change operation completed successfully
06-15 16:14:54.341 25671 25671 D com.disha.quickride.androidapp.notification.FCMTokenRegistrationHelper: FCM token for userId : 80505588231167 is : d9DPXCxVmMU:APA91bElxdx8E06pkTtaELXYEtsvRVk_Ck- h8aLPml_ePbBf9b1_ZH4Fw9fqprHEhekpasxB74oDlUYSOkmsH- 5vB6S5x9YlOEjaOqgxhMTqJXRVuQcppRwbp1Ep80m32JK_7jedPTMS
06-15 16:14:54.341 25671 25765 D com.disha.quickride.androidapp.startup.session.SessionManagerController: Stopping WatchdogService
06-15 16:14:54.343 25671 25895 D com.disha.quickride.androidapp.notification.FCMTokenRegistrationAsyncTask: Updating client device id to server : d9DPXCxVmMU:APA91bElxdx8E06pkTtaELXYEtsvRVk_Ck- h8aLPml_ePbBf9b1_ZH4Fw9fqprHEhekpasxB74oDlUYSOkmsH- 5vB6S5x9YlOEjaOqgxhMTqJXRVuQcppRwbp1Ep80m32JK_7jedPTMS
06-15 16:14:54.343 25671 25765 D com.disha.quickride.androidapp.startup.session.SessionManagerController: Cancelling alarm that was set to check watchdog service
06-15 16:14:54.350 25671 25765 D com.disha.quickride.androidapp.startup.session.SessionSetupAsyncTask: Session change operation took 1127 ms
06-15 16:14:57.338 25671 25892 D com.disha.quickride.androidapp.event.EventModuleSessionManager: Resuming complete user session
06-15 16:14:57.352 25671 25892 D com.disha.quickride.androidapp.event.EventServicePersistenceHelper: Purging old messages with condition : time <= 1592196297338
06-15 16:14:57.353 25671 25892 D com.disha.quickride.androidapp.event.EventServicePersistenceHelper: No of old messages purged : 0
06-15 16:14:57.361 25671 25892 D com.disha.quickride.androidapp.event.EventServicePersistenceHelper: 0 messages read from persistence
06-15 16:14:57.362 25671 25892 D com.disha.quickride.androidapp.event.RideMgmtEventServiceProxy: Initializing unprocessed messages from persistence
06-15 16:14:57.368 25671 25892 D com.disha.quickride.androidapp.event.EventServicePersistenceHelper: 0 unprocessed messages read from persistence
06-15 16:14:57.371 25671 25892 D com.disha.quickride.androidapp.event.EventServicePersistenceHelper: Purging old messages with condition : time <= 1592196297368
06-15 16:14:57.372 25671 25892 D com.disha.quickride.androidapp.event.EventServicePersistenceHelper: No of old messages purged : 0
06-15 16:14:57.377 25671 25892 D com.disha.quickride.androidapp.event.EventServicePersistenceHelper: 0 messages read from persistence
06-15 16:14:57.377 25671 25892 D com.disha.quickride.androidapp.event.LocationUpdateEventServiceProxy: Initializing unprocessed messages from persistence
06-15 16:14:57.380 25671 25892 D com.disha.quickride.androidapp.event.EventServicePersistenceHelper: 0 unprocessed messages read from persistence
06-15 16:14:57.382 25671 25892 D com.disha.quickride.androidapp.usermgmt.UserMessageListener: subscribeToUserMsgUpdates
06-15 16:14:57.383 25671 25892 D com.disha.quickride.androidapp.event.RideMgmtEventServiceProxy: Adding topic name to subscriptions queue :userMsg/80505588231167
06-15 16:14:57.393 25671 25892 D com.disha.quickride.androidapp.event.EventModuleSessionManager: Establishing event service connection
06-15 16:14:57.393 25671 25892 D com.disha.quickride.androidapp.event.RideMgmtEventServiceProxy: Entering dispatchAllMessagesArrivedBeforeSessionWasInitialized
06-15 16:14:57.394 25671 25908 D com.disha.quickride.androidapp.event.InitialMessagesDispatchTask: Dispatching initial messages
06-15 16:14:57.394 25671 25892 D com.disha.quickride.androidapp.event.LocationUpdateEventServiceProxy: Entering dispatchAllMessagesArrivedBeforeSessionWasInitialized
06-15 16:14:57.394 25671 25910 D com.disha.quickride.androidapp.event.InitialMessagesDispatchTask: Dispatching initial messages
06-15 16:14:57.402 25671 25892 I com.disha.quickride.androidapp.ridemgmt.RideManagementMqttProxy: subscribing to topic of existing rides
06-15 16:14:57.402 25671 25892 I com.disha.quickride.androidapp.ridemgmt.RideManagementMqttProxy: subscribing to topic of existing rider rides
06-15 16:14:57.402 25671 25892 D com.disha.quickride.androidapp.groupchat.RideGroupChatMqttListener: Subscribing to collection of rides
06-15 16:14:57.402 25671 25892 I com.disha.quickride.androidapp.ridemgmt.RideManagementMqttProxy: subscribing to topic of existing passenger rides
06-15 16:14:57.402 25671 25892 D com.disha.quickride.androidapp.groupchat.RideGroupChatMqttListener: Subscribing to collection of rides
06-15 16:14:58.411 25671 25756 I WM-WorkerWrapper: Worker result SUCCESS for Work [ id=f7a78ce6-b2d2-4c82-aca3-192c3a71ea32, tags={ in.netcore.smartechfcm.workmanager.SlaveDBSyncWorker } ]
06-15 16:14:58.617 25671 25895 D com.disha.quickride.androidapp.retrofitSetup.RetrofitUtils: OkHttp429 [Ljava.lang.String;@b1aee8b
06-15 16:14:58.617 25671 25895 D com.disha.quickride.androidapp.retrofitSetup.RetrofitUtils: OkHttp429 [Ljava.lang.String;@9a81b68
06-15 16:14:58.627 25671 25895 E com.disha.quickride.androidapp.common.AndroidRestClient.AndroidClientLogger: RestResponse.processResponseErrorToProperException Error obj there [errorCode: 9207 ][httpStatusCode: 400 ][developerMsg: DishaAPIServer is facing high request rate , current waiting connections 83 ][userMsg: Network is slow or Ride Server is busy ][hintForCorrection: Please try after sometime ][extraInfo: {} ]
06-15 16:14:58.630 25671 25895 E com.disha.quickride.androidapp.retrofitSetup.RetrofitClientInstance: Error in makeHttpCall
06-15 16:14:58.630 25671 25895 E com.disha.quickride.androidapp.retrofitSetup.RetrofitClientInstance: com.disha.quickride.rest.client.RestClientException: [errorCode: 9207 ] [httpStatusCode: 400 ][developerMsg: DishaAPIServer is facing high request rate , current waiting connections 83 ][userMsg: Network is slow or Ride Server is busy ] [hintForCorrection: Please try after sometime ][extraInfo: {} ]
06-15 16:14:58.630 25671 25895 E com.disha.quickride.androidapp.retrofitSetup.RetrofitClientInstance: at com.disha.quickride.androidapp.retrofitSetup.RetrofitUtils.processResponseErrorToPr operException(SourceFile:168)
06-15 16:14:58.630 25671 25895 E com.disha.quickride.androidapp.retrofitSetup.RetrofitClientInstance: at com.disha.quickride.androidapp.retrofitSetup.RetrofitClientInstance.makeHttpCall(So urceFile:242)
06-15 16:14:58.630 25671 25895 E com.disha.quickride.androidapp.retrofitSetup.RetrofitClientInstance: at com.disha.quickride.androidapp.retrofitSetup.RetrofitClientInstance.makeHttpPutCall (SourceFile:181)
06-15 16:14:58.630 25671 25895 E com.disha.quickride.androidapp.retrofitSetup.RetrofitClientInstance: at com.disha.quickride.androidapp.retrofitSetup.RetrofitClientInstance.makeHttpPutCall InSyn(SourceFile:168)
06-15 16:14:58.630 25671 25895 E com.disha.quickride.androidapp.retrofitSetup.RetrofitClientInstance: at com.disha.quickride.androidapp.usermgmt.profile.UserRestServiceClient.updateClientD eviceId(SourceFile:356)
06-15 16:14:58.630 25671 25895 E com.disha.quickride.androidapp.retrofitSetup.RetrofitClientInstance: at com.disha.quickride.androidapp.notification.FCMTokenRegistrationAsyncTask.doInBackg round(SourceFile:29)
06-15 16:14:58.630 25671 25895 E com.disha.quickride.androidapp.retrofitSetup.RetrofitClientInstance: at com.disha.quickride.androidapp.notification.FCMTokenRegistrationAsyncTask.doInBackg round(SourceFile:13)
06-15 16:14:58.630 25671 25895 E com.disha.quickride.androidapp.retrofitSetup.RetrofitClientInstance: at android.os.AsyncTask$3.call(AsyncTask.java:378)
06-15 16:14:58.630 25671 25895 E com.disha.quickride.androidapp.retrofitSetup.RetrofitClientInstance: at java.util.concurrent.FutureTask.run(FutureTask.java:266)
06-15 16:14:58.630 25671 25895 E com.disha.quickride.androidapp.retrofitSetup.RetrofitClientInstance: at java.util.concurrent.ThreadPoolExecutor.runWorker(ThreadPoolExecutor.java:1167)
06-15 16:14:58.630 25671 25895 E com.disha.quickride.androidapp.retrofitSetup.RetrofitClientInstance: at java.util.concurrent.ThreadPoolExecutor$Worker.run(ThreadPoolExecutor.java:641)
06-15 16:14:58.630 25671 25895 E com.disha.quickride.androidapp.retrofitSetup.RetrofitClientInstance: at java.lang.Thread.run(Thread.java:919)
06-15 16:14:58.630 25671 25895 E com.disha.quickride.androidapp.notification.FCMTokenRegistrationAsyncTask: Error while updating FCM registration token to server; User may not get FCM notifications
06-15 16:15:02.710 25671 25777 D com.disha.quickride.androidapp.retrofitSetup.RetrofitUtils: OkHttp401 [Ljava.lang.String;@4978614
06-15 16:15:02.717 25671 25777 E com.disha.quickride.androidapp.common.AndroidRestClient.AndroidClientLogger: RestResponse.processResponseErrorToProperException Error obj there [errorCode: 9994 ][httpStatusCode: 401 ][developerMsg: ][userMsg: Client request error ] [hintForCorrection: Please recheck the operation ][extraInfo: {} ]
06-15 16:15:02.718 25671 25777 D com.disha.quickride.androidapp.retrofitSetup.RetrofitUtils: OkHttp401 [Ljava.lang.String;@6d65ebd
06-15 16:15:02.719 25671 25777 E com.disha.quickride.androidapp.retrofitSetup.RetrofitClientInstance: Error in makeHttpCall
06-15 16:15:02.719 25671 25777 E com.disha.quickride.androidapp.retrofitSetup.RetrofitClientInstance: java.io.IOException: stream closed
06-15 16:15:02.719 25671 25777 E com.disha.quickride.androidapp.retrofitSetup.RetrofitClientInstance: at okhttp3.internal.http2.Http2Stream$FramingSource.read(SourceFile:372)
06-15 16:15:02.719 25671 25777 E com.disha.quickride.androidapp.retrofitSetup.RetrofitClientInstance: at okhttp3.internal.http2.Http2Codec$StreamFinishingSource.read(SourceFile:205)
06-15 16:15:02.719 25671 25777 E com.disha.quickride.androidapp.retrofitSetup.RetrofitClientInstance: at ejt.a(SourceFile:176)
06-15 16:15:02.719 25671 25777 E com.disha.quickride.androidapp.retrofitSetup.RetrofitClientInstance: at elp.a(SourceFile:322)
06-15 16:15:02.719 25671 25777 E com.disha.quickride.androidapp.retrofitSetup.RetrofitClientInstance: at ele.a(SourceFile:211)
06-15 16:15:02.719 25671 25777 E com.disha.quickride.androidapp.retrofitSetup.RetrofitClientInstance: at ele.a(SourceFile:188)
06-15 16:15:02.719 25671 25777 E com.disha.quickride.androidapp.retrofitSetup.RetrofitClientInstance: at ekz$a.a(SourceFile:104)
06-15 16:15:02.719 25671 25777 E com.disha.quickride.androidapp.retrofitSetup.RetrofitClientInstance: at com.disha.quickride.androidapp.retrofitSetup.RetrofitClientInstance.makeHttpCall(So urceFile:211)
06-15 16:15:02.719 25671 25777 E com.disha.quickride.androidapp.retrofitSetup.RetrofitClientInstance: at com.disha.quickride.androidapp.retrofitSetup.RetrofitClientInstance.makeHttpGetCall (SourceFile:147)
06-15 16:15:02.719 25671 25777 E com.disha.quickride.androidapp.retrofitSetup.RetrofitClientInstance: at com.disha.quickride.androidapp.retrofitSetup.RetrofitClientInstance.makeHttpGetCall InSynForCollectionReturnObject(SourceFile:138)
06-15 16:15:02.719 25671 25777 E com.disha.quickride.androidapp.retrofitSetup.RetrofitClientInstance: at com.disha.quickride.androidapp.notification.NotificationUpdateWorker.doWork(SourceF ile:77)
06-15 16:15:02.719 25671 25777 E com.disha.quickride.androidapp.retrofitSetup.RetrofitClientInstance: at androidx.work.Worker$1.run(SourceFile:85)
06-15 16:15:02.719 25671 25777 E com.disha.quickride.androidapp.retrofitSetup.RetrofitClientInstance: at java.util.concurrent.ThreadPoolExecutor.runWorker(ThreadPoolExecutor.java:1167)
06-15 16:15:02.719 25671 25777 E com.disha.quickride.androidapp.retrofitSetup.RetrofitClientInstance: at java.util.concurrent.ThreadPoolExecutor$Worker.run(ThreadPoolExecutor.java:641)
06-15 16:15:02.719 25671 25777 E com.disha.quickride.androidapp.retrofitSetup.RetrofitClientInstance: at java.lang.Thread.run(Thread.java:919)
06-15 16:15:02.723 25671 25777 E com.disha.quickride.androidapp.common.AndroidRestClient.AndroidClientLogger: RestResponse.processResponseErrorToProperException OTHER ERROR100 java.io.IOException: stream closed
06-15 16:15:02.969 25671 25777 E com.disha.quickride.androidapp.common.AndroidRestClient.AndroidClientLogger: URLConnection.checkInternetAndDecideexception Network available: SERVICE_NOT_AVAILABLE; java.io.IOException: stream closed
06-15 16:15:04.251 25671 25777 D com.disha.quickride.androidapp.retrofitSetup.RetrofitUtils: OkHttp401 [Ljava.lang.String;@8907b
06-15 16:15:04.260 25671 25777 E com.disha.quickride.androidapp.common.AndroidRestClient.AndroidClientLogger: RestResponse.processResponseErrorToProperException Error obj there [errorCode: 9994 ][httpStatusCode: 401 ][developerMsg: ][userMsg: Client request error ] [hintForCorrection: Please recheck the operation ][extraInfo: {} ]
06-15 16:15:04.261 25671 25777 D com.disha.quickride.androidapp.retrofitSetup.RetrofitUtils: OkHttp401 [Ljava.lang.String;@9cd2e98
06-15 16:15:04.263 25671 25777 E com.disha.quickride.androidapp.retrofitSetup.RetrofitClientInstance: Error in makeHttpCall
06-15 16:15:04.263 25671 25777 E com.disha.quickride.androidapp.retrofitSetup.RetrofitClientInstance: java.io.IOException: stream closed
06-15 16:15:04.263 25671 25777 E com.disha.quickride.androidapp.retrofitSetup.RetrofitClientInstance: at okhttp3.internal.http2.Http2Stream$FramingSource.read(SourceFile:372)
06-15 16:15:04.263 25671 25777 E com.disha.quickride.androidapp.retrofitSetup.RetrofitClientInstance: at okhttp3.internal.http2.Http2Codec$StreamFinishingSource.read(SourceFile:205)
06-15 16:15:04.263 25671 25777 E com.disha.quickride.androidapp.retrofitSetup.RetrofitClientInstance: at ejt.a(SourceFile:176)
06-15 16:15:04.263 25671 25777 E com.disha.quickride.androidapp.retrofitSetup.RetrofitClientInstance: at elp.a(SourceFile:322)
06-15 16:15:04.263 25671 25777 E com.disha.quickride.androidapp.retrofitSetup.RetrofitClientInstance: at ele.a(SourceFile:211)
06-15 16:15:04.263 25671 25777 E com.disha.quickride.androidapp.retrofitSetup.RetrofitClientInstance: at ele.a(SourceFile:188)
06-15 16:15:04.263 25671 25777 E com.disha.quickride.androidapp.retrofitSetup.RetrofitClientInstance: at ekz$a.a(SourceFile:104)
06-15 16:15:04.263 25671 25777 E com.disha.quickride.androidapp.retrofitSetup.RetrofitClientInstance: at com.disha.quickride.androidapp.retrofitSetup.RetrofitClientInstance.makeHttpCall(So urceFile:211)
06-15 16:15:04.263 25671 25777 E com.disha.quickride.androidapp.retrofitSetup.RetrofitClientInstance: at com.disha.quickride.androidapp.retrofitSetup.RetrofitClientInstance.makeHttpGetCall (SourceFile:147)
06-15 16:15:04.263 25671 25777 E com.disha.quickride.androidapp.retrofitSetup.RetrofitClientInstance: at com.disha.quickride.androidapp.retrofitSetup.RetrofitClientInstance.makeHttpGetCall InSynForCollectionReturnObject(SourceFile:138)
06-15 16:15:04.263 25671 25777 E com.disha.quickride.androidapp.retrofitSetup.RetrofitClientInstance: at com.disha.quickride.androidapp.notification.NotificationUpdateWorker.doWork(SourceF ile:88)
06-15 16:15:04.263 25671 25777 E com.disha.quickride.androidapp.retrofitSetup.RetrofitClientInstance: at androidx.work.Worker$1.run(SourceFile:85)
06-15 16:15:04.263 25671 25777 E com.disha.quickride.androidapp.retrofitSetup.RetrofitClientInstance: at java.util.concurrent.ThreadPoolExecutor.runWorker(ThreadPoolExecutor.java:1167)
06-15 16:15:04.263 25671 25777 E com.disha.quickride.androidapp.retrofitSetup.RetrofitClientInstance: at java.util.concurrent.ThreadPoolExecutor$Worker.run(ThreadPoolExecutor.java:641)
06-15 16:15:04.263 25671 25777 E com.disha.quickride.androidapp.retrofitSetup.RetrofitClientInstance: at java.lang.Thread.run(Thread.java:919)
06-15 16:15:04.264 25671 25777 E com.disha.quickride.androidapp.common.AndroidRestClient.AndroidClientLogger: RestResponse.processResponseErrorToProperException OTHER ERROR100 java.io.IOException: stream closed
06-15 16:15:04.416 25671 25777 E com.disha.quickride.androidapp.common.AndroidRestClient.AndroidClientLogger: URLConnection.checkInternetAndDecideexception Network available: SERVICE_NOT_AVAILABLE; java.io.IOException: stream closed
06-15 16:15:04.429 25671 25749 I WM-WorkerWrapper: Worker result SUCCESS for Work [ id=129ca9d6-7879-4614-9463-db5cf993f0a3, tags={ com.disha.quickride.androidapp.notification.NotificationUpdateWorker } ]
06-15 16:15:04.465 25671 25689 W System : A resource failed to call end.
06-15 16:15:04.465 25671 25689 W System : A resource failed to call end.
06-15 16:15:23.591 25671 25774 I b : pushAmpDataParser: Listener status: false
06-15 16:15:23.614 25671 25715 I WM-WorkerWrapper: Worker result SUCCESS for Work [ id=821d102c-f73c-49af-9981-9057572f0e37, tags={ in.netcore.smartechfcm.worker.SlavePushAmpWorker } ]
06-15 16:15:28.666 25671 25913 D com.disha.quickride.androidapp.notification.FCMTokenRegistrationHelper: Getting FCM token to update to server for user : 80505588231167
06-15 16:15:28.669 25671 25671 D com.disha.quickride.androidapp.notification.FCMTokenRegistrationHelper: FCM token for userId : 80505588231167 is : d9DPXCxVmMU:APA91bElxdx8E06pkTtaELXYEtsvRVk_Ck- h8aLPml_ePbBf9b1_ZH4Fw9fqprHEhekpasxB74oDlUYSOkmsH- 5vB6S5x9YlOEjaOqgxhMTqJXRVuQcppRwbp1Ep80m32JK_7jedPTMS
06-15 16:15:28.671 25671 25933 D com.disha.quickride.androidapp.notification.FCMTokenRegistrationAsyncTask: Updating client device id to server : d9DPXCxVmMU:APA91bElxdx8E06pkTtaELXYEtsvRVk_Ck- h8aLPml_ePbBf9b1_ZH4Fw9fqprHEhekpasxB74oDlUYSOkmsH- 5vB6S5x9YlOEjaOqgxhMTqJXRVuQcppRwbp1Ep80m32JK_7jedPTMS
06-15 16:15:31.183 25671 25933 D com.disha.quickride.androidapp.retrofitSetup.RetrofitUtils: OkHttp429 [Ljava.lang.String;@2e06d86
06-15 16:15:31.185 25671 25933 D com.disha.quickride.androidapp.retrofitSetup.RetrofitUtils: OkHttp429 [Ljava.lang.String;@691a647
06-15 16:15:31.192 25671 25933 E com.disha.quickride.androidapp.common.AndroidRestClient.AndroidClientLogger: RestResponse.processResponseErrorToProperException Error obj there [errorCode: 9207 ][httpStatusCode: 400 ][developerMsg: DishaAPIServer is facing high request rate , current waiting connections 139 ][userMsg: Network is slow or Ride Server is busy ][hintForCorrection: Please try after sometime ][extraInfo: {} ]
06-15 16:15:31.193 25671 25933 E com.disha.quickride.androidapp.retrofitSetup.RetrofitClientInstance: Error in makeHttpCall
06-15 16:15:31.193 25671 25933 E com.disha.quickride.androidapp.retrofitSetup.RetrofitClientInstance: com.disha.quickride.rest.client.RestClientException: [errorCode: 9207 ] [httpStatusCode: 400 ][developerMsg: DishaAPIServer is facing high request rate , current waiting connections 139 ][userMsg: Network is slow or Ride Server is busy ][hintForCorrection: Please try after sometime ][extraInfo: {} ]
06-15 16:15:31.193 25671 25933 E com.disha.quickride.androidapp.retrofitSetup.RetrofitClientInstance: at com.disha.quickride.androidapp.retrofitSetup.RetrofitUtils.processResponseErrorToPr operException(SourceFile:168)
06-15 16:15:31.193 25671 25933 E com.disha.quickride.androidapp.retrofitSetup.RetrofitClientInstance: at com.disha.quickride.androidapp.retrofitSetup.RetrofitClientInstance.makeHttpCall(So urceFile:242)
06-15 16:15:31.193 25671 25933 E com.disha.quickride.androidapp.retrofitSetup.RetrofitClientInstance: at com.disha.quickride.androidapp.retrofitSetup.RetrofitClientInstance.makeHttpPutCall (SourceFile:181)
06-15 16:15:31.193 25671 25933 E com.disha.quickride.androidapp.retrofitSetup.RetrofitClientInstance: at com.disha.quickride.androidapp.retrofitSetup.RetrofitClientInstance.makeHttpPutCall InSyn(SourceFile:168)
06-15 16:15:31.193 25671 25933 E com.disha.quickride.androidapp.retrofitSetup.RetrofitClientInstance: at com.disha.quickride.androidapp.usermgmt.profile.UserRestServiceClient.updateClientD eviceId(SourceFile:356)
06-15 16:15:31.193 25671 25933 E com.disha.quickride.androidapp.retrofitSetup.RetrofitClientInstance: at com.disha.quickride.androidapp.notification.FCMTokenRegistrationAsyncTask.doInBackg round(SourceFile:29)
06-15 16:15:31.193 25671 25933 E com.disha.quickride.androidapp.retrofitSetup.RetrofitClientInstance: at com.disha.quickride.androidapp.notification.FCMTokenRegistrationAsyncTask.doInBackg round(SourceFile:13)
06-15 16:15:31.193 25671 25933 E com.disha.quickride.androidapp.retrofitSetup.RetrofitClientInstance: at android.os.AsyncTask$3.call(AsyncTask.java:378)
06-15 16:15:31.193 25671 25933 E com.disha.quickride.androidapp.retrofitSetup.RetrofitClientInstance: at java.util.concurrent.FutureTask.run(FutureTask.java:266)
06-15 16:15:31.193 25671 25933 E com.disha.quickride.androidapp.retrofitSetup.RetrofitClientInstance: at java.util.concurrent.ThreadPoolExecutor.runWorker(ThreadPoolExecutor.java:1167)
06-15 16:15:31.193 25671 25933 E com.disha.quickride.androidapp.retrofitSetup.RetrofitClientInstance: at java.util.concurrent.ThreadPoolExecutor$Worker.run(ThreadPoolExecutor.java:641)
06-15 16:15:31.193 25671 25933 E com.disha.quickride.androidapp.retrofitSetup.RetrofitClientInstance: at java.lang.Thread.run(Thread.java:919)
06-15 16:15:31.193 25671 25933 E com.disha.quickride.androidapp.notification.FCMTokenRegistrationAsyncTask: Error while updating FCM registration token to server; User may not get FCM notifications
06-15 16:16:01.236 25671 25935 D com.disha.quickride.androidapp.notification.FCMTokenRegistrationHelper: Getting FCM token to update to server for user : 80505588231167
06-15 16:16:01.241 25671 25671 D com.disha.quickride.androidapp.notification.FCMTokenRegistrationHelper: FCM token for userId : 80505588231167 is : d9DPXCxVmMU:APA91bElxdx8E06pkTtaELXYEtsvRVk_Ck- h8aLPml_ePbBf9b1_ZH4Fw9fqprHEhekpasxB74oDlUYSOkmsH- 5vB6S5x9YlOEjaOqgxhMTqJXRVuQcppRwbp1Ep80m32JK_7jedPTMS
06-15 16:16:01.246 25671 25980 D com.disha.quickride.androidapp.notification.FCMTokenRegistrationAsyncTask: Updating client device id to server : d9DPXCxVmMU:APA91bElxdx8E06pkTtaELXYEtsvRVk_Ck- h8aLPml_ePbBf9b1_ZH4Fw9fqprHEhekpasxB74oDlUYSOkmsH- 5vB6S5x9YlOEjaOqgxhMTqJXRVuQcppRwbp1Ep80m32JK_7jedPTMS
06-15 16:16:02.698 25671 25980 D com.disha.quickride.androidapp.retrofitSetup.RetrofitUtils: OkHttp429 [Ljava.lang.String;@f385fe3
06-15 16:16:02.699 25671 25980 D com.disha.quickride.androidapp.retrofitSetup.RetrofitUtils: OkHttp429 [Ljava.lang.String;@4ca2de0
06-15 16:16:02.707 25671 25980 E com.disha.quickride.androidapp.common.AndroidRestClient.AndroidClientLogger: RestResponse.processResponseErrorToProperException Error obj there [errorCode: 9207 ][httpStatusCode: 400 ][developerMsg: DishaAPIServer is facing high request rate , current waiting connections 61 ][userMsg: Network is slow or Ride Server is busy ][hintForCorrection: Please try after sometime ][extraInfo: {} ]
06-15 16:16:02.707 25671 25980 E com.disha.quickride.androidapp.retrofitSetup.RetrofitClientInstance: Error in makeHttpCall
06-15 16:16:02.707 25671 25980 E com.disha.quickride.androidapp.retrofitSetup.RetrofitClientInstance: com.disha.quickride.rest.client.RestClientException: [errorCode: 9207 ] [httpStatusCode: 400 ][developerMsg: DishaAPIServer is facing high request rate , current waiting connections 61 ][userMsg: Network is slow or Ride Server is busy ] [hintForCorrection: Please try after sometime ][extraInfo: {} ]
06-15 16:16:02.707 25671 25980 E com.disha.quickride.androidapp.retrofitSetup.RetrofitClientInstance: at com.disha.quickride.androidapp.retrofitSetup.RetrofitUtils.processResponseErrorToPr operException(SourceFile:168)
06-15 16:16:02.707 25671 25980 E com.disha.quickride.androidapp.retrofitSetup.RetrofitClientInstance: at com.disha.quickride.androidapp.retrofitSetup.RetrofitClientInstance.makeHttpCall(So urceFile:242)
06-15 16:16:02.707 25671 25980 E com.disha.quickride.androidapp.retrofitSetup.RetrofitClientInstance: at com.disha.quickride.androidapp.retrofitSetup.RetrofitClientInstance.makeHttpPutCall (SourceFile:181)
06-15 16:16:02.707 25671 25980 E com.disha.quickride.androidapp.retrofitSetup.RetrofitClientInstance: at com.disha.quickride.androidapp.retrofitSetup.RetrofitClientInstance.makeHttpPutCall InSyn(SourceFile:168)
06-15 16:16:02.707 25671 25980 E com.disha.quickride.androidapp.retrofitSetup.RetrofitClientInstance: at com.disha.quickride.androidapp.usermgmt.profile.UserRestServiceClient.updateClientD eviceId(SourceFile:356)
06-15 16:16:02.707 25671 25980 E com.disha.quickride.androidapp.retrofitSetup.RetrofitClientInstance: at com.disha.quickride.androidapp.notification.FCMTokenRegistrationAsyncTask.doInBackg round(SourceFile:29)
06-15 16:16:02.707 25671 25980 E com.disha.quickride.androidapp.retrofitSetup.RetrofitClientInstance: at com.disha.quickride.androidapp.notification.FCMTokenRegistrationAsyncTask.doInBackg round(SourceFile:13)
06-15 16:16:02.707 25671 25980 E com.disha.quickride.androidapp.retrofitSetup.RetrofitClientInstance: at android.os.AsyncTask$3.call(AsyncTask.java:378)
06-15 16:16:02.707 25671 25980 E com.disha.quickride.androidapp.retrofitSetup.RetrofitClientInstance: at java.util.concurrent.FutureTask.run(FutureTask.java:266)
06-15 16:16:02.707 25671 25980 E com.disha.quickride.androidapp.retrofitSetup.RetrofitClientInstance: at java.util.concurrent.ThreadPoolExecutor.runWorker(ThreadPoolExecutor.java:1167)
06-15 16:16:02.707 25671 25980 E com.disha.quickride.androidapp.retrofitSetup.RetrofitClientInstance: at java.util.concurrent.ThreadPoolExecutor$Worker.run(ThreadPoolExecutor.java:641)
06-15 16:16:02.707 25671 25980 E com.disha.quickride.androidapp.retrofitSetup.RetrofitClientInstance: at java.lang.Thread.run(Thread.java:919)
06-15 16:16:02.707 25671 25980 E com.disha.quickride.androidapp.notification.FCMTokenRegistrationAsyncTask: Error while updating FCM registration token to server; User may not get FCM notifications
06-15 16:16:32.723 25671 25984 D com.disha.quickride.androidapp.notification.FCMTokenRegistrationHelper: Getting FCM token to update to server for user : 80505588231167
06-15 16:16:32.727 25671 25671 D com.disha.quickride.androidapp.notification.FCMTokenRegistrationHelper: FCM token for userId : 80505588231167 is : d9DPXCxVmMU:APA91bElxdx8E06pkTtaELXYEtsvRVk_Ck- h8aLPml_ePbBf9b1_ZH4Fw9fqprHEhekpasxB74oDlUYSOkmsH- 5vB6S5x9YlOEjaOqgxhMTqJXRVuQcppRwbp1Ep80m32JK_7jedPTMS
06-15 16:16:32.729 25671 25725 D com.disha.quickride.androidapp.notification.FCMTokenRegistrationAsyncTask: Updating client device id to server : d9DPXCxVmMU:APA91bElxdx8E06pkTtaELXYEtsvRVk_Ck- h8aLPml_ePbBf9b1_ZH4Fw9fqprHEhekpasxB74oDlUYSOkmsH- 5vB6S5x9YlOEjaOqgxhMTqJXRVuQcppRwbp1Ep80m32JK_7jedPTMS
06-15 16:16:35.486 25671 25725 D com.disha.quickride.androidapp.retrofitSetup.RetrofitUtils: OkHttp401 [Ljava.lang.String;@a07173f
06-15 16:16:35.491 25671 25725 E com.disha.quickride.androidapp.common.AndroidRestClient.AndroidClientLogger: RestResponse.processResponseErrorToProperException Error obj there [errorCode: 11103 ][httpStatusCode: 401 ][developerMsg: Unauthorized access; Jwt token has expired ][userMsg: Secure session has expired ][hintForCorrection: Re-login and retry ][extraInfo: {} ]
06-15 16:18:04.964 25671 25799 W cr_ChildProcessConn: onServiceDisconnected (crash or killed by oom): pid=0 bindings:WM state:2 counts:0,0,1,0,
06-15 16:18:04.967 25671 25984 D com.disha.quickride.androidapp.notification.FCMTokenRegistrationHelper: Getting FCM token to update to server for user : 80505588231167
06-15 16:18:04.973 25671 25671 D com.disha.quickride.androidapp.notification.FCMTokenRegistrationHelper: FCM token for userId : 80505588231167 is : d9DPXCxVmMU:APA91bElxdx8E06pkTtaELXYEtsvRVk_Ck- h8aLPml_ePbBf9b1_ZH4Fw9fqprHEhekpasxB74oDlUYSOkmsH- 5vB6S5x9YlOEjaOqgxhMTqJXRVuQcppRwbp1Ep80m32JK_7jedPTMS
06-15 16:18:04.974 25671 25891 D com.disha.quickride.androidapp.notification.FCMTokenRegistrationAsyncTask: Updating client device id to server : d9DPXCxVmMU:APA91bElxdx8E06pkTtaELXYEtsvRVk_Ck- h8aLPml_ePbBf9b1_ZH4Fw9fqprHEhekpasxB74oDlUYSOkmsH- 5vB6S5x9YlOEjaOqgxhMTqJXRVuQcppRwbp1Ep80m32JK_7jedPTMS
06-15 16:18:04.976 25671 25725 D com.disha.quickride.androidapp.retrofitSetup.RetrofitUtils: OkHttp200 [Ljava.lang.String;@89e8555
06-15 16:18:04.980 25671 25725 D com.disha.quickride.androidapp.retrofitSetup.RetrofitUtils: OkHttp200 [Ljava.lang.String;@cdcdb6a --------- beginning of main
06-15 22:18:14.599 8636 8636 E disha.quickrid: Not starting debugger since process cannot load the jdwp agent.
06-15 22:18:14.653 8636 8636 I disha.quickrid: The ClassLoaderContext is a special shared library.
06-15 22:18:15.641 8636 8636 W disha.quickrid: JIT profile information will not be recorded: profile file does not exits.
06-15 22:18:15.641 8636 8636 W disha.quickrid: JIT profile information will not be recorded: profile file does not exits.
06-15 22:18:15.659 8636 8636 I Perf : Connecting to perf service.
06-15 22:18:15.668 8636 8636 I disha.quickrid: [GL_OOM] ClearGrowthLimit 536870912
06-15 22:18:15.684 8636 8636 D com.disha.quickride.androidapp.startup.QuickRideApplication: QuickRideApplication is instantiated
06-15 22:18:15.687 8636 8636 I MultiDex: VM with version 2.1.0 has multidex support
06-15 22:18:15.687 8636 8636 I MultiDex: Installing application
06-15 22:18:15.687 8636 8636 I MultiDex: VM has multidex support, MultiDex support library is disabled.
06-15 22:18:15.687 8636 8636 I MultiDex: Installing application
06-15 22:18:15.687 8636 8636 I MultiDex: VM has multidex support, MultiDex support library is disabled.
06-15 22:18:15.795 8636 8636 I FirebaseInitProvider: FirebaseApp initialization successful
06-15 22:18:15.807 8636 8636 I CrashlyticsInitProvider: CrashlyticsInitProvider skipping initialization
06-15 22:18:15.854 8636 8664 I FA : App measurement is starting up, version: 15300
06-15 22:18:15.855 8636 8664 I FA : To enable debug logging run: adb shell setprop log.tag.FA VERBOSE
06-15 22:18:15.855 8636 8664 I FA : To enable faster debug mode event logging run:
06-15 22:18:15.855 8636 8664 I FA : adb shell setprop debug.firebase.analytics.app com.disha.quickride
06-15 22:18:15.925 8636 8636 E Apxor : App Id is empty or null, couldn't initialize ApxorSDK
06-15 22:18:15.930 8636 8636 D com.disha.quickride.androidapp.startup.QuickRideApplication: QuickRideApplication is created
06-15 22:18:15.930 8636 8636 V Font : Change font:1
06-15 22:18:15.931 8636 8636 V Font : Default family:android.graphics.Typeface@753d8bfe
06-15 22:18:15.931 8636 8636 D com.disha.quickride.androidapp.startup.QuickRideApplication: enabled https protocols null
06-15 22:18:15.937 8636 8667 D NetworkSecurityConfig: No Network Security Config specified, using platform default
06-15 22:18:15.937 8636 8667 I DpmTcmClient: RegisterTcmMonitor from: $Proxy0
06-15 22:18:16.043 8636 8636 W Java7Support: Unable to load JDK7 types (annotations, java.nio.file.Path): no Java7 support added
06-15 22:18:16.296 8636 8687 I CrashlyticsCore: Initializing Crashlytics 2.6.8.32
06-15 22:18:16.325 8636 8687 W com.facebook.appevents.AppEventsLogger: activateApp events are being logged automatically. There's no need to call activateApp explicitly, this is safe to remove.
06-15 22:18:16.338 8636 8687 I GAv4 : Google Analytics 12.4.51 is starting up. To enable debug logging on a device run:
06-15 22:18:16.338 8636 8687 I GAv4 : adb shell setprop log.tag.GAv4 DEBUG
06-15 22:18:16.338 8636 8687 I GAv4 : adb logcat -s GAv4
06-15 22:18:16.362 8636 8636 E a : Value of SMT_USE_AD_ID : null
06-15 22:18:16.363 8636 8636 D NetcoreSDK: readConfig: null
06-15 22:18:16.371 8636 8711 W GAv4 : CampaignTrackingReceiver is not registered, not exported or is disabled. Installation campaign tracking is not possible. See http://goo.gl/8Rd3yj for instructions.
06-15 22:18:16.400 8636 8636 I CleverTap: Activity Lifecycle Callback successfully registered
06-15 22:18:16.402 8636 8636 I CleverTap: Account Region not specified in the AndroidManifest - using default region
06-15 22:18:16.425 8636 8636 I CleverTap: CleverTap SDK initialized with accountId: 677-74Z-765Z accountToken: 14a-aa6 accountRegion: null
06-15 22:18:16.438 8636 8721 I CleverTap: SDK Version Code is 30501
06-15 22:18:16.438 8636 8636 W Adjust : PRODUCTION: Adjust is running in Production mode. Use this setting only for the build that you want to publish. Set the environment to `sandbox` if you want to test your app!
06-15 22:18:16.440 8636 8721 I CleverTap: CTPushNotificationReceiver is present
06-15 22:18:16.441 8636 8721 I CleverTap: InstallReferrerBroadcastReceiver is present
06-15 22:18:16.442 8636 8721 I CleverTap: CTNotificationIntentService not present
06-15 22:18:16.443 8636 8721 I CleverTap: CTBackgroundJobService is present
06-15 22:18:16.444 8636 8721 I CleverTap: CTBackgroundIntentService is present
06-15 22:18:16.448 8636 8721 I CleverTap: InAppNotificationActivity is present
06-15 22:18:16.448 8636 8636 W Adjust : PRODUCTION: Adjust is running in Production mode. Use this setting only for the build that you want to publish. Set the environment to `sandbox` if you want to test your app!
06-15 22:18:16.449 8636 8721 I CleverTap: FcmMessageListenerService not present
06-15 22:18:16.450 8636 8721 I CleverTap: FcmTokenListenerService not present
06-15 22:18:16.466 8636 8636 D com.disha.quickride.androidapp.startup.QuickRideApplication: Initializing Session Manager
06-15 22:18:16.472 8636 8727 D com.disha.quickride.androidapp.startup.session.SessionManagerController: Resuming user session
06-15 22:18:16.476 8636 8727 D com.disha.quickride.androidapp.startup.session.SessionManager: Entering createNewSessionManager
06-15 22:18:16.487 8636 8727 D com.disha.quickride.androidapp.startup.session.SessionManager: Found Persistent session for user 80505588231167
06-15 22:18:16.488 8636 8727 D com.disha.quickride.androidapp.startup.session.SessionManager: Entering onResumeUserSession
06-15 22:18:16.489 8636 8670 W DynamiteModule: Local module descriptor class for providerinstaller not found.
06-15 22:18:16.491 8636 8727 D com.disha.quickride.androidapp.startup.session.SessionManager: Performing session change operation on com.disha.quickride.androidapp.common.serverConfig.ClientConfigurationModuleSession Manager@6f95206
06-15 22:18:16.491 8636 8727 D com.disha.quickride.androidapp.common.serverConfig.ClientConfigurationModuleSession Manager: Resuming basic user session
06-15 22:18:16.528 8636 8721 I CleverTap:677-74Z-765Z: Notification channel promopush has been created
06-15 22:18:16.528 8636 8721 I CleverTap:677-74Z-765Z: Notification channel offerspush has been created
06-15 22:18:16.528 8636 8721 I CleverTap:677-74Z-765Z: Notification channel notifypush has been created
06-15 22:18:16.556 8636 8670 I DynamiteModule: Considering local module providerinstaller:0 and remote module providerinstaller:0
06-15 22:18:16.556 8636 8670 W ProviderInstaller: Failed to load providerinstaller module: No acceptable module found. Local version is 0 and remote version is 0.
06-15 22:18:16.573 8636 8731 D SlaveNetworkWorker: not matched:
06-15 22:18:16.581 8636 8670 I disha.quickrid: The ClassLoaderContext is a special shared library.
06-15 22:18:16.625 8636 8727 D com.disha.quickride.androidapp.startup.session.SessionManager: Performing session change operation on com.disha.quickride.androidapp.usermgmt.UserModuleSessionManager@7163e33
06-15 22:18:16.625 8636 8727 D com.disha.quickride.androidapp.usermgmt.UserModuleSessionManager: Resume basic user session
06-15 22:18:16.657 8636 8731 I WebViewFactory: Loading com.google.android.webview version 83.0.4103.101 (code 410410183)
06-15 22:18:16.668 8636 8732 D com.disha.quickride.androidapp.notification.QuickRideGCMIntentService: New GCM message received : {}
06-15 22:18:16.671 8636 8732 E b : Error: No value for data
06-15 22:18:16.671 8636 8732 D com.disha.quickride.androidapp.notification.QuickRideGCMIntentService: Not handled by NetCore
06-15 22:18:16.688 8636 8728 E Perf : Fail to get file list com.disha.quickride
06-15 22:18:16.693 8636 8732 D com.disha.quickride.androidapp.notification.QuickRideGCMIntentService: Session is not yet initialized; will queue up the message and process after session is initialized
06-15 22:18:16.712 8636 8670 I disha.quickrid: The ClassLoaderContext is a special shared library.
06-15 22:18:16.715 8636 8728 E Perf : getFolderSize() : Exception_1 = java.lang.NullPointerException: Attempt to get length of null array
06-15 22:18:16.716 8636 8728 E Perf : Fail to get file list oat
06-15 22:18:16.717 8636 8728 E Perf : getFolderSize() : Exception_1 = java.lang.NullPointerException: Attempt to get length of null array
06-15 22:18:16.731 8636 8741 D com.disha.quickride.androidapp.notification.NotificationUpdateWorker: NotificationUpdateWorker.doWork() started
06-15 22:18:16.747 8636 8670 I disha.quickrid: Waiting for a blocking GC ClassLinker
06-15 22:18:16.754 8636 8731 W disha.quickrid: Insufficient pre-allocated space to mmap vdex.
06-15 22:18:16.788 8636 8670 I disha.quickrid: WaitForGcToComplete blocked ClassLinker on ClassLinker for 40.963ms
06-15 22:18:16.827 8636 8670 V NativeCrypto: Registering com/google/android/gms/org/conscrypt/NativeCrypto's 286 native methods...
06-15 22:18:16.864 8636 8670 I ProviderInstaller: Installed default security provider GmsCore_OpenSSL
06-15 22:18:16.865 8636 8636 I cr_LibraryLoader: Loaded native library version number "83.0.4103.101"
06-15 22:18:16.866 8636 8636 I cr_CachingUmaRecorder: Flushed 3 samples from 3 histograms.
06-15 22:18:17.087 8636 8636 D com.disha.quickride.androidapp.startup.QuickRideApplication: ProviderInstaller.installIfNeededAsync onProviderInstalled
06-15 22:18:17.327 8636 8671 E GraphResponse: {HttpStatus: 400, errorCode: 43003, subErrorCode: -1, errorType: OAuthException, errorMessage: (#43003) App button auto detection is disabled}
06-15 22:18:17.351 8636 8741 D com.disha.quickride.androidapp.retrofitSetup.RetrofitUtils: OkHttp200 [Ljava.lang.String;@d8c8c4c
06-15 22:18:17.352 8636 8741 D com.disha.quickride.androidapp.retrofitSetup.RetrofitUtils: OkHttp200 [Ljava.lang.String;@65f1495
06-15 22:18:17.511 8636 8741 D com.disha.quickride.androidapp.retrofitSetup.RetrofitUtils: OkHttp200 [Ljava.lang.String;@83abff1
06-15 22:18:17.512 8636 8741 D com.disha.quickride.androidapp.retrofitSetup.RetrofitUtils: OkHttp200 [Ljava.lang.String;@ce557d6
06-15 22:18:17.515 8636 8731 D b : getData: response code:200
