06-11 02:59:17.416 18063 18350 D com.disha.quickride.androidapp.retrofitSetup.RetrofitUtils: OkHttp200 [Ljava.lang.String;@6b772b0
06-11 02:59:17.416 18063 18350 D com.disha.quickride.androidapp.retrofitSetup.RetrofitUtils: OkHttp200 [Ljava.lang.String;@52da529
06-11 02:59:17.462 18063 18111 I WM-WorkerWrapper: Worker result SUCCESS for Work [ id=129ca9d6-7879-4614-9463-db5cf993f0a3, tags={ com.disha.quickride.androidapp.notification.NotificationUpdateWorker } ]
06-11 02:59:19.849 18063 18293 D com.disha.quickride.androidapp.event.EventModuleSessionManager: Resuming complete user session
06-11 02:59:19.862 18063 18293 D com.disha.quickride.androidapp.event.EventServicePersistenceHelper: Purging old messages with condition : time <= 1591802959849
06-11 02:59:19.863 18063 18293 D com.disha.quickride.androidapp.event.EventServicePersistenceHelper: No of old messages purged : 0
06-11 02:59:19.871 18063 18293 D com.disha.quickride.androidapp.event.EventServicePersistenceHelper: 0 messages read from persistence
06-11 02:59:19.871 18063 18293 D com.disha.quickride.androidapp.event.RideMgmtEventServiceProxy: Initializing unprocessed messages from persistence
06-11 02:59:19.876 18063 18293 D com.disha.quickride.androidapp.event.EventServicePersistenceHelper: 0 unprocessed messages read from persistence
06-11 02:59:19.879 18063 18293 D com.disha.quickride.androidapp.event.EventServicePersistenceHelper: Purging old messages with condition : time <= 1591802959876
06-11 02:59:19.879 18063 18293 D com.disha.quickride.androidapp.event.EventServicePersistenceHelper: No of old messages purged : 0
06-11 02:59:19.883 18063 18293 D com.disha.quickride.androidapp.event.EventServicePersistenceHelper: 0 messages read from persistence
06-11 02:59:19.883 18063 18293 D com.disha.quickride.androidapp.event.LocationUpdateEventServiceProxy: Initializing unprocessed messages from persistence
06-11 02:59:19.886 18063 18293 D com.disha.quickride.androidapp.event.EventServicePersistenceHelper: 0 unprocessed messages read from persistence
06-11 02:59:19.886 18063 18293 D com.disha.quickride.androidapp.usermgmt.UserMessageListener: subscribeToUserMsgUpdates
06-11 02:59:19.886 18063 18293 D com.disha.quickride.androidapp.event.RideMgmtEventServiceProxy: Adding topic name to subscriptions queue :userMsg/80505588231167
06-11 02:59:19.894 18063 18293 D com.disha.quickride.androidapp.event.EventModuleSessionManager: Establishing event service connection
06-11 02:59:19.894 18063 18293 D com.disha.quickride.androidapp.event.RideMgmtEventServiceProxy: Entering dispatchAllMessagesArrivedBeforeSessionWasInitialized
06-11 02:59:19.895 18063 18293 D com.disha.quickride.androidapp.event.LocationUpdateEventServiceProxy: Entering dispatchAllMessagesArrivedBeforeSessionWasInitialized
06-11 02:59:19.895 18063 18456 D com.disha.quickride.androidapp.event.InitialMessagesDispatchTask: Dispatching initial messages
06-11 02:59:19.899 18063 18293 I com.disha.quickride.androidapp.ridemgmt.RideManagementMqttProxy: subscribing to topic of existing rides
06-11 02:59:19.899 18063 18293 I com.disha.quickride.androidapp.ridemgmt.RideManagementMqttProxy: subscribing to topic of existing rider rides
06-11 02:59:19.899 18063 18293 D com.disha.quickride.androidapp.groupchat.RideGroupChatMqttListener: Subscribing to collection of rides
06-11 02:59:19.899 18063 18293 I com.disha.quickride.androidapp.ridemgmt.RideManagementMqttProxy: subscribing to topic of existing passenger rides
06-11 02:59:19.899 18063 18293 D com.disha.quickride.androidapp.groupchat.RideGroupChatMqttListener: Subscribing to collection of rides
06-11 02:59:19.900 18063 18459 D com.disha.quickride.androidapp.event.InitialMessagesDispatchTask: Dispatching initial messages
06-11 02:59:20.720 18063 18086 I disha.quickrid: Waiting for a blocking GC ProfileSaver
06-11 02:59:20.732 18063 18086 I disha.quickrid: WaitForGcToComplete blocked ProfileSaver on ClassLinker for 11.758ms
06-11 02:59:22.192 18063 18168 I WM-WorkerWrapper: Worker result SUCCESS for Work [ id=f7a78ce6-b2d2-4c82-aca3-192c3a71ea32, tags={ in.netcore.smartechfcm.workmanager.SlaveDBSyncWorker } ]
06-11 02:59:46.403 18063 18180 I b : pushAmpDataParser: Listener status: false
06-11 02:59:46.420 18063 18102 I WM-WorkerWrapper: Worker result SUCCESS for Work [ id=638f84f9-8073-4c62-b0bb-02b3103c8dcf, tags={ in.netcore.smartechfcm.worker.SlavePushAmpWorker } ]
06-11 03:00:01.045 18063 18317 V NativeCrypto: Read error: ssl=0x7dacd82948: I/O error during system call, Software caused connection abort
06-11 03:00:01.045 18063 18317 V NativeCrypto: Write error: ssl=0x7dacd82948: I/O error during system call, Broken pipe
06-11 03:00:01.045 18063 18317 V NativeCrypto: Write error: ssl=0x7dacd82948: I/O error during system call, Broken pipe
06-11 03:00:01.048 18063 18317 V NativeCrypto: SSL shutdown failed: ssl=0x7dacd82948: I/O error during system call, Success
06-11 03:00:01.051 18063 18393 V NativeCrypto: Read error: ssl=0x7dacd82f48: I/O error during system call, Software caused connection abort
06-11 03:00:01.051 18063 18393 V NativeCrypto: Write error: ssl=0x7dacd82f48: I/O error during system call, Broken pipe
06-11 03:00:01.051 18063 18393 V NativeCrypto: Write error: ssl=0x7dacd82f48: I/O error during system call, Broken pipe
06-11 03:00:01.052 18063 18393 V NativeCrypto: SSL shutdown failed: ssl=0x7dacd82f48: I/O error during system call, Success
06-11 03:19:36.178 18063 18102 I WM-WorkerWrapper: Worker result SUCCESS for Work [ id=f7a78ce6-b2d2-4c82-aca3-192c3a71ea32, tags={ in.netcore.smartechfcm.workmanager.SlaveDBSyncWorker } ] --------- beginning of main
06-11 09:52:40.092 22705 22705 E disha.quickrid: Not starting debugger since process cannot load the jdwp agent.
06-11 09:52:40.152 22705 22705 I disha.quickrid: The ClassLoaderContext is a special shared library.
06-11 09:52:40.242 22705 22705 W disha.quickrid: JIT profile information will not be recorded: profile file does not exits.
06-11 09:52:40.242 22705 22705 W disha.quickrid: JIT profile information will not be recorded: profile file does not exits.
06-11 09:52:40.261 22705 22705 I Perf : Connecting to perf service.
06-11 09:52:40.270 22705 22705 I disha.quickrid: [GL_OOM] ClearGrowthLimit 536870912
06-11 09:52:40.278 22705 22705 D com.disha.quickride.androidapp.startup.QuickRideApplication: QuickRideApplication is instantiated
06-11 09:52:40.282 22705 22705 I MultiDex: VM with version 2.1.0 has multidex support
06-11 09:52:40.283 22705 22705 I MultiDex: Installing application
06-11 09:52:40.283 22705 22705 I MultiDex: VM has multidex support, MultiDex support library is disabled.
06-11 09:52:40.283 22705 22705 I MultiDex: Installing application
06-11 09:52:40.283 22705 22705 I MultiDex: VM has multidex support, MultiDex support library is disabled.
06-11 09:52:40.349 22705 22705 I FirebaseInitProvider: FirebaseApp initialization successful
06-11 09:52:40.354 22705 22705 I CrashlyticsInitProvider: CrashlyticsInitProvider skipping initialization
06-11 09:52:40.402 22705 22766 I FA : App measurement is starting up, version: 15300
06-11 09:52:40.402 22705 22766 I FA : To enable debug logging run: adb shell setprop log.tag.FA VERBOSE
06-11 09:52:40.411 22705 22766 I FA : To enable faster debug mode event logging run:
06-11 09:52:40.411 22705 22766 I FA : adb shell setprop debug.firebase.analytics.app com.disha.quickride
06-11 09:52:40.428 22705 22705 E Apxor : App Id is empty or null, couldn't initialize ApxorSDK
06-11 09:52:40.433 22705 22705 D com.disha.quickride.androidapp.startup.QuickRideApplication: QuickRideApplication is created
06-11 09:52:40.434 22705 22705 V Font : Change font:1
06-11 09:52:40.436 22705 22705 V Font : Default family:android.graphics.Typeface@4e9c1d53
06-11 09:52:40.437 22705 22771 D NetworkSecurityConfig: No Network Security Config specified, using platform default
06-11 09:52:40.437 22705 22705 D com.disha.quickride.androidapp.startup.QuickRideApplication: enabled https protocols null
06-11 09:52:40.437 22705 22771 I DpmTcmClient: RegisterTcmMonitor from: $Proxy0
06-11 09:52:40.472 22705 22705 W Java7Support: Unable to load JDK7 types (annotations, java.nio.file.Path): no Java7 support added
06-11 09:52:40.544 22705 22793 I CrashlyticsCore: Initializing Crashlytics 2.6.8.32
06-11 09:52:40.567 22705 22793 W com.facebook.appevents.AppEventsLogger: activateApp events are being logged automatically. There's no need to call activateApp explicitly, this is safe to remove.
06-11 09:52:40.569 22705 22793 I GAv4 : Google Analytics 12.4.51 is starting up. To enable debug logging on a device run:
06-11 09:52:40.569 22705 22793 I GAv4 : adb shell setprop log.tag.GAv4 DEBUG
06-11 09:52:40.569 22705 22793 I GAv4 : adb logcat -s GAv4
06-11 09:52:40.581 22705 22826 W GAv4 : CampaignTrackingReceiver is not registered, not exported or is disabled. Installation campaign tracking is not possible. See http://goo.gl/8Rd3yj for instructions.
06-11 09:52:40.585 22705 22705 E a : Value of SMT_USE_AD_ID : null
06-11 09:52:40.586 22705 22705 D NetcoreSDK: readConfig: null
06-11 09:52:40.616 22705 22705 I CleverTap: Activity Lifecycle Callback successfully registered
06-11 09:52:40.617 22705 22705 I CleverTap: Account Region not specified in the AndroidManifest - using default region
06-11 09:52:40.632 22705 22705 I CleverTap: CleverTap SDK initialized with accountId: 677-74Z-765Z accountToken: 14a-aa6 accountRegion: null
06-11 09:52:40.633 22705 22705 W Adjust : PRODUCTION: Adjust is running in Production mode. Use this setting only for the build that you want to publish. Set the environment to `sandbox` if you want to test your app!
06-11 09:52:40.633 22705 22705 W Adjust : PRODUCTION: Adjust is running in Production mode. Use this setting only for the build that you want to publish. Set the environment to `sandbox` if you want to test your app!
06-11 09:52:40.634 22705 22840 I CleverTap: SDK Version Code is 30501
06-11 09:52:40.635 22705 22840 I CleverTap: CTPushNotificationReceiver is present
06-11 09:52:40.636 22705 22840 I CleverTap: InstallReferrerBroadcastReceiver is present
06-11 09:52:40.636 22705 22840 I CleverTap: CTNotificationIntentService not present
06-11 09:52:40.637 22705 22840 I CleverTap: CTBackgroundJobService is present
06-11 09:52:40.638 22705 22840 I CleverTap: CTBackgroundIntentService is present
06-11 09:52:40.642 22705 22840 I CleverTap: InAppNotificationActivity is present
06-11 09:52:40.646 22705 22840 I CleverTap: FcmMessageListenerService not present
06-11 09:52:40.647 22705 22840 I CleverTap: FcmTokenListenerService not present
06-11 09:52:40.655 22705 22705 D com.disha.quickride.androidapp.startup.QuickRideApplication: Initializing Session Manager
06-11 09:52:40.658 22705 22847 D com.disha.quickride.androidapp.startup.session.SessionManagerController: Resuming user session
06-11 09:52:40.658 22705 22847 D com.disha.quickride.androidapp.startup.session.SessionManager: Entering createNewSessionManager
06-11 09:52:40.659 22705 22847 D com.disha.quickride.androidapp.startup.session.SessionManager: Found Persistent session for user 80505588231167
06-11 09:52:40.659 22705 22847 D com.disha.quickride.androidapp.startup.session.SessionManager: Entering onResumeUserSession
06-11 09:52:40.659 22705 22847 D com.disha.quickride.androidapp.startup.session.SessionManager: Performing session change operation on com.disha.quickride.androidapp.common.serverConfig.ClientConfigurationModuleSession Manager@c5ea71a
06-11 09:52:40.659 22705 22847 D com.disha.quickride.androidapp.common.serverConfig.ClientConfigurationModuleSession Manager: Resuming basic user session
06-11 09:52:40.669 22705 22774 W DynamiteModule: Local module descriptor class for providerinstaller not found.
06-11 09:52:40.690 22705 22847 D com.disha.quickride.androidapp.startup.session.SessionManager: Performing session change operation on com.disha.quickride.androidapp.usermgmt.UserModuleSessionManager@5625fd0
06-11 09:52:40.690 22705 22847 D com.disha.quickride.androidapp.usermgmt.UserModuleSessionManager: Resume basic user session
06-11 09:52:40.723 22705 22840 I CleverTap:677-74Z-765Z: Notification channel promopush has been created
06-11 09:52:40.723 22705 22840 I CleverTap:677-74Z-765Z: Notification channel offerspush has been created
06-11 09:52:40.730 22705 22840 I CleverTap:677-74Z-765Z: Notification channel notifypush has been created
06-11 09:52:40.754 22705 22774 I DynamiteModule: Considering local module providerinstaller:0 and remote module providerinstaller:0
06-11 09:52:40.754 22705 22774 W ProviderInstaller: Failed to load providerinstaller module: No acceptable module found. Local version is 0 and remote version is 0.
06-11 09:52:40.774 22705 22852 D com.disha.quickride.androidapp.notification.QuickRideGCMIntentService: New GCM message received : {af-uinstall-tracking=true}
06-11 09:52:40.774 22705 22852 E b : Error: No value for data
06-11 09:52:40.774 22705 22852 D com.disha.quickride.androidapp.notification.QuickRideGCMIntentService: Not handled by NetCore
06-11 09:52:40.774 22705 22852 D com.disha.quickride.androidapp.notification.QuickRideGCMIntentService: Session is not yet initialized; will queue up the message and process after session is initialized
06-11 09:52:40.821 22705 22774 I disha.quickrid: The ClassLoaderContext is a special shared library.
06-11 09:52:40.837 22705 22848 E Perf : Fail to get file list com.disha.quickride
06-11 09:52:40.838 22705 22848 E Perf : getFolderSize() : Exception_1 = java.lang.NullPointerException: Attempt to get length of null array
06-11 09:52:40.838 22705 22848 E Perf : Fail to get file list oat
06-11 09:52:40.838 22705 22848 E Perf : getFolderSize() : Exception_1 = java.lang.NullPointerException: Attempt to get length of null array
06-11 09:52:40.850 22705 22774 I disha.quickrid: The ClassLoaderContext is a special shared library.
06-11 09:52:40.959 22705 22847 D com.disha.quickride.androidapp.startup.session.SessionManager: Performing session change operation on com.disha.quickride.androidapp.event.EventModuleSessionManager@4c1cd6f
06-11 09:52:40.960 22705 22847 D com.disha.quickride.androidapp.event.AwsIotEventServiceConnection: 80505588231167 : Creating AwsIotEventServiceConnection to connect to a1xn41v6vdshwm-ats.iot.ap- south-1.amazonaws.com
06-11 09:52:40.963 22705 22847 D com.disha.quickride.androidapp.event.AwsIotEventServiceConnection: l80505588231167 : Creating AwsIotEventServiceConnection to connect to a1xn41v6vdshwm-ats.iot.ap-south-1.amazonaws.com
06-11 09:52:40.976 22705 22774 V NativeCrypto: Registering com/google/android/gms/org/conscrypt/NativeCrypto's 286 native methods...
06-11 09:52:40.989 22705 22831 I ApxorSDK: ApxorSDK(v263) successfully initialized for: d25af8de489a0ca420f9540aed14013a
06-11 09:52:40.991 22705 22847 D com.disha.quickride.androidapp.startup.session.SessionManager: Performing session change operation on com.disha.quickride.androidapp.ridemgmt.RideMgmtModuleSessionHandler@f2429bd
06-11 09:52:40.992 22705 22847 I com.disha.quickride.androidapp.ridemgmt.RideMgmtModuleSessionHandler: resumeBasicUserSession
06-11 09:52:41.001 22705 22867 D com.disha.quickride.androidapp.notification.NotificationUpdateWorker: NotificationUpdateWorker.doWork() started
06-11 09:52:41.012 22705 22865 D SlaveNetworkWorker: not matched:
06-11 09:52:41.027 22705 22865 I WebViewFactory: Loading com.google.android.webview version 83.0.4103.101 (code 410410183)
06-11 09:52:41.038 22705 22774 I ProviderInstaller: Installed default security provider GmsCore_OpenSSL
06-11 09:52:41.038 22705 22705 D com.disha.quickride.androidapp.startup.QuickRideApplication: ProviderInstaller.installIfNeededAsync onProviderInstalled
06-11 09:52:41.040 22705 22847 I com.disha.quickride.androidapp.myrides.cache.MyActiveRidesCache: getting active rides of user after the current time
06-11 09:52:41.041 22705 22847 D com.disha.quickride.androidapp.myrides.cache.MyClosedRidesCache: Loading closed rides from local database
06-11 09:52:41.045 22705 22847 D com.disha.quickride.androidapp.myrides.cache.MyCompletedRidesCachePersistenceHelper : getting all rider rides from databse
06-11 09:52:41.054 22705 22847 D com.disha.quickride.androidapp.myrides.cache.MyCompletedRidesCachePersistenceHelper : getting all passenger rides
06-11 09:52:41.057 22705 22847 D com.disha.quickride.androidapp.myrides.cache.MyCompletedRidesCachePersistenceHelper : getting all regular passenger rides
06-11 09:52:41.061 22705 22847 D com.disha.quickride.androidapp.myrides.cache.MyCompletedRidesCachePersistenceHelper : getting all regular passenger rides
06-11 09:52:41.073 22705 22847 I com.disha.quickride.androidapp.usermgmt.cache.UserDataCache: getting of user name
06-11 09:52:41.074 22705 22847 D com.disha.quickride.androidapp.startup.session.SessionManagerController: Session change operation completed successfully
06-11 09:52:41.074 22705 22847 D com.disha.quickride.androidapp.startup.session.SessionResumeAsyncTask: Session resume operation completed
06-11 09:52:41.074 22705 22847 D com.disha.quickride.androidapp.notification.FCMTokenRegistrationHelper: Getting FCM token to update to server for user : 80505588231167
06-11 09:52:41.074 22705 22847 D com.disha.quickride.androidapp.startup.session.SessionSetupAsyncTask: Session change operation completed successfully
06-11 09:52:41.075 22705 22847 D com.disha.quickride.androidapp.notification.QuickRideGCMIntentService: Processing all GCM messages arrived before session was initialized
06-11 09:52:41.075 22705 22847 D com.disha.quickride.androidapp.notification.QuickRideGCMIntentService: Processing new GCM Message : Bundle[{af-uinstall-tracking=true}]
06-11 09:52:41.075 22705 22705 D com.disha.quickride.androidapp.notification.FCMTokenRegistrationHelper: FCM token for userId : 80505588231167 is : d9DPXCxVmMU:APA91bElxdx8E06pkTtaELXYEtsvRVk_Ck- h8aLPml_ePbBf9b1_ZH4Fw9fqprHEhekpasxB74oDlUYSOkmsH- 5vB6S5x9YlOEjaOqgxhMTqJXRVuQcppRwbp1Ep80m32JK_7jedPTMS
06-11 09:52:41.075 22705 22847 D com.disha.quickride.androidapp.startup.session.SessionManagerController: Stopping WatchdogService
06-11 09:52:41.076 22705 22847 D com.disha.quickride.androidapp.startup.session.SessionManagerController: Cancelling alarm that was set to check watchdog service
06-11 09:52:41.079 22705 22847 D com.disha.quickride.androidapp.startup.session.SessionSetupAsyncTask: Session change operation took 421 ms
06-11 09:52:41.095 22705 22873 D com.disha.quickride.androidapp.startup.session.SetUserIdIdentifierToFabricAsyncTask : UserId set to Fabric
06-11 09:52:41.129 22705 22874 D com.disha.quickride.androidapp.notification.FCMTokenRegistrationAsyncTask: Updating client device id to server : d9DPXCxVmMU:APA91bElxdx8E06pkTtaELXYEtsvRVk_Ck- h8aLPml_ePbBf9b1_ZH4Fw9fqprHEhekpasxB74oDlUYSOkmsH- 5vB6S5x9YlOEjaOqgxhMTqJXRVuQcppRwbp1Ep80m32JK_7jedPTMS
06-11 09:52:41.168 22705 22867 D com.disha.quickride.androidapp.retrofitSetup.RetrofitUtils: OkHttp401 [Ljava.lang.String;@6fed2bb
06-11 09:52:41.170 22705 22867 E com.disha.quickride.androidapp.common.AndroidRestClient.AndroidClientLogger: RestResponse.processResponseErrorToProperException Error obj there [errorCode: 9994 ][httpStatusCode: 401 ][developerMsg: ][userMsg: Client request error ] [hintForCorrection: Please recheck the operation ][extraInfo: {} ]
06-11 09:52:41.171 22705 22867 D com.disha.quickride.androidapp.retrofitSetup.RetrofitUtils: OkHttp401 [Ljava.lang.String;@4426584
06-11 09:52:41.171 22705 22867 E com.disha.quickride.androidapp.retrofitSetup.RetrofitClientInstance: Error in makeHttpCall
06-11 09:52:41.171 22705 22867 E com.disha.quickride.androidapp.retrofitSetup.RetrofitClientInstance: java.io.IOException: stream closed
06-11 09:52:41.171 22705 22867 E com.disha.quickride.androidapp.retrofitSetup.RetrofitClientInstance: at okhttp3.internal.http2.Http2Stream$FramingSource.read(SourceFile:372)
06-11 09:52:41.171 22705 22867 E com.disha.quickride.androidapp.retrofitSetup.RetrofitClientInstance: at okhttp3.internal.http2.Http2Codec$StreamFinishingSource.read(SourceFile:205)
06-11 09:52:41.171 22705 22867 E com.disha.quickride.androidapp.retrofitSetup.RetrofitClientInstance: at ejt.a(SourceFile:176)
06-11 09:52:41.171 22705 22867 E com.disha.quickride.androidapp.retrofitSetup.RetrofitClientInstance: at elp.a(SourceFile:322)
06-11 09:52:41.171 22705 22867 E com.disha.quickride.androidapp.retrofitSetup.RetrofitClientInstance: at ele.a(SourceFile:211)
06-11 09:52:41.171 22705 22867 E com.disha.quickride.androidapp.retrofitSetup.RetrofitClientInstance: at ele.a(SourceFile:188)
06-11 09:52:41.171 22705 22867 E com.disha.quickride.androidapp.retrofitSetup.RetrofitClientInstance: at ekz$a.a(SourceFile:104)
06-11 09:52:41.171 22705 22867 E com.disha.quickride.androidapp.retrofitSetup.RetrofitClientInstance: at com.disha.quickride.androidapp.retrofitSetup.RetrofitClientInstance.makeHttpCall(So urceFile:211)
06-11 09:52:41.171 22705 22867 E com.disha.quickride.androidapp.retrofitSetup.RetrofitClientInstance: at com.disha.quickride.androidapp.retrofitSetup.RetrofitClientInstance.makeHttpGetCall (SourceFile:147)
06-11 09:52:41.171 22705 22867 E com.disha.quickride.androidapp.retrofitSetup.RetrofitClientInstance: at com.disha.quickride.androidapp.retrofitSetup.RetrofitClientInstance.makeHttpGetCall InSynForCollectionReturnObject(SourceFile:138)
06-11 09:52:41.171 22705 22867 E com.disha.quickride.androidapp.retrofitSetup.RetrofitClientInstance: at com.disha.quickride.androidapp.notification.NotificationUpdateWorker.doWork(SourceF ile:77)
06-11 09:52:41.171 22705 22867 E com.disha.quickride.androidapp.retrofitSetup.RetrofitClientInstance: at androidx.work.Worker$1.run(SourceFile:85)
06-11 09:52:41.171 22705 22867 E com.disha.quickride.androidapp.retrofitSetup.RetrofitClientInstance: at java.util.concurrent.ThreadPoolExecutor.runWorker(ThreadPoolExecutor.java:1167)
06-11 09:52:41.171 22705 22867 E com.disha.quickride.androidapp.retrofitSetup.RetrofitClientInstance: at java.util.concurrent.ThreadPoolExecutor$Worker.run(ThreadPoolExecutor.java:641)
06-11 09:52:41.171 22705 22867 E com.disha.quickride.androidapp.retrofitSetup.RetrofitClientInstance: at java.lang.Thread.run(Thread.java:919)
06-11 09:52:41.172 22705 22867 E com.disha.quickride.androidapp.common.AndroidRestClient.AndroidClientLogger: RestResponse.processResponseErrorToProperException OTHER ERROR100 java.io.IOException: stream closed
06-11 09:52:41.174 22705 22705 I cr_LibraryLoader: Loaded native library version number "83.0.4103.101"
06-11 09:52:41.178 22705 22705 I cr_CachingUmaRecorder: Flushed 3 samples from 3 histograms.
06-11 09:52:41.314 22705 22775 E GraphResponse: {HttpStatus: 400, errorCode: 43003, subErrorCode: -1, errorType: OAuthException, errorMessage: (#43003) App button auto detection is disabled}
06-11 09:52:41.442 22705 22869 D b : Get: https://pa.netcoresmartech.com/getnotifications? sdkversion=2.2.4&appid=d25af8de489a0ca420f9540aed14013a&guid=d82d1d94-0714-4d0c- 8135-1e5d4fa2961a<s=1591824586&type=android -> --- 200 OK {"pa_enable":"0","notifications":[],"pa_freq":"1300"}
06-11 09:52:41.458 22705 22867 E com.disha.quickride.androidapp.common.AndroidRestClient.AndroidClientLogger: URLConnection.checkInternetAndDecideexception Network available: SERVICE_NOT_AVAILABLE; java.io.IOException: stream closed
06-11 09:52:41.497 22705 22867 D com.disha.quickride.androidapp.retrofitSetup.RetrofitUtils: OkHttp401 [Ljava.lang.String;@a45a014
06-11 09:52:41.499 22705 22867 E com.disha.quickride.androidapp.common.AndroidRestClient.AndroidClientLogger: RestResponse.processResponseErrorToProperException Error obj there [errorCode: 9994 ][httpStatusCode: 401 ][developerMsg: ][userMsg: Client request error ] [hintForCorrection: Please recheck the operation ][extraInfo: {} ]
06-11 09:52:41.499 22705 22867 D com.disha.quickride.androidapp.retrofitSetup.RetrofitUtils: OkHttp401 [Ljava.lang.String;@9e370bd
06-11 09:52:41.500 22705 22867 E com.disha.quickride.androidapp.retrofitSetup.RetrofitClientInstance: Error in makeHttpCall
06-11 09:52:41.500 22705 22867 E com.disha.quickride.androidapp.retrofitSetup.RetrofitClientInstance: java.io.IOException: stream closed
06-11 09:52:41.500 22705 22867 E com.disha.quickride.androidapp.retrofitSetup.RetrofitClientInstance: at okhttp3.internal.http2.Http2Stream$FramingSource.read(SourceFile:372)
06-11 09:52:41.500 22705 22867 E com.disha.quickride.androidapp.retrofitSetup.RetrofitClientInstance: at okhttp3.internal.http2.Http2Codec$StreamFinishingSource.read(SourceFile:205)
06-11 09:52:41.500 22705 22867 E com.disha.quickride.androidapp.retrofitSetup.RetrofitClientInstance: at ejt.a(SourceFile:176)
06-11 09:52:41.500 22705 22867 E com.disha.quickride.androidapp.retrofitSetup.RetrofitClientInstance: at elp.a(SourceFile:322)
06-11 09:52:41.500 22705 22867 E com.disha.quickride.androidapp.retrofitSetup.RetrofitClientInstance: at ele.a(SourceFile:211)
06-11 09:52:41.500 22705 22867 E com.disha.quickride.androidapp.retrofitSetup.RetrofitClientInstance: at ele.a(SourceFile:188)
06-11 09:52:41.500 22705 22867 E com.disha.quickride.androidapp.retrofitSetup.RetrofitClientInstance: at ekz$a.a(SourceFile:104)
06-11 09:52:41.500 22705 22867 E com.disha.quickride.androidapp.retrofitSetup.RetrofitClientInstance: at com.disha.quickride.androidapp.retrofitSetup.RetrofitClientInstance.makeHttpCall(So urceFile:211)
06-11 09:52:41.500 22705 22867 E com.disha.quickride.androidapp.retrofitSetup.RetrofitClientInstance: at com.disha.quickride.androidapp.retrofitSetup.RetrofitClientInstance.makeHttpGetCall (SourceFile:147)
06-11 09:52:41.500 22705 22867 E com.disha.quickride.androidapp.retrofitSetup.RetrofitClientInstance: at com.disha.quickride.androidapp.retrofitSetup.RetrofitClientInstance.makeHttpGetCall InSynForCollectionReturnObject(SourceFile:138)
06-11 09:52:41.500 22705 22867 E com.disha.quickride.androidapp.retrofitSetup.RetrofitClientInstance: at com.disha.quickride.androidapp.notification.NotificationUpdateWorker.doWork(SourceF ile:88)
06-11 09:52:41.500 22705 22867 E com.disha.quickride.androidapp.retrofitSetup.RetrofitClientInstance: at androidx.work.Worker$1.run(SourceFile:85)
06-11 09:52:41.500 22705 22867 E com.disha.quickride.androidapp.retrofitSetup.RetrofitClientInstance: at java.util.concurrent.ThreadPoolExecutor.runWorker(ThreadPoolExecutor.java:1167)
06-11 09:52:41.500 22705 22867 E com.disha.quickride.androidapp.retrofitSetup.RetrofitClientInstance: at java.util.concurrent.ThreadPoolExecutor$Worker.run(ThreadPoolExecutor.java:641)
06-11 09:52:41.500 22705 22867 E com.disha.quickride.androidapp.retrofitSetup.RetrofitClientInstance: at java.lang.Thread.run(Thread.java:919)
06-11 09:52:41.500 22705 22867 E com.disha.quickride.androidapp.common.AndroidRestClient.AndroidClientLogger: RestResponse.processResponseErrorToProperException OTHER ERROR100 java.io.IOException: stream closed
06-11 09:52:41.646 22705 22867 E com.disha.quickride.androidapp.common.AndroidRestClient.AndroidClientLogger: URLConnection.checkInternetAndDecideexception Network available: SERVICE_NOT_AVAILABLE; java.io.IOException: stream closed
06-11 09:52:41.648 22705 22769 I WM-WorkerWrapper: Worker result SUCCESS for Work [ id=129ca9d6-7879-4614-9463-db5cf993f0a3, tags={ com.disha.quickride.androidapp.notification.NotificationUpdateWorker } ]
06-11 09:52:41.693 22705 22865 D b : getData: response code:200
06-11 09:52:41.693 22705 22865 D b : POST: https://pn.netcoresmartech.com/pn_register -> {"appid":"d25af8de489a0ca420f9540aed14013a","pushid":"d82d1d94-0714-4d0c-8135- 1e5d4fa2961a","identity":"80505588231167","ostype":"Android","make":"OnePlus","mode l":"ONEPLUS A6010","osversion":"10","appname":"Quick Ride","appversion":"9.99","sdkversion":"2.2.4","cts":200611095240,"lat":null,"lng": null,"adid":"","oldToken":"d9DPXCxVmMU:APA91bElxdx8E06pkTtaELXYEtsvRVk_Ck- h8aLPml_ePbBf9b1_ZH4Fw9fqprHEhekpasxB74oDlUYSOkmsH- 5vB6S5x9YlOEjaOqgxhMTqJXRVuQcppRwbp1Ep80m32JK_7jedPTMS","sessionid":"1591849360555" ,"tx":"1591849360572","eventid":"25","token":"d9DPXCxVmMU:APA91bElxdx8E06pkTtaELXYE tsvRVk_Ck-h8aLPml_ePbBf9b1_ZH4Fw9fqprHEhekpasxB74oDlUYSOkmsH- 5vB6S5x9YlOEjaOqgxhMTqJXRVuQcppRwbp1Ep80m32JK_7jedPTMS"} --- 200 OK {"status":"failed","panelStatus":"0"}
06-11 09:52:41.696 22705 22828 I WM-WorkerWrapper: Worker result SUCCESS for Work [ id=5a5b036d-b4d1-4471-8e19-6f19d0f163ce, tags={ in.netcore.smartechfcm.workmanager.SlaveNetworkWorker } ]
06-11 09:52:42.246 22705 22729 W System : A resource failed to call end.
06-11 09:52:42.246 22705 22729 W System : A resource failed to call end.
06-11 09:52:42.334 22705 22874 D com.disha.quickride.androidapp.retrofitSetup.RetrofitUtils: OkHttp401 [Ljava.lang.String;@8a0a20c
06-11 09:52:42.339 22705 22874 E com.disha.quickride.androidapp.common.AndroidRestClient.AndroidClientLogger: RestResponse.processResponseErrorToProperException Error obj there [errorCode: 11103 ][httpStatusCode: 401 ][developerMsg: Unauthorized access; Jwt token has expired ][userMsg: Secure session has expired ][hintForCorrection: Re-login and retry ][extraInfo: {} ]
06-11 09:52:43.228 22705 22874 D com.disha.quickride.androidapp.retrofitSetup.RetrofitUtils: OkHttp429 [Ljava.lang.String;@c9e5d1a
06-11 09:52:43.228 22705 22874 D com.disha.quickride.androidapp.retrofitSetup.RetrofitUtils: OkHttp429 [Ljava.lang.String;@be7c04b
06-11 09:52:43.381 22705 22874 D com.disha.quickride.androidapp.retrofitSetup.RetrofitUtils: OkHttp429 [Ljava.lang.String;@345ea28
06-11 09:52:43.385 22705 22874 E com.disha.quickride.androidapp.common.AndroidRestClient.AndroidClientLogger: RestResponse.processResponseErrorToProperException Error obj there [errorCode: 9207 ][httpStatusCode: 400 ][developerMsg: DishaAPIServer is facing high request rate , current waiting connections 96 ][userMsg: Network is slow or Ride Server is busy ][hintForCorrection: Please try after sometime ][extraInfo: {} ]
06-11 09:52:43.386 22705 22874 E com.disha.quickride.androidapp.retrofitSetup.RetrofitClientInstance: Error in makeHttpCall
06-11 09:52:43.386 22705 22874 E com.disha.quickride.androidapp.retrofitSetup.RetrofitClientInstance: com.disha.quickride.rest.client.RestClientException: [errorCode: 9207 ] [httpStatusCode: 400 ][developerMsg: DishaAPIServer is facing high request rate , current waiting connections 96 ][userMsg: Network is slow or Ride Server is busy ] [hintForCorrection: Please try after sometime ][extraInfo: {} ]
06-11 09:52:43.386 22705 22874 E com.disha.quickride.androidapp.retrofitSetup.RetrofitClientInstance: at com.disha.quickride.androidapp.retrofitSetup.RetrofitUtils.processResponseErrorToPr operException(SourceFile:168)
06-11 09:52:43.386 22705 22874 E com.disha.quickride.androidapp.retrofitSetup.RetrofitClientInstance: at com.disha.quickride.androidapp.retrofitSetup.RetrofitClientInstance.makeHttpCall(So urceFile:242)
06-11 09:52:43.386 22705 22874 E com.disha.quickride.androidapp.retrofitSetup.RetrofitClientInstance: at com.disha.quickride.androidapp.retrofitSetup.RetrofitClientInstance.makeHttpPutCall (SourceFile:181)
06-11 09:52:43.386 22705 22874 E com.disha.quickride.androidapp.retrofitSetup.RetrofitClientInstance: at com.disha.quickride.androidapp.retrofitSetup.RetrofitClientInstance.makeHttpPutCall InSyn(SourceFile:168)
06-11 09:52:43.386 22705 22874 E com.disha.quickride.androidapp.retrofitSetup.RetrofitClientInstance: at com.disha.quickride.androidapp.usermgmt.profile.UserRestServiceClient.updateClientD eviceId(SourceFile:356)
06-11 09:52:43.386 22705 22874 E com.disha.quickride.androidapp.retrofitSetup.RetrofitClientInstance: at com.disha.quickride.androidapp.notification.FCMTokenRegistrationAsyncTask.doInBackg round(SourceFile:29)
06-11 09:52:43.386 22705 22874 E com.disha.quickride.androidapp.retrofitSetup.RetrofitClientInstance: at com.disha.quickride.androidapp.notification.FCMTokenRegistrationAsyncTask.doInBackg round(SourceFile:13)
06-11 09:52:43.386 22705 22874 E com.disha.quickride.androidapp.retrofitSetup.RetrofitClientInstance: at android.os.AsyncTask$3.call(AsyncTask.java:378)
06-11 09:52:43.386 22705 22874 E com.disha.quickride.androidapp.retrofitSetup.RetrofitClientInstance: at java.util.concurrent.FutureTask.run(FutureTask.java:266)
06-11 09:52:43.386 22705 22874 E com.disha.quickride.androidapp.retrofitSetup.RetrofitClientInstance: at java.util.concurrent.ThreadPoolExecutor.runWorker(ThreadPoolExecutor.java:1167)
06-11 09:52:43.386 22705 22874 E com.disha.quickride.androidapp.retrofitSetup.RetrofitClientInstance: at java.util.concurrent.ThreadPoolExecutor$Worker.run(ThreadPoolExecutor.java:641)
06-11 09:52:43.386 22705 22874 E com.disha.quickride.androidapp.retrofitSetup.RetrofitClientInstance: at java.lang.Thread.run(Thread.java:919)
06-11 09:52:43.386 22705 22874 E com.disha.quickride.androidapp.notification.FCMTokenRegistrationAsyncTask: Error while updating FCM registration token to server; User may not get FCM notifications
06-11 09:52:44.078 22705 22872 D com.disha.quickride.androidapp.event.EventModuleSessionManager: Resuming complete user session
06-11 09:52:44.092 22705 22872 D com.disha.quickride.androidapp.event.EventServicePersistenceHelper: Purging old messages with condition : time <= 1591827764078
06-11 09:52:44.093 22705 22872 D com.disha.quickride.androidapp.event.EventServicePersistenceHelper: No of old messages purged : 0
06-11 09:52:44.100 22705 22872 D com.disha.quickride.androidapp.event.EventServicePersistenceHelper: 0 messages read from persistence
06-11 09:52:44.100 22705 22872 D com.disha.quickride.androidapp.event.RideMgmtEventServiceProxy: Initializing unprocessed messages from persistence
06-11 09:52:44.104 22705 22872 D com.disha.quickride.androidapp.event.EventServicePersistenceHelper: 0 unprocessed messages read from persistence
06-11 09:52:44.106 22705 22872 D com.disha.quickride.androidapp.event.EventServicePersistenceHelper: Purging old messages with condition : time <= 1591827764104
06-11 09:52:44.107 22705 22872 D com.disha.quickride.androidapp.event.EventServicePersistenceHelper: No of old messages purged : 0
06-11 09:52:44.111 22705 22872 D com.disha.quickride.androidapp.event.EventServicePersistenceHelper: 0 messages read from persistence
06-11 09:52:44.111 22705 22872 D com.disha.quickride.androidapp.event.LocationUpdateEventServiceProxy: Initializing unprocessed messages from persistence
06-11 09:52:44.113 22705 22872 D com.disha.quickride.androidapp.event.EventServicePersistenceHelper: 0 unprocessed messages read from persistence
06-11 09:52:44.113 22705 22872 D com.disha.quickride.androidapp.usermgmt.UserMessageListener: subscribeToUserMsgUpdates
06-11 09:52:44.114 22705 22872 D com.disha.quickride.androidapp.event.RideMgmtEventServiceProxy: Adding topic name to subscriptions queue :userMsg/80505588231167
06-11 09:52:44.121 22705 22872 D com.disha.quickride.androidapp.event.EventModuleSessionManager: Establishing event service connection
06-11 09:52:44.121 22705 22872 D com.disha.quickride.androidapp.event.RideMgmtEventServiceProxy: Entering dispatchAllMessagesArrivedBeforeSessionWasInitialized
06-11 09:52:44.122 22705 22872 D com.disha.quickride.androidapp.event.LocationUpdateEventServiceProxy: Entering dispatchAllMessagesArrivedBeforeSessionWasInitialized
06-11 09:52:44.122 22705 23013 D com.disha.quickride.androidapp.event.InitialMessagesDispatchTask: Dispatching initial messages
06-11 09:52:44.122 22705 23016 D com.disha.quickride.androidapp.event.InitialMessagesDispatchTask: Dispatching initial messages
06-11 09:52:44.127 22705 22872 I com.disha.quickride.androidapp.ridemgmt.RideManagementMqttProxy: subscribing to topic of existing rides
06-11 09:52:44.127 22705 22872 I com.disha.quickride.androidapp.ridemgmt.RideManagementMqttProxy: subscribing to topic of existing rider rides
06-11 09:52:44.127 22705 22872 D com.disha.quickride.androidapp.groupchat.RideGroupChatMqttListener: Subscribing to collection of rides
06-11 09:52:44.127 22705 22872 I com.disha.quickride.androidapp.ridemgmt.RideManagementMqttProxy: subscribing to topic of existing passenger rides
06-11 09:52:44.127 22705 22872 D com.disha.quickride.androidapp.groupchat.RideGroupChatMqttListener: Subscribing to collection of rides
06-11 09:52:46.042 22705 22837 I WM-WorkerWrapper: Worker result SUCCESS for Work [ id=f7a78ce6-b2d2-4c82-aca3-192c3a71ea32, tags={ in.netcore.smartechfcm.workmanager.SlaveDBSyncWorker } ]
06-11 09:53:11.487 22705 22869 I b : pushAmpDataParser: Listener status: false
06-11 09:53:11.508 22705 22781 I WM-WorkerWrapper: Worker result SUCCESS for Work [ id=818b4515-51dc-4f65-971d-cfe1c005adb7, tags={ in.netcore.smartechfcm.worker.SlavePushAmpWorker } ]
06-11 09:53:13.436 22705 23012 D com.disha.quickride.androidapp.notification.FCMTokenRegistrationHelper: Getting FCM token to update to server for user : 80505588231167
06-11 09:53:13.438 22705 22705 D com.disha.quickride.androidapp.notification.FCMTokenRegistrationHelper: FCM token for userId : 80505588231167 is : d9DPXCxVmMU:APA91bElxdx8E06pkTtaELXYEtsvRVk_Ck- h8aLPml_ePbBf9b1_ZH4Fw9fqprHEhekpasxB74oDlUYSOkmsH- 5vB6S5x9YlOEjaOqgxhMTqJXRVuQcppRwbp1Ep80m32JK_7jedPTMS
06-11 09:53:13.450 22705 23114 D com.disha.quickride.androidapp.notification.FCMTokenRegistrationAsyncTask: Updating client device id to server : d9DPXCxVmMU:APA91bElxdx8E06pkTtaELXYEtsvRVk_Ck- h8aLPml_ePbBf9b1_ZH4Fw9fqprHEhekpasxB74oDlUYSOkmsH- 5vB6S5x9YlOEjaOqgxhMTqJXRVuQcppRwbp1Ep80m32JK_7jedPTMS
06-11 09:53:15.477 22705 23114 D com.disha.quickride.androidapp.retrofitSetup.RetrofitUtils: OkHttp401 [Ljava.lang.String;@af12c1e
06-11 09:53:15.553 22705 23114 E com.disha.quickride.androidapp.common.AndroidRestClient.AndroidClientLogger: RestResponse.processResponseErrorToProperException Error obj there [errorCode: 11103 ][httpStatusCode: 401 ][developerMsg: Unauthorized access; Jwt token has expired ][userMsg: Secure session has expired ][hintForCorrection: Re-login and retry ][extraInfo: {} ]
06-11 09:53:29.923 22705 23114 D com.disha.quickride.androidapp.retrofitSetup.RetrofitUtils: OkHttp200 [Ljava.lang.String;@1551cff
06-11 09:53:29.935 22705 23114 D com.disha.quickride.androidapp.retrofitSetup.RetrofitUtils: OkHttp200 [Ljava.lang.String;@c4d3acc
06-11 09:53:30.027 22705 23114 D com.disha.quickride.androidapp.retrofitSetup.RetrofitUtils: OkHttp200 [Ljava.lang.String;@a946115 --------- beginning of main
06-11 13:02:04.958 12593 12593 E disha.quickrid: Not starting debugger since process cannot load the jdwp agent.
06-11 13:02:05.186 12593 12593 I disha.quickrid: The ClassLoaderContext is a special shared library.
06-11 13:02:05.243 12593 12593 W disha.quickrid: JIT profile information will not be recorded: profile file does not exits.
06-11 13:02:05.243 12593 12593 W disha.quickrid: JIT profile information will not be recorded: profile file does not exits.
06-11 13:02:05.253 12593 12593 I Perf : Connecting to perf service.
06-11 13:02:05.259 12593 12593 I disha.quickrid: [GL_OOM] ClearGrowthLimit 536870912
06-11 13:02:05.263 12593 12593 D com.disha.quickride.androidapp.startup.QuickRideApplication: QuickRideApplication is instantiated
06-11 13:02:05.267 12593 12593 I MultiDex: VM with version 2.1.0 has multidex support
06-11 13:02:05.267 12593 12593 I MultiDex: Installing application
06-11 13:02:05.267 12593 12593 I MultiDex: VM has multidex support, MultiDex support library is disabled.
06-11 13:02:05.267 12593 12593 I MultiDex: Installing application
06-11 13:02:05.267 12593 12593 I MultiDex: VM has multidex support, MultiDex support library is disabled.
06-11 13:02:05.314 12593 12593 I FirebaseInitProvider: FirebaseApp initialization successful
06-11 13:02:05.315 12593 12593 I CrashlyticsInitProvider: CrashlyticsInitProvider skipping initialization
06-11 13:02:05.345 12593 12621 I FA : App measurement is starting up, version: 15300
06-11 13:02:05.345 12593 12621 I FA : To enable debug logging run: adb shell setprop log.tag.FA VERBOSE
06-11 13:02:05.345 12593 12621 I FA : To enable faster debug mode event logging run:
06-11 13:02:05.345 12593 12621 I FA : adb shell setprop debug.firebase.analytics.app com.disha.quickride
06-11 13:02:05.352 12593 12593 E Apxor : App Id is empty or null, couldn't initialize ApxorSDK
06-11 13:02:05.372 12593 12624 D NetworkSecurityConfig: No Network Security Config specified, using platform default
06-11 13:02:05.374 12593 12624 I DpmTcmClient: RegisterTcmMonitor from: $Proxy0
06-11 13:02:05.412 12593 12593 D com.disha.quickride.androidapp.startup.QuickRideApplication: QuickRideApplication is created
06-11 13:02:05.412 12593 12593 V Font : Change font:1
06-11 13:02:05.412 12593 12593 V Font : Default family:android.graphics.Typeface@4e9c1d53
06-11 13:02:05.413 12593 12593 D com.disha.quickride.androidapp.startup.QuickRideApplication: enabled https protocols null
06-11 13:02:05.444 12593 12593 W Java7Support: Unable to load JDK7 types (annotations, java.nio.file.Path): no Java7 support added
06-11 13:02:05.516 12593 12649 I CrashlyticsCore: Initializing Crashlytics 2.6.8.32
06-11 13:02:05.526 12593 12649 W com.facebook.appevents.AppEventsLogger: activateApp events are being logged automatically. There's no need to call activateApp explicitly, this is safe to remove.
06-11 13:02:05.527 12593 12649 I GAv4 : Google Analytics 12.4.51 is starting up. To enable debug logging on a device run:
06-11 13:02:05.527 12593 12649 I GAv4 : adb shell setprop log.tag.GAv4 DEBUG
06-11 13:02:05.527 12593 12649 I GAv4 : adb logcat -s GAv4
06-11 13:02:05.536 12593 12672 W GAv4 : CampaignTrackingReceiver is not registered, not exported or is disabled. Installation campaign tracking is not possible. See http://goo.gl/8Rd3yj for instructions.
06-11 13:02:05.555 12593 12593 E a : Value of SMT_USE_AD_ID : null
06-11 13:02:05.555 12593 12593 D NetcoreSDK: readConfig: null
06-11 13:02:05.573 12593 12593 I CleverTap: Activity Lifecycle Callback successfully registered
06-11 13:02:05.573 12593 12593 I CleverTap: Account Region not specified in the AndroidManifest - using default region
06-11 13:02:05.582 12593 12593 I CleverTap: CleverTap SDK initialized with accountId: 677-74Z-765Z accountToken: 14a-aa6 accountRegion: null
06-11 13:02:05.582 12593 12593 W Adjust : PRODUCTION: Adjust is running in Production mode. Use this setting only for the build that you want to publish. Set the environment to `sandbox` if you want to test your app!
06-11 13:02:05.582 12593 12593 W Adjust : PRODUCTION: Adjust is running in Production mode. Use this setting only for the build that you want to publish. Set the environment to `sandbox` if you want to test your app!
06-11 13:02:05.594 12593 12682 I CleverTap: SDK Version Code is 30501
06-11 13:02:05.595 12593 12682 I CleverTap: CTPushNotificationReceiver is present
06-11 13:02:05.596 12593 12682 I CleverTap: InstallReferrerBroadcastReceiver is present
06-11 13:02:05.598 12593 12682 I CleverTap: CTNotificationIntentService not present
06-11 13:02:05.599 12593 12682 I CleverTap: CTBackgroundJobService is present
06-11 13:02:05.600 12593 12593 D com.disha.quickride.androidapp.startup.QuickRideApplication: Initializing Session Manager
06-11 13:02:05.600 12593 12682 I CleverTap: CTBackgroundIntentService is present
06-11 13:02:05.601 12593 12690 D com.disha.quickride.androidapp.startup.session.SessionManagerController: Resuming user session
06-11 13:02:05.602 12593 12690 D com.disha.quickride.androidapp.startup.session.SessionManager: Entering createNewSessionManager
06-11 13:02:05.603 12593 12690 D com.disha.quickride.androidapp.startup.session.SessionManager: Found Persistent session for user 80505588231167
06-11 13:02:05.603 12593 12690 D com.disha.quickride.androidapp.startup.session.SessionManager: Entering onResumeUserSession
06-11 13:02:05.603 12593 12690 D com.disha.quickride.androidapp.startup.session.SessionManager: Performing session change operation on com.disha.quickride.androidapp.common.serverConfig.ClientConfigurationModuleSession Manager@353424b
06-11 13:02:05.603 12593 12690 D com.disha.quickride.androidapp.common.serverConfig.ClientConfigurationModuleSession Manager: Resuming basic user session
06-11 13:02:05.607 12593 12682 I CleverTap: InAppNotificationActivity is present
06-11 13:02:05.609 12593 12682 I CleverTap: FcmMessageListenerService not present
06-11 13:02:05.610 12593 12682 I CleverTap: FcmTokenListenerService not present
06-11 13:02:05.616 12593 12628 W DynamiteModule: Local module descriptor class for providerinstaller not found.
06-11 13:02:05.620 12593 12690 D com.disha.quickride.androidapp.startup.session.SessionManager: Performing session change operation on com.disha.quickride.androidapp.usermgmt.UserModuleSessionManager@ac12a59
06-11 13:02:05.620 12593 12690 D com.disha.quickride.androidapp.usermgmt.UserModuleSessionManager: Resume basic user session
06-11 13:02:05.652 12593 12696 D SlaveNetworkWorker: not matched:
06-11 13:02:05.660 12593 12682 I CleverTap:677-74Z-765Z: Notification channel promopush has been created
06-11 13:02:05.660 12593 12682 I CleverTap:677-74Z-765Z: Notification channel offerspush has been created
06-11 13:02:05.660 12593 12682 I CleverTap:677-74Z-765Z: Notification channel notifypush has been created
06-11 13:02:05.679 12593 12695 D com.disha.quickride.androidapp.notification.QuickRideGCMIntentService: New GCM message received : {wzrk_acct_id=677-74Z-765Z, nm=Reasons which make carpooling safe
06-11 13:02:05.679 12593 12695 D com.disha.quickride.androidapp.notification.QuickRideGCMIntentService: 1. Limited exposure
06-11 13:02:05.679 12593 12695 D com.disha.quickride.androidapp.notification.QuickRideGCMIntentService: 2. Only between trusted known set of verified professionals
06-11 13:02:05.679 12593 12695 D com.disha.quickride.androidapp.notification.QuickRideGCMIntentService: 3. Usage of a vehicle with minimum contact touch points, nt=Carpooling is the Safest mode to travel 👍, pr=max, wzrk_pivot=wzrk_default, wzrk_cid=offers, wzrk_clr=#008a41, wzrk_pid=1591858324, wzrk_rnv=true, wzrk_ttl=1591889525, wzrk_push_amp=false, wzrk_bc=, wzrk_bi=2, wzrk_dt=FIREBASE, wzrk_id=1591858324_20200611, wzrk_pn=true}
06-11 13:02:05.680 12593 12695 E NetcoreSDK: Error: Unterminated object at character 40 of {wzrk_acct_id=677-74Z-765Z, nm=Reasons which make carpooling safe
06-11 13:02:05.680 12593 12695 E NetcoreSDK: 1. Limited exposure
06-11 13:02:05.680 12593 12695 E NetcoreSDK: 2. Only between trusted known set of verified professionals
06-11 13:02:05.680 12593 12695 E NetcoreSDK: 3. Usage of a vehicle with minimum contact touch points, nt=Carpooling is the Safest mode to travel 👍, pr=max, wzrk_pivot=wzrk_default, wzrk_cid=offers, wzrk_clr=#008a41, wzrk_pid=1591858324, wzrk_rnv=true, wzrk_ttl=1591889525, wzrk_push_amp=false, wzrk_bc=, wzrk_bi=2, wzrk_dt=FIREBASE, wzrk_id=1591858324_20200611, wzrk_pn=true}
06-11 13:02:05.685 12593 12691 E Perf : Fail to get file list com.disha.quickride
06-11 13:02:05.685 12593 12691 E Perf : getFolderSize() : Exception_1 = java.lang.NullPointerException: Attempt to get length of null array
06-11 13:02:05.685 12593 12691 E Perf : Fail to get file list oat
06-11 13:02:05.685 12593 12691 E Perf : getFolderSize() : Exception_1 = java.lang.NullPointerException: Attempt to get length of null array
06-11 13:02:05.700 12593 12696 I WebViewFactory: Loading com.google.android.webview version 83.0.4103.101 (code 410410183)
06-11 13:02:05.708 12593 12628 I DynamiteModule: Considering local module providerinstaller:0 and remote module providerinstaller:0
06-11 13:02:05.709 12593 12628 W ProviderInstaller: Failed to load providerinstaller module: No acceptable module found. Local version is 0 and remote version is 0.
06-11 13:02:05.736 12593 12682 D IconPackHelper: IconPack com.oneplus.iconpack.oneplus was loaded !
06-11 13:02:05.752 12593 12690 I com.disha.quickride.androidapp.conversation.UpdateExpiredUserContactRetrofit: retrieving of user CoTravellers
06-11 13:02:05.768 12593 12690 D com.disha.quickride.androidapp.startup.session.SessionManager: Performing session change operation on com.disha.quickride.androidapp.event.EventModuleSessionManager@fde5749
06-11 13:02:05.768 12593 12690 D com.disha.quickride.androidapp.event.AwsIotEventServiceConnection: 80505588231167 : Creating AwsIotEventServiceConnection to connect to a1xn41v6vdshwm-ats.iot.ap- south-1.amazonaws.com
06-11 13:02:05.776 12593 12690 D com.disha.quickride.androidapp.event.AwsIotEventServiceConnection: l80505588231167 : Creating AwsIotEventServiceConnection to connect to a1xn41v6vdshwm-ats.iot.ap-south-1.amazonaws.com
06-11 13:02:05.776 12593 12690 D com.disha.quickride.androidapp.startup.session.SessionManager: Performing session change operation on com.disha.quickride.androidapp.ridemgmt.RideMgmtModuleSessionHandler@ec7d18b
06-11 13:02:05.776 12593 12690 I com.disha.quickride.androidapp.ridemgmt.RideMgmtModuleSessionHandler: resumeBasicUserSession
06-11 13:02:05.793 12593 12697 D b : Get: https://pa.netcoresmartech.com/getnotifications? sdkversion=2.2.4&appid=d25af8de489a0ca420f9540aed14013a&guid=d82d1d94-0714-4d0c- 8135-1e5d4fa2961a<s=1591849391&type=android -> --- 200 OK {"pa_enable":"0","notifications":[],"pa_freq":"1300"}
06-11 13:02:05.796 12593 12631 W AnalyticsUserIDStore: initStore should have been called before calling setUserID
06-11 13:02:05.812 12593 12631 W UserDataStore: initStore should have been called before calling setUserID
06-11 13:02:05.823 12593 12628 I disha.quickrid: The ClassLoaderContext is a special shared library.
06-11 13:02:05.825 12593 12690 I com.disha.quickride.androidapp.myrides.cache.MyActiveRidesCache: getting active rides of user after the current time
06-11 13:02:05.825 12593 12690 D com.disha.quickride.androidapp.myrides.cache.MyClosedRidesCache: Loading closed rides from local database
06-11 13:02:05.829 12593 12628 I disha.quickrid: The ClassLoaderContext is a special shared library.
