06-22 07:31:31.317 22108 22140 E GraphResponse: {HttpStatus: 400, errorCode: 43003, subErrorCode: -1, errorType: OAuthException, errorMessage: (#43003) App button auto detection is disabled}
06-22 07:31:31.318 22108 22195 I com.disha.quickride.androidapp.myrides.cache.MyActiveRidesCache: getting active rides of user after the current time
06-22 07:31:31.319 22108 22195 D com.disha.quickride.androidapp.myrides.cache.MyClosedRidesCache: Loading closed rides from local database
06-22 07:31:31.324 22108 22195 D com.disha.quickride.androidapp.myrides.cache.MyCompletedRidesCachePersistenceHelper : getting all rider rides from databse
06-22 07:31:31.349 22108 22195 D com.disha.quickride.androidapp.myrides.cache.MyCompletedRidesCachePersistenceHelper : getting all passenger rides
06-22 07:31:31.374 22108 22195 D com.disha.quickride.androidapp.myrides.cache.MyCompletedRidesCachePersistenceHelper : getting all regular passenger rides
06-22 07:31:31.385 22108 22141 I ProviderInstaller: Installed default security provider GmsCore_OpenSSL
06-22 07:31:31.395 22108 22195 D com.disha.quickride.androidapp.myrides.cache.MyCompletedRidesCachePersistenceHelper : getting all regular passenger rides
06-22 07:31:31.419 22108 22108 D com.disha.quickride.androidapp.startup.QuickRideApplication: ProviderInstaller.installIfNeededAsync onProviderInstalled
06-22 07:31:31.419 22108 22195 I com.disha.quickride.androidapp.usermgmt.cache.UserDataCache: getting of user name
06-22 07:31:31.419 22108 22195 D com.disha.quickride.androidapp.startup.session.SessionManagerController: Session change operation completed successfully
06-22 07:31:31.419 22108 22195 D com.disha.quickride.androidapp.startup.session.SessionResumeAsyncTask: Session resume operation completed
06-22 07:31:31.419 22108 22195 D com.disha.quickride.androidapp.notification.FCMTokenRegistrationHelper: Getting FCM token to update to server for user : 80505588231167
06-22 07:31:31.420 22108 22195 D com.disha.quickride.androidapp.startup.session.SessionSetupAsyncTask: Session change operation completed successfully
06-22 07:31:31.420 22108 22108 D com.disha.quickride.androidapp.notification.FCMTokenRegistrationHelper: FCM token for userId : 80505588231167 is : d9DPXCxVmMU:APA91bElxdx8E06pkTtaELXYEtsvRVk_Ck- h8aLPml_ePbBf9b1_ZH4Fw9fqprHEhekpasxB74oDlUYSOkmsH- 5vB6S5x9YlOEjaOqgxhMTqJXRVuQcppRwbp1Ep80m32JK_7jedPTMS
06-22 07:31:31.420 22108 22195 D com.disha.quickride.androidapp.startup.session.SessionManagerController: Stopping WatchdogService
06-22 07:31:31.421 22108 22195 D com.disha.quickride.androidapp.startup.session.SessionManagerController: Cancelling alarm that was set to check watchdog service
06-22 07:31:31.422 22108 22202 D b : Get: https://pa.netcoresmartech.com/getnotifications? sdkversion=2.2.4&appid=d25af8de489a0ca420f9540aed14013a&guid=d82d1d94-0714-4d0c- 8135-1e5d4fa2961a<s=1592774062&type=android -> --- 200 OK {"pa_enable":"0","notifications":[],"pa_freq":"1300"}
06-22 07:31:31.423 22108 22195 D com.disha.quickride.androidapp.startup.session.SessionSetupAsyncTask: Session change operation took 563 ms
06-22 07:31:31.424 22108 22296 D com.disha.quickride.androidapp.notification.FCMTokenRegistrationAsyncTask: Updating client device id to server : d9DPXCxVmMU:APA91bElxdx8E06pkTtaELXYEtsvRVk_Ck- h8aLPml_ePbBf9b1_ZH4Fw9fqprHEhekpasxB74oDlUYSOkmsH- 5vB6S5x9YlOEjaOqgxhMTqJXRVuQcppRwbp1Ep80m32JK_7jedPTMS
06-22 07:31:31.424 22108 22295 D com.disha.quickride.androidapp.startup.session.SetUserIdIdentifierToFabricAsyncTask : UserId set to Fabric
06-22 07:31:31.511 22108 22204 E com.disha.quickride.androidapp.common.AndroidRestClient.AndroidClientLogger: URLConnection.checkInternetAndDecideexception Network available: SERVICE_NOT_AVAILABLE; java.io.IOException: stream closed
06-22 07:31:31.539 22108 22204 D com.disha.quickride.androidapp.retrofitSetup.RetrofitUtils: OkHttp401 [Ljava.lang.String;@3154f78
06-22 07:31:31.543 22108 22204 E com.disha.quickride.androidapp.common.AndroidRestClient.AndroidClientLogger: RestResponse.processResponseErrorToProperException Error obj there [errorCode: 9994 ][httpStatusCode: 401 ][developerMsg: ][userMsg: Client request error ] [hintForCorrection: Please recheck the operation ][extraInfo: {} ]
06-22 07:31:31.544 22108 22204 D com.disha.quickride.androidapp.retrofitSetup.RetrofitUtils: OkHttp401 [Ljava.lang.String;@d199651
06-22 07:31:31.545 22108 22204 E com.disha.quickride.androidapp.retrofitSetup.RetrofitClientInstance: Error in makeHttpCall
06-22 07:31:31.545 22108 22204 E com.disha.quickride.androidapp.retrofitSetup.RetrofitClientInstance: java.io.IOException: stream closed
06-22 07:31:31.545 22108 22204 E com.disha.quickride.androidapp.retrofitSetup.RetrofitClientInstance: at okhttp3.internal.http2.Http2Stream$FramingSource.read(SourceFile:372)
06-22 07:31:31.545 22108 22204 E com.disha.quickride.androidapp.retrofitSetup.RetrofitClientInstance: at okhttp3.internal.http2.Http2Codec$StreamFinishingSource.read(SourceFile:205)
06-22 07:31:31.545 22108 22204 E com.disha.quickride.androidapp.retrofitSetup.RetrofitClientInstance: at ekf.a(SourceFile:176)
06-22 07:31:31.545 22108 22204 E com.disha.quickride.androidapp.retrofitSetup.RetrofitClientInstance: at emb.a(SourceFile:322)
06-22 07:31:31.545 22108 22204 E com.disha.quickride.androidapp.retrofitSetup.RetrofitClientInstance: at elq.a(SourceFile:211)
06-22 07:31:31.545 22108 22204 E com.disha.quickride.androidapp.retrofitSetup.RetrofitClientInstance: at elq.a(SourceFile:188)
06-22 07:31:31.545 22108 22204 E com.disha.quickride.androidapp.retrofitSetup.RetrofitClientInstance: at ell$a.a(SourceFile:104)
06-22 07:31:31.545 22108 22204 E com.disha.quickride.androidapp.retrofitSetup.RetrofitClientInstance: at com.disha.quickride.androidapp.retrofitSetup.RetrofitClientInstance.makeHttpCall(So urceFile:211)
06-22 07:31:31.545 22108 22204 E com.disha.quickride.androidapp.retrofitSetup.RetrofitClientInstance: at com.disha.quickride.androidapp.retrofitSetup.RetrofitClientInstance.makeHttpGetCall (SourceFile:147)
06-22 07:31:31.545 22108 22204 E com.disha.quickride.androidapp.retrofitSetup.RetrofitClientInstance: at com.disha.quickride.androidapp.retrofitSetup.RetrofitClientInstance.makeHttpGetCall InSynForCollectionReturnObject(SourceFile:138)
06-22 07:31:31.545 22108 22204 E com.disha.quickride.androidapp.retrofitSetup.RetrofitClientInstance: at com.disha.quickride.androidapp.notification.NotificationUpdateWorker.doWork(SourceF ile:88)
06-22 07:31:31.545 22108 22204 E com.disha.quickride.androidapp.retrofitSetup.RetrofitClientInstance: at androidx.work.Worker$1.run(SourceFile:85)
06-22 07:31:31.545 22108 22204 E com.disha.quickride.androidapp.retrofitSetup.RetrofitClientInstance: at java.util.concurrent.ThreadPoolExecutor.runWorker(ThreadPoolExecutor.java:1167)
06-22 07:31:31.545 22108 22204 E com.disha.quickride.androidapp.retrofitSetup.RetrofitClientInstance: at java.util.concurrent.ThreadPoolExecutor$Worker.run(ThreadPoolExecutor.java:641)
06-22 07:31:31.545 22108 22204 E com.disha.quickride.androidapp.retrofitSetup.RetrofitClientInstance: at java.lang.Thread.run(Thread.java:919)
06-22 07:31:31.545 22108 22204 E com.disha.quickride.androidapp.common.AndroidRestClient.AndroidClientLogger: RestResponse.processResponseErrorToProperException OTHER ERROR100 java.io.IOException: stream closed
06-22 07:31:31.549 22108 22199 D b : getData: response code:200
06-22 07:31:31.549 22108 22199 D b : POST: https://pn.netcoresmartech.com/pn_register -> {"appid":"d25af8de489a0ca420f9540aed14013a","pushid":"d82d1d94-0714-4d0c-8135- 1e5d4fa2961a","identity":"80505588231167","ostype":"Android","make":"OnePlus","mode l":"ONEPLUS A6010","osversion":"10","appname":"Quick Ride","appversion":"10.07","sdkversion":"2.2.4","cts":200622073130,"lat":null,"lng" :null,"adid":"","oldToken":"d9DPXCxVmMU:APA91bElxdx8E06pkTtaELXYEtsvRVk_Ck- h8aLPml_ePbBf9b1_ZH4Fw9fqprHEhekpasxB74oDlUYSOkmsH- 5vB6S5x9YlOEjaOqgxhMTqJXRVuQcppRwbp1Ep80m32JK_7jedPTMS","sessionid":"1592791290751" ,"tx":"1592791290774","eventid":"25","token":"d9DPXCxVmMU:APA91bElxdx8E06pkTtaELXYE tsvRVk_Ck-h8aLPml_ePbBf9b1_ZH4Fw9fqprHEhekpasxB74oDlUYSOkmsH- 5vB6S5x9YlOEjaOqgxhMTqJXRVuQcppRwbp1Ep80m32JK_7jedPTMS"} --- 200 OK {"status":"failed","panelStatus":"0"}
06-22 07:31:31.561 22108 22189 I WM-WorkerWrapper: Worker result SUCCESS for Work [ id=1953f711-dfac-46e3-a460-090e54dcb07c, tags={ in.netcore.smartechfcm.workmanager.SlaveNetworkWorker } ]
06-22 07:31:31.750 22108 22204 E com.disha.quickride.androidapp.common.AndroidRestClient.AndroidClientLogger: URLConnection.checkInternetAndDecideexception Network available: SERVICE_NOT_AVAILABLE; java.io.IOException: stream closed
06-22 07:31:31.756 22108 22147 I WM-WorkerWrapper: Worker result SUCCESS for Work [ id=129ca9d6-7879-4614-9463-db5cf993f0a3, tags={ com.disha.quickride.androidapp.notification.NotificationUpdateWorker } ]
06-22 07:31:32.456 22108 22122 W System : A resource failed to call end.
06-22 07:31:32.457 22108 22122 W System : A resource failed to call end.
06-22 07:31:34.420 22108 22294 D com.disha.quickride.androidapp.event.EventModuleSessionManager: Resuming complete user session
06-22 07:31:34.434 22108 22294 D com.disha.quickride.androidapp.event.EventServicePersistenceHelper: Purging old messages with condition : time <= 1592769694420
06-22 07:31:34.435 22108 22294 D com.disha.quickride.androidapp.event.EventServicePersistenceHelper: No of old messages purged : 0
06-22 07:31:34.445 22108 22294 D com.disha.quickride.androidapp.event.EventServicePersistenceHelper: 0 messages read from persistence
06-22 07:31:34.445 22108 22294 D com.disha.quickride.androidapp.event.RideMgmtEventServiceProxy: Initializing unprocessed messages from persistence
06-22 07:31:34.450 22108 22294 D com.disha.quickride.androidapp.event.EventServicePersistenceHelper: 0 unprocessed messages read from persistence
06-22 07:31:34.454 22108 22294 D com.disha.quickride.androidapp.event.EventServicePersistenceHelper: Purging old messages with condition : time <= 1592769694451
06-22 07:31:34.454 22108 22294 D com.disha.quickride.androidapp.event.EventServicePersistenceHelper: No of old messages purged : 0
06-22 07:31:34.456 22108 22294 D com.disha.quickride.androidapp.event.EventServicePersistenceHelper: 0 messages read from persistence
06-22 07:31:34.456 22108 22294 D com.disha.quickride.androidapp.event.LocationUpdateEventServiceProxy: Initializing unprocessed messages from persistence
06-22 07:31:34.459 22108 22294 D com.disha.quickride.androidapp.event.EventServicePersistenceHelper: 0 unprocessed messages read from persistence
06-22 07:31:34.459 22108 22294 D com.disha.quickride.androidapp.usermgmt.UserMessageListener: subscribeToUserMsgUpdates
06-22 07:31:34.459 22108 22294 D com.disha.quickride.androidapp.event.RideMgmtEventServiceProxy: Adding topic name to subscriptions queue :userMsg/80505588231167
06-22 07:31:34.467 22108 22294 D com.disha.quickride.androidapp.event.EventModuleSessionManager: Establishing event service connection
06-22 07:31:34.467 22108 22294 D com.disha.quickride.androidapp.event.RideMgmtEventServiceProxy: Entering dispatchAllMessagesArrivedBeforeSessionWasInitialized
06-22 07:31:34.467 22108 22311 D com.disha.quickride.androidapp.event.InitialMessagesDispatchTask: Dispatching initial messages
06-22 07:31:34.467 22108 22294 D com.disha.quickride.androidapp.event.LocationUpdateEventServiceProxy: Entering dispatchAllMessagesArrivedBeforeSessionWasInitialized
06-22 07:31:34.468 22108 22314 D com.disha.quickride.androidapp.event.InitialMessagesDispatchTask: Dispatching initial messages
06-22 07:31:34.471 22108 22294 I com.disha.quickride.androidapp.ridemgmt.RideManagementMqttProxy: subscribing to topic of existing rides
06-22 07:31:34.472 22108 22294 I com.disha.quickride.androidapp.ridemgmt.RideManagementMqttProxy: subscribing to topic of existing rider rides
06-22 07:31:34.472 22108 22294 D com.disha.quickride.androidapp.groupchat.RideGroupChatMqttListener: Subscribing to collection of rides
06-22 07:31:34.472 22108 22294 I com.disha.quickride.androidapp.ridemgmt.RideManagementMqttProxy: subscribing to topic of existing passenger rides
06-22 07:31:34.472 22108 22294 D com.disha.quickride.androidapp.groupchat.RideGroupChatMqttListener: Subscribing to collection of rides
06-22 07:31:35.980 22108 22189 I WM-WorkerWrapper: Worker result SUCCESS for Work [ id=f7a78ce6-b2d2-4c82-aca3-192c3a71ea32, tags={ in.netcore.smartechfcm.workmanager.SlaveDBSyncWorker } ]
06-22 07:31:36.863 22108 22296 D com.disha.quickride.androidapp.retrofitSetup.RetrofitUtils: OkHttp401 [Ljava.lang.String;@12d1a6f
06-22 07:31:36.864 22108 22296 E com.disha.quickride.androidapp.common.AndroidRestClient.AndroidClientLogger: RestResponse.processResponseErrorToProperException Error obj there [errorCode: 11103 ][httpStatusCode: 401 ][developerMsg: Unauthorized access; Jwt token has expired ][userMsg: Secure session has expired ][hintForCorrection: Re-login and retry ][extraInfo: {} ]
06-22 07:32:01.435 22108 22202 I b : pushAmpDataParser: Listener status: false
06-22 07:32:01.452 22108 22135 I WM-WorkerWrapper: Worker result SUCCESS for Work [ id=06399b09-d1bd-4f9d-82f3-b2141d569520, tags={ in.netcore.smartechfcm.worker.SlavePushAmpWorker } ]
06-22 07:32:06.971 22108 22296 D com.disha.quickride.androidapp.retrofitSetup.RetrofitUtils: OkHttp200 [Ljava.lang.String;@20f29b9
06-22 07:32:06.981 22108 22296 D com.disha.quickride.androidapp.retrofitSetup.RetrofitUtils: OkHttp200 [Ljava.lang.String;@d4151fe
06-22 07:32:07.032 22108 22296 D com.disha.quickride.androidapp.retrofitSetup.RetrofitUtils: OkHttp200 [Ljava.lang.String;@43f7d5f