03-24 08:39:37.641 D/CompatConfig( 1765): No directory
/apex/com.android.media/etc/compatconfig, skipping
03-24 08:39:37.641 D/CompatConfig( 1765): No directory
/apex/com.android.i18n/etc/compatconfig, skipping
03-24 08:39:37.642 I/SystemConfig( 1765): Reading permissions from
/system/etc/permissions/privapp-permissions-
com.samsung.android.service.peoplestripe.xml
03-24 08:39:37.642 D/CompatConfig( 1765): No directory
/apex/com.android.os.statsd/etc/compatconfig, skipping
03-24 08:39:37.642 D/CompatConfig( 1765): No directory
/apex/com.android.apex.cts.shim/etc/compatconfig, skipping
03-24 08:39:37.642 D/CompatConfig( 1765): No directory
/apex/com.android.runtime/etc/compatconfig, skipping
03-24 08:39:37.642 D/CompatConfig( 1765): No directory
/apex/com.android.resolv/etc/compatconfig, skipping
03-24 08:39:37.642 D/CompatConfig( 1765): No directory
/apex/com.android.adbd/etc/compatconfig, skipping
03-24 08:39:37.642 I/SystemConfig( 1765): Reading permissions from
/system/etc/permissions/privapp-permissions-
com.samsung.android.setting.multisound.xml
03-24 08:39:37.643 D/CompatConfig( 1765): Start loading
/product/etc/appcompat/compat_framework_overrides.xml
03-24 08:39:37.643 D/CompatConfig( 1765): Override file does't exist:
/product/etc/appcompat/compat_framework_overrides.xml
03-24 08:39:37.643 D/CompatConfig( 1765): Start loading
/data/misc/appcompat/compat_framework_overrides.xml
03-24 08:39:37.643 I/SystemConfig( 1765): Reading permissions from
/system/etc/permissions/privapp-permissions-
com.samsung.android.sm.devicesecurity_v6.xml
03-24 08:39:37.644 I/SystemConfig( 1765): Reading permissions from
/system/etc/permissions/privapp-permissions-
com.samsung.android.smartcallprovider.xml
03-24 08:39:37.645 I/SystemConfig( 1765): Reading permissions from
/system/etc/permissions/privapp-permissions-
com.samsung.android.smartswitchassistant.xml
03-24 08:39:37.646 I/SystemConfig( 1765): Reading permissions from
/system/etc/permissions/privapp-permissions-com.samsung.android.themecenter.xml
03-24 08:39:37.647 I/SystemConfig( 1765): Reading permissions from
/system/etc/permissions/privapp-permissions-com.samsung.android.video.xml
03-24 08:39:37.648 I/SystemConfig( 1765): Reading permissions from
/system/etc/permissions/privapp-permissions-com.samsung.clipboardsaveservice.xml
03-24 08:39:37.648 I/SystemConfig( 1765): Reading permissions from
/system/etc/permissions/privapp-permissions-com.samsung.cmh.xml
03-24 08:39:37.649 I/SystemConfig( 1765): Reading permissions from
/system/etc/permissions/privapp-permissions-com.samsung.crane.xml
03-24 08:39:37.650 I/SystemConfig( 1765): Reading permissions from
/system/etc/permissions/privapp-permissions-com.samsung.klmsagent.xml
03-24 08:39:37.650 I/SystemConfig( 1765): Reading permissions from
/system/etc/permissions/privapp-permissions-
com.samsung.sec.android.application.csc.xml
03-24 08:39:37.651 I/SystemConfig( 1765): Reading permissions from
/system/etc/permissions/privapp-permissions-com.samsung.storyservice.xml
03-24 08:39:37.651 D/cdfingerTA( 1361): CFP_NZ: FP_REQUEST_SETMODE, ChipID = 0X88
03-24 08:39:37.651 D/cdfingerTA( 1361): cdfinger_config_interrupt 0xd6, mode = [1]
03-24 08:39:37.651 D/cdfingerTA( 1361): CFP_NZ: FP_REQUEST_SETMODE [1] ret[0]
03-24 08:39:37.651 D/cdfinger( 1361): timeout_gap:3, check_gap:2
03-24 08:39:37.651 D/cdfinger( 1361): sem_wait : (0)
03-24 08:39:37.652 I/SystemConfig( 1765): Reading permissions from
/system/etc/permissions/privapp-permissions-com.sec.android.RilServiceModeApp.xml
03-24 08:39:37.653 I/SystemConfig( 1765): Reading permissions from
/system/etc/permissions/privapp-permissions-com.sec.android.app.SecSetupWizard.xml
03-24 08:39:37.654 I/SystemConfig( 1765): Reading permissions from
/system/etc/permissions/privapp-permissions-com.sec.android.app.billing.xml
03-24 08:39:37.655 I/SystemConfig( 1765): Reading permissions from
/system/etc/permissions/privapp-permissions-com.sec.android.app.camera.xml
03-24 08:39:37.656 I/SystemConfig( 1765): Reading permissions from
/system/etc/permissions/privapp-permissions-
com.sec.android.app.factorykeystring.xml
03-24 08:39:37.657 I/SystemConfig( 1765): Reading permissions from
/system/etc/permissions/privapp-permissions-com.sec.android.app.fm.xml
03-24 08:39:37.657 D/CompatConfig( 1765): Loading change overrides for
/data/misc/appcompat/compat_framework_overrides.xml
03-24 08:39:37.657 I/SystemConfig( 1765): Reading permissions from
/system/etc/permissions/privapp-permissions-com.sec.android.app.itracker.xml
03-24 08:39:37.658 I/SystemConfig( 1765): Reading permissions from
/system/etc/permissions/privapp-permissions-com.sec.android.app.launcher.xml
03-24 08:39:37.659 D/CompatConfig( 1765): Finish loading overrides files
03-24 08:39:37.660 I/SystemConfig( 1765): Reading permissions from
/system/etc/permissions/privapp-permissions-com.sec.android.app.myfiles.xml
03-24 08:39:37.661 I/SystemConfig( 1765): Reading permissions from
/system/etc/permissions/privapp-permissions-com.sec.android.app.popupcalculator.xml
03-24 08:39:37.661 I/servicemanager( 573): Adding 'u:r:system_server:s0' service
(platform_compat:1765)
03-24 08:39:37.661 I/SystemConfig( 1765): Reading permissions from
/system/etc/permissions/privapp-permissions-com.sec.android.app.safetyassurance.xml
03-24 08:39:37.662 I/servicemanager( 573): Adding 'u:r:system_server:s0' service
(platform_compat_native:1765)
03-24 08:39:37.662 D/SystemServerTiming( 1765): PlatformCompat took to complete:
157ms
03-24 08:39:37.662 I/SystemServerTiming( 1765): StartFileIntegrityService
03-24 08:39:37.662 I/SystemConfig( 1765): Reading permissions from
/system/etc/permissions/privapp-permissions-com.sec.android.app.samsungapps.xml
03-24 08:39:37.663 I/SystemServiceManager( 1765): Starting
com.android.server.security.FileIntegrityService
03-24 08:39:37.663 I/SystemConfig( 1765): Reading permissions from
/system/etc/permissions/privapp-permissions-com.sec.android.app.servicemodeapp.xml
03-24 08:39:37.664 I/SystemConfig( 1765): Reading permissions from
/system/etc/permissions/privapp-permissions-com.sec.android.app.soundalive_S.xml
03-24 08:39:37.665 I/SystemConfig( 1765): Reading permissions from
/system/etc/permissions/privapp-permissions-com.sec.android.daemonapp.xml
03-24 08:39:37.666 I/SystemConfig( 1765): Reading permissions from
/system/etc/permissions/privapp-permissions-com.sec.android.gallery3d.xml
03-24 08:39:37.667 I/SystemConfig( 1765): Reading permissions from
/system/etc/permissions/privapp-permissions-
com.sec.android.mimage.photoretouching.xml
03-24 08:39:37.668 I/SystemConfig( 1765): Reading permissions from
/system/etc/permissions/privapp-permissions-com.sec.android.provider.badge.xml
03-24 08:39:37.668 I/SystemConfig( 1765): Reading permissions from
/system/etc/permissions/privapp-permissions-com.sec.android.soagent.xml
03-24 08:39:37.669 I/SystemConfig( 1765): Reading permissions from
/system/etc/permissions/privapp-permissions-com.sec.app.RilErrorNotifier.xml
03-24 08:39:37.670 I/SystemConfig( 1765): Reading permissions from
/system/etc/permissions/privapp-permissions-com.sec.epdg.xml
03-24 08:39:37.671 I/SystemConfig( 1765): Reading permissions from
/system/etc/permissions/privapp-permissions-com.sec.epdgtestapp.xml
03-24 08:39:37.672 I/servicemanager( 573): Adding 'u:r:system_server:s0' service
(file_integrity:1765)
03-24 08:39:37.672 D/SystemServerTiming( 1765): StartFileIntegrityService took to
complete: 10ms
03-24 08:39:37.672 I/SystemConfig( 1765): Reading permissions from
/system/etc/permissions/privapp-permissions-com.sec.imslogger.xml
03-24 08:39:37.672 I/SystemServerTiming( 1765): StartInstaller
03-24 08:39:37.672 I/SystemServiceManager( 1765): Starting
com.android.server.pm.Installer
03-24 08:39:37.673 I/SystemConfig( 1765): Reading permissions from
/system/etc/permissions/privapp-permissions-com.sec.imsservice.xml
03-24 08:39:37.673 D/cdfinger( 1361): SIGIO signal FINGERDOWN received!
03-24 08:39:37.674 D/cdfinger( 1361): sem_waited : (0)
03-24 08:39:37.674 I/SystemConfig( 1765): Reading permissions from
/system/etc/permissions/privapp-permissions-com.sec.spp.push.xml
03-24 08:39:37.675 I/SystemConfig( 1765): Reading permissions from
/system/etc/permissions/privapp-permissions-com.wsomacp.xml
03-24 08:39:37.676 I/SystemConfig( 1765): Reading permissions from
/system/etc/permissions/saiv.xml
03-24 08:39:37.676 I/SystemConfig( 1765): Reading permissions from
/system/etc/permissions/privapp-permissions-com.wssyncmldm.xml
03-24 08:39:37.676 D/installd( 1264): Found quota mount /dev/block/bootdevice/by-
name/userdata at /data
03-24 08:39:37.676 D/installd( 1264): Found quota mount /dev/block/bootdevice/by-
name/userdata at /data/user/0
03-24 08:39:37.677 D/cdfinger( 1361): device_waitForFinger ret = 0
03-24 08:39:37.677 D/cdfinger( 1361): EventProcessThread case status:13
03-24 08:39:37.677 D/cdfinger( 1361): Enter Switch Status, mCurStatus = 13
03-24 08:39:37.677 D/cdfinger( 1361): mCurStatus = 13 , nextStatus = 14
03-24 08:39:37.677 E/SamsungPowerSound( 1385): earphone state reading is failed
03-24 08:39:37.677 I/SystemConfig( 1765): Reading permissions from
/system/etc/permissions/privapp-permissions-facebook.xml
03-24 08:39:37.677 V/APM_AudioPolicyManager( 1066): getAudioPolicyConfig:
audioParam;l_device_current_output
03-24 08:39:37.678 V/APM_AudioPolicyManager( 1066): getNewOutputDevices selected
devices {type:0x2,@:}
03-24 08:39:37.678 I/SystemConfig( 1765): Reading permissions from
/system/etc/permissions/privapp-permissions-google-system.xml
03-24 08:39:37.679 D/SystemServerTiming( 1765): StartInstaller took to complete:
7ms
03-24 08:39:37.679 I/SystemServerTiming( 1765): DeviceIdentifiersPolicyService
03-24 08:39:37.679 I/SystemConfig( 1765): Reading permissions from
/system/etc/permissions/privapp-permissions-o-os-com.samsung.android.uds.xml
03-24 08:39:37.679 I/SystemServiceManager( 1765): Starting
com.android.server.os.DeviceIdentifiersPolicyService
03-24 08:39:37.680 I/SystemConfig( 1765): Reading permissions from
/system/etc/permissions/privapp-permissions-platform.xml
03-24 08:39:37.682 I/servicemanager( 573): Adding 'u:r:system_server:s0' service
(device_identifiers:1765)
03-24 08:39:37.682 D/SystemServerTiming( 1765): DeviceIdentifiersPolicyService took
to complete: 3ms
03-24 08:39:37.682 I/SystemServerTiming( 1765): UriGrantsManagerService
03-24 08:39:37.682 I/SystemServiceManager( 1765): Starting
com.android.server.uri.UriGrantsManagerService$Lifecycle
03-24 08:39:37.685 I/servicemanager( 573): Adding 'u:r:system_server:s0' service
(uri_grants:1765)
03-24 08:39:37.686 D/SystemServerTiming( 1765): UriGrantsManagerService took to
complete: 4ms
03-24 08:39:37.686 I/SystemServerTiming( 1765): StartPowerStatsService
03-24 08:39:37.686 I/SystemServiceManager( 1765): Starting
com.android.server.powerstats.PowerStatsService
03-24 08:39:37.688 I/SystemConfig( 1765): Reading permissions from
/system/etc/permissions/privapp-permissions-qti.xml
03-24 08:39:37.689 E/servicemanager( 573): Could not find
android.hardware.power.stats.IPowerStats/default in the VINTF manifest.
03-24 08:39:37.690 I/SystemConfig( 1765): Reading permissions from
/system/etc/permissions/privapp-permissions-themestore.xml
03-24 08:39:37.691 I/SystemConfig( 1765): Reading permissions from
/system/etc/permissions/qti_telephony_hidl_wrapper.xml
03-24 08:39:37.691 D/hw-ProcessState( 1765): Binder ioctl to enable oneway spam
detection failed: Invalid argument
03-24 08:39:37.692 I/SystemConfig( 1765): Reading permissions from
/system/etc/permissions/qti_telephony_utils.xml
03-24 08:39:37.692 I/SystemConfig( 1765): Reading permissions from
/system/etc/permissions/rcsopenapi_library.xml
03-24 08:39:37.693 I/SystemConfig( 1765): Reading permissions from
/system/etc/permissions/samsungkeystoreutils.xml
03-24 08:39:37.693 I/SystemConfig( 1765): Reading permissions from
/system/etc/permissions/scamera_sdk_util.xml
03-24 08:39:37.693 I/SystemConfig( 1765): Reading permissions from
/system/etc/permissions/scamera_sep.xml
03-24 08:39:37.693 I/hwservicemanager( 574): getTransport: Cannot find entry
[email protected]::IPowerStats/default in either framework or device
VINTF manifest.
03-24 08:39:37.693 I/SystemConfig( 1765): Reading permissions from
/system/etc/permissions/sec_platform_library.xml
03-24 08:39:37.694 E/PowerStatsService( 1765): Unable to get power.stats HAL
service.
03-24 08:39:37.694 E/PowerStatsService( 1765): nativeInit failed to connect to
power.stats HAL
03-24 08:39:37.694 I/SystemConfig( 1765): Reading permissions from
/system/etc/permissions/secimaging.xml
03-24 08:39:37.694 I/SystemConfig( 1765): Reading permissions from
/system/etc/permissions/sem_telephony_common.xml
03-24 08:39:37.694 I/SystemConfig( 1765): Reading permissions from
/system/etc/permissions/semextendedformat.xml
03-24 08:39:37.695 I/SystemConfig( 1765): Reading permissions from
/system/etc/permissions/semmediatranscoder.xml
03-24 08:39:37.695 I/SystemConfig( 1765): Reading permissions from
/system/etc/permissions/semsdrvideoconverter.xml
03-24 08:39:37.695 I/servicemanager( 573): Adding 'u:r:system_server:s0' service
(powerstats:1765)
03-24 08:39:37.696 D/SystemServerTiming( 1765): StartPowerStatsService took to
complete: 10ms
03-24 08:39:37.696 I/SystemConfig( 1765): Reading permissions from
/system/etc/permissions/sfeffect.xml
03-24 08:39:37.696 I/SystemServerTiming( 1765): StartIStatsService
03-24 08:39:37.696 I/SystemConfig( 1765): Reading permissions from
/system/etc/permissions/vsimservice_library.xml
03-24 08:39:37.697 I/SystemConfig( 1765): Reading permissions from
/system/etc/permissions/platform.xml
03-24 08:39:37.700 I/HidlServiceManagement( 1765): Registered
[email protected]::IStats/default
03-24 08:39:37.701 W/SystemConfig( 1765): Tag system-user-whitelisted-app is
unknown in /system/etc/permissions/platform.xml at START_TAG (empty) <system-user-
whitelisted-app package='com.tmobile.echolocate'>@381:69 in
java.io.FileReader@39d9353
03-24 08:39:37.702 I/servicemanager( 573): Found
android.frameworks.stats.IStats/default in framework VINTF manifest.
03-24 08:39:37.702 I/servicemanager( 573): Adding 'u:r:system_server:s0' service
(android.frameworks.stats.IStats/default:1765)
03-24 08:39:37.702 D/SystemServerTiming( 1765): StartIStatsService took to
complete: 6ms
03-24 08:39:37.702 I/SystemServerTiming( 1765): MemtrackProxyService
03-24 08:39:37.703 I/SystemConfig( 1765): Reading permissions from
/vendor/etc/permissions/android.hardware.camera.front.xml
03-24 08:39:37.704 I/SystemConfig( 1765): Reading permissions from
/vendor/etc/permissions/android.hardware.sensor.light.xml
03-24 08:39:37.704 I/SystemConfig( 1765): Reading permissions from
/vendor/etc/permissions/android.hardware.sensor.stepcounter.xml
03-24 08:39:37.705 I/SystemConfig( 1765): Reading permissions from
/vendor/etc/permissions/android.hardware.usb.host.xml
03-24 08:39:37.706 I/SystemConfig( 1765): Reading permissions from
/vendor/etc/permissions/android.hardware.telephony.gsm.xml
03-24 08:39:37.706 E/servicemanager( 573): Could not find
android.hardware.memtrack.IMemtrack/default in the VINTF manifest.
03-24 08:39:37.707 I/Stability( 1765): Interface set with vintf stability wire
protocol version 1 downgraded to system stability wire protocol version 1 stability
03-24 08:39:37.707 I/SystemConfig( 1765): Reading permissions from
/vendor/etc/permissions/android.hardware.sensor.proximity.xml
03-24 08:39:37.707 I/SystemConfig( 1765): Reading permissions from
/vendor/etc/permissions/android.software.verified_boot.xml
03-24 08:39:37.708 I/servicemanager( 573): Adding 'u:r:system_server:s0' service
(memtrack.proxy:1765)
03-24 08:39:37.708 I/SystemConfig( 1765): Reading permissions from
/vendor/etc/permissions/android.hardware.touchscreen.multitouch.jazzhand.xml
03-24 08:39:37.708 D/SystemServerTiming( 1765): MemtrackProxyService took to
complete: 6ms
03-24 08:39:37.708 I/SystemServerTiming( 1765): StartActivityManager
03-24 08:39:37.708 I/SystemConfig( 1765): Reading permissions from
/vendor/etc/permissions/android.software.vulkan.deqp.level.xml
03-24 08:39:37.709 I/SystemServiceManager( 1765): Starting
com.android.server.wm.ActivityTaskManagerService$Lifecycle
03-24 08:39:37.709 I/SystemConfig( 1765): Reading permissions from
/vendor/etc/permissions/android.software.ipsec_tunnels.xml
03-24 08:39:37.710 I/SystemConfig( 1765): Reading permissions from
/vendor/etc/permissions/android.hardware.wifi.xml
03-24 08:39:37.711 I/SystemConfig( 1765): Reading permissions from
/vendor/etc/permissions/handheld_core_hardware.xml
03-24 08:39:37.712 I/SystemConfig( 1765): Reading permissions from
/vendor/etc/permissions/android.hardware.vulkan.level-0.xml
03-24 08:39:37.713 I/SystemConfig( 1765): Reading permissions from
/vendor/etc/permissions/android.software.opengles.deqp.level.xml
03-24 08:39:37.714 I/SystemConfig( 1765): Reading permissions from
/vendor/etc/permissions/android.software.sip.voip.xml
03-24 08:39:37.715 D/cdfingerTA( 1361): CFP_NZ: FP_REQUEST_DETECT_FINGER [2]
03-24 08:39:37.715 D/cdfingerTA( 1361): configAGC agc = 0xe4, spend 8 ms, ret = 0
03-24 08:39:37.715 D/cdfingerTA( 1361): get image success 18418 19456
03-24 08:39:37.715 D/cdfingerTA( 1361): cfp_devCheckFinger nav down 0 134 134 0 117
0
03-24 08:39:37.715 D/cdfingerTA( 1361): cfp_calibrateKeyTrigger=0xd6 2
03-24 08:39:37.715 D/cdfingerTA( 1361): close move check, nConFlag 0, interFlag 0
03-24 08:39:37.715 D/cdfingerTA( 1361): CFP_NZ: FP_REQUEST_DETECT_FINGER, result =
128
03-24 08:39:37.715 I/SystemConfig( 1765): Reading permissions from
/vendor/etc/permissions/android.software.midi.xml
03-24 08:39:37.716 E/libc ( 1361): Access denied finding property
"property.cdfinger.enablesave"
03-24 08:39:37.716 D/cdfinger( 1361): Enter Switch Status, mCurStatus = 14
03-24 08:39:37.716 D/cdfinger( 1361): mCurStatus = 14 , nextStatus = 13
03-24 08:39:37.716 D/cdfinger( 1361): REPORT_KEY: not finger or read image fail
03-24 08:39:37.716 D/cdfinger( 1361): EventProcessThread end,then check status 13
and global status 1
03-24 08:39:37.716 I/SystemConfig( 1765): Reading permissions from
/vendor/etc/permissions/android.hardware.location.gps.xml
03-24 08:39:37.717 I/SystemConfig( 1765): Reading permissions from
/vendor/etc/permissions/android.hardware.vulkan.version-1_1.xml
03-24 08:39:37.717 D/cdfinger( 1361): EventProcessThread wait hal_Down! status:13
03-24 08:39:37.717 D/cdfinger( 1361): fingerprint wait for finger .
03-24 08:39:37.717 D/cdfinger( 1361): device_waitForFinger enter
03-24 08:39:37.718 I/SystemConfig( 1765): Reading permissions from
/vendor/etc/permissions/android.hardware.wifi.passpoint.xml
03-24 08:39:37.719 I/SystemConfig( 1765): Reading permissions from
/vendor/etc/permissions/android.hardware.camera.raw.xml
03-24 08:39:37.719 I/SystemConfig( 1765): Reading permissions from
/vendor/etc/permissions/android.hardware.bluetooth.xml
03-24 08:39:37.720 I/SystemConfig( 1765): Reading permissions from
/vendor/etc/permissions/android.hardware.camera.full.xml
03-24 08:39:37.721 I/macloader( 1322): PATH_QCWLANSTATE_SYSFS read retry 44
03-24 08:39:37.721 E/macloader( 1322): Failed to open qcwlanstate
03-24 08:39:37.721 I/SystemConfig( 1765): Reading permissions from
/vendor/etc/permissions/android.hardware.wifi.direct.xml
03-24 08:39:37.722 I/SystemConfig( 1765): Reading permissions from
/vendor/etc/permissions/android.hardware.camera.flash-autofocus.xml
03-24 08:39:37.723 I/SystemConfig( 1765): Reading permissions from
/vendor/etc/permissions/android.hardware.bluetooth_le.xml
03-24 08:39:37.724 I/SystemConfig( 1765): Reading permissions from
/vendor/etc/permissions/android.hardware.vulkan.compute-0.xml
03-24 08:39:37.724 I/SystemConfig( 1765): Reading permissions from
/vendor/etc/permissions/android.hardware.opengles.aep.xml
03-24 08:39:37.725 D/cdfinger( 1361): get screen status = 1, mode = 1
03-24 08:39:37.725 D/cdfinger( 1361): gotoCheckIrq no need check.
03-24 08:39:37.725 I/SystemConfig( 1765): Reading permissions from
/vendor/etc/permissions/android.hardware.telephony.ims.xml
03-24 08:39:37.726 I/SystemConfig( 1765): Reading permissions from
/vendor/etc/permissions/android.hardware.usb.accessory.xml
03-24 08:39:37.727 I/SystemConfig( 1765): Reading permissions from
/vendor/etc/permissions/android.hardware.sensor.accelerometer.xml
03-24 08:39:37.727 I/SystemConfig( 1765): Reading permissions from
/vendor/etc/permissions/android.hardware.sensor.stepdetector.xml
03-24 08:39:37.729 D/CoreStateController( 1765): CoreStateController()
03-24 08:39:37.729 I/SystemConfig( 1765): Reading aerProductName from
/system/etc/aer_product_name.xml
03-24 08:39:37.731 W/SystemConfig( 1765): fname = o1stur
03-24 08:39:37.731 W/SystemConfig( 1765): ro.product.name = a11qub
03-24 08:39:37.731 W/SystemConfig( 1765): fname = o1sxtur
03-24 08:39:37.731 W/SystemConfig( 1765): ro.product.name = a11qub
03-24 08:39:37.731 W/SystemConfig( 1765): fname = o1sxser
03-24 08:39:37.731 W/SystemConfig( 1765): ro.product.name = a11qub
03-24 08:39:37.731 W/SystemConfig( 1765): fname = o1sxx
03-24 08:39:37.732 W/SystemConfig( 1765): ro.product.name = a11qub
03-24 08:39:37.732 W/SystemConfig( 1765): fname = o1sxxx
03-24 08:39:37.732 W/SystemConfig( 1765): ro.product.name = a11qub
03-24 08:39:37.732 W/SystemConfig( 1765): fname = o1sxeea
03-24 08:39:37.732 W/SystemConfig( 1765): ro.product.name = a11qub
03-24 08:39:37.732 W/SystemConfig( 1765): fname = o1sksx
03-24 08:39:37.732 W/SystemConfig( 1765): ro.product.name = a11qub
03-24 08:39:37.732 W/SystemConfig( 1765): fname = o1sser
03-24 08:39:37.732 W/SystemConfig( 1765): ro.product.name = a11qub
03-24 08:39:37.732 W/SystemConfig( 1765): fname = o1qcsx
03-24 08:39:37.732 W/SystemConfig( 1765): ro.product.name = a11qub
03-24 08:39:37.732 W/SystemConfig( 1765): fname = o1quew
03-24 08:39:37.732 W/SystemConfig( 1765): ro.product.name = a11qub
03-24 08:39:37.732 W/SystemConfig( 1765): fname = o1qzhx
03-24 08:39:37.732 W/SystemConfig( 1765): ro.product.name = a11qub
03-24 08:39:37.732 W/SystemConfig( 1765): fname = o1qsqw
03-24 08:39:37.732 W/SystemConfig( 1765): ro.product.name = a11qub
03-24 08:39:37.732 W/SystemConfig( 1765): fname = SC-51B
03-24 08:39:37.732 W/SystemConfig( 1765): ro.product.name = a11qub
03-24 08:39:37.732 W/SystemConfig( 1765): fname = SCG09_jp_kdi
03-24 08:39:37.732 W/SystemConfig( 1765): ro.product.name = a11qub
03-24 08:39:37.732 W/SystemConfig( 1765): fname = t2sksx
03-24 08:39:37.732 W/SystemConfig( 1765): ro.product.name = a11qub
03-24 08:39:37.732 W/SystemConfig( 1765): fname = t2sxxx
03-24 08:39:37.732 W/SystemConfig( 1765): ro.product.name = a11qub
03-24 08:39:37.732 W/SystemConfig( 1765): fname = t2sxser
03-24 08:39:37.732 W/SystemConfig( 1765): ro.product.name = a11qub
03-24 08:39:37.732 W/SystemConfig( 1765): fname = t2sxeea
03-24 08:39:37.732 W/SystemConfig( 1765): ro.product.name = a11qub
03-24 08:39:37.732 W/SystemConfig( 1765): fname = t2sxtur
03-24 08:39:37.732 W/SystemConfig( 1765): ro.product.name = a11qub
03-24 08:39:37.732 W/SystemConfig( 1765): fname = t2qzhx
03-24 08:39:37.732 W/SystemConfig( 1765): ro.product.name = a11qub
03-24 08:39:37.732 W/SystemConfig( 1765): fname = t2qsqw
03-24 08:39:37.732 W/SystemConfig( 1765): ro.product.name = a11qub
03-24 08:39:37.732 W/SystemConfig( 1765): fname = t2qcsx
03-24 08:39:37.732 W/SystemConfig( 1765): ro.product.name = a11qub
03-24 08:39:37.732 W/SystemConfig( 1765): fname = t2quew
03-24 08:39:37.732 W/SystemConfig( 1765): ro.product.name = a11qub
03-24 08:39:37.732 W/SystemConfig( 1765): fname = SCG10_jp_kdi
03-24 08:39:37.732 W/SystemConfig( 1765): ro.product.name = a11qub
03-24 08:39:37.732 W/SystemConfig( 1765): fname = p3sksx
03-24 08:39:37.732 W/SystemConfig( 1765): ro.product.name = a11qub
03-24 08:39:37.732 W/SystemConfig( 1765): fname = p3sxeea
03-24 08:39:37.732 W/SystemConfig( 1765): ro.product.name = a11qub
03-24 08:39:37.732 W/SystemConfig( 1765): fname = p3sxtur
03-24 08:39:37.732 W/SystemConfig( 1765): ro.product.name = a11qub
03-24 08:39:37.732 W/SystemConfig( 1765): fname = p3sxser
03-24 08:39:37.733 W/SystemConfig( 1765): ro.product.name = a11qub
03-24 08:39:37.733 W/SystemConfig( 1765): fname = p3sxxx
03-24 08:39:37.733 W/SystemConfig( 1765): ro.product.name = a11qub
03-24 08:39:37.733 W/SystemConfig( 1765): fname = p3qcsx
03-24 08:39:37.733 W/SystemConfig( 1765): ro.product.name = a11qub
03-24 08:39:37.733 W/SystemConfig( 1765): fname = p3qsqw
03-24 08:39:37.733 W/SystemConfig( 1765): ro.product.name = a11qub
03-24 08:39:37.733 W/SystemConfig( 1765): fname = p3quew
03-24 08:39:37.733 W/SystemConfig( 1765): ro.product.name = a11qub
03-24 08:39:37.733 W/SystemConfig( 1765): fname = p3qzhx
03-24 08:39:37.733 W/SystemConfig( 1765): ro.product.name = a11qub
03-24 08:39:37.733 W/SystemConfig( 1765): fname = SC-52B
03-24 08:39:37.733 W/SystemConfig( 1765): ro.product.name = a11qub
03-24 08:39:37.733 W/SystemConfig( 1765): fname = q2qsqw
03-24 08:39:37.733 W/SystemConfig( 1765): ro.product.name = a11qub
03-24 08:39:37.733 W/SystemConfig( 1765): fname = q2qxxx
03-24 08:39:37.733 W/SystemConfig( 1765): ro.product.name = a11qub
03-24 08:39:37.733 W/SystemConfig( 1765): fname = q2qcsx
03-24 08:39:37.733 W/SystemConfig( 1765): ro.product.name = a11qub
03-24 08:39:37.733 W/SystemConfig( 1765): fname = q2qzhx
03-24 08:39:37.733 W/SystemConfig( 1765): ro.product.name = a11qub
03-24 08:39:37.733 W/SystemConfig( 1765): fname = q2qksx
03-24 08:39:37.733 W/SystemConfig( 1765): ro.product.name = a11qub
03-24 08:39:37.733 W/SystemConfig( 1765): fname = q2qxtur
03-24 08:39:37.733 W/SystemConfig( 1765): ro.product.name = a11qub
03-24 08:39:37.733 W/SystemConfig( 1765): fname = q2qxser
03-24 08:39:37.733 W/SystemConfig( 1765): ro.product.name = a11qub
03-24 08:39:37.733 W/SystemConfig( 1765): fname = q2qxeea
03-24 08:39:37.733 W/SystemConfig( 1765): ro.product.name = a11qub
03-24 08:39:37.733 W/SystemConfig( 1765): fname = q2quew
03-24 08:39:37.733 W/SystemConfig( 1765): ro.product.name = a11qub
03-24 08:39:37.733 W/SystemConfig( 1765): fname = SC-55B
03-24 08:39:37.733 W/SystemConfig( 1765): ro.product.name = a11qub
03-24 08:39:37.733 W/SystemConfig( 1765): fname = SCG11_jp_kdi
03-24 08:39:37.733 W/SystemConfig( 1765): ro.product.name = a11qub
03-24 08:39:37.733 W/SystemConfig( 1765): fname = b2quew
03-24 08:39:37.733 W/SystemConfig( 1765): ro.product.name = a11qub
03-24 08:39:37.733 W/SystemConfig( 1765): fname = b2qxxx
03-24 08:39:37.733 W/SystemConfig( 1765): ro.product.name = a11qub
03-24 08:39:37.733 W/SystemConfig( 1765): fname = b2qcsx
03-24 08:39:37.733 W/SystemConfig( 1765): ro.product.name = a11qub
03-24 08:39:37.734 W/SystemConfig( 1765): fname = b2qsqw
03-24 08:39:37.734 W/SystemConfig( 1765): ro.product.name = a11qub
03-24 08:39:37.734 W/SystemConfig( 1765): fname = b2qzhx
03-24 08:39:37.734 W/SystemConfig( 1765): ro.product.name = a11qub
03-24 08:39:37.734 W/SystemConfig( 1765): fname = b2qxser
03-24 08:39:37.734 W/SystemConfig( 1765): ro.product.name = a11qub
03-24 08:39:37.734 W/SystemConfig( 1765): fname = b2qxtur
03-24 08:39:37.734 W/SystemConfig( 1765): ro.product.name = a11qub
03-24 08:39:37.734 W/SystemConfig( 1765): fname = b2qxeea
03-24 08:39:37.734 W/SystemConfig( 1765): ro.product.name = a11qub
03-24 08:39:37.734 W/SystemConfig( 1765): fname = b2qksx
03-24 08:39:37.734 W/SystemConfig( 1765): ro.product.name = a11qub
03-24 08:39:37.734 W/SystemConfig( 1765): fname = SC-54B
03-24 08:39:37.734 W/SystemConfig( 1765): ro.product.name = a11qub
03-24 08:39:37.734 W/SystemConfig( 1765): fname = SCG12_jp_kdi
03-24 08:39:37.734 W/SystemConfig( 1765): ro.product.name = a11qub
03-24 08:39:37.734 W/SystemConfig( 1765): fname = a52qnstur
03-24 08:39:37.734 W/SystemConfig( 1765): ro.product.name = a11qub
03-24 08:39:37.734 W/SystemConfig( 1765): fname = a52qnseea
03-24 08:39:37.734 W/SystemConfig( 1765): ro.product.name = a11qub
03-24 08:39:37.734 W/SystemConfig( 1765): fname = a52qnsxx
03-24 08:39:37.734 W/SystemConfig( 1765): ro.product.name = a11qub
03-24 08:39:37.734 W/SystemConfig( 1765): fname = a52qnsser
03-24 08:39:37.734 W/SystemConfig( 1765): ro.product.name = a11qub
03-24 08:39:37.734 W/SystemConfig( 1765): fname = a52qub
03-24 08:39:37.734 W/SystemConfig( 1765): ro.product.name = a11qub
03-24 08:39:37.734 W/SystemConfig( 1765): fname = a52xque
03-24 08:39:37.734 W/SystemConfig( 1765): ro.product.name = a11qub
03-24 08:39:37.734 W/SystemConfig( 1765): fname = a52xqcs
03-24 08:39:37.734 W/SystemConfig( 1765): ro.product.name = a11qub
03-24 08:39:37.734 W/SystemConfig( 1765): fname = a52xqnaeea
03-24 08:39:37.734 W/SystemConfig( 1765): ro.product.name = a11qub
03-24 08:39:37.734 W/SystemConfig( 1765): fname = a52xqsq
03-24 08:39:37.734 W/SystemConfig( 1765): ro.product.name = a11qub
03-24 08:39:37.734 W/SystemConfig( 1765): fname = a52xqzh
03-24 08:39:37.734 W/SystemConfig( 1765): ro.product.name = a11qub
03-24 08:39:37.734 W/SystemConfig( 1765): fname = a52xqks
03-24 08:39:37.734 W/SystemConfig( 1765): ro.product.name = a11qub
03-24 08:39:37.734 W/SystemConfig( 1765): fname = a52xqnaxx
03-24 08:39:37.734 W/SystemConfig( 1765): ro.product.name = a11qub
03-24 08:39:37.734 W/SystemConfig( 1765): fname = SC-53B
03-24 08:39:37.734 W/SystemConfig( 1765): ro.product.name = a11qub
03-24 08:39:37.735 W/SystemConfig( 1765): fname = a52sxqeea
03-24 08:39:37.735 W/SystemConfig( 1765): ro.product.name = a11qub
03-24 08:39:37.735 W/SystemConfig( 1765): fname = a52sxqtur
03-24 08:39:37.735 W/SystemConfig( 1765): ro.product.name = a11qub
03-24 08:39:37.735 W/SystemConfig( 1765): fname = a52sxqser
03-24 08:39:37.735 W/SystemConfig( 1765): ro.product.name = a11qub
03-24 08:39:37.735 W/SystemConfig( 1765): fname = a52sxqzt
03-24 08:39:37.735 W/SystemConfig( 1765): ro.product.name = a11qub
03-24 08:39:37.735 W/SystemConfig( 1765): fname = a52sxqxx
03-24 08:39:37.735 W/SystemConfig( 1765): ro.product.name = a11qub
03-24 08:39:37.735 W/SystemConfig( 1765): fname = a52sxqks
03-24 08:39:37.735 W/SystemConfig( 1765): ro.product.name = a11qub
03-24 08:39:37.735 W/SystemConfig( 1765): fname = r9sxtur
03-24 08:39:37.735 W/SystemConfig( 1765): ro.product.name = a11qub
03-24 08:39:37.735 W/SystemConfig( 1765): fname = r9sxxx
03-24 08:39:37.735 W/SystemConfig( 1765): ro.product.name = a11qub
03-24 08:39:37.735 W/SystemConfig( 1765): fname = r9qksx
03-24 08:39:37.735 W/SystemConfig( 1765): ro.product.name = a11qub
03-24 08:39:37.735 W/SystemConfig( 1765): fname = r9qxeea
03-24 08:39:37.735 W/SystemConfig( 1765): ro.product.name = a11qub
03-24 08:39:37.735 W/SystemConfig( 1765): fname = r9qxtur
03-24 08:39:37.735 W/SystemConfig( 1765): ro.product.name = a11qub
03-24 08:39:37.735 W/SystemConfig( 1765): fname = r9qxser
03-24 08:39:37.735 W/SystemConfig( 1765): ro.product.name = a11qub
03-24 08:39:37.735 W/SystemConfig( 1765): fname = r9qzh
03-24 08:39:37.735 W/SystemConfig( 1765): ro.product.name = a11qub
03-24 08:39:37.735 W/SystemConfig( 1765): fname = r9quew
03-24 08:39:37.735 W/SystemConfig( 1765): ro.product.name = a11qub
03-24 08:39:37.735 W/SystemConfig( 1765): fname = r9qxxx
03-24 08:39:37.735 W/SystemConfig( 1765): ro.product.name = a11qub
03-24 08:39:37.735 W/SystemConfig( 1765): fname = r9qcsx
03-24 08:39:37.735 W/SystemConfig( 1765): ro.product.name = a11qub
03-24 08:39:37.735 W/SystemConfig( 1765): fname = r9qsqw
03-24 08:39:37.735 W/SystemConfig( 1765): ro.product.name = a11qub
03-24 08:39:37.735 W/SystemConfig( 1765): fname = r9q2xser
03-24 08:39:37.735 W/SystemConfig( 1765): ro.product.name = a11qub
03-24 08:39:37.735 W/SystemConfig( 1765): fname = r9q2xxx
03-24 08:39:37.735 W/SystemConfig( 1765): ro.product.name = a11qub
03-24 08:39:37.735 W/SystemConfig( 1765): fname = r9q2xeea
03-24 08:39:37.735 W/SystemConfig( 1765): ro.product.name = a11qub
03-24 08:39:37.735 W/SystemConfig( 1765): fname = r9q2sqw
03-24 08:39:37.735 W/SystemConfig( 1765): ro.product.name = a11qub
03-24 08:39:37.736 W/SystemConfig( 1765): fname = a32ub
03-24 08:39:37.736 W/SystemConfig( 1765): ro.product.name = a11qub
03-24 08:39:37.736 W/SystemConfig( 1765): fname = a32ks
03-24 08:39:37.736 W/SystemConfig( 1765): ro.product.name = a11qub
03-24 08:39:37.736 W/SystemConfig( 1765): fname = a32eea
03-24 08:39:37.736 W/SystemConfig( 1765): ro.product.name = a11qub
03-24 08:39:37.736 W/SystemConfig( 1765): fname = a32tur
03-24 08:39:37.736 W/SystemConfig( 1765): ro.product.name = a11qub
03-24 08:39:37.736 W/SystemConfig( 1765): fname = a32ser
03-24 08:39:37.736 W/SystemConfig( 1765): ro.product.name = a11qub
03-24 08:39:37.736 W/SystemConfig( 1765): fname = a32xx
03-24 08:39:37.736 W/SystemConfig( 1765): ro.product.name = a11qub
03-24 08:39:37.736 W/SystemConfig( 1765): fname = a32xxx
03-24 08:39:37.736 W/SystemConfig( 1765): ro.product.name = a11qub
03-24 08:39:37.736 W/SystemConfig( 1765): fname = a32xcs
03-24 08:39:37.736 W/SystemConfig( 1765): ro.product.name = a11qub
03-24 08:39:37.736 W/SystemConfig( 1765): fname = a32xeea
03-24 08:39:37.736 W/SystemConfig( 1765): ro.product.name = a11qub
03-24 08:39:37.736 W/SystemConfig( 1765): fname = a32xue
03-24 08:39:37.736 W/SystemConfig( 1765): ro.product.name = a11qub
03-24 08:39:37.736 W/SystemConfig( 1765): fname = a32xtfn
03-24 08:39:37.736 W/SystemConfig( 1765): ro.product.name = a11qub
03-24 08:39:37.736 W/SystemConfig( 1765): fname = a32xzh
03-24 08:39:37.736 W/SystemConfig( 1765): ro.product.name = a11qub
03-24 08:39:37.736 W/SystemConfig( 1765): fname = a32xsq
03-24 08:39:37.736 W/SystemConfig( 1765): ro.product.name = a11qub
03-24 08:39:37.736 W/SystemConfig( 1765): fname = SCG08_jp_kdi
03-24 08:39:37.736 W/SystemConfig( 1765): ro.product.name = a11qub
03-24 08:39:37.736 W/SystemConfig( 1765): fname = xcover5eea
03-24 08:39:37.736 W/SystemConfig( 1765): ro.product.name = a11qub
03-24 08:39:37.736 W/SystemConfig( 1765): fname = xcover5ser
03-24 08:39:37.736 W/SystemConfig( 1765): ro.product.name = a11qub
03-24 08:39:37.736 W/SystemConfig( 1765): fname = xcover5kx
03-24 08:39:37.736 W/SystemConfig( 1765): ro.product.name = a11qub
03-24 08:39:37.736 W/SystemConfig( 1765): fname = xcover5xx
03-24 08:39:37.736 W/SystemConfig( 1765): ro.product.name = a11qub
03-24 08:39:37.736 W/SystemConfig( 1765): fname = gts7fewifixx
03-24 08:39:37.736 W/SystemConfig( 1765): ro.product.name = a11qub
03-24 08:39:37.736 W/SystemConfig( 1765): fname = gts7fewifitur
03-24 08:39:37.736 W/SystemConfig( 1765): ro.product.name = a11qub
03-24 08:39:37.736 W/SystemConfig( 1765): fname = gts7fewifieea
03-24 08:39:37.736 W/SystemConfig( 1765): ro.product.name = a11qub
03-24 08:39:37.736 W/SystemConfig( 1765): fname = gts7fewifiser
03-24 08:39:37.736 I/servicemanager( 573): Adding 'u:r:system_server:s0' service
(activity_task:1765)
03-24 08:39:37.736 W/SystemConfig( 1765): ro.product.name = a11qub
03-24 08:39:37.736 W/SystemConfig( 1765): fname = gts7xllitexx
03-24 08:39:37.737 W/SystemConfig( 1765): ro.product.name = a11qub
03-24 08:39:37.737 W/SystemConfig( 1765): fname = gts7xlliteser
03-24 08:39:37.737 W/SystemConfig( 1765): ro.product.name = a11qub
03-24 08:39:37.737 W/SystemConfig( 1765): fname = gts7xllitexeea
03-24 08:39:37.737 W/SystemConfig( 1765): ro.product.name = a11qub
03-24 08:39:37.737 W/SystemConfig( 1765): fname = gts7xllitekx
03-24 08:39:37.737 W/SystemConfig( 1765): ro.product.name = a11qub
03-24 08:39:37.737 W/SystemConfig( 1765): fname = gts7xllitetur
03-24 08:39:37.737 W/SystemConfig( 1765): ro.product.name = a11qub
03-24 08:39:37.737 W/SystemConfig( 1765): fname = gts7xllitekxx
03-24 08:39:37.737 W/SystemConfig( 1765): ro.product.name = a11qub
03-24 08:39:37.737 W/SystemConfig( 1765): fname = gts7xllitesqwnc
03-24 08:39:37.737 W/SystemConfig( 1765): ro.product.name = a11qub
03-24 08:39:37.737 W/SystemConfig( 1765): fname = gts7xllitexxx
03-24 08:39:37.737 W/SystemConfig( 1765): ro.product.name = a11qub
03-24 08:39:37.737 W/SystemConfig( 1765): fname = gts7xllitesqw
03-24 08:39:37.737 W/SystemConfig( 1765): ro.product.name = a11qub
03-24 08:39:37.737 W/SystemConfig( 1765): fname = gts7xllitewifieea
03-24 08:39:37.737 W/SystemConfig( 1765): ro.product.name = a11qub
03-24 08:39:37.737 W/SystemConfig( 1765): fname = gts7xllitewifixx
03-24 08:39:37.737 W/SystemConfig( 1765): ro.product.name = a11qub
03-24 08:39:37.737 W/SystemConfig( 1765): fname = gts7xllitewifitur
03-24 08:39:37.737 W/SystemConfig( 1765): ro.product.name = a11qub
03-24 08:39:37.737 W/SystemConfig( 1765): fname = gts7xllitewifiser
03-24 08:39:37.737 W/SystemConfig( 1765): ro.product.name = a11qub
03-24 08:39:37.737 I/SystemServiceManager( 1765): Starting
com.android.server.am.ActivityManagerService$Lifecycle
03-24 08:39:37.737 W/SystemConfig( 1765): fname = b0sxser
03-24 08:39:37.737 W/SystemConfig( 1765): ro.product.name = a11qub
03-24 08:39:37.737 W/SystemConfig( 1765): fname = b0sxtur
03-24 08:39:37.737 W/SystemConfig( 1765): ro.product.name = a11qub
03-24 08:39:37.737 W/SystemConfig( 1765): fname = b0sxxx
03-24 08:39:37.737 W/SystemConfig( 1765): ro.product.name = a11qub
03-24 08:39:37.737 W/SystemConfig( 1765): fname = b0sxeea
03-24 08:39:37.737 W/SystemConfig( 1765): ro.product.name = a11qub
03-24 08:39:37.737 W/SystemConfig( 1765): fname = b0sksx
03-24 08:39:37.737 W/SystemConfig( 1765): ro.product.name = a11qub
03-24 08:39:37.737 W/SystemConfig( 1765): fname = b0qksx
03-24 08:39:37.737 W/SystemConfig( 1765): ro.product.name = a11qub
03-24 08:39:37.738 W/SystemConfig( 1765): fname = b0quew
03-24 08:39:37.738 W/SystemConfig( 1765): ro.product.name = a11qub
03-24 08:39:37.738 W/SystemConfig( 1765): fname = b0qcsx
03-24 08:39:37.738 W/SystemConfig( 1765): ro.product.name = a11qub
03-24 08:39:37.738 W/SystemConfig( 1765): fname = b0qxxx
03-24 08:39:37.738 W/SystemConfig( 1765): ro.product.name = a11qub
03-24 08:39:37.738 W/SystemConfig( 1765): fname = b0qsqw
03-24 08:39:37.738 W/SystemConfig( 1765): ro.product.name = a11qub
03-24 08:39:37.738 W/SystemConfig( 1765): fname = b0qzhx
03-24 08:39:37.738 W/SystemConfig( 1765): ro.product.name = a11qub
03-24 08:39:37.738 W/SystemConfig( 1765): fname = b0qxtur
03-24 08:39:37.738 W/SystemConfig( 1765): ro.product.name = a11qub
03-24 08:39:37.738 W/SystemConfig( 1765): fname = SC-52C
03-24 08:39:37.738 W/SystemConfig( 1765): ro.product.name = a11qub
03-24 08:39:37.738 W/SystemConfig( 1765): fname = SCG14_jp_kdi
03-24 08:39:37.738 W/SystemConfig( 1765): ro.product.name = a11qub
03-24 08:39:37.738 W/SystemConfig( 1765): fname = r0sxxx
03-24 08:39:37.738 W/SystemConfig( 1765): ro.product.name = a11qub
03-24 08:39:37.738 W/SystemConfig( 1765): fname = r0sxeea
03-24 08:39:37.738 W/SystemConfig( 1765): ro.product.name = a11qub
03-24 08:39:37.738 W/SystemConfig( 1765): fname = r0sxtur
03-24 08:39:37.738 W/SystemConfig( 1765): ro.product.name = a11qub
03-24 08:39:37.738 W/SystemConfig( 1765): fname = r0sxser
03-24 08:39:37.738 W/SystemConfig( 1765): ro.product.name = a11qub
03-24 08:39:37.738 W/SystemConfig( 1765): fname = r0sksx
03-24 08:39:37.738 W/SystemConfig( 1765): ro.product.name = a11qub
03-24 08:39:37.738 W/SystemConfig( 1765): fname = r0qksx
03-24 08:39:37.738 W/SystemConfig( 1765): ro.product.name = a11qub
03-24 08:39:37.738 W/SystemConfig( 1765): fname = r0qxtur
03-24 08:39:37.738 W/SystemConfig( 1765): ro.product.name = a11qub
03-24 08:39:37.738 W/SystemConfig( 1765): fname = r0qcsx
03-24 08:39:37.738 W/SystemConfig( 1765): ro.product.name = a11qub
03-24 08:39:37.738 W/SystemConfig( 1765): fname = r0qzhx
03-24 08:39:37.738 W/SystemConfig( 1765): ro.product.name = a11qub
03-24 08:39:37.738 W/SystemConfig( 1765): fname = r0quew
03-24 08:39:37.738 W/SystemConfig( 1765): ro.product.name = a11qub
03-24 08:39:37.738 W/SystemConfig( 1765): fname = r0qsqw
03-24 08:39:37.738 W/SystemConfig( 1765): ro.product.name = a11qub
03-24 08:39:37.738 W/SystemConfig( 1765): fname = r0qxxx
03-24 08:39:37.738 W/SystemConfig( 1765): ro.product.name = a11qub
03-24 08:39:37.738 W/SystemConfig( 1765): fname = SC-51C
03-24 08:39:37.738 W/SystemConfig( 1765): ro.product.name = a11qub
03-24 08:39:37.738 W/SystemConfig( 1765): fname = SCG13_jp_kdi
03-24 08:39:37.738 W/SystemConfig( 1765): ro.product.name = a11qub
03-24 08:39:37.738 W/SystemConfig( 1765): fname = g0sxxx
03-24 08:39:37.738 W/SystemConfig( 1765): ro.product.name = a11qub
03-24 08:39:37.738 W/SystemConfig( 1765): fname = g0sxtur
03-24 08:39:37.739 W/SystemConfig( 1765): ro.product.name = a11qub
03-24 08:39:37.739 W/SystemConfig( 1765): fname = g0sxeea
03-24 08:39:37.739 W/SystemConfig( 1765): ro.product.name = a11qub
03-24 08:39:37.739 W/SystemConfig( 1765): fname = g0sxser
03-24 08:39:37.739 W/SystemConfig( 1765): ro.product.name = a11qub
03-24 08:39:37.739 W/SystemConfig( 1765): fname = g0sksx
03-24 08:39:37.739 W/SystemConfig( 1765): ro.product.name = a11qub
03-24 08:39:37.739 W/SystemConfig( 1765): fname = g0qksx
03-24 08:39:37.739 W/SystemConfig( 1765): ro.product.name = a11qub
03-24 08:39:37.739 W/SystemConfig( 1765): fname = g0quew
03-24 08:39:37.739 W/SystemConfig( 1765): ro.product.name = a11qub
03-24 08:39:37.739 W/SystemConfig( 1765): fname = g0qxtur
03-24 08:39:37.739 W/SystemConfig( 1765): ro.product.name = a11qub
03-24 08:39:37.739 W/SystemConfig( 1765): fname = g0qcsx
03-24 08:39:37.739 W/SystemConfig( 1765): ro.product.name = a11qub
03-24 08:39:37.739 W/SystemConfig( 1765): fname = g0qxxx
03-24 08:39:37.739 W/SystemConfig( 1765): ro.product.name = a11qub
03-24 08:39:37.739 W/SystemConfig( 1765): fname = g0qsqw
03-24 08:39:37.739 W/SystemConfig( 1765): ro.product.name = a11qub
03-24 08:39:37.739 W/SystemConfig( 1765): fname = g0qzhx
03-24 08:39:37.739 W/SystemConfig( 1765): ro.product.name = a11qub
03-24 08:39:37.739 W/SystemConfig( 1765): fname = gts8kxx
03-24 08:39:37.739 W/SystemConfig( 1765): ro.product.name = a11qub
03-24 08:39:37.739 W/SystemConfig( 1765): fname = gts8keea
03-24 08:39:37.739 W/SystemConfig( 1765): ro.product.name = a11qub
03-24 08:39:37.739 W/SystemConfig( 1765): fname = gts8xser
03-24 08:39:37.739 W/SystemConfig( 1765): ro.product.name = a11qub
03-24 08:39:37.739 W/SystemConfig( 1765): fname = gts8xeea
03-24 08:39:37.739 W/SystemConfig( 1765): ro.product.name = a11qub
03-24 08:39:37.739 W/SystemConfig( 1765): fname = gts8xxx
03-24 08:39:37.739 W/SystemConfig( 1765): ro.product.name = a11qub
03-24 08:39:37.739 W/SystemConfig( 1765): fname = gts8sq
03-24 08:39:37.739 W/SystemConfig( 1765): ro.product.name = a11qub
03-24 08:39:37.739 W/SystemConfig( 1765): fname = gts8wifiser
03-24 08:39:37.739 W/SystemConfig( 1765): ro.product.name = a11qub
03-24 08:39:37.739 W/SystemConfig( 1765): fname = gts8wifitur
03-24 08:39:37.739 W/SystemConfig( 1765): ro.product.name = a11qub
03-24 08:39:37.739 W/SystemConfig( 1765): fname = gts8wifixx
03-24 08:39:37.739 W/SystemConfig( 1765): ro.product.name = a11qub
03-24 08:39:37.739 W/SystemConfig( 1765): fname = gts8wifieea
03-24 08:39:37.739 W/SystemConfig( 1765): ro.product.name = a11qub
03-24 08:39:37.739 W/SystemConfig( 1765): fname = gts8pkxx
03-24 08:39:37.739 W/SystemConfig( 1765): ro.product.name = a11qub
03-24 08:39:37.739 W/SystemConfig( 1765): fname = gts8psqw
03-24 08:39:37.739 W/SystemConfig( 1765): ro.product.name = a11qub
03-24 08:39:37.739 W/SystemConfig( 1765): fname = gts8psqw
03-24 08:39:37.739 W/SystemConfig( 1765): ro.product.name = a11qub
03-24 08:39:37.739 W/SystemConfig( 1765): fname = gts8pxser
03-24 08:39:37.739 W/SystemConfig( 1765): ro.product.name = a11qub
03-24 08:39:37.740 W/SystemConfig( 1765): fname = gts8peea
03-24 08:39:37.740 W/SystemConfig( 1765): ro.product.name = a11qub
03-24 08:39:37.740 W/SystemConfig( 1765): fname = gts8pxx
03-24 08:39:37.740 W/SystemConfig( 1765): ro.product.name = a11qub
03-24 08:39:37.740 W/SystemConfig( 1765): fname = gts8pxeea
03-24 08:39:37.740 W/SystemConfig( 1765): ro.product.name = a11qub
03-24 08:39:37.740 W/SystemConfig( 1765): fname = gts8pxxx
03-24 08:39:37.740 W/SystemConfig( 1765): ro.product.name = a11qub
03-24 08:39:37.740 W/SystemConfig( 1765): fname = gts8psqwnc
03-24 08:39:37.740 W/SystemConfig( 1765): ro.product.name = a11qub
03-24 08:39:37.740 W/SystemConfig( 1765): fname = gts8pwifitur
03-24 08:39:37.740 W/SystemConfig( 1765): ro.product.name = a11qub
03-24 08:39:37.740 W/SystemConfig( 1765): fname = gts8pwifiser
03-24 08:39:37.740 W/SystemConfig( 1765): ro.product.name = a11qub
03-24 08:39:37.740 W/SystemConfig( 1765): fname = gts8pwifixx
03-24 08:39:37.740 W/SystemConfig( 1765): ro.product.name = a11qub
03-24 08:39:37.740 W/SystemConfig( 1765): fname = gts8pwifieea
03-24 08:39:37.740 W/SystemConfig( 1765): ro.product.name = a11qub
03-24 08:39:37.740 W/SystemConfig( 1765): fname = gts8ukxx
03-24 08:39:37.740 W/SystemConfig( 1765): ro.product.name = a11qub
03-24 08:39:37.740 W/SystemConfig( 1765): fname = gts8uxser
03-24 08:39:37.740 W/SystemConfig( 1765): ro.product.name = a11qub
03-24 08:39:37.740 W/SystemConfig( 1765): fname = gts8uxeea
03-24 08:39:37.740 W/SystemConfig( 1765): ro.product.name = a11qub
03-24 08:39:37.740 W/SystemConfig( 1765): fname = gts8uxxx
03-24 08:39:37.740 W/SystemConfig( 1765): ro.product.name = a11qub
03-24 08:39:37.740 W/SystemConfig( 1765): fname = gts8uwifiser
03-24 08:39:37.740 W/SystemConfig( 1765): ro.product.name = a11qub
03-24 08:39:37.740 W/SystemConfig( 1765): fname = gts8uwifitur
03-24 08:39:37.740 W/SystemConfig( 1765): ro.product.name = a11qub
03-24 08:39:37.740 D/cdfingerTA( 1361): CFP_NZ: FP_REQUEST_SETMODE, ChipID = 0X88
03-24 08:39:37.740 D/cdfingerTA( 1361): cdfinger_config_interrupt 0xd6, mode = [1]
03-24 08:39:37.740 D/cdfingerTA( 1361): CFP_NZ: FP_REQUEST_SETMODE [1] ret[0]
03-24 08:39:37.740 W/SystemConfig( 1765): fname = gts8uwifieea
03-24 08:39:37.740 D/cdfinger( 1361): timeout_gap:3, check_gap:2
03-24 08:39:37.740 W/SystemConfig( 1765): ro.product.name = a11qub
03-24 08:39:37.740 D/cdfinger( 1361): sem_wait : (0)
03-24 08:39:37.740 W/SystemConfig( 1765): fname = gts8uwifixx
03-24 08:39:37.740 W/SystemConfig( 1765): ro.product.name = a11qub
03-24 08:39:37.740 W/SystemConfig( 1765): fname = a33xnndxx
03-24 08:39:37.740 W/SystemConfig( 1765): ro.product.name = a11qub
03-24 08:39:37.740 W/SystemConfig( 1765): fname = a33xnsdtur
03-24 08:39:37.740 W/SystemConfig( 1765): ro.product.name = a11qub
03-24 08:39:37.740 W/SystemConfig( 1765): fname = a33xnsdxx
03-24 08:39:37.740 W/SystemConfig( 1765): ro.product.name = a11qub
03-24 08:39:37.740 W/SystemConfig( 1765): fname = a33xnndx
03-24 08:39:37.741 W/SystemConfig( 1765): ro.product.name = a11qub
03-24 08:39:37.741 W/SystemConfig( 1765): fname = a33xnsdx
03-24 08:39:37.741 W/SystemConfig( 1765): ro.product.name = a11qub
03-24 08:39:37.741 W/SystemConfig( 1765): fname = a33xub
03-24 08:39:37.741 W/SystemConfig( 1765): ro.product.name = a11qub
03-24 08:39:37.741 W/SystemConfig( 1765): fname = a33xks
03-24 08:39:37.741 W/SystemConfig( 1765): ro.product.name = a11qub
03-24 08:39:37.741 W/SystemConfig( 1765): fname = a33xzh
03-24 08:39:37.741 W/SystemConfig( 1765): ro.product.name = a11qub
03-24 08:39:37.741 W/SystemConfig( 1765): fname = a33xnsser
03-24 08:39:37.741 W/SystemConfig( 1765): ro.product.name = a11qub
03-24 08:39:37.741 W/SystemConfig( 1765): fname = a33xnsxx
03-24 08:39:37.741 W/SystemConfig( 1765): ro.product.name = a11qub
03-24 08:39:37.741 W/SystemConfig( 1765): fname = a33xnseea
03-24 08:39:37.741 W/SystemConfig( 1765): ro.product.name = a11qub
03-24 08:39:37.741 W/SystemConfig( 1765): fname = a53xtfn
03-24 08:39:37.741 W/SystemConfig( 1765): ro.product.name = a11qub
03-24 08:39:37.741 W/SystemConfig( 1765): fname = a53xzh
03-24 08:39:37.741 W/SystemConfig( 1765): ro.product.name = a11qub
03-24 08:39:37.741 W/SystemConfig( 1765): fname = a53xcsx
03-24 08:39:37.741 W/SystemConfig( 1765): ro.product.name = a11qub
03-24 08:39:37.741 W/SystemConfig( 1765): fname = a53xnaxx
03-24 08:39:37.741 W/SystemConfig( 1765): ro.product.name = a11qub
03-24 08:39:37.741 W/SystemConfig( 1765): fname = a53xksx
03-24 08:39:37.741 W/SystemConfig( 1765): ro.product.name = a11qub
03-24 08:39:37.741 W/SystemConfig( 1765): fname = a53xnsser
03-24 08:39:37.741 W/SystemConfig( 1765): ro.product.name = a11qub
03-24 08:39:37.741 W/SystemConfig( 1765): fname = a53xnstur
03-24 08:39:37.741 W/SystemConfig( 1765): ro.product.name = a11qub
03-24 08:39:37.741 W/SystemConfig( 1765): fname = a53xnsxx
03-24 08:39:37.741 W/SystemConfig( 1765): ro.product.name = a11qub
03-24 08:39:37.741 W/SystemConfig( 1765): fname = a53xsqx
03-24 08:39:37.741 W/SystemConfig( 1765): ro.product.name = a11qub
03-24 08:39:37.741 W/SystemConfig( 1765): fname = a53xsqw
03-24 08:39:37.741 W/SystemConfig( 1765): ro.product.name = a11qub
03-24 08:39:37.741 W/SystemConfig( 1765): fname = a53xnaeea
03-24 08:39:37.741 W/SystemConfig( 1765): ro.product.name = a11qub
03-24 08:39:37.741 W/SystemConfig( 1765): fname = a53xue
03-24 08:39:37.741 W/SystemConfig( 1765): ro.product.name = a11qub
03-24 08:39:37.741 W/SystemConfig( 1765): fname = SC-53C
03-24 08:39:37.741 W/SystemConfig( 1765): ro.product.name = a11qub
03-24 08:39:37.741 W/SystemConfig( 1765): fname = SCG15_jp_kdi
03-24 08:39:37.741 W/SystemConfig( 1765): ro.product.name = a11qub
03-24 08:39:37.741 W/SystemConfig( 1765): fname = xcoverpro2tur
03-24 08:39:37.741 W/SystemConfig( 1765): ro.product.name = a11qub
03-24 08:39:37.741 W/SystemConfig( 1765): fname = xcoverpro2eea
03-24 08:39:37.742 W/SystemConfig( 1765): ro.product.name = a11qub
03-24 08:39:37.742 W/SystemConfig( 1765): fname = xcoverpro2xx
03-24 08:39:37.742 W/SystemConfig( 1765): ro.product.name = a11qub
03-24 08:39:37.742 W/SystemConfig( 1765): fname = xcoverpro2sq
03-24 08:39:37.742 W/SystemConfig( 1765): ro.product.name = a11qub
03-24 08:39:37.742 W/SystemConfig( 1765): fname = q4qzhx
03-24 08:39:37.742 W/SystemConfig( 1765): ro.product.name = a11qub
03-24 08:39:37.742 W/SystemConfig( 1765): fname = q4qsqw
03-24 08:39:37.742 W/SystemConfig( 1765): ro.product.name = a11qub
03-24 08:39:37.742 W/SystemConfig( 1765): fname = b4qsqw
03-24 08:39:37.742 W/SystemConfig( 1765): ro.product.name = a11qub
03-24 08:39:37.743 I/SystemConfig( 1765): Reading permissions from
