04-12 15:08:58.385 20460 20485 I Pine : handleBridge: artMethod=0x7139c800 originExtras=0x78f2a97ac0 extras=0x78fce2f2e0 sp=0x78eb4d4070
04-12 15:08:58.386 20460 20485 D Pine : handleCall for method public final java.lang.String android.os.Parcel.readString()
04-12 15:08:58.388 20460 20485 I Pine : handleBridge: artMethod=0x7139c800 originExtras=0x78f2a97ac0 extras=0x78fce2f2e0 sp=0x78eb4d4070
04-12 15:08:58.388 20460 20485 D Pine : handleCall for method public final java.lang.String android.os.Parcel.readString()
04-12 15:08:58.390 20460 20485 I Pine : handleBridge: artMethod=0x7139c800 originExtras=0x78f2a97ac0 extras=0x78fce2f2e0 sp=0x78eb4d4070
04-12 15:08:58.391 20460 20485 D Pine : handleCall for method public final java.lang.String android.os.Parcel.readString()
04-12 15:08:58.394 20460 20485 I Pine : handleBridge: artMethod=0x7139c800 originExtras=0x78f2a97ac0 extras=0x78fce2f2e0 sp=0x78eb4d4070
04-12 15:08:58.394 20460 20485 D Pine : handleCall for method public final java.lang.String android.os.Parcel.readString()
04-12 15:08:58.399 20460 20485 I Pine : handleBridge: artMethod=0x7139c800 originExtras=0x78f2a97ac0 extras=0x78fce2f2e0 sp=0x78eb4d4070
04-12 15:08:58.399 20460 20485 D Pine : handleCall for method public final java.lang.String android.os.Parcel.readString()
04-12 15:08:58.401 20460 20485 I Pine : handleBridge: artMethod=0x7139c800 originExtras=0x78f2a97ac0 extras=0x78fce2f2e0 sp=0x78eb4d4070
04-12 15:08:58.401 20460 20485 D Pine : handleCall for method public final java.lang.String android.os.Parcel.readString()
04-12 15:08:58.402 20460 20485 I Pine : handleBridge: artMethod=0x7139c800 originExtras=0x78f2a97ac0 extras=0x78fce2f2e0 sp=0x78eb4d4070
04-12 15:08:58.402 20460 20485 D Pine : handleCall for method public final java.lang.String android.os.Parcel.readString()
04-12 15:08:58.403 20460 20485 I Pine : handleBridge: artMethod=0x7139c800 originExtras=0x78f2a97ac0 extras=0x78fce2f2e0 sp=0x78eb4d4070
04-12 15:08:58.404 20460 20485 D Pine : handleCall for method public final java.lang.String android.os.Parcel.readString()
04-12 15:08:58.405 20460 20485 I Pine : handleBridge: artMethod=0x7139c800 originExtras=0x78f2a97ac0 extras=0x78fce2f2e0 sp=0x78eb4d4070
04-12 15:08:58.405 20460 20485 D Pine : handleCall for method public final java.lang.String android.os.Parcel.readString()
04-12 15:08:58.407 20460 20485 I Pine : handleBridge: artMethod=0x7139c800 originExtras=0x78f2a97ac0 extras=0x78fce2f2e0 sp=0x78eb4d4070
04-12 15:08:58.407 20460 20485 D Pine : handleCall for method public final java.lang.String android.os.Parcel.readString()
04-12 15:08:58.409 20460 20485 I Pine : handleBridge: artMethod=0x7139c800 originExtras=0x78f2a97ac0 extras=0x78fce2f2e0 sp=0x78eb4d4070
04-12 15:08:58.409 20460 20485 D Pine : handleCall for method public final java.lang.String android.os.Parcel.readString()
04-12 15:08:58.414 20460 20485 I Pine : handleBridge: artMethod=0x7139c800 originExtras=0x78f2a97ac0 extras=0x78fce2f2e0 sp=0x78eb4d4070
04-12 15:08:58.414 20460 20485 D Pine : handleCall for method public final java.lang.String android.os.Parcel.readString()
04-12 15:08:58.416 20460 20499 I Pine : handleBridge: artMethod=0x713b58b8 originExtras=0x78f2a97a60 extras=0x78f2a96b60 sp=0x78e6e53de0
04-12 15:08:58.417 20460 20499 D Pine : handleCall for method private boolean android.os.Binder.execTransact(int,long,long,int)
04-12 15:08:58.418 20460 20554 I Pine : handleBridge: artMethod=0x700bcde8 originExtras=0x78f2ae48a0 extras=0x78f2a96fe0 sp=0x7887e45250
04-12 15:08:58.418 20460 20554 D Pine : handleCall for method public java.net.Socket()
04-12 15:08:58.422 20460 20499 I Pine : handleBridge: artMethod=0x7139c800 originExtras=0x78f2a97ac0 extras=0x78f2a96b60 sp=0x78e6e51370
04-12 15:08:58.422 20460 20499 D Pine : handleCall for method public final java.lang.String android.os.Parcel.readString()
04-12 15:08:58.423 20460 20499 I Pine : handleBridge: artMethod=0x7139c800 originExtras=0x78f2a97ac0 extras=0x78f2a96b60 sp=0x78e6e511c0
04-12 15:08:58.423 20460 20499 D Pine : handleCall for method public final java.lang.String android.os.Parcel.readString()
04-12 15:08:58.424 20460 20499 I Pine : handleBridge: artMethod=0x7139c800 originExtras=0x78f2a97ac0 extras=0x78f2a96b60 sp=0x78e6e511c0
04-12 15:08:58.425 20460 20499 D Pine : handleCall for method public final java.lang.String android.os.Parcel.readString()
04-12 15:08:58.425 20460 20460 I Pine : handleBridge: artMethod=0x7139c800 originExtras=0x78f2a97ac0 extras=0x78f2bb20e0 sp=0x7fe5e92220
04-12 15:08:58.426 20460 20499 I Pine : handleBridge: artMethod=0x7139c800 originExtras=0x78f2a97ac0 extras=0x78f2a96b60 sp=0x78e6e511c0
04-12 15:08:58.426 20460 20460 D Pine : handleCall for method public final java.lang.String android.os.Parcel.readString()
04-12 15:08:58.428 20460 20460 I Pine : handleBridge: artMethod=0x7139c800 originExtras=0x78f2a97ac0 extras=0x78f2bb20e0 sp=0x7fe5e92070
04-12 15:08:58.428 20460 20460 D Pine : handleCall for method public final java.lang.String android.os.Parcel.readString()
04-12 15:08:58.433 20460 20499 D Pine : handleCall for method public final java.lang.String android.os.Parcel.readString()
04-12 15:08:58.436 20460 20499 I Pine : handleBridge: artMethod=0x7139c800 originExtras=0x78f2a97ac0 extras=0x78f2a96b60 sp=0x78e6e511c0
04-12 15:08:58.436 20460 20499 D Pine : handleCall for method public final java.lang.String android.os.Parcel.readString()
04-12 15:08:58.438 20460 20499 I Pine : handleBridge: artMethod=0x7139c800 originExtras=0x78f2a97ac0 extras=0x78f2a96b60 sp=0x78e6e511c0
04-12 15:08:58.438 20460 20499 D Pine : handleCall for method public final java.lang.String android.os.Parcel.readString()
04-12 15:08:58.440 20460 20499 I Pine : handleBridge: artMethod=0x7139c800 originExtras=0x78f2a97ac0 extras=0x78f2a96b60 sp=0x78e6e511c0
04-12 15:08:58.440 20460 20499 D Pine : handleCall for method public final java.lang.String android.os.Parcel.readString()
04-12 15:08:58.441 20460 20499 I Pine : handleBridge: artMethod=0x7139c800 originExtras=0x78f2a97ac0 extras=0x78f2a96b60 sp=0x78e6e511c0
04-12 15:08:58.441 20460 20499 D Pine : handleCall for method public final java.lang.String android.os.Parcel.readString()
04-12 15:08:58.442 20460 20499 I Pine : handleBridge: artMethod=0x7139c800 originExtras=0x78f2a97ac0 extras=0x78f2a96b60 sp=0x78e6e511c0
04-12 15:08:58.443 20460 20499 D Pine : handleCall for method public final java.lang.String android.os.Parcel.readString()
04-12 15:08:58.446 20460 20499 I Pine : handleBridge: artMethod=0x7139c800 originExtras=0x78f2a97ac0 extras=0x78f2a96b60 sp=0x78e6e511c0
04-12 15:08:58.446 20460 20499 D Pine : handleCall for method public final java.lang.String android.os.Parcel.readString()
04-12 15:08:58.448 20460 20499 I Pine : handleBridge: artMethod=0x7139c800 originExtras=0x78f2a97ac0 extras=0x78f2a96b60 sp=0x78e6e511c0
04-12 15:08:58.448 20460 20499 D Pine : handleCall for method public final java.lang.String android.os.Parcel.readString()
04-12 15:08:58.450 20460 20499 I Pine : handleBridge: artMethod=0x7139c800 originExtras=0x78f2a97ac0 extras=0x78f2a96b60 sp=0x78e6e511c0
04-12 15:08:58.450 20460 20499 D Pine : handleCall for method public final java.lang.String android.os.Parcel.readString()
04-12 15:08:58.451 20460 20499 I Pine : handleBridge: artMethod=0x7139c800 originExtras=0x78f2a97ac0 extras=0x78f2a96b60 sp=0x78e6e511c0
04-12 15:08:58.451 20460 20499 D Pine : handleCall for method public final java.lang.String android.os.Parcel.readString()
04-12 15:08:58.452 20460 20499 I Pine : handleBridge: artMethod=0x7139c800 originExtras=0x78f2a97ac0 extras=0x78f2a96b60 sp=0x78e6e511c0
04-12 15:08:58.452 20460 20499 D Pine : handleCall for method public final java.lang.String android.os.Parcel.readString()
04-12 15:08:58.453 20460 20499 I Pine : handleBridge: artMethod=0x7139c800 originExtras=0x78f2a97ac0 extras=0x78f2a96b60 sp=0x78e6e511c0
04-12 15:08:58.454 20460 20499 D Pine : handleCall for method public final java.lang.String android.os.Parcel.readString()
04-12 15:08:58.455 20460 20499 I Pine : handleBridge: artMethod=0x7139c800 originExtras=0x78f2a97ac0 extras=0x78f2a96b60 sp=0x78e6e511c0
04-12 15:08:58.455 20460 20499 D Pine : handleCall for method public final java.lang.String android.os.Parcel.readString()
04-12 15:08:58.456 20460 20499 I Pine : handleBridge: artMethod=0x7139c800 originExtras=0x78f2a97ac0 extras=0x78f2a96b60 sp=0x78e6e511c0
04-12 15:08:58.456 20460 20499 D Pine : handleCall for method public final java.lang.String android.os.Parcel.readString()
04-12 15:08:58.458 20460 20499 I Pine : handleBridge: artMethod=0x713b58b8 originExtras=0x78f2a97a60 extras=0x78f2a96b60 sp=0x78e6e53de0
04-12 15:08:58.458 20460 20499 D Pine : handleCall for method private boolean android.os.Binder.execTransact(int,long,long,int)
04-12 15:08:58.460 20460 20499 I Pine : handleBridge: artMethod=0x7139c800 originExtras=0x78f2a97ac0 extras=0x78f2a96b60 sp=0x78e6e511f0
04-12 15:08:58.460 20460 20499 D Pine : handleCall for method public final java.lang.String android.os.Parcel.readString()
04-12 15:08:58.461 20460 20499 I Pine : handleBridge: artMethod=0x7139c800 originExtras=0x78f2a97ac0 extras=0x78f2a96b60 sp=0x78e6e50860
04-12 15:08:58.462 20460 20499 D Pine : handleCall for method public final java.lang.String android.os.Parcel.readString()
04-12 15:08:58.463 20460 20499 I Pine : handleBridge: artMethod=0x7139c800 originExtras=0x78f2a97ac0 extras=0x78f2a96b60 sp=0x78e6e506b0
04-12 15:08:58.464 20460 20499 D Pine : handleCall for method public final java.lang.String android.os.Parcel.readString()
04-12 15:08:58.465 20460 20499 I Pine : handleBridge: artMethod=0x7139c800 originExtras=0x78f2a97ac0 extras=0x78f2a96b60 sp=0x78e6e4fd30
04-12 15:08:58.465 20460 20499 D Pine : handleCall for method public final java.lang.String android.os.Parcel.readString()
04-12 15:08:58.467 20460 20499 I Pine : handleBridge: artMethod=0x7139c800 originExtras=0x78f2a97ac0 extras=0x78f2a96b60 sp=0x78e6e4fd30
04-12 15:08:58.467 20460 20499 D Pine : handleCall for method public final java.lang.String android.os.Parcel.readString()
04-12 15:08:58.468 20460 20499 I Pine : handleBridge: artMethod=0x7139c800 originExtras=0x78f2a97ac0 extras=0x78f2a96b60 sp=0x78e6e50a40
04-12 15:08:58.468 20460 20499 D Pine : handleCall for method public final java.lang.String android.os.Parcel.readString()
04-12 15:08:58.469 20460 20499 I Pine : handleBridge: artMethod=0x7139c800 originExtras=0x78f2a97ac0 extras=0x78f2a96b60 sp=0x78e6e511f0
04-12 15:08:58.470 20460 20499 D Pine : handleCall for method public final java.lang.String android.os.Parcel.readString()
04-12 15:08:58.471 20460 20499 I Pine : handleBridge: artMethod=0x7139c800 originExtras=0x78f2a97ac0 extras=0x78f2a96b60 sp=0x78e6e50980
04-12 15:08:58.472 20460 20499 D Pine : handleCall for method public final java.lang.String android.os.Parcel.readString()
04-12 15:08:58.475 20460 20499 I Pine : handleBridge: artMethod=0x7139c800 originExtras=0x78f2a97ac0 extras=0x78f2a96b60 sp=0x78e6e507d0
04-12 15:08:58.475 20460 20499 D Pine : handleCall for method public final java.lang.String android.os.Parcel.readString()
04-12 15:08:58.478 20460 20499 I Pine : handleBridge: artMethod=0x7139c800 originExtras=0x78f2a97ac0 extras=0x78f2a96b60 sp=0x78e6e4fe50
04-12 15:08:58.478 20460 20499 D Pine : handleCall for method public final java.lang.String android.os.Parcel.readString()
04-12 15:08:58.479 20460 20499 I Pine : handleBridge: artMethod=0x7139c800 originExtras=0x78f2a97ac0 extras=0x78f2a96b60 sp=0x78e6e4fe50
04-12 15:08:58.480 20460 20499 D Pine : handleCall for method public final java.lang.String android.os.Parcel.readString()
04-12 15:08:58.481 20460 20499 I Pine : handleBridge: artMethod=0x7139c800 originExtras=0x78f2a97ac0 extras=0x78f2a96b60 sp=0x78e6e50a40
04-12 15:08:58.481 20460 20499 D Pine : handleCall for method public final java.lang.String android.os.Parcel.readString()
04-12 15:08:58.482 20460 20499 I Pine : handleBridge: artMethod=0x7139c800 originExtras=0x78f2a97ac0 extras=0x78f2a96b60 sp=0x78e6e51310
04-12 15:08:58.483 20460 20499 D Pine : handleCall for method public final java.lang.String android.os.Parcel.readString()
04-12 15:08:58.485 20460 20499 I Pine : handleBridge: artMethod=0x7139c800 originExtras=0x78f2a97ac0 extras=0x78f2a96b60 sp=0x78e6e50980
04-12 15:08:58.485 20460 20499 D Pine : handleCall for method public final java.lang.String android.os.Parcel.readString()
04-12 15:08:58.487 20460 20499 I Pine : handleBridge: artMethod=0x7139c800 originExtras=0x78f2a97ac0 extras=0x78f2a96b60 sp=0x78e6e507d0
04-12 15:08:58.487 20460 20499 D Pine : handleCall for method public final java.lang.String android.os.Parcel.readString()
04-12 15:08:58.489 20460 20499 I Pine : handleBridge: artMethod=0x7139c800 originExtras=0x78f2a97ac0 extras=0x78f2a96b60 sp=0x78e6e4fe50
04-12 15:08:58.489 20460 20499 D Pine : handleCall for method public final java.lang.String android.os.Parcel.readString()
04-12 15:08:58.490 20460 20499 I Pine : handleBridge: artMethod=0x7139c800 originExtras=0x78f2a97ac0 extras=0x78f2a96b60 sp=0x78e6e4fe50
04-12 15:08:58.490 20460 20499 D Pine : handleCall for method public final java.lang.String android.os.Parcel.readString()
04-12 15:08:58.492 20460 20499 I Pine : handleBridge: artMethod=0x7139c800 originExtras=0x78f2a97ac0 extras=0x78f2a96b60 sp=0x78e6e50a40
04-12 15:08:58.492 20460 20499 D Pine : handleCall for method public final java.lang.String android.os.Parcel.readString()
04-12 15:08:58.493 20460 20499 I Pine : handleBridge: artMethod=0x7139c800 originExtras=0x78f2a97ac0 extras=0x78f2a96b60 sp=0x78e6e51180
04-12 15:08:58.493 20460 20499 D Pine : handleCall for method public final java.lang.String android.os.Parcel.readString()
04-12 15:08:58.495 20460 20499 I Pine : handleBridge: artMethod=0x713b58b8 originExtras=0x78f2a97a60 extras=0x78f2a96b60 sp=0x78e6e53de0
04-12 15:08:58.495 20460 20499 D Pine : handleCall for method private boolean android.os.Binder.execTransact(int,long,long,int)
04-12 15:08:58.496 20460 20574 I Pine : handleBridge: artMethod=0x700bc560 originExtras=0x78f2ae4de0 extras=0x78eb0b1cc0 sp=0x78509f5aa0
04-12 15:08:58.496 20460 20582 I Pine : handleBridge: artMethod=0x700bc560 originExtras=0x78f2ae4de0 extras=0x78eb0b1000 sp=0x7887731760
04-12 15:08:58.496 20460 20574 D Pine : handleCall for method public java.net.InetSocketAddress(java.net.InetAddress,int)
04-12 15:08:58.497 20460 20582 D Pine : handleCall for method public java.net.InetSocketAddress(java.net.InetAddress,int)
04-12 15:08:58.497 20460 20499 I Pine : handleBridge: artMethod=0x7139c800 originExtras=0x78f2a97ac0 extras=0x78f2a96b60 sp=0x78e6e51490
04-12 15:08:58.497 20460 20499 D Pine : handleCall for method public final java.lang.String android.os.Parcel.readString()
04-12 15:08:58.500 20460 20499 I Pine : handleBridge: artMethod=0x7139c800 originExtras=0x78f2a97ac0 extras=0x78f2a96b60 sp=0x78e6e512e0
04-12 15:08:58.502 20460 20586 I Pine : handleBridge: artMethod=0x700bc560 originExtras=0x78f2ae4de0 extras=0x78fce2dea0 sp=0x788731d760
04-12 15:08:58.503 20460 20586 D Pine : handleCall for method public java.net.InetSocketAddress(java.net.InetAddress,int)
04-12 15:08:58.503 20460 20499 D Pine : handleCall for method public final java.lang.String android.os.Parcel.readString()
04-12 15:08:58.507 20460 20499 I Pine : handleBridge: artMethod=0x7139c800 originExtras=0x78f2a97ac0 extras=0x78f2a96b60 sp=0x78e6e512e0
04-12 15:08:58.507 20460 20499 D Pine : handleCall for method public final java.lang.String android.os.Parcel.readString()
04-12 15:08:58.508 20460 20499 I Pine : handleBridge: artMethod=0x7139c800 originExtras=0x78f2a97ac0 extras=0x78f2a96b60 sp=0x78e6e512e0
04-12 15:08:58.508 20460 20499 D Pine : handleCall for method public final java.lang.String android.os.Parcel.readString()
04-12 15:08:58.510 20460 20499 I Pine : handleBridge: artMethod=0x7139c800 originExtras=0x78f2a97ac0 extras=0x78f2a96b60 sp=0x78e6e512e0
04-12 15:08:58.510 20460 20499 D Pine : handleCall for method public final java.lang.String android.os.Parcel.readString()
04-12 15:08:58.510 20460 20460 I OplusFeatureCache: Milliseconds spent on init(): 23
04-12 15:08:58.511 20460 20499 I Pine : handleBridge: artMethod=0x7139c800 originExtras=0x78f2a97ac0 extras=0x78f2a96b60 sp=0x78e6e512e0
04-12 15:08:58.511 20460 20499 D Pine : handleCall for method public final java.lang.String android.os.Parcel.readString()
04-12 15:08:58.511 20460 20460 I Pine : handleBridge: artMethod=0x7139c800 originExtras=0x78f2a97ac0 extras=0x78f2bb20e0 sp=0x7fe5e924f0
04-12 15:08:58.512 20460 20460 D Pine : handleCall for method public final java.lang.String android.os.Parcel.readString()
04-12 15:08:58.512 20460 20460 E ScreenmodeClient: display mode not support
04-12 15:08:58.513 20460 20499 I Pine : handleBridge: artMethod=0x7139c800 originExtras=0x78f2a97ac0 extras=0x78f2a96b60 sp=0x78e6e512e0
04-12 15:08:58.513 20460 20499 D Pine : handleCall for method public final java.lang.String android.os.Parcel.readString()
04-12 15:08:58.515 20460 20499 I Pine : handleBridge: artMethod=0x7139c800 originExtras=0x78f2a97ac0 extras=0x78f2a96b60 sp=0x78e6e512e0
04-12 15:08:58.515 20460 20499 D Pine : handleCall for method public final java.lang.String android.os.Parcel.readString()
04-12 15:08:58.518 20460 20499 I Pine : handleBridge: artMethod=0x7139c800 originExtras=0x78f2a97ac0 extras=0x78f2a96b60 sp=0x78e6e512e0
04-12 15:08:58.519 20460 20499 D Pine : handleCall for method public final java.lang.String android.os.Parcel.readString()
04-12 15:08:58.520 20460 20499 I Pine : handleBridge: artMethod=0x7139c800 originExtras=0x78f2a97ac0 extras=0x78f2a96b60 sp=0x78e6e512e0
04-12 15:08:58.521 20460 20499 D Pine : handleCall for method public final java.lang.String android.os.Parcel.readString()
04-12 15:08:58.522 20460 20499 I Pine : handleBridge: artMethod=0x7139c800 originExtras=0x78f2a97ac0 extras=0x78f2a96b60 sp=0x78e6e512e0
04-12 15:08:58.522 20460 20499 D Pine : handleCall for method public final java.lang.String android.os.Parcel.readString()
04-12 15:08:58.523 20460 20499 I Pine : handleBridge: artMethod=0x7139c800 originExtras=0x78f2a97ac0 extras=0x78f2a96b60 sp=0x78e6e512e0
04-12 15:08:58.523 20460 20499 D Pine : handleCall for method public final java.lang.String android.os.Parcel.readString()
04-12 15:08:58.525 20460 20499 I Pine : handleBridge: artMethod=0x7139c800 originExtras=0x78f2a97ac0 extras=0x78f2a96b60 sp=0x78e6e512e0
04-12 15:08:58.525 20460 20499 D Pine : handleCall for method public final java.lang.String android.os.Parcel.readString()
04-12 15:08:58.526 20460 20499 I Pine : handleBridge: artMethod=0x7139c800 originExtras=0x78f2a97ac0 extras=0x78f2a96b60 sp=0x78e6e512e0
04-12 15:08:58.526 20460 20499 D Pine : handleCall for method public final java.lang.String android.os.Parcel.readString()
04-12 15:08:58.527 20460 20499 I Pine : handleBridge: artMethod=0x7139c800 originExtras=0x78f2a97ac0 extras=0x78f2a96b60 sp=0x78e6e512e0
04-12 15:08:58.527 20460 20499 D Pine : handleCall for method public final java.lang.String android.os.Parcel.readString()
04-12 15:08:58.528 20460 20499 I Pine : handleBridge: artMethod=0x7139c800 originExtras=0x78f2a97ac0 extras=0x78f2a96b60 sp=0x78e6e512e0
04-12 15:08:58.529 20460 20499 D Pine : handleCall for method public final java.lang.String android.os.Parcel.readString()
04-12 15:08:58.530 20460 20499 I Pine : handleBridge: artMethod=0x7139c800 originExtras=0x78f2a97ac0 extras=0x78f2a96b60 sp=0x78e6e512e0
04-12 15:08:58.530 20460 20499 D Pine : handleCall for method public final java.lang.String android.os.Parcel.readString()
04-12 15:08:58.531 20460 20499 I Pine : handleBridge: artMethod=0x713b58b8 originExtras=0x78f2a97a60 extras=0x78f2a96b60 sp=0x78e6e53de0
04-12 15:08:58.531 20460 20499 D Pine : handleCall for method private boolean android.os.Binder.execTransact(int,long,long,int)
04-12 15:08:58.532 20460 20499 I Pine : handleBridge: artMethod=0x7139c800 originExtras=0x78f2a97ac0 extras=0x78f2a96b60 sp=0x78e6e51040
04-12 15:08:58.533 20460 20499 D Pine : handleCall for method public final java.lang.String android.os.Parcel.readString()
04-12 15:08:58.534 20460 20499 I Pine : handleBridge: artMethod=0x7139c800 originExtras=0x78f2a97ac0 extras=0x78f2a96b60 sp=0x78e6e50e90
04-12 15:08:58.534 20460 20499 D Pine : handleCall for method public final java.lang.String android.os.Parcel.readString()
04-12 15:08:58.536 20460 20499 I Pine : handleBridge: artMethod=0x7139c800 originExtras=0x78f2a97ac0 extras=0x78f2a96b60 sp=0x78e6e50e90
04-12 15:08:58.536 20460 20499 D Pine : handleCall for method public final java.lang.String android.os.Parcel.readString()
04-12 15:08:58.537 20460 20499 I Pine : handleBridge: artMethod=0x7139c800 originExtras=0x78f2a97ac0 extras=0x78f2a96b60 sp=0x78e6e50e90
04-12 15:08:58.537 20460 20499 D Pine : handleCall for method public final java.lang.String android.os.Parcel.readString()
04-12 15:08:58.538 20460 20499 I Pine : handleBridge: artMethod=0x7139c800 originExtras=0x78f2a97ac0 extras=0x78f2a96b60 sp=0x78e6e50e90
04-12 15:08:58.538 20460 20499 D Pine : handleCall for method public final java.lang.String android.os.Parcel.readString()
04-12 15:08:58.539 20460 20499 I Pine : handleBridge: artMethod=0x7139c800 originExtras=0x78f2a97ac0 extras=0x78f2a96b60 sp=0x78e6e50e90
04-12 15:08:58.539 20460 20499 D Pine : handleCall for method public final java.lang.String android.os.Parcel.readString()
04-12 15:08:58.540 20460 20499 I Pine : handleBridge: artMethod=0x7139c800 originExtras=0x78f2a97ac0 extras=0x78f2a96b60 sp=0x78e6e50e90
04-12 15:08:58.540 20460 20499 D Pine : handleCall for method public final java.lang.String android.os.Parcel.readString()
04-12 15:08:58.541 20460 20499 I Pine : handleBridge: artMethod=0x7139c800 originExtras=0x78f2a97ac0 extras=0x78f2a96b60 sp=0x78e6e50e90
04-12 15:08:58.541 20460 20499 D Pine : handleCall for method public final java.lang.String android.os.Parcel.readString()
04-12 15:08:58.541 20460 20460 I Pine : handleBridge: artMethod=0x7139c800 originExtras=0x78f2a97ac0 extras=0x78f2ae5da0 sp=0x7fe5e90820
04-12 15:08:58.542 20460 20460 D Pine : handleCall for method public final java.lang.String android.os.Parcel.readString()
04-12 15:08:58.542 20460 20499 I Pine : handleBridge: artMethod=0x7139c800 originExtras=0x78f2a97ac0 extras=0x78f2a96b60 sp=0x78e6e50e90
04-12 15:08:58.542 20460 20499 D Pine : handleCall for method public final java.lang.String android.os.Parcel.readString()
04-12 15:08:58.544 20460 20460 I Pine : handleBridge: artMethod=0x7139c800 originExtras=0x78f2a97ac0 extras=0x78f2ae5da0 sp=0x7fe5e8fe90
04-12 15:08:58.544 20460 20460 D Pine : handleCall for method public final java.lang.String android.os.Parcel.readString()
04-12 15:08:58.545 20460 20499 I Pine : handleBridge: artMethod=0x7139c800 originExtras=0x78f2a97ac0 extras=0x78f2a96b60 sp=0x78e6e50e90
04-12 15:08:58.545 20460 20499 D Pine : handleCall for method public final java.lang.String android.os.Parcel.readString()
04-12 15:08:58.546 20460 20460 I Pine : handleBridge: artMethod=0x7139c800 originExtras=0x78f2a97ac0 extras=0x78f2ae5da0 sp=0x7fe5e8fce0
04-12 15:08:58.546 20460 20460 D Pine : handleCall for method public final java.lang.String android.os.Parcel.readString()
04-12 15:08:58.547 20460 20460 I Pine : handleBridge: artMethod=0x7139c800 originExtras=0x78f2a97ac0 extras=0x78f2ae5da0 sp=0x7fe5e8f360
04-12 15:08:58.548 20460 20460 D Pine : handleCall for method public final java.lang.String android.os.Parcel.readString()
04-12 15:08:58.549 20460 20460 I Pine : handleBridge: artMethod=0x7139c800 originExtras=0x78f2a97ac0 extras=0x78f2ae5da0 sp=0x7fe5e8f360
04-12 15:08:58.549 20460 20460 D Pine : handleCall for method public final java.lang.String android.os.Parcel.readString()
04-12 15:08:58.551 20460 20460 I Pine : handleBridge: artMethod=0x7139c800 originExtras=0x78f2a97ac0 extras=0x78f2ae5da0 sp=0x7fe5e8ff50
04-12 15:08:58.551 20460 20460 D Pine : handleCall for method public final java.lang.String android.os.Parcel.readString()
04-12 15:08:58.551 20460 20499 I Pine : handleBridge: artMethod=0x7139c800 originExtras=0x78f2a97ac0 extras=0x78f2a96b60 sp=0x78e6e50e90
04-12 15:08:58.551 20460 20499 D Pine : handleCall for method public final java.lang.String android.os.Parcel.readString()
04-12 15:08:58.552 20460 20460 I Pine : handleBridge: artMethod=0x7139c800 originExtras=0x78f2a97ac0 extras=0x78f2ae5da0 sp=0x7fe5e90820
04-12 15:08:58.553 20460 20499 I Pine : handleBridge: artMethod=0x7139c800 originExtras=0x78f2a97ac0 extras=0x78f2a96b60 sp=0x78e6e50e90
04-12 15:08:58.553 20460 20460 D Pine : handleCall for method public final java.lang.String android.os.Parcel.readString()
04-12 15:08:58.553 20460 20499 D Pine : handleCall for method public final java.lang.String android.os.Parcel.readString()
04-12 15:08:58.554 20460 20460 I Pine : handleBridge: artMethod=0x7139c800 originExtras=0x78f2a97ac0 extras=0x78f2ae5da0 sp=0x7fe5e8fe90
04-12 15:08:58.554 20460 20460 D Pine : handleCall for method public final java.lang.String android.os.Parcel.readString()
04-12 15:08:58.554 20460 20499 I Pine : handleBridge: artMethod=0x7139c800 originExtras=0x78f2a97ac0 extras=0x78f2a96b60 sp=0x78e6e50e90
04-12 15:08:58.554 20460 20499 D Pine : handleCall for method public final java.lang.String android.os.Parcel.readString()
04-12 15:08:58.555 20460 20460 I Pine : handleBridge: artMethod=0x7139c800 originExtras=0x78f2a97ac0 extras=0x78f2ae5da0 sp=0x7fe5e8fce0
04-12 15:08:58.555 20460 20460 D Pine : handleCall for method public final java.lang.String android.os.Parcel.readString()
04-12 15:08:58.556 20460 20499 I Pine : handleBridge: artMethod=0x7139c800 originExtras=0x78f2a97ac0 extras=0x78f2a96b60 sp=0x78e6e50e90
04-12 15:08:58.556 20460 20499 D Pine : handleCall for method public final java.lang.String android.os.Parcel.readString()
04-12 15:08:58.556 20460 20460 I Pine : handleBridge: artMethod=0x7139c800 originExtras=0x78f2a97ac0 extras=0x78f2ae5da0 sp=0x7fe5e8f360
04-12 15:08:58.556 20460 20460 D Pine : handleCall for method public final java.lang.String android.os.Parcel.readString()
04-12 15:08:58.557 20460 20499 I Pine : handleBridge: artMethod=0x7139c800 originExtras=0x78f2a97ac0 extras=0x78f2a96b60 sp=0x78e6e50e90
04-12 15:08:58.557 20460 20499 D Pine : handleCall for method public final java.lang.String android.os.Parcel.readString()
04-12 15:08:58.557 20460 20460 I Pine : handleBridge: artMethod=0x7139c800 originExtras=0x78f2a97ac0 extras=0x78f2ae5da0 sp=0x7fe5e8f360
04-12 15:08:58.557 20460 20460 D Pine : handleCall for method public final java.lang.String android.os.Parcel.readString()
04-12 15:08:58.558 20460 20499 I Pine : handleBridge: artMethod=0x7139c800 originExtras=0x78f2a97ac0 extras=0x78f2a96b60 sp=0x78e6e50e90
04-12 15:08:58.558 20460 20499 D Pine : handleCall for method public final java.lang.String android.os.Parcel.readString()
04-12 15:08:58.558 20460 20460 I Pine : handleBridge: artMethod=0x7139c800 originExtras=0x78f2a97ac0 extras=0x78f2ae5da0 sp=0x7fe5e8ff50
04-12 15:08:58.559 20460 20499 I Pine : handleBridge: artMethod=0x7139c800 originExtras=0x78f2a97ac0 extras=0x78f2a96b60 sp=0x78e6e50e90
04-12 15:08:58.559 20460 20499 D Pine : handleCall for method public final java.lang.String android.os.Parcel.readString()
04-12 15:08:58.559 20460 20460 D Pine : handleCall for method public final java.lang.String android.os.Parcel.readString()
04-12 15:08:58.560 20460 20499 I Pine : handleBridge: artMethod=0x713b58b8 originExtras=0x78f2a97a60 extras=0x78f2a96b60 sp=0x78e6e53de0
04-12 15:08:58.560 20460 20499 D Pine : handleCall for method private boolean android.os.Binder.execTransact(int,long,long,int)
04-12 15:08:58.562 20460 20460 I Pine : handleBridge: artMethod=0x7139c800 originExtras=0x78f2a97ac0 extras=0x78f2ae5da0 sp=0x7fe5e90820
04-12 15:08:58.562 20460 20460 D Pine : handleCall for method public final java.lang.String android.os.Parcel.readString()
04-12 15:08:58.563 20460 20499 I Pine : handleBridge: artMethod=0x7139c800 originExtras=0x78f2a97ac0 extras=0x78f2a96b60 sp=0x78e6e50ec0
04-12 15:08:58.563 20460 20499 D Pine : handleCall for method public final java.lang.String android.os.Parcel.readString()
04-12 15:08:58.564 20460 20460 I Pine : handleBridge: artMethod=0x7139c800 originExtras=0x78f2a97ac0 extras=0x78f2ae5da0 sp=0x7fe5e8fe90
04-12 15:08:58.565 20460 20460 D Pine : handleCall for method public final java.lang.String android.os.Parcel.readString()
04-12 15:08:58.566 20460 20499 I Pine : handleBridge: artMethod=0x7139c800 originExtras=0x78f2a97ac0 extras=0x78f2a96b60 sp=0x78e6e50530
04-12 15:08:58.566 20460 20499 D Pine : handleCall for method public final java.lang.String android.os.Parcel.readString()
04-12 15:08:58.568 20460 20460 I Pine : handleBridge: artMethod=0x7139c800 originExtras=0x78f2a97ac0 extras=0x78f2ae5da0 sp=0x7fe5e8fce0
04-12 15:08:58.568 20460 20460 D Pine : handleCall for method public final java.lang.String android.os.Parcel.readString()
04-12 15:08:58.568 20460 20499 I Pine : handleBridge: artMethod=0x7139c800 originExtras=0x78f2a97ac0 extras=0x78f2a96b60 sp=0x78e6e50380
04-12 15:08:58.569 20460 20499 D Pine : handleCall for method public final java.lang.String android.os.Parcel.readString()
04-12 15:08:58.569 20460 20460 I Pine : handleBridge: artMethod=0x7139c800 originExtras=0x78f2a97ac0 extras=0x78f2ae5da0 sp=0x7fe5e8f360
04-12 15:08:58.569 20460 20460 D Pine : handleCall for method public final java.lang.String android.os.Parcel.readString()
04-12 15:08:58.571 20460 20499 I Pine : handleBridge: artMethod=0x7139c800 originExtras=0x78f2a97ac0 extras=0x78f2a96b60 sp=0x78e6e4fa00
04-12 15:08:58.572 20460 20499 D Pine : handleCall for method public final java.lang.String android.os.Parcel.readString()
04-12 15:08:58.572 20460 20460 I Pine : handleBridge: artMethod=0x7139c800 originExtras=0x78f2a97ac0 extras=0x78f2ae5da0 sp=0x7fe5e8f360
04-12 15:08:58.572 20460 20460 D Pine : handleCall for method public final java.lang.String android.os.Parcel.readString()
04-12 15:08:58.574 20460 20499 I Pine : handleBridge: artMethod=0x7139c800 originExtras=0x78f2a97ac0 extras=0x78f2a96b60 sp=0x78e6e4fa00
04-12 15:08:58.574 20460 20499 D Pine : handleCall for method public final java.lang.String android.os.Parcel.readString()
04-12 15:08:58.575 20460 20460 I Pine : handleBridge: artMethod=0x7139c800 originExtras=0x78f2a97ac0 extras=0x78f2ae5da0 sp=0x7fe5e8ff50
04-12 15:08:58.575 20460 20460 D Pine : handleCall for method public final java.lang.String android.os.Parcel.readString()
04-12 15:08:58.576 20460 20499 I Pine : handleBridge: artMethod=0x7139c800 originExtras=0x78f2a97ac0 extras=0x78f2a96b60 sp=0x78e6e505f0
04-12 15:08:58.576 20460 20499 D Pine : handleCall for method public final java.lang.String android.os.Parcel.readString()
04-12 15:08:58.576 20460 20460 I Pine : handleBridge: artMethod=0x7139c800 originExtras=0x78f2a97ac0 extras=0x78f2ae5da0 sp=0x7fe5e90690
04-12 15:08:58.577 20460 20460 D Pine : handleCall for method public final java.lang.String android.os.Parcel.readString()
04-12 15:08:58.578 20460 20499 I Pine : handleBridge: artMethod=0x7139c800 originExtras=0x78f2a97ac0 extras=0x78f2a96b60 sp=0x78e6e50ec0
04-12 15:08:58.578 20460 20499 D Pine : handleCall for method public final java.lang.String android.os.Parcel.readString()
04-12 15:08:58.579 20460 20499 I Pine : handleBridge: artMethod=0x7139c800 originExtras=0x78f2a97ac0 extras=0x78f2a96b60 sp=0x78e6e50530
04-12 15:08:58.579 20460 20499 D Pine : handleCall for method public final java.lang.String android.os.Parcel.readString()
04-12 15:08:58.580 20460 20460 I Pine : handleBridge: artMethod=0x7139c800 originExtras=0x78f2a97ac0 extras=0x78f2ae5da0 sp=0x7fe5e90810
04-12 15:08:58.580 20460 20460 D Pine : handleCall for method public final java.lang.String android.os.Parcel.readString()
04-12 15:08:58.582 20460 20499 I Pine : handleBridge: artMethod=0x7139c800 originExtras=0x78f2a97ac0 extras=0x78f2a96b60 sp=0x78e6e50380
04-12 15:08:58.582 20460 20499 D Pine : handleCall for method public final java.lang.String android.os.Parcel.readString()
04-12 15:08:58.583 20460 20460 I Pine : handleBridge: artMethod=0x7139c800 originExtras=0x78f2a97ac0 extras=0x78f2ae5da0 sp=0x7fe5e90660
04-12 15:08:58.583 20460 20499 I Pine : handleBridge: artMethod=0x7139c800 originExtras=0x78f2a97ac0 extras=0x78f2a96b60 sp=0x78e6e4fa00
04-12 15:08:58.583 20460 20460 D Pine : handleCall for method public final java.lang.String android.os.Parcel.readString()
04-12 15:08:58.583 20460 20499 D Pine : handleCall for method public final java.lang.String android.os.Parcel.readString()
04-12 15:08:58.584 20460 20499 I Pine : handleBridge: artMethod=0x7139c800 originExtras=0x78f2a97ac0 extras=0x78f2a96b60 sp=0x78e6e4fa00
04-12 15:08:58.585 20460 20499 D Pine : handleCall for method public final java.lang.String android.os.Parcel.readString()
04-12 15:08:58.585 20460 20460 I Pine : handleBridge: artMethod=0x7139c800 originExtras=0x78f2a97ac0 extras=0x78f2ae5da0 sp=0x7fe5e90660
04-12 15:08:58.585 20460 20460 D Pine : handleCall for method public final java.lang.String android.os.Parcel.readString()
04-12 15:08:58.586 20460 20499 I Pine : handleBridge: artMethod=0x7139c800 originExtras=0x78f2a97ac0 extras=0x78f2a96b60 sp=0x78e6e505f0
04-12 15:08:58.587 20460 20499 D Pine : handleCall for method public final java.lang.String android.os.Parcel.readString()
04-12 15:08:58.587 20460 20460 I Pine : handleBridge: artMethod=0x7139c800 originExtras=0x78f2a97ac0 extras=0x78f2ae5da0 sp=0x7fe5e90660
04-12 15:08:58.587 20460 20460 D Pine : handleCall for method public final java.lang.String android.os.Parcel.readString()
04-12 15:08:58.588 20460 20499 I Pine : handleBridge: artMethod=0x7139c800 originExtras=0x78f2a97ac0 extras=0x78f2a96b60 sp=0x78e6e50ec0
04-12 15:08:58.588 20460 20499 D Pine : handleCall for method public final java.lang.String android.os.Parcel.readString()
04-12 15:08:58.589 20460 20460 I Pine : handleBridge: artMethod=0x7139c800 originExtras=0x78f2a97ac0 extras=0x78f2ae5da0 sp=0x7fe5e90660
04-12 15:08:58.590 20460 20460 D Pine : handleCall for method public final java.lang.String android.os.Parcel.readString()
04-12 15:08:58.591 20460 20499 I Pine : handleBridge: artMethod=0x7139c800 originExtras=0x78f2a97ac0 extras=0x78f2a96b60 sp=0x78e6e50530
04-12 15:08:58.591 20460 20499 D Pine : handleCall for method public final java.lang.String android.os.Parcel.readString()
04-12 15:08:58.592 20460 20460 I Pine : handleBridge: artMethod=0x7139c800 originExtras=0x78f2a97ac0 extras=0x78f2ae5da0 sp=0x7fe5e90660
04-12 15:08:58.592 20460 20460 D Pine : handleCall for method public final java.lang.String android.os.Parcel.readString()
04-12 15:08:58.593 20460 20499 I Pine : handleBridge: artMethod=0x7139c800 originExtras=0x78f2a97ac0 extras=0x78f2a96b60 sp=0x78e6e50380
04-12 15:08:58.593 20460 20499 D Pine : handleCall for method public final java.lang.String android.os.Parcel.readString()
04-12 15:08:58.593 20460 20460 I Pine : handleBridge: artMethod=0x7139c800 originExtras=0x78f2a97ac0 extras=0x78f2ae5da0 sp=0x7fe5e90660
04-12 15:08:58.594 20460 20460 D Pine : handleCall for method public final java.lang.String android.os.Parcel.readString()
04-12 15:08:58.594 20460 20499 I Pine : handleBridge: artMethod=0x7139c800 originExtras=0x78f2a97ac0 extras=0x78f2a96b60 sp=0x78e6e4fa00
04-12 15:08:58.594 20460 20499 D Pine : handleCall for method public final java.lang.String android.os.Parcel.readString()
04-12 15:08:58.595 20460 20460 I Pine : handleBridge: artMethod=0x7139c800 originExtras=0x78f2a97ac0 extras=0x78f2ae5da0 sp=0x7fe5e90660
04-12 15:08:58.595 20460 20460 D Pine : handleCall for method public final java.lang.String android.os.Parcel.readString()
04-12 15:08:58.596 20460 20499 I Pine : handleBridge: artMethod=0x7139c800 originExtras=0x78f2a97ac0 extras=0x78f2a96b60 sp=0x78e6e4fa00
04-12 15:08:58.596 20460 20499 D Pine : handleCall for method public final java.lang.String android.os.Parcel.readString()
04-12 15:08:58.596 20460 20460 I Pine : handleBridge: artMethod=0x7139c800 originExtras=0x78f2a97ac0 extras=0x78f2ae5da0 sp=0x7fe5e90660
04-12 15:08:58.596 20460 20460 D Pine : handleCall for method public final java.lang.String android.os.Parcel.readString()
04-12 15:08:58.597 20460 20499 I Pine : handleBridge: artMethod=0x7139c800 originExtras=0x78f2a97ac0 extras=0x78f2a96b60 sp=0x78e6e505f0
04-12 15:08:58.597 20460 20499 D Pine : handleCall for method public final java.lang.String android.os.Parcel.readString()
04-12 15:08:58.598 20460 20460 I Pine : handleBridge: artMethod=0x7139c800 originExtras=0x78f2a97ac0 extras=0x78f2ae5da0 sp=0x7fe5e90660
04-12 15:08:58.598 20460 20460 D Pine : handleCall for method public final java.lang.String android.os.Parcel.readString()
04-12 15:08:58.598 20460 20499 I Pine : handleBridge: artMethod=0x7139c800 originExtras=0x78f2a97ac0 extras=0x78f2a96b60 sp=0x78e6e50d30
04-12 15:08:58.598 20460 20499 D Pine : handleCall for method public final java.lang.String android.os.Parcel.readString()
04-12 15:08:58.598 20460 20460 I Pine : handleBridge: artMethod=0x7139c800 originExtras=0x78f2a97ac0 extras=0x78f2ae5da0 sp=0x7fe5e90660
04-12 15:08:58.599 20460 20460 D Pine : handleCall for method public final java.lang.String android.os.Parcel.readString()
04-12 15:08:58.600 20460 20460 I Pine : handleBridge: artMethod=0x7139c800 originExtras=0x78f2a97ac0 extras=0x78f2ae5da0 sp=0x7fe5e90660
04-12 15:08:58.601 20460 20460 D Pine : handleCall for method public final java.lang.String android.os.Parcel.readString()
04-12 15:08:58.602 20460 20460 I Pine : handleBridge: artMethod=0x7139c800 originExtras=0x78f2a97ac0 extras=0x78f2ae5da0 sp=0x7fe5e90660
04-12 15:08:58.602 20460 20460 D Pine : handleCall for method public final java.lang.String android.os.Parcel.readString()
04-12 15:08:58.603 20460 20460 I Pine : handleBridge: artMethod=0x7139c800 originExtras=0x78f2a97ac0 extras=0x78f2ae5da0 sp=0x7fe5e90660
04-12 15:08:58.604 20460 20460 D Pine : handleCall for method public final java.lang.String android.os.Parcel.readString()
04-12 15:08:58.606 20460 20460 I Pine : handleBridge: artMethod=0x7139c800 originExtras=0x78f2a97ac0 extras=0x78f2ae5da0 sp=0x7fe5e90660
04-12 15:08:58.606 20460 20460 D Pine : handleCall for method public final java.lang.String android.os.Parcel.readString()
04-12 15:08:58.607 20460 20460 I Pine : handleBridge: artMethod=0x7139c800 originExtras=0x78f2a97ac0 extras=0x78f2ae5da0 sp=0x7fe5e90660
04-12 15:08:58.607 20460 20460 D Pine : handleCall for method public final java.lang.String android.os.Parcel.readString()
04-12 15:08:58.608 20460 20460 I Pine : handleBridge: artMethod=0x7139c800 originExtras=0x78f2a97ac0 extras=0x78f2ae5da0 sp=0x7fe5e90660
04-12 15:08:58.608 20460 20460 D Pine : handleCall for method public final java.lang.String android.os.Parcel.readString()
04-12 15:08:58.609 20460 20460 I Pine : handleBridge: artMethod=0x7139c800 originExtras=0x78f2a97ac0 extras=0x78f2ae5da0 sp=0x7fe5e901c0
04-12 15:08:58.609 20460 20460 D Pine : handleCall for method public final java.lang.String android.os.Parcel.readString()
04-12 15:08:58.611 20460 20460 I Pine : handleBridge: artMethod=0x7139c800 originExtras=0x78f2a97ac0 extras=0x78f2ae5da0 sp=0x7fe5e901c0
04-12 15:08:58.612 20460 20460 D Pine : handleCall for method public final java.lang.String android.os.Parcel.readString()
04-12 15:08:58.613 20460 20460 I Pine : handleBridge: artMethod=0x7139c800 originExtras=0x78f2a97ac0 extras=0x78f2ae5da0 sp=0x7fe5e901c0
04-12 15:08:58.613 20460 20460 D Pine : handleCall for method public final java.lang.String android.os.Parcel.readString()
04-12 15:08:58.615 20460 20460 I Pine : handleBridge: artMethod=0x7139c800 originExtras=0x78f2a97ac0 extras=0x78f2ae5da0 sp=0x7fe5e901c0
04-12 15:08:58.615 20460 20460 D Pine : handleCall for method public final java.lang.String android.os.Parcel.readString()
04-12 15:08:58.624 20460 20599 E libEGL : Invalid file path for libcolorx- loader.so
04-12 15:08:58.624 20460 20599 I AdrenoGLES-0: QUALCOMM build : 319c6d8, Ic907de5ed0
04-12 15:08:58.624 20460 20599 I AdrenoGLES-0: Build Date : 09/21/20
04-12 15:08:58.624 20460 20599 I AdrenoGLES-0: OpenGL ES Shader Compiler Version: EV031.32.02.01
04-12 15:08:58.624 20460 20599 I AdrenoGLES-0: Local Branch :
04-12 15:08:58.624 20460 20599 I AdrenoGLES-0: Remote Branch : refs/tags/AU_LINUX_ANDROID_LA.UM.9.11.R1.10.00.00.679.015
04-12 15:08:58.624 20460 20599 I AdrenoGLES-0: Remote Branch : NONE
04-12 15:08:58.624 20460 20599 I AdrenoGLES-0: Reconstruct Branch : NOTHING
04-12 15:08:58.624 20460 20599 I AdrenoGLES-0: Build Config : S P 10.0.5 AArch64
04-12 15:08:58.624 20460 20599 I AdrenoGLES-0: Driver Path : /vendor/lib64/egl/libGLESv2_adreno.so
04-12 15:08:58.633 20460 20499 I Pine : handleBridge: artMethod=0x713b58b8 originExtras=0x78f2a97a60 extras=0x78f2a96b60 sp=0x78e6e53de0
04-12 15:08:58.633 20460 20499 D Pine : handleCall for method private boolean android.os.Binder.execTransact(int,long,long,int)
04-12 15:08:58.635 20460 20460 I Pine : handleBridge: artMethod=0x7139c800 originExtras=0x78f2a97ac0 extras=0x78f2bb20e0 sp=0x7fe5e91ec0
04-12 15:08:58.635 20460 20460 D Pine : handleCall for method public final java.lang.String android.os.Parcel.readString()
04-12 15:08:58.638 20460 20590 I Pine : handleBridge: artMethod=0x713b58b8 originExtras=0x78f2a97a60 extras=0x78eb0b1ae0 sp=0x7880afade0
04-12 15:08:58.639 20460 20499 I Pine : handleBridge: artMethod=0x713b58b8 originExtras=0x78f2a97a60 extras=0x78f2a96b60 sp=0x78e6e53de0
04-12 15:08:58.639 20460 20499 D Pine : handleCall for method private boolean android.os.Binder.execTransact(int,long,long,int)
04-12 15:08:58.640 20460 20590 D Pine : handleCall for method private boolean android.os.Binder.execTransact(int,long,long,int)
04-12 15:08:58.641 20460 20499 I Pine : handleBridge: artMethod=0x7139c800 originExtras=0x78f2a97ac0 extras=0x78f2a96b60 sp=0x78e6e517a0
04-12 15:08:58.641 20460 20499 D Pine : handleCall for method public final java.lang.String android.os.Parcel.readString()
04-12 15:08:58.643 20460 20499 I Pine : handleBridge: artMethod=0x713b58b8 originExtras=0x78f2a97a60 extras=0x78f2a96b60 sp=0x78e6e53de0
04-12 15:08:58.645 20460 20460 W RenderThread: type=1400 audit(0.0:655317): avc: denied { read } for name="adreno_config.txt" dev="sda10" ino=3407933 scontext=u:r:untrusted_app_27:s0:c127,c259,c512,c768 tcontext=u:object_r:gpudump_config_file:s0 tclass=file permissive=0 app=com.jdexpert.virtual64bit
04-12 15:08:58.643 20460 20499 D Pine : handleCall for method private boolean android.os.Binder.execTransact(int,long,long,int)
04-12 15:08:58.644 20460 20485 I Pine : handleBridge: artMethod=0x713b58b8 originExtras=0x78f2a97a60 extras=0x78fce2f2e0 sp=0x78eb4d6de0
04-12 15:08:58.645 20460 20485 D Pine : handleCall for method private boolean android.os.Binder.execTransact(int,long,long,int)
04-12 15:08:58.648 20460 20499 I Pine : handleBridge: artMethod=0x713b58b8 originExtras=0x78f2a97a60 extras=0x78f2a96b60 sp=0x78e6e53de0
04-12 15:08:58.648 20460 20499 D Pine : handleCall for method private boolean android.os.Binder.execTransact(int,long,long,int)
04-12 15:08:58.649 20460 20599 I AdrenoGLES-0: PFP: 0x016ee190, ME: 0x00000000
04-12 15:08:58.650 20460 20499 I Pine : handleBridge: artMethod=0x7139c800 originExtras=0x78f2a97ac0 extras=0x78f2a96b60 sp=0x78e6e51150
04-12 15:08:58.650 20460 20499 D Pine : handleCall for method public final java.lang.String android.os.Parcel.readString()
04-12 15:08:58.651 20460 20499 I Pine : handleBridge: artMethod=0x7139c800 originExtras=0x78f2a97ac0 extras=0x78f2a96b60 sp=0x78e6e50fa0
04-12 15:08:58.652 20460 20499 D Pine : handleCall for method public final java.lang.String android.os.Parcel.readString()
04-12 15:08:58.654 20460 20499 I Pine : handleBridge: artMethod=0x7139c800 originExtras=0x78f2a97ac0 extras=0x78f2a96b60 sp=0x78e6e50fa0
04-12 15:08:58.654 20460 20499 D Pine : handleCall for method public final java.lang.String android.os.Parcel.readString()
04-12 15:08:58.655 20460 20499 I Pine : handleBridge: artMethod=0x7139c800 originExtras=0x78f2a97ac0 extras=0x78f2a96b60 sp=0x78e6e50fa0
04-12 15:08:58.656 20460 20499 D Pine : handleCall for method public final java.lang.String android.os.Parcel.readString()
04-12 15:08:58.657 20460 20499 I Pine : handleBridge: artMethod=0x7139c800 originExtras=0x78f2a97ac0 extras=0x78f2a96b60 sp=0x78e6e50fa0
04-12 15:08:58.657 20460 20499 D Pine : handleCall for method public final java.lang.String android.os.Parcel.readString()
04-12 15:08:58.658 20460 20499 I Pine : handleBridge: artMethod=0x7139c800 originExtras=0x78f2a97ac0 extras=0x78f2a96b60 sp=0x78e6e50fa0
04-12 15:08:58.658 20460 20499 D Pine : handleCall for method public final java.lang.String android.os.Parcel.readString()
04-12 15:08:58.660 20460 20499 I Pine : handleBridge: artMethod=0x7139c800 originExtras=0x78f2a97ac0 extras=0x78f2a96b60 sp=0x78e6e50fa0
04-12 15:08:58.660 20460 20499 D Pine : handleCall for method public final java.lang.String android.os.Parcel.readString()
04-12 15:08:58.662 20460 20499 I Pine : handleBridge: artMethod=0x7139c800 originExtras=0x78f2a97ac0 extras=0x78f2a96b60 sp=0x78e6e50fa0
04-12 15:08:58.662 20460 20499 D Pine : handleCall for method public final java.lang.String android.os.Parcel.readString()
04-12 15:08:58.663 20460 20499 I Pine : handleBridge: artMethod=0x7139c800 originExtras=0x78f2a97ac0 extras=0x78f2a96b60 sp=0x78e6e50fa0
04-12 15:08:58.663 20460 20499 D Pine : handleCall for method public final java.lang.String android.os.Parcel.readString()
04-12 15:08:58.666 20460 20499 I Pine : handleBridge: artMethod=0x7139c800 originExtras=0x78f2a97ac0 extras=0x78f2a96b60 sp=0x78e6e50fa0
04-12 15:08:58.666 20460 20499 D Pine : handleCall for method public final java.lang.String android.os.Parcel.readString()
04-12 15:08:58.667 20460 20499 I Pine : handleBridge: artMethod=0x7139c800 originExtras=0x78f2a97ac0 extras=0x78f2a96b60 sp=0x78e6e50fa0
04-12 15:08:58.667 20460 20499 D Pine : handleCall for method public final java.lang.String android.os.Parcel.readString()
04-12 15:08:58.668 20460 20499 I Pine : handleBridge: artMethod=0x7139c800 originExtras=0x78f2a97ac0 extras=0x78f2a96b60 sp=0x78e6e50fa0
04-12 15:08:58.669 20460 20499 D Pine : handleCall for method public final java.lang.String android.os.Parcel.readString()
04-12 15:08:58.670 20460 20499 I Pine : handleBridge: artMethod=0x7139c800 originExtras=0x78f2a97ac0 extras=0x78f2a96b60 sp=0x78e6e50fa0
04-12 15:08:58.671 20460 20499 D Pine : handleCall for method public final java.lang.String android.os.Parcel.readString()
04-12 15:08:58.672 20460 20499 I Pine : handleBridge: artMethod=0x7139c800 originExtras=0x78f2a97ac0 extras=0x78f2a96b60 sp=0x78e6e50fa0
04-12 15:08:58.672 20460 20499 D Pine : handleCall for method public final java.lang.String android.os.Parcel.readString()
04-12 15:08:58.673 20460 20499 I Pine : handleBridge: artMethod=0x7139c800 originExtras=0x78f2a97ac0 extras=0x78f2a96b60 sp=0x78e6e50fa0
04-12 15:08:58.673 20460 20499 D Pine : handleCall for method public final java.lang.String android.os.Parcel.readString()
04-12 15:08:58.674 20460 20499 I Pine : handleBridge: artMethod=0x7139c800 originExtras=0x78f2a97ac0 extras=0x78f2a96b60 sp=0x78e6e50fa0
04-12 15:08:58.675 20460 20499 D Pine : handleCall for method public final java.lang.String android.os.Parcel.readString()
04-12 15:08:58.675 20460 20499 I Pine : handleBridge: artMethod=0x7139c800 originExtras=0x78f2a97ac0 extras=0x78f2a96b60 sp=0x78e6e50fa0
04-12 15:08:58.676 20460 20499 D Pine : handleCall for method public final java.lang.String android.os.Parcel.readString()
04-12 15:08:58.677 20460 20499 I Pine : handleBridge: artMethod=0x7139c800 originExtras=0x78f2a97ac0 extras=0x78f2a96b60 sp=0x78e6e50fc0
04-12 15:08:58.677 20460 20499 D Pine : handleCall for method public final java.lang.String android.os.Parcel.readString()
04-12 15:08:58.679 20460 20499 I Pine : handleBridge: artMethod=0x7139c800 originExtras=0x78f2a97ac0 extras=0x78f2a96b60 sp=0x78e6e50fc0
04-12 15:08:58.679 20460 20499 D Pine : handleCall for method public final java.lang.String android.os.Parcel.readString()
04-12 15:08:58.680 20460 20499 I Pine : handleBridge: artMethod=0x7139c800 originExtras=0x78f2a97ac0 extras=0x78f2a96b60 sp=0x78e6e50fc0
04-12 15:08:58.681 20460 20499 D Pine : handleCall for method public final java.lang.String android.os.Parcel.readString()
04-12 15:08:58.692 20460 20499 I Pine : handleBridge: artMethod=0x7139c800 originExtras=0x78f2a97ac0 extras=0x78f2a96b60 sp=0x78e6e50fc0
04-12 15:08:58.692 20460 20499 D Pine : handleCall for method public final java.lang.String android.os.Parcel.readString()
04-12 15:08:58.694 20460 20499 I Pine : handleBridge: artMethod=0x7139c800 originExtras=0x78f2a97ac0 extras=0x78f2a96b60 sp=0x78e6e50fc0
04-12 15:08:58.694 20460 20499 D Pine : handleCall for method public final java.lang.String android.os.Parcel.readString()
04-12 15:08:58.699 20460 20550 I AudioManager: In isBluetoothScoOn(), calling application: com.jdexpert.virtual64bit
04-12 15:08:58.699 20460 20499 I Pine : handleBridge: artMethod=0x7139c800 originExtras=0x78f2a97ac0 extras=0x78f2a96b60 sp=0x78e6e50fc0
04-12 15:08:58.699 20460 20499 D Pine : handleCall for method public final java.lang.String android.os.Parcel.readString()
04-12 15:08:58.700 20460 20550 I fmod : FMOD::supportsLowLatency : Low latency = true, Pro Audio = false, Bluetooth On = false, Acceptable Block Size = true (192)
04-12 15:08:58.704 20460 20550 D virtual64bit:p: PlayerBase::PlayerBase()
04-12 15:08:58.704 20460 20550 D virtual64bit:p: TrackPlayerBase::TrackPlayerBase()
04-12 15:08:58.704 20460 20550 I libOpenSLES: Emulating old channel mask behavior (ignoring positional mask 0x3, using default mask 0x3 based on channel count of 2)
