04-12 15:08:56.775 20460 20460 D Pine : InstallReplacementTrampoline: origin 0x700bc560 origin_entry 0x78fad01fa0 bridge_jump 0x797dd2fa00
04-12 15:08:56.776 20460 20460 D Pine : Hooking method public static java.net.InetAddress[] java.net.InetAddress.getAllByName(java.lang.String) throws java.net.UnknownHostException with callback de.robv.android.xposed.XposedBridge$Handler@bc4be32
04-12 15:08:56.776 20460 20460 W Pine : JIT compilation is not supported in Android R yet
04-12 15:08:56.776 20460 20460 D Pine : InstallReplacementTrampoline: origin 0x70088878 origin_entry 0x78fad01fa0 bridge_jump 0x797dd2faa0
04-12 15:08:56.777 20460 20460 D Pine : Hooking method public static java.net.InetAddress java.net.InetAddress.getByName(java.lang.String) throws java.net.UnknownHostException with callback de.robv.android.xposed.XposedBridge$Handler@19c2d00
04-12 15:08:56.777 20460 20460 W Pine : JIT compilation is not supported in Android R yet
04-12 15:08:56.777 20460 20460 D Pine : InstallReplacementTrampoline: origin 0x70088940 origin_entry 0x78fad01fa0 bridge_jump 0x797dd2fb40
04-12 15:08:56.778 20460 20460 D Pine : Hooking method public static java.net.InetSocketAddress java.net.InetSocketAddress.createUnresolved(java.lang.String,int) with callback de.robv.android.xposed.XposedBridge$Handler@9fc8b7e
04-12 15:08:56.778 20460 20460 W Pine : JIT compilation is not supported in Android R yet
04-12 15:08:56.778 20460 20460 D Pine : InstallReplacementTrampoline: origin 0x700bc5d8 origin_entry 0x78fad01fa0 bridge_jump 0x797dd2fbe0
04-12 15:08:56.779 20460 20460 D Pine : Hooking method private static void libcore.io.IoBridge.connectErrno(java.io.FileDescriptor,java.net.InetAddress,int,in t) throws android.system.ErrnoException,java.io.IOException with callback de.robv.android.xposed.XposedBridge$Handler@a17192c
04-12 15:08:56.779 20460 20460 W Pine : JIT compilation is not supported in Android R yet
04-12 15:08:56.779 20460 20460 D Pine : InstallReplacementTrampoline: origin 0x701e2c40 origin_entry 0x78fad01fa0 bridge_jump 0x797dd2fc80
04-12 15:08:56.780 20460 20460 D Pine : Hooking method public static boolean libcore.io.IoBridge.isConnected(java.io.FileDescriptor,java.net.InetAddress,int,int ,int) throws java.io.IOException with callback de.robv.android.xposed.XposedBridge$Handler@251e18a
04-12 15:08:56.780 20460 20460 W Pine : JIT compilation is not supported in Android R yet
04-12 15:08:56.780 20460 20460 D Pine : InstallReplacementTrampoline: origin 0x701e2d08 origin_entry 0x78fad01fa0 bridge_jump 0x797dd2fd20
04-12 15:08:56.781 20460 20460 D Pine : Hooking method public void libcore.io.BlockGuardOs.connect(java.io.FileDescriptor,java.net.InetAddress,int) throws android.system.ErrnoException,java.net.SocketException with callback de.robv.android.xposed.XposedBridge$Handler@6729c18
04-12 15:08:56.781 20460 20460 W Pine : JIT compilation is not supported in Android R yet
04-12 15:08:56.781 20460 20460 D Pine : InstallReplacementTrampoline: origin 0x701f1910 origin_entry 0x78fad01fa0 bridge_jump 0x797dd2fdc0
04-12 15:08:56.782 20460 20460 D Pine : Hooking method public void libcore.io.BlockGuardOs.connect(java.io.FileDescriptor,java.net.SocketAddress) throws android.system.ErrnoException,java.net.SocketException with callback de.robv.android.xposed.XposedBridge$Handler@1f48c56
04-12 15:08:56.782 20460 20460 W Pine : JIT compilation is not supported in Android R yet
04-12 15:08:56.782 20460 20460 D Pine : InstallReplacementTrampoline: origin 0x701f1938 origin_entry 0x78fad01fa0 bridge_jump 0x797dd2fe60
04-12 15:08:56.782 20460 20460 D Pine : Hooking method public java.net.InetAddress[] android.net.Network.getAllByName(java.lang.String) throws java.net.UnknownHostException with callback de.robv.android.xposed.XposedBridge$Handler@80161c4
04-12 15:08:56.783 20460 20460 W Pine : JIT compilation is not supported in Android R yet
04-12 15:08:56.783 20460 20460 D Pine : InstallReplacementTrampoline: origin 0x71147218 origin_entry 0x78fad01fa0 bridge_jump 0x797dd2ff00
04-12 15:08:56.783 20460 20460 D Pine : Hooking method public java.net.InetAddress android.net.Network.getByName(java.lang.String) throws java.net.UnknownHostException with callback de.robv.android.xposed.XposedBridge$Handler@74517e2
04-12 15:08:56.783 20460 20460 W Pine : JIT compilation is not supported in Android R yet
04-12 15:08:56.783 20460 20460 D Pine : Mapped new memory 0x797dd2e000 (size 4096)
04-12 15:08:56.783 20460 20460 D Pine : InstallReplacementTrampoline: origin 0x71147240 origin_entry 0x78fad01fa0 bridge_jump 0x797dd2e000
04-12 15:08:56.785 20460 20460 D Pine : Hooking method public java.lang.Process java.lang.Runtime.exec(java.lang.String) throws java.io.IOException with callback de.robv.android.xposed.XposedBridge$Handler@94d630
04-12 15:08:56.785 20460 20460 W Pine : JIT compilation is not supported in Android R yet
04-12 15:08:56.785 20460 20460 D Pine : InstallReplacementTrampoline: origin 0x70116d90 origin_entry 0x78fad01fa0 bridge_jump 0x797dd2e0a0
04-12 15:08:56.786 20460 20460 E Parcel : Reading a NULL string not supported here.
04-12 15:08:56.803 20460 20460 I Pine : handleBridge: artMethod=0x7139c800 originExtras=0x78f2a97ac0 extras=0x78f2ae5200 sp=0x7fe5e8cb30
04-12 15:08:56.803 20460 20460 D Pine : handleCall for method public final java.lang.String android.os.Parcel.readString()
04-12 15:08:56.805 20460 20460 I Pine : handleBridge: artMethod=0x7139c800 originExtras=0x78f2a97ac0 extras=0x78f2ae5200 sp=0x7fe5e8cb30
04-12 15:08:56.806 20460 20460 D Pine : handleCall for method public final java.lang.String android.os.Parcel.readString()
04-12 15:08:56.808 20460 20460 I Pine : handleBridge: artMethod=0x7139c800 originExtras=0x78f2a97ac0 extras=0x78f2ae5200 sp=0x7fe5e8cb30
04-12 15:08:56.808 20460 20460 D Pine : handleCall for method public final java.lang.String android.os.Parcel.readString()
04-12 15:08:56.809 20460 20460 I Pine : handleBridge: artMethod=0x7139c800 originExtras=0x78f2a97ac0 extras=0x78f2ae5200 sp=0x7fe5e8cb30
04-12 15:08:56.810 20460 20460 D Pine : handleCall for method public final java.lang.String android.os.Parcel.readString()
04-12 15:08:56.812 20460 20460 I Pine : handleBridge: artMethod=0x7139c800 originExtras=0x78f2a97ac0 extras=0x78f2ae5200 sp=0x7fe5e8cb30
04-12 15:08:56.812 20460 20460 D Pine : handleCall for method public final java.lang.String android.os.Parcel.readString()
04-12 15:08:56.836 20460 20460 D BlackBoxLoader: beforeApplicationOnCreate: pkg com.t2ksports.nba2k20and, processName com.t2ksports.nba2k20and
04-12 15:08:56.842 20460 20460 I Pine : handleBridge: artMethod=0x7139fe00 originExtras=0x78f2a977c0 extras=0x78f2ae5260 sp=0x7fe5e90b50
04-12 15:08:56.842 20460 20460 D Pine : handleCall for method public static java.lang.String android.os.SystemProperties.get(java.lang.String)
04-12 15:08:56.849 20460 20460 E Parcel : Reading a NULL string not supported here.
04-12 15:08:56.854 20460 20460 I Pine : handleBridge: artMethod=0x7139c800 originExtras=0x78f2a97ac0 extras=0x78f2ae5260 sp=0x7fe5e8e160
04-12 15:08:56.854 20460 20460 D Pine : handleCall for method public final java.lang.String android.os.Parcel.readString()
04-12 15:08:56.856 20460 20460 I Pine : handleBridge: artMethod=0x7139c800 originExtras=0x78f2a97ac0 extras=0x78f2ae5260 sp=0x7fe5e91380
04-12 15:08:56.856 20460 20460 D Pine : handleCall for method public final java.lang.String android.os.Parcel.readString()
04-12 15:08:56.858 20460 20460 I Pine : handleBridge: artMethod=0x7139c800 originExtras=0x78f2a97ac0 extras=0x78f2ae5260 sp=0x7fe5e911d0
04-12 15:08:56.858 20460 20460 D Pine : handleCall for method public final java.lang.String android.os.Parcel.readString()
04-12 15:08:56.859 20460 20460 I Pine : handleBridge: artMethod=0x7139c800 originExtras=0x78f2a97ac0 extras=0x78f2ae5260 sp=0x7fe5e91380
04-12 15:08:56.859 20460 20460 D Pine : handleCall for method public final java.lang.String android.os.Parcel.readString()
04-12 15:08:56.861 20460 20460 I Pine : handleBridge: artMethod=0x7139c800 originExtras=0x78f2a97ac0 extras=0x78f2ae5260 sp=0x7fe5e911d0
04-12 15:08:56.861 20460 20460 D Pine : handleCall for method public final java.lang.String android.os.Parcel.readString()
04-12 15:08:56.862 20460 20460 I Pine : handleBridge: artMethod=0x7139c800 originExtras=0x78f2a97ac0 extras=0x78f2ae5260 sp=0x7fe5e91380
04-12 15:08:56.862 20460 20460 D Pine : handleCall for method public final java.lang.String android.os.Parcel.readString()
04-12 15:08:56.863 20460 20460 I Pine : handleBridge: artMethod=0x7139c800 originExtras=0x78f2a97ac0 extras=0x78f2ae5260 sp=0x7fe5e911d0
04-12 15:08:56.863 20460 20460 D Pine : handleCall for method public final java.lang.String android.os.Parcel.readString()
04-12 15:08:56.865 20460 20460 I Pine : handleBridge: artMethod=0x7139c800 originExtras=0x78f2a97ac0 extras=0x78f2ae5260 sp=0x7fe5e91380
04-12 15:08:56.865 20460 20460 D Pine : handleCall for method public final java.lang.String android.os.Parcel.readString()
04-12 15:08:56.866 20460 20460 I Pine : handleBridge: artMethod=0x7139c800 originExtras=0x78f2a97ac0 extras=0x78f2ae5260 sp=0x7fe5e911d0
04-12 15:08:56.866 20460 20460 D Pine : handleCall for method public final java.lang.String android.os.Parcel.readString()
04-12 15:08:56.867 20460 20460 I Pine : handleBridge: artMethod=0x7139c800 originExtras=0x78f2a97ac0 extras=0x78f2ae5260 sp=0x7fe5e91380
04-12 15:08:56.868 20460 20460 D Pine : handleCall for method public final java.lang.String android.os.Parcel.readString()
04-12 15:08:56.869 20460 20460 E Parcel : Reading a NULL string not supported here.
04-12 15:08:56.869 20460 20518 I Pine : handleBridge: artMethod=0x7139c800 originExtras=0x78f2a97ac0 extras=0x78eb0b1060 sp=0x788d6c2bf0
04-12 15:08:56.870 20460 20518 D Pine : handleCall for method public final java.lang.String android.os.Parcel.readString()
04-12 15:08:56.861 20460 20460 W Adjust-pool-2-t: type=1400 audit(0.0:655315): avc: denied { search } for name="net" dev="sysfs" ino=30172 scontext=u:r:untrusted_app_27:s0:c127,c259,c512,c768 tcontext=u:object_r:sysfs_net:s0 tclass=dir permissive=0 app=com.jdexpert.virtual64bit
04-12 15:08:56.871 20460 20518 I Pine : handleBridge: artMethod=0x7139c800 originExtras=0x78f2a97ac0 extras=0x78eb0b1060 sp=0x788d6c2bf0
04-12 15:08:56.871 20460 20518 D Pine : handleCall for method public final java.lang.String android.os.Parcel.readString()
04-12 15:08:56.872 20460 20518 I Pine : handleBridge: artMethod=0x7139c800 originExtras=0x78f2a97ac0 extras=0x78eb0b1060 sp=0x788d6c28c0
04-12 15:08:56.872 20460 20518 D Pine : handleCall for method public final java.lang.String android.os.Parcel.readString()
04-12 15:08:56.861 20460 20460 W Adjust-pool-2-t: type=1400 audit(0.0:655316): avc: denied { search } for name="net" dev="sysfs" ino=30172 scontext=u:r:untrusted_app_27:s0:c127,c259,c512,c768 tcontext=u:object_r:sysfs_net:s0 tclass=dir permissive=0 app=com.jdexpert.virtual64bit
04-12 15:08:56.874 20460 20518 I Pine : handleBridge: artMethod=0x7139c800 originExtras=0x78f2a97ac0 extras=0x78eb0b1060 sp=0x788d6c2bf0
04-12 15:08:56.874 20460 20518 D Pine : handleCall for method public final java.lang.String android.os.Parcel.readString()
04-12 15:08:56.875 20460 20518 I Pine : handleBridge: artMethod=0x7139c800 originExtras=0x78f2a97ac0 extras=0x78eb0b1060 sp=0x788d6c2bf0
04-12 15:08:56.875 20460 20518 D Pine : handleCall for method public final java.lang.String android.os.Parcel.readString()
04-12 15:08:56.876 20460 20518 I Pine : handleBridge: artMethod=0x7139c800 originExtras=0x78f2a97ac0 extras=0x78eb0b1060 sp=0x788d6c2bf0
04-12 15:08:56.877 20460 20518 D Pine : handleCall for method public final java.lang.String android.os.Parcel.readString()
04-12 15:08:56.878 20460 20518 I Pine : handleBridge: artMethod=0x7139c800 originExtras=0x78f2a97ac0 extras=0x78eb0b1060 sp=0x788d6c2bf0
04-12 15:08:56.878 20460 20518 D Pine : handleCall for method public final java.lang.String android.os.Parcel.readString()
04-12 15:08:56.883 20460 20518 I Pine : handleBridge: artMethod=0x79815fbee8 originExtras=0x78f2a97b20 extras=0x78eb0b1060 sp=0x788d6c4f20
04-12 15:08:56.883 20460 20518 D Pine : handleCall for method public java.lang.String android.net.wifi.WifiInfo.getMacAddress()
04-12 15:08:56.886 20460 20518 I Pine : handleBridge: artMethod=0x711b5448 originExtras=0x78f2a978e0 extras=0x78eb0b1060 sp=0x788d6c5c20
04-12 15:08:56.887 20460 20518 D Pine : handleCall for method public static java.lang.String android.provider.Settings$Secure.getString(android.content.ContentResolver,java.lan g.String)
04-12 15:08:56.890 20460 20518 I Pine : handleBridge: artMethod=0x7139c800 originExtras=0x78f2a97ac0 extras=0x78eb0b10c0 sp=0x788d6c3650
04-12 15:08:56.891 20460 20518 D Pine : handleCall for method public final java.lang.String android.os.Parcel.readString()
04-12 15:08:56.892 20460 20518 I Pine : handleBridge: artMethod=0x7139c800 originExtras=0x78f2a97ac0 extras=0x78eb0b10c0 sp=0x788d6c3130
04-12 15:08:56.892 20460 20518 D Pine : handleCall for method public final java.lang.String android.os.Parcel.readString()
04-12 15:08:56.893 20460 20518 I Pine : handleBridge: artMethod=0x7139c800 originExtras=0x78f2a97ac0 extras=0x78eb0b10c0 sp=0x788d6c2920
04-12 15:08:56.894 20460 20518 D Pine : handleCall for method public final java.lang.String android.os.Parcel.readString()
04-12 15:08:56.895 20460 20518 I Pine : handleBridge: artMethod=0x7139c800 originExtras=0x78f2a97ac0 extras=0x78eb0b10c0 sp=0x788d6c3650
04-12 15:08:56.895 20460 20518 D Pine : handleCall for method public final java.lang.String android.os.Parcel.readString()
04-12 15:08:56.896 20460 20518 I Pine : handleBridge: artMethod=0x7139c800 originExtras=0x78f2a97ac0 extras=0x78eb0b10c0 sp=0x788d6c34a0
04-12 15:08:56.897 20460 20518 D Pine : handleCall for method public final java.lang.String android.os.Parcel.readString()
04-12 15:08:56.898 20460 20518 I Pine : handleBridge: artMethod=0x7139c800 originExtras=0x78f2a97ac0 extras=0x78eb0b10c0 sp=0x788d6c3650
04-12 15:08:56.898 20460 20518 D Pine : handleCall for method public final java.lang.String android.os.Parcel.readString()
04-12 15:08:56.900 20460 20518 I Pine : handleBridge: artMethod=0x7139c800 originExtras=0x78f2a97ac0 extras=0x78eb0b10c0 sp=0x788d6c3650
04-12 15:08:56.900 20460 20518 D Pine : handleCall for method public final java.lang.String android.os.Parcel.readString()
04-12 15:08:56.902 20460 20518 E Parcel : Reading a NULL string not supported here.
04-12 15:08:56.904 20460 20460 I Pine : handleBridge: artMethod=0x7139c800 originExtras=0x78f2a97ac0 extras=0x78f2ae5260 sp=0x7fe5e8dea0
04-12 15:08:56.904 20460 20460 D Pine : handleCall for method public final java.lang.String android.os.Parcel.readString()
04-12 15:08:56.906 20460 20460 I Pine : handleBridge: artMethod=0x7139c800 originExtras=0x78f2a97ac0 extras=0x78f2ae5260 sp=0x7fe5e8d1f0
04-12 15:08:56.906 20460 20460 D Pine : handleCall for method public final java.lang.String android.os.Parcel.readString()
04-12 15:08:56.907 20460 20518 I Pine : handleBridge: artMethod=0x7139c800 originExtras=0x78f2a97ac0 extras=0x78eb0b10c0 sp=0x788d6c2f90
04-12 15:08:56.907 20460 20518 D Pine : handleCall for method public final java.lang.String android.os.Parcel.readString()
04-12 15:08:56.908 20460 20460 I Pine : handleBridge: artMethod=0x7139c800 originExtras=0x78f2a97ac0 extras=0x78f2ae5260 sp=0x7fe5e8d1f0
04-12 15:08:56.908 20460 20460 D Pine : handleCall for method public final java.lang.String android.os.Parcel.readString()
04-12 15:08:56.909 20460 20460 I Pine : handleBridge: artMethod=0x7139c800 originExtras=0x78f2a97ac0 extras=0x78f2ae5260 sp=0x7fe5e8d1f0
04-12 15:08:56.909 20460 20460 D Pine : handleCall for method public final java.lang.String android.os.Parcel.readString()
04-12 15:08:56.910 20460 20518 D ActivityManagerStub: hook getContentProvider: com.facebook.katana.provider.AttributionIdProvider
04-12 15:08:56.910 20460 20518 E Parcel : Reading a NULL string not supported here.
04-12 15:08:56.911 20460 20460 I Pine : handleBridge: artMethod=0x7139c800 originExtras=0x78f2a97ac0 extras=0x78f2ae5260 sp=0x7fe5e8d1f0
04-12 15:08:56.911 20460 20460 D Pine : handleCall for method public final java.lang.String android.os.Parcel.readString()
04-12 15:08:56.912 20460 20518 E ActivityThread: Failed to find provider info for com.facebook.katana.provider.AttributionIdProvider
04-12 15:08:56.913 20460 20460 I Pine : handleBridge: artMethod=0x7139c800 originExtras=0x78f2a97ac0 extras=0x78f2ae5260 sp=0x7fe5e8d1f0
04-12 15:08:56.913 20460 20518 E Parcel : Reading a NULL string not supported here.
04-12 15:08:56.913 20460 20460 D Pine : handleCall for method public final java.lang.String android.os.Parcel.readString()
04-12 15:08:56.915 20460 20460 I Pine : handleBridge: artMethod=0x7139c800 originExtras=0x78f2a97ac0 extras=0x78f2ae5260 sp=0x7fe5e8d1f0
04-12 15:08:56.915 20460 20460 D Pine : handleCall for method public final java.lang.String android.os.Parcel.readString()
04-12 15:08:56.916 20460 20460 I Pine : handleBridge: artMethod=0x7139c800 originExtras=0x78f2a97ac0 extras=0x78f2ae5260 sp=0x7fe5e8d1f0
04-12 15:08:56.917 20460 20460 D Pine : handleCall for method public final java.lang.String android.os.Parcel.readString()
04-12 15:08:56.918 20460 20460 I Pine : handleBridge: artMethod=0x7139c800 originExtras=0x78f2a97ac0 extras=0x78f2ae5260 sp=0x7fe5e8cdc0
04-12 15:08:56.919 20460 20460 D Pine : handleCall for method public final java.lang.String android.os.Parcel.readString()
04-12 15:08:56.920 20460 20460 I Pine : handleBridge: artMethod=0x7139c800 originExtras=0x78f2a97ac0 extras=0x78f2ae5260 sp=0x7fe5e8cdc0
04-12 15:08:56.920 20460 20518 I Pine : handleBridge: artMethod=0x7139c800 originExtras=0x78f2a97ac0 extras=0x78eb0b1120 sp=0x788d6c2b50
04-12 15:08:56.920 20460 20460 D Pine : handleCall for method public final java.lang.String android.os.Parcel.readString()
04-12 15:08:56.920 20460 20518 D Pine : handleCall for method public final java.lang.String android.os.Parcel.readString()
04-12 15:08:56.931 20460 20518 I Pine : handleBridge: artMethod=0x711b5448 originExtras=0x78f2a978e0 extras=0x78eb0b1120 sp=0x788d6c6a00
04-12 15:08:56.931 20460 20518 D Pine : handleCall for method public static java.lang.String android.provider.Settings$Secure.getString(android.content.ContentResolver,java.lan g.String)
04-12 15:08:56.932 20460 20460 D BlackBoxLoader: afterApplicationOnCreate: pkg com.t2ksports.nba2k20and, processName com.t2ksports.nba2k20and
04-12 15:08:56.933 20460 20518 I Pine : handleBridge: artMethod=0x7139c800 originExtras=0x78f2a97ac0 extras=0x78eb0b1120 sp=0x788d6c4430
04-12 15:08:56.933 20460 20518 D Pine : handleCall for method public final java.lang.String android.os.Parcel.readString()
04-12 15:08:56.936 20460 20522 I Pine : handleBridge: artMethod=0x7139c800 originExtras=0x78f2a97ac0 extras=0x78f2ae5620 sp=0x788a3a8180
04-12 15:08:56.936 20460 20522 D Pine : handleCall for method public final java.lang.String android.os.Parcel.readString()
04-12 15:08:56.937 20460 20518 I Pine : handleBridge: artMethod=0x7139c800 originExtras=0x78f2a97ac0 extras=0x78eb0b1120 sp=0x788d6c5c30
04-12 15:08:56.938 20460 20518 D Pine : handleCall for method public final java.lang.String android.os.Parcel.readString()
04-12 15:08:56.938 20460 20522 I Pine : handleBridge: artMethod=0x7139c800 originExtras=0x78f2a97ac0 extras=0x78f2ae5620 sp=0x788a3a7c60
04-12 15:08:56.938 20460 20522 D Pine : handleCall for method public final java.lang.String android.os.Parcel.readString()
04-12 15:08:56.940 20460 20522 I Pine : handleBridge: artMethod=0x7139c800 originExtras=0x78f2a97ac0 extras=0x78f2ae5620 sp=0x788a3a7450
04-12 15:08:56.940 20460 20522 D Pine : handleCall for method public final java.lang.String android.os.Parcel.readString()
04-12 15:08:56.942 20460 20522 I Pine : handleBridge: artMethod=0x7139c800 originExtras=0x78f2a97ac0 extras=0x78f2ae5620 sp=0x788a3a8180
04-12 15:08:56.942 20460 20522 D Pine : handleCall for method public final java.lang.String android.os.Parcel.readString()
04-12 15:08:56.943 20460 20523 I Pine : handleBridge: artMethod=0x7139fe28 originExtras=0x78f2a97880 extras=0x78eb0b1720 sp=0x788929e430
04-12 15:08:56.944 20460 20523 D Pine : handleCall for method public static java.lang.String android.os.SystemProperties.get(java.lang.String,java.lang.String)
04-12 15:08:56.945 20460 20460 E Parcel : Reading a NULL string not supported here.
04-12 15:08:56.945 20460 20522 I Pine : handleBridge: artMethod=0x7139c800 originExtras=0x78f2a97ac0 extras=0x78f2ae5620 sp=0x788a3a7fd0
04-12 15:08:56.945 20460 20522 D Pine : handleCall for method public final java.lang.String android.os.Parcel.readString()
04-12 15:08:56.945 20460 20525 I Pine : handleBridge: artMethod=0x7139fe28 originExtras=0x78f2a97880 extras=0x78eb0b1600 sp=0x788708a430
04-12 15:08:56.946 20460 20525 D Pine : handleCall for method public static java.lang.String android.os.SystemProperties.get(java.lang.String,java.lang.String)
04-12 15:08:56.946 20460 20522 I Pine : handleBridge: artMethod=0x7139c800 originExtras=0x78f2a97ac0 extras=0x78f2ae5620 sp=0x788a3a8180
04-12 15:08:56.947 20460 20522 D Pine : handleCall for method public final java.lang.String android.os.Parcel.readString()
04-12 15:08:56.948 20460 20522 I Pine : handleBridge: artMethod=0x7139c800 originExtras=0x78f2a97ac0 extras=0x78f2ae5620 sp=0x788a3a8180
04-12 15:08:56.948 20460 20522 D Pine : handleCall for method public final java.lang.String android.os.Parcel.readString()
04-12 15:08:56.950 20460 20523 I Pine : handleBridge: artMethod=0x7139fe28 originExtras=0x78f2a97880 extras=0x78eb0b1720 sp=0x788929e420
04-12 15:08:56.951 20460 20523 D Pine : handleCall for method public static java.lang.String android.os.SystemProperties.get(java.lang.String,java.lang.String)
04-12 15:08:56.952 20396 20419 D ActivityStack: onActivityCreated : ComponentInfo{com.t2ksports.nba2k20and/com.t2ksports.nba2k20and.gameactivity}
04-12 15:08:56.953 20460 20525 I Pine : handleBridge: artMethod=0x7139fe28 originExtras=0x78f2a97880 extras=0x78eb0b1600 sp=0x788708a420
04-12 15:08:56.953 20460 20525 D Pine : handleCall for method public static java.lang.String android.os.SystemProperties.get(java.lang.String,java.lang.String)
04-12 15:08:56.958 20460 20522 I Pine : handleBridge: artMethod=0x7139fe28 originExtras=0x78f2a97880 extras=0x78f2ae5800 sp=0x788a3a8420
04-12 15:08:56.958 20460 20522 D Pine : handleCall for method public static java.lang.String android.os.SystemProperties.get(java.lang.String,java.lang.String)
04-12 15:08:56.962 20460 20522 I Pine : handleBridge: artMethod=0x7139fe28 originExtras=0x78f2a97880 extras=0x78f2ae5b00 sp=0x788a3a8410
04-12 15:08:56.962 20460 20522 D Pine : handleCall for method public static java.lang.String android.os.SystemProperties.get(java.lang.String,java.lang.String)
04-12 15:08:56.963 20460 20460 I Pine : handleBridge: artMethod=0x7139fe00 originExtras=0x78f2a977c0 extras=0x78f2ae58c0 sp=0x7fe5e8fdb0
04-12 15:08:56.964 20460 20460 D Pine : handleCall for method public static java.lang.String android.os.SystemProperties.get(java.lang.String)
04-12 15:08:56.977 20460 20460 I Pine : handleBridge: artMethod=0x7139fe00 originExtras=0x78f2a977c0 extras=0x78f2ae5920 sp=0x7fe5e8fff0
04-12 15:08:56.977 20460 20460 D Pine : handleCall for method public static java.lang.String android.os.SystemProperties.get(java.lang.String)
04-12 15:08:56.979 20460 20534 E libEGL : Invalid file path for libcolorx- loader.so
04-12 15:08:56.981 20460 20460 I Pine : handleBridge: artMethod=0x7139fe00 originExtras=0x78f2a977c0 extras=0x78f2ae5920 sp=0x7fe5e91b40
04-12 15:08:56.982 20460 20460 D Pine : handleCall for method public static java.lang.String android.os.SystemProperties.get(java.lang.String)
04-12 15:08:57.232 20460 20460 I Pine : handleBridge: artMethod=0x7139c800 originExtras=0x78f2a97ac0 extras=0x78f2ae5920 sp=0x7fe5e90a90
04-12 15:08:57.232 20460 20460 D Pine : handleCall for method public final java.lang.String android.os.Parcel.readString()
04-12 15:08:57.235 20460 20460 I Pine : handleBridge: artMethod=0x7139c800 originExtras=0x78f2a97ac0 extras=0x78f2ae5920 sp=0x7fe5e90c40
04-12 15:08:57.235 20460 20460 D Pine : handleCall for method public final java.lang.String android.os.Parcel.readString()
04-12 15:08:57.236 20460 20460 I Pine : handleBridge: artMethod=0x7139c800 originExtras=0x78f2a97ac0 extras=0x78f2ae5920 sp=0x7fe5e90a90
04-12 15:08:57.236 20460 20460 D Pine : handleCall for method public final java.lang.String android.os.Parcel.readString()
04-12 15:08:57.239 20460 20460 I oplus.android.OplusFrameworkFactoryImpl: getOplusRedPacketManager
04-12 15:08:57.241 20460 20460 E Parcel : Reading a NULL string not supported here.
04-12 15:08:57.246 20460 20460 I Pine : handleBridge: artMethod=0x7139c800 originExtras=0x78f2a97ac0 extras=0x78f2ae5c80 sp=0x7fe5e8c460
04-12 15:08:57.246 20460 20460 D Pine : handleCall for method public final java.lang.String android.os.Parcel.readString()
04-12 15:08:57.249 20460 20460 E Parcel : Reading a NULL string not supported here.
04-12 15:08:57.254 20460 20460 I Pine : handleBridge: artMethod=0x7139c800 originExtras=0x78f2a97ac0 extras=0x78f2ae5c80 sp=0x7fe5e8c2e0
04-12 15:08:57.255 20460 20460 D Pine : handleCall for method public final java.lang.String android.os.Parcel.readString()
04-12 15:08:57.263 20460 20460 D AppInstrumentation: callActivityOnCreate: com.t2ksports.nba2k20and.gameactivity
04-12 15:08:57.275 20460 20460 E Parcel : Reading a NULL string not supported here.
04-12 15:08:57.281 20460 20460 I Pine : handleBridge: artMethod=0x7139c800 originExtras=0x78f2a97ac0 extras=0x78f2ae5c80 sp=0x7fe5e8d820
04-12 15:08:57.282 20460 20460 D Pine : handleCall for method public final java.lang.String android.os.Parcel.readString()
04-12 15:08:57.332 20460 20499 I Pine : handleBridge: artMethod=0x713b58b8 originExtras=0x78f2a97a60 extras=0x78f2a96b60 sp=0x78e6e53de0
04-12 15:08:57.332 20460 20499 D Pine : handleCall for method private boolean android.os.Binder.execTransact(int,long,long,int)
04-12 15:08:57.351 20460 20499 I Pine : handleBridge: artMethod=0x7139c800 originExtras=0x78f2a97ac0 extras=0x78f2a96b60 sp=0x78e6e51350
04-12 15:08:57.352 20460 20499 D Pine : handleCall for method public final java.lang.String android.os.Parcel.readString()
04-12 15:08:57.353 20460 20499 I Pine : handleBridge: artMethod=0x7139c800 originExtras=0x78f2a97ac0 extras=0x78f2a96b60 sp=0x78e6e511a0
04-12 15:08:57.353 20460 20499 D Pine : handleCall for method public final java.lang.String android.os.Parcel.readString()
04-12 15:08:57.355 20460 20499 I Pine : handleBridge: artMethod=0x7139c800 originExtras=0x78f2a97ac0 extras=0x78f2a96b60 sp=0x78e6e50030
04-12 15:08:57.355 20460 20499 D Pine : handleCall for method public final java.lang.String android.os.Parcel.readString()
04-12 15:08:57.356 20460 20499 I Pine : handleBridge: artMethod=0x7139c800 originExtras=0x78f2a97ac0 extras=0x78f2a96b60 sp=0x78e6e4fe80
04-12 15:08:57.357 20460 20499 D Pine : handleCall for method public final java.lang.String android.os.Parcel.readString()
04-12 15:08:57.358 20460 20499 I Pine : handleBridge: artMethod=0x7139c800 originExtras=0x78f2a97ac0 extras=0x78f2a96b60 sp=0x78e6e4f500
04-12 15:08:57.358 20460 20499 D Pine : handleCall for method public final java.lang.String android.os.Parcel.readString()
04-12 15:08:57.359 20460 20499 I Pine : handleBridge: artMethod=0x7139c800 originExtras=0x78f2a97ac0 extras=0x78f2a96b60 sp=0x78e6e4f500
04-12 15:08:57.359 20460 20499 D Pine : handleCall for method public final java.lang.String android.os.Parcel.readString()
04-12 15:08:57.361 20460 20499 I Pine : handleBridge: artMethod=0x7139c800 originExtras=0x78f2a97ac0 extras=0x78f2a96b60 sp=0x78e6e50210
04-12 15:08:57.361 20460 20499 D Pine : handleCall for method public final java.lang.String android.os.Parcel.readString()
04-12 15:08:57.422 20460 20460 I Pine : handleBridge: artMethod=0x7139c800 originExtras=0x78f2a97ac0 extras=0x78f2ae5c80 sp=0x7fe5e8ce80
04-12 15:08:57.422 20460 20460 D Pine : handleCall for method public final java.lang.String android.os.Parcel.readString()
04-12 15:08:57.424 20460 20460 I Pine : handleBridge: artMethod=0x7139c800 originExtras=0x78f2a97ac0 extras=0x78f2ae5c80 sp=0x7fe5e8ce80
04-12 15:08:57.425 20460 20460 D Pine : handleCall for method public final java.lang.String android.os.Parcel.readString()
04-12 15:08:57.427 20460 20460 I Pine : handleBridge: artMethod=0x7139c800 originExtras=0x78f2a97ac0 extras=0x78f2ae5c80 sp=0x7fe5e8ca00
04-12 15:08:57.427 20460 20460 D Pine : handleCall for method public final java.lang.String android.os.Parcel.readString()
04-12 15:08:57.429 20460 20460 I Pine : handleBridge: artMethod=0x7139c800 originExtras=0x78f2a97ac0 extras=0x78f2ae5c80 sp=0x7fe5e8ca00
04-12 15:08:57.429 20460 20460 D Pine : handleCall for method public final java.lang.String android.os.Parcel.readString()
04-12 15:08:57.431 20460 20460 I Pine : handleBridge: artMethod=0x7139c800 originExtras=0x78f2a97ac0 extras=0x78f2ae5c80 sp=0x7fe5e8c850
04-12 15:08:57.431 20460 20460 D Pine : handleCall for method public final java.lang.String android.os.Parcel.readString()
04-12 15:08:57.433 20460 20460 I Pine : handleBridge: artMethod=0x7139c800 originExtras=0x78f2a97ac0 extras=0x78f2ae5c80 sp=0x7fe5e8c4e0
04-12 15:08:57.434 20460 20460 D Pine : handleCall for method public final java.lang.String android.os.Parcel.readString()
04-12 15:08:57.436 20460 20460 I Pine : handleBridge: artMethod=0x7139c800 originExtras=0x78f2a97ac0 extras=0x78f2ae5c80 sp=0x7fe5e8ce80
04-12 15:08:57.436 20460 20460 D Pine : handleCall for method public final java.lang.String android.os.Parcel.readString()
04-12 15:08:57.450 20460 20460 I Pine : handleBridge: artMethod=0x7139c800 originExtras=0x78f2a97ac0 extras=0x78f2ae5c80 sp=0x7fe5e8dd80
04-12 15:08:57.450 20460 20460 D Pine : handleCall for method public final java.lang.String android.os.Parcel.readString()
04-12 15:08:57.452 20460 20460 I Pine : handleBridge: artMethod=0x7139c800 originExtras=0x78f2a97ac0 extras=0x78f2ae5c80 sp=0x7fe5e8dbd0
04-12 15:08:57.452 20460 20460 D Pine : handleCall for method public final java.lang.String android.os.Parcel.readString()
04-12 15:08:57.454 20460 20460 I Pine : handleBridge: artMethod=0x7139c800 originExtras=0x78f2a97ac0 extras=0x78f2ae5c80 sp=0x7fe5e8dbd0
04-12 15:08:57.454 20460 20460 D Pine : handleCall for method public final java.lang.String android.os.Parcel.readString()
04-12 15:08:57.456 20460 20460 I Pine : handleBridge: artMethod=0x7139c800 originExtras=0x78f2a97ac0 extras=0x78f2ae5c80 sp=0x7fe5e8dbd0
04-12 15:08:57.456 20460 20460 D Pine : handleCall for method public final java.lang.String android.os.Parcel.readString()
04-12 15:08:57.459 20460 20460 I Pine : handleBridge: artMethod=0x7139c800 originExtras=0x78f2a97ac0 extras=0x78f2ae5c80 sp=0x7fe5e8dbd0
04-12 15:08:57.459 20460 20460 D Pine : handleCall for method public final java.lang.String android.os.Parcel.readString()
04-12 15:08:57.461 20460 20460 I Pine : handleBridge: artMethod=0x7139c800 originExtras=0x78f2a97ac0 extras=0x78f2ae5c80 sp=0x7fe5e8dbd0
04-12 15:08:57.461 20460 20460 D Pine : handleCall for method public final java.lang.String android.os.Parcel.readString()
04-12 15:08:57.463 20460 20460 I Pine : handleBridge: artMethod=0x7139c800 originExtras=0x78f2a97ac0 extras=0x78f2ae5c80 sp=0x7fe5e8dbd0
04-12 15:08:57.463 20460 20460 D Pine : handleCall for method public final java.lang.String android.os.Parcel.readString()
04-12 15:08:57.465 20460 20460 I Pine : handleBridge: artMethod=0x7139c800 originExtras=0x78f2a97ac0 extras=0x78f2ae5c80 sp=0x7fe5e8dbd0
04-12 15:08:57.465 20460 20460 D Pine : handleCall for method public final java.lang.String android.os.Parcel.readString()
04-12 15:08:57.468 20460 20460 I Pine : handleBridge: artMethod=0x7139c800 originExtras=0x78f2a97ac0 extras=0x78f2ae5c80 sp=0x7fe5e8dbd0
04-12 15:08:57.468 20460 20460 D Pine : handleCall for method public final java.lang.String android.os.Parcel.readString()
04-12 15:08:57.470 20460 20460 I Pine : handleBridge: artMethod=0x7139c800 originExtras=0x78f2a97ac0 extras=0x78f2ae5c80 sp=0x7fe5e8dbd0
04-12 15:08:57.470 20460 20460 D Pine : handleCall for method public final java.lang.String android.os.Parcel.readString()
04-12 15:08:57.472 20460 20460 I Pine : handleBridge: artMethod=0x7139c800 originExtras=0x78f2a97ac0 extras=0x78f2ae5c80 sp=0x7fe5e8dbd0
04-12 15:08:57.472 20460 20460 D Pine : handleCall for method public final java.lang.String android.os.Parcel.readString()
04-12 15:08:57.476 20460 20460 I Pine : handleBridge: artMethod=0x7139c800 originExtras=0x78f2a97ac0 extras=0x78f2ae5c80 sp=0x7fe5e8dbd0
04-12 15:08:57.476 20460 20460 D Pine : handleCall for method public final java.lang.String android.os.Parcel.readString()
04-12 15:08:57.478 20460 20460 I Pine : handleBridge: artMethod=0x7139c800 originExtras=0x78f2a97ac0 extras=0x78f2ae5c80 sp=0x7fe5e8dbd0
04-12 15:08:57.478 20460 20460 D Pine : handleCall for method public final java.lang.String android.os.Parcel.readString()
04-12 15:08:57.482 20460 20460 I Pine : handleBridge: artMethod=0x7139c800 originExtras=0x78f2a97ac0 extras=0x78f2ae5c80 sp=0x7fe5e8dbd0
04-12 15:08:57.483 20460 20460 D Pine : handleCall for method public final java.lang.String android.os.Parcel.readString()
04-12 15:08:57.484 20460 20460 I Pine : handleBridge: artMethod=0x7139c800 originExtras=0x78f2a97ac0 extras=0x78f2ae5c80 sp=0x7fe5e8dbd0
04-12 15:08:57.484 20460 20460 D Pine : handleCall for method public final java.lang.String android.os.Parcel.readString()
04-12 15:08:57.486 20460 20460 I Pine : handleBridge: artMethod=0x7139c800 originExtras=0x78f2a97ac0 extras=0x78f2ae5c80 sp=0x7fe5e8dbd0
04-12 15:08:57.486 20460 20460 D Pine : handleCall for method public final java.lang.String android.os.Parcel.readString()
04-12 15:08:57.488 20460 20460 I Pine : handleBridge: artMethod=0x7139c800 originExtras=0x78f2a97ac0 extras=0x78f2ae5c80 sp=0x7fe5e8dbd0
04-12 15:08:57.488 20460 20460 D Pine : handleCall for method public final java.lang.String android.os.Parcel.readString()
04-12 15:08:57.514 20460 20499 I Pine : handleBridge: artMethod=0x713b58b8 originExtras=0x78f2a97a60 extras=0x78f2a96b60 sp=0x78e6e53de0
04-12 15:08:57.514 20460 20499 D Pine : handleCall for method private boolean android.os.Binder.execTransact(int,long,long,int)
04-12 15:08:57.515 20460 20460 I Pine : handleBridge: artMethod=0x7139c800 originExtras=0x78f2a97ac0 extras=0x78f2ae5c80 sp=0x7fe5e90640
04-12 15:08:57.515 20460 20460 D Pine : handleCall for method public final java.lang.String android.os.Parcel.readString()
04-12 15:08:57.518 20460 20460 I Pine : handleBridge: artMethod=0x7139c800 originExtras=0x78f2a97ac0 extras=0x78f2ae5c80 sp=0x7fe5e90640
04-12 15:08:57.518 20460 20460 D Pine : handleCall for method public final java.lang.String android.os.Parcel.readString()
04-12 15:08:57.521 20460 20460 I Pine : handleBridge: artMethod=0x7139c800 originExtras=0x78f2a97ac0 extras=0x78f2ae5c80 sp=0x7fe5e90640
04-12 15:08:57.521 20460 20460 D Pine : handleCall for method public final java.lang.String android.os.Parcel.readString()
04-12 15:08:57.523 20460 20460 I Pine : handleBridge: artMethod=0x7139c800 originExtras=0x78f2a97ac0 extras=0x78f2ae5c80 sp=0x7fe5e90be0
04-12 15:08:57.523 20460 20460 D Pine : handleCall for method public final java.lang.String android.os.Parcel.readString()
04-12 15:08:57.527 20460 20460 I Pine : handleBridge: artMethod=0x7139c800 originExtras=0x78f2a97ac0 extras=0x78f2ae5c80 sp=0x7fe5e90a40
04-12 15:08:57.527 20460 20499 I Pine : handleBridge: artMethod=0x7139c800 originExtras=0x78f2a97ac0 extras=0x78f2a96b60 sp=0x78e6e51350
04-12 15:08:57.527 20460 20460 D Pine : handleCall for method public final java.lang.String android.os.Parcel.readString()
04-12 15:08:57.527 20460 20499 D Pine : handleCall for method public final java.lang.String android.os.Parcel.readString()
04-12 15:08:57.530 20460 20460 I Pine : handleBridge: artMethod=0x7139c800 originExtras=0x78f2a97ac0 extras=0x78f2ae5c80 sp=0x7fe5e907e0
04-12 15:08:57.531 20460 20460 D Pine : handleCall for method public final java.lang.String android.os.Parcel.readString()
04-12 15:08:57.547 20460 20499 I Pine : handleBridge: artMethod=0x7139c800 originExtras=0x78f2a97ac0 extras=0x78f2a96b60 sp=0x78e6e511a0
04-12 15:08:57.547 20460 20499 D Pine : handleCall for method public final java.lang.String android.os.Parcel.readString()
04-12 15:08:57.549 20460 20499 I Pine : handleBridge: artMethod=0x7139c800 originExtras=0x78f2a97ac0 extras=0x78f2a96b60 sp=0x78e6e50030
04-12 15:08:57.549 20460 20499 D Pine : handleCall for method public final java.lang.String android.os.Parcel.readString()
04-12 15:08:57.550 20460 20460 I Pine : handleBridge: artMethod=0x7139c800 originExtras=0x78f2a97ac0 extras=0x78f2ae5c80 sp=0x7fe5e90170
04-12 15:08:57.550 20460 20460 D Pine : handleCall for method public final java.lang.String android.os.Parcel.readString()
04-12 15:08:57.555 20460 20499 I Pine : handleBridge: artMethod=0x7139c800 originExtras=0x78f2a97ac0 extras=0x78f2a96b60 sp=0x78e6e4fe80
04-12 15:08:57.555 20460 20499 D Pine : handleCall for method public final java.lang.String android.os.Parcel.readString()
04-12 15:08:57.556 20460 20499 I Pine : handleBridge: artMethod=0x7139c800 originExtras=0x78f2a97ac0 extras=0x78f2a96b60 sp=0x78e6e4f500
04-12 15:08:57.557 20460 20499 D Pine : handleCall for method public final java.lang.String android.os.Parcel.readString()
04-12 15:08:57.558 20460 20460 D OplusInputMethodUtil: init DEBUG to false, update DEBUG_IME to false
04-12 15:08:57.562 20460 20460 I Pine : handleBridge: artMethod=0x7139c800 originExtras=0x78f2a97ac0 extras=0x78f2ae5c80 sp=0x7fe5e90990
04-12 15:08:57.562 20460 20460 D Pine : handleCall for method public final java.lang.String android.os.Parcel.readString()
04-12 15:08:57.565 20460 20460 I Pine : handleBridge: artMethod=0x7139c800 originExtras=0x78f2a97ac0 extras=0x78f2ae5c80 sp=0x7fe5e90990
04-12 15:08:57.565 20460 20460 D Pine : handleCall for method public final java.lang.String android.os.Parcel.readString()
04-12 15:08:57.571 20460 20499 I Pine : handleBridge: artMethod=0x7139c800 originExtras=0x78f2a97ac0 extras=0x78f2a96b60 sp=0x78e6e4f500
04-12 15:08:57.571 20460 20499 D Pine : handleCall for method public final java.lang.String android.os.Parcel.readString()
04-12 15:08:57.572 20460 20499 I Pine : handleBridge: artMethod=0x7139c800 originExtras=0x78f2a97ac0 extras=0x78f2a96b60 sp=0x78e6e50210
04-12 15:08:57.572 20460 20499 D Pine : handleCall for method public final java.lang.String android.os.Parcel.readString()
04-12 15:08:57.574 20460 20460 E Parcel : Reading a NULL string not supported here.
04-12 15:08:57.579 20460 20485 I Pine : handleBridge: artMethod=0x713b58b8 originExtras=0x78f2a97a60 extras=0x78fce2f2e0 sp=0x78eb4d6de0
04-12 15:08:57.579 20460 20485 D Pine : handleCall for method private boolean android.os.Binder.execTransact(int,long,long,int)
04-12 15:08:57.580 20460 20460 I Pine : handleBridge: artMethod=0x7139c800 originExtras=0x78f2a97ac0 extras=0x78f2ae5c80 sp=0x7fe5e8d6f0
04-12 15:08:57.580 20460 20485 I Pine : handleBridge: artMethod=0x7139c800 originExtras=0x78f2a97ac0 extras=0x78fce2f2e0 sp=0x78eb4d4350
04-12 15:08:57.580 20460 20485 D Pine : handleCall for method public final java.lang.String android.os.Parcel.readString()
04-12 15:08:57.581 20460 20460 D Pine : handleCall for method public final java.lang.String android.os.Parcel.readString()
04-12 15:08:57.582 20460 20485 I Pine : handleBridge: artMethod=0x7139c800 originExtras=0x78f2a97ac0 extras=0x78fce2f2e0 sp=0x78eb4d41a0
04-12 15:08:57.582 20460 20485 D Pine : handleCall for method public final java.lang.String android.os.Parcel.readString()
04-12 15:08:57.583 20460 20460 I Pine : handleBridge: artMethod=0x7139c800 originExtras=0x78f2a97ac0 extras=0x78f2ae5c80 sp=0x7fe5e90a30
04-12 15:08:57.583 20460 20460 D Pine : handleCall for method public final java.lang.String android.os.Parcel.readString()
04-12 15:08:57.584 20460 20485 I Pine : handleBridge: artMethod=0x7139c800 originExtras=0x78f2a97ac0 extras=0x78fce2f2e0 sp=0x78eb4d3030
04-12 15:08:57.584 20460 20460 I Pine : handleBridge: artMethod=0x7139c800 originExtras=0x78f2a97ac0 extras=0x78f2ae5c80 sp=0x7fe5e90880
04-12 15:08:57.584 20460 20485 D Pine : handleCall for method public final java.lang.String android.os.Parcel.readString()
04-12 15:08:57.585 20460 20460 D Pine : handleCall for method public final java.lang.String android.os.Parcel.readString()
04-12 15:08:57.587 20460 20460 E Parcel : Reading a NULL string not supported here.
04-12 15:08:57.587 20460 20485 I Pine : handleBridge: artMethod=0x7139c800 originExtras=0x78f2a97ac0 extras=0x78fce2f2e0 sp=0x78eb4d2e80
04-12 15:08:57.587 20460 20485 D Pine : handleCall for method public final java.lang.String android.os.Parcel.readString()
04-12 15:08:57.589 20460 20485 I Pine : handleBridge: artMethod=0x7139c800 originExtras=0x78f2a97ac0 extras=0x78fce2f2e0 sp=0x78eb4d2500
04-12 15:08:57.589 20460 20460 E Parcel : Reading a NULL string not supported here.
04-12 15:08:57.590 20460 20485 D Pine : handleCall for method public final java.lang.String android.os.Parcel.readString()
04-12 15:08:57.599 20460 20460 I Pine : handleBridge: artMethod=0x7139c800 originExtras=0x78f2a97ac0 extras=0x78f2ae5c80 sp=0x7fe5e8e340
04-12 15:08:57.599 20460 20460 D Pine : handleCall for method public final java.lang.String android.os.Parcel.readString()
04-12 15:08:57.601 20460 20485 I Pine : handleBridge: artMethod=0x7139c800 originExtras=0x78f2a97ac0 extras=0x78fce2f2e0 sp=0x78eb4d2500
04-12 15:08:57.602 20460 20485 D Pine : handleCall for method public final java.lang.String android.os.Parcel.readString()
04-12 15:08:57.604 20460 20460 E Parcel : Reading a NULL string not supported here.
04-12 15:08:57.606 20460 20499 I Pine : handleBridge: artMethod=0x713b58b8 originExtras=0x78f2a97a60 extras=0x78f2a96b60 sp=0x78e6e53de0
04-12 15:08:57.606 20460 20499 D Pine : handleCall for method private boolean android.os.Binder.execTransact(int,long,long,int)
04-12 15:08:57.606 20460 20460 E Parcel : Reading a NULL string not supported here.
04-12 15:08:57.613 20460 20485 I Pine : handleBridge: artMethod=0x7139c800 originExtras=0x78f2a97ac0 extras=0x78fce2f2e0 sp=0x78eb4d3210
04-12 15:08:57.618 20460 20485 D Pine : handleCall for method public final java.lang.String android.os.Parcel.readString()
04-12 15:08:57.620 20460 20460 I Pine : handleBridge: artMethod=0x7139c800 originExtras=0x78f2a97ac0 extras=0x78f2ae5c80 sp=0x7fe5e8e300
04-12 15:08:57.621 20460 20460 D Pine : handleCall for method public final java.lang.String android.os.Parcel.readString()
04-12 15:08:57.632 20460 20460 I Pine : handleBridge: artMethod=0x7139c800 originExtras=0x78f2a97ac0 extras=0x78f2ae5c80 sp=0x7fe5e90d40
04-12 15:08:57.633 20460 20460 D Pine : handleCall for method public final java.lang.String android.os.Parcel.readString()
04-12 15:08:57.640 20460 20460 D nba2k20and.GameActivity: English (United States)
04-12 15:08:57.640 20460 20460 D nba2k20and.GameActivity: Archos Archos 50 Diamond
04-12 15:08:57.640 20460 20460 D nba2k20and.GameActivity: activity created
04-12 15:08:57.676 20460 20460 I Pine : handleBridge: artMethod=0x701180b0 originExtras=0x78f2a97940 extras=0x78f2ae5c80 sp=0x7fe5e8eb50
04-12 15:08:57.676 20460 20460 D Pine : handleCall for method public static java.lang.String java.lang.System.getProperty(java.lang.String)
04-12 15:08:57.742 20460 20555 I Pine : handleBridge: artMethod=0x70088940 originExtras=0x78f2ae4ea0 extras=0x78eb0b1a80 sp=0x7887a40150
04-12 15:08:57.743 20460 20555 D Pine : handleCall for method public static java.net.InetAddress java.net.InetAddress.getByName(java.lang.String) throws java.net.UnknownHostException
04-12 15:08:57.774 20460 20555 I Pine : handleBridge: artMethod=0x70088940 originExtras=0x78f2ae4ea0 extras=0x78eb0b1a80 sp=0x7887a40150
04-12 15:08:57.774 20460 20555 D Pine : handleCall for method public static java.net.InetAddress java.net.InetAddress.getByName(java.lang.String) throws java.net.UnknownHostException
04-12 15:08:57.944 20460 20460 E Parcel : Reading a NULL string not supported here.
04-12 15:08:57.963 20460 20460 I Pine : handleBridge: artMethod=0x7139c800 originExtras=0x78f2a97ac0 extras=0x78f2ae5c80 sp=0x7fe5e8c060
04-12 15:08:57.963 20460 20460 D Pine : handleCall for method public final java.lang.String android.os.Parcel.readString()
04-12 15:08:57.965 20460 20460 I Pine : handleBridge: artMethod=0x7139c800 originExtras=0x78f2a97ac0 extras=0x78f2ae5c80 sp=0x7fe5e8b540
04-12 15:08:57.966 20460 20460 D Pine : handleCall for method public final java.lang.String android.os.Parcel.readString()
04-12 15:08:57.970 20460 20460 I MIXPANEL: mixpanel opt out = false
04-12 15:08:58.006 20460 20554 I Pine : handleBridge: artMethod=0x7139fe28 originExtras=0x78f2a97880 extras=0x78f2ae5560 sp=0x7887e465a0
04-12 15:08:58.007 20460 20554 D Pine : handleCall for method public static java.lang.String android.os.SystemProperties.get(java.lang.String,java.lang.String)
04-12 15:08:58.011 20460 20554 I Pine : handleBridge: artMethod=0x7139fe28 originExtras=0x78f2a97880 extras=0x78f2ae5560 sp=0x7887e46590
04-12 15:08:58.012 20460 20554 D Pine : handleCall for method public static java.lang.String android.os.SystemProperties.get(java.lang.String,java.lang.String)
04-12 15:08:58.028 20460 20554 I Pine : handleBridge: artMethod=0x7139fe28 originExtras=0x78f2a97880 extras=0x78f2ae5560 sp=0x7887e465a0
04-12 15:08:58.029 20460 20554 D Pine : handleCall for method public static java.lang.String android.os.SystemProperties.get(java.lang.String,java.lang.String)
04-12 15:08:58.030 20460 20460 I Pine : handleBridge: artMethod=0x7139c800 originExtras=0x78f2a97ac0 extras=0x78f2ae68e0 sp=0x7fe5e91000
04-12 15:08:58.031 20460 20460 D Pine : handleCall for method public final java.lang.String android.os.Parcel.readString()
04-12 15:08:58.035 20460 20460 I Pine : handleBridge: artMethod=0x7139c800 originExtras=0x78f2a97ac0 extras=0x78f2ae68e0 sp=0x7fe5e913d0
04-12 15:08:58.036 20460 20460 D Pine : handleCall for method public final java.lang.String android.os.Parcel.readString()
04-12 15:08:58.037 20460 20554 I Pine : handleBridge: artMethod=0x7139fe28 originExtras=0x78f2a97880 extras=0x78f2ae5560 sp=0x7887e46590
04-12 15:08:58.037 20460 20554 D Pine : handleCall for method public static java.lang.String android.os.SystemProperties.get(java.lang.String,java.lang.String)
04-12 15:08:58.047 20460 20460 E Parcel : Reading a NULL string not supported here.
04-12 15:08:58.052 20460 20460 I chatty : uid=10895(com.jdexpert.virtual64bit) main identical 22 lines
04-12 15:08:58.052 20460 20460 E Parcel : Reading a NULL string not supported here.
04-12 15:08:58.053 20460 20460 V SensorManager: RegisterListener lsm6ds3c Accelerometer Non-wakeup type:1 delay:200000us by com.mixpanel.android.viewcrawler.FlipGesture
04-12 15:08:58.053 20460 20460 E Parcel : Reading a NULL string not supported here.
04-12 15:08:58.088 20460 20460 I Pine : handleBridge: artMethod=0x7139fe00 originExtras=0x78f2a977c0 extras=0x78f2ae68e0 sp=0x7fe5e91a50
04-12 15:08:58.088 20460 20460 D Pine : handleCall for method public static java.lang.String android.os.SystemProperties.get(java.lang.String)
04-12 15:08:58.091 20460 20554 I TetheringManager: registerTetheringEventCallback:com.jdexpert.virtual64bit
04-12 15:08:58.096 20460 20554 I Pine : handleBridge: artMethod=0x7139c800 originExtras=0x78f2a97ac0 extras=0x78f2a96fe0 sp=0x7887e45c00
04-12 15:08:58.096 20460 20554 D Pine : handleCall for method public final java.lang.String android.os.Parcel.readString()
04-12 15:08:58.097 20460 20485 I Pine : handleBridge: artMethod=0x713b58b8 originExtras=0x78f2a97a60 extras=0x78fce2f2e0 sp=0x78eb4d6de0
04-12 15:08:58.097 20460 20485 D Pine : handleCall for method private boolean android.os.Binder.execTransact(int,long,long,int)
04-12 15:08:58.099 20460 20460 D ColorViewRootUtil: initSwipState, isDisplayCompatApp false
04-12 15:08:58.099 20460 20460 D ColorViewRootUtil: mScreenHeight 1600, mScreenWidth 720
04-12 15:08:58.102 20460 20460 I Pine : handleBridge: artMethod=0x7139c800 originExtras=0x78f2a97ac0 extras=0x78f2ae68e0 sp=0x7fe5e90db0
04-12 15:08:58.102 20460 20460 D Pine : handleCall for method public final java.lang.String android.os.Parcel.readString()
04-12 15:08:58.103 20460 20485 I Pine : handleBridge: artMethod=0x7139c800 originExtras=0x78f2a97ac0 extras=0x78fce2f2e0 sp=0x78eb4d4160
04-12 15:08:58.103 20460 20460 I Pine : handleBridge: artMethod=0x7139c800 originExtras=0x78f2a97ac0 extras=0x78f2ae68e0 sp=0x7fe5e90c00
04-12 15:08:58.103 20460 20460 D Pine : handleCall for method public final java.lang.String android.os.Parcel.readString()
04-12 15:08:58.104 20460 20485 D Pine : handleCall for method public final java.lang.String android.os.Parcel.readString()
04-12 15:08:58.105 20460 20460 I Pine : handleBridge: artMethod=0x7139fe28 originExtras=0x78f2a97880 extras=0x78f2ae68e0 sp=0x7fe5e91d90
04-12 15:08:58.105 20460 20460 D Pine : handleCall for method public static java.lang.String android.os.SystemProperties.get(java.lang.String,java.lang.String)
04-12 15:08:58.106 20460 20554 I Pine : handleBridge: artMethod=0x7139c800 originExtras=0x78f2a97ac0 extras=0x78f2a96fe0 sp=0x7887e45c00
04-12 15:08:58.107 20460 20485 I Pine : handleBridge: artMethod=0x7139c800 originExtras=0x78f2a97ac0 extras=0x78fce2f2e0 sp=0x78eb4d37e0
04-12 15:08:58.107 20460 20554 D Pine : handleCall for method public final java.lang.String android.os.Parcel.readString()
04-12 15:08:58.107 20460 20485 D Pine : handleCall for method public final java.lang.String android.os.Parcel.readString()
04-12 15:08:58.108 20460 20460 D WindowManager: Add to mViews: DecorView@1a0e749[gameactivity],pkg= com.t2ksports.nba2k20and
04-12 15:08:58.113 20460 20554 I Pine : handleBridge: artMethod=0x7139c800 originExtras=0x78f2a97ac0 extras=0x78f2a96fe0 sp=0x7887e45c00
