04-12 15:08:58.113 20460 20554 D Pine : handleCall for method public final java.lang.String android.os.Parcel.readString()
04-12 15:08:58.115 20460 20460 I Pine : handleBridge: artMethod=0x7139c800 originExtras=0x78f2a97ac0 extras=0x78f2ae6ee0 sp=0x7fe5e90f40
04-12 15:08:58.116 20460 20568 I Pine : handleBridge: artMethod=0x713c8788 originExtras=0x78f2ae4600 extras=0x78eb0b1ae0 sp=0x788763e4f0
04-12 15:08:58.116 20460 20568 D Pine : handleCall for method public java.lang.String android.telephony.TelephonyManager.getNetworkOperator()
04-12 15:08:58.116 20460 20460 D Pine : handleCall for method public final java.lang.String android.os.Parcel.readString()
04-12 15:08:58.118 20460 20460 I Pine : handleBridge: artMethod=0x7139c800 originExtras=0x78f2a97ac0 extras=0x78f2ae6ee0 sp=0x7fe5e90a20
04-12 15:08:58.118 20460 20460 D Pine : handleCall for method public final java.lang.String android.os.Parcel.readString()
04-12 15:08:58.119 20460 20522 I Pine : handleBridge: artMethod=0x711b5448 originExtras=0x78f2a978e0 extras=0x78f2ae6280 sp=0x788a3a8d40
04-12 15:08:58.119 20460 20522 D Pine : handleCall for method public static java.lang.String android.provider.Settings$Secure.getString(android.content.ContentResolver,java.lan g.String)
04-12 15:08:58.119 20460 20460 I Pine : handleBridge: artMethod=0x7139c800 originExtras=0x78f2a97ac0 extras=0x78f2ae6ee0 sp=0x7fe5e90210
04-12 15:08:58.119 20460 20460 D Pine : handleCall for method public final java.lang.String android.os.Parcel.readString()
04-12 15:08:58.123 20460 20460 I Pine : handleBridge: artMethod=0x7139c800 originExtras=0x78f2a97ac0 extras=0x78f2ae6ee0 sp=0x7fe5e90f40
04-12 15:08:58.123 20460 20568 I Pine : handleBridge: artMethod=0x7139c800 originExtras=0x78f2a97ac0 extras=0x78eb0b1ae0 sp=0x788763b900
04-12 15:08:58.123 20460 20460 D Pine : handleCall for method public final java.lang.String android.os.Parcel.readString()
04-12 15:08:58.123 20460 20568 D Pine : handleCall for method public final java.lang.String android.os.Parcel.readString()
04-12 15:08:58.124 20460 20460 I Pine : handleBridge: artMethod=0x7139c800 originExtras=0x78f2a97ac0 extras=0x78f2ae6ee0 sp=0x7fe5e90f40
04-12 15:08:58.124 20460 20460 D Pine : handleCall for method public final java.lang.String android.os.Parcel.readString()
04-12 15:08:58.125 20460 20522 I Pine : handleBridge: artMethod=0x713c8710 originExtras=0x78f2ae4780 extras=0x78f2ae6280 sp=0x788a3a9070
04-12 15:08:58.127 20460 20522 D Pine : handleCall for method public java.lang.String android.telephony.TelephonyManager.getNetworkCountryIso()
04-12 15:08:58.130 20460 20522 I Pine : handleBridge: artMethod=0x7139c800 originExtras=0x78f2a97ac0 extras=0x78f2ae6280 sp=0x788a3a6470
04-12 15:08:58.130 20460 20522 D Pine : handleCall for method public final java.lang.String android.os.Parcel.readString()
04-12 15:08:58.130 20460 20554 I Pine : handleBridge: artMethod=0x7139c800 originExtras=0x78f2a97ac0 extras=0x78f2a96fe0 sp=0x7887e45c00
04-12 15:08:58.130 20460 20460 I Pine : handleBridge: artMethod=0x7139c800 originExtras=0x78f2a97ac0 extras=0x78f2ae6ee0 sp=0x7fe5e90f40
04-12 15:08:58.131 20460 20460 D Pine : handleCall for method public final java.lang.String android.os.Parcel.readString()
04-12 15:08:58.131 20460 20554 D Pine : handleCall for method public final java.lang.String android.os.Parcel.readString()
04-12 15:08:58.132 20460 20568 I Pine : handleBridge: artMethod=0x7139c800 originExtras=0x78f2a97ac0 extras=0x78eb0b1ae0 sp=0x788763b750
04-12 15:08:58.132 20460 20568 D Pine : handleCall for method public final java.lang.String android.os.Parcel.readString()
04-12 15:08:58.133 20460 20522 I Pine : handleBridge: artMethod=0x7139c800 originExtras=0x78f2a97ac0 extras=0x78f2ae6280 sp=0x788a3a62c0
04-12 15:08:58.134 20460 20522 D Pine : handleCall for method public final java.lang.String android.os.Parcel.readString()
04-12 15:08:58.134 20460 20460 I Pine : handleBridge: artMethod=0x7139c800 originExtras=0x78f2a97ac0 extras=0x78f2ae6ee0 sp=0x7fe5e90f40
04-12 15:08:58.134 20460 20460 D Pine : handleCall for method public final java.lang.String android.os.Parcel.readString()
04-12 15:08:58.135 20460 20554 I Pine : handleBridge: artMethod=0x7139c800 originExtras=0x78f2a97ac0 extras=0x78f2a96fe0 sp=0x7887e45c00
04-12 15:08:58.135 20460 20554 D Pine : handleCall for method public final java.lang.String android.os.Parcel.readString()
04-12 15:08:58.136 20460 20522 I Pine : handleBridge: artMethod=0x7139fe00 originExtras=0x78f2a977c0 extras=0x78f2ae6280 sp=0x788a3a6da0
04-12 15:08:58.136 20460 20568 I Pine : handleBridge: artMethod=0x7139fe00 originExtras=0x78f2a977c0 extras=0x78eb0b1ae0 sp=0x788763c6d0
04-12 15:08:58.136 20460 20568 D Pine : handleCall for method public static java.lang.String android.os.SystemProperties.get(java.lang.String)
04-12 15:08:58.136 20460 20522 D Pine : handleCall for method public static java.lang.String android.os.SystemProperties.get(java.lang.String)
04-12 15:08:58.137 20460 20554 I Pine : handleBridge: artMethod=0x7139c800 originExtras=0x78f2a97ac0 extras=0x78f2a96fe0 sp=0x7887e45c00
04-12 15:08:58.137 20460 20554 D Pine : handleCall for method public final java.lang.String android.os.Parcel.readString()
04-12 15:08:58.138 20460 20574 I Pine : handleBridge: artMethod=0x701180b0 originExtras=0x78f2a97940 extras=0x78eb0b1cc0 sp=0x78509f7ba0
04-12 15:08:58.138 20460 20574 D Pine : handleCall for method public static java.lang.String java.lang.System.getProperty(java.lang.String)
04-12 15:08:58.138 20460 20460 I Pine : handleBridge: artMethod=0x7139c800 originExtras=0x78f2a97ac0 extras=0x78f2ae6ee0 sp=0x7fe5e91470
04-12 15:08:58.139 20460 20460 D Pine : handleCall for method public final java.lang.String android.os.Parcel.readString()
04-12 15:08:58.141 20460 20460 I Pine : handleBridge: artMethod=0x7139c800 originExtras=0x78f2a97ac0 extras=0x78f2ae6ee0 sp=0x7fe5e91480
04-12 15:08:58.141 20460 20460 D Pine : handleCall for method public final java.lang.String android.os.Parcel.readString()
04-12 15:08:58.144 20460 20574 I Pine : handleBridge: artMethod=0x701180b0 originExtras=0x78f2a97940 extras=0x78eb0b1cc0 sp=0x78509f7ba0
04-12 15:08:58.147 20460 20574 D Pine : handleCall for method public static java.lang.String java.lang.System.getProperty(java.lang.String)
04-12 15:08:58.151 20460 20574 I DpmTcmClient: RegisterTcmMonitor from: $Proxy1
04-12 15:08:58.151 20460 20568 I Pine : handleBridge: artMethod=0x713c8788 originExtras=0x78f2ae4600 extras=0x78eb0b1ae0 sp=0x788763e4f0
04-12 15:08:58.152 20460 20568 D Pine : handleCall for method public java.lang.String android.telephony.TelephonyManager.getNetworkOperator()
04-12 15:08:58.152 20460 20460 I Pine : handleBridge: artMethod=0x7139c800 originExtras=0x78f2a97ac0 extras=0x78f2ae6ee0 sp=0x7fe5e8fde0
04-12 15:08:58.152 20460 20460 D Pine : handleCall for method public final java.lang.String android.os.Parcel.readString()
04-12 15:08:58.152 20460 20568 I Pine : handleBridge: artMethod=0x7139fe00 originExtras=0x78f2a977c0 extras=0x78eb0b1ae0 sp=0x788763c6d0
04-12 15:08:58.152 20460 20568 D Pine : handleCall for method public static java.lang.String android.os.SystemProperties.get(java.lang.String)
04-12 15:08:58.153 20460 20460 I Pine : handleBridge: artMethod=0x7139c800 originExtras=0x78f2a97ac0 extras=0x78f2ae6ee0 sp=0x7fe5e8fc30
04-12 15:08:58.153 20460 20460 D Pine : handleCall for method public final java.lang.String android.os.Parcel.readString()
04-12 15:08:58.155 20460 20460 I Pine : handleBridge: artMethod=0x7139c800 originExtras=0x78f2a97ac0 extras=0x78f2ae6ee0 sp=0x7fe5e8fc30
04-12 15:08:58.155 20460 20460 D Pine : handleCall for method public final java.lang.String android.os.Parcel.readString()
04-12 15:08:58.157 20460 20460 I Pine : handleBridge: artMethod=0x7139c800 originExtras=0x78f2a97ac0 extras=0x78f2ae6ee0 sp=0x7fe5e8fc30
04-12 15:08:58.158 20460 20460 D Pine : handleCall for method public final java.lang.String android.os.Parcel.readString()
04-12 15:08:58.159 20460 20460 I Pine : handleBridge: artMethod=0x7139c800 originExtras=0x78f2a97ac0 extras=0x78f2ae6ee0 sp=0x7fe5e8fc30
04-12 15:08:58.159 20460 20460 D Pine : handleCall for method public final java.lang.String android.os.Parcel.readString()
04-12 15:08:58.161 20460 20460 I Pine : handleBridge: artMethod=0x7139c800 originExtras=0x78f2a97ac0 extras=0x78f2ae6ee0 sp=0x7fe5e8fc30
04-12 15:08:58.161 20460 20460 D Pine : handleCall for method public final java.lang.String android.os.Parcel.readString()
04-12 15:08:58.163 20460 20460 I Pine : handleBridge: artMethod=0x7139c800 originExtras=0x78f2a97ac0 extras=0x78f2ae6ee0 sp=0x7fe5e8fc30
04-12 15:08:58.163 20460 20568 I Pine : handleBridge: artMethod=0x7139c800 originExtras=0x78f2a97ac0 extras=0x78eb0b1ae0 sp=0x788763ccb0
04-12 15:08:58.163 20460 20460 D Pine : handleCall for method public final java.lang.String android.os.Parcel.readString()
04-12 15:08:58.163 20460 20568 D Pine : handleCall for method public final java.lang.String android.os.Parcel.readString()
04-12 15:08:58.165 20460 20568 I Pine : handleBridge: artMethod=0x7139c800 originExtras=0x78f2a97ac0 extras=0x78eb0b1ae0 sp=0x788763ccb0
04-12 15:08:58.165 20460 20568 D Pine : handleCall for method public final java.lang.String android.os.Parcel.readString()
04-12 15:08:58.166 20460 20460 I Pine : handleBridge: artMethod=0x7139c800 originExtras=0x78f2a97ac0 extras=0x78f2ae6ee0 sp=0x7fe5e8fc30
04-12 15:08:58.166 20460 20460 D Pine : handleCall for method public final java.lang.String android.os.Parcel.readString()
04-12 15:08:58.168 20460 20568 I Pine : handleBridge: artMethod=0x7139c800 originExtras=0x78f2a97ac0 extras=0x78eb0b1ae0 sp=0x788763ccb0
04-12 15:08:58.168 20460 20568 D Pine : handleCall for method public final java.lang.String android.os.Parcel.readString()
04-12 15:08:58.169 20460 20460 I Pine : handleBridge: artMethod=0x7139c800 originExtras=0x78f2a97ac0 extras=0x78f2ae6ee0 sp=0x7fe5e8fc30
04-12 15:08:58.169 20460 20460 D Pine : handleCall for method public final java.lang.String android.os.Parcel.readString()
04-12 15:08:58.170 20460 20574 I Pine : handleBridge: artMethod=0x701180b0 originExtras=0x78f2a97940 extras=0x78eb0b1cc0 sp=0x78509f94d0
04-12 15:08:58.170 20460 20574 D Pine : handleCall for method public static java.lang.String java.lang.System.getProperty(java.lang.String)
04-12 15:08:58.170 20460 20568 I Pine : handleBridge: artMethod=0x7139c800 originExtras=0x78f2a97ac0 extras=0x78eb0b1ae0 sp=0x788763ccb0
04-12 15:08:58.170 20460 20568 D Pine : handleCall for method public final java.lang.String android.os.Parcel.readString()
04-12 15:08:58.170 20460 20460 I Pine : handleBridge: artMethod=0x7139c800 originExtras=0x78f2a97ac0 extras=0x78f2ae6ee0 sp=0x7fe5e8fc30
04-12 15:08:58.171 20460 20460 D Pine : handleCall for method public final java.lang.String android.os.Parcel.readString()
04-12 15:08:58.172 20460 20460 I Pine : handleBridge: artMethod=0x7139c800 originExtras=0x78f2a97ac0 extras=0x78f2ae6ee0 sp=0x7fe5e8fc30
04-12 15:08:58.172 20460 20460 D Pine : handleCall for method public final java.lang.String android.os.Parcel.readString()
04-12 15:08:58.173 20460 20522 I Pine : handleBridge: artMethod=0x7139c800 originExtras=0x78f2a97ac0 extras=0x78f2ae6280 sp=0x788a3a6060
04-12 15:08:58.173 20460 20522 D Pine : handleCall for method public final java.lang.String android.os.Parcel.readString()
04-12 15:08:58.173 20460 20460 I Pine : handleBridge: artMethod=0x7139c800 originExtras=0x78f2a97ac0 extras=0x78f2ae6ee0 sp=0x7fe5e8fc30
04-12 15:08:58.174 20460 20460 D Pine : handleCall for method public final java.lang.String android.os.Parcel.readString()
04-12 15:08:58.174 20460 20574 I Pine : handleBridge: artMethod=0x70088878 originExtras=0x78f2ae4e40 extras=0x78eb0b1cc0 sp=0x78509f8910
04-12 15:08:58.174 20460 20574 D Pine : handleCall for method public static java.net.InetAddress[] java.net.InetAddress.getAllByName(java.lang.String) throws java.net.UnknownHostException
04-12 15:08:58.175 20460 20460 I Pine : handleBridge: artMethod=0x7139c800 originExtras=0x78f2a97ac0 extras=0x78f2ae6ee0 sp=0x7fe5e8fc30
04-12 15:08:58.175 20460 20460 D Pine : handleCall for method public final java.lang.String android.os.Parcel.readString()
04-12 15:08:58.175 20460 20522 I Pine : handleBridge: artMethod=0x713c8cb0 originExtras=0x78f2ae47e0 extras=0x78f2ae6280 sp=0x788a3a9070
04-12 15:08:58.175 20460 20522 D Pine : handleCall for method public java.lang.String android.telephony.TelephonyManager.getSimCountryIso()
04-12 15:08:58.177 20460 20460 I Pine : handleBridge: artMethod=0x7139c800 originExtras=0x78f2a97ac0 extras=0x78f2ae6ee0 sp=0x7fe5e8fc30
04-12 15:08:58.177 20460 20460 D Pine : handleCall for method public final java.lang.String android.os.Parcel.readString()
04-12 15:08:58.177 20460 20522 I Pine : handleBridge: artMethod=0x7139fe00 originExtras=0x78f2a977c0 extras=0x78f2ae6280 sp=0x788a3a7250
04-12 15:08:58.177 20460 20522 D Pine : handleCall for method public static java.lang.String android.os.SystemProperties.get(java.lang.String)
04-12 15:08:58.178 20460 20460 I Pine : handleBridge: artMethod=0x7139c800 originExtras=0x78f2a97ac0 extras=0x78f2ae6ee0 sp=0x7fe5e8fc30
04-12 15:08:58.178 20460 20460 D Pine : handleCall for method public final java.lang.String android.os.Parcel.readString()
04-12 15:08:58.181 20460 20554 I Pine : handleBridge: artMethod=0x701180b0 originExtras=0x78f2a97940 extras=0x78f2a96fe0 sp=0x7887e46860
04-12 15:08:58.182 20460 20554 D Pine : handleCall for method public static java.lang.String java.lang.System.getProperty(java.lang.String)
04-12 15:08:58.182 20460 20568 I Pine : handleBridge: artMethod=0x7139c800 originExtras=0x78f2a97ac0 extras=0x78eb0b1ae0 sp=0x788763ccb0
04-12 15:08:58.182 20460 20568 D Pine : handleCall for method public final java.lang.String android.os.Parcel.readString()
04-12 15:08:58.182 20460 20460 I Pine : handleBridge: artMethod=0x7139c800 originExtras=0x78f2a97ac0 extras=0x78f2ae6ee0 sp=0x7fe5e8fc30
04-12 15:08:58.182 20460 20460 D Pine : handleCall for method public final java.lang.String android.os.Parcel.readString()
04-12 15:08:58.185 20460 20574 I Pine : handleBridge: artMethod=0x700bc560 originExtras=0x78f2ae4de0 extras=0x78eb0b1cc0 sp=0x78509f8aa0
04-12 15:08:58.185 20460 20568 I Pine : handleBridge: artMethod=0x7139c800 originExtras=0x78f2a97ac0 extras=0x78eb0b1ae0 sp=0x788763ccb0
04-12 15:08:58.185 20460 20574 D Pine : handleCall for method public java.net.InetSocketAddress(java.net.InetAddress,int)
04-12 15:08:58.185 20460 20460 I Pine : handleBridge: artMethod=0x7139c800 originExtras=0x78f2a97ac0 extras=0x78f2ae6ee0 sp=0x7fe5e8fc30
04-12 15:08:58.186 20460 20460 D Pine : handleCall for method public final java.lang.String android.os.Parcel.readString()
04-12 15:08:58.186 20460 20574 I Pine : handleBridge: artMethod=0x700bc560 originExtras=0x78f2ae4de0 extras=0x78eb0b1cc0 sp=0x78509f8aa0
04-12 15:08:58.186 20460 20568 D Pine : handleCall for method public final java.lang.String android.os.Parcel.readString()
04-12 15:08:58.186 20460 20574 D Pine : handleCall for method public java.net.InetSocketAddress(java.net.InetAddress,int)
04-12 15:08:58.186 20460 20554 I Pine : handleBridge: artMethod=0x70088878 originExtras=0x78f2ae4e40 extras=0x78f2a96fe0 sp=0x7887e45ca0
04-12 15:08:58.187 20460 20554 D Pine : handleCall for method public static java.net.InetAddress[] java.net.InetAddress.getAllByName(java.lang.String) throws java.net.UnknownHostException
04-12 15:08:58.187 20460 20574 I Pine : handleBridge: artMethod=0x700bc560 originExtras=0x78f2ae4de0 extras=0x78eb0b1cc0 sp=0x78509f8aa0
04-12 15:08:58.187 20460 20574 D Pine : handleCall for method public java.net.InetSocketAddress(java.net.InetAddress,int)
04-12 15:08:58.187 20460 20522 I Pine : handleBridge: artMethod=0x713c8800 originExtras=0x78f2ae4660 extras=0x78f2ae6280 sp=0x788a3a9070
04-12 15:08:58.187 20460 20554 I Pine : handleBridge: artMethod=0x700bc560 originExtras=0x78f2ae4de0 extras=0x78f2a96fe0 sp=0x7887e45e30
04-12 15:08:58.187 20460 20554 D Pine : handleCall for method public java.net.InetSocketAddress(java.net.InetAddress,int)
04-12 15:08:58.188 20460 20554 I Pine : handleBridge: artMethod=0x700bc560 originExtras=0x78f2ae4de0 extras=0x78f2a96fe0 sp=0x7887e45e30
04-12 15:08:58.188 20460 20554 D Pine : handleCall for method public java.net.InetSocketAddress(java.net.InetAddress,int)
04-12 15:08:58.188 20460 20522 D Pine : handleCall for method public java.lang.String android.telephony.TelephonyManager.getNetworkOperatorName()
04-12 15:08:58.188 20460 20554 I Pine : handleBridge: artMethod=0x700bc560 originExtras=0x78f2ae4de0 extras=0x78f2a96fe0 sp=0x7887e45e30
04-12 15:08:58.189 20460 20574 I Pine : handleBridge: artMethod=0x700bc560 originExtras=0x78f2ae4de0 extras=0x78eb0b1cc0 sp=0x78509f8aa0
04-12 15:08:58.189 20460 20574 D Pine : handleCall for method public java.net.InetSocketAddress(java.net.InetAddress,int)
04-12 15:08:58.189 20460 20554 D Pine : handleCall for method public java.net.InetSocketAddress(java.net.InetAddress,int)
04-12 15:08:58.190 20460 20554 I Pine : handleBridge: artMethod=0x700bc560 originExtras=0x78f2ae4de0 extras=0x78f2a96fe0 sp=0x7887e45e30
04-12 15:08:58.190 20460 20522 I Pine : handleBridge: artMethod=0x7139fe00 originExtras=0x78f2a977c0 extras=0x78f2ae6280 sp=0x788a3a7240
04-12 15:08:58.190 20460 20574 I Pine : handleBridge: artMethod=0x700bcde8 originExtras=0x78f2ae48a0 extras=0x78eb0b1cc0 sp=0x78509f8c60
04-12 15:08:58.190 20460 20554 D Pine : handleCall for method public java.net.InetSocketAddress(java.net.InetAddress,int)
04-12 15:08:58.190 20460 20522 D Pine : handleCall for method public static java.lang.String android.os.SystemProperties.get(java.lang.String)
04-12 15:08:58.190 20460 20554 I Pine : handleBridge: artMethod=0x700bcde8 originExtras=0x78f2ae48a0 extras=0x78f2a96fe0 sp=0x7887e45ff0
04-12 15:08:58.191 20460 20554 D Pine : handleCall for method public java.net.Socket()
04-12 15:08:58.191 20460 20574 D Pine : handleCall for method public java.net.Socket()
04-12 15:08:58.194 20460 20574 I Pine : handleBridge: artMethod=0x701e2c40 originExtras=0x78f2ae4f60 extras=0x78eb0b1cc0 sp=0x78509f7870
04-12 15:08:58.194 20460 20574 D Pine : handleCall for method private static void libcore.io.IoBridge.connectErrno(java.io.FileDescriptor,java.net.InetAddress,int,in t) throws android.system.ErrnoException,java.io.IOException
04-12 15:08:58.195 20460 20554 I Pine : handleBridge: artMethod=0x701e2c40 originExtras=0x78f2ae4f60 extras=0x78f2a96fe0 sp=0x7887e44c00
04-12 15:08:58.195 20460 20568 I Pine : handleBridge: artMethod=0x711b5448 originExtras=0x78f2a978e0 extras=0x78eb0b1ae0 sp=0x788763e500
04-12 15:08:58.195 20460 20574 I Pine : handleBridge: artMethod=0x701f1910 originExtras=0x78f2ae5020 extras=0x78eb0b1cc0 sp=0x78509f48d0
04-12 15:08:58.195 20460 20554 D Pine : handleCall for method private static void libcore.io.IoBridge.connectErrno(java.io.FileDescriptor,java.net.InetAddress,int,in t) throws android.system.ErrnoException,java.io.IOException
04-12 15:08:58.195 20460 20574 D Pine : handleCall for method public void libcore.io.BlockGuardOs.connect(java.io.FileDescriptor,java.net.InetAddress,int) throws android.system.ErrnoException,java.net.SocketException
04-12 15:08:58.198 20460 20522 I Pine : handleBridge: artMethod=0x7139c800 originExtras=0x78f2a97ac0 extras=0x78f2ae6280 sp=0x788a3a7680
04-12 15:08:58.198 20460 20522 D Pine : handleCall for method public final java.lang.String android.os.Parcel.readString()
04-12 15:08:58.198 20460 20554 I Pine : handleBridge: artMethod=0x701f1910 originExtras=0x78f2ae5020 extras=0x78f2a96fe0 sp=0x7887e41c60
04-12 15:08:58.199 20460 20554 D Pine : handleCall for method public void libcore.io.BlockGuardOs.connect(java.io.FileDescriptor,java.net.InetAddress,int) throws android.system.ErrnoException,java.net.SocketException
04-12 15:08:58.199 20460 20568 D Pine : handleCall for method public static java.lang.String android.provider.Settings$Secure.getString(android.content.ContentResolver,java.lan g.String)
04-12 15:08:58.199 20460 20522 I Pine : handleBridge: artMethod=0x7139c800 originExtras=0x78f2a97ac0 extras=0x78f2ae6280 sp=0x788a3a7680
04-12 15:08:58.199 20460 20522 D Pine : handleCall for method public final java.lang.String android.os.Parcel.readString()
04-12 15:08:58.203 20460 20554 I Pine : handleBridge: artMethod=0x701e2d08 originExtras=0x78f2ae4fc0 extras=0x78f2a96fe0 sp=0x7887e43070
04-12 15:08:58.203 20460 20554 D Pine : handleCall for method public static boolean libcore.io.IoBridge.isConnected(java.io.FileDescriptor,java.net.InetAddress,int,int ,int) throws java.io.IOException
04-12 15:08:58.205 20460 20574 I Pine : handleBridge: artMethod=0x701e2d08 originExtras=0x78f2ae4fc0 extras=0x78eb0b1cc0 sp=0x78509f5ce0
04-12 15:08:58.205 20460 20522 I Pine : handleBridge: artMethod=0x7139c800 originExtras=0x78f2a97ac0 extras=0x78f2ae6280 sp=0x788a3a7680
04-12 15:08:58.205 20460 20522 D Pine : handleCall for method public final java.lang.String android.os.Parcel.readString()
04-12 15:08:58.206 20460 20574 D Pine : handleCall for method public static boolean libcore.io.IoBridge.isConnected(java.io.FileDescriptor,java.net.InetAddress,int,int ,int) throws java.io.IOException
04-12 15:08:58.207 20460 20522 I Pine : handleBridge: artMethod=0x7139c800 originExtras=0x78f2a97ac0 extras=0x78f2ae6280 sp=0x788a3a7680
04-12 15:08:58.207 20460 20522 D Pine : handleCall for method public final java.lang.String android.os.Parcel.readString()
04-12 15:08:58.208 20460 20522 I Pine : handleBridge: artMethod=0x7139c800 originExtras=0x78f2a97ac0 extras=0x78f2ae6280 sp=0x788a3a7680
04-12 15:08:58.208 20460 20522 D Pine : handleCall for method public final java.lang.String android.os.Parcel.readString()
04-12 15:08:58.211 20460 20522 I Pine : handleBridge: artMethod=0x7139c800 originExtras=0x78f2a97ac0 extras=0x78f2ae6280 sp=0x788a3a7680
04-12 15:08:58.211 20460 20522 D Pine : handleCall for method public final java.lang.String android.os.Parcel.readString()
04-12 15:08:58.213 20460 20522 I Pine : handleBridge: artMethod=0x711b5448 originExtras=0x78f2a978e0 extras=0x78f2ae6280 sp=0x788a3a8ec0
04-12 15:08:58.214 20460 20522 D Pine : handleCall for method public static java.lang.String android.provider.Settings$Secure.getString(android.content.ContentResolver,java.lan g.String)
04-12 15:08:58.234 20460 20460 I Pine : handleBridge: artMethod=0x7139fe28 originExtras=0x78f2a97880 extras=0x78f2ae6ee0 sp=0x7fe5e92350
04-12 15:08:58.235 20460 20460 D Pine : handleCall for method public static java.lang.String android.os.SystemProperties.get(java.lang.String,java.lang.String)
04-12 15:08:58.236 20460 20460 E Parcel : Reading a NULL string not supported here.
04-12 15:08:58.242 20396 20420 D ActivityStack: onActivityResumed : ComponentInfo{com.t2ksports.nba2k20and/com.t2ksports.nba2k20and.gameactivity}
04-12 15:08:58.249 20460 20582 I Pine : handleBridge: artMethod=0x701180b0 originExtras=0x78f2a97940 extras=0x78eb0b1000 sp=0x7887735190
04-12 15:08:58.249 20460 20582 D Pine : handleCall for method public static java.lang.String java.lang.System.getProperty(java.lang.String)
04-12 15:08:58.254 20460 20582 I Pine : handleBridge: artMethod=0x70088878 originExtras=0x78f2ae4e40 extras=0x78eb0b1000 sp=0x78877345d0
04-12 15:08:58.254 20460 20582 D Pine : handleCall for method public static java.net.InetAddress[] java.net.InetAddress.getAllByName(java.lang.String) throws java.net.UnknownHostException
04-12 15:08:58.269 20460 20582 I Pine : handleBridge: artMethod=0x700bc560 originExtras=0x78f2ae4de0 extras=0x78eb0b1000 sp=0x7887734760
04-12 15:08:58.269 20460 20582 D Pine : handleCall for method public java.net.InetSocketAddress(java.net.InetAddress,int)
04-12 15:08:58.270 20460 20582 I Pine : handleBridge: artMethod=0x700bc560 originExtras=0x78f2ae4de0 extras=0x78eb0b1000 sp=0x7887734760
04-12 15:08:58.270 20460 20582 D Pine : handleCall for method public java.net.InetSocketAddress(java.net.InetAddress,int)
04-12 15:08:58.270 20460 20582 I Pine : handleBridge: artMethod=0x700bc560 originExtras=0x78f2ae4de0 extras=0x78eb0b1000 sp=0x7887734760
04-12 15:08:58.270 20460 20582 D Pine : handleCall for method public java.net.InetSocketAddress(java.net.InetAddress,int)
04-12 15:08:58.271 20460 20582 I Pine : handleBridge: artMethod=0x700bc560 originExtras=0x78f2ae4de0 extras=0x78eb0b1000 sp=0x7887734760
04-12 15:08:58.271 20460 20582 D Pine : handleCall for method public java.net.InetSocketAddress(java.net.InetAddress,int)
04-12 15:08:58.271 20460 20582 I Pine : handleBridge: artMethod=0x700bc560 originExtras=0x78f2ae4de0 extras=0x78eb0b1000 sp=0x7887734760
04-12 15:08:58.271 20460 20582 D Pine : handleCall for method public java.net.InetSocketAddress(java.net.InetAddress,int)
04-12 15:08:58.271 20460 20582 I Pine : handleBridge: artMethod=0x700bc560 originExtras=0x78f2ae4de0 extras=0x78eb0b1000 sp=0x7887734760
04-12 15:08:58.272 20460 20582 D Pine : handleCall for method public java.net.InetSocketAddress(java.net.InetAddress,int)
04-12 15:08:58.272 20460 20582 I Pine : handleBridge: artMethod=0x700bc560 originExtras=0x78f2ae4de0 extras=0x78eb0b1000 sp=0x7887734760
04-12 15:08:58.272 20460 20582 D Pine : handleCall for method public java.net.InetSocketAddress(java.net.InetAddress,int)
04-12 15:08:58.272 20460 20582 I Pine : handleBridge: artMethod=0x700bc560 originExtras=0x78f2ae4de0 extras=0x78eb0b1000 sp=0x7887734760
04-12 15:08:58.272 20460 20460 I Pine : handleBridge: artMethod=0x7139fe00 originExtras=0x78f2a977c0 extras=0x78f2bb14e0 sp=0x7fe5e8ffe0
04-12 15:08:58.272 20460 20582 D Pine : handleCall for method public java.net.InetSocketAddress(java.net.InetAddress,int)
04-12 15:08:58.272 20460 20460 D Pine : handleCall for method public static java.lang.String android.os.SystemProperties.get(java.lang.String)
04-12 15:08:58.273 20460 20582 I Pine : handleBridge: artMethod=0x700bcde8 originExtras=0x78f2ae48a0 extras=0x78eb0b1000 sp=0x7887734920
04-12 15:08:58.273 20460 20582 D Pine : handleCall for method public java.net.Socket()
04-12 15:08:58.274 20460 20586 I Pine : handleBridge: artMethod=0x701180b0 originExtras=0x78f2a97940 extras=0x78fce2dea0 sp=0x7887321190
04-12 15:08:58.274 20460 20586 D Pine : handleCall for method public static java.lang.String java.lang.System.getProperty(java.lang.String)
04-12 15:08:58.275 20460 20582 I Pine : handleBridge: artMethod=0x701e2c40 originExtras=0x78f2ae4f60 extras=0x78eb0b1000 sp=0x7887733530
04-12 15:08:58.275 20460 20582 D Pine : handleCall for method private static void libcore.io.IoBridge.connectErrno(java.io.FileDescriptor,java.net.InetAddress,int,in t) throws android.system.ErrnoException,java.io.IOException
04-12 15:08:58.277 20460 20582 I Pine : handleBridge: artMethod=0x701f1910 originExtras=0x78f2ae5020 extras=0x78eb0b1000 sp=0x7887730590
04-12 15:08:58.277 20460 20582 D Pine : handleCall for method public void libcore.io.BlockGuardOs.connect(java.io.FileDescriptor,java.net.InetAddress,int) throws android.system.ErrnoException,java.net.SocketException
04-12 15:08:58.278 20460 20460 I Pine : handleBridge: artMethod=0x7139fe00 originExtras=0x78f2a977c0 extras=0x78f2bb1ae0 sp=0x7fe5e92ed0
04-12 15:08:58.278 20460 20460 D Pine : handleCall for method public static java.lang.String android.os.SystemProperties.get(java.lang.String)
04-12 15:08:58.278 20460 20586 I Pine : handleBridge: artMethod=0x70088878 originExtras=0x78f2ae4e40 extras=0x78fce2dea0 sp=0x78873205d0
04-12 15:08:58.278 20460 20586 D Pine : handleCall for method public static java.net.InetAddress[] java.net.InetAddress.getAllByName(java.lang.String) throws java.net.UnknownHostException
04-12 15:08:58.279 20460 20586 I Pine : handleBridge: artMethod=0x700bc560 originExtras=0x78f2ae4de0 extras=0x78fce2dea0 sp=0x7887320760
04-12 15:08:58.280 20460 20586 D Pine : handleCall for method public java.net.InetSocketAddress(java.net.InetAddress,int)
04-12 15:08:58.280 20460 20586 I Pine : handleBridge: artMethod=0x700bc560 originExtras=0x78f2ae4de0 extras=0x78fce2dea0 sp=0x7887320760
04-12 15:08:58.282 20460 20586 D Pine : handleCall for method public java.net.InetSocketAddress(java.net.InetAddress,int)
04-12 15:08:58.282 20460 20586 I Pine : handleBridge: artMethod=0x700bc560 originExtras=0x78f2ae4de0 extras=0x78fce2dea0 sp=0x7887320760
04-12 15:08:58.282 20460 20586 D Pine : handleCall for method public java.net.InetSocketAddress(java.net.InetAddress,int)
04-12 15:08:58.283 20460 20586 I Pine : handleBridge: artMethod=0x700bc560 originExtras=0x78f2ae4de0 extras=0x78fce2dea0 sp=0x7887320760
04-12 15:08:58.283 20460 20586 D Pine : handleCall for method public java.net.InetSocketAddress(java.net.InetAddress,int)
04-12 15:08:58.283 20460 20586 I Pine : handleBridge: artMethod=0x700bc560 originExtras=0x78f2ae4de0 extras=0x78fce2dea0 sp=0x7887320760
04-12 15:08:58.283 20460 20586 D Pine : handleCall for method public java.net.InetSocketAddress(java.net.InetAddress,int)
04-12 15:08:58.284 20460 20586 I Pine : handleBridge: artMethod=0x700bc560 originExtras=0x78f2ae4de0 extras=0x78fce2dea0 sp=0x7887320760
04-12 15:08:58.284 20460 20460 I Pine : handleBridge: artMethod=0x7139c800 originExtras=0x78f2a97ac0 extras=0x78f2bb1ae0 sp=0x7fe5e91970
04-12 15:08:58.284 20460 20586 D Pine : handleCall for method public java.net.InetSocketAddress(java.net.InetAddress,int)
04-12 15:08:58.284 20460 20460 D Pine : handleCall for method public final java.lang.String android.os.Parcel.readString()
04-12 15:08:58.284 20460 20586 I Pine : handleBridge: artMethod=0x700bc560 originExtras=0x78f2ae4de0 extras=0x78fce2dea0 sp=0x7887320760
04-12 15:08:58.284 20460 20586 D Pine : handleCall for method public java.net.InetSocketAddress(java.net.InetAddress,int)
04-12 15:08:58.284 20460 20582 I Pine : handleBridge: artMethod=0x701e2d08 originExtras=0x78f2ae4fc0 extras=0x78eb0b1000 sp=0x78877319a0
04-12 15:08:58.284 20460 20582 D Pine : handleCall for method public static boolean libcore.io.IoBridge.isConnected(java.io.FileDescriptor,java.net.InetAddress,int,int ,int) throws java.io.IOException
04-12 15:08:58.285 20460 20586 I Pine : handleBridge: artMethod=0x700bc560 originExtras=0x78f2ae4de0 extras=0x78fce2dea0 sp=0x7887320760
04-12 15:08:58.285 20460 20586 D Pine : handleCall for method public java.net.InetSocketAddress(java.net.InetAddress,int)
04-12 15:08:58.286 20460 20586 I Pine : handleBridge: artMethod=0x700bcde8 originExtras=0x78f2ae48a0 extras=0x78fce2dea0 sp=0x7887320920
04-12 15:08:58.286 20460 20586 D Pine : handleCall for method public java.net.Socket()
04-12 15:08:58.287 20460 20586 I Pine : handleBridge: artMethod=0x701e2c40 originExtras=0x78f2ae4f60 extras=0x78fce2dea0 sp=0x788731f530
04-12 15:08:58.287 20460 20586 D Pine : handleCall for method private static void libcore.io.IoBridge.connectErrno(java.io.FileDescriptor,java.net.InetAddress,int,in t) throws android.system.ErrnoException,java.io.IOException
04-12 15:08:58.288 20460 20586 I Pine : handleBridge: artMethod=0x701f1910 originExtras=0x78f2ae5020 extras=0x78fce2dea0 sp=0x788731c590
04-12 15:08:58.288 20460 20586 D Pine : handleCall for method public void libcore.io.BlockGuardOs.connect(java.io.FileDescriptor,java.net.InetAddress,int) throws android.system.ErrnoException,java.net.SocketException
04-12 15:08:58.290 20460 20586 I Pine : handleBridge: artMethod=0x701e2d08 originExtras=0x78f2ae4fc0 extras=0x78fce2dea0 sp=0x788731d9a0
04-12 15:08:58.291 20460 20586 D Pine : handleCall for method public static boolean libcore.io.IoBridge.isConnected(java.io.FileDescriptor,java.net.InetAddress,int,int ,int) throws java.io.IOException
04-12 15:08:58.303 20460 20460 I Pine : handleBridge: artMethod=0x7139c800 originExtras=0x78f2a97ac0 extras=0x78f2bb1de0 sp=0x7fe5e90700
04-12 15:08:58.304 20460 20460 D Pine : handleCall for method public final java.lang.String android.os.Parcel.readString()
04-12 15:08:58.305 20460 20460 I Pine : handleBridge: artMethod=0x7139c800 originExtras=0x78f2a97ac0 extras=0x78f2bb1de0 sp=0x7fe5e8fd70
04-12 15:08:58.305 20460 20460 D Pine : handleCall for method public final java.lang.String android.os.Parcel.readString()
04-12 15:08:58.306 20460 20460 I Pine : handleBridge: artMethod=0x7139c800 originExtras=0x78f2a97ac0 extras=0x78f2bb1de0 sp=0x7fe5e8fbc0
04-12 15:08:58.307 20460 20460 D Pine : handleCall for method public final java.lang.String android.os.Parcel.readString()
04-12 15:08:58.308 20460 20460 I Pine : handleBridge: artMethod=0x7139c800 originExtras=0x78f2a97ac0 extras=0x78f2bb1de0 sp=0x7fe5e8f240
04-12 15:08:58.308 20460 20460 D Pine : handleCall for method public final java.lang.String android.os.Parcel.readString()
04-12 15:08:58.309 20460 20460 I Pine : handleBridge: artMethod=0x7139c800 originExtras=0x78f2a97ac0 extras=0x78f2bb1de0 sp=0x7fe5e8f240
04-12 15:08:58.309 20460 20460 D Pine : handleCall for method public final java.lang.String android.os.Parcel.readString()
04-12 15:08:58.311 20460 20460 I Pine : handleBridge: artMethod=0x7139c800 originExtras=0x78f2a97ac0 extras=0x78f2bb1de0 sp=0x7fe5e8ff50
04-12 15:08:58.311 20460 20460 D Pine : handleCall for method public final java.lang.String android.os.Parcel.readString()
04-12 15:08:58.312 20460 20460 I Pine : handleBridge: artMethod=0x7139c800 originExtras=0x78f2a97ac0 extras=0x78f2bb1de0 sp=0x7fe5e90700
04-12 15:08:58.312 20460 20460 D Pine : handleCall for method public final java.lang.String android.os.Parcel.readString()
04-12 15:08:58.314 20460 20460 I Pine : handleBridge: artMethod=0x7139c800 originExtras=0x78f2a97ac0 extras=0x78f2bb1de0 sp=0x7fe5e8fd70
04-12 15:08:58.314 20460 20460 D Pine : handleCall for method public final java.lang.String android.os.Parcel.readString()
04-12 15:08:58.315 20460 20460 I Pine : handleBridge: artMethod=0x7139c800 originExtras=0x78f2a97ac0 extras=0x78f2bb1de0 sp=0x7fe5e8fbc0
04-12 15:08:58.316 20460 20460 D Pine : handleCall for method public final java.lang.String android.os.Parcel.readString()
04-12 15:08:58.317 20460 20485 I Pine : handleBridge: artMethod=0x713b58b8 originExtras=0x78f2a97a60 extras=0x78fce2f2e0 sp=0x78eb4d6de0
04-12 15:08:58.317 20460 20460 I Pine : handleBridge: artMethod=0x7139c800 originExtras=0x78f2a97ac0 extras=0x78f2bb1de0 sp=0x7fe5e8f240
04-12 15:08:58.318 20460 20460 D Pine : handleCall for method public final java.lang.String android.os.Parcel.readString()
04-12 15:08:58.318 20460 20485 D Pine : handleCall for method private boolean android.os.Binder.execTransact(int,long,long,int)
04-12 15:08:58.318 20460 20554 I Pine : handleBridge: artMethod=0x700bc560 originExtras=0x78f2ae4de0 extras=0x78f2a96fe0 sp=0x7887e42e30
04-12 15:08:58.319 20460 20460 I Pine : handleBridge: artMethod=0x7139c800 originExtras=0x78f2a97ac0 extras=0x78f2bb1de0 sp=0x7fe5e8f240
04-12 15:08:58.319 20460 20554 D Pine : handleCall for method public java.net.InetSocketAddress(java.net.InetAddress,int)
04-12 15:08:58.319 20460 20460 D Pine : handleCall for method public final java.lang.String android.os.Parcel.readString()
04-12 15:08:58.320 20460 20485 I Pine : handleBridge: artMethod=0x7139c800 originExtras=0x78f2a97ac0 extras=0x78fce2f2e0 sp=0x78eb4d4220
04-12 15:08:58.320 20460 20485 D Pine : handleCall for method public final java.lang.String android.os.Parcel.readString()
04-12 15:08:58.320 20460 20460 I Pine : handleBridge: artMethod=0x7139c800 originExtras=0x78f2a97ac0 extras=0x78f2bb1de0 sp=0x7fe5e8ff50
04-12 15:08:58.320 20460 20460 D Pine : handleCall for method public final java.lang.String android.os.Parcel.readString()
04-12 15:08:58.322 20460 20485 I Pine : handleBridge: artMethod=0x7139c800 originExtras=0x78f2a97ac0 extras=0x78fce2f2e0 sp=0x78eb4d4070
04-12 15:08:58.322 20460 20485 D Pine : handleCall for method public final java.lang.String android.os.Parcel.readString()
04-12 15:08:58.322 20460 20460 I Pine : handleBridge: artMethod=0x7139c800 originExtras=0x78f2a97ac0 extras=0x78f2bb1de0 sp=0x7fe5e90700
04-12 15:08:58.322 20460 20460 D Pine : handleCall for method public final java.lang.String android.os.Parcel.readString()
04-12 15:08:58.323 20460 20485 I Pine : handleBridge: artMethod=0x7139c800 originExtras=0x78f2a97ac0 extras=0x78fce2f2e0 sp=0x78eb4d4070
04-12 15:08:58.323 20460 20485 D Pine : handleCall for method public final java.lang.String android.os.Parcel.readString()
04-12 15:08:58.323 20460 20460 I Pine : handleBridge: artMethod=0x7139c800 originExtras=0x78f2a97ac0 extras=0x78f2bb1de0 sp=0x7fe5e8fd70
04-12 15:08:58.324 20460 20460 D Pine : handleCall for method public final java.lang.String android.os.Parcel.readString()
04-12 15:08:58.324 20460 20485 I Pine : handleBridge: artMethod=0x7139c800 originExtras=0x78f2a97ac0 extras=0x78fce2f2e0 sp=0x78eb4d4070
04-12 15:08:58.324 20460 20485 D Pine : handleCall for method public final java.lang.String android.os.Parcel.readString()
04-12 15:08:58.325 20460 20460 I Pine : handleBridge: artMethod=0x7139c800 originExtras=0x78f2a97ac0 extras=0x78f2bb1de0 sp=0x7fe5e8fbc0
04-12 15:08:58.325 20460 20460 D Pine : handleCall for method public final java.lang.String android.os.Parcel.readString()
04-12 15:08:58.325 20460 20485 I Pine : handleBridge: artMethod=0x7139c800 originExtras=0x78f2a97ac0 extras=0x78fce2f2e0 sp=0x78eb4d4070
04-12 15:08:58.327 20460 20460 I Pine : handleBridge: artMethod=0x7139c800 originExtras=0x78f2a97ac0 extras=0x78f2bb1de0 sp=0x7fe5e8f240
04-12 15:08:58.327 20460 20485 D Pine : handleCall for method public final java.lang.String android.os.Parcel.readString()
04-12 15:08:58.327 20460 20460 D Pine : handleCall for method public final java.lang.String android.os.Parcel.readString()
04-12 15:08:58.328 20460 20485 I Pine : handleBridge: artMethod=0x7139c800 originExtras=0x78f2a97ac0 extras=0x78fce2f2e0 sp=0x78eb4d4070
04-12 15:08:58.329 20460 20485 D Pine : handleCall for method public final java.lang.String android.os.Parcel.readString()
04-12 15:08:58.330 20460 20485 I Pine : handleBridge: artMethod=0x7139c800 originExtras=0x78f2a97ac0 extras=0x78fce2f2e0 sp=0x78eb4d4070
04-12 15:08:58.331 20460 20485 D Pine : handleCall for method public final java.lang.String android.os.Parcel.readString()
04-12 15:08:58.331 20460 20460 I Pine : handleBridge: artMethod=0x7139c800 originExtras=0x78f2a97ac0 extras=0x78f2bb1de0 sp=0x7fe5e8f240
04-12 15:08:58.331 20460 20460 D Pine : handleCall for method public final java.lang.String android.os.Parcel.readString()
04-12 15:08:58.331 20460 20485 I Pine : handleBridge: artMethod=0x7139c800 originExtras=0x78f2a97ac0 extras=0x78fce2f2e0 sp=0x78eb4d4070
04-12 15:08:58.332 20460 20485 D Pine : handleCall for method public final java.lang.String android.os.Parcel.readString()
04-12 15:08:58.332 20460 20460 I Pine : handleBridge: artMethod=0x7139c800 originExtras=0x78f2a97ac0 extras=0x78f2bb1de0 sp=0x7fe5e8ff50
04-12 15:08:58.332 20460 20460 D Pine : handleCall for method public final java.lang.String android.os.Parcel.readString()
04-12 15:08:58.333 20460 20485 I Pine : handleBridge: artMethod=0x7139c800 originExtras=0x78f2a97ac0 extras=0x78fce2f2e0 sp=0x78eb4d4070
04-12 15:08:58.333 20460 20485 D Pine : handleCall for method public final java.lang.String android.os.Parcel.readString()
04-12 15:08:58.333 20460 20460 I Pine : handleBridge: artMethod=0x7139c800 originExtras=0x78f2a97ac0 extras=0x78f2bb1de0 sp=0x7fe5e90570
04-12 15:08:58.333 20460 20460 D Pine : handleCall for method public final java.lang.String android.os.Parcel.readString()
04-12 15:08:58.334 20460 20485 I Pine : handleBridge: artMethod=0x7139c800 originExtras=0x78f2a97ac0 extras=0x78fce2f2e0 sp=0x78eb4d4070
04-12 15:08:58.334 20460 20485 D Pine : handleCall for method public final java.lang.String android.os.Parcel.readString()
04-12 15:08:58.335 20460 20485 I Pine : handleBridge: artMethod=0x7139c800 originExtras=0x78f2a97ac0 extras=0x78fce2f2e0 sp=0x78eb4d4070
04-12 15:08:58.335 20460 20485 D Pine : handleCall for method public final java.lang.String android.os.Parcel.readString()
04-12 15:08:58.335 20460 20460 I Pine : handleBridge: artMethod=0x7139c800 originExtras=0x78f2a97ac0 extras=0x78f2bb1de0 sp=0x7fe5e906f0
04-12 15:08:58.335 20460 20460 D Pine : handleCall for method public final java.lang.String android.os.Parcel.readString()
04-12 15:08:58.336 20460 20485 I Pine : handleBridge: artMethod=0x7139c800 originExtras=0x78f2a97ac0 extras=0x78fce2f2e0 sp=0x78eb4d4070
04-12 15:08:58.336 20460 20485 D Pine : handleCall for method public final java.lang.String android.os.Parcel.readString()
04-12 15:08:58.337 20460 20460 I Pine : handleBridge: artMethod=0x7139c800 originExtras=0x78f2a97ac0 extras=0x78f2bb1de0 sp=0x7fe5e90540
04-12 15:08:58.337 20460 20460 D Pine : handleCall for method public final java.lang.String android.os.Parcel.readString()
04-12 15:08:58.337 20460 20485 I Pine : handleBridge: artMethod=0x7139c800 originExtras=0x78f2a97ac0 extras=0x78fce2f2e0 sp=0x78eb4d4070
04-12 15:08:58.337 20460 20485 D Pine : handleCall for method public final java.lang.String android.os.Parcel.readString()
04-12 15:08:58.338 20460 20460 I Pine : handleBridge: artMethod=0x7139c800 originExtras=0x78f2a97ac0 extras=0x78f2bb1de0 sp=0x7fe5e90540
04-12 15:08:58.338 20460 20460 D Pine : handleCall for method public final java.lang.String android.os.Parcel.readString()
04-12 15:08:58.338 20460 20485 I Pine : handleBridge: artMethod=0x7139c800 originExtras=0x78f2a97ac0 extras=0x78fce2f2e0 sp=0x78eb4d4070
04-12 15:08:58.338 20460 20485 D Pine : handleCall for method public final java.lang.String android.os.Parcel.readString()
04-12 15:08:58.339 20460 20460 I Pine : handleBridge: artMethod=0x7139c800 originExtras=0x78f2a97ac0 extras=0x78f2bb1de0 sp=0x7fe5e90540
04-12 15:08:58.339 20460 20460 D Pine : handleCall for method public final java.lang.String android.os.Parcel.readString()
04-12 15:08:58.339 20460 20485 I Pine : handleBridge: artMethod=0x7139c800 originExtras=0x78f2a97ac0 extras=0x78fce2f2e0 sp=0x78eb4d4070
04-12 15:08:58.340 20460 20485 D Pine : handleCall for method public final java.lang.String android.os.Parcel.readString()
04-12 15:08:58.340 20460 20460 I Pine : handleBridge: artMethod=0x7139c800 originExtras=0x78f2a97ac0 extras=0x78f2bb1de0 sp=0x7fe5e90540
04-12 15:08:58.340 20460 20460 D Pine : handleCall for method public final java.lang.String android.os.Parcel.readString()
04-12 15:08:58.341 20460 20485 I Pine : handleBridge: artMethod=0x7139c800 originExtras=0x78f2a97ac0 extras=0x78fce2f2e0 sp=0x78eb4d4070
04-12 15:08:58.341 20460 20485 D Pine : handleCall for method public final java.lang.String android.os.Parcel.readString()
04-12 15:08:58.341 20460 20460 I Pine : handleBridge: artMethod=0x7139c800 originExtras=0x78f2a97ac0 extras=0x78f2bb1de0 sp=0x7fe5e90540
04-12 15:08:58.341 20460 20460 D Pine : handleCall for method public final java.lang.String android.os.Parcel.readString()
04-12 15:08:58.342 20460 20485 I Pine : handleBridge: artMethod=0x7139c800 originExtras=0x78f2a97ac0 extras=0x78fce2f2e0 sp=0x78eb4d4070
04-12 15:08:58.342 20460 20485 D Pine : handleCall for method public final java.lang.String android.os.Parcel.readString()
04-12 15:08:58.342 20460 20460 I Pine : handleBridge: artMethod=0x7139c800 originExtras=0x78f2a97ac0 extras=0x78f2bb1de0 sp=0x7fe5e90540
04-12 15:08:58.343 20460 20460 D Pine : handleCall for method public final java.lang.String android.os.Parcel.readString()
04-12 15:08:58.343 20460 20485 I Pine : handleBridge: artMethod=0x7139c800 originExtras=0x78f2a97ac0 extras=0x78fce2f2e0 sp=0x78eb4d4090
04-12 15:08:58.343 20460 20485 D Pine : handleCall for method public final java.lang.String android.os.Parcel.readString()
04-12 15:08:58.345 20460 20460 I Pine : handleBridge: artMethod=0x7139c800 originExtras=0x78f2a97ac0 extras=0x78f2bb1de0 sp=0x7fe5e90540
04-12 15:08:58.346 20460 20460 D Pine : handleCall for method public final java.lang.String android.os.Parcel.readString()
04-12 15:08:58.347 20460 20460 I Pine : handleBridge: artMethod=0x7139c800 originExtras=0x78f2a97ac0 extras=0x78f2bb1de0 sp=0x7fe5e90540
04-12 15:08:58.347 20460 20460 D Pine : handleCall for method public final java.lang.String android.os.Parcel.readString()
04-12 15:08:58.348 20460 20460 I Pine : handleBridge: artMethod=0x7139c800 originExtras=0x78f2a97ac0 extras=0x78f2bb1de0 sp=0x7fe5e90540
04-12 15:08:58.349 20460 20460 D Pine : handleCall for method public final java.lang.String android.os.Parcel.readString()
04-12 15:08:58.349 20460 20485 I Pine : handleBridge: artMethod=0x7139c800 originExtras=0x78f2a97ac0 extras=0x78fce2f2e0 sp=0x78eb4d4090
04-12 15:08:58.349 20460 20485 D Pine : handleCall for method public final java.lang.String android.os.Parcel.readString()
04-12 15:08:58.350 20460 20460 I Pine : handleBridge: artMethod=0x7139c800 originExtras=0x78f2a97ac0 extras=0x78f2bb1de0 sp=0x7fe5e90540
04-12 15:08:58.350 20460 20460 D Pine : handleCall for method public final java.lang.String android.os.Parcel.readString()
04-12 15:08:58.350 20460 20485 I Pine : handleBridge: artMethod=0x7139c800 originExtras=0x78f2a97ac0 extras=0x78fce2f2e0 sp=0x78eb4d4090
04-12 15:08:58.350 20460 20485 D Pine : handleCall for method public final java.lang.String android.os.Parcel.readString()
04-12 15:08:58.350 20460 20460 I Pine : handleBridge: artMethod=0x7139c800 originExtras=0x78f2a97ac0 extras=0x78f2bb1de0 sp=0x7fe5e90540
04-12 15:08:58.351 20460 20460 D Pine : handleCall for method public final java.lang.String android.os.Parcel.readString()
04-12 15:08:58.351 20460 20485 I Pine : handleBridge: artMethod=0x7139c800 originExtras=0x78f2a97ac0 extras=0x78fce2f2e0 sp=0x78eb4d4090
04-12 15:08:58.352 20460 20460 I Pine : handleBridge: artMethod=0x7139c800 originExtras=0x78f2a97ac0 extras=0x78f2bb1de0 sp=0x7fe5e90540
04-12 15:08:58.352 20460 20485 D Pine : handleCall for method public final java.lang.String android.os.Parcel.readString()
04-12 15:08:58.352 20460 20460 D Pine : handleCall for method public final java.lang.String android.os.Parcel.readString()
04-12 15:08:58.353 20460 20460 I Pine : handleBridge: artMethod=0x7139c800 originExtras=0x78f2a97ac0 extras=0x78f2bb1de0 sp=0x7fe5e90540
04-12 15:08:58.353 20460 20460 D Pine : handleCall for method public final java.lang.String android.os.Parcel.readString()
04-12 15:08:58.354 20460 20460 I Pine : handleBridge: artMethod=0x7139c800 originExtras=0x78f2a97ac0 extras=0x78f2bb1de0 sp=0x7fe5e90540
04-12 15:08:58.355 20460 20460 D Pine : handleCall for method public final java.lang.String android.os.Parcel.readString()
04-12 15:08:58.356 20460 20460 I Pine : handleBridge: artMethod=0x7139c800 originExtras=0x78f2a97ac0 extras=0x78f2bb1de0 sp=0x7fe5e90540
04-12 15:08:58.356 20460 20460 D Pine : handleCall for method public final java.lang.String android.os.Parcel.readString()
04-12 15:08:58.357 20460 20460 I Pine : handleBridge: artMethod=0x7139c800 originExtras=0x78f2a97ac0 extras=0x78f2bb1de0 sp=0x7fe5e90540
04-12 15:08:58.357 20460 20460 D Pine : handleCall for method public final java.lang.String android.os.Parcel.readString()
04-12 15:08:58.358 20460 20460 I Pine : handleBridge: artMethod=0x7139c800 originExtras=0x78f2a97ac0 extras=0x78f2bb1de0 sp=0x7fe5e900a0
04-12 15:08:58.358 20460 20460 D Pine : handleCall for method public final java.lang.String android.os.Parcel.readString()
04-12 15:08:58.359 20460 20460 I Pine : handleBridge: artMethod=0x7139c800 originExtras=0x78f2a97ac0 extras=0x78f2bb1de0 sp=0x7fe5e900a0
04-12 15:08:58.359 20460 20460 D Pine : handleCall for method public final java.lang.String android.os.Parcel.readString()
04-12 15:08:58.360 20460 20460 I Pine : handleBridge: artMethod=0x7139c800 originExtras=0x78f2a97ac0 extras=0x78f2bb1de0 sp=0x7fe5e900a0
04-12 15:08:58.361 20460 20460 D Pine : handleCall for method public final java.lang.String android.os.Parcel.readString()
04-12 15:08:58.362 20460 20460 I Pine : handleBridge: artMethod=0x7139c800 originExtras=0x78f2a97ac0 extras=0x78f2bb1de0 sp=0x7fe5e900a0
04-12 15:08:58.362 20460 20460 D Pine : handleCall for method public final java.lang.String android.os.Parcel.readString()
04-12 15:08:58.366 20460 20460 V OplusZoomWindowDecorViewHelper: setLastReportedMergedConfiguration mZoomDisplayHeight: 720 getDecorView.DecorView@1a0e749[gameactivity]
04-12 15:08:58.368 20460 20485 I Pine : handleBridge: artMethod=0x713b58b8 originExtras=0x78f2a97a60 extras=0x78fce2f2e0 sp=0x78eb4d6de0
04-12 15:08:58.368 20460 20485 D Pine : handleCall for method private boolean android.os.Binder.execTransact(int,long,long,int)
04-12 15:08:58.368 20460 20460 I Pine : handleBridge: artMethod=0x7139c800 originExtras=0x78f2a97ac0 extras=0x78f2bb1ae0 sp=0x7fe5e91970
04-12 15:08:58.369 20460 20460 D Pine : handleCall for method public final java.lang.String android.os.Parcel.readString()
04-12 15:08:58.369 20460 20485 I Pine : handleBridge: artMethod=0x7139c800 originExtras=0x78f2a97ac0 extras=0x78fce2f2e0 sp=0x78eb4d4220
04-12 15:08:58.369 20460 20485 D Pine : handleCall for method public final java.lang.String android.os.Parcel.readString()
04-12 15:08:58.373 20460 20485 I Pine : handleBridge: artMethod=0x7139c800 originExtras=0x78f2a97ac0 extras=0x78fce2f2e0 sp=0x78eb4d4070
04-12 15:08:58.373 20460 20485 D Pine : handleCall for method public final java.lang.String android.os.Parcel.readString()
04-12 15:08:58.376 20460 20485 I Pine : handleBridge: artMethod=0x7139c800 originExtras=0x78f2a97ac0 extras=0x78fce2f2e0 sp=0x78eb4d4070
04-12 15:08:58.376 20460 20485 D Pine : handleCall for method public final java.lang.String android.os.Parcel.readString()
04-12 15:08:58.379 20460 20485 I Pine : handleBridge: artMethod=0x7139c800 originExtras=0x78f2a97ac0 extras=0x78fce2f2e0 sp=0x78eb4d4070
04-12 15:08:58.379 20460 20485 D Pine : handleCall for method public final java.lang.String android.os.Parcel.readString()
04-12 15:08:58.382 20460 20485 I Pine : handleBridge: artMethod=0x7139c800 originExtras=0x78f2a97ac0 extras=0x78fce2f2e0 sp=0x78eb4d4070
04-12 15:08:58.382 20460 20485 D Pine : handleCall for method public final java.lang.String android.os.Parcel.readString()
