04-12 15:08:58.704 20460 20550 D AudioTrack: set() streamType 3, sampleRate 48000, format 0x1, channelMask 0x3, frameCount 0, flags #104, notificationFrames -2, sessionId 47649, transferType 0, uid -1, pid -1 cbf 1
04-12 15:08:58.704 20460 20550 D AudioTrack: gATLogLevel = 0
04-12 15:08:58.725 20460 20550 D AudioTrack: createTrack state 0 output.outputId=13
04-12 15:08:58.730 20460 20550 I AudioTrack: createTrack_l(0): AUDIO_OUTPUT_FLAG_FAST successful; frameCount 0 -> 384
04-12 15:08:58.735 20460 20550 D AudioTrack: gATLogLevel = 0
04-12 15:08:58.742 20460 20550 D AudioTrack: start(5398): prior state:STATE_STOPPED output 13 stream 3 session 47649
04-12 15:08:58.742 20460 20550 D voice_scence_discern: add name:sample_rate, value:48000
04-12 15:08:58.742 20460 20550 V voice_scence_discern: add name:sample_rate value:48000 list:0x78f2b54de0
04-12 15:08:58.742 20460 20550 D voice_scence_discern: add name:channels, value:2
04-12 15:08:58.742 20460 20550 V voice_scence_discern: add name:channels value:2 list:0x78f2b54de0
04-12 15:08:58.742 20460 20550 D voice_scence_discern: init_scence_config ++
04-12 15:08:58.742 20460 20550 D MMListParser: onlineVersion -1 defaultVersion 20210702
04-12 15:08:58.743 20460 20550 V voice_scence_discern: apk_list:0x784ee5b860
04-12 15:08:58.743 20460 20550 D voice_scence_discern: apk name:com.tencent.mm
04-12 15:08:58.743 20460 20550 D voice_scence_discern: Scence name:voice_playback_mm
04-12 15:08:58.743 20460 20550 D voice_scence_discern: pAttribute- >name :sample_rate
04-12 15:08:58.743 20460 20550 D voice_scence_discern: pAttribute->value :16000
04-12 15:08:58.743 20460 20550 D voice_scence_discern: pAttribute->name :channels
04-12 15:08:58.743 20460 20550 D voice_scence_discern: pAttribute->value :1
04-12 15:08:58.743 20460 20550 D voice_scence_discern: Scence name:voice_record_mm
04-12 15:08:58.743 20460 20550 D voice_scence_discern: pAttribute- >name :sample_rate
04-12 15:08:58.743 20460 20550 D voice_scence_discern: pAttribute->value :16000
04-12 15:08:58.743 20460 20550 D voice_scence_discern: pAttribute->name :channels
04-12 15:08:58.743 20460 20550 D voice_scence_discern: pAttribute->value :1
04-12 15:08:58.743 20460 20550 D voice_scence_discern: apk name:com.ngame.allstar.eu
04-12 15:08:58.743 20460 20550 D voice_scence_discern: Scence name:voice_playback_tmgp
04-12 15:08:58.743 20460 20550 D voice_scence_discern: pAttribute- >name :sample_rate
04-12 15:08:58.743 20460 20550 D voice_scence_discern: pAttribute->value :16000
04-12 15:08:58.743 20460 20550 D voice_scence_discern: pAttribute->name :channels
04-12 15:08:58.743 20460 20550 D voice_scence_discern: pAttribute->value :1
04-12 15:08:58.743 20460 20550 D voice_scence_discern: Scence name:voice_record_tmgp
04-12 15:08:58.743 20460 20550 D voice_scence_discern: pAttribute- >name :sample_rate
04-12 15:08:58.743 20460 20550 D voice_scence_discern: pAttribute->value :16000
04-12 15:08:58.743 20460 20550 D voice_scence_discern: pAttribute->name :channels
04-12 15:08:58.744 20460 20550 D voice_scence_discern: pAttribute->value :1
04-12 15:08:58.744 20460 20550 D voice_scence_discern: Scence name:audio_playback_tmgp
04-12 15:08:58.744 20460 20550 D voice_scence_discern: pAttribute- >name :sample_rate
04-12 15:08:58.744 20460 20550 D voice_scence_discern: pAttribute->value :48000| 24000|44100
04-12 15:08:58.744 20460 20550 D voice_scence_discern: pAttribute->name :channels
04-12 15:08:58.744 20460 20550 D voice_scence_discern: pAttribute->value :2
04-12 15:08:58.744 20460 20550 D voice_scence_discern: apk name:com.tencent.ig
04-12 15:08:58.744 20460 20550 D voice_scence_discern: Scence name:voice_playback_effect_game
04-12 15:08:58.744 20460 20550 D voice_scence_discern: pAttribute- >name :sample_rate
04-12 15:08:58.744 20460 20550 D voice_scence_discern: pAttribute->value :16000
04-12 15:08:58.744 20460 20550 D voice_scence_discern: pAttribute->name :channels
04-12 15:08:58.744 20460 20550 D voice_scence_discern: pAttribute->value :1
04-12 15:08:58.744 20460 20550 D voice_scence_discern: Scence name:voice_record_effect_game
04-12 15:08:58.744 20460 20550 D voice_scence_discern: pAttribute- >name :sample_rate
04-12 15:08:58.744 20460 20550 D voice_scence_discern: pAttribute->value :8000| 16000|44100
04-12 15:08:58.744 20460 20550 D voice_scence_discern: pAttribute->name :channels
04-12 15:08:58.744 20460 20550 D voice_scence_discern: pAttribute->value :1
04-12 15:08:58.744 20460 20550 D voice_scence_discern: Scence name:audio_playback_effect_game
04-12 15:08:58.744 20460 20550 D voice_scence_discern: pAttribute- >name :sample_rate
04-12 15:08:58.744 20460 20550 D voice_scence_discern: pAttribute->value :48000| 24000|44100
04-12 15:08:58.744 20460 20550 D voice_scence_discern: pAttribute->name :channels
04-12 15:08:58.744 20460 20550 D voice_scence_discern: pAttribute->value :2
04-12 15:08:58.744 20460 20550 D voice_scence_discern: apk name:com.tencent.tmgp.sgame
04-12 15:08:58.744 20460 20550 D voice_scence_discern: Scence name:voice_playback_tmgp
04-12 15:08:58.744 20460 20550 D voice_scence_discern: pAttribute- >name :sample_rate
04-12 15:08:58.744 20460 20550 D voice_scence_discern: pAttribute->value :16000
04-12 15:08:58.744 20460 20550 D voice_scence_discern: pAttribute->name :channels
04-12 15:08:58.744 20460 20550 D voice_scence_discern: pAttribute->value :1
04-12 15:08:58.744 20460 20550 D voice_scence_discern: Scence name:voice_record_tmgp
04-12 15:08:58.744 20460 20550 D voice_scence_discern: pAttribute- >name :sample_rate
04-12 15:08:58.744 20460 20550 D voice_scence_discern: pAttribute->value :16000
04-12 15:08:58.744 20460 20550 D voice_scence_discern: pAttribute->name :channels
04-12 15:08:58.744 20460 20550 D voice_scence_discern: pAttribute->value :1
04-12 15:08:58.744 20460 20550 D voice_scence_discern: Scence name:audio_playback_tmgp
04-12 15:08:58.744 20460 20550 D voice_scence_discern: pAttribute- >name :sample_rate
04-12 15:08:58.744 20460 20550 D voice_scence_discern: pAttribute->value :48000| 24000|44100
04-12 15:08:58.744 20460 20550 D voice_scence_discern: pAttribute->name :channels
04-12 15:08:58.744 20460 20550 D voice_scence_discern: pAttribute->value :2
04-12 15:08:58.744 20460 20550 D voice_scence_discern: apk name:com.tencent.tmgp.pubgmhd
04-12 15:08:58.744 20460 20550 D voice_scence_discern: Scence name:voice_playback_effect_game
04-12 15:08:58.744 20460 20550 D voice_scence_discern: pAttribute- >name :sample_rate
04-12 15:08:58.744 20460 20550 D voice_scence_discern: pAttribute->value :16000
04-12 15:08:58.744 20460 20550 D voice_scence_discern: pAttribute->name :channels
04-12 15:08:58.744 20460 20550 D voice_scence_discern: pAttribute->value :1
04-12 15:08:58.744 20460 20550 D voice_scence_discern: Scence name:voice_record_effect_game
04-12 15:08:58.744 20460 20550 D voice_scence_discern: pAttribute- >name :sample_rate
04-12 15:08:58.744 20460 20550 D voice_scence_discern: pAttribute->value :8000| 16000|44100
04-12 15:08:58.744 20460 20550 D voice_scence_discern: pAttribute->name :channels
04-12 15:08:58.744 20460 20550 D voice_scence_discern: pAttribute->value :1
04-12 15:08:58.744 20460 20550 D voice_scence_discern: Scence name:audio_playback_effect_game
04-12 15:08:58.744 20460 20550 D voice_scence_discern: pAttribute- >name :sample_rate
04-12 15:08:58.744 20460 20550 D voice_scence_discern: pAttribute->value :48000| 24000|44100
04-12 15:08:58.744 20460 20550 D voice_scence_discern: pAttribute->name :channels
04-12 15:08:58.744 20460 20550 D voice_scence_discern: pAttribute->value :2
04-12 15:08:58.744 20460 20550 D voice_scence_discern: apk name:com.tencent.tmgp.pubgm
04-12 15:08:58.744 20460 20550 D voice_scence_discern: Scence name:voice_playback_effect_game
04-12 15:08:58.744 20460 20550 D voice_scence_discern: pAttribute- >name :sample_rate
04-12 15:08:58.744 20460 20550 D voice_scence_discern: pAttribute->value :16000
04-12 15:08:58.744 20460 20550 D voice_scence_discern: pAttribute->name :channels
04-12 15:08:58.744 20460 20550 D voice_scence_discern: pAttribute->value :1
04-12 15:08:58.744 20460 20550 D voice_scence_discern: Scence name:voice_record_effect_game
04-12 15:08:58.744 20460 20550 D voice_scence_discern: pAttribute- >name :sample_rate
04-12 15:08:58.744 20460 20550 D voice_scence_discern: pAttribute->value :8000| 16000|44100
04-12 15:08:58.744 20460 20550 D voice_scence_discern: pAttribute->name :channels
04-12 15:08:58.744 20460 20550 D voice_scence_discern: pAttribute->value :1
04-12 15:08:58.744 20460 20550 D voice_scence_discern: Scence name:audio_playback_effect_game
04-12 15:08:58.744 20460 20550 D voice_scence_discern: pAttribute- >name :sample_rate
04-12 15:08:58.744 20460 20550 D voice_scence_discern: pAttribute->value :48000| 24000|44100
04-12 15:08:58.744 20460 20550 D voice_scence_discern: pAttribute->name :channels
04-12 15:08:58.744 20460 20550 D voice_scence_discern: pAttribute->value :2
04-12 15:08:58.744 20460 20550 D voice_scence_discern: apk name:com.tencent.tmgp.cf
04-12 15:08:58.744 20460 20550 D voice_scence_discern: Scence name:voice_playback_effect_game
04-12 15:08:58.744 20460 20550 D voice_scence_discern: pAttribute- >name :sample_rate
04-12 15:08:58.744 20460 20550 D voice_scence_discern: pAttribute->value :16000
04-12 15:08:58.744 20460 20550 D voice_scence_discern: pAttribute->name :channels
04-12 15:08:58.744 20460 20550 D voice_scence_discern: pAttribute->value :1
04-12 15:08:58.744 20460 20550 D voice_scence_discern: Scence name:voice_record_effect_game
04-12 15:08:58.744 20460 20550 D voice_scence_discern: pAttribute- >name :sample_rate
04-12 15:08:58.744 20460 20550 D voice_scence_discern: pAttribute->value :8000| 16000|44100
04-12 15:08:58.744 20460 20550 D voice_scence_discern: pAttribute->name :channels
04-12 15:08:58.744 20460 20550 D voice_scence_discern: pAttribute->value :1
04-12 15:08:58.744 20460 20550 D voice_scence_discern: Scence name:audio_playback_effect_game
04-12 15:08:58.744 20460 20550 D voice_scence_discern: pAttribute- >name :sample_rate
04-12 15:08:58.744 20460 20550 D voice_scence_discern: pAttribute->value :48000| 24000|44100
04-12 15:08:58.744 20460 20550 D voice_scence_discern: pAttribute->name :channels
04-12 15:08:58.744 20460 20550 D voice_scence_discern: pAttribute->value :2
04-12 15:08:58.744 20460 20550 D voice_scence_discern: apk name:com.netease.dwrg.nearme.gamecenter
04-12 15:08:58.744 20460 20550 D voice_scence_discern: Scence name:voice_playback_effect_game
04-12 15:08:58.744 20460 20550 D voice_scence_discern: pAttribute- >name :sample_rate
04-12 15:08:58.744 20460 20550 D voice_scence_discern: pAttribute->value :16000
04-12 15:08:58.744 20460 20550 D voice_scence_discern: pAttribute->name :channels
04-12 15:08:58.744 20460 20550 D voice_scence_discern: pAttribute->value :1
04-12 15:08:58.744 20460 20550 D voice_scence_discern: Scence name:voice_record_effect_game
04-12 15:08:58.744 20460 20550 D voice_scence_discern: pAttribute- >name :sample_rate
04-12 15:08:58.744 20460 20550 D voice_scence_discern: pAttribute->value :8000| 16000|44100
04-12 15:08:58.744 20460 20550 D voice_scence_discern: pAttribute->name :channels
04-12 15:08:58.744 20460 20550 D voice_scence_discern: pAttribute->value :1
04-12 15:08:58.744 20460 20550 D voice_scence_discern: Scence name:audio_playback_effect_game
04-12 15:08:58.744 20460 20550 D voice_scence_discern: pAttribute- >name :sample_rate
04-12 15:08:58.744 20460 20550 D voice_scence_discern: pAttribute->value :48000| 24000|44100
04-12 15:08:58.744 20460 20550 D voice_scence_discern: pAttribute->name :channels
04-12 15:08:58.744 20460 20550 D voice_scence_discern: pAttribute->value :2
04-12 15:08:58.744 20460 20550 D voice_scence_discern: apk name:com.netease.hyxd.nearme.gamecenter
04-12 15:08:58.744 20460 20550 D voice_scence_discern: Scence name:voice_playback_effect_game
04-12 15:08:58.744 20460 20550 D voice_scence_discern: pAttribute- >name :sample_rate
04-12 15:08:58.744 20460 20550 D voice_scence_discern: pAttribute->value :16000
04-12 15:08:58.744 20460 20550 D voice_scence_discern: pAttribute->name :channels
04-12 15:08:58.744 20460 20550 D voice_scence_discern: pAttribute->value :1
04-12 15:08:58.744 20460 20550 D voice_scence_discern: Scence name:voice_record_effect_game
04-12 15:08:58.744 20460 20550 D voice_scence_discern: pAttribute- >name :sample_rate
04-12 15:08:58.744 20460 20550 D voice_scence_discern: pAttribute->value :8000| 16000|44100
04-12 15:08:58.744 20460 20550 D voice_scence_discern: pAttribute->name :channels
04-12 15:08:58.744 20460 20550 D voice_scence_discern: pAttribute->value :1
04-12 15:08:58.744 20460 20550 D voice_scence_discern: Scence name:audio_playback_effect_game
04-12 15:08:58.744 20460 20550 D voice_scence_discern: pAttribute- >name :sample_rate
04-12 15:08:58.744 20460 20550 D voice_scence_discern: pAttribute->value :44100
04-12 15:08:58.744 20460 20550 D voice_scence_discern: pAttribute->name :channels
04-12 15:08:58.744 20460 20550 D voice_scence_discern: pAttribute->value :1
04-12 15:08:58.744 20460 20550 D voice_scence_discern: Scence name:audio_playback_effect_game
04-12 15:08:58.745 20460 20550 D voice_scence_discern: pAttribute- >name :sample_rate
04-12 15:08:58.745 20460 20550 D voice_scence_discern: pAttribute->value :48000| 24000|44100
04-12 15:08:58.745 20460 20550 D voice_scence_discern: pAttribute->name :channels
04-12 15:08:58.745 20460 20550 D voice_scence_discern: pAttribute->value :2
04-12 15:08:58.745 20460 20550 D voice_scence_discern: apk name:com.tencent.mobileqq
04-12 15:08:58.745 20460 20550 D voice_scence_discern: Scence name:voice_playback_mm
04-12 15:08:58.745 20460 20550 D voice_scence_discern: pAttribute- >name :sample_rate
04-12 15:08:58.745 20460 20550 D voice_scence_discern: pAttribute->value :16000
04-12 15:08:58.745 20460 20550 D voice_scence_discern: pAttribute->name :channels
04-12 15:08:58.745 20460 20550 D voice_scence_discern: pAttribute->value :1
04-12 15:08:58.745 20460 20550 D voice_scence_discern: Scence name:voice_record_mm
04-12 15:08:58.745 20460 20550 D voice_scence_discern: pAttribute- >name :sample_rate
04-12 15:08:58.745 20460 20550 D voice_scence_discern: pAttribute->value :16000
04-12 15:08:58.745 20460 20550 D voice_scence_discern: pAttribute->name :channels
04-12 15:08:58.745 20460 20550 D voice_scence_discern: pAttribute->value :1
04-12 15:08:58.745 20460 20550 D voice_scence_discern: apk name:com.tencent.mobileqq:video
04-12 15:08:58.745 20460 20550 D voice_scence_discern: Scence name:voice_playback_mm
04-12 15:08:58.745 20460 20550 D voice_scence_discern: pAttribute- >name :sample_rate
04-12 15:08:58.745 20460 20550 D voice_scence_discern: pAttribute->value :16000
04-12 15:08:58.745 20460 20550 D voice_scence_discern: pAttribute->name :channels
04-12 15:08:58.745 20460 20550 D voice_scence_discern: pAttribute->value :1
04-12 15:08:58.745 20460 20550 D voice_scence_discern: Scence name:voice_record_mm
04-12 15:08:58.745 20460 20550 D voice_scence_discern: pAttribute- >name :sample_rate
04-12 15:08:58.745 20460 20550 D voice_scence_discern: pAttribute->value :16000
04-12 15:08:58.745 20460 20550 D voice_scence_discern: pAttribute->name :channels
04-12 15:08:58.745 20460 20550 D voice_scence_discern: pAttribute->value :1
04-12 15:08:58.745 20460 20550 D voice_scence_discern: apk name:com.tencent.mobileqq:groupvideo
04-12 15:08:58.745 20460 20550 D voice_scence_discern: Scence name:voice_playback_mm
04-12 15:08:58.745 20460 20550 D voice_scence_discern: pAttribute- >name :sample_rate
04-12 15:08:58.745 20460 20550 D voice_scence_discern: pAttribute->value :16000
04-12 15:08:58.745 20460 20550 D voice_scence_discern: pAttribute->name :channels
04-12 15:08:58.745 20460 20550 D voice_scence_discern: pAttribute->value :1
04-12 15:08:58.745 20460 20550 D voice_scence_discern: Scence name:voice_record_mm
04-12 15:08:58.745 20460 20550 D voice_scence_discern: pAttribute- >name :sample_rate
04-12 15:08:58.745 20460 20550 D voice_scence_discern: pAttribute->value :16000
04-12 15:08:58.745 20460 20550 D voice_scence_discern: pAttribute->name :channels
04-12 15:08:58.745 20460 20550 D voice_scence_discern: pAttribute->value :1
04-12 15:08:58.745 20460 20550 D voice_scence_discern: apk name:com.eg.android.AlipayGphone
04-12 15:08:58.745 20460 20550 D voice_scence_discern: Scence name:voice_playback_mm
04-12 15:08:58.745 20460 20550 D voice_scence_discern: pAttribute- >name :sample_rate
04-12 15:08:58.745 20460 20550 D voice_scence_discern: pAttribute->value :16000| 44100
04-12 15:08:58.745 20460 20550 D voice_scence_discern: pAttribute->name :channels
04-12 15:08:58.745 20460 20550 D voice_scence_discern: pAttribute->value :1
04-12 15:08:58.745 20460 20550 D voice_scence_discern: Scence name:voice_record_mm
04-12 15:08:58.745 20460 20550 D voice_scence_discern: pAttribute- >name :sample_rate
04-12 15:08:58.745 20460 20550 D voice_scence_discern: pAttribute->value :16000| 44100
04-12 15:08:58.745 20460 20550 D voice_scence_discern: pAttribute->name :channels
04-12 15:08:58.745 20460 20550 D voice_scence_discern: pAttribute->value :1
04-12 15:08:58.745 20460 20550 D voice_scence_discern: apk name:com.whatsapp
04-12 15:08:58.745 20460 20550 D voice_scence_discern: Scence name:voice_record_mm
04-12 15:08:58.745 20460 20550 D voice_scence_discern: pAttribute- >name :sample_rate
04-12 15:08:58.745 20460 20550 D voice_scence_discern: pAttribute->value :16000
04-12 15:08:58.745 20460 20550 D voice_scence_discern: pAttribute->name :channels
04-12 15:08:58.745 20460 20550 D voice_scence_discern: pAttribute->value :1
04-12 15:08:58.745 20460 20550 D voice_scence_discern: apk name:com.facebook.orca
04-12 15:08:58.745 20460 20550 D voice_scence_discern: Scence name:voice_record_mm
04-12 15:08:58.745 20460 20550 D voice_scence_discern: pAttribute- >name :sample_rate
04-12 15:08:58.745 20460 20550 D voice_scence_discern: pAttribute->value :44100
04-12 15:08:58.745 20460 20550 D voice_scence_discern: pAttribute->name :channels
04-12 15:08:58.745 20460 20550 D voice_scence_discern: pAttribute->value :1
04-12 15:08:58.745 20460 20550 D voice_scence_discern: apk name:jp.naver.line.android
04-12 15:08:58.745 20460 20550 D voice_scence_discern: Scence name:voice_record_mm
04-12 15:08:58.745 20460 20550 D voice_scence_discern: pAttribute- >name :sample_rate
04-12 15:08:58.745 20460 20550 D voice_scence_discern: pAttribute->value :16000
04-12 15:08:58.745 20460 20550 D voice_scence_discern: pAttribute->name :channels
04-12 15:08:58.745 20460 20550 D voice_scence_discern: pAttribute->value :1
04-12 15:08:58.745 20460 20550 D voice_scence_discern: apk name:com.instagram.android
04-12 15:08:58.745 20460 20550 D voice_scence_discern: Scence name:voice_record_mm
04-12 15:08:58.745 20460 20550 D voice_scence_discern: pAttribute- >name :sample_rate
04-12 15:08:58.745 20460 20550 D voice_scence_discern: pAttribute->value :44100
04-12 15:08:58.745 20460 20550 D voice_scence_discern: pAttribute->name :channels
04-12 15:08:58.745 20460 20550 D voice_scence_discern: pAttribute->value :1
04-12 15:08:58.745 20460 20550 D voice_scence_discern: to free buffer:0x784ee18000 ,k:0
04-12 15:08:58.745 20460 20550 D voice_scence_discern: to free buffer:0x784ee18400 ,k:1
04-12 15:08:58.745 20460 20550 D voice_scence_discern: to free buffer:0x784ee18800 ,k:2
04-12 15:08:58.745 20460 20550 D voice_scence_discern: to free buffer:0x784ee18c00 ,k:3
04-12 15:08:58.745 20460 20550 D voice_scence_discern: to free buffer:0x784ee19000 ,k:4
04-12 15:08:58.745 20460 20550 D voice_scence_discern: to free buffer:0x784ee19400 ,k:5
04-12 15:08:58.745 20460 20550 D voice_scence_discern: to free buffer:0x784ee19800 ,k:6
04-12 15:08:58.745 20460 20550 D voice_scence_discern: to free buffer:0x784ee19c00 ,k:7
04-12 15:08:58.745 20460 20550 D voice_scence_discern: to free buffer:0x784ee1a000 ,k:8
04-12 15:08:58.745 20460 20550 D voice_scence_discern: to free buffer:0x784ee1a400 ,k:9
04-12 15:08:58.745 20460 20550 D voice_scence_discern: to free buffer:0x784ee1a800 ,k:10
04-12 15:08:58.745 20460 20550 D voice_scence_discern: to free buffer:0x784ee1ac00 ,k:11
04-12 15:08:58.745 20460 20550 D voice_scence_discern: to free buffer:0x784ee3d000 ,k:12
04-12 15:08:58.745 20460 20550 D voice_scence_discern: to free buffer:0x784ee3d400 ,k:13
04-12 15:08:58.745 20460 20550 D voice_scence_discern: to free buffer:0x784ee3d800 ,k:14
04-12 15:08:58.745 20460 20550 D voice_scence_discern: to free buffer:0x784ee3dc00 ,k:15
04-12 15:08:58.745 20460 20550 D voice_scence_discern: to free buffer:0x784ee3e000 ,k:16
04-12 15:08:58.745 20460 20550 D voice_scence_discern: to free buffer:0x784ee3e400 ,k:17
04-12 15:08:58.745 20460 20550 D voice_scence_discern: to free buffer:0x784ee3e800 ,k:18
04-12 15:08:58.745 20460 20550 D voice_scence_discern: to free buffer:0x784ee3ec00 ,k:19
04-12 15:08:58.745 20460 20550 D voice_scence_discern: to free buffer:0x784ee3f000 ,k:20
04-12 15:08:58.745 20460 20550 D voice_scence_discern: to free buffer:0x784ee3f400 ,k:21
04-12 15:08:58.745 20460 20550 D voice_scence_discern: to free buffer:0x784ee3f800 ,k:22
04-12 15:08:58.745 20460 20550 D voice_scence_discern: to free buffer:0x784ee3fc00 ,k:23
04-12 15:08:58.745 20460 20550 D voice_scence_discern: to free buffer:0x784ee40000 ,k:24
04-12 15:08:58.745 20460 20550 D voice_scence_discern: to free buffer:0x784ee40400 ,k:25
04-12 15:08:58.745 20460 20550 D voice_scence_discern: to free buffer:0x784ee40800 ,k:26
04-12 15:08:58.745 20460 20550 D voice_scence_discern: to free buffer:0x784ee40c00 ,k:27
04-12 15:08:58.745 20460 20550 D voice_scence_discern: to free buffer:0x784ee41000 ,k:28
04-12 15:08:58.745 20460 20550 D voice_scence_discern: to free buffer:0x784ee41400 ,k:29
04-12 15:08:58.745 20460 20550 D voice_scence_discern: to free buffer:0x784ee41800 ,k:30
04-12 15:08:58.745 20460 20550 D voice_scence_discern: to free buffer:0x784ee41c00 ,k:31
04-12 15:08:58.745 20460 20550 D voice_scence_discern: to free buffer:0x784ee42000 ,k:32
04-12 15:08:58.745 20460 20550 D voice_scence_discern: to free buffer:0x784ee42400 ,k:33
04-12 15:08:58.745 20460 20550 D voice_scence_discern: to free buffer:0x7890218c40
04-12 15:08:58.745 20460 20550 D voice_scence_discern: init_scence_config -- apk_list:0x784ee5b860
04-12 15:08:58.746 20460 20550 D voice_scence_discern: get scence process pid:20460, name:com.t2ksports.nba2k20and
04-12 15:08:58.746 20460 20550 V voice_scence_discern: this process not in init apk. apk_list:0x784ee5b860
04-12 15:08:58.765 20460 20550 V GamesNativeSDK: Attached to JVM on thread 517678107840
04-12 15:08:58.778 20460 20550 V GamesNativeSDK: Using classes from /data/user/0/com.jdexpert.virtual64bit/blackbox/data/user/0/com.t2ksports.nba2k20an d/app_.gpg.classloader/2e190de0913242cfb3e30a895073c67e_games.jar.
04-12 15:08:58.779 20460 20550 I GamesNativeSDK: Using existing jar.
04-12 15:08:58.779 20460 20550 I GamesNativeSDK: Writing 1941 bytes to jar file
04-12 15:08:58.782 20460 20550 I Pine : handleBridge: artMethod=0x701180b0 originExtras=0x78f2a97940 extras=0x78f2ae6880 sp=0x788804f140
04-12 15:08:58.782 20460 20550 D Pine : handleCall for method public static java.lang.String java.lang.System.getProperty(java.lang.String)
04-12 15:08:58.789 20460 20550 V GamesNativeSDK: Using classes from /data/user/0/com.jdexpert.virtual64bit/blackbox/data/user/0/com.t2ksports.nba2k20an d/app_.gpg.classloader/d4a165677a8f8e2f478bf30b197f93de_nearby.jar.
04-12 15:08:58.790 20460 20550 I GamesNativeSDK: Using existing jar.
04-12 15:08:58.790 20460 20550 I GamesNativeSDK: Writing 1066 bytes to jar file
04-12 15:08:58.792 20460 20550 I Pine : handleBridge: artMethod=0x701180b0 originExtras=0x78f2a97940 extras=0x78f2ae6940 sp=0x788804f140
04-12 15:08:58.792 20460 20550 D Pine : handleCall for method public static java.lang.String java.lang.System.getProperty(java.lang.String)
04-12 15:08:58.806 20460 20550 W PopupManager: You have not specified a View to use as content view for popups. Falling back to the Activity content view. Note that this may not work as expected in multi-screen environments
04-12 15:08:58.810 20460 20605 I GamesNativeSDK: Connecting to Google Play...
04-12 15:08:58.811 20460 20605 V GamesNativeSDK: Attached to JVM on thread main_dispatch
04-12 15:08:58.823 20460 20607 E Parcel : Reading a NULL string not supported here.
04-12 15:08:58.836 20460 20607 W GooglePlayServicesUtil: Google Play Store is missing.
04-12 15:08:58.837 20460 20460 V GamesNativeSDK: Play Games callback indicates connection failure.
04-12 15:08:58.843 20460 20460 E GoogleApiAvailability: Google Play services is invalid. Cannot recover.
04-12 15:08:58.852 20460 20550 I Pine : handleBridge: artMethod=0x711b5448 originExtras=0x78f2a978e0 extras=0x78f2ae6880 sp=0x788804bda0
04-12 15:08:58.852 20460 20460 I Pine : handleBridge: artMethod=0x7139c800 originExtras=0x78f2a97ac0 extras=0x78f2bb14e0 sp=0x7fe5e908d0
04-12 15:08:58.853 20460 20460 D Pine : handleCall for method public final java.lang.String android.os.Parcel.readString()
04-12 15:08:58.853 20460 20550 D Pine : handleCall for method public static java.lang.String android.provider.Settings$Secure.getString(android.content.ContentResolver,java.lan g.String)
04-12 15:08:58.855 20460 20460 I Pine : handleBridge: artMethod=0x7139c800 originExtras=0x78f2a97ac0 extras=0x78f2bb14e0 sp=0x7fe5e90730
04-12 15:08:58.856 20460 20460 D Pine : handleCall for method public final java.lang.String android.os.Parcel.readString()
04-12 15:08:58.858 20460 20550 I Pine : handleBridge: artMethod=0x7139c800 originExtras=0x78f2a97ac0 extras=0x78f2ae6940 sp=0x78880497d0
04-12 15:08:58.858 20460 20550 D Pine : handleCall for method public final java.lang.String android.os.Parcel.readString()
04-12 15:08:58.861 20460 20550 I Pine : handleBridge: artMethod=0x7139c800 originExtras=0x78f2a97ac0 extras=0x78f2ae6940 sp=0x7888049620
04-12 15:08:58.861 20460 20550 D Pine : handleCall for method public final java.lang.String android.os.Parcel.readString()
04-12 15:08:58.887 20460 20460 E OplusCustomizeRestrictionManager: sInstance is null, start a new sInstance
04-12 15:08:58.896 20460 20460 E Parcel : Reading a NULL string not supported here.
04-12 15:08:58.910 20396 20423 I tual64bit:blac: Waiting for a blocking GC ProfileSaver
04-12 15:08:58.911 20460 20460 I Pine : handleBridge: artMethod=0x7139c800 originExtras=0x78f2a97ac0 extras=0x78f2bb20e0 sp=0x7fe5e8a630
04-12 15:08:58.911 20460 20460 D Pine : handleCall for method public final java.lang.String android.os.Parcel.readString()
04-12 15:08:58.914 20460 20460 I Pine : handleBridge: artMethod=0x7139c800 originExtras=0x78f2a97ac0 extras=0x78f2bb20e0 sp=0x7fe5e8d9e0
04-12 15:08:58.914 20460 20460 D Pine : handleCall for method public final java.lang.String android.os.Parcel.readString()
04-12 15:08:58.915 20460 20460 I Pine : handleBridge: artMethod=0x7139c800 originExtras=0x78f2a97ac0 extras=0x78f2bb20e0 sp=0x7fe5e8d830
04-12 15:08:58.915 20460 20460 D Pine : handleCall for method public final java.lang.String android.os.Parcel.readString()
04-12 15:08:58.929 20460 20460 D TestOverScroll: getScaledOverscrollDistance: b
04-12 15:08:58.989 20460 20460 I Pine : handleBridge: artMethod=0x7139fe00 originExtras=0x78f2a977c0 extras=0x78f2ae5da0 sp=0x7fe5e90a00
04-12 15:08:58.989 20460 20460 D Pine : handleCall for method public static java.lang.String android.os.SystemProperties.get(java.lang.String)
04-12 15:08:59.000 20460 20460 D ColorViewRootUtil: initSwipState, isDisplayCompatApp false
04-12 15:08:59.000 20460 20460 D ColorViewRootUtil: mScreenHeight 1600, mScreenWidth 720
04-12 15:08:59.002 20460 20460 I Pine : handleBridge: artMethod=0x7139fe28 originExtras=0x78f2a97880 extras=0x78f2ae5da0 sp=0x7fe5e90d40
04-12 15:08:59.002 20460 20460 D Pine : handleCall for method public static java.lang.String android.os.SystemProperties.get(java.lang.String,java.lang.String)
04-12 15:08:59.004 20460 20460 D WindowManager: Add to mViews: DecorView@e643e1a[gameactivity],pkg= com.t2ksports.nba2k20and
04-12 15:08:59.038 20460 20460 E Parcel : Reading a NULL string not supported here.
04-12 15:08:59.057 20460 20460 I Pine : handleBridge: artMethod=0x7139c800 originExtras=0x78f2a97ac0 extras=0x78f2ae5da0 sp=0x7fe5e901f0
04-12 15:08:59.057 20460 20460 D Pine : handleCall for method public final java.lang.String android.os.Parcel.readString()
04-12 15:08:59.073 20460 20460 I Pine : handleBridge: artMethod=0x7139c800 originExtras=0x78f2a97ac0 extras=0x78f2ae5da0 sp=0x7fe5e8eeb0
04-12 15:08:59.073 20460 20460 D Pine : handleCall for method public final java.lang.String android.os.Parcel.readString()
04-12 15:08:59.075 20460 20460 I Pine : handleBridge: artMethod=0x7139c800 originExtras=0x78f2a97ac0 extras=0x78f2ae5da0 sp=0x7fe5e8ed00
04-12 15:08:59.075 20460 20460 D Pine : handleCall for method public final java.lang.String android.os.Parcel.readString()
04-12 15:08:59.076 20460 20460 I Pine : handleBridge: artMethod=0x7139c800 originExtras=0x78f2a97ac0 extras=0x78f2ae5da0 sp=0x7fe5e8ed00
04-12 15:08:59.076 20460 20460 D Pine : handleCall for method public final java.lang.String android.os.Parcel.readString()
04-12 15:08:59.078 20460 20460 I Pine : handleBridge: artMethod=0x7139c800 originExtras=0x78f2a97ac0 extras=0x78f2ae5da0 sp=0x7fe5e8ed00
04-12 15:08:59.078 20460 20460 D Pine : handleCall for method public final java.lang.String android.os.Parcel.readString()
04-12 15:08:59.079 20460 20460 I Pine : handleBridge: artMethod=0x7139c800 originExtras=0x78f2a97ac0 extras=0x78f2ae5da0 sp=0x7fe5e8ed00
04-12 15:08:59.079 20460 20460 D Pine : handleCall for method public final java.lang.String android.os.Parcel.readString()
04-12 15:08:59.081 20460 20460 I Pine : handleBridge: artMethod=0x7139c800 originExtras=0x78f2a97ac0 extras=0x78f2ae5da0 sp=0x7fe5e8ed00
04-12 15:08:59.081 20460 20460 D Pine : handleCall for method public final java.lang.String android.os.Parcel.readString()
04-12 15:08:59.082 20460 20460 I Pine : handleBridge: artMethod=0x7139c800 originExtras=0x78f2a97ac0 extras=0x78f2ae5da0 sp=0x7fe5e8ed00
04-12 15:08:59.082 20460 20460 D Pine : handleCall for method public final java.lang.String android.os.Parcel.readString()
04-12 15:08:59.083 20460 20460 I Pine : handleBridge: artMethod=0x7139c800 originExtras=0x78f2a97ac0 extras=0x78f2ae5da0 sp=0x7fe5e8ed00
04-12 15:08:59.083 20460 20460 D Pine : handleCall for method public final java.lang.String android.os.Parcel.readString()
04-12 15:08:59.085 20460 20460 I Pine : handleBridge: artMethod=0x7139c800 originExtras=0x78f2a97ac0 extras=0x78f2ae5da0 sp=0x7fe5e8ed00
04-12 15:08:59.085 20460 20460 D Pine : handleCall for method public final java.lang.String android.os.Parcel.readString()
04-12 15:08:59.086 20460 20460 I Pine : handleBridge: artMethod=0x7139c800 originExtras=0x78f2a97ac0 extras=0x78f2ae5da0 sp=0x7fe5e8ed00
04-12 15:08:59.086 20460 20460 D Pine : handleCall for method public final java.lang.String android.os.Parcel.readString()
04-12 15:08:59.088 20460 20460 I Pine : handleBridge: artMethod=0x7139c800 originExtras=0x78f2a97ac0 extras=0x78f2ae5da0 sp=0x7fe5e8ed00
04-12 15:08:59.088 20460 20460 D Pine : handleCall for method public final java.lang.String android.os.Parcel.readString()
04-12 15:08:59.089 20460 20460 I Pine : handleBridge: artMethod=0x7139c800 originExtras=0x78f2a97ac0 extras=0x78f2ae5da0 sp=0x7fe5e8ed00
04-12 15:08:59.089 20460 20460 D Pine : handleCall for method public final java.lang.String android.os.Parcel.readString()
04-12 15:08:59.091 20460 20460 I Pine : handleBridge: artMethod=0x7139c800 originExtras=0x78f2a97ac0 extras=0x78f2ae5da0 sp=0x7fe5e8ed00
04-12 15:08:59.091 20460 20460 D Pine : handleCall for method public final java.lang.String android.os.Parcel.readString()
04-12 15:08:59.092 20460 20460 I Pine : handleBridge: artMethod=0x7139c800 originExtras=0x78f2a97ac0 extras=0x78f2ae5da0 sp=0x7fe5e8ed00
04-12 15:08:59.093 20460 20460 D Pine : handleCall for method public final java.lang.String android.os.Parcel.readString()
04-12 15:08:59.094 20460 20460 I Pine : handleBridge: artMethod=0x7139c800 originExtras=0x78f2a97ac0 extras=0x78f2ae5da0 sp=0x7fe5e8ed00
04-12 15:08:59.094 20460 20460 D Pine : handleCall for method public final java.lang.String android.os.Parcel.readString()
04-12 15:08:59.094 20460 20499 I Pine : handleBridge: artMethod=0x713b58b8 originExtras=0x78f2a97a60 extras=0x78f2a96b60 sp=0x78e6e53de0
04-12 15:08:59.094 20460 20600 I Pine : handleBridge: artMethod=0x713b58b8 originExtras=0x78f2a97a60 extras=0x78eb0b22c0 sp=0x784f1fede0
04-12 15:08:59.095 20460 20499 D Pine : handleCall for method private boolean android.os.Binder.execTransact(int,long,long,int)
04-12 15:08:59.095 20460 20600 D Pine : handleCall for method private boolean android.os.Binder.execTransact(int,long,long,int)
04-12 15:08:59.095 20460 20460 I Pine : handleBridge: artMethod=0x7139c800 originExtras=0x78f2a97ac0 extras=0x78f2ae5da0 sp=0x7fe5e8ed00
04-12 15:08:59.095 20460 20460 D Pine : handleCall for method public final java.lang.String android.os.Parcel.readString()
04-12 15:08:59.097 20460 20460 I Pine : handleBridge: artMethod=0x7139c800 originExtras=0x78f2a97ac0 extras=0x78f2ae5da0 sp=0x7fe5e8ed00
04-12 15:08:59.097 20460 20460 D Pine : handleCall for method public final java.lang.String android.os.Parcel.readString()
04-12 15:08:59.098 20460 20499 I Pine : handleBridge: artMethod=0x7139c800 originExtras=0x78f2a97ac0 extras=0x78f2a96b60 sp=0x78e6e51150
04-12 15:08:59.098 20460 20460 I Pine : handleBridge: artMethod=0x7139c800 originExtras=0x78f2a97ac0 extras=0x78f2ae5da0 sp=0x7fe5e8e860
04-12 15:08:59.099 20460 20460 D Pine : handleCall for method public final java.lang.String android.os.Parcel.readString()
04-12 15:08:59.099 20460 20460 I Pine : handleBridge: artMethod=0x7139c800 originExtras=0x78f2a97ac0 extras=0x78f2ae5da0 sp=0x7fe5e8e860
04-12 15:08:59.100 20460 20460 D Pine : handleCall for method public final java.lang.String android.os.Parcel.readString()
04-12 15:08:59.100 20460 20499 D Pine : handleCall for method public final java.lang.String android.os.Parcel.readString()
04-12 15:08:59.101 20460 20499 I Pine : handleBridge: artMethod=0x7139c800 originExtras=0x78f2a97ac0 extras=0x78f2a96b60 sp=0x78e6e50fa0
04-12 15:08:59.102 20460 20600 I Pine : handleBridge: artMethod=0x7139c800 originExtras=0x78f2a97ac0 extras=0x78eb0b22c0 sp=0x784f1fc150
04-12 15:08:59.102 20460 20499 D Pine : handleCall for method public final java.lang.String android.os.Parcel.readString()
04-12 15:08:59.102 20460 20600 D Pine : handleCall for method public final java.lang.String android.os.Parcel.readString()
04-12 15:08:59.103 20460 20499 I Pine : handleBridge: artMethod=0x7139c800 originExtras=0x78f2a97ac0 extras=0x78f2a96b60 sp=0x78e6e50fa0
04-12 15:08:59.103 20460 20499 D Pine : handleCall for method public final java.lang.String android.os.Parcel.readString()
04-12 15:08:59.104 20460 20499 I Pine : handleBridge: artMethod=0x7139c800 originExtras=0x78f2a97ac0 extras=0x78f2a96b60 sp=0x78e6e50fa0
04-12 15:08:59.104 20460 20499 D Pine : handleCall for method public final java.lang.String android.os.Parcel.readString()
04-12 15:08:59.105 20460 20499 I Pine : handleBridge: artMethod=0x7139c800 originExtras=0x78f2a97ac0 extras=0x78f2a96b60 sp=0x78e6e50fa0
04-12 15:08:59.105 20460 20499 D Pine : handleCall for method public final java.lang.String android.os.Parcel.readString()
04-12 15:08:59.111 20460 20605 I GamesNativeSDK: Error connecting to Google Play: code 9.
04-12 15:08:59.112 20460 20460 I Pine : handleBridge: artMethod=0x7139fe00 originExtras=0x78f2a977c0 extras=0x78f2ae5da0 sp=0x7fe5e92ed0
04-12 15:08:59.112 20460 20460 D Pine : handleCall for method public static java.lang.String android.os.SystemProperties.get(java.lang.String)
04-12 15:08:59.114 20460 20499 I Pine : handleBridge: artMethod=0x7139c800 originExtras=0x78f2a97ac0 extras=0x78f2a96b60 sp=0x78e6e50fa0
04-12 15:08:59.114 20460 20499 D Pine : handleCall for method public final java.lang.String android.os.Parcel.readString()
04-12 15:08:59.116 20460 20600 I Pine : handleBridge: artMethod=0x7139c800 originExtras=0x78f2a97ac0 extras=0x78eb0b22c0 sp=0x784f1fbfa0
04-12 15:08:59.116 20460 20600 D Pine : handleCall for method public final java.lang.String android.os.Parcel.readString()
04-12 15:08:59.118 20460 20600 I Pine : handleBridge: artMethod=0x7139c800 originExtras=0x78f2a97ac0 extras=0x78eb0b22c0 sp=0x784f1fbfa0
04-12 15:08:59.118 20460 20600 D Pine : handleCall for method public final java.lang.String android.os.Parcel.readString()
04-12 15:08:59.118 20460 20499 I Pine : handleBridge: artMethod=0x7139c800 originExtras=0x78f2a97ac0 extras=0x78f2a96b60 sp=0x78e6e50fa0
04-12 15:08:59.118 20460 20499 D Pine : handleCall for method public final java.lang.String android.os.Parcel.readString()
04-12 15:08:59.119 20460 20600 I Pine : handleBridge: artMethod=0x7139c800 originExtras=0x78f2a97ac0 extras=0x78eb0b22c0 sp=0x784f1fbfa0
04-12 15:08:59.119 20460 20600 D Pine : handleCall for method public final java.lang.String android.os.Parcel.readString()
04-12 15:08:59.120 20460 20600 I Pine : handleBridge: artMethod=0x7139c800 originExtras=0x78f2a97ac0 extras=0x78eb0b22c0 sp=0x784f1fbfa0
04-12 15:08:59.120 20460 20600 D Pine : handleCall for method public final java.lang.String android.os.Parcel.readString()
04-12 15:08:59.125 20460 20499 I Pine : handleBridge: artMethod=0x7139c800 originExtras=0x78f2a97ac0 extras=0x78f2a96b60 sp=0x78e6e50fa0
04-12 15:08:59.125 20460 20499 D Pine : handleCall for method public final java.lang.String android.os.Parcel.readString()
04-12 15:08:59.126 20460 20499 I Pine : handleBridge: artMethod=0x7139c800 originExtras=0x78f2a97ac0 extras=0x78f2a96b60 sp=0x78e6e50fa0
04-12 15:08:59.126 20460 20499 D Pine : handleCall for method public final java.lang.String android.os.Parcel.readString()
04-12 15:08:59.127 20460 20499 I Pine : handleBridge: artMethod=0x7139c800 originExtras=0x78f2a97ac0 extras=0x78f2a96b60 sp=0x78e6e50fa0
04-12 15:08:59.128 20460 20499 D Pine : handleCall for method public final java.lang.String android.os.Parcel.readString()
04-12 15:08:59.130 20460 20499 I Pine : handleBridge: artMethod=0x7139c800 originExtras=0x78f2a97ac0 extras=0x78f2a96b60 sp=0x78e6e50fa0
04-12 15:08:59.130 20460 20499 D Pine : handleCall for method public final java.lang.String android.os.Parcel.readString()
04-12 15:08:59.131 20460 20600 I Pine : handleBridge: artMethod=0x7139c800 originExtras=0x78f2a97ac0 extras=0x78eb0b22c0 sp=0x784f1fbfa0
04-12 15:08:59.131 20460 20600 D Pine : handleCall for method public final java.lang.String android.os.Parcel.readString()
04-12 15:08:59.131 20460 20499 I Pine : handleBridge: artMethod=0x7139c800 originExtras=0x78f2a97ac0 extras=0x78f2a96b60 sp=0x78e6e50fa0
04-12 15:08:59.131 20460 20499 D Pine : handleCall for method public final java.lang.String android.os.Parcel.readString()
04-12 15:08:59.132 20460 20600 I Pine : handleBridge: artMethod=0x7139c800 originExtras=0x78f2a97ac0 extras=0x78eb0b22c0 sp=0x784f1fbfa0
04-12 15:08:59.132 20460 20600 D Pine : handleCall for method public final java.lang.String android.os.Parcel.readString()
04-12 15:08:59.132 20460 20499 I Pine : handleBridge: artMethod=0x7139c800 originExtras=0x78f2a97ac0 extras=0x78f2a96b60 sp=0x78e6e50fa0
04-12 15:08:59.132 20460 20499 D Pine : handleCall for method public final java.lang.String android.os.Parcel.readString()
04-12 15:08:59.133 20460 20600 I Pine : handleBridge: artMethod=0x7139c800 originExtras=0x78f2a97ac0 extras=0x78eb0b22c0 sp=0x784f1fbfa0
04-12 15:08:59.133 20460 20600 D Pine : handleCall for method public final java.lang.String android.os.Parcel.readString()
04-12 15:08:59.140 20460 20499 I Pine : handleBridge: artMethod=0x7139c800 originExtras=0x78f2a97ac0 extras=0x78f2a96b60 sp=0x78e6e50fa0
04-12 15:08:59.140 20460 20499 D Pine : handleCall for method public final java.lang.String android.os.Parcel.readString()
04-12 15:08:59.142 20460 20600 I Pine : handleBridge: artMethod=0x7139c800 originExtras=0x78f2a97ac0 extras=0x78eb0b22c0 sp=0x784f1fbfa0
04-12 15:08:59.142 20460 20600 D Pine : handleCall for method public final java.lang.String android.os.Parcel.readString()
04-12 15:08:59.142 20460 20499 I Pine : handleBridge: artMethod=0x7139c800 originExtras=0x78f2a97ac0 extras=0x78f2a96b60 sp=0x78e6e50fa0
04-12 15:08:59.143 20460 20499 D Pine : handleCall for method public final java.lang.String android.os.Parcel.readString()
04-12 15:08:59.144 20460 20600 I Pine : handleBridge: artMethod=0x7139c800 originExtras=0x78f2a97ac0 extras=0x78eb0b22c0 sp=0x784f1fbfa0
04-12 15:08:59.145 20460 20600 D Pine : handleCall for method public final java.lang.String android.os.Parcel.readString()
04-12 15:08:59.150 20460 20499 I Pine : handleBridge: artMethod=0x7139c800 originExtras=0x78f2a97ac0 extras=0x78f2a96b60 sp=0x78e6e50fa0
04-12 15:08:59.150 20460 20499 D Pine : handleCall for method public final java.lang.String android.os.Parcel.readString()
04-12 15:08:59.151 20460 20600 I Pine : handleBridge: artMethod=0x7139c800 originExtras=0x78f2a97ac0 extras=0x78eb0b22c0 sp=0x784f1fbfa0
04-12 15:08:59.151 20460 20600 D Pine : handleCall for method public final java.lang.String android.os.Parcel.readString()
04-12 15:08:59.152 20460 20499 I Pine : handleBridge: artMethod=0x7139c800 originExtras=0x78f2a97ac0 extras=0x78f2a96b60 sp=0x78e6e50fa0
04-12 15:08:59.153 20460 20499 D Pine : handleCall for method public final java.lang.String android.os.Parcel.readString()
04-12 15:08:59.153 20460 20600 I Pine : handleBridge: artMethod=0x7139c800 originExtras=0x78f2a97ac0 extras=0x78eb0b22c0 sp=0x784f1fbfa0
04-12 15:08:59.154 20460 20600 D Pine : handleCall for method public final java.lang.String android.os.Parcel.readString()
04-12 15:08:59.154 20460 20499 I Pine : handleBridge: artMethod=0x7139c800 originExtras=0x78f2a97ac0 extras=0x78f2a96b60 sp=0x78e6e50fc0
04-12 15:08:59.154 20460 20499 D Pine : handleCall for method public final java.lang.String android.os.Parcel.readString()
04-12 15:08:59.155 20460 20600 I Pine : handleBridge: artMethod=0x7139c800 originExtras=0x78f2a97ac0 extras=0x78eb0b22c0 sp=0x784f1fbfa0
04-12 15:08:59.155 20460 20600 D Pine : handleCall for method public final java.lang.String android.os.Parcel.readString()
04-12 15:08:59.157 20460 20499 I Pine : handleBridge: artMethod=0x7139c800 originExtras=0x78f2a97ac0 extras=0x78f2a96b60 sp=0x78e6e50fc0
04-12 15:08:59.158 20460 20499 D Pine : handleCall for method public final java.lang.String android.os.Parcel.readString()
04-12 15:08:59.159 20460 20460 I Pine : handleBridge: artMethod=0x7139c800 originExtras=0x78f2a97ac0 extras=0x78f2ae5ec0 sp=0x7fe5e90820
04-12 15:08:59.159 20460 20460 D Pine : handleCall for method public final java.lang.String android.os.Parcel.readString()
04-12 15:08:59.159 20460 20600 I Pine : handleBridge: artMethod=0x7139c800 originExtras=0x78f2a97ac0 extras=0x78eb0b22c0 sp=0x784f1fbfa0
04-12 15:08:59.159 20460 20600 D Pine : handleCall for method public final java.lang.String android.os.Parcel.readString()
04-12 15:08:59.161 20460 20460 I Pine : handleBridge: artMethod=0x7139c800 originExtras=0x78f2a97ac0 extras=0x78f2ae5ec0 sp=0x7fe5e8fe90
04-12 15:08:59.161 20460 20460 D Pine : handleCall for method public final java.lang.String android.os.Parcel.readString()
04-12 15:08:59.166 20460 20460 I Pine : handleBridge: artMethod=0x7139c800 originExtras=0x78f2a97ac0 extras=0x78f2ae5ec0 sp=0x7fe5e8fce0
04-12 15:08:59.166 20460 20460 D Pine : handleCall for method public final java.lang.String android.os.Parcel.readString()
04-12 15:08:59.168 20460 20600 I Pine : handleBridge: artMethod=0x7139c800 originExtras=0x78f2a97ac0 extras=0x78eb0b22c0 sp=0x784f1fbfa0
04-12 15:08:59.168 20460 20600 D Pine : handleCall for method public final java.lang.String android.os.Parcel.readString()
04-12 15:08:59.169 20460 20460 I Pine : handleBridge: artMethod=0x7139c800 originExtras=0x78f2a97ac0 extras=0x78f2ae5ec0 sp=0x7fe5e8f360
04-12 15:08:59.169 20460 20460 D Pine : handleCall for method public final java.lang.String android.os.Parcel.readString()
04-12 15:08:59.170 20460 20600 I Pine : handleBridge: artMethod=0x7139c800 originExtras=0x78f2a97ac0 extras=0x78eb0b22c0 sp=0x784f1fbfa0
04-12 15:08:59.170 20460 20600 D Pine : handleCall for method public final java.lang.String android.os.Parcel.readString()
04-12 15:08:59.171 20460 20460 I Pine : handleBridge: artMethod=0x7139c800 originExtras=0x78f2a97ac0 extras=0x78f2ae5ec0 sp=0x7fe5e8f360
04-12 15:08:59.171 20460 20600 I Pine : handleBridge: artMethod=0x7139c800 originExtras=0x78f2a97ac0 extras=0x78eb0b22c0 sp=0x784f1fbfa0
04-12 15:08:59.171 20460 20460 D Pine : handleCall for method public final java.lang.String android.os.Parcel.readString()
04-12 15:08:59.171 20460 20600 D Pine : handleCall for method public final java.lang.String android.os.Parcel.readString()
04-12 15:08:59.172 20460 20600 I Pine : handleBridge: artMethod=0x7139c800 originExtras=0x78f2a97ac0 extras=0x78eb0b22c0 sp=0x784f1fbfc0
04-12 15:08:59.172 20460 20600 D Pine : handleCall for method public final java.lang.String android.os.Parcel.readString()
04-12 15:08:59.173 20460 20460 I Pine : handleBridge: artMethod=0x7139c800 originExtras=0x78f2a97ac0 extras=0x78f2ae5ec0 sp=0x7fe5e8ff50
04-12 15:08:59.174 20460 20460 D Pine : handleCall for method public final java.lang.String android.os.Parcel.readString()
04-12 15:08:59.175 20460 20460 I Pine : handleBridge: artMethod=0x7139c800 originExtras=0x78f2a97ac0 extras=0x78f2ae5ec0 sp=0x7fe5e90820
04-12 15:08:59.176 20460 20460 D Pine : handleCall for method public final java.lang.String android.os.Parcel.readString()
04-12 15:08:59.177 20460 20600 I Pine : handleBridge: artMethod=0x7139c800 originExtras=0x78f2a97ac0 extras=0x78eb0b22c0 sp=0x784f1fbfc0
04-12 15:08:59.178 20460 20600 D Pine : handleCall for method public final java.lang.String android.os.Parcel.readString()
04-12 15:08:59.178 20460 20499 I Pine : handleBridge: artMethod=0x713b58b8 originExtras=0x78f2a97a60 extras=0x78f2a96b60 sp=0x78e6e53de0
04-12 15:08:59.181 20460 20460 I Pine : handleBridge: artMethod=0x7139c800 originExtras=0x78f2a97ac0 extras=0x78f2ae5ec0 sp=0x7fe5e8fa60
04-12 15:08:59.181 20460 20499 D Pine : handleCall for method private boolean android.os.Binder.execTransact(int,long,long,int)
04-12 15:08:59.181 20460 20460 D Pine : handleCall for method public final java.lang.String android.os.Parcel.readString()
04-12 15:08:59.183 20460 20600 I Pine : handleBridge: artMethod=0x7139c800 originExtras=0x78f2a97ac0 extras=0x78eb0b22c0 sp=0x784f1fbfc0
04-12 15:08:59.183 20460 20600 D Pine : handleCall for method public final java.lang.String android.os.Parcel.readString()
04-12 15:08:59.185 20460 20460 I Pine : handleBridge: artMethod=0x7139c800 originExtras=0x78f2a97ac0 extras=0x78f2ae5ec0 sp=0x7fe5e8f8b0
04-12 15:08:59.185 20460 20460 D Pine : handleCall for method public final java.lang.String android.os.Parcel.readString()
04-12 15:08:59.187 20460 20600 I Pine : handleBridge: artMethod=0x7139c800 originExtras=0x78f2a97ac0 extras=0x78eb0b22c0 sp=0x784f1fbfc0
04-12 15:08:59.187 20460 20600 D Pine : handleCall for method public final java.lang.String android.os.Parcel.readString()
04-12 15:08:59.187 20460 20460 I Pine : handleBridge: artMethod=0x7139c800 originExtras=0x78f2a97ac0 extras=0x78f2ae5ec0 sp=0x7fe5e8ef30
04-12 15:08:59.187 20460 20460 D Pine : handleCall for method public final java.lang.String android.os.Parcel.readString()
04-12 15:08:59.190 20460 20600 I Pine : handleBridge: artMethod=0x713b58b8 originExtras=0x78f2a97a60 extras=0x78eb0b22c0 sp=0x784f1fede0
04-12 15:08:59.190 20460 20600 D Pine : handleCall for method private boolean android.os.Binder.execTransact(int,long,long,int)
04-12 15:08:59.190 20460 20460 I Pine : handleBridge: artMethod=0x7139c800 originExtras=0x78f2a97ac0 extras=0x78f2ae5ec0 sp=0x7fe5e8ef30
04-12 15:08:59.190 20460 20460 D Pine : handleCall for method public final java.lang.String android.os.Parcel.readString()
04-12 15:08:59.192 20460 20600 I Pine : handleBridge: artMethod=0x7139c800 originExtras=0x78f2a97ac0 extras=0x78eb0b22c0 sp=0x784f1fc850
04-12 15:08:59.193 20460 20600 D Pine : handleCall for method public final java.lang.String android.os.Parcel.readString()
04-12 15:08:59.193 20460 20460 I Pine : handleBridge: artMethod=0x7139c800 originExtras=0x78f2a97ac0 extras=0x78f2ae5ec0 sp=0x7fe5e8fb20
04-12 15:08:59.193 20460 20460 D Pine : handleCall for method public final java.lang.String android.os.Parcel.readString()
04-12 15:08:59.196 20460 20460 I Pine : handleBridge: artMethod=0x7139c800 originExtras=0x78f2a97ac0 extras=0x78f2ae5ec0 sp=0x7fe5e90820
04-12 15:08:59.196 20460 20499 I Pine : handleBridge: artMethod=0x7139c800 originExtras=0x78f2a97ac0 extras=0x78f2a96b60 sp=0x78e6e516d0
04-12 15:08:59.196 20460 20499 D Pine : handleCall for method public final java.lang.String android.os.Parcel.readString()
04-12 15:08:59.197 20460 20460 D Pine : handleCall for method public final java.lang.String android.os.Parcel.readString()
04-12 15:08:59.198 20460 20600 I Pine : handleBridge: artMethod=0x7139c800 originExtras=0x78f2a97ac0 extras=0x78eb0b22c0 sp=0x784f1fc6a0
04-12 15:08:59.198 20460 20600 D Pine : handleCall for method public final java.lang.String android.os.Parcel.readString()
04-12 15:08:59.202 20460 20460 I Pine : handleBridge: artMethod=0x7139c800 originExtras=0x78f2a97ac0 extras=0x78f2ae5ec0 sp=0x7fe5e8fa60
04-12 15:08:59.202 20460 20460 D Pine : handleCall for method public final java.lang.String android.os.Parcel.readString()
04-12 15:08:59.203 20460 20600 I Pine : handleBridge: artMethod=0x7139c800 originExtras=0x78f2a97ac0 extras=0x78eb0b22c0 sp=0x784f1fc6a0
04-12 15:08:59.203 20460 20600 D Pine : handleCall for method public final java.lang.String android.os.Parcel.readString()
04-12 15:08:59.204 20460 20460 I Pine : handleBridge: artMethod=0x7139c800 originExtras=0x78f2a97ac0 extras=0x78f2ae5ec0 sp=0x7fe5e8f8b0
