The document contains log messages from an Android application process. It shows the process hooking various system services like the PackageManager and ActivityManager. It also shows the process receiving callbacks from services like receiving a blocked message that took over 1.9 seconds to execute, potentially causing an Application Not Responding (ANR) error.
Download as TXT, PDF, TXT or read online on Scribd
0 ratings0% found this document useful (0 votes)
237 views
Com - Jdexpert.virtual64bit Logcat
The document contains log messages from an Android application process. It shows the process hooking various system services like the PackageManager and ActivityManager. It also shows the process receiving callbacks from services like receiving a blocked message that took over 1.9 seconds to execute, potentially causing an Application Not Responding (ANR) error.
Download as TXT, PDF, TXT or read online on Scribd
You are on page 1/ 78
--------- beginning of main
04-12 15:08:53.538 20396 20396 E RefClass:
java.lang.reflect.InvocationTargetException
04-12 15:08:53.540 20396 20396 I OneTrace: Mark active for pid=20396? true
04-12 15:08:53.601 20396 20396 I oplus.android.OplusFrameworkFactoryImpl: get feature:IOplusScreenModeFeature
04-12 15:08:53.601 20396 20396 I oplus.android.OplusFrameworkFactoryImpl: getOplusScreenModeFeature
04-12 15:08:53.634 20396 20396 D ApplicationLoaders: Returning zygote-cached class loader: /system/framework/android.test.base.jar
04-12 15:08:53.922 20396 20396 I Perf : Connecting to perf service.
04-12 15:08:53.928 20396 20396 E Perf : perftest packageName : com.jdexpert.virtual64bit App is allowed to use Hide APIs
04-12 15:08:53.939 20396 20396 D NetworkSecurityConfig: Using Network Security Config from resource MT_Bin debugBuild: true
04-12 15:08:53.946 20396 20396 D NetworkSecurityConfig: Using Network Security Config from resource MT_Bin debugBuild: true
04-12 15:08:54.103 20396 20396 D HookManager: hook: top.niunaijun.blackbox.fake.service.INotificationManagerProxy@2b693f1
04-12 15:08:54.122 20396 20396 D HookManager: hook: top.niunaijun.blackbox.fake.delegate.AppInstrumentation@2589f62
04-12 15:08:54.126 20396 20396 D HookManager: hook: top.niunaijun.blackbox.fake.service.IActivityManagerProxy@da54fae
04-12 15:08:54.156 20396 20396 D HookManager: hook: top.niunaijun.blackbox.fake.service.IPermissionManagerProxy@a9bff74
04-12 15:08:54.168 20396 20396 D HookManager: hook: top.niunaijun.blackbox.fake.service.ITelephonyRegistryProxy@1e3c90c
04-12 15:08:54.179 20396 20396 D HookManager: hook: top.niunaijun.blackbox.fake.service.IFingerprintManagerProxy@608ded1
04-12 15:08:54.186 20396 20396 D HookManager: hook: top.niunaijun.blackbox.fake.service.IJobServiceProxy@8e376c2
04-12 15:08:54.191 20396 20396 D HookManager: hook: top.niunaijun.blackbox.fake.service.IUserManagerProxy@b46732f
04-12 15:08:54.203 20396 20396 D HookManager: hook: top.niunaijun.blackbox.fake.service.IWindowManagerProxy@3684128
04-12 15:08:54.216 20396 20396 D HookManager: hook: top.niunaijun.blackbox.fake.service.IMediaRouterServiceProxy@21ea0c3
04-12 15:08:54.227 20396 20396 D HookManager: hook: top.niunaijun.blackbox.fake.service.IActivityTaskManagerProxy@7d0bd6c
04-12 15:08:54.239 20396 20396 D HookManager: hook: top.niunaijun.blackbox.fake.service.IAppOpsManagerProxy@e434e04
04-12 15:08:54.247 20396 20396 D HookManager: hook: top.niunaijun.blackbox.fake.service.IVibratorServiceProxy@a34599c
04-12 15:08:54.250 20396 20396 D HookManager: hook: top.niunaijun.blackbox.fake.service.context.RestrictionsManagerStub@473d121
04-12 15:08:54.255 20396 20396 D HookManager: hook: top.niunaijun.blackbox.fake.service.IMediaSessionManagerProxy@d5b3d2
04-12 15:08:54.265 20396 20396 D HookManager: hook: top.niunaijun.blackbox.fake.service.IPowerManagerProxy@83b7fff
04-12 15:08:54.268 20396 20396 D HookManager: hook: top.niunaijun.blackbox.fake.service.IStorageManagerProxy@436ceb8
04-12 15:08:54.273 20396 20396 D HookManager: hook: top.niunaijun.blackbox.fake.service.IDevicePolicyManagerProxy@29598cd
04-12 15:08:54.284 20396 20396 D HookManager: hook: top.niunaijun.blackbox.fake.service.IAlarmManagerProxy@636a7ce
04-12 15:08:54.288 20396 20396 D HookManager: hook: top.niunaijun.blackbox.fake.service.IStorageStatsManagerProxy@a70830b
04-12 15:08:54.294 20396 20396 D HookManager: hook: top.niunaijun.blackbox.fake.service.IPersistentDataBlockServiceProxy@23fe894
04-12 15:08:54.308 20396 20396 D HookManager: hook error: top.niunaijun.blackbox.fake.service.IPersistentDataBlockServiceProxy@23fe894
04-12 15:08:54.309 20396 20396 D HookManager: hook: top.niunaijun.blackbox.fake.service.INetworkManagementServiceProxy@d444883
04-12 15:08:54.314 20396 20396 D HookManager: hook: top.niunaijun.blackbox.fake.service.IAutofillManagerProxy@6b7b62c
04-12 15:08:54.320 20396 20396 D HookManager: hook: top.niunaijun.blackbox.fake.service.IShortcutManagerProxy@8595f71
04-12 15:08:54.326 20396 20396 D HookManager: hook: top.niunaijun.blackbox.fake.service.IWifiManagerProxy@edf1ce2
04-12 15:08:54.336 20396 20396 D HookManager: hook: top.niunaijun.blackbox.fake.service.IPackageManagerProxy@91608cf
04-12 15:08:54.349 20396 20396 D HookManager: hook: top.niunaijun.blackbox.fake.service.ILauncherAppsProxy@f23663a
04-12 15:08:54.354 20396 20396 D HookManager: hook: top.niunaijun.blackbox.fake.service.IAccountManagerProxy@65442c7
04-12 15:08:54.364 20396 20396 D HookManager: hook: top.niunaijun.blackbox.fake.service.IWifiScannerProxy@ead7860
04-12 15:08:54.367 20396 20396 D HookManager: hook error: top.niunaijun.blackbox.fake.service.IWifiScannerProxy@ead7860
04-12 15:08:54.367 20396 20396 D HookManager: hook: top.niunaijun.blackbox.fake.service.context.ContentServiceStub@4c9b119
04-12 15:08:54.371 20396 20396 D HookManager: hook: top.niunaijun.blackbox.fake.service.IDeviceIdentifiersPolicyProxy@f41d1ea
04-12 15:08:54.375 20396 20396 D HookManager: hook: top.niunaijun.blackbox.fake.service.IPhoneSubInfoProxy@58d6bb7
04-12 15:08:54.379 20396 20396 D HookManager: hook: top.niunaijun.blackbox.fake.service.IGraphicsStatsProxy@776b442
04-12 15:08:54.380 20396 20396 D HookManager: hook: top.niunaijun.blackbox.fake.service.IDisplayManagerProxy@5830c53
04-12 15:08:54.385 20396 20396 D HookManager: hook: top.niunaijun.blackbox.fake.service.IAppWidgetManagerProxy@b65b2cb
04-12 15:08:54.391 20396 20396 D HookManager: hook: top.niunaijun.blackbox.fake.service.IConnectivityManagerProxy@9da4954
04-12 15:08:54.397 20396 20396 D HookManager: hook: top.niunaijun.blackbox.fake.service.ISystemUpdateProxy@521aff9
04-12 15:08:54.401 20396 20396 D HookManager: hook error: top.niunaijun.blackbox.fake.service.ISystemUpdateProxy@521aff9
04-12 15:08:54.401 20396 20396 D HookManager: hook: top.niunaijun.blackbox.fake.service.libcore.OsStub@68bfb3e
04-12 15:08:54.406 20396 20396 D HookManager: hook: top.niunaijun.blackbox.fake.service.ITelephonyManagerProxy@1c452b5
04-12 15:08:54.420 20396 20396 D HookManager: hook: top.niunaijun.blackbox.fake.service.IAccessibilityManagerProxy@b8a3416
04-12 15:08:54.427 20396 20396 D HookManager: hook: top.niunaijun.blackbox.fake.service.IContextHubServiceProxy@1d18969
04-12 15:08:54.430 20396 20396 D HookManager: hook error: top.niunaijun.blackbox.fake.service.IContextHubServiceProxy@1d18969
04-12 15:08:54.430 20396 20396 D HookManager: hook: top.niunaijun.blackbox.fake.service.ILocationManagerProxy@9586b1c
04-12 15:08:54.439 20396 20396 D HookManager: hook: top.niunaijun.blackbox.fake.service.HCallbackProxy@677fca1
04-12 15:08:54.567 20396 20396 D Settings: loaded Package: xyz.easypro.androiddevicechanger
04-12 15:08:54.600 20396 20396 D Settings: loaded Package: com.t2ksports.nba2k20and
04-12 15:08:54.641 20396 20396 D Settings: loaded Package: com.virtualbackup
04-12 15:08:54.648 20396 20396 D BroadcastManager: register: xyz.easypro.androiddevicechanger, size: 1
04-12 15:08:54.653 20396 20396 D BroadcastManager: register: com.virtualbackup, size: 0
04-12 15:08:54.653 20396 20396 D BroadcastManager: register: com.t2ksports.nba2k20and, size: 4 --------- beginning of system
04-12 15:08:54.689 20396 20396 D ActivityThread: Loading provider com.jdexpert.virtual64bit.blackbox.SystemCallProvider: top.niunaijun.blackbox.core.system.SystemCallProvider
04-12 15:08:54.690 20396 20396 D SystemCallProvider: call: VM, Bundle[{_B_| _server_name_=package_manager}]
04-12 15:08:54.691 20396 20396 D BlackBoxCore: getService: package_manager, top.niunaijun.blackbox.core.system.pm.BPackageManagerService@51fa77c
04-12 15:08:54.709 20361 20361 E Parcel : Reading a NULL string not supported here.
04-12 15:08:54.712 20396 20419 D SystemCallProvider: call: VM, Bundle[mParcelledData.dataSize=88]
04-12 15:08:54.714 20361 20361 D BlackBoxCore: getService: activity_manager, android.os.BinderProxy@86080a2
04-12 15:08:54.716 20396 20419 D SystemCallProvider: call: VM, Bundle[mParcelledData.dataSize=76]
04-12 15:08:54.717 20361 20361 D BlackBoxCore: getService: job_manager, android.os.BinderProxy@7945133
04-12 15:08:54.719 20396 20420 D SystemCallProvider: call: VM, Bundle[mParcelledData.dataSize=84]
04-12 15:08:54.720 20361 20361 D BlackBoxCore: getService: package_manager, android.os.BinderProxy@b564cf0
04-12 15:08:54.722 20396 20419 D SystemCallProvider: call: VM, Bundle[mParcelledData.dataSize=84]
04-12 15:08:54.723 20361 20361 D BlackBoxCore: getService: storage_manager, android.os.BinderProxy@d01269
04-12 15:08:54.724 20396 20420 D SystemCallProvider: call: VM, Bundle[mParcelledData.dataSize=80]
04-12 15:08:54.726 20361 20361 D BlackBoxCore: getService: user_manager, android.os.BinderProxy@46a04ee
04-12 15:08:54.727 20396 20420 D SystemCallProvider: call: VM, Bundle[mParcelledData.dataSize=84]
04-12 15:08:54.728 20361 20361 D BlackBoxCore: getService: xposed_manager, android.os.BinderProxy@cb8cd8f
04-12 15:08:54.730 20396 20420 D SystemCallProvider: call: VM, Bundle[mParcelledData.dataSize=84]
04-12 15:08:54.731 20361 20361 D BlackBoxCore: getService: account_manager, android.os.BinderProxy@4eb481c
04-12 15:08:54.733 20396 20419 D SystemCallProvider: call: VM, Bundle[mParcelledData.dataSize=88]
04-12 15:08:54.734 20361 20361 D BlackBoxCore: getService: location_manager, android.os.BinderProxy@9ce6c25
04-12 15:08:54.736 20396 20420 D SystemCallProvider: call: VM, Bundle[mParcelledData.dataSize=96]
04-12 15:08:54.737 20361 20361 D BlackBoxCore: getService: notification_manager, android.os.BinderProxy@b7581fa
04-12 15:08:54.742 20361 20361 E ANR_LOG : >>> msg's executing time is too long
04-12 15:08:54.742 20361 20361 E ANR_LOG : Blocked msg = { when=-1s962ms what=110 target=android.app.ActivityThread$H obj=AppBindData{appInfo=ApplicationInfo{ffeb3ab com.jdexpert.virtual64bit}} } , cost = 1934 ms
04-12 15:08:54.742 20361 20361 E ANR_LOG : >>>Current msg List is:
04-12 15:08:54.746 20361 20361 E ANR_LOG : Current msg <1> = { when=-1s951ms what=159 target=android.app.ActivityThread$H obj=ClientTransaction LaunchActivityItem,ResumeActivityItem hashCode, mActivityToken = android.os.BinderProxy@b72ca08 mLifecycleStateRequest ResumeActivityItem{procState=-1,updateProcState=false,isForward=true} mActivityCallbacks [LaunchActivityItem{intent=Intent { flg=0x10800000 cmp=com.jdexpert.virtual64bit/top.niunaijun.blackbox.app.LauncherActivity (has extras) mCallingUid=10895 },ident=61342036,info=ActivityInfo{39ea5a1 top.niunaijun.blackbox.app.LauncherActivity},curConfig={1.0 ??mcc??mnc [en_US] ldltr sw360dp w360dp h724dp 320dpi nrml long port night finger -keyb/v/h -nav/h winConfig={ mBounds=Rect(0, 0 - 720, 1600) mAppBounds=Rect(0, 56 - 720, 1512) mWindowingMode=fullscreen mDisplayWindowingMode=fullscreen mActivityType=undefined mAlwaysOnTop=undefined mRotation=ROTATION_0} s.41mThemeChanged= 1, mThemeChangedFlags= 19, mFlipFont= 0, mAccessibleChanged= -1, mUxIconConfig= 1159698379212062753, mMaterialColor= 0, mUserId= 0, mFontUserId= 0, mFontVariationSettings= 226, mIconPackName= , mDarkModeBackgroundMaxL= 0.0, mDarkModeDialogBgMaxL= 27.0, mDarkModeForegroundMinL= 100.0, mOplusConfigType= 1},overrideConfig={1.0 ??mcc??mnc [en_US] ldltr sw360dp w360dp h724dp 320dpi nrml long port night finger -keyb/v/h -nav/h winConfig={ mBounds=Rect(0, 0 - 720, 1600) mAppBounds=Rect(0, 56 - 720, 1512) mWindowingMode=fullscreen mDisplayWindowingMode=fullscreen mActivityType=standard mAlwaysOnTop=undefined mRotation=ROTATION_0} s.41mThemeChanged= 1, mThemeChangedFlags= 19, mFlipFont= 0, mAccessibleChanged= -1, mUxIconConfig= 1159698379212062753, mMaterialColor= 0, mUserId= 0, mFontUserId= 0, mFontVariationSettings= 226, mIconPackName= , mDarkModeBackgroundMaxL= 0.0, mDarkModeDialogBgMaxL= 27.0, mDarkModeForegroundMinL= 100.0, mOplusConfigType= 1},referrer=com.jdexpert.virtual64bit,procState=20,state=Bundle[mParcelledData.data Size=332],persistentState=null,pendingResults=null,pendingNewIntents=null,profilerI nfo=null,assistToken=android.os.BinderProxy@c89c3c6,rotationAdj=null}] }
04-12 15:08:54.747 20361 20361 E ANR_LOG : Current msg <2> = { when=-1s950ms what=159 target=android.app.ActivityThread$H obj=ClientTransaction TopResumedActivityChangeItem, hashCode, mActivityToken = android.os.BinderProxy@b72ca08 mLifecycleStateRequest null mActivityCallbacks [TopResumedActivityChangeItem{onTop=true}] }
04-12 15:08:54.747 20361 20361 E ANR_LOG : Current msg <3> = { when=-1s423ms what=149 target=android.app.ActivityThread$H obj=android.os.BinderProxy@b72ca08 }
04-12 15:08:54.747 20361 20361 E ANR_LOG : Current msg <4> = { when=-934ms what=0 target=android.app.ActivityThread$H callback=android.app.-$ $Lambda$ActivityThread$A4ykhsPb8qV3ffTqpQDklHSMDJ0 }
04-12 15:08:54.747 20361 20361 E ANR_LOG : Current msg <5> = { when=+996ms what=131 target=android.app.ActivityThread$H obj=android.app.ActivityThread$ProviderRefCount@172df87 }
04-12 15:08:54.747 20361 20361 E ANR_LOG : >>>CURRENT MSG DUMP OVER<<<
04-12 15:08:54.776 20361 20449 E libEGL : Invalid file path for libcolorx- loader.so
04-12 15:08:54.792 20361 20361 I oplus.android.OplusFrameworkFactoryImpl: getOplusRedPacketManager
04-12 15:08:54.805 20361 20361 E Parcel : Reading a NULL string not supported here.
04-12 15:08:54.923 20361 20458 E Parcel : Reading a NULL string not supported here.
04-12 15:08:54.926 20361 20361 D OplusInputMethodUtil: init DEBUG to false, update DEBUG_IME to false
04-12 15:08:54.937 20361 20361 D ColorViewRootUtil: initSwipState, isDisplayCompatApp false
04-12 15:08:54.937 20361 20361 D ColorViewRootUtil: mScreenHeight 1600, mScreenWidth 720
04-12 15:08:54.942 20361 20361 D WindowManager: Add to mViews: DecorView@9f4f802[LauncherActivity],pkg= com.jdexpert.virtual64bit
04-12 15:08:54.943 20396 20420 D ActivityStack: startActivityLocked : ActivityInfo{5847db9 com.t2ksports.nba2k20and.gameactivity}
04-12 15:08:54.958 20396 20420 D BProcessManager: init bUid = 10004, bPid = 0
04-12 15:08:54.958 20396 20420 D BProcessManager: initProcess: com.t2ksports.nba2k20and
04-12 15:08:55.006 20460 20460 I libc : SetHeapTaggingLevel: tag level set to 0
04-12 15:08:55.014 20460 20460 I virtual64bit:p: Late-enabling -Xcheck:jni
04-12 15:08:55.030 20361 20361 V OplusZoomWindowDecorViewHelper: setLastReportedMergedConfiguration mZoomDisplayHeight: 1600 getDecorView.DecorView@9f4f802[LauncherActivity]
04-12 15:08:55.033 20361 20447 E libEGL : Invalid file path for libcolorx- loader.so
04-12 15:08:55.034 20361 20447 I AdrenoGLES-0: QUALCOMM build : 319c6d8, Ic907de5ed0
04-12 15:08:55.034 20361 20447 I AdrenoGLES-0: Build Date : 09/21/20
04-12 15:08:55.034 20361 20447 I AdrenoGLES-0: OpenGL ES Shader Compiler Version: EV031.32.02.01
04-12 15:08:55.034 20361 20447 I AdrenoGLES-0: Local Branch :
04-12 15:08:55.034 20361 20447 I AdrenoGLES-0: Remote Branch : refs/tags/AU_LINUX_ANDROID_LA.UM.9.11.R1.10.00.00.679.015
04-12 15:08:55.034 20361 20447 I AdrenoGLES-0: Remote Branch : NONE
04-12 15:08:55.034 20361 20447 I AdrenoGLES-0: Reconstruct Branch : NOTHING
04-12 15:08:55.034 20361 20447 I AdrenoGLES-0: Build Config : S P 10.0.5 AArch64
04-12 15:08:55.034 20361 20447 I AdrenoGLES-0: Driver Path : /vendor/lib64/egl/libGLESv2_adreno.so
04-12 15:08:55.050 20361 20447 I AdrenoGLES-0: PFP: 0x016ee190, ME: 0x00000000
04-12 15:08:55.054 20460 20460 I virtual64bit:p: Unquickening 21 vdex files!
04-12 15:08:55.055 20460 20460 E virtual64bit:p: Unknown bits set in runtime_flags: 0x40000000
04-12 15:08:55.063 20361 20447 E libEGL : Invalid file path for libcolorx- loader.so
04-12 15:08:55.064 20361 20447 E libEGL : Invalid file path for libcolorx- loader.so
04-12 15:08:55.064 20361 20447 E libEGL : Invalid file path for libcolorx- loader.so
04-12 15:08:55.065 20361 20447 I chatty : uid=10895(com.jdexpert.virtual64bit) RenderThread identical 10 lines
04-12 15:08:55.065 20361 20447 E libEGL : Invalid file path for libcolorx- loader.so
04-12 15:08:55.041 20361 20361 W RenderThread: type=1400 audit(0.0:655313): avc: denied { read } for name="adreno_config.txt" dev="sda10" ino=3407933 scontext=u:r:untrusted_app_27:s0:c127,c259,c512,c768 tcontext=u:object_r:gpudump_config_file:s0 tclass=file permissive=0 app=com.jdexpert.virtual64bit
04-12 15:08:55.066 20361 20447 E libEGL : Invalid file path for libcolorx- loader.so
04-12 15:08:55.067 20361 20447 I chatty : uid=10895(com.jdexpert.virtual64bit) RenderThread identical 17 lines
04-12 15:08:55.068 20361 20447 E libEGL : Invalid file path for libcolorx- loader.so
04-12 15:08:55.068 20361 20447 E libEGL : Invalid file path for libcolorx- loader.so
04-12 15:08:55.068 20361 20447 E libEGL : Invalid file path for libcolorx- loader.so
04-12 15:08:55.068 20361 20447 E libEGL : Invalid file path for libcolorx- loader.so
04-12 15:08:55.068 20361 20447 E libEGL : Invalid file path for libcolorx- loader.so
04-12 15:08:55.068 20361 20447 E libEGL : Invalid file path for libcolorx- loader.so
04-12 15:08:55.069 20361 20447 E libEGL : Invalid file path for libcolorx- loader.so
04-12 15:08:55.069 20361 20447 I chatty : uid=10895(com.jdexpert.virtual64bit) RenderThread identical 1 line
04-12 15:08:55.069 20361 20447 E libEGL : Invalid file path for libcolorx- loader.so
04-12 15:08:55.069 20361 20447 E libEGL : Invalid file path for libcolorx- loader.so
04-12 15:08:55.069 20361 20447 I chatty : uid=10895(com.jdexpert.virtual64bit) RenderThread identical 4 lines
04-12 15:08:55.069 20361 20447 E libEGL : Invalid file path for libcolorx- loader.so
04-12 15:08:55.069 20361 20447 E libEGL : Invalid file path for libcolorx- loader.so
04-12 15:08:55.070 20361 20447 I chatty : uid=10895(com.jdexpert.virtual64bit) RenderThread identical 4 lines
04-12 15:08:55.070 20361 20447 E libEGL : Invalid file path for libcolorx- loader.so
04-12 15:08:55.070 20361 20447 E libEGL : Invalid file path for libcolorx- loader.so
04-12 15:08:55.070 20361 20447 I chatty : uid=10895(com.jdexpert.virtual64bit) RenderThread identical 5 lines
04-12 15:08:55.071 20361 20447 E libEGL : Invalid file path for libcolorx- loader.so
04-12 15:08:55.071 20361 20447 E libEGL : Invalid file path for libcolorx- loader.so
04-12 15:08:55.071 20361 20447 I chatty : uid=10895(com.jdexpert.virtual64bit) RenderThread identical 5 lines
04-12 15:08:55.071 20361 20447 E libEGL : Invalid file path for libcolorx- loader.so
04-12 15:08:55.122 20460 20460 E RefClass: java.lang.reflect.InvocationTargetException
04-12 15:08:55.124 20460 20460 I OneTrace: Mark active for pid=20460? true
04-12 15:08:55.170 20361 20361 I OplusFeatureCache: Milliseconds spent on init(): 25
04-12 15:08:55.171 20361 20361 E ScreenmodeClient: display mode not support
04-12 15:08:55.196 20460 20460 I oplus.android.OplusFrameworkFactoryImpl: get feature:IOplusScreenModeFeature
04-12 15:08:55.197 20460 20460 I oplus.android.OplusFrameworkFactoryImpl: getOplusScreenModeFeature
04-12 15:08:55.223 20460 20460 D ApplicationLoaders: Returning zygote-cached class loader: /system/framework/android.test.base.jar
04-12 15:08:55.522 20460 20460 I Perf : Connecting to perf service.
04-12 15:08:55.528 20460 20460 E Perf : perftest packageName : com.jdexpert.virtual64bit App is allowed to use Hide APIs
04-12 15:08:55.538 20460 20460 D NetworkSecurityConfig: Using Network Security Config from resource MT_Bin debugBuild: true
04-12 15:08:55.541 20460 20460 D NetworkSecurityConfig: Using Network Security Config from resource MT_Bin debugBuild: true
04-12 15:08:55.666 20460 20460 D HookManager: hook: top.niunaijun.blackbox.fake.service.ITelephonyRegistryProxy@5176714
04-12 15:08:55.673 20460 20460 D HookManager: hook: top.niunaijun.blackbox.fake.service.IAppWidgetManagerProxy@1b1e25f
04-12 15:08:55.679 20460 20460 D HookManager: hook: top.niunaijun.blackbox.fake.service.IPackageManagerProxy@f773f98
04-12 15:08:55.697 20460 20460 D HookManager: hook: top.niunaijun.blackbox.fake.service.IMediaRouterServiceProxy@792d029
04-12 15:08:55.702 20460 20460 D HookManager: hook: top.niunaijun.blackbox.fake.service.IStorageStatsManagerProxy@2fab8ba
04-12 15:08:55.707 20460 20460 D HookManager: hook: top.niunaijun.blackbox.fake.service.ITelephonyManagerProxy@256eb47
04-12 15:08:55.720 20460 20460 D HookManager: hook: top.niunaijun.blackbox.fake.service.IAutofillManagerProxy@3339ee0
04-12 15:08:55.725 20460 20460 D HookManager: hook: top.niunaijun.blackbox.fake.service.IActivityManagerProxy@867255
04-12 15:08:55.745 20460 20460 D HookManager: hook: top.niunaijun.blackbox.fake.service.context.RestrictionsManagerStub@314dcd3
04-12 15:08:55.752 20460 20460 D HookManager: hook: top.niunaijun.blackbox.fake.service.ILauncherAppsProxy@9718d3c
04-12 15:08:55.764 20460 20460 D HookManager: hook: top.niunaijun.blackbox.fake.service.IFingerprintManagerProxy@42e1e41
04-12 15:08:55.777 20460 20460 D HookManager: hook: top.niunaijun.blackbox.fake.service.IShortcutManagerProxy@70b1472
04-12 15:08:55.788 20460 20460 D HookManager: hook: top.niunaijun.blackbox.fake.service.IMediaSessionManagerProxy@ac0861f
04-12 15:08:55.797 20460 20460 D HookManager: hook: top.niunaijun.blackbox.fake.service.ISystemUpdateProxy@1c24458
04-12 15:08:55.799 20460 20460 D HookManager: hook error: top.niunaijun.blackbox.fake.service.ISystemUpdateProxy@1c24458
04-12 15:08:55.800 20460 20460 D HookManager: hook: top.niunaijun.blackbox.fake.service.IAccessibilityManagerProxy@49a19b1
04-12 15:08:55.808 20460 20460 D HookManager: hook: top.niunaijun.blackbox.fake.service.IPowerManagerProxy@8a94670
04-12 15:08:55.816 20460 20460 D HookManager: hook: top.niunaijun.blackbox.fake.service.IWifiManagerProxy@63fdfa5
04-12 15:08:55.830 20460 20460 D HookManager: hook: top.niunaijun.blackbox.fake.service.IWifiScannerProxy@f8e4946
04-12 15:08:55.832 20460 20460 D HookManager: hook error: top.niunaijun.blackbox.fake.service.IWifiScannerProxy@f8e4946
04-12 15:08:55.832 20460 20460 D HookManager: hook: top.niunaijun.blackbox.fake.service.IAppOpsManagerProxy@c0cb707
04-12 15:08:55.855 20460 20460 D HookManager: hook: top.niunaijun.blackbox.fake.service.IDevicePolicyManagerProxy@83b7fff
04-12 15:08:55.890 20460 20460 D HookManager: hook: top.niunaijun.blackbox.fake.service.IGraphicsStatsProxy@436ceb8
04-12 15:08:55.894 20460 20460 D HookManager: hook: top.niunaijun.blackbox.fake.service.IActivityTaskManagerProxy@8a24491
04-12 15:08:55.917 20460 20460 D HookManager: hook: top.niunaijun.blackbox.fake.service.INotificationManagerProxy@3eff4c9
04-12 15:08:55.933 20460 20460 D HookManager: hook: top.niunaijun.blackbox.fake.service.IUserManagerProxy@d94d5fc
04-12 15:08:55.946 20460 20460 D HookManager: hook: top.niunaijun.blackbox.fake.service.IContextHubServiceProxy@dcc7401
04-12 15:08:55.950 20460 20460 D HookManager: hook error: top.niunaijun.blackbox.fake.service.IContextHubServiceProxy@dcc7401
04-12 15:08:55.950 20460 20460 D HookManager: hook: top.niunaijun.blackbox.fake.service.IConnectivityManagerProxy@23fe894
04-12 15:08:55.963 20460 20460 D HookManager: hook: top.niunaijun.blackbox.fake.service.IDeviceIdentifiersPolicyProxy@162a239
04-12 15:08:55.978 20460 20460 D HookManager: hook: top.niunaijun.blackbox.fake.service.HCallbackProxy@8a4468a
04-12 15:08:55.988 20460 20460 D HookManager: hook: top.niunaijun.blackbox.fake.service.IAccountManagerProxy@b884156
04-12 15:08:56.015 20460 20460 D HookManager: hook: top.niunaijun.blackbox.fake.service.IPermissionManagerProxy@8985873
04-12 15:08:56.025 20460 20460 D HookManager: hook: top.niunaijun.blackbox.fake.service.IVibratorServiceProxy@42b025c
04-12 15:08:56.030 20460 20460 D HookManager: hook: top.niunaijun.blackbox.fake.service.IJobServiceProxy@47006e1
04-12 15:08:56.038 20460 20460 D HookManager: hook: top.niunaijun.blackbox.fake.service.IPersistentDataBlockServiceProxy@ccc8292
04-12 15:08:56.043 20460 20460 D HookManager: hook error: top.niunaijun.blackbox.fake.service.IPersistentDataBlockServiceProxy@ccc8292
04-12 15:08:56.043 20460 20460 D HookManager: hook: top.niunaijun.blackbox.fake.service.context.ContentServiceStub@4c9b119
04-12 15:08:56.051 20460 20460 D HookManager: hook: top.niunaijun.blackbox.fake.service.IWindowManagerProxy@f41d1ea
04-12 15:08:56.069 20460 20460 D HookManager: hook: top.niunaijun.blackbox.fake.service.IAlarmManagerProxy@5775a8d
04-12 15:08:56.076 20460 20460 D HookManager: hook: top.niunaijun.blackbox.fake.delegate.AppInstrumentation@e3fd28e
04-12 15:08:56.080 20460 20460 D HookManager: hook: top.niunaijun.blackbox.fake.service.ILocationManagerProxy@b281aaf
04-12 15:08:56.097 20460 20460 D HookManager: hook: top.niunaijun.blackbox.fake.service.IPhoneSubInfoProxy@ac92aa8
04-12 15:08:56.102 20460 20460 D HookManager: hook: top.niunaijun.blackbox.fake.service.INetworkManagementServiceProxy@69ab0a7
04-12 15:08:56.114 20460 20460 D HookManager: hook: top.niunaijun.blackbox.fake.service.libcore.OsStub@83ca6c0
04-12 15:08:56.124 20460 20460 D HookManager: hook: top.niunaijun.blackbox.fake.service.IDisplayManagerProxy@1b0d9f
04-12 15:08:56.132 20460 20460 D HookManager: hook: top.niunaijun.blackbox.fake.service.IStorageManagerProxy@4bb1197
04-12 15:08:56.223 20396 20420 D ActivityStack: ActivityInfo{5847db9 com.t2ksports.nba2k20and.gameactivity}, windowIsTranslucent: false
04-12 15:08:56.238 20396 20420 E Parcel : Reading a NULL string not supported here.
04-12 15:08:56.302 20396 20420 D SystemCallProvider: call: VM, Bundle[mParcelledData.dataSize=88]
04-12 15:08:56.303 20460 20460 D BlackBoxCore: getService: activity_manager, android.os.BinderProxy@c6c413
04-12 15:08:56.304 20396 20420 D SystemCallProvider: call: VM, Bundle[mParcelledData.dataSize=76]
04-12 15:08:56.306 20460 20460 D BlackBoxCore: getService: job_manager, android.os.BinderProxy@e117650
04-12 15:08:56.307 20396 20420 D SystemCallProvider: call: VM, Bundle[mParcelledData.dataSize=84]
04-12 15:08:56.308 20460 20460 D BlackBoxCore: getService: package_manager, android.os.BinderProxy@15bf049
04-12 15:08:56.310 20396 20420 D SystemCallProvider: call: VM, Bundle[mParcelledData.dataSize=84]
04-12 15:08:56.311 20460 20460 D BlackBoxCore: getService: storage_manager, android.os.BinderProxy@8d1bd4e
04-12 15:08:56.312 20396 20420 D SystemCallProvider: call: VM, Bundle[mParcelledData.dataSize=80]
04-12 15:08:56.313 20460 20460 D BlackBoxCore: getService: user_manager, android.os.BinderProxy@14f8e6f
04-12 15:08:56.315 20396 20420 D SystemCallProvider: call: VM, Bundle[mParcelledData.dataSize=84]
04-12 15:08:56.315 20460 20460 D BlackBoxCore: getService: xposed_manager, android.os.BinderProxy@51fa77c
04-12 15:08:56.317 20396 20420 D SystemCallProvider: call: VM, Bundle[mParcelledData.dataSize=84]
04-12 15:08:56.317 20460 20460 D BlackBoxCore: getService: account_manager, android.os.BinderProxy@96a4805
04-12 15:08:56.318 20396 20419 D SystemCallProvider: call: VM, Bundle[mParcelledData.dataSize=88]
04-12 15:08:56.319 20460 20460 D BlackBoxCore: getService: location_manager, android.os.BinderProxy@d10605a
04-12 15:08:56.321 20396 20420 D SystemCallProvider: call: VM, Bundle[mParcelledData.dataSize=96]
04-12 15:08:56.322 20460 20460 D BlackBoxCore: getService: notification_manager, android.os.BinderProxy@cf0a28b
04-12 15:08:56.327 20460 20460 E Parcel : Reading a NULL string not supported here.
04-12 15:08:56.341 20460 20460 E Parcel : Reading a NULL string not supported here.
04-12 15:08:56.349 20460 20460 E Parcel : Reading a NULL string not supported here.
04-12 15:08:56.374 20460 20460 D NativeCore: NativeCore init.
04-12 15:08:56.375 20460 20460 E Parcel : Reading a NULL string not supported here.
04-12 15:08:56.381 20460 20460 E Parcel : Reading a NULL string not supported here.
04-12 15:08:56.383 20460 20460 E Parcel : Reading a NULL string not supported here.
04-12 15:08:56.395 20460 20460 E Parcel : Reading a NULL string not supported here.
04-12 15:08:56.396 20460 20460 E Parcel : Reading a NULL string not supported here.
04-12 15:08:56.426 20460 20460 D NativeCore: register class:java/io/UnixFileSystem, method:canonicalize0 success!
04-12 15:08:56.426 20460 20460 D NativeCore: register class:java/io/UnixFileSystem, method:getLastModifiedTime0 success!
04-12 15:08:56.426 20460 20460 D NativeCore: register class:java/io/UnixFileSystem, method:setPermission0 success!
04-12 15:08:56.426 20460 20460 D NativeCore: register class:java/io/UnixFileSystem, method:createFileExclusively0 success!
04-12 15:08:56.426 20460 20460 D NativeCore: register class:java/io/UnixFileSystem, method:list0 success!
04-12 15:08:56.426 20460 20460 D NativeCore: register class:java/io/UnixFileSystem, method:createDirectory0 success!
04-12 15:08:56.426 20460 20460 D NativeCore: register class:java/io/UnixFileSystem, method:setLastModifiedTime0 success!
04-12 15:08:56.426 20460 20460 D NativeCore: register class:java/io/UnixFileSystem, method:setReadOnly0 success!
04-12 15:08:56.426 20460 20460 D NativeCore: register class:java/io/UnixFileSystem, method:getSpace0 success!
04-12 15:08:56.426 20460 20460 D NativeCore: register class:java/lang/VMClassLoader, method:findLoadedClass success!
04-12 15:08:56.426 20460 20460 D NativeCore: register class:android/os/Binder, method:getCallingUid success!
04-12 15:08:56.429 20460 20460 D BlackBoxLoader: beforeCreateApplication: pkg com.t2ksports.nba2k20and, processName com.t2ksports.nba2k20and,userID:0
04-12 15:08:56.430 20460 20460 D ApplicationLoaders: Returning zygote-cached class loader: /system/framework/android.test.base.jar
04-12 15:08:56.432 20460 20460 I virtual64bit:p: The ClassLoaderContext is a special shared library.
04-12 15:08:56.464 20460 20460 W virtual64bit:p: ClassLoaderContext classpath size mismatch. expected=0, found=1 (PCL[]{PCL[/system/framework/android.test.base.jar*315452938]} | PCL[/system/framework/org.apache.http.legacy.jar*1842566256]{PCL[/system/ framework/android.test.base.jar*315452938]})
04-12 15:08:56.475 20460 20460 W virtual64bit:p: JIT profile information will not be recorded: profile file does not exist.
04-12 15:08:56.475 20460 20460 E Parcel : Reading a NULL string not supported here.
04-12 15:08:56.483 20460 20460 D NetworkSecurityConfig: No Network Security Config specified, using platform default
04-12 15:08:56.483 20460 20460 D NetworkSecurityConfig: No Network Security Config specified, using platform default
04-12 15:08:56.488 20460 20460 E Parcel : Reading a NULL string not supported here.
04-12 15:08:56.489 20460 20460 E Parcel : Reading a NULL string not supported here.
04-12 15:08:56.512 20460 20460 E Parcel : Reading a NULL string not supported here.
04-12 15:08:56.520 20460 20460 W virtual64bit:p: Unsupported class loader
04-12 15:08:56.547 20460 20460 W virtual64bit:p: Skipping duplicate class check due to unsupported classloader
04-12 15:08:56.548 20460 20460 W virtual64bit:p: Unsupported class loader
04-12 15:08:56.707 20460 20460 D Pine : Hooking method public static java.lang.String android.os.SystemProperties.get(java.lang.String) with callback de.robv.android.xposed.XposedBridge$Handler@de0c827
04-12 15:08:56.712 20460 20460 I Pine : Pine native init...
04-12 15:08:56.715 20460 20460 D Pine : get module base /apex/com.android.art/lib64/libart.so: 519602720768
04-12 15:08:56.721 20460 20460 D Pine : get module base /apex/com.android.art/lib64/libart-compiler.so: 519427088384
04-12 15:08:56.724 20460 20460 D Pine : JavaVM offset matches the default offset
04-12 15:08:56.725 20460 20460 I Pine : Got class linker 0xb4000078fce8d680
04-12 15:08:56.728 20460 20460 W Pine : JIT compilation is not supported in Android R yet
04-12 15:08:56.728 20460 20460 D Pine : Mapped new memory 0x797dd79000 (size 4096)
04-12 15:08:56.728 20460 20460 D Pine : InstallReplacementTrampoline: origin 0x7139fe00 origin_entry 0x78fad01fa0 bridge_jump 0x797dd79000
04-12 15:08:56.729 20460 20460 D Pine : Hooking method public static java.lang.String android.os.SystemProperties.get(java.lang.String,java.lang.String) with callback de.robv.android.xposed.XposedBridge$Handler@adb4ad4
04-12 15:08:56.729 20460 20460 W Pine : JIT compilation is not supported in Android R yet
04-12 15:08:56.729 20460 20460 D Pine : InstallReplacementTrampoline: origin 0x7139fe28 origin_entry 0x78fad01fa0 bridge_jump 0x797dd790a0
04-12 15:08:56.731 20460 20460 D Pine : Hooking method public static java.lang.String android.provider.Settings$Secure.getString(android.content.ContentResolver,java.lan g.String) with callback de.robv.android.xposed.XposedBridge$Handler@423a47d
04-12 15:08:56.731 20460 20460 W Pine : JIT compilation is not supported in Android R yet
04-12 15:08:56.731 20460 20460 D Pine : InstallReplacementTrampoline: origin 0x711b5448 origin_entry 0x78fad01fa0 bridge_jump 0x797dd79140
04-12 15:08:56.732 20460 20460 D Pine : Hooking method public static java.lang.String java.lang.System.getProperty(java.lang.String) with callback de.robv.android.xposed.XposedBridge$Handler@4f94f72
04-12 15:08:56.732 20460 20460 W Pine : JIT compilation is not supported in Android R yet
04-12 15:08:56.732 20460 20460 D Pine : InstallReplacementTrampoline: origin 0x701180b0 origin_entry 0x78fad01fa0 bridge_jump 0x797dd791e0
04-12 15:08:56.736 20460 20460 D Pine : Hooking method public void android.webkit.WebView.loadUrl(java.lang.String) with callback de.robv.android.xposed.XposedBridge$Handler@887bfc3
04-12 15:08:56.737 20460 20460 W Pine : JIT compilation is not supported in Android R yet
04-12 15:08:56.737 20460 20460 D Pine : InstallReplacementTrampoline: origin 0x71412ef0 origin_entry 0x78fad01fa0 bridge_jump 0x797dd79280
04-12 15:08:56.737 20460 20460 D Pine : Hooking method public void android.webkit.WebView.loadUrl(java.lang.String,java.util.Map) with callback de.robv.android.xposed.XposedBridge$Handler@20c4040
04-12 15:08:56.737 20460 20460 W Pine : JIT compilation is not supported in Android R yet
04-12 15:08:56.737 20460 20460 D Pine : InstallReplacementTrampoline: origin 0x71412f18 origin_entry 0x78fad01fa0 bridge_jump 0x797dd79320
04-12 15:08:56.740 20460 20460 D Pine : Hooking method private boolean android.os.Binder.execTransact(int,long,long,int) with callback de.robv.android.xposed.XposedBridge$Handler@c4b0b79
04-12 15:08:56.740 20460 20460 W Pine : JIT compilation is not supported in Android R yet
04-12 15:08:56.740 20460 20460 D Pine : InstallReplacementTrampoline: origin 0x713b58b8 origin_entry 0x78fad01fa0 bridge_jump 0x797dd793c0
04-12 15:08:56.741 20460 20460 D Pine : Hooking method public final java.lang.String android.os.Parcel.readString() with callback de.robv.android.xposed.XposedBridge$Handler@208f0be
04-12 15:08:56.742 20460 20460 W Pine : JIT compilation is not supported in Android R yet
04-12 15:08:56.742 20460 20460 D Pine : InstallReplacementTrampoline: origin 0x7139c800 origin_entry 0x78fad01fa0 bridge_jump 0x797dd79460
04-12 15:08:56.744 20460 20460 D Pine : Hooking method public java.lang.String android.net.wifi.WifiInfo.getMacAddress() with callback de.robv.android.xposed.XposedBridge$Handler@81c951f
04-12 15:08:56.744 20460 20460 W Pine : JIT compilation is not supported in Android R yet
04-12 15:08:56.744 20460 20460 D Pine : InstallReplacementTrampoline: origin 0x79815fbee8 origin_entry 0x78fad01fa0 bridge_jump 0x797dd79500
04-12 15:08:56.746 20460 20460 D Pine : Hooking method public java.lang.String android.net.wifi.WifiInfo.getSSID() with callback de.robv.android.xposed.XposedBridge$Handler@e95206c
04-12 15:08:56.746 20460 20460 W Pine : JIT compilation is not supported in Android R yet
04-12 15:08:56.746 20460 20460 D Pine : InstallReplacementTrampoline: origin 0x79815fc0c8 origin_entry 0x78fad01fa0 bridge_jump 0x797dd795a0
04-12 15:08:56.747 20460 20460 D Pine : Hooking method public java.lang.String com.android.internal.telephony.GsmCdmaPhone.getDeviceId() with callback de.robv.android.xposed.XposedBridge$Handler@4e7e635
04-12 15:08:56.747 20460 20460 W Pine : JIT compilation is not supported in Android R yet
04-12 15:08:56.747 20460 20460 D Pine : InstallReplacementTrampoline: origin 0x7181cc60 origin_entry 0x78fad01fa0 bridge_jump 0x797dd79640
04-12 15:08:56.748 20460 20460 D Pine : Hooking method public java.lang.String com.android.internal.telephony.GsmCdmaPhone.getImei() with callback de.robv.android.xposed.XposedBridge$Handler@df5aca
04-12 15:08:56.748 20460 20460 W Pine : JIT compilation is not supported in Android R yet
04-12 15:08:56.748 20460 20460 D Pine : InstallReplacementTrampoline: origin 0x7181cf58 origin_entry 0x78fad01fa0 bridge_jump 0x797dd796e0
04-12 15:08:56.749 20460 20460 D Pine : Hooking method public java.lang.String android.telephony.TelephonyManager.getDeviceId() with callback de.robv.android.xposed.XposedBridge$Handler@eff643b
04-12 15:08:56.749 20460 20460 W Pine : JIT compilation is not supported in Android R yet
04-12 15:08:56.749 20460 20460 D Pine : InstallReplacementTrampoline: origin 0x713c7ea0 origin_entry 0x78fad01fa0 bridge_jump 0x797dd79780
04-12 15:08:56.750 20460 20460 D Pine : Hooking method public java.lang.String android.telephony.TelephonyManager.getImei() with callback de.robv.android.xposed.XposedBridge$Handler@3e9d758
04-12 15:08:56.750 20460 20460 W Pine : JIT compilation is not supported in Android R yet
04-12 15:08:56.750 20460 20460 D Pine : InstallReplacementTrampoline: origin 0x713c8198 origin_entry 0x78fad01fa0 bridge_jump 0x797dd79820
04-12 15:08:56.751 20460 20460 D Pine : Hooking method public java.lang.String android.telephony.TelephonyManager.getDeviceId(int) with callback de.robv.android.xposed.XposedBridge$Handler@3db0b1
04-12 15:08:56.751 20460 20460 W Pine : JIT compilation is not supported in Android R yet
04-12 15:08:56.751 20460 20460 D Pine : InstallReplacementTrampoline: origin 0x713c7ec8 origin_entry 0x78fad01fa0 bridge_jump 0x797dd798c0
04-12 15:08:56.752 20460 20460 D Pine : Hooking method public java.lang.String android.telephony.TelephonyManager.getImei(int) with callback de.robv.android.xposed.XposedBridge$Handler@5996
04-12 15:08:56.752 20460 20460 W Pine : JIT compilation is not supported in Android R yet
04-12 15:08:56.752 20460 20460 D Pine : InstallReplacementTrampoline: origin 0x713c81c0 origin_entry 0x78fad01fa0 bridge_jump 0x797dd79960
04-12 15:08:56.753 20460 20460 D Pine : Hooking method public java.lang.String android.telephony.TelephonyManager.getDeviceSoftwareVersion() with callback de.robv.android.xposed.XposedBridge$Handler@b760917
04-12 15:08:56.753 20460 20460 W Pine : JIT compilation is not supported in Android R yet
04-12 15:08:56.753 20460 20460 D Pine : InstallReplacementTrampoline: origin 0x713c7f18 origin_entry 0x78fad01fa0 bridge_jump 0x797dd79a00
04-12 15:08:56.754 20460 20460 D Pine : Hooking method public java.lang.String android.telephony.TelephonyManager.getSubscriberId() with callback de.robv.android.xposed.XposedBridge$Handler@6d11104
04-12 15:08:56.754 20460 20460 W Pine : JIT compilation is not supported in Android R yet
04-12 15:08:56.754 20460 20460 D Pine : InstallReplacementTrampoline: origin 0x713c9020 origin_entry 0x78fad01fa0 bridge_jump 0x797dd79aa0
04-12 15:08:56.754 20460 20460 D Pine : Hooking method public java.lang.String android.telephony.TelephonyManager.getLine1Number() with callback de.robv.android.xposed.XposedBridge$Handler@74ba6ed
04-12 15:08:56.754 20460 20460 W Pine : JIT compilation is not supported in Android R yet
04-12 15:08:56.754 20460 20460 D Pine : InstallReplacementTrampoline: origin 0x713c83c8 origin_entry 0x78fad01fa0 bridge_jump 0x797dd79b40
04-12 15:08:56.755 20460 20460 D Pine : Hooking method public java.lang.String android.telephony.TelephonyManager.getSimSerialNumber() with callback de.robv.android.xposed.XposedBridge$Handler@607922
04-12 15:08:56.755 20460 20460 W Pine : JIT compilation is not supported in Android R yet
04-12 15:08:56.755 20460 20460 D Pine : InstallReplacementTrampoline: origin 0x713c8e40 origin_entry 0x78fad01fa0 bridge_jump 0x797dd79be0
04-12 15:08:56.755 20460 20460 D Pine : Hooking method public java.lang.String android.telephony.TelephonyManager.getNetworkOperator() with callback de.robv.android.xposed.XposedBridge$Handler@481fb3
04-12 15:08:56.755 20460 20460 W Pine : JIT compilation is not supported in Android R yet
04-12 15:08:56.756 20460 20460 D Pine : InstallReplacementTrampoline: origin 0x713c8788 origin_entry 0x78fad01fa0 bridge_jump 0x797dd79c80
04-12 15:08:56.756 20460 20460 D Pine : Hooking method public java.lang.String android.telephony.TelephonyManager.getNetworkOperatorName() with callback de.robv.android.xposed.XposedBridge$Handler@fd03970
04-12 15:08:56.756 20460 20460 W Pine : JIT compilation is not supported in Android R yet
04-12 15:08:56.756 20460 20460 D Pine : InstallReplacementTrampoline: origin 0x713c8800 origin_entry 0x78fad01fa0 bridge_jump 0x797dd79d20
04-12 15:08:56.757 20460 20460 D Pine : Hooking method public java.lang.String android.telephony.TelephonyManager.getSimOperator() with callback de.robv.android.xposed.XposedBridge$Handler@9c8c4e9
04-12 15:08:56.757 20460 20460 W Pine : JIT compilation is not supported in Android R yet
04-12 15:08:56.757 20460 20460 D Pine : InstallReplacementTrampoline: origin 0x713c8d00 origin_entry 0x78fad01fa0 bridge_jump 0x797dd79dc0
04-12 15:08:56.758 20460 20460 D Pine : Hooking method public java.lang.String android.telephony.TelephonyManager.getSimOperatorName() with callback de.robv.android.xposed.XposedBridge$Handler@bb1056e
04-12 15:08:56.758 20460 20460 W Pine : JIT compilation is not supported in Android R yet
04-12 15:08:56.758 20460 20460 D Pine : InstallReplacementTrampoline: origin 0x713c8d50 origin_entry 0x78fad01fa0 bridge_jump 0x797dd79e60
04-12 15:08:56.759 20460 20460 D Pine : Hooking method public java.lang.String android.telephony.TelephonyManager.getNetworkCountryIso() with callback de.robv.android.xposed.XposedBridge$Handler@b1b040f
04-12 15:08:56.759 20460 20460 W Pine : JIT compilation is not supported in Android R yet
04-12 15:08:56.759 20460 20460 D Pine : InstallReplacementTrampoline: origin 0x713c8710 origin_entry 0x78fad01fa0 bridge_jump 0x797dd79f00
04-12 15:08:56.759 20460 20460 D Pine : Hooking method public java.lang.String android.telephony.TelephonyManager.getSimCountryIso() with callback de.robv.android.xposed.XposedBridge$Handler@8577c9c
04-12 15:08:56.759 20460 20460 W Pine : JIT compilation is not supported in Android R yet
04-12 15:08:56.759 20460 20460 D Pine : Mapped new memory 0x797dd2f000 (size 4096)
04-12 15:08:56.759 20460 20460 D Pine : InstallReplacementTrampoline: origin 0x713c8cb0 origin_entry 0x78fad01fa0 bridge_jump 0x797dd2f000
04-12 15:08:56.760 20460 20460 D Pine : Hooking method public int android.telephony.TelephonyManager.getSimState() with callback de.robv.android.xposed.XposedBridge$Handler@1dfc6a5
04-12 15:08:56.760 20460 20460 W Pine : JIT compilation is not supported in Android R yet
04-12 15:08:56.760 20460 20460 D Pine : InstallReplacementTrampoline: origin 0x713c8ee0 origin_entry 0x78fad01fa0 bridge_jump 0x797dd2f0a0
04-12 15:08:56.770 20460 20460 D Pine : Hooking method public java.net.Socket() with callback de.robv.android.xposed.XposedBridge$Handler@36c0a7a
04-12 15:08:56.770 20460 20460 W Pine : JIT compilation is not supported in Android R yet
04-12 15:08:56.770 20460 20460 D Pine : InstallReplacementTrampoline: origin 0x700bcde8 origin_entry 0x78fad01fa0 bridge_jump 0x797dd2f140
04-12 15:08:56.770 20460 20460 D Pine : Hooking method public java.net.Socket(java.lang.String,int) throws java.net.UnknownHostException,java.io.IOException with callback de.robv.android.xposed.XposedBridge$Handler@eadc688
04-12 15:08:56.770 20460 20460 W Pine : JIT compilation is not supported in Android R yet
04-12 15:08:56.770 20460 20460 D Pine : InstallReplacementTrampoline: origin 0x700bce10 origin_entry 0x78fad01fa0 bridge_jump 0x797dd2f1e0
04-12 15:08:56.770 20460 20460 D Pine : Hooking method public java.net.Socket(java.lang.String,int,java.net.InetAddress,int) throws java.io.IOException with callback de.robv.android.xposed.XposedBridge$Handler@4a05446
04-12 15:08:56.770 20460 20460 W Pine : JIT compilation is not supported in Android R yet
04-12 15:08:56.770 20460 20460 D Pine : InstallReplacementTrampoline: origin 0x700bce38 origin_entry 0x78fad01fa0 bridge_jump 0x797dd2f280
04-12 15:08:56.771 20460 20460 D Pine : Hooking method public java.net.Socket(java.lang.String,int,boolean) throws java.io.IOException with callback de.robv.android.xposed.XposedBridge$Handler@c9cc334
04-12 15:08:56.771 20460 20460 W Pine : JIT compilation is not supported in Android R yet
04-12 15:08:56.771 20460 20460 D Pine : InstallReplacementTrampoline: origin 0x700bce60 origin_entry 0x78fad01fa0 bridge_jump 0x797dd2f320
04-12 15:08:56.771 20460 20460 D Pine : Hooking method public java.net.Socket(java.net.InetAddress,int) throws java.io.IOException with callback de.robv.android.xposed.XposedBridge$Handler@c7d6ed2
04-12 15:08:56.771 20460 20460 W Pine : JIT compilation is not supported in Android R yet
04-12 15:08:56.771 20460 20460 D Pine : InstallReplacementTrampoline: origin 0x700bce88 origin_entry 0x78fad01fa0 bridge_jump 0x797dd2f3c0
04-12 15:08:56.771 20460 20460 D Pine : Hooking method public java.net.Socket(java.net.InetAddress,int,java.net.InetAddress,int) throws java.io.IOException with callback de.robv.android.xposed.XposedBridge$Handler@cdcdea0
04-12 15:08:56.771 20460 20460 W Pine : JIT compilation is not supported in Android R yet
04-12 15:08:56.771 20460 20460 D Pine : InstallReplacementTrampoline: origin 0x700bceb0 origin_entry 0x78fad01fa0 bridge_jump 0x797dd2f460
04-12 15:08:56.771 20460 20460 D Pine : Hooking method public java.net.Socket(java.net.InetAddress,int,boolean) throws java.io.IOException with callback de.robv.android.xposed.XposedBridge$Handler@99fa61e
04-12 15:08:56.771 20460 20460 W Pine : JIT compilation is not supported in Android R yet
04-12 15:08:56.772 20460 20460 D Pine : InstallReplacementTrampoline: origin 0x700bced8 origin_entry 0x78fad01fa0 bridge_jump 0x797dd2f500
04-12 15:08:56.772 20460 20460 D Pine : Hooking method public java.net.Socket(java.net.Proxy) with callback de.robv.android.xposed.XposedBridge$Handler@3916164
04-12 15:08:56.772 20460 20460 W Pine : JIT compilation is not supported in Android R yet
04-12 15:08:56.772 20460 20460 D Pine : InstallReplacementTrampoline: origin 0x700bcf00 origin_entry 0x78fad01fa0 bridge_jump 0x797dd2f5a0
04-12 15:08:56.773 20460 20460 D Pine : Hooking method protected java.net.Socket(java.net.SocketImpl) throws java.net.SocketException with callback de.robv.android.xposed.XposedBridge$Handler@e277393
04-12 15:08:56.773 20460 20460 W Pine : JIT compilation is not supported in Android R yet
04-12 15:08:56.773 20460 20460 D Pine : InstallReplacementTrampoline: origin 0x700bcf28 origin_entry 0x78fad01fa0 bridge_jump 0x797dd2f640
04-12 15:08:56.773 20460 20460 D Pine : Hooking method private java.net.Socket(java.net.InetAddress[],int,java.net.SocketAddress,boolean) throws java.io.IOException with callback de.robv.android.xposed.XposedBridge$Handler@8fd2ce
04-12 15:08:56.773 20460 20460 W Pine : JIT compilation is not supported in Android R yet
04-12 15:08:56.773 20460 20460 D Pine : InstallReplacementTrampoline: origin 0x700bcf50 origin_entry 0x78fad01fa0 bridge_jump 0x797dd2f6e0
04-12 15:08:56.773 20460 20460 D Pine : Hooking method public java.net.InetSocketAddress() with callback de.robv.android.xposed.XposedBridge$Handler@60578fc
04-12 15:08:56.774 20460 20460 W Pine : JIT compilation is not supported in Android R yet
04-12 15:08:56.774 20460 20460 D Pine : InstallReplacementTrampoline: origin 0x700bc4c0 origin_entry 0x78fad01fa0 bridge_jump 0x797dd2f780
04-12 15:08:56.774 20460 20460 D Pine : Hooking method public java.net.InetSocketAddress(int) with callback de.robv.android.xposed.XposedBridge$Handler@e5a4dda
04-12 15:08:56.774 20460 20460 W Pine : JIT compilation is not supported in Android R yet
04-12 15:08:56.774 20460 20460 D Pine : InstallReplacementTrampoline: origin 0x700bc4e8 origin_entry 0x78fad01fa0 bridge_jump 0x797dd2f820
04-12 15:08:56.774 20460 20460 D Pine : Hooking method private java.net.InetSocketAddress(int,java.lang.String) with callback de.robv.android.xposed.XposedBridge$Handler@1af28e8
04-12 15:08:56.774 20460 20460 W Pine : JIT compilation is not supported in Android R yet
04-12 15:08:56.774 20460 20460 D Pine : InstallReplacementTrampoline: origin 0x700bc510 origin_entry 0x78fad01fa0 bridge_jump 0x797dd2f8c0
04-12 15:08:56.775 20460 20460 D Pine : Hooking method public java.net.InetSocketAddress(java.lang.String,int) with callback de.robv.android.xposed.XposedBridge$Handler@61f6da6
04-12 15:08:56.775 20460 20460 W Pine : JIT compilation is not supported in Android R yet
04-12 15:08:56.775 20460 20460 D Pine : InstallReplacementTrampoline: origin 0x700bc538 origin_entry 0x78fad01fa0 bridge_jump 0x797dd2f960
04-12 15:08:56.775 20460 20460 D Pine : Hooking method public java.net.InetSocketAddress(java.net.InetAddress,int) with callback de.robv.android.xposed.XposedBridge$Handler@dc1eb94
04-12 15:08:56.775 20460 20460 W Pine : JIT compilation is not supported in Android R yet
