Download as TXT, PDF, TXT or read online on Scribd
You are on page 1/ 24
--------- beginning of main
07-10 09:11:56.588 22772 22772 D CompatibilityChangeReporter: Compat change id
reported: 147600208; UID 10022; state: ENABLED
07-10 09:11:56.594 22772 22772 D DownloaderInitializer: MAX_CONCURRENT_TASKS = 10
07-10 09:11:56.601 22772 22842 W System : ClassLoader referenced unknown path:
07-10 09:11:56.630 22772 22772 W com.facebook.J: Please set a value for AutoLogAppEventsEnabled. Set the flag to TRUE if you want to collect app install, app launch and in-app purchase events automatically. To request user consent before collecting data, set the flag value to FALSE, then change to TRUE once user consent is received. Learn more: https://developers.facebook.com/docs/app-events/getting- started-app-events-android#disable-auto-events.
07-10 09:11:56.630 22772 22772 W com.facebook.J: You haven't set a value for AdvertiserIDCollectionEnabled. Set the flag to TRUE if you want to collect Advertiser ID for better advertising and analytics results. To request user consent before collecting data, set the flag value to FALSE, then change to TRUE once user consent is received. Learn more: https://developers.facebook.com/docs/app-events/getting-started-app-events- android#disable-auto-events.
07-10 09:11:56.737 22772 22858 D CompatibilityChangeReporter: Compat change id reported: 160794467; UID 10022; state: ENABLED
07-10 09:11:56.778 22892 22892 E kdone.com:blac: Unknown bits set in runtime_flags: 0x40000000
07-10 09:11:56.782 22892 22892 E kdone.com:blac: Not starting debugger since process cannot load the jdwp agent.
07-10 09:11:56.785 22892 22892 D ProcessState: Binder ioctl to enable oneway spam detection failed: Invalid argument
07-10 09:11:56.790 22892 22892 I OneTrace: Mark active for pid=22892? true
07-10 09:11:56.790 22892 22892 D cutils-dev: otrace_set_tracing_enabled? true
07-10 09:11:56.802 22892 22914 D cutils-dev: properties changed in otrace_seq_number_changed!
07-10 09:11:56.807 22892 22892 D CompatibilityChangeReporter: Compat change id reported: 171979766; UID 10022; state: ENABLED
07-10 09:11:56.808 22892 22892 I oplus.android.OplusFrameworkFactoryImpl: get feature:IOplusAutoResolutionFeature
07-10 09:11:56.808 22892 22892 I oplus.android.OplusFrameworkFactoryImpl: getOplusAutoResolutionFeature
07-10 09:11:56.818 22892 22892 D LoadedApk: mApplicationInfo overrideDisplayId:null
07-10 09:11:56.837 22892 22892 V GraphicsEnvironment: ANGLE Developer option for 'apkdone.com' set to: 'default'
07-10 09:11:56.837 22892 22892 V GraphicsEnvironment: Neither updatable production driver nor prerelease driver is supported.
07-10 09:11:56.840 22892 22892 D NetworkSecurityConfig: Using Network Security Config from resource network_security_config debugBuild: false
07-10 09:11:56.841 22892 22892 D NetworkSecurityConfig: Using Network Security Config from resource network_security_config debugBuild: false
07-10 09:11:56.845 22892 22892 W kdone.com:blac: Accessing hidden method Ldalvik/system/VMRuntime;->setHiddenApiExemptions([Ljava/lang/String;)V (blocked,core-platform-api, reflection, denied)
07-10 09:11:56.845 22892 22892 W BootstrapClass: reflect bootstrap failed:
07-10 09:11:56.845 22892 22892 W BootstrapClass: java.lang.reflect.InvocationTargetException
07-10 09:11:56.845 22892 22892 W BootstrapClass: at java.lang.reflect.Method.invoke(Native Method)
07-10 09:11:56.845 22892 22892 W BootstrapClass: at me.weishu.reflection.BootstrapClass.<clinit>(BootstrapClass.java:6)
07-10 09:11:56.845 22892 22892 W BootstrapClass: at me.weishu.reflection.BootstrapClass.exemptAll(Unknown Source:0)
07-10 09:11:56.845 22892 22892 W BootstrapClass: at me.weishu.reflection.Reflection.unseal(Reflection.java:2)
07-10 09:11:56.845 22892 22892 W BootstrapClass: at top.niunaijun.blackbox.BlackBoxCore.doAttachBaseContext(BlackBoxCore.java:1)
07-10 09:11:56.845 22892 22892 W BootstrapClass: at com.example.Application.attachBaseContext(Application.kt:2)
07-10 09:11:56.845 22892 22892 W BootstrapClass: at android.app.Application.attach(Application.java:340)
07-10 09:11:56.845 22892 22892 W BootstrapClass: at android.app.Instrumentation.newApplication(Instrumentation.java:1192)
07-10 09:11:56.845 22892 22892 W BootstrapClass: at android.app.LoadedApk.makeApplication(LoadedApk.java:1401)
07-10 09:11:56.845 22892 22892 W BootstrapClass: at android.app.ActivityThread.handleBindApplication(ActivityThread.java:7030)
07-10 09:11:56.845 22892 22892 W BootstrapClass: at android.app.ActivityThread.access$1800(ActivityThread.java:259)
07-10 09:11:56.845 22892 22892 W BootstrapClass: at android.app.ActivityThread$H.handleMessage(ActivityThread.java:2208)
07-10 09:11:56.845 22892 22892 W BootstrapClass: at android.os.Handler.dispatchMessage(Handler.java:106)
07-10 09:11:56.845 22892 22892 W BootstrapClass: at android.os.Looper.loopOnce(Looper.java:233)
07-10 09:11:56.845 22892 22892 W BootstrapClass: at android.os.Looper.loop(Looper.java:344)
07-10 09:11:56.845 22892 22892 W BootstrapClass: at android.app.ActivityThread.main(ActivityThread.java:8219)
07-10 09:11:56.845 22892 22892 W BootstrapClass: at java.lang.reflect.Method.invoke(Native Method)
07-10 09:11:56.845 22892 22892 W BootstrapClass: at com.android.internal.os.RuntimeInit$MethodAndArgsCaller.run(RuntimeInit.java:589)
07-10 09:11:56.845 22892 22892 W BootstrapClass: at com.android.internal.os.ZygoteInit.main(ZygoteInit.java:1071)
07-10 09:11:56.845 22892 22892 W BootstrapClass: Caused by: java.lang.NoSuchMethodException: dalvik.system.VMRuntime.setHiddenApiExemptions [class [Ljava.lang.String;]
07-10 09:11:56.845 22892 22892 W BootstrapClass: at java.lang.Class.getMethod(Class.java:2103)
07-10 09:11:56.845 22892 22892 W BootstrapClass: at java.lang.Class.getDeclaredMethod(Class.java:2081)
07-10 09:11:56.845 22892 22892 W BootstrapClass: ... 19 more
07-10 09:11:56.846 22892 22892 W kdone.com:blac: Opening an oat file without a class loader. Are you using the deprecated DexFile APIs?
07-10 09:11:56.847 22892 22892 W kdone.com:blac: DexFile /data/user/0/apkdone.com/code_cache/1657415516846.dex is in boot class path but is not in a known location
07-10 09:11:56.870 22892 22892 D HookManager: hook: top.niunaijun.blackbox.fake.service.context.ContentServiceStub@fb5acb9
07-10 09:11:56.871 22892 22892 D HookManager: hook: top.niunaijun.blackbox.fake.service.IVibratorServiceProxy@986bd98
07-10 09:11:56.872 22892 22892 D HookManager: hook: top.niunaijun.blackbox.fake.service.IPackageManagerProxy@cb0842d
07-10 09:11:56.877 22892 22892 D HookManager: hook: top.niunaijun.blackbox.fake.service.IFingerprintManagerProxy@30206ba
07-10 09:11:56.878 22892 22892 D HookManager: hook: top.niunaijun.blackbox.fake.service.IStorageManagerProxy@48147
07-10 09:11:56.998 22892 22892 D HookManager: hook: top.niunaijun.blackbox.fake.service.IDevicePolicyManagerProxy@dc05ce0
07-10 09:11:57.002 22892 22892 D HookManager: hook: top.niunaijun.blackbox.fake.service.ILauncherAppsProxy@77fb855
07-10 09:11:57.004 22892 22892 D HookManager: hook: top.niunaijun.blackbox.fake.service.ITelephonyRegistryProxy@7666b36
07-10 09:11:57.088 22892 22892 D HookManager: hook: top.niunaijun.blackbox.fake.service.IConnectivityManagerProxy@e2f52d3
07-10 09:11:57.089 22892 22892 D HookManager: hook: top.niunaijun.blackbox.fake.service.IContextHubServiceProxy@4236a1a
07-10 09:11:57.090 22892 22892 D HookManager: hook error: top.niunaijun.blackbox.fake.service.IContextHubServiceProxy@4236a1a
07-10 09:11:57.090 22892 22892 D HookManager: hook: top.niunaijun.blackbox.fake.service.INetworkManagementServiceProxy@4ab4441
07-10 09:11:57.092 22892 22892 D HookManager: hook: top.niunaijun.blackbox.fake.service.IMediaRouterServiceProxy@d8d2272
07-10 09:11:57.094 22892 22892 D HookManager: hook: top.niunaijun.blackbox.fake.service.IWindowManagerProxy@9addc1f
07-10 09:11:57.096 22892 22892 D HookManager: hook: top.niunaijun.blackbox.fake.service.IAutofillManagerProxy@4dbbc96
07-10 09:11:57.097 22892 22892 D HookManager: hook: top.niunaijun.blackbox.fake.service.INotificationManagerProxy@f66b6b3
07-10 09:11:57.100 22892 22892 D HookManager: hook: top.niunaijun.blackbox.fake.service.libcore.OsStub@e35c86e
07-10 09:11:57.101 22892 22892 D HookManager: hook: top.niunaijun.blackbox.fake.service.IDeviceIdentifiersPolicyProxy@ff1a5a5
07-10 09:11:57.102 22892 22892 D HookManager: hook: top.niunaijun.blackbox.fake.service.IActivityManagerProxy@49a7746
07-10 09:11:57.107 22892 22892 D HookManager: hook: top.niunaijun.blackbox.fake.service.IAppOpsManagerProxy@45b291e
07-10 09:11:57.112 22892 22892 D HookManager: hook: top.niunaijun.blackbox.fake.service.IPersistentDataBlockServiceProxy@6953df6
07-10 09:11:57.113 22892 22892 D HookManager: hook error: top.niunaijun.blackbox.fake.service.IPersistentDataBlockServiceProxy@6953df6
07-10 09:11:57.113 22892 22892 D HookManager: hook: top.niunaijun.blackbox.fake.service.context.RestrictionsManagerStub@9279ecd
07-10 09:11:57.116 22892 22892 D HookManager: hook: top.niunaijun.blackbox.fake.service.ILocationManagerProxy@eb215ce
07-10 09:11:57.118 22892 22892 D HookManager: hook: top.niunaijun.blackbox.fake.service.IMediaSessionManagerProxy@4c9b90b
07-10 09:11:57.121 22892 22892 D HookManager: hook: top.niunaijun.blackbox.fake.service.IPermissionManagerProxy@6b1c694
07-10 09:11:57.123 22892 22892 D HookManager: hook: top.niunaijun.blackbox.fake.service.IJobServiceProxy@4f48839
07-10 09:11:57.123 22772 22899 I FA : App measurement initialized, version: 65024
07-10 09:11:57.123 22772 22899 I FA : To enable debug logging run: adb shell setprop log.tag.FA VERBOSE
07-10 09:11:57.123 22772 22899 I FA : To enable faster debug mode event logging run:
07-10 09:11:57.123 22772 22899 I FA : adb shell setprop debug.firebase.analytics.app apkdone.com
07-10 09:11:57.123 22892 22892 D HookManager: hook: top.niunaijun.blackbox.fake.service.IAccountManagerProxy@118148a
07-10 09:11:57.126 22892 22892 D HookManager: hook: top.niunaijun.blackbox.fake.service.ISystemUpdateProxy@ef84bd7
07-10 09:11:57.126 22892 22892 D HookManager: hook error: top.niunaijun.blackbox.fake.service.ISystemUpdateProxy@ef84bd7
07-10 09:11:57.126 22892 22892 D HookManager: hook: top.niunaijun.blackbox.fake.service.IGraphicsStatsProxy@61dfcc4
07-10 09:11:57.127 22892 22892 D HookManager: hook: top.niunaijun.blackbox.fake.service.ITelephonyManagerProxy@16087ad
07-10 09:11:57.131 22892 22892 D HookManager: hook: top.niunaijun.blackbox.fake.service.HCallbackProxy@aa0932e
07-10 09:11:57.132 22892 22892 D HookManager: hook: top.niunaijun.blackbox.fake.service.IUserManagerProxy@b26b43a
07-10 09:11:57.134 22892 22892 D HookManager: hook: top.niunaijun.blackbox.fake.service.IVpnManagerProxy@f0dd8c7
07-10 09:11:57.136 22892 22892 D HookManager: hook: top.niunaijun.blackbox.fake.service.IActivityTaskManagerProxy@b163660
07-10 09:11:57.138 22892 22892 D HookManager: hook: top.niunaijun.blackbox.fake.service.IAlarmManagerProxy@5387178
07-10 09:11:57.139 22892 22892 D HookManager: hook: top.niunaijun.blackbox.fake.service.IWifiScannerProxy@7f608d
07-10 09:11:57.140 22892 22892 D HookManager: hook error: top.niunaijun.blackbox.fake.service.IWifiScannerProxy@7f608d
07-10 09:11:57.140 22892 22892 D HookManager: hook: top.niunaijun.blackbox.fake.service.IActivityClientProxy@d3f790
07-10 09:11:57.147 22892 22892 D HookManager: hook: top.niunaijun.blackbox.fake.service.IDisplayManagerProxy@83fafc1
07-10 09:11:57.151 22892 22892 D HookManager: hook: top.niunaijun.blackbox.fake.service.IPhoneSubInfoProxy@995f9
07-10 09:11:57.153 22892 22892 D HookManager: hook: top.niunaijun.blackbox.fake.delegate.AppInstrumentation@2830cec
07-10 09:11:57.153 22892 22892 D HookManager: hook: top.niunaijun.blackbox.fake.service.IAppWidgetManagerProxy@a4498b5
07-10 09:11:57.155 22892 22892 D HookManager: hook: top.niunaijun.blackbox.fake.service.IShortcutManagerProxy@bcae216
07-10 09:11:57.158 22892 22892 D HookManager: hook: top.niunaijun.blackbox.fake.service.IStorageStatsManagerProxy@e6ea633
07-10 09:11:57.160 22892 22892 D HookManager: hook: top.niunaijun.blackbox.fake.service.IPowerManagerProxy@3d9891c
07-10 09:11:57.162 22892 22892 D HookManager: hook: top.niunaijun.blackbox.fake.service.IAccessibilityManagerProxy@5ac22a1
07-10 09:11:57.163 22892 22892 D HookManager: hook: top.niunaijun.blackbox.fake.service.IWifiManagerProxy@994320
07-10 09:11:57.347 22772 22853 I DynamiteModule: Considering local module com.google.android.gms.ads.dynamite:0 and remote module com.google.android.gms.ads.dynamite:221908400
07-10 09:11:57.347 22772 22853 I DynamiteModule: Selected remote version of com.google.android.gms.ads.dynamite, version >= 221908400
07-10 09:11:57.347 22772 22853 V DynamiteModule: Dynamite loader version >= 2, using loadModule2NoCrashUtils
07-10 09:11:57.388 22772 22853 W apkdone.com: ClassLoaderContext type mismatch. expected=PCL, found=DLC (PCL[] | DLC[];PCL[/data/app/~~OhZYQTRIwZ8jJnxlMCnzFA==/apkdone.com- KGR5W4jFtYPyLvD2jrfBfg==/base.apk*3997257963:/data/app/~~OhZYQTRIwZ8jJnxlMCnzFA==/ apkdone.com-KGR5W4jFtYPyLvD2jrfBfg==/base.apk!classes2.dex*2031251615:/data/app/ ~~OhZYQTRIwZ8jJnxlMCnzFA==/apkdone.com-KGR5W4jFtYPyLvD2jrfBfg==/base.apk! classes3.dex*2835456817:/data/app/~~OhZYQTRIwZ8jJnxlMCnzFA==/apkdone.com- KGR5W4jFtYPyLvD2jrfBfg==/base.apk!classes4.dex*2656573096]) --------- beginning of system
07-10 09:11:57.419 22892 22892 D ActivityThread: Loading provider apkdone.com.blackbox.SystemCallProvider: top.niunaijun.blackbox.core.system.SystemCallProvider
07-10 09:11:57.422 22892 22892 D SystemCallProvider: call: VM, Bundle[{_B_| _server_name_=package_manager}]
07-10 09:11:57.426 22892 22892 D BlackBoxCore: getService: package_manager, top.niunaijun.blackbox.core.system.pm.BPackageManagerService@f51f611
07-10 09:11:57.454 22892 22913 D SystemCallProvider: call: VM, Bundle[mParcelledData.dataSize=88]
07-10 09:11:57.455 22772 22772 D BlackBoxCore: getService: activity_manager, android.os.BinderProxy@e21da0f
07-10 09:11:57.456 22892 22913 D SystemCallProvider: call: VM, Bundle[mParcelledData.dataSize=76]
07-10 09:11:57.456 22772 22772 D BlackBoxCore: getService: job_manager, android.os.BinderProxy@b749a9c
07-10 09:11:57.457 22892 22913 D SystemCallProvider: call: VM, Bundle[mParcelledData.dataSize=84]
07-10 09:11:57.458 22772 22772 D BlackBoxCore: getService: package_manager, android.os.BinderProxy@8698ca5
07-10 09:11:57.459 22892 22913 D SystemCallProvider: call: VM, Bundle[mParcelledData.dataSize=84]
07-10 09:11:57.459 22772 22772 D BlackBoxCore: getService: storage_manager, android.os.BinderProxy@a69587a
07-10 09:11:57.460 22892 22913 D SystemCallProvider: call: VM, Bundle[mParcelledData.dataSize=80]
07-10 09:11:57.460 22772 22772 D BlackBoxCore: getService: user_manager, android.os.BinderProxy@2c082b
07-10 09:11:57.461 22892 22913 D SystemCallProvider: call: VM, Bundle[mParcelledData.dataSize=84]
07-10 09:11:57.462 22772 22772 D BlackBoxCore: getService: xposed_manager, android.os.BinderProxy@97ec488
07-10 09:11:57.462 22892 22913 D SystemCallProvider: call: VM, Bundle[mParcelledData.dataSize=84]
07-10 09:11:57.463 22772 22772 D BlackBoxCore: getService: account_manager, android.os.BinderProxy@40b4e21
07-10 09:11:57.464 22892 22913 D SystemCallProvider: call: VM, Bundle[mParcelledData.dataSize=88]
07-10 09:11:57.464 22772 22772 D BlackBoxCore: getService: location_manager, android.os.BinderProxy@9248246
07-10 09:11:57.465 22892 22913 D SystemCallProvider: call: VM, Bundle[mParcelledData.dataSize=96]
07-10 09:11:57.466 22772 22772 D BlackBoxCore: getService: notification_manager, android.os.BinderProxy@c60fc07
07-10 09:11:57.466 22772 22772 I Quality : ActivityThread: callApplicationOnCreate delay 748 apkdone.com 22772
07-10 09:11:57.469 22772 22772 I Quality : ActivityThread: bindApplication delay 1271 apkdone.com 22772
07-10 09:11:57.471 22772 22797 I Quality : Blocked msg = Package name: apkdone.com [ schedGroup: 5 schedPolicy: 0 ] process the message: { when=-1s284ms what=110 target=android.app.ActivityThread$H obj=AppBindData{appInfo=ApplicationInfo{67fa134 apkdone.com}} } took 1271 ms
07-10 09:11:57.507 22892 22892 I DaemonService: DaemonInnerService -> onCreate
07-10 09:11:57.510 22892 22892 I DaemonService: DaemonInnerService -> onStartCommand
07-10 09:11:57.517 22892 22892 I DaemonService: DaemonInnerService -> onDestroy
07-10 09:11:57.568 22772 22772 D hw-ProcessState: Binder ioctl to enable oneway spam detection failed: Invalid argument
07-10 09:11:57.599 22772 22772 D com.llfbandit.app_links: handleIntent: (Action) android.intent.action.MAIN
07-10 09:11:57.599 22772 22772 D com.llfbandit.app_links: handleIntent: (Data) null
07-10 09:11:57.602 22772 22772 D FlutterArchivePlugin: onAttachedToEngine - IN
07-10 09:11:57.602 22772 22772 D FlutterArchivePlugin: doOnAttachedToEngine - IN
07-10 09:11:57.602 22772 22772 D FlutterArchivePlugin: doOnAttachedToEngine - OUT
07-10 09:11:57.602 22772 22772 D FlutterArchivePlugin: onAttachedToEngine - OUT
07-10 09:11:57.677 22772 22772 I WebViewFactory: Loading com.google.android.webview version 103.0.5060.71 (code 506007133)
07-10 09:11:57.783 22772 22772 I cr_WVCFactoryProvider: Loaded version=103.0.5060.71 minSdkVersion=29 isBundle=true multiprocess=true packageId=2
07-10 09:11:57.870 22772 22772 I cr_LibraryLoader: Successfully loaded native library
07-10 09:11:57.875 22772 22772 I cr_CachingUmaRecorder: Flushed 8 samples from 8 histograms.
07-10 09:11:58.205 22772 23060 E chromium: [ERROR:simple_file_enumerator.cc(58)] Could not get file info for /data/user/0/apkdone.com/cache/WebView/Default/HTTP Cache/Code Cache/js/11685db8ca058a6f_0
07-10 09:11:58.205 22772 23060 E chromium: [ERROR:simple_file_enumerator.cc(58)] Could not get file info for /data/user/0/apkdone.com/cache/WebView/Default/HTTP Cache/Code Cache/js/107380a95b7557e0_0
07-10 09:11:58.205 22772 23060 E chromium: [ERROR:simple_file_enumerator.cc(58)] Could not get file info for /data/user/0/apkdone.com/cache/WebView/Default/HTTP Cache/Code Cache/js/6786e44a78db5efa_0
07-10 09:11:58.205 22772 23060 E chromium: [ERROR:simple_file_enumerator.cc(58)] Could not get file info for /data/user/0/apkdone.com/cache/WebView/Default/HTTP Cache/Code Cache/js/654b22f0d734550c_0
07-10 09:11:58.206 22772 23060 E chromium: [ERROR:simple_file_enumerator.cc(43)] readdir /data/user/0/apkdone.com/cache/WebView/Default/HTTP Cache/Code Cache/js: No such file or directory (2)
07-10 09:11:58.206 22772 23060 E chromium: [ERROR:simple_index_file.cc(617)] Could not reconstruct index from disk
07-10 09:11:58.243 22772 22772 W FlutterEngineCxnRegstry: Attempted to register plugin (P0.c@a0d4c3) but it was already registered with this FlutterEngine (io.flutter.embedding.engine.FlutterEngine@7203140).
07-10 09:11:58.243 22772 22772 W FlutterEngineCxnRegstry: Attempted to register plugin (O0.a@f36a879) but it was already registered with this FlutterEngine (io.flutter.embedding.engine.FlutterEngine@7203140).
07-10 09:11:58.243 22772 22772 W FlutterEngineCxnRegstry: Attempted to register plugin (M0.a@830c9be) but it was already registered with this FlutterEngine (io.flutter.embedding.engine.FlutterEngine@7203140).
07-10 09:11:58.243 22772 22772 W FlutterEngineCxnRegstry: Attempted to register plugin (K0.g@131fa1f) but it was already registered with this FlutterEngine (io.flutter.embedding.engine.FlutterEngine@7203140).
07-10 09:11:58.243 22772 22772 W FlutterEngineCxnRegstry: Attempted to register plugin (io.flutter.plugins.camera.CameraPlugin@f77216c) but it was already registered with this FlutterEngine (io.flutter.embedding.engine.FlutterEngine@7203140).
07-10 09:11:58.243 22772 22772 W FlutterEngineCxnRegstry: Attempted to register plugin (D1.d@7705335) but it was already registered with this FlutterEngine (io.flutter.embedding.engine.FlutterEngine@7203140).
07-10 09:11:58.243 22772 22772 W FlutterEngineCxnRegstry: Attempted to register plugin (I1.c@42bc3ca) but it was already registered with this FlutterEngine (io.flutter.embedding.engine.FlutterEngine@7203140).
07-10 09:11:58.243 22772 22772 W FlutterEngineCxnRegstry: Attempted to register plugin (E1.a@486193b) but it was already registered with this FlutterEngine (io.flutter.embedding.engine.FlutterEngine@7203140).
07-10 09:11:58.243 22772 22772 W FlutterEngineCxnRegstry: Attempted to register plugin (C1.a@76ae858) but it was already registered with this FlutterEngine (io.flutter.embedding.engine.FlutterEngine@7203140).
07-10 09:11:58.243 22772 22772 W FlutterEngineCxnRegstry: Attempted to register plugin (S0.a@75fedb1) but it was already registered with this FlutterEngine (io.flutter.embedding.engine.FlutterEngine@7203140).
07-10 09:11:58.244 22772 22772 W FlutterEngineCxnRegstry: Attempted to register plugin (io.flutter.plugins.firebase.analytics.FlutterFirebaseAnalyticsPlugin@62a5296) but it was already registered with this FlutterEngine (io.flutter.embedding.engine.FlutterEngine@7203140).
07-10 09:11:58.244 22772 22772 W FlutterEngineCxnRegstry: Attempted to register plugin (io.flutter.plugins.firebase.core.FlutterFirebaseCorePlugin@b330e17) but it was already registered with this FlutterEngine (io.flutter.embedding.engine.FlutterEngine@7203140).
07-10 09:11:58.244 22772 22772 W FlutterEngineCxnRegstry: Attempted to register plugin (io.flutter.plugins.firebase.crashlytics.FlutterFirebaseCrashlyticsPlugin@fd23204) but it was already registered with this FlutterEngine (io.flutter.embedding.engine.FlutterEngine@7203140).
07-10 09:11:58.244 22772 22772 W FlutterEngineCxnRegstry: Attempted to register plugin (L1.a@ad4b3ed) but it was already registered with this FlutterEngine (io.flutter.embedding.engine.FlutterEngine@7203140).
07-10 09:11:58.244 22772 22772 W FlutterEngineCxnRegstry: Attempted to register plugin (io.flutter.plugins.firebase.messaging.FlutterFirebaseMessagingPlugin@1b10222) but it was already registered with this FlutterEngine (io.flutter.embedding.engine.FlutterEngine@7203140).
07-10 09:11:58.244 22772 22772 W FlutterEngineCxnRegstry: Attempted to register plugin (io.flutter.plugins.firebase.performance.FlutterFirebasePerformancePlugin@f5074b3) but it was already registered with this FlutterEngine (io.flutter.embedding.engine.FlutterEngine@7203140).
07-10 09:11:58.244 22772 22772 W FlutterEngineCxnRegstry: Attempted to register plugin (io.flutter.plugins.firebase.firebaseremoteconfig.FirebaseRemoteConfigPlugin@e426a7 0) but it was already registered with this FlutterEngine (io.flutter.embedding.engine.FlutterEngine@7203140).
07-10 09:11:58.244 22772 22772 W FlutterEngineCxnRegstry: Attempted to register plugin (L0.a@155a1e9) but it was already registered with this FlutterEngine (io.flutter.embedding.engine.FlutterEngine@7203140).
07-10 09:11:58.244 22772 22772 W FlutterEngineCxnRegstry: Attempted to register plugin (vn.hunghd.flutterdownloader.e@c011e6e) but it was already registered with this FlutterEngine (io.flutter.embedding.engine.FlutterEngine@7203140).
07-10 09:11:58.244 22772 22772 W FlutterEngineCxnRegstry: Attempted to register plugin (T0.a@ad3a90f) but it was already registered with this FlutterEngine (io.flutter.embedding.engine.FlutterEngine@7203140).
07-10 09:11:58.244 22772 22772 W FlutterEngineCxnRegstry: Attempted to register plugin (d.f@a3bbd9c) but it was already registered with this FlutterEngine (io.flutter.embedding.engine.FlutterEngine@7203140).
07-10 09:11:58.244 22772 22772 W FlutterEngineCxnRegstry: Attempted to register plugin (F.a@1dd73a5) but it was already registered with this FlutterEngine (io.flutter.embedding.engine.FlutterEngine@7203140).
07-10 09:11:58.244 22772 22772 W FlutterEngineCxnRegstry: Attempted to register plugin (com.pichillilorenzo.flutter_inappwebview.InAppWebViewFlutterPlugin@b24b37a) but it was already registered with this FlutterEngine (io.flutter.embedding.engine.FlutterEngine@7203140).
07-10 09:11:58.244 22772 22772 W FlutterEngineCxnRegstry: Attempted to register plugin (f.a@7abc72b) but it was already registered with this FlutterEngine (io.flutter.embedding.engine.FlutterEngine@7203140).
07-10 09:11:58.244 22772 22772 W FlutterEngineCxnRegstry: Attempted to register plugin (com.dexterous.flutterlocalnotifications.FlutterLocalNotificationsPlugin@1151788) but it was already registered with this FlutterEngine (io.flutter.embedding.engine.FlutterEngine@7203140).
07-10 09:11:58.244 22772 22772 W FlutterEngineCxnRegstry: Attempted to register plugin (N0.i@e56a521) but it was already registered with this FlutterEngine (io.flutter.embedding.engine.FlutterEngine@7203140).
07-10 09:11:58.244 22772 22772 W FlutterEngineCxnRegstry: Attempted to register plugin (io.flutter.plugins.flutter_plugin_android_lifecycle.FlutterAndroidLifecyclePlugin@ 59dab07) but it was already registered with this FlutterEngine (io.flutter.embedding.engine.FlutterEngine@7203140).
07-10 09:11:58.244 22772 22772 W FlutterEngineCxnRegstry: Attempted to register plugin (K1.a@ca82434) but it was already registered with this FlutterEngine (io.flutter.embedding.engine.FlutterEngine@7203140).
07-10 09:11:58.244 22772 22772 W FlutterEngineCxnRegstry: Attempted to register plugin (io.flutter.plugins.googlemobileads.GoogleMobileAdsPlugin@2d7725d) but it was already registered with this FlutterEngine (io.flutter.embedding.engine.FlutterEngine@7203140).
07-10 09:11:58.244 22772 22772 W FlutterEngineCxnRegstry: Attempted to register plugin (io.flutter.plugins.googlesignin.GoogleSignInPlugin@b8237d2) but it was already registered with this FlutterEngine (io.flutter.embedding.engine.FlutterEngine@7203140).
07-10 09:11:58.244 22772 22772 W FlutterEngineCxnRegstry: Attempted to register plugin (G2.c@1dff0a3) but it was already registered with this FlutterEngine (io.flutter.embedding.engine.FlutterEngine@7203140).
07-10 09:11:58.244 22772 22772 W FlutterEngineCxnRegstry: Attempted to register plugin (O.a@8bd4fa0) but it was already registered with this FlutterEngine (io.flutter.embedding.engine.FlutterEngine@7203140).
07-10 09:11:58.244 22772 22772 W FlutterEngineCxnRegstry: Attempted to register plugin (io.flutter.plugins.packageinfo.PackageInfoPlugin@c9dd759) but it was already registered with this FlutterEngine (io.flutter.embedding.engine.FlutterEngine@7203140).
07-10 09:11:58.244 22772 22772 W FlutterEngineCxnRegstry: Attempted to register plugin (io.flutter.plugins.pathprovider.PathProviderPlugin@ea7ff1e) but it was already registered with this FlutterEngine (io.flutter.embedding.engine.FlutterEngine@7203140).
07-10 09:11:58.245 22772 22772 W FlutterEngineCxnRegstry: Attempted to register plugin (e.f@c76f3ff) but it was already registered with this FlutterEngine (io.flutter.embedding.engine.FlutterEngine@7203140).
07-10 09:11:58.245 22772 22772 W FlutterEngineCxnRegstry: Attempted to register plugin (p0.b@337c5cc) but it was already registered with this FlutterEngine (io.flutter.embedding.engine.FlutterEngine@7203140).
07-10 09:11:58.245 22772 22772 W FlutterEngineCxnRegstry: Attempted to register plugin (F1.f@4cb9015) but it was already registered with this FlutterEngine (io.flutter.embedding.engine.FlutterEngine@7203140).
07-10 09:11:58.245 22772 22772 W FlutterEngineCxnRegstry: Attempted to register plugin (io.flutter.plugins.sharedpreferences.SharedPreferencesPlugin@5d0ef2a) but it was already registered with this FlutterEngine (io.flutter.embedding.engine.FlutterEngine@7203140).
07-10 09:11:58.245 22772 22772 W FlutterEngineCxnRegstry: Attempted to register plugin (J0.b@750d11b) but it was already registered with this FlutterEngine (io.flutter.embedding.engine.FlutterEngine@7203140).
07-10 09:11:58.245 22772 22772 W FlutterEngineCxnRegstry: Attempted to register plugin (W0.l@30172b8) but it was already registered with this FlutterEngine (io.flutter.embedding.engine.FlutterEngine@7203140).
07-10 09:11:58.245 22772 22772 W FlutterEngineCxnRegstry: Attempted to register plugin (Q0.l@ae21891) but it was already registered with this FlutterEngine (io.flutter.embedding.engine.FlutterEngine@7203140).
07-10 09:11:58.245 22772 22772 W FlutterEngineCxnRegstry: Attempted to register plugin (io.flutter.plugins.urllauncher.UrlLauncherPlugin@6e6d3f6) but it was already registered with this FlutterEngine (io.flutter.embedding.engine.FlutterEngine@7203140).
07-10 09:11:58.245 22772 22772 W FlutterEngineCxnRegstry: Attempted to register plugin (io.flutter.plugins.videoplayer.VideoPlayerPlugin@b2163f7) but it was already registered with this FlutterEngine (io.flutter.embedding.engine.FlutterEngine@7203140).
07-10 09:11:58.245 22772 22772 W FlutterEngineCxnRegstry: Attempted to register plugin (H2.a@1b70264) but it was already registered with this FlutterEngine (io.flutter.embedding.engine.FlutterEngine@7203140).
07-10 09:11:58.245 22772 22772 W FlutterEngineCxnRegstry: Attempted to register plugin (j1.n@afeaccd) but it was already registered with this FlutterEngine (io.flutter.embedding.engine.FlutterEngine@7203140).
07-10 09:11:58.245 22772 22772 W FlutterEngineCxnRegstry: Attempted to register plugin (A1.d@aa43982) but it was already registered with this FlutterEngine (io.flutter.embedding.engine.FlutterEngine@7203140).
07-10 09:11:58.248 22772 22772 I oplus.android.OplusFrameworkFactoryImpl: Unknow feature:IOplusTextViewRTLUtilForUG
07-10 09:11:58.254 22772 22772 D OplusInputMethodUtil: init DEBUG to false, update DEBUG_IME to false
07-10 09:11:58.254 22772 22772 D OplusInputMethodUtil: init DEBUG to false, update DEBUG_IME to false
07-10 09:11:58.271 22772 22772 W FlutterActivityAndFragmentDelegate: A splash screen was provided to Flutter, but this is deprecated. See flutter.dev/go/android- splash-migration for migration steps.
07-10 09:11:58.302 22772 22772 I Quality : ActivityThread: activityStart delay 831 apkdone.com 22772
07-10 09:11:58.320 22772 22899 I FA : Tag Manager is not found and thus will not be used
07-10 09:11:58.320 22772 22772 I SurfaceFactory: [static] sSurfaceFactory = com.mediatek.view.impl.SurfaceFactoryImpl@ee66689
07-10 09:11:58.323 22772 22772 I MsyncFactory: [static] sMsyncFactory = com.mediatek.view.impl.MsyncFactoryImpl@41c42bc
07-10 09:11:58.326 22772 23095 D OpenMsyncAppList: loadTunerAppList +
07-10 09:11:58.331 22772 23095 D OpenMsyncAppList: loadTunerAppList -
07-10 09:11:58.333 22772 22772 I OplusFeatureCache: Milliseconds spent on init(): 5
07-10 09:11:58.335 22772 22772 I OplusSlideAnimOptHelper: checkListMode: is blacklist mode = true
07-10 09:11:58.336 22772 22772 D OplusSlideAnimOptHelper: apkdone.com scrollEffectOpt enable = true
07-10 09:11:58.432 22772 22772 D WindowManager: Add to mViews: DecorView@b53d2ec[MainActivity],pkg= apkdone.com
07-10 09:11:58.436 22772 22975 D ExtensionsLoader: createInstance(32bit) : createExtendedFactory
07-10 09:11:58.826 22772 22975 D ExtensionsLoader: Opened libhwuiextimpl.so
07-10 09:11:58.827 22772 22772 D ExtensionsLoader: createInstance(32bit) : createExtendedFactory
07-10 09:11:58.832 22772 22772 D ExtensionsLoader: Opened libSchedAssistExtImpl.so
07-10 09:11:58.833 22772 22772 E apkdone.com: ofbOpen failed with error=No such file or directory
07-10 09:11:58.833 22772 22772 E apkdone.com: sysOpen failed with error=No such file or directory
07-10 09:11:58.845 22772 22772 D ViewRootImpl[MainActivity]: hardware acceleration = true, sRendererEnabled = true, forceHwAccelerated = false
07-10 09:11:58.872 22772 22772 I Quality : ActivityThread: activityResume delay 560 apkdone.com 22772
07-10 09:11:58.873 22772 22772 I Quality : ActivityThread: activityLifecycle delay 1404 apkdone.com 22772
07-10 09:11:58.874 22772 22797 I Quality : Blocked msg = Package name: apkdone.com [ schedGroup: 5 schedPolicy: 0 ] process the message: { when=-2s685ms what=159 target=android.app.ActivityThread$H obj=android.app.servertransaction.ClientTransaction@23943c34 } took 1404 ms
07-10 09:11:58.898 22772 22772 I PowerHalWrapper: PowerHalWrapper.getInstance
07-10 09:11:58.910 22772 22772 I Quality : Skipped: false 3 cost 57.866188 refreshRate 16666667 processName apkdone.com
07-10 09:11:58.913 22772 22772 D ExtensionsLoader: createInstance(32bit) : createExtendedFactory
07-10 09:11:58.913 22772 22772 D ExtensionsLoader: Opened libSchedAssistExtImpl.so
07-10 09:11:58.942 22772 22772 I BufferQueueConsumer: [](id:58f400000000,api:0,p:- 1,c:22772) connect: controlledByApp=false
07-10 09:11:58.946 22772 22772 I BLASTBufferQueue: [ViewRootImpl[MainActivity]#0] constructor()
07-10 09:11:58.947 22772 22772 D ExtensionsLoader: createInstance(32bit) : createExtendedFactory
07-10 09:11:58.947 22772 22772 D ExtensionsLoader: Opened libSchedAssistExtImpl.so
07-10 09:11:58.949 22772 22772 V OplusZoomWindowDecorViewHelper: setLastReportedMergedConfiguration mZoomDisplayHeight: 1600 getDecorView.190042860
07-10 09:11:58.951 22772 22975 E OpenGLRenderer: Device claims wide gamut support, cannot find matching config, error = EGL_SUCCESS
07-10 09:11:58.951 22772 22975 W OpenGLRenderer: Failed to initialize 101010-2 format, error = EGL_SUCCESS
07-10 09:11:58.967 22772 22975 I BufferQueueProducer: [ViewRootImpl[MainActivity]#0(BLAST Consumer)0] (id:58f400000000,api:1,p:22772,c:22772) connect: api=1 producerControlledByApp=true
07-10 09:11:58.973 22772 22772 D TextureView: getHardwareLayer, createNewSurface:true
07-10 09:11:58.973 22772 22772 I BufferQueueConsumer: [](id:58f400000001,api:0,p:- 1,c:22772) connect: controlledByApp=true
07-10 09:11:58.974 22772 22983 I BufferQueueProducer: [SurfaceTexture-0-22772-0] (id:58f400000001,api:1,p:22772,c:22772) connect: api=1 producerControlledByApp=true
07-10 09:11:58.991 22772 23109 E ion : ioctl c0044901 failed with code -1: Invalid argument
07-10 09:11:58.996 22772 22975 D hw-ProcessState: Binder ioctl to enable oneway spam detection failed: Invalid argument
07-10 09:11:59.072 22772 23025 E Parcel : Reading a NULL string not supported here.
07-10 09:11:59.072 22772 22975 E OpenGLRenderer: fbcNotifyFrameComplete error: undefined symbol: fbcNotifyFrameComplete
07-10 09:11:59.073 22772 22975 E OpenGLRenderer: fbcNotifyNoRender error: undefined symbol: fbcNotifyNoRender
07-10 09:11:59.093 22772 22796 D SurfaceComposerClient: VRR [FRTC] client handle [bufferId:18446744073709551615 framenumber:0] [ffffffff, ffffffff]
07-10 09:11:59.101 22772 23025 E Parcel : Reading a NULL string not supported here.
07-10 09:11:59.134 22772 22772 I Quality : Skipped: true 2 cost 36.724354 refreshRate 16666667 processName apkdone.com
07-10 09:11:59.135 22772 22772 E Parcel : Reading a NULL string not supported here.
07-10 09:11:59.370 22772 22772 E MethodChannel#jojoy.app_resource_plugin: Failed to handle method call
07-10 09:11:59.370 22772 22772 E MethodChannel#jojoy.app_resource_plugin: android.content.res.Resources$NotFoundException: Drawable apkdone.com:mipmap/ic_launcher_foreground with resource ID #0x7f0f0001
07-10 09:11:59.370 22772 22772 E MethodChannel#jojoy.app_resource_plugin: Caused by: android.content.res.Resources$NotFoundException: File res/mipmap/ic_launcher_foreground.xml from drawable resource ID #0x7f0f0001
07-10 09:11:59.370 22772 22772 E MethodChannel#jojoy.app_resource_plugin: at android.content.res.ResourcesImpl.loadDrawableForCookie(ResourcesImpl.java:958)
07-10 09:11:59.370 22772 22772 E MethodChannel#jojoy.app_resource_plugin: at android.content.res.ResourcesImpl.loadDrawable(ResourcesImpl.java:735)
07-10 09:11:59.370 22772 22772 E MethodChannel#jojoy.app_resource_plugin: at android.content.res.Resources.loadDrawable(Resources.java:1012)
07-10 09:11:59.370 22772 22772 E MethodChannel#jojoy.app_resource_plugin: at android.content.res.Resources.getDrawableForDensity(Resources.java:1002)
07-10 09:11:59.370 22772 22772 E MethodChannel#jojoy.app_resource_plugin: at android.content.res.Resources.getDrawable(Resources.java:941)
07-10 09:11:59.370 22772 22772 E MethodChannel#jojoy.app_resource_plugin: at android.content.Context.getDrawable(Context.java:753)
07-10 09:11:59.370 22772 22772 E MethodChannel#jojoy.app_resource_plugin: at androidx.core.content.ContextCompat$Api21Impl.getDrawable(Unknown Source:0)
07-10 09:11:59.370 22772 22772 E MethodChannel#jojoy.app_resource_plugin: at androidx.core.content.ContextCompat.getDrawable(Unknown Source:0)
07-10 09:11:59.370 22772 22772 E MethodChannel#jojoy.app_resource_plugin: at com.example.plugin.AppResourcePlugin.a(AppResourcePlugin.kt:4)
07-10 09:11:59.370 22772 22772 E MethodChannel#jojoy.app_resource_plugin: at com.example.plugin.AppResourcePlugin.onMethodCall(AppResourcePlugin.kt:22)
07-10 09:11:59.370 22772 22772 E MethodChannel#jojoy.app_resource_plugin: at io.flutter.plugin.common.MethodChannel$IncomingMethodCallHandler.onMessage(MethodCh annel.java:2)
07-10 09:11:59.370 22772 22772 E MethodChannel#jojoy.app_resource_plugin: at io.flutter.embedding.engine.dart.DartMessenger.invokeHandler(DartMessenger.java:2)
07-10 09:11:59.370 22772 22772 E MethodChannel#jojoy.app_resource_plugin: at io.flutter.embedding.engine.dart.DartMessenger.lambda$dispatchMessageToQueue$0(Dart Messenger.java:2)
07-10 09:11:59.370 22772 22772 E MethodChannel#jojoy.app_resource_plugin: at io.flutter.embedding.engine.dart.DartMessenger.a(Unknown Source:0)
07-10 09:11:59.370 22772 22772 E MethodChannel#jojoy.app_resource_plugin: at io.flutter.embedding.engine.dart.a.run(Unknown Source:12)
07-10 09:11:59.370 22772 22772 E MethodChannel#jojoy.app_resource_plugin: at android.os.Handler.handleCallback(Handler.java:938)
07-10 09:11:59.370 22772 22772 E MethodChannel#jojoy.app_resource_plugin: at android.os.Handler.dispatchMessage(Handler.java:99)
07-10 09:11:59.370 22772 22772 E MethodChannel#jojoy.app_resource_plugin: at android.os.Looper.loopOnce(Looper.java:233)
07-10 09:11:59.370 22772 22772 E MethodChannel#jojoy.app_resource_plugin: at android.os.Looper.loop(Looper.java:344)
07-10 09:11:59.370 22772 22772 E MethodChannel#jojoy.app_resource_plugin: at android.app.ActivityThread.main(ActivityThread.java:8219)
07-10 09:11:59.370 22772 22772 E MethodChannel#jojoy.app_resource_plugin: at java.lang.reflect.Method.invoke(Native Method)
07-10 09:11:59.370 22772 22772 E MethodChannel#jojoy.app_resource_plugin: at com.android.internal.os.RuntimeInit$MethodAndArgsCaller.run(RuntimeInit.java:589)
07-10 09:11:59.370 22772 22772 E MethodChannel#jojoy.app_resource_plugin: at com.android.internal.os.ZygoteInit.main(ZygoteInit.java:1071)
07-10 09:11:59.370 22772 22772 E MethodChannel#jojoy.app_resource_plugin: Caused by: android.view.InflateException: Class not found x
07-10 09:11:59.370 22772 22772 E MethodChannel#jojoy.app_resource_plugin: at android.graphics.drawable.DrawableInflater.inflateFromClass(DrawableInflater.java:2 25)
07-10 09:11:59.370 22772 22772 E MethodChannel#jojoy.app_resource_plugin: at android.graphics.drawable.DrawableInflater.inflateFromXmlForDensity(DrawableInflate r.java:142)
07-10 09:11:59.370 22772 22772 E MethodChannel#jojoy.app_resource_plugin: at android.graphics.drawable.Drawable.createFromXmlInnerForDensity(Drawable.java:1399)
07-10 09:11:59.370 22772 22772 E MethodChannel#jojoy.app_resource_plugin: at android.graphics.drawable.Drawable.createFromXmlForDensity(Drawable.java:1358)
07-10 09:11:59.370 22772 22772 E MethodChannel#jojoy.app_resource_plugin: at android.content.res.ResourcesImpl.loadXmlDrawable(ResourcesImpl.java:990)
07-10 09:11:59.370 22772 22772 E MethodChannel#jojoy.app_resource_plugin: at android.content.res.ResourcesImpl.loadDrawableForCookie(ResourcesImpl.java:942)
07-10 09:11:59.370 22772 22772 E MethodChannel#jojoy.app_resource_plugin: ... 22 more
07-10 09:11:59.370 22772 22772 E MethodChannel#jojoy.app_resource_plugin: Caused by: java.lang.ClassNotFoundException: Didn't find class "x" on path: DexPathList[[zip file "/data/app/~~OhZYQTRIwZ8jJnxlMCnzFA==/apkdone.com- KGR5W4jFtYPyLvD2jrfBfg==/base.apk"],nativeLibraryDirectories=[/data/app/ ~~OhZYQTRIwZ8jJnxlMCnzFA==/apkdone.com-KGR5W4jFtYPyLvD2jrfBfg==/lib/arm, /data/app/~~OhZYQTRIwZ8jJnxlMCnzFA==/apkdone.com-KGR5W4jFtYPyLvD2jrfBfg==/ base.apk!/lib/armeabi-v7a, /system/lib, /system_ext/lib]]
07-10 09:11:59.370 22772 22772 E MethodChannel#jojoy.app_resource_plugin: at dalvik.system.BaseDexClassLoader.findClass(BaseDexClassLoader.java:218)
07-10 09:11:59.370 22772 22772 E MethodChannel#jojoy.app_resource_plugin: at java.lang.ClassLoader.loadClass(ClassLoader.java:379)
07-10 09:11:59.370 22772 22772 E MethodChannel#jojoy.app_resource_plugin: at java.lang.ClassLoader.loadClass(ClassLoader.java:312)
07-10 09:11:59.370 22772 22772 E MethodChannel#jojoy.app_resource_plugin: at android.graphics.drawable.DrawableInflater.inflateFromClass(DrawableInflater.java:2 06)
07-10 09:11:59.370 22772 22772 E MethodChannel#jojoy.app_resource_plugin: ... 27 more
07-10 09:11:59.371 22772 22772 I Quality : Skipped: true 4 cost 75.59207 refreshRate 16666667 processName apkdone.com
07-10 09:11:59.381 22772 22772 D Installations: Installation ID: egnaCYbYS46aeiT29vXpU8
07-10 09:11:59.395 22772 22949 W FlutterJNI: FlutterJNI.loadLibrary called more than once
07-10 09:11:59.400 22772 22891 W FlutterJNI: FlutterJNI.prefetchDefaultFontManager called more than once
07-10 09:11:59.442 22772 22772 I DynamiteModule: Considering local module com.google.android.gms.ads.dynamite:0 and remote module com.google.android.gms.ads.dynamite:221908400
07-10 09:11:59.442 22772 22772 I DynamiteModule: Selected remote version of com.google.android.gms.ads.dynamite, version >= 221908400
07-10 09:11:59.446 22772 22772 D DynamitePackage: Instantiated singleton DynamitePackage.
07-10 09:11:59.446 22772 22772 D DynamitePackage: Instantiating com.google.android.gms.ads.ChimeraMobileAdsSettingManagerCreatorImpl
07-10 09:11:59.470 22772 22772 I Ads : Updating ad debug logging enablement.
07-10 09:11:59.505 22772 22772 E Parcel : Reading a NULL string not supported here.
07-10 09:11:59.506 22772 22772 E Parcel : Reading a NULL string not supported here.
07-10 09:11:59.506 22772 22772 E Parcel : Reading a NULL string not supported here.
07-10 09:11:59.506 22772 22772 E Parcel : Reading a NULL string not supported here.
07-10 09:11:59.506 22772 22772 E Parcel : Reading a NULL string not supported here.
07-10 09:11:59.506 22772 22772 E Parcel : Reading a NULL string not supported here.
07-10 09:11:59.506 22772 22772 E Parcel : Reading a NULL string not supported here.
07-10 09:11:59.506 22772 22772 E Parcel : Reading a NULL string not supported here.
07-10 09:11:59.507 22772 22772 E Parcel : Reading a NULL string not supported here.
07-10 09:11:59.507 22772 22772 E Parcel : Reading a NULL string not supported here.
07-10 09:11:59.507 22772 22772 E Parcel : Reading a NULL string not supported here.
07-10 09:11:59.507 22772 22772 E Parcel : Reading a NULL string not supported here.
07-10 09:11:59.507 22772 22772 E Parcel : Reading a NULL string not supported here.
07-10 09:11:59.507 22772 22772 E Parcel : Reading a NULL string not supported here.
07-10 09:11:59.507 22772 22772 E Parcel : Reading a NULL string not supported here.
07-10 09:11:59.507 22772 22772 E Parcel : Reading a NULL string not supported here.
07-10 09:11:59.508 22772 22772 E Parcel : Reading a NULL string not supported here.
07-10 09:11:59.508 22772 22772 E Parcel : Reading a NULL string not supported here.
07-10 09:11:59.508 22772 22772 E Parcel : Reading a NULL string not supported here.
07-10 09:11:59.508 22772 22772 E Parcel : Reading a NULL string not supported here.
07-10 09:11:59.508 22772 22772 E Parcel : Reading a NULL string not supported here.
07-10 09:11:59.508 22772 22772 E Parcel : Reading a NULL string not supported here.
07-10 09:11:59.508 22772 22772 E Parcel : Reading a NULL string not supported here.
07-10 09:11:59.509 22772 22772 E Parcel : Reading a NULL string not supported here.
07-10 09:11:59.509 22772 22772 E Parcel : Reading a NULL string not supported here.
07-10 09:11:59.509 22772 22772 E Parcel : Reading a NULL string not supported here.
07-10 09:11:59.509 22772 22772 E Parcel : Reading a NULL string not supported here.
07-10 09:11:59.509 22772 22772 E Parcel : Reading a NULL string not supported here.
07-10 09:11:59.509 22772 22772 E Parcel : Reading a NULL string not supported here.
07-10 09:11:59.536 22772 23172 W ConnectionStatusConfig: Dynamic lookup for intent failed for action: com.google.android.gms.leibniz.events.service.START
07-10 09:11:59.549 22772 22772 D CompatibilityChangeReporter: Compat change id reported: 171228096; UID 10022; state: ENABLED
07-10 09:11:59.598 22772 23172 W GmsClient: unable to connect to service: com.google.android.gms.leibniz.events.service.START on com.google.android.gms
07-10 09:11:59.653 22772 22772 V Application: getAutofillClient(): null on super, trying to find activity thread
07-10 09:11:59.653 22772 22772 V Application: getAutofillClient(): none of the 1 activities on com.example.Application@6d9408e have focus
07-10 09:11:59.653 22772 22772 V AutofillManager: No AutofillClient for apkdone.com on context com.example.Application@6d9408e
07-10 09:11:59.657 22772 22772 V Application: getAutofillClient(): null on super, trying to find activity thread
07-10 09:11:59.657 22772 22772 V Application: getAutofillClient(): none of the 1 activities on com.example.Application@6d9408e have focus
07-10 09:11:59.657 22772 22772 V AutofillManager: No AutofillClient for apkdone.com on context com.example.Application@6d9408e
07-10 09:11:59.716 22772 22772 D UnityAds: com.unity3d.services.ads.UnityAdsImplementation.initialize() (line:3) :: ENTERED METHOD
07-10 09:11:59.716 22772 22772 D UnityAds: com.unity3d.services.UnityServices.initialize() (line:1) :: ENTERED METHOD
07-10 09:11:59.717 22772 22772 I UnityAds: com.unity3d.services.UnityServices.initialize() (line:39) :: Initializing Unity Services 4.2.1 (4210) with game id 4557173 in production mode
07-10 09:11:59.746 22772 22772 I UnityAds: com.unity3d.services.UnityServices.initialize() (line:46) :: Unity Services environment check OK
07-10 09:11:59.748 22772 23061 W cr_media: Requires BLUETOOTH permission
07-10 09:11:59.757 22772 22772 D VungleLogger: Please setup Logger first.
07-10 09:11:59.761 22772 22772 I Quality : Skipped: false 23 cost 384.67615 refreshRate 16666667 processName apkdone.com
07-10 09:11:59.897 22772 23205 D c : crash report is disabled.
07-10 09:11:59.956 22772 22772 W FlutterJNI: FlutterJNI.init called more than once
07-10 09:11:59.976 22772 23168 W Ads : Update ad debug logging enablement as false
07-10 09:11:59.986 22772 23068 E Parcel : Reading a NULL string not supported here.
07-10 09:12:00.022 22772 23172 E Parcel : Reading a NULL string not supported here.
07-10 09:12:00.096 22772 22788 I apkdone.com: Background concurrent copying GC freed 110480(6827KB) AllocSpace objects, 108(7384KB) LOS objects, 61% free, 7546KB/19MB, paused 8.319ms,905us total 571.056ms
07-10 09:12:00.154 22772 22772 I Quality : Skipped: false 22 cost 382.20316 refreshRate 16666667 processName apkdone.com
07-10 09:12:00.160 22772 23263 E ActivityThread: Failed to find provider info for com.xiaomi.market.provider.DirectMailProvider
07-10 09:12:00.163 22772 22772 I FLTFireBGExecutor: Creating background FlutterEngine instance, with args: []
07-10 09:12:00.167 22772 23205 D m : on network changed: 0->1
07-10 09:12:00.181 22772 22772 D FlutterArchivePlugin: onAttachedToEngine - IN
07-10 09:12:00.181 22772 22772 D FlutterArchivePlugin: doOnAttachedToEngine - IN
07-10 09:12:00.181 22772 22772 D FlutterArchivePlugin: doOnAttachedToEngine - OUT
07-10 09:12:00.181 22772 22772 D FlutterArchivePlugin: onAttachedToEngine - OUT
07-10 09:12:00.246 22772 22772 I FLTFireMsgService: FlutterFirebaseMessagingBackgroundService started!
07-10 09:12:00.247 22772 22772 I Quality : Skipped: true 1 cost 16.712921 refreshRate 16666667 processName apkdone.com
07-10 09:12:00.269 22772 23204 I UnityAds: com.unity3d.services.core.configuration.InitializeThread$InitializeStateConfig.exec ute() (line:2) :: Unity Ads init: load configuration from https://configv2.unityads.unity3d.com/webview/4.2.1/release/config.json
07-10 09:12:00.272 22772 23205 D AudioManagerExtImpl: getStreamVolume packageName=apkdone.com, index=16, streamType=3
07-10 09:12:00.416 22772 22772 V Application: getAutofillClient(): null on super, trying to find activity thread
07-10 09:12:00.417 22772 22772 V Application: getAutofillClient(): none of the 1 activities on com.example.Application@6d9408e have focus
07-10 09:12:00.417 22772 22772 V AutofillManager: No AutofillClient for apkdone.com on context com.example.Application@6d9408e
07-10 09:12:00.420 22772 22772 V Application: getAutofillClient(): null on super, trying to find activity thread
07-10 09:12:00.420 22772 22772 V Application: getAutofillClient(): none of the 1 activities on com.example.Application@6d9408e have focus
07-10 09:12:00.420 22772 22772 V AutofillManager: No AutofillClient for apkdone.com on context com.example.Application@6d9408e
07-10 09:12:00.466 22772 22772 D CompatibilityChangeReporter: Compat change id reported: 150939131; UID 10022; state: ENABLED
07-10 09:12:00.475 22772 23261 E Parcel : Reading a NULL string not supported here.
07-10 09:12:00.476 22772 22772 D Installations: Installation ID: egnaCYbYS46aeiT29vXpU8
07-10 09:12:00.483 22772 22772 I Quality : Skipped: true 1 cost 24.203424 refreshRate 16666667 processName apkdone.com
07-10 09:12:00.504 22772 23162 E Parcel : Reading a NULL string not supported here.
07-10 09:12:00.544 22772 23162 E Parcel : Reading a NULL string not supported here.
07-10 09:12:00.562 22772 23162 E Parcel : Reading a NULL string not supported here.
07-10 09:12:00.628 22772 23162 E Parcel : Reading a NULL string not supported here.
07-10 09:12:00.636 22772 22772 E MethodChannel#jojoy.app_resource_plugin: Failed to handle method call
07-10 09:12:00.636 22772 22772 E MethodChannel#jojoy.app_resource_plugin: android.content.res.Resources$NotFoundException: Drawable apkdone.com:mipmap/ic_launcher_foreground with resource ID #0x7f0f0001
