07-10 09:12:00.636 22772 22772 E MethodChannel#jojoy.app_resource_plugin: Caused by: android.content.res.Resources$NotFoundException: File res/mipmap/ic_launcher_foreground.xml from drawable resource ID #0x7f0f0001
07-10 09:12:00.636 22772 22772 E MethodChannel#jojoy.app_resource_plugin: at android.content.res.ResourcesImpl.loadDrawableForCookie(ResourcesImpl.java:958)
07-10 09:12:00.636 22772 22772 E MethodChannel#jojoy.app_resource_plugin: at android.content.res.ResourcesImpl.loadDrawable(ResourcesImpl.java:735)
07-10 09:12:00.636 22772 22772 E MethodChannel#jojoy.app_resource_plugin: at android.content.res.Resources.loadDrawable(Resources.java:1012)
07-10 09:12:00.636 22772 22772 E MethodChannel#jojoy.app_resource_plugin: at android.content.res.Resources.getDrawableForDensity(Resources.java:1002)
07-10 09:12:00.636 22772 22772 E MethodChannel#jojoy.app_resource_plugin: at android.content.res.Resources.getDrawable(Resources.java:941)
07-10 09:12:00.636 22772 22772 E MethodChannel#jojoy.app_resource_plugin: at android.content.Context.getDrawable(Context.java:753)
07-10 09:12:00.636 22772 22772 E MethodChannel#jojoy.app_resource_plugin: at androidx.core.content.ContextCompat$Api21Impl.getDrawable(Unknown Source:0)
07-10 09:12:00.636 22772 22772 E MethodChannel#jojoy.app_resource_plugin: at androidx.core.content.ContextCompat.getDrawable(Unknown Source:0)
07-10 09:12:00.636 22772 22772 E MethodChannel#jojoy.app_resource_plugin: at com.example.plugin.AppResourcePlugin.a(AppResourcePlugin.kt:4)
07-10 09:12:00.636 22772 22772 E MethodChannel#jojoy.app_resource_plugin: at com.example.plugin.AppResourcePlugin.onMethodCall(AppResourcePlugin.kt:22)
07-10 09:12:00.636 22772 22772 E MethodChannel#jojoy.app_resource_plugin: at io.flutter.plugin.common.MethodChannel$IncomingMethodCallHandler.onMessage(MethodCh annel.java:2)
07-10 09:12:00.636 22772 22772 E MethodChannel#jojoy.app_resource_plugin: at io.flutter.embedding.engine.dart.DartMessenger.invokeHandler(DartMessenger.java:2)
07-10 09:12:00.636 22772 22772 E MethodChannel#jojoy.app_resource_plugin: at io.flutter.embedding.engine.dart.DartMessenger.lambda$dispatchMessageToQueue$0(Dart Messenger.java:2)
07-10 09:12:00.636 22772 22772 E MethodChannel#jojoy.app_resource_plugin: at io.flutter.embedding.engine.dart.DartMessenger.a(Unknown Source:0)
07-10 09:12:00.636 22772 22772 E MethodChannel#jojoy.app_resource_plugin: at io.flutter.embedding.engine.dart.a.run(Unknown Source:12)
07-10 09:12:00.636 22772 22772 E MethodChannel#jojoy.app_resource_plugin: at android.os.Handler.handleCallback(Handler.java:938)
07-10 09:12:00.636 22772 22772 E MethodChannel#jojoy.app_resource_plugin: at android.os.Handler.dispatchMessage(Handler.java:99)
07-10 09:12:00.636 22772 22772 E MethodChannel#jojoy.app_resource_plugin: at android.os.Looper.loopOnce(Looper.java:233)
07-10 09:12:00.636 22772 22772 E MethodChannel#jojoy.app_resource_plugin: at android.os.Looper.loop(Looper.java:344)
07-10 09:12:00.636 22772 22772 E MethodChannel#jojoy.app_resource_plugin: at android.app.ActivityThread.main(ActivityThread.java:8219)
07-10 09:12:00.636 22772 22772 E MethodChannel#jojoy.app_resource_plugin: at java.lang.reflect.Method.invoke(Native Method)
07-10 09:12:00.636 22772 22772 E MethodChannel#jojoy.app_resource_plugin: at com.android.internal.os.RuntimeInit$MethodAndArgsCaller.run(RuntimeInit.java:589)
07-10 09:12:00.636 22772 22772 E MethodChannel#jojoy.app_resource_plugin: at com.android.internal.os.ZygoteInit.main(ZygoteInit.java:1071)
07-10 09:12:00.636 22772 22772 E MethodChannel#jojoy.app_resource_plugin: Caused by: android.view.InflateException: Class not found x
07-10 09:12:00.636 22772 22772 E MethodChannel#jojoy.app_resource_plugin: at android.graphics.drawable.DrawableInflater.inflateFromClass(DrawableInflater.java:2 25)
07-10 09:12:00.636 22772 22772 E MethodChannel#jojoy.app_resource_plugin: at android.graphics.drawable.DrawableInflater.inflateFromXmlForDensity(DrawableInflate r.java:142)
07-10 09:12:00.636 22772 22772 E MethodChannel#jojoy.app_resource_plugin: at android.graphics.drawable.Drawable.createFromXmlInnerForDensity(Drawable.java:1399)
07-10 09:12:00.636 22772 22772 E MethodChannel#jojoy.app_resource_plugin: at android.graphics.drawable.Drawable.createFromXmlForDensity(Drawable.java:1358)
07-10 09:12:00.636 22772 22772 E MethodChannel#jojoy.app_resource_plugin: at android.content.res.ResourcesImpl.loadXmlDrawable(ResourcesImpl.java:990)
07-10 09:12:00.636 22772 22772 E MethodChannel#jojoy.app_resource_plugin: at android.content.res.ResourcesImpl.loadDrawableForCookie(ResourcesImpl.java:942)
07-10 09:12:00.636 22772 22772 E MethodChannel#jojoy.app_resource_plugin: ... 22 more
07-10 09:12:00.636 22772 22772 E MethodChannel#jojoy.app_resource_plugin: Caused by: java.lang.ClassNotFoundException: Didn't find class "x" on path: DexPathList[[zip file "/data/app/~~OhZYQTRIwZ8jJnxlMCnzFA==/apkdone.com- KGR5W4jFtYPyLvD2jrfBfg==/base.apk"],nativeLibraryDirectories=[/data/app/ ~~OhZYQTRIwZ8jJnxlMCnzFA==/apkdone.com-KGR5W4jFtYPyLvD2jrfBfg==/lib/arm, /data/app/~~OhZYQTRIwZ8jJnxlMCnzFA==/apkdone.com-KGR5W4jFtYPyLvD2jrfBfg==/ base.apk!/lib/armeabi-v7a, /system/lib, /system_ext/lib]]
07-10 09:12:00.636 22772 22772 E MethodChannel#jojoy.app_resource_plugin: at dalvik.system.BaseDexClassLoader.findClass(BaseDexClassLoader.java:218)
07-10 09:12:00.636 22772 22772 E MethodChannel#jojoy.app_resource_plugin: at java.lang.ClassLoader.loadClass(ClassLoader.java:379)
07-10 09:12:00.636 22772 22772 E MethodChannel#jojoy.app_resource_plugin: at java.lang.ClassLoader.loadClass(ClassLoader.java:312)
07-10 09:12:00.636 22772 22772 E MethodChannel#jojoy.app_resource_plugin: at android.graphics.drawable.DrawableInflater.inflateFromClass(DrawableInflater.java:2 06)
07-10 09:12:00.636 22772 22772 E MethodChannel#jojoy.app_resource_plugin: ... 27 more
07-10 09:12:00.688 22772 23162 E Parcel : Reading a NULL string not supported here.
07-10 09:12:00.730 22772 22772 E MethodChannel#jojoy.app_resource_plugin: Failed to handle method call
07-10 09:12:00.730 22772 22772 E MethodChannel#jojoy.app_resource_plugin: android.content.res.Resources$NotFoundException: Drawable apkdone.com:mipmap/ic_launcher_foreground with resource ID #0x7f0f0001
07-10 09:12:00.730 22772 22772 E MethodChannel#jojoy.app_resource_plugin: Caused by: android.content.res.Resources$NotFoundException: File res/mipmap/ic_launcher_foreground.xml from drawable resource ID #0x7f0f0001
07-10 09:12:00.730 22772 22772 E MethodChannel#jojoy.app_resource_plugin: at android.content.res.ResourcesImpl.loadDrawableForCookie(ResourcesImpl.java:958)
07-10 09:12:00.730 22772 22772 E MethodChannel#jojoy.app_resource_plugin: at android.content.res.ResourcesImpl.loadDrawable(ResourcesImpl.java:735)
07-10 09:12:00.730 22772 22772 E MethodChannel#jojoy.app_resource_plugin: at android.content.res.Resources.loadDrawable(Resources.java:1012)
07-10 09:12:00.730 22772 22772 E MethodChannel#jojoy.app_resource_plugin: at android.content.res.Resources.getDrawableForDensity(Resources.java:1002)
07-10 09:12:00.730 22772 22772 E MethodChannel#jojoy.app_resource_plugin: at android.content.res.Resources.getDrawable(Resources.java:941)
07-10 09:12:00.730 22772 22772 E MethodChannel#jojoy.app_resource_plugin: at android.content.Context.getDrawable(Context.java:753)
07-10 09:12:00.730 22772 22772 E MethodChannel#jojoy.app_resource_plugin: at androidx.core.content.ContextCompat$Api21Impl.getDrawable(Unknown Source:0)
07-10 09:12:00.730 22772 22772 E MethodChannel#jojoy.app_resource_plugin: at androidx.core.content.ContextCompat.getDrawable(Unknown Source:0)
07-10 09:12:00.730 22772 22772 E MethodChannel#jojoy.app_resource_plugin: at com.example.plugin.AppResourcePlugin.a(AppResourcePlugin.kt:4)
07-10 09:12:00.730 22772 22772 E MethodChannel#jojoy.app_resource_plugin: at com.example.plugin.AppResourcePlugin.onMethodCall(AppResourcePlugin.kt:22)
07-10 09:12:00.730 22772 22772 E MethodChannel#jojoy.app_resource_plugin: at io.flutter.plugin.common.MethodChannel$IncomingMethodCallHandler.onMessage(MethodCh annel.java:2)
07-10 09:12:00.730 22772 22772 E MethodChannel#jojoy.app_resource_plugin: at io.flutter.embedding.engine.dart.DartMessenger.invokeHandler(DartMessenger.java:2)
07-10 09:12:00.730 22772 22772 E MethodChannel#jojoy.app_resource_plugin: at io.flutter.embedding.engine.dart.DartMessenger.lambda$dispatchMessageToQueue$0(Dart Messenger.java:2)
07-10 09:12:00.730 22772 22772 E MethodChannel#jojoy.app_resource_plugin: at io.flutter.embedding.engine.dart.DartMessenger.a(Unknown Source:0)
07-10 09:12:00.730 22772 22772 E MethodChannel#jojoy.app_resource_plugin: at io.flutter.embedding.engine.dart.a.run(Unknown Source:12)
07-10 09:12:00.730 22772 22772 E MethodChannel#jojoy.app_resource_plugin: at android.os.Handler.handleCallback(Handler.java:938)
07-10 09:12:00.730 22772 22772 E MethodChannel#jojoy.app_resource_plugin: at android.os.Handler.dispatchMessage(Handler.java:99)
07-10 09:12:00.730 22772 22772 E MethodChannel#jojoy.app_resource_plugin: at android.os.Looper.loopOnce(Looper.java:233)
07-10 09:12:00.730 22772 22772 E MethodChannel#jojoy.app_resource_plugin: at android.os.Looper.loop(Looper.java:344)
07-10 09:12:00.730 22772 22772 E MethodChannel#jojoy.app_resource_plugin: at android.app.ActivityThread.main(ActivityThread.java:8219)
07-10 09:12:00.730 22772 22772 E MethodChannel#jojoy.app_resource_plugin: at java.lang.reflect.Method.invoke(Native Method)
07-10 09:12:00.730 22772 22772 E MethodChannel#jojoy.app_resource_plugin: at com.android.internal.os.RuntimeInit$MethodAndArgsCaller.run(RuntimeInit.java:589)
07-10 09:12:00.730 22772 22772 E MethodChannel#jojoy.app_resource_plugin: at com.android.internal.os.ZygoteInit.main(ZygoteInit.java:1071)
07-10 09:12:00.730 22772 22772 E MethodChannel#jojoy.app_resource_plugin: Caused by: android.view.InflateException: Class not found x
07-10 09:12:00.730 22772 22772 E MethodChannel#jojoy.app_resource_plugin: at android.graphics.drawable.DrawableInflater.inflateFromClass(DrawableInflater.java:2 25)
07-10 09:12:00.730 22772 22772 E MethodChannel#jojoy.app_resource_plugin: at android.graphics.drawable.DrawableInflater.inflateFromXmlForDensity(DrawableInflate r.java:142)
07-10 09:12:00.730 22772 22772 E MethodChannel#jojoy.app_resource_plugin: at android.graphics.drawable.Drawable.createFromXmlInnerForDensity(Drawable.java:1399)
07-10 09:12:00.730 22772 22772 E MethodChannel#jojoy.app_resource_plugin: at android.graphics.drawable.Drawable.createFromXmlForDensity(Drawable.java:1358)
07-10 09:12:00.730 22772 22772 E MethodChannel#jojoy.app_resource_plugin: at android.content.res.ResourcesImpl.loadXmlDrawable(ResourcesImpl.java:990)
07-10 09:12:00.730 22772 22772 E MethodChannel#jojoy.app_resource_plugin: at android.content.res.ResourcesImpl.loadDrawableForCookie(ResourcesImpl.java:942)
07-10 09:12:00.730 22772 22772 E MethodChannel#jojoy.app_resource_plugin: ... 22 more
07-10 09:12:00.730 22772 22772 E MethodChannel#jojoy.app_resource_plugin: Caused by: java.lang.ClassNotFoundException: Didn't find class "x" on path: DexPathList[[zip file "/data/app/~~OhZYQTRIwZ8jJnxlMCnzFA==/apkdone.com- KGR5W4jFtYPyLvD2jrfBfg==/base.apk"],nativeLibraryDirectories=[/data/app/ ~~OhZYQTRIwZ8jJnxlMCnzFA==/apkdone.com-KGR5W4jFtYPyLvD2jrfBfg==/lib/arm, /data/app/~~OhZYQTRIwZ8jJnxlMCnzFA==/apkdone.com-KGR5W4jFtYPyLvD2jrfBfg==/ base.apk!/lib/armeabi-v7a, /system/lib, /system_ext/lib]]
07-10 09:12:00.730 22772 22772 E MethodChannel#jojoy.app_resource_plugin: at dalvik.system.BaseDexClassLoader.findClass(BaseDexClassLoader.java:218)
07-10 09:12:00.730 22772 22772 E MethodChannel#jojoy.app_resource_plugin: at java.lang.ClassLoader.loadClass(ClassLoader.java:379)
07-10 09:12:00.730 22772 22772 E MethodChannel#jojoy.app_resource_plugin: at java.lang.ClassLoader.loadClass(ClassLoader.java:312)
07-10 09:12:00.730 22772 22772 E MethodChannel#jojoy.app_resource_plugin: at android.graphics.drawable.DrawableInflater.inflateFromClass(DrawableInflater.java:2 06)
07-10 09:12:00.730 22772 22772 E MethodChannel#jojoy.app_resource_plugin: ... 27 more
07-10 09:12:00.752 22772 23162 E Parcel : Reading a NULL string not supported here.
07-10 09:12:00.850 22772 23162 E Parcel : Reading a NULL string not supported here.
07-10 09:12:00.902 22772 23162 E Parcel : Reading a NULL string not supported here.
07-10 09:12:00.931 22772 23162 E Parcel : Reading a NULL string not supported here.
07-10 09:12:00.980 22772 23162 E Parcel : Reading a NULL string not supported here.
07-10 09:12:00.998 22772 23162 E Parcel : Reading a NULL string not supported here.
07-10 09:12:01.005 22772 23162 E Parcel : Reading a NULL string not supported here.
07-10 09:12:01.013 22772 23162 E Parcel : Reading a NULL string not supported here.
07-10 09:12:01.020 22772 23162 E Parcel : Reading a NULL string not supported here.
07-10 09:12:01.037 22772 23162 E Parcel : Reading a NULL string not supported here.
07-10 09:12:01.097 22772 23162 E Parcel : Reading a NULL string not supported here.
07-10 09:12:01.176 22772 23162 E Parcel : Reading a NULL string not supported here.
07-10 09:12:03.228 22772 22788 I apkdone.com: Background young concurrent copying GC freed 150802(9099KB) AllocSpace objects, 83(3032KB) LOS objects, 62% free, 7343KB/19MB, paused 988us,84us total 225.583ms
07-10 09:12:03.321 22772 23199 I GED : ged_boost_gpu_freq, level 100, eOrigin 2, final_idx 24, oppidx_max 24, oppidx_min 0
07-10 09:12:04.325 22772 22772 I Quality : Skipped: false 2 cost 44.713142 refreshRate 16666667 processName apkdone.com
07-10 09:12:04.713 22772 22772 D Activity: dispatchKeyEvent to com.example.MainActivity@8bb941e will call onBackPressed
07-10 09:12:06.195 22772 22772 V AutofillManager: requestHideFillUi(null): anchor = null
07-10 09:12:06.227 22772 22772 I Quality : Skipped: false 1 cost 27.211983 refreshRate 16666667 processName apkdone.com
07-10 09:12:06.931 24540 24540 E kdone.com:blac: Unknown bits set in runtime_flags: 0x40000000
07-10 09:12:06.936 24540 24540 E kdone.com:blac: Not starting debugger since process cannot load the jdwp agent.
07-10 09:12:06.943 24540 24540 D ProcessState: Binder ioctl to enable oneway spam detection failed: Invalid argument
07-10 09:12:06.955 24540 24540 I OneTrace: Mark active for pid=24540? true
07-10 09:12:06.955 24540 24540 D cutils-dev: otrace_set_tracing_enabled? true
07-10 09:12:06.972 24540 24562 D cutils-dev: properties changed in otrace_seq_number_changed!
07-10 09:12:06.990 24540 24540 D CompatibilityChangeReporter: Compat change id reported: 171979766; UID 10022; state: ENABLED
07-10 09:12:07.002 24540 24540 I oplus.android.OplusFrameworkFactoryImpl: get feature:IOplusAutoResolutionFeature
07-10 09:12:07.003 24540 24540 I oplus.android.OplusFrameworkFactoryImpl: getOplusAutoResolutionFeature
07-10 09:12:07.067 24540 24540 D LoadedApk: mApplicationInfo overrideDisplayId:null
07-10 09:12:07.109 22772 23065 E chromium: [ERROR:ssl_client_socket_impl.cc(996)] handshake failed; returned -1, SSL error code 1, net_error -101
07-10 09:12:07.135 22772 23234 E UnityAds: com.unity3d.services.core.request.WebRequest.makeStreamRequest() (line:14) :: Error while writing POST params: Connection reset
07-10 09:12:07.138 22772 23065 E chromium: [ERROR:ssl_client_socket_impl.cc(996)] handshake failed; returned -1, SSL error code 1, net_error -101
07-10 09:12:07.166 22772 22772 D Installations: Installation ID: egnaCYbYS46aeiT29vXpU8
07-10 09:12:07.167 22772 22772 D Installations: Installation ID: egnaCYbYS46aeiT29vXpU8
07-10 09:12:07.168 22772 22772 D Installations: Installation ID: egnaCYbYS46aeiT29vXpU8
07-10 09:12:07.168 22772 22772 D Installations: Installation ID: egnaCYbYS46aeiT29vXpU8
07-10 09:12:07.169 22772 22772 D Installations: Installation ID: egnaCYbYS46aeiT29vXpU8
07-10 09:12:07.169 22772 22772 D Installations: Installation ID: egnaCYbYS46aeiT29vXpU8
07-10 09:12:07.170 22772 22772 D Installations: Installation ID: egnaCYbYS46aeiT29vXpU8
07-10 09:12:07.170 22772 22772 D Installations: Installation ID: egnaCYbYS46aeiT29vXpU8
07-10 09:12:07.310 22772 22772 D Activity: dispatchKeyEvent to com.example.MainActivity@8bb941e will call onBackPressed
07-10 09:12:07.350 24540 24540 V GraphicsEnvironment: ANGLE Developer option for 'apkdone.com' set to: 'default'
07-10 09:12:07.350 24540 24540 V GraphicsEnvironment: Neither updatable production driver nor prerelease driver is supported.
07-10 09:12:07.376 24540 24540 D NetworkSecurityConfig: Using Network Security Config from resource network_security_config debugBuild: false
07-10 09:12:07.378 24540 24540 D NetworkSecurityConfig: Using Network Security Config from resource network_security_config debugBuild: false
07-10 09:12:07.398 24540 24540 W kdone.com:blac: Accessing hidden method Ldalvik/system/VMRuntime;->setHiddenApiExemptions([Ljava/lang/String;)V (blocked,core-platform-api, reflection, denied)
07-10 09:12:07.400 24540 24540 W BootstrapClass: reflect bootstrap failed:
07-10 09:12:07.400 24540 24540 W BootstrapClass: java.lang.reflect.InvocationTargetException
07-10 09:12:07.400 24540 24540 W BootstrapClass: at java.lang.reflect.Method.invoke(Native Method)
07-10 09:12:07.400 24540 24540 W BootstrapClass: at me.weishu.reflection.BootstrapClass.<clinit>(BootstrapClass.java:6)
07-10 09:12:07.400 24540 24540 W BootstrapClass: at me.weishu.reflection.BootstrapClass.exemptAll(Unknown Source:0)
07-10 09:12:07.400 24540 24540 W BootstrapClass: at me.weishu.reflection.Reflection.unseal(Reflection.java:2)
07-10 09:12:07.400 24540 24540 W BootstrapClass: at top.niunaijun.blackbox.BlackBoxCore.doAttachBaseContext(BlackBoxCore.java:1)
07-10 09:12:07.400 24540 24540 W BootstrapClass: at com.example.Application.attachBaseContext(Application.kt:2)
07-10 09:12:07.400 24540 24540 W BootstrapClass: at android.app.Application.attach(Application.java:340)
07-10 09:12:07.400 24540 24540 W BootstrapClass: at android.app.Instrumentation.newApplication(Instrumentation.java:1192)
07-10 09:12:07.400 24540 24540 W BootstrapClass: at android.app.LoadedApk.makeApplication(LoadedApk.java:1401)
07-10 09:12:07.400 24540 24540 W BootstrapClass: at android.app.ActivityThread.handleBindApplication(ActivityThread.java:7030)
07-10 09:12:07.400 24540 24540 W BootstrapClass: at android.app.ActivityThread.access$1800(ActivityThread.java:259)
07-10 09:12:07.400 24540 24540 W BootstrapClass: at android.app.ActivityThread$H.handleMessage(ActivityThread.java:2208)
07-10 09:12:07.400 24540 24540 W BootstrapClass: at android.os.Handler.dispatchMessage(Handler.java:106)
07-10 09:12:07.400 24540 24540 W BootstrapClass: at android.os.Looper.loopOnce(Looper.java:233)
07-10 09:12:07.400 24540 24540 W BootstrapClass: at android.os.Looper.loop(Looper.java:344)
07-10 09:12:07.400 24540 24540 W BootstrapClass: at android.app.ActivityThread.main(ActivityThread.java:8219)
07-10 09:12:07.400 24540 24540 W BootstrapClass: at java.lang.reflect.Method.invoke(Native Method)
07-10 09:12:07.400 24540 24540 W BootstrapClass: at com.android.internal.os.RuntimeInit$MethodAndArgsCaller.run(RuntimeInit.java:589)
07-10 09:12:07.400 24540 24540 W BootstrapClass: at com.android.internal.os.ZygoteInit.main(ZygoteInit.java:1071)
07-10 09:12:07.400 24540 24540 W BootstrapClass: Caused by: java.lang.NoSuchMethodException: dalvik.system.VMRuntime.setHiddenApiExemptions [class [Ljava.lang.String;]
07-10 09:12:07.400 24540 24540 W BootstrapClass: at java.lang.Class.getMethod(Class.java:2103)
07-10 09:12:07.400 24540 24540 W BootstrapClass: at java.lang.Class.getDeclaredMethod(Class.java:2081)
07-10 09:12:07.400 24540 24540 W BootstrapClass: ... 19 more
07-10 09:12:07.406 24540 24540 W kdone.com:blac: Opening an oat file without a class loader. Are you using the deprecated DexFile APIs?
07-10 09:12:07.408 24540 24540 W kdone.com:blac: DexFile /data/user/0/apkdone.com/code_cache/1657415527400.dex is in boot class path but is not in a known location
07-10 09:12:07.608 24540 24540 D HookManager: hook: top.niunaijun.blackbox.fake.service.context.ContentServiceStub@fb5acb9
07-10 09:12:07.613 24540 24540 D HookManager: hook: top.niunaijun.blackbox.fake.service.IVibratorServiceProxy@986bd98
07-10 09:12:07.632 24540 24540 D HookManager: hook: top.niunaijun.blackbox.fake.service.IPackageManagerProxy@cb0842d
07-10 09:12:07.668 24540 24540 D HookManager: hook: top.niunaijun.blackbox.fake.service.IFingerprintManagerProxy@30206ba
07-10 09:12:07.694 24540 24540 D HookManager: hook: top.niunaijun.blackbox.fake.service.IStorageManagerProxy@48147
07-10 09:12:07.703 24540 24540 D HookManager: hook: top.niunaijun.blackbox.fake.service.IDevicePolicyManagerProxy@dc05ce0
07-10 09:12:07.787 24540 24540 D HookManager: hook: top.niunaijun.blackbox.fake.service.ILauncherAppsProxy@77fb855
07-10 09:12:07.814 24540 24540 D HookManager: hook: top.niunaijun.blackbox.fake.service.ITelephonyRegistryProxy@7666b36
07-10 09:12:07.853 24540 24540 D HookManager: hook: top.niunaijun.blackbox.fake.service.IConnectivityManagerProxy@e2f52d3
07-10 09:12:07.860 24540 24540 D HookManager: hook: top.niunaijun.blackbox.fake.service.IContextHubServiceProxy@4236a1a
07-10 09:12:07.874 24540 24540 D HookManager: hook error: top.niunaijun.blackbox.fake.service.IContextHubServiceProxy@4236a1a
07-10 09:12:07.874 24540 24540 D HookManager: hook: top.niunaijun.blackbox.fake.service.INetworkManagementServiceProxy@4ab4441
07-10 09:12:07.884 24540 24540 D HookManager: hook: top.niunaijun.blackbox.fake.service.IMediaRouterServiceProxy@d8d2272
07-10 09:12:07.888 24540 24540 D HookManager: hook: top.niunaijun.blackbox.fake.service.IWindowManagerProxy@9addc1f
07-10 09:12:07.900 24540 24540 D HookManager: hook: top.niunaijun.blackbox.fake.service.IAutofillManagerProxy@4dbbc96
07-10 09:12:07.906 24540 24540 D HookManager: hook: top.niunaijun.blackbox.fake.service.INotificationManagerProxy@f66b6b3
07-10 09:12:07.914 24540 24540 D HookManager: hook: top.niunaijun.blackbox.fake.service.libcore.OsStub@e35c86e
07-10 09:12:07.924 24540 24540 D HookManager: hook: top.niunaijun.blackbox.fake.service.IDeviceIdentifiersPolicyProxy@ff1a5a5
07-10 09:12:07.926 24540 24540 D HookManager: hook: top.niunaijun.blackbox.fake.service.IActivityManagerProxy@49a7746
07-10 09:12:07.954 24540 24540 D HookManager: hook: top.niunaijun.blackbox.fake.service.IAppOpsManagerProxy@45b291e
07-10 09:12:07.964 24540 24540 D HookManager: hook: top.niunaijun.blackbox.fake.service.IPersistentDataBlockServiceProxy@6953df6
07-10 09:12:07.974 24540 24540 D HookManager: hook error: top.niunaijun.blackbox.fake.service.IPersistentDataBlockServiceProxy@6953df6
07-10 09:12:07.974 24540 24540 D HookManager: hook: top.niunaijun.blackbox.fake.service.context.RestrictionsManagerStub@9279ecd
07-10 09:12:07.979 24540 24540 D HookManager: hook: top.niunaijun.blackbox.fake.service.ILocationManagerProxy@eb215ce
07-10 09:12:07.988 24540 24540 D HookManager: hook: top.niunaijun.blackbox.fake.service.IMediaSessionManagerProxy@4c9b90b
07-10 09:12:08.012 24540 24540 D HookManager: hook: top.niunaijun.blackbox.fake.service.IPermissionManagerProxy@6b1c694
07-10 09:12:08.022 24540 24540 D HookManager: hook: top.niunaijun.blackbox.fake.service.IJobServiceProxy@4f48839
07-10 09:12:08.024 24540 24540 D HookManager: hook: top.niunaijun.blackbox.fake.service.IAccountManagerProxy@118148a
07-10 09:12:08.033 24540 24540 D HookManager: hook: top.niunaijun.blackbox.fake.service.ISystemUpdateProxy@ef84bd7
07-10 09:12:08.039 24540 24540 D HookManager: hook error: top.niunaijun.blackbox.fake.service.ISystemUpdateProxy@ef84bd7
07-10 09:12:08.039 24540 24540 D HookManager: hook: top.niunaijun.blackbox.fake.service.IGraphicsStatsProxy@61dfcc4
07-10 09:12:08.041 24540 24540 D HookManager: hook: top.niunaijun.blackbox.fake.service.ITelephonyManagerProxy@16087ad
07-10 09:12:08.078 24540 24540 D HookManager: hook: top.niunaijun.blackbox.fake.service.HCallbackProxy@aa0932e
07-10 09:12:08.081 24540 24540 D HookManager: hook: top.niunaijun.blackbox.fake.service.IUserManagerProxy@b26b43a
07-10 09:12:08.094 24540 24540 D HookManager: hook: top.niunaijun.blackbox.fake.service.IVpnManagerProxy@f0dd8c7
07-10 09:12:08.108 24540 24540 D HookManager: hook: top.niunaijun.blackbox.fake.service.IActivityTaskManagerProxy@b163660
07-10 09:12:08.116 24540 24540 D HookManager: hook: top.niunaijun.blackbox.fake.service.IAlarmManagerProxy@5387178
07-10 09:12:08.120 24540 24540 D HookManager: hook: top.niunaijun.blackbox.fake.service.IWifiScannerProxy@7f608d
07-10 09:12:08.154 24540 24540 D HookManager: hook error: top.niunaijun.blackbox.fake.service.IWifiScannerProxy@7f608d
07-10 09:12:08.154 24540 24540 D HookManager: hook: top.niunaijun.blackbox.fake.service.IActivityClientProxy@d3f790
07-10 09:12:08.182 24540 24540 D HookManager: hook: top.niunaijun.blackbox.fake.service.IDisplayManagerProxy@83fafc1
07-10 09:12:08.187 24540 24540 D HookManager: hook: top.niunaijun.blackbox.fake.service.IPhoneSubInfoProxy@995f9
07-10 09:12:08.189 24540 24540 D HookManager: hook: top.niunaijun.blackbox.fake.delegate.AppInstrumentation@2830cec
07-10 09:12:08.206 24540 24540 D HookManager: hook: top.niunaijun.blackbox.fake.service.IAppWidgetManagerProxy@a4498b5
07-10 09:12:08.210 24540 24540 D HookManager: hook: top.niunaijun.blackbox.fake.service.IShortcutManagerProxy@bcae216
07-10 09:12:08.217 24540 24540 D HookManager: hook: top.niunaijun.blackbox.fake.service.IStorageStatsManagerProxy@e6ea633
07-10 09:12:08.221 24540 24540 D HookManager: hook: top.niunaijun.blackbox.fake.service.IPowerManagerProxy@3d9891c
07-10 09:12:08.223 24540 24540 D HookManager: hook: top.niunaijun.blackbox.fake.service.IAccessibilityManagerProxy@5ac22a1
07-10 09:12:08.227 24540 24540 D HookManager: hook: top.niunaijun.blackbox.fake.service.IWifiManagerProxy@994320
07-10 09:12:08.502 22772 22772 V AutofillManager: requestHideFillUi(null): anchor = null
07-10 09:12:08.539 24540 24540 D ActivityThread: Loading provider apkdone.com.blackbox.SystemCallProvider: top.niunaijun.blackbox.core.system.SystemCallProvider
07-10 09:12:08.541 24540 24540 D SystemCallProvider: call: VM, Bundle[{_B_| _server_name_=package_manager}]
07-10 09:12:08.542 24540 24540 D BlackBoxCore: getService: package_manager, top.niunaijun.blackbox.core.system.pm.BPackageManagerService@f51f611
07-10 09:12:08.674 24540 24540 E ANR_LOG : >>> msg's executing time is too long
07-10 09:12:08.674 24540 24540 E ANR_LOG : Blocked msg = { when=-1s697ms what=110 target=android.app.ActivityThread$H obj=AppBindData{appInfo=ApplicationInfo{d133a13 apkdone.com}} } , cost = 1684 ms
07-10 09:12:08.674 24540 24540 E ANR_LOG : >>>Current msg List is:
07-10 09:12:08.674 24540 24540 E ANR_LOG : Current msg <1> = { when=-1s693ms what=114 target=android.app.ActivityThread$H obj=CreateServiceData{token=android.os.BinderProxy@a93b450 className=top.niunaijun.blackbox.core.system.DaemonService packageName=apkdone.com intent=null} }
07-10 09:12:08.674 24540 24540 E ANR_LOG : Current msg <2> = { when=-1s692ms what=115 target=android.app.ActivityThread$H obj=ServiceArgsData{token=android.os.BinderProxy@a93b450 startId=2 args=null} }
07-10 09:12:08.675 24540 24540 E ANR_LOG : Current msg <3> = { when=-1s525ms what=0 target=android.app.ActivityThread$H callback=com.android.internal.util.function.pooled.PooledLambdaImpl }
07-10 09:12:08.675 24540 24540 E ANR_LOG : Current msg <4> = { when=-1s240ms what=115 target=android.app.ActivityThread$H obj=ServiceArgsData{token=android.os.BinderProxy@a93b450 startId=3 args=Intent { cmp=apkdone.com/top.niunaijun.blackbox.core.system.DaemonService }} }
07-10 09:12:08.676 24540 24540 E ANR_LOG : Current msg <5> = { when=-427ms what=164 target=android.app.ActivityThread$H obj=apkdone.com }
07-10 09:12:08.676 24540 24540 E ANR_LOG : >>>CURRENT MSG DUMP OVER<<<
07-10 09:12:08.676 22772 23084 W FlurryAgent: Analytics report sent to https://data.flurry.com/v1/flr.do
07-10 09:12:08.741 22772 22772 E Parcel : Reading a NULL string not supported here.
07-10 09:12:08.745 22772 22772 I Quality : SlowBinder: apkdone.com to android.app.IActivityClientController cost= 117 code= 13
07-10 09:12:08.748 22772 22772 I Quality : Skipped: true 7 cost 119.975586 refreshRate 16666667 processName apkdone.com
07-10 09:12:08.818 24540 24540 I DaemonService: DaemonInnerService -> onCreate
07-10 09:12:08.820 24540 24540 I DaemonService: DaemonInnerService -> onStartCommand
07-10 09:12:08.826 22772 22788 I apkdone.com: Background concurrent copying GC freed 133412(7329KB) AllocSpace objects, 130(5012KB) LOS objects, 61% free, 7779KB/19MB, paused 246us,317us total 138.319ms
07-10 09:12:08.854 24540 24540 I DaemonService: DaemonInnerService -> onStartCommand
07-10 09:12:08.899 24540 24540 I DaemonService: DaemonInnerService -> onDestroy
07-10 09:12:08.942 22772 22975 I GED : ged_boost_gpu_freq, level 100, eOrigin 2, final_idx 24, oppidx_max 24, oppidx_min 0
07-10 09:12:09.353 22772 22975 I GED : ged_boost_gpu_freq, level 100, eOrigin 2, final_idx 24, oppidx_max 24, oppidx_min 0
07-10 09:12:09.421 22772 22975 I GED : ged_boost_gpu_freq, level 100, eOrigin 2, final_idx 24, oppidx_max 24, oppidx_min 0
07-10 09:12:09.505 22772 22975 I BufferQueueProducer: [ViewRootImpl[MainActivity]#0(BLAST Consumer)0] (id:58f400000000,api:1,p:22772,c:22772) disconnect: api 1
07-10 09:12:09.510 22772 22975 E BLASTBufferQueue: BLASTBufferItemConsumer::onDisconnect()
07-10 09:12:09.619 22772 22772 E Parcel : Reading a NULL string not supported here.
07-10 09:12:09.620 22772 22772 I Quality : SlowBinder: apkdone.com to android.view.IWindowSession cost= 107 code= 5
07-10 09:12:09.623 22772 22772 I BLASTBufferQueue: [ViewRootImpl[MainActivity]#0] destructor()
07-10 09:12:09.623 22772 22772 I BufferQueueConsumer: [ViewRootImpl[MainActivity]#0(BLAST Consumer)0](id:58f400000000,api:0,p:-1,c:22772) disconnect
07-10 09:12:09.716 22772 22983 I BufferQueueProducer: [SurfaceTexture-0-22772-0] (id:58f400000001,api:1,p:22772,c:22772) disconnect: api 1
07-10 09:12:09.738 22772 22772 D FlutterArchivePlugin: onDetachedFromEngine
07-10 09:12:09.738 22772 22772 D FlutterArchivePlugin: doOnDetachedFromEngine - IN
07-10 09:12:09.738 22772 22772 D FlutterArchivePlugin: doOnDetachedFromEngine - OUT
07-10 09:12:09.757 22772 22984 I GED : ged_boost_gpu_freq, level 100, eOrigin 2, final_idx 24, oppidx_max 24, oppidx_min 0
07-10 09:12:09.760 22772 22983 I GED : ged_boost_gpu_freq, level 100, eOrigin 2, final_idx 24, oppidx_max 24, oppidx_min 0
07-10 09:12:09.794 22772 22772 I BufferQueueConsumer: [SurfaceTexture-0-22772-0] (id:58f400000001,api:0,p:-1,c:22772) disconnect
07-10 09:12:09.797 22772 22772 V OplusZoomWindowDecorViewHelper: removeZoomView
07-10 09:12:09.805 22772 22772 D View : [Warning] assignParent to null: this = DecorView@b53d2ec[MainActivity]
07-10 09:12:09.831 22772 22796 I BLASTBufferQueue: releaseBufferCallbackThunk bufferId:97804995264512 framenumber:364 blastBufferQueue is dead
07-10 09:12:09.836 22772 22772 W FlutterJNI: Tried to send a platform message response, but FlutterJNI was detached from native C++. Could not send. Response ID: 217
07-10 09:12:10.121 22772 22975 I GED : ged_boost_gpu_freq, level 100, eOrigin 2, final_idx 24, oppidx_max 24, oppidx_min 0
07-10 09:12:10.504 22772 22772 I chromium: [INFO:render_frame_host_impl.cc(11505)] RenderFrameHostImpl::MaybeGenerateCrashReport url = https://googleads.g.doubleclick.net/mads/static/mad/sdk/native/production/sdk-core- v40-impl.html, status = 0, exit_code = 0
07-10 09:12:10.504 22772 23023 W cr_ChildProcessConn: onServiceDisconnected (crash or killed by oom): pid=23027 bindings:W S
07-10 09:12:10.541 22772 22772 E chromium: [ERROR:aw_browser_terminator.cc(156)] Renderer process (23027) crash detected (code -1).
07-10 09:12:10.637 22772 22975 I GED : ged_boost_gpu_freq, level 100, eOrigin 2, final_idx 24, oppidx_max 24, oppidx_min 0
07-10 09:12:10.691 22772 23025 E Parcel : Reading a NULL string not supported here.
07-10 09:12:11.461 22772 23199 I GED : ged_boost_gpu_freq, level 100, eOrigin 2, final_idx 24, oppidx_max 24, oppidx_min 0