01-08 10:16:23.883 29085 29085 D Surface : lockCanvas
01-08 10:16:23.892 29085 29085 D Surface : lockCanvas
01-08 10:16:24.751 29085 29085 D Surface : lockCanvas
01-08 10:16:24.763 29134 29134 I android-daemon: package name: com.carxtech.sr
01-08 10:16:24.763 29134 29134 I android-daemon: Libs path:
/data/app/~~kLWU2Va_3hw_ZundL20ung==/io.va.exposed64-bMsl9JxH74dZMmDYy1sprg==/lib/
arm64
01-08 10:16:24.764 29085 29085 E AndroidService: sendSearchNumber: 1214290944; 0 x0
as 20000010 in 0-ffffffffffffffff, 0
01-08 10:16:24.765 29085 29085 D View : [Warning] assignParent to null: this =
DecorView@67f1ce9[]
01-08 10:16:24.775 29085 29085 D Surface : lockCanvas
01-08 10:16:24.782 29134 29134 I android-daemon: Region list 0: 179 from 3198;
640892928 from 14686855168; 18722; 180287
01-08 10:16:24.782 29085 29085 D View : [Warning] assignParent to null: this =
android.ext.Tools$ViewWrapper{1acfc3b V.E...... ......I. 0,0-607,53}
01-08 10:16:24.783 29134 29134 I android-daemon: Region list 1: 179 from 3198;
640892928 from 14686855168; 19103; 180287
01-08 10:16:24.783 29134 29134 I android-daemon: searchNumber: 1214290944; 0,
20000010 0-ffffffffffffffff
01-08 10:16:24.784 29134 29134 E android-daemon: Send code: 19, 2
01-08 10:16:24.784 29134 29134 I android-daemon: searchTableIndex success: 81
536870928 20000010
01-08 10:16:24.784 29134 29134 I android-daemon: firstSearchFe started.
01-08 10:16:24.784 29134 29134 E android-daemon: Progress 29134: 0 from 156468,
found: 0
01-08 10:16:24.785 29085 29085 D DecorView[]: onWindowFocusChanged hasWindowFocus
true
01-08 10:16:24.842 29134 29139 E android-daemon: Progress 29139: 20820 from 156468,
found: 0
01-08 10:16:24.862 29085 29085 E AndroidService: Use 10 io.va.exposed64 instead of
null
01-08 10:16:24.863 29085 29085 D IS_CTS_MODE: false
01-08 10:16:24.863 29085 29085 D MULTI_WINDOW_SWITCH_ENABLED: false
01-08 10:16:24.872 29085 29085 D DecorView[]: updateDecorCaptionStatus
displayWindowDecor is false
01-08 10:16:24.891 29085 29085 D Surface : lockCanvas
01-08 10:16:24.897 29085 29085 D Surface : lockCanvas
01-08 10:16:24.902 29085 29085 D Surface : lockCanvas
01-08 10:16:24.906 29085 29085 D Surface : lockCanvas
01-08 10:16:24.912 29085 29085 D Surface : lockCanvas
01-08 10:16:24.920 29085 29085 D Surface : lockCanvas
01-08 10:16:24.926 29085 29085 D Surface : lockCanvas
01-08 10:16:24.932 29085 29085 D DecorView[]: onWindowFocusChanged hasWindowFocus
false
01-08 10:16:24.933 29085 29085 D Surface : lockCanvas
01-08 10:16:24.936 29085 29085 D DecorView[]: onWindowFocusChanged hasWindowFocus
true
01-08 10:16:24.940 29085 29085 D Surface : lockCanvas
01-08 10:16:24.946 29085 29085 D Surface : lockCanvas
01-08 10:16:24.953 29085 29085 D Surface : lockCanvas
01-08 10:16:24.960 29085 29085 D Surface : lockCanvas
01-08 10:16:24.967 29085 29085 D Surface : lockCanvas
01-08 10:16:24.974 29085 29085 D Surface : lockCanvas
01-08 10:16:24.983 29085 29085 D Surface : lockCanvas
01-08 10:16:24.987 29085 29085 D View : [Warning] assignParent to null: this =
android.ext.Tools$ViewWrapper{23586c V.E...... ......I. 0,0-165,55}
01-08 10:16:24.989 29085 29085 E AndroidService: dbg2:
android.ext.Tools$ViewWrapper{1f27b15 V.E...... ......I. 0,0-0,0} {(10000,10000)
(165x55) gr=TOP LEFT CENTER ty=APPLICATION_OVERLAY fmt=TRANSPARENT
01-08 10:16:24.989 29085 29085 E AndroidService: fl=NOT_FOCUSABLE
LAYOUT_IN_SCREEN
01-08 10:16:24.989 29085 29085 E AndroidService: bhv=DEFAULT
01-08 10:16:24.989 29085 29085 E AndroidService: fitTypes=STATUS_BARS
NAVIGATION_BARS CAPTION_BAR}
01-08 10:16:24.989 29085 29085 E AndroidService: Use 10 io.va.exposed64 instead of
io.va.exposed64
01-08 10:16:24.994 29085 29085 E AndroidService: dbg2:
android.ext.Tools$ViewWrapper{31999b8 V.E...... ......I. 0,0-0,0} {(0,-1000)
(wrapxwrap) gr=TOP CENTER ty=APPLICATION_OVERLAY fmt=TRANSPARENT
01-08 10:16:24.994 29085 29085 E AndroidService: fl=NOT_FOCUSABLE NOT_TOUCHABLE
01-08 10:16:24.994 29085 29085 E AndroidService: bhv=DEFAULT
01-08 10:16:24.994 29085 29085 E AndroidService: fitTypes=STATUS_BARS
NAVIGATION_BARS CAPTION_BAR}
01-08 10:16:24.994 29085 29085 E AndroidService: Use 10 io.va.exposed64 instead of
io.va.exposed64
01-08 10:16:24.999 29085 29085 D Surface : lockCanvas
01-08 10:16:25.006 29085 29085 D Surface : lockCanvas
01-08 10:16:25.013 29085 29085 D Surface : lockCanvas
01-08 10:16:25.019 29085 29085 D Surface : lockCanvas
01-08 10:16:25.023 29085 29085 D Surface : lockCanvas
01-08 10:16:25.027 29085 29085 D Surface : lockCanvas
01-08 10:16:25.029 29085 29085 D Surface : lockCanvas
01-08 10:16:25.036 29085 29085 D Surface : lockCanvas
01-08 10:16:25.042 29134 29139 E android-daemon: Progress 29139: 84402 from 156468,
found: 0
01-08 10:16:25.043 29085 29085 D Surface : lockCanvas
01-08 10:16:25.051 29085 29085 D Surface : lockCanvas
01-08 10:16:25.058 29085 29085 D Surface : lockCanvas
01-08 10:16:25.064 29085 29085 D Surface : lockCanvas
01-08 10:16:25.071 29085 29085 D Surface : lockCanvas
01-08 10:16:25.077 29085 29085 D Surface : lockCanvas
01-08 10:16:25.085 29085 29085 D Surface : lockCanvas
01-08 10:16:25.092 29085 29085 D Surface : lockCanvas
01-08 10:16:25.099 29085 29085 D Surface : lockCanvas
01-08 10:16:25.105 29085 29085 D Surface : lockCanvas
01-08 10:16:25.112 29085 29085 D Surface : lockCanvas
01-08 10:16:25.120 29085 29085 D Surface : lockCanvas
01-08 10:16:25.127 29085 29085 D Surface : lockCanvas
01-08 10:16:25.133 29085 29085 D Surface : lockCanvas
01-08 10:16:25.140 29085 29085 D Surface : lockCanvas
01-08 10:16:25.147 29085 29085 D Surface : lockCanvas
01-08 10:16:25.154 29085 29085 D Surface : lockCanvas
01-08 10:16:25.161 29085 29085 D Surface : lockCanvas
01-08 10:16:25.167 29085 29085 D Surface : lockCanvas
01-08 10:16:25.174 29085 29085 D Surface : lockCanvas
01-08 10:16:25.182 29085 29085 D Surface : lockCanvas
01-08 10:16:25.189 29085 29085 D Surface : lockCanvas
01-08 10:16:25.195 29085 29085 D Surface : lockCanvas
01-08 10:16:25.203 29085 29085 D Surface : lockCanvas
01-08 10:16:25.209 29085 29085 D Surface : lockCanvas
01-08 10:16:25.215 29085 29085 D Surface : lockCanvas
01-08 10:16:25.222 29085 29085 D Surface : lockCanvas
01-08 10:16:25.230 29085 29085 D Surface : lockCanvas
01-08 10:16:25.236 29085 29085 D Surface : lockCanvas
01-08 10:16:25.242 29134 29139 E android-daemon: Progress 29139: 148010 from
156468, found: 0
01-08 10:16:25.243 29085 29085 D Surface : lockCanvas
01-08 10:16:25.250 29085 29085 D Surface : lockCanvas
01-08 10:16:25.257 29085 29085 D Surface : lockCanvas
01-08 10:16:25.264 29085 29085 D Surface : lockCanvas
01-08 10:16:25.267 29134 29134 I android-daemon: firstSearch_ dbg: 640892928
01-08 10:16:25.267 29134 29134 I android-daemon: firstSearchFe ended.
01-08 10:16:25.267 29134 29134 I android-daemon: firstSearch clocks: 483008, 482959
/ 156468 -> 308
01-08 10:16:25.267 29134 29134 I android-daemon: MR[0] = 0
01-08 10:16:25.267 29134 29134 I android-daemon: MR[1] = 0
01-08 10:16:25.267 29134 29134 I android-daemon: MR[2] = 0
01-08 10:16:25.267 29134 29134 I android-daemon: MR[3] = 0
01-08 10:16:25.267 29134 29134 I android-daemon: MR[4] = 0
01-08 10:16:25.267 29134 29134 I android-daemon: MR[5] = 0
01-08 10:16:25.267 29134 29134 I android-daemon: MR[6] = 0
01-08 10:16:25.267 29134 29134 I android-daemon: MR[7] = 0
01-08 10:16:25.267 29134 29134 I android-daemon: MR[8] = 0
01-08 10:16:25.267 29134 29134 I android-daemon: MR[9] = 0
01-08 10:16:25.267 29134 29134 I android-daemon: MR[10] = 0
01-08 10:16:25.267 29134 29134 I android-daemon: MR[11] = 0
01-08 10:16:25.267 29134 29134 I android-daemon: MR[12] = 0
01-08 10:16:25.267 29134 29134 I android-daemon: MR[13] = 0
01-08 10:16:25.267 29134 29134 I android-daemon: MR[14] = 0
01-08 10:16:25.267 29134 29134 I android-daemon: MR[15] = 0
01-08 10:16:25.267 29134 29134 I android-daemon: MR[16] = 0
01-08 10:16:25.267 29134 29134 I android-daemon: MR[17] = 0
01-08 10:16:25.267 29134 29134 I android-daemon: MR[18] = 156468
01-08 10:16:25.267 29134 29134 I android-daemon: MR[19] = 156468
01-08 10:16:25.267 29134 29134 E android-daemon: ::searchDone: 0, 0 0
01-08 10:16:25.267 29134 29134 I android-daemon: SP T: 13
01-08 10:16:25.268 29134 29134 I android-daemon: SP D 1209 3
01-08 10:16:25.272 29085 29085 D Surface : lockCanvas
01-08 10:16:25.275 29085 29085 D View : [Warning] assignParent to null: this =
DecorView@3d8f6f7[]
01-08 10:16:25.283 29085 29085 E AndroidService: notifyScript client: null
01-08 10:16:25.283 29085 29085 E AndroidService: getRunningAppProcesses: start
01-08 10:16:25.289 29085 29085 E AndroidService: getRunningAppProcesses: end 4
01-08 10:16:25.293 29085 29085 D Surface : lockCanvas
01-08 10:16:25.299 29085 29085 D View : [Warning] assignParent to null: this =
android.ext.Tools$ViewWrapper{31999b8 V.E...... ......I. 0,0-607,53}
01-08 10:16:25.301 29085 29085 E AndroidService: notifyScript client: null
01-08 10:16:25.301 29085 29085 D DecorView[]: onWindowFocusChanged hasWindowFocus
true
01-08 10:16:25.305 29085 29085 D Surface : lockCanvas
01-08 10:16:28.661 29085 29085 D Surface : lockCanvas
01-08 10:16:28.676 29085 29085 E AndroidService: Screen: 810dp x 356dp
01-08 10:16:28.676 29085 29085 E AndroidService: Kbd: 7 x 5; 924x660; 924x660
01-08 10:16:28.677 29085 29085 E AndroidService: Use 10 io.va.exposed64 instead of
null
01-08 10:16:28.677 29085 29085 D IS_CTS_MODE: false
01-08 10:16:28.677 29085 29085 D MULTI_WINDOW_SWITCH_ENABLED: false
01-08 10:16:28.690 29085 29085 E AndroidService: Kbd: 7 x 5; 924x660; 924x660
01-08 10:16:28.691 29085 29085 D Surface : lockCanvas
01-08 10:16:28.713 29085 29085 D Surface : lockCanvas
01-08 10:16:28.750 29085 29085 D Surface : lockCanvas
01-08 10:16:28.761 29085 29085 D Surface : lockCanvas
01-08 10:16:28.769 29085 29085 D DecorView[]: onWindowFocusChanged hasWindowFocus
false
01-08 10:16:28.770 29085 29085 D Surface : lockCanvas
01-08 10:16:28.775 29085 29085 D Surface : lockCanvas
01-08 10:16:28.784 29085 29085 D DecorView[]: onWindowFocusChanged hasWindowFocus
true
01-08 10:16:28.793 29085 29085 D Surface : lockCanvas
01-08 10:16:28.810 29085 29085 D Surface : lockCanvas
01-08 10:16:28.827 29085 29085 D View : [Warning] assignParent to null: this =
android.ext.Tools$ViewWrapper{1f27b15 V.E...... ......I. 0,0-165,55}
01-08 10:16:28.828 29085 29085 E AndroidService: dbg2:
android.ext.Tools$ViewWrapper{cd82dd9 V.E...... ......I. 0,0-0,0} {(10000,10000)
(165x55) gr=TOP LEFT CENTER ty=APPLICATION_OVERLAY fmt=TRANSPARENT
01-08 10:16:28.828 29085 29085 E AndroidService: fl=NOT_FOCUSABLE
LAYOUT_IN_SCREEN
01-08 10:16:28.828 29085 29085 E AndroidService: bhv=DEFAULT
01-08 10:16:28.828 29085 29085 E AndroidService: fitTypes=STATUS_BARS
NAVIGATION_BARS CAPTION_BAR}
01-08 10:16:28.828 29085 29085 E AndroidService: Use 10 io.va.exposed64 instead of
io.va.exposed64
01-08 10:16:28.835 29085 29085 E AndroidService: dbg2:
android.ext.Tools$ViewWrapper{7cee4c V.E...... ......I. 0,0-0,0} {(0,-1000)
(wrapxwrap) gr=TOP CENTER ty=APPLICATION_OVERLAY fmt=TRANSPARENT
01-08 10:16:28.835 29085 29085 E AndroidService: fl=NOT_FOCUSABLE NOT_TOUCHABLE
01-08 10:16:28.835 29085 29085 E AndroidService: bhv=DEFAULT
01-08 10:16:28.835 29085 29085 E AndroidService: fitTypes=STATUS_BARS
NAVIGATION_BARS CAPTION_BAR}
01-08 10:16:28.835 29085 29085 E AndroidService: Use 10 io.va.exposed64 instead of
io.va.exposed64
01-08 10:16:28.845 29085 29085 D Surface : lockCanvas
01-08 10:16:28.857 29085 29085 D Surface : lockCanvas
01-08 10:16:28.866 29085 29085 D Surface : lockCanvas
01-08 10:16:28.883 29085 29085 D Surface : lockCanvas
01-08 10:16:28.895 29085 29085 D Surface : lockCanvas
01-08 10:16:28.897 29085 29085 D Surface : lockCanvas
01-08 10:16:30.289 29085 29085 D Surface : lockCanvas
01-08 10:16:30.302 29085 29085 D Surface : lockCanvas
01-08 10:16:30.312 29085 29085 D Surface : lockCanvas
01-08 10:16:30.322 29085 29085 D Surface : lockCanvas
01-08 10:16:30.331 29085 29085 D Surface : lockCanvas
01-08 10:16:30.341 29085 29085 D Surface : lockCanvas
01-08 10:16:30.351 29085 29085 D Surface : lockCanvas
01-08 10:16:30.360 29085 29085 D Surface : lockCanvas
01-08 10:16:30.370 29085 29085 D Surface : lockCanvas
01-08 10:16:30.380 29085 29085 D Surface : lockCanvas
01-08 10:16:30.390 29085 29085 D Surface : lockCanvas
01-08 10:16:30.400 29085 29085 D Surface : lockCanvas
01-08 10:16:30.411 29085 29085 D Surface : lockCanvas
01-08 10:16:30.420 29085 29085 D Surface : lockCanvas
01-08 10:16:30.430 29085 29085 D Surface : lockCanvas
01-08 10:16:30.439 29085 29085 D Surface : lockCanvas
01-08 10:16:30.449 29085 29085 D Surface : lockCanvas
01-08 10:16:30.459 29085 29085 D Surface : lockCanvas
01-08 10:16:30.470 29085 29085 D Surface : lockCanvas
01-08 10:16:30.480 29085 29085 D Surface : lockCanvas
01-08 10:16:30.491 29085 29085 D Surface : lockCanvas
01-08 10:16:30.501 29085 29085 D Surface : lockCanvas
01-08 10:16:30.510 29085 29085 D Surface : lockCanvas
01-08 10:16:30.520 29085 29085 D Surface : lockCanvas
01-08 10:16:30.530 29085 29085 D Surface : lockCanvas
01-08 10:16:30.542 29085 29085 D Surface : lockCanvas
01-08 10:16:30.552 29085 29085 D Surface : lockCanvas
01-08 10:16:30.730 29085 29085 D Surface : lockCanvas
01-08 10:16:30.805 29085 29085 D Surface : lockCanvas
01-08 10:16:31.310 29085 29085 D Surface : lockCanvas
01-08 10:16:31.362 29085 29085 D Surface : lockCanvas
01-08 10:16:31.425 29085 29085 D Surface : lockCanvas
01-08 10:16:31.559 29085 29085 W Choreographer: Frame time is 0.064476 now =
172131273949025 timestampNanos = 172131274013501 ms in the future! Check that
graphics HAL is generating vsync timestamps using the correct timebase.
01-08 10:16:31.928 29085 29085 D Surface : lockCanvas
01-08 10:16:31.934 29085 29085 D Surface : lockCanvas
01-08 10:16:32.019 29085 29085 D Surface : lockCanvas
01-08 10:16:32.116 29085 29085 D Surface : lockCanvas
01-08 10:16:32.188 29085 29085 D Surface : lockCanvas
01-08 10:16:32.282 29085 29085 D Surface : lockCanvas
01-08 10:16:32.344 29085 29085 D Surface : lockCanvas
01-08 10:16:32.434 29085 29085 D Surface : lockCanvas
01-08 10:16:32.475 29085 29085 D Surface : lockCanvas
01-08 10:16:32.978 29085 29085 D Surface : lockCanvas
01-08 10:16:33.317 29085 29085 D Surface : lockCanvas
01-08 10:16:33.333 29085 29085 E AndroidService: sendSearchNumber: 1211730944; 0 x0
as 20000010 in 0-ffffffffffffffff, 0
01-08 10:16:33.334 29134 29134 I android-daemon: searchNumber: 1211730944; 0,
20000010 0-ffffffffffffffff
01-08 10:16:33.334 29085 29085 D View : [Warning] assignParent to null: this =
DecorView@7a3bb13[]
01-08 10:16:33.340 29134 29134 I android-daemon: Region list 0: 177 from 3182;
640876544 from 14651047936; 6471; 179687
01-08 10:16:33.341 29134 29134 I android-daemon: Region list 1: 177 from 3182;
640876544 from 14651047936; 6950; 179687
01-08 10:16:33.341 29134 29134 E android-daemon: Send code: 19, 2
01-08 10:16:33.341 29134 29134 I android-daemon: searchTableIndex success: 81
536870928 20000010
01-08 10:16:33.341 29134 29134 I android-daemon: firstSearchFe started.
01-08 10:16:33.341 29134 29134 E android-daemon: Progress 29134: 0 from 156464,
found: 0
01-08 10:16:33.348 29085 29085 D View : [Warning] assignParent to null: this =
android.ext.Tools$ViewWrapper{7cee4c V.E...... ......I. 0,0-607,53}
01-08 10:16:33.356 29085 29085 D DecorView[]: onWindowFocusChanged hasWindowFocus
true
01-08 10:16:33.433 29085 29085 E AndroidService: Use 10 io.va.exposed64 instead of
null
01-08 10:16:33.434 29085 29085 D IS_CTS_MODE: false
01-08 10:16:33.434 29085 29085 D MULTI_WINDOW_SWITCH_ENABLED: false
01-08 10:16:33.452 29085 29085 D DecorView[]: updateDecorCaptionStatus
displayWindowDecor is false
01-08 10:16:33.460 29134 29139 E android-daemon: Progress 29139: 36448 from 156464,
found: 0
01-08 10:16:33.471 29085 29085 D Surface : lockCanvas
01-08 10:16:33.481 29085 29085 D Surface : lockCanvas
01-08 10:16:33.485 29085 29085 D Surface : lockCanvas
01-08 10:16:33.489 29085 29085 D DecorView[]: onWindowFocusChanged hasWindowFocus
false
01-08 10:16:33.490 29085 29085 D Surface : lockCanvas
01-08 10:16:33.496 29085 29085 D Surface : lockCanvas
01-08 10:16:33.499 29085 29085 D DecorView[]: onWindowFocusChanged hasWindowFocus
true
01-08 10:16:33.503 29085 29085 D Surface : lockCanvas
01-08 10:16:33.510 29085 29085 D Surface : lockCanvas
01-08 10:16:33.517 29085 29085 D Surface : lockCanvas
01-08 10:16:33.523 29085 29085 D Surface : lockCanvas
01-08 10:16:33.530 29085 29085 D Surface : lockCanvas
01-08 10:16:33.538 29085 29085 D Surface : lockCanvas
01-08 10:16:33.545 29085 29085 D Surface : lockCanvas
01-08 10:16:33.552 29085 29085 D Surface : lockCanvas
01-08 10:16:33.559 29085 29085 D Surface : lockCanvas
01-08 10:16:33.566 29085 29085 D View : [Warning] assignParent to null: this =
android.ext.Tools$ViewWrapper{cd82dd9 V.E...... ......I. 0,0-165,55}
01-08 10:16:33.569 29085 29085 E AndroidService: dbg2:
android.ext.Tools$ViewWrapper{c4185f V.E...... ......I. 0,0-0,0} {(10000,10000)
(165x55) gr=TOP LEFT CENTER ty=APPLICATION_OVERLAY fmt=TRANSPARENT
01-08 10:16:33.569 29085 29085 E AndroidService: fl=NOT_FOCUSABLE
LAYOUT_IN_SCREEN
01-08 10:16:33.569 29085 29085 E AndroidService: bhv=DEFAULT
01-08 10:16:33.569 29085 29085 E AndroidService: fitTypes=STATUS_BARS
NAVIGATION_BARS CAPTION_BAR}
01-08 10:16:33.569 29085 29085 E AndroidService: Use 10 io.va.exposed64 instead of
io.va.exposed64
01-08 10:16:33.576 29085 29085 E AndroidService: dbg2:
android.ext.Tools$ViewWrapper{9f2270a V.E...... ......I. 0,0-0,0} {(0,-1000)
(wrapxwrap) gr=TOP CENTER ty=APPLICATION_OVERLAY fmt=TRANSPARENT
01-08 10:16:33.576 29085 29085 E AndroidService: fl=NOT_FOCUSABLE NOT_TOUCHABLE
01-08 10:16:33.576 29085 29085 E AndroidService: bhv=DEFAULT
01-08 10:16:33.576 29085 29085 E AndroidService: fitTypes=STATUS_BARS
NAVIGATION_BARS CAPTION_BAR}
01-08 10:16:33.576 29085 29085 E AndroidService: Use 10 io.va.exposed64 instead of
io.va.exposed64
01-08 10:16:33.581 29085 29085 D Surface : lockCanvas
01-08 10:16:33.592 29085 29085 D Surface : lockCanvas
01-08 10:16:33.606 29085 29085 D Surface : lockCanvas
01-08 10:16:33.618 29085 29085 D Surface : lockCanvas
01-08 10:16:33.622 29085 29085 D Surface : lockCanvas
01-08 10:16:33.625 29085 29085 D Surface : lockCanvas
01-08 10:16:33.627 29085 29085 D Surface : lockCanvas
01-08 10:16:33.634 29085 29085 D Surface : lockCanvas
01-08 10:16:33.641 29085 29085 D Surface : lockCanvas
01-08 10:16:33.647 29085 29085 D Surface : lockCanvas
01-08 10:16:33.655 29085 29085 D Surface : lockCanvas
01-08 10:16:33.661 29134 29139 E android-daemon: Progress 29139: 89659 from 156464,
found: 0
01-08 10:16:33.661 29085 29085 D Surface : lockCanvas
01-08 10:16:33.669 29085 29085 D Surface : lockCanvas
01-08 10:16:33.675 29085 29085 D Surface : lockCanvas
01-08 10:16:33.682 29085 29085 D Surface : lockCanvas
01-08 10:16:33.689 29085 29085 D Surface : lockCanvas
01-08 10:16:33.696 29085 29085 D Surface : lockCanvas
01-08 10:16:33.703 29085 29085 D Surface : lockCanvas
01-08 10:16:33.709 29085 29085 D Surface : lockCanvas
01-08 10:16:33.716 29085 29085 D Surface : lockCanvas
01-08 10:16:33.724 29085 29085 D Surface : lockCanvas
01-08 10:16:33.731 29085 29085 D Surface : lockCanvas
01-08 10:16:33.737 29085 29085 D Surface : lockCanvas
01-08 10:16:33.745 29085 29085 D Surface : lockCanvas
01-08 10:16:33.752 29085 29085 D Surface : lockCanvas
01-08 10:16:33.759 29085 29085 D Surface : lockCanvas
01-08 10:16:33.765 29085 29085 D Surface : lockCanvas
01-08 10:16:33.772 29085 29085 D Surface : lockCanvas
01-08 10:16:33.779 29085 29085 D Surface : lockCanvas
01-08 10:16:33.786 29085 29085 D Surface : lockCanvas
01-08 10:16:33.793 29085 29085 D Surface : lockCanvas
01-08 10:16:33.799 29085 29085 D Surface : lockCanvas
01-08 10:16:33.806 29085 29085 D Surface : lockCanvas
01-08 10:16:33.813 29085 29085 D Surface : lockCanvas
01-08 10:16:33.820 29085 29085 D Surface : lockCanvas
01-08 10:16:33.827 29085 29085 D Surface : lockCanvas
01-08 10:16:33.834 29085 29085 D Surface : lockCanvas
01-08 10:16:33.841 29085 29085 D Surface : lockCanvas
01-08 10:16:33.847 29085 29085 D Surface : lockCanvas
01-08 10:16:33.855 29085 29085 D Surface : lockCanvas
01-08 10:16:33.861 29134 29139 E android-daemon: Progress 29139: 149241 from
156464, found: 0
01-08 10:16:33.862 29085 29085 D Surface : lockCanvas
01-08 10:16:33.870 29085 29085 D Surface : lockCanvas
01-08 10:16:33.876 29085 29085 D Surface : lockCanvas
01-08 10:16:33.883 29085 29085 D Surface : lockCanvas
01-08 10:16:33.884 29134 29134 I android-daemon: firstSearch_ dbg: 640876544
01-08 10:16:33.884 29134 29134 I android-daemon: firstSearchFe ended.
01-08 10:16:33.884 29134 29134 I android-daemon: firstSearch clocks: 542929, 542720
/ 156464 -> 346
01-08 10:16:33.884 29134 29134 I android-daemon: MR[0] = 0
01-08 10:16:33.884 29134 29134 I android-daemon: MR[1] = 0
01-08 10:16:33.884 29134 29134 I android-daemon: MR[2] = 0
01-08 10:16:33.884 29134 29134 I android-daemon: MR[3] = 0
01-08 10:16:33.884 29134 29134 I android-daemon: MR[4] = 0
01-08 10:16:33.884 29134 29134 I android-daemon: MR[5] = 0
01-08 10:16:33.884 29134 29134 I android-daemon: MR[6] = 0
01-08 10:16:33.884 29134 29134 I android-daemon: MR[7] = 0
01-08 10:16:33.884 29134 29134 I android-daemon: MR[8] = 0
01-08 10:16:33.884 29134 29134 I android-daemon: MR[9] = 0
01-08 10:16:33.884 29134 29134 I android-daemon: MR[10] = 0
01-08 10:16:33.884 29134 29134 I android-daemon: MR[11] = 0
01-08 10:16:33.884 29134 29134 I android-daemon: MR[12] = 0
01-08 10:16:33.884 29134 29134 I android-daemon: MR[13] = 0
01-08 10:16:33.884 29134 29134 I android-daemon: MR[14] = 0
01-08 10:16:33.884 29134 29134 I android-daemon: MR[15] = 0
01-08 10:16:33.884 29134 29134 I android-daemon: MR[16] = 0
01-08 10:16:33.884 29134 29134 I android-daemon: MR[17] = 0
01-08 10:16:33.884 29134 29134 I android-daemon: MR[18] = 156464
01-08 10:16:33.884 29134 29134 I android-daemon: MR[19] = 156464
01-08 10:16:33.884 29134 29134 E android-daemon: ::searchDone: 0, 0 0
01-08 10:16:33.887 29085 29085 D View : [Warning] assignParent to null: this =
DecorView@3c719f1[]
01-08 10:16:33.897 29085 29085 E AndroidService: notifyScript client: null
01-08 10:16:33.898 29085 29085 D Surface : lockCanvas
01-08 10:16:33.905 29085 29085 D View : [Warning] assignParent to null: this =
android.ext.Tools$ViewWrapper{9f2270a V.E...... ......I. 0,0-607,53}
01-08 10:16:33.907 29085 29085 E AndroidService: notifyScript client: null
01-08 10:16:33.908 29085 29085 D Surface : lockCanvas
01-08 10:16:33.922 29085 29085 D DecorView[]: onWindowFocusChanged hasWindowFocus
true
01-08 10:16:34.368 29085 29096 W System : A resource failed to call end.
01-08 10:16:34.369 29085 29096 W System : A resource failed to call close.
01-08 10:16:36.424 29085 29085 D Surface : lockCanvas
01-08 10:16:36.473 29085 29085 D Surface : lockCanvas
01-08 10:16:36.493 29085 29085 E AndroidService: Use 1 io.va.exposed64 instead of
com.pazhoclrbkau
01-08 10:16:36.500 29085 29085 E AndroidService: Use 2 io.va.exposed64 instead of
com.pazhoclrbkau
01-08 10:16:36.507 29085 29085 D Surface : lockCanvas
01-08 10:16:36.510 29085 29085 E AndroidService: Use 1 io.va.exposed64 instead of
com.pazhoclrbkau
01-08 10:16:36.511 29134 29134 I android-daemon: SP T: 41
01-08 10:16:36.513 29134 29134 I android-daemon: SP D 1806 3
01-08 10:16:36.524 29085 29085 D Surface : lockCanvas
01-08 10:16:36.527 29085 29085 E AndroidService: getRunningAppProcesses: start
01-08 10:16:36.528 29085 29085 E AndroidService: getRunningAppProcesses: end 4
01-08 10:16:36.551 29085 29085 E AndroidService: Use 10 io.va.exposed64 instead of
null
01-08 10:16:36.551 29085 29085 D IS_CTS_MODE: false
01-08 10:16:36.551 29085 29085 D MULTI_WINDOW_SWITCH_ENABLED: false
01-08 10:16:36.616 29085 29085 D Surface : lockCanvas
01-08 10:16:36.633 29085 29085 D Surface : lockCanvas
01-08 10:16:36.638 29085 29085 D DecorView[]: onWindowFocusChanged hasWindowFocus
false
01-08 10:16:36.649 29085 29085 D Surface : lockCanvas
01-08 10:16:36.650 29085 29113 D IconCustomizer: Content Ratio = -1.0
01-08 10:16:36.652 29085 29113 D IconCustomizer: Generate customized icon for
com.carxtech.sr.png
01-08 10:16:36.656 29085 29085 D DecorView[]: onWindowFocusChanged hasWindowFocus
true
01-08 10:16:36.657 29085 29085 D Surface : lockCanvas
01-08 10:16:36.658 29085 29113 E AndroidService: getResized: 168x168 -> 132x132 in
1
01-08 10:16:36.663 29085 29113 E AndroidService: getResized: 168x168 -> 132x132 in
0
01-08 10:16:36.664 29085 29113 E AndroidService: getResized: 168x168 -> 132x132 in
0
01-08 10:16:36.683 29085 29085 D Surface : lockCanvas
01-08 10:16:36.688 29085 29085 D View : [Warning] assignParent to null: this =
android.ext.Tools$ViewWrapper{c4185f V.E...... ......I. 0,0-165,55}
01-08 10:16:36.689 29085 29085 E AndroidService: dbg2:
android.ext.Tools$ViewWrapper{5fcb8e V.E...... ......I. 0,0-0,0} {(10000,10000)
(165x55) gr=TOP LEFT CENTER ty=APPLICATION_OVERLAY fmt=TRANSPARENT
01-08 10:16:36.689 29085 29085 E AndroidService: fl=NOT_FOCUSABLE
LAYOUT_IN_SCREEN
01-08 10:16:36.689 29085 29085 E AndroidService: bhv=DEFAULT
01-08 10:16:36.689 29085 29085 E AndroidService: fitTypes=STATUS_BARS
NAVIGATION_BARS CAPTION_BAR}
01-08 10:16:36.689 29085 29085 E AndroidService: Use 10 io.va.exposed64 instead of
io.va.exposed64
01-08 10:16:36.697 29085 29085 E AndroidService: dbg2:
android.ext.Tools$ViewWrapper{8915b45 V.E...... ......I. 0,0-0,0} {(0,-1000)
(wrapxwrap) gr=TOP CENTER ty=APPLICATION_OVERLAY fmt=TRANSPARENT
01-08 10:16:36.697 29085 29085 E AndroidService: fl=NOT_FOCUSABLE NOT_TOUCHABLE
01-08 10:16:36.697 29085 29085 E AndroidService: bhv=DEFAULT
01-08 10:16:36.697 29085 29085 E AndroidService: fitTypes=STATUS_BARS
NAVIGATION_BARS CAPTION_BAR}
01-08 10:16:36.697 29085 29085 E AndroidService: Use 10 io.va.exposed64 instead of
io.va.exposed64
01-08 10:16:36.713 29085 29085 D Surface : lockCanvas
01-08 10:16:36.724 29085 29085 D Surface : lockCanvas
01-08 10:16:36.736 29085 29085 D Surface : lockCanvas
01-08 10:16:36.748 29085 29085 D Surface : lockCanvas
01-08 10:16:36.752 29085 29085 E AndroidService: Application onTrimMemory: 10
01-08 10:16:36.752 29085 29085 E AndroidService: ComponentCallbacks2 onTrimMemory:
10
01-08 10:16:36.752 29085 29085 E AndroidService: onTrimMemory: 10
01-08 10:16:36.752 29085 29085 E AndroidService: PL: 2 -> 0
01-08 10:16:36.752 29085 29085 E AndroidService: onTrimMemory: 10
01-08 10:16:36.752 29085 29085 E AndroidService: Activity onTrimMemory: 10
01-08 10:16:36.752 29085 29085 E AndroidService: onTrimMemory: 10
01-08 10:16:36.752 29085 29085 E AndroidService: BootstrapService onTrimMemory: 10
01-08 10:16:36.752 29085 29085 E AndroidService: onTrimMemory: 10
01-08 10:16:36.753 29085 29085 D Surface : lockCanvas
01-08 10:16:37.921 29085 29085 D Surface : lockCanvas
01-08 10:16:37.950 29085 29085 D Surface : lockCanvas
01-08 10:16:37.975 29085 29085 D Surface : lockCanvas
01-08 10:16:37.998 29085 29085 D Surface : lockCanvas
01-08 10:16:38.020 29085 29085 D Surface : lockCanvas
01-08 10:16:38.045 29085 29085 E AndroidService: vs app: 10003 != 10255
01-08 10:16:38.045 29085 29085 E AndroidService: vs:
/data/user/0/io.va.exposed64/virtual/data/app/com.carxtech.sr/lib =>
/data/app/~~kLWU2Va_3hw_ZundL20ung==/io.va.exposed64-bMsl9JxH74dZMmDYy1sprg==/lib/
arm64
01-08 10:16:38.045 29085 29085 E AndroidService: used: ProcessInfo
[cmdline=com.carxtech.sr, name=CarX Street, packageName=com.carxtech.sr,
icon=android.graphics.drawable.BitmapDrawable@4affcf3, pid=5141, uid=10255,
isSystem=false, isGame=true, weight=3004000, main=true, order=0, x64=true,
rss=726108, getTracer()=0, getTrace()=-1]
01-08 10:16:38.047 29085 29085 E AndroidService: TE get: 1:1100 2:1100 3:1100
4:1100 5:1100 6:1100 7:1100 8:1100 9:1100 10:1100 11:1100 12:1100 13:1100 14:1100
15:1100 16:1100 17:1100 18:1100 19:1100 20:1100 21:1100 22:1100 23:1100 24:1100
25:1100 26:1100 27:1100 28:1100 29:1100 30:1100 31:1100 32:1100 33:1100 34:1100
35:1100 36:1100 37:1100 38:1100 39:1100 40:0000 41:1100 42:1100 43:0000 44:0000
01-08 10:16:38.047 29085 29085 E AndroidService: RE get: 1:1100 2:1100 3:1100
4:1100 5:1100 6:1100 7:1100 8:1100 9:1100 10:1100 11:1100 12:1100 13:1100 14:1100
15:1100 16:1100 17:1100 18:1100 19:1100
01-08 10:16:38.047 29134 29134 I android-daemon: package name: com.carxtech.sr
01-08 10:16:38.047 29134 29134 I android-daemon: Libs path:
/data/app/~~kLWU2Va_3hw_ZundL20ung==/io.va.exposed64-bMsl9JxH74dZMmDYy1sprg==/lib/
arm64
01-08 10:16:38.048 29085 29085 D View : [Warning] assignParent to null: this =
DecorView@a16b9e5[]
01-08 10:16:38.054 29134 29134 I android-daemon: Region list 0: 178 from 3189;
640884736 from 14668951552; 6369; 179959
01-08 10:16:38.054 29134 29134 I android-daemon: Region list 1: 178 from 3189;
640884736 from 14668951552; 6931; 179959
01-08 10:16:38.056 29085 29085 W InputEventReceiver: Attempted to finish an input
event but the input event receiver has already been disposed.
01-08 10:16:38.056 29085 29085 D Surface : lockCanvas
01-08 10:16:38.070 29085 29085 D View : [Warning] assignParent to null: this =
android.ext.Tools$ViewWrapper{8915b45 V.E...... ......I. 0,0-607,53}
01-08 10:16:38.071 29085 29085 D DecorView[]: onWindowFocusChanged hasWindowFocus
true
01-08 10:16:38.510 29085 29085 D View : [Warning] assignParent to null: this =
android.widget.LinearLayout{46f1cba V.E...... ......ID 0,0-755,316}
01-08 10:16:42.287 29085 29085 E AndroidService: Application onTrimMemory: 10
01-08 10:16:42.287 29085 29085 E AndroidService: ComponentCallbacks2 onTrimMemory:
10
01-08 10:16:42.287 29085 29085 E AndroidService: onTrimMemory: 10
01-08 10:16:42.287 29085 29085 E AndroidService: onTrimMemory: 10
01-08 10:16:42.287 29085 29085 E AndroidService: Activity onTrimMemory: 10
01-08 10:16:42.287 29085 29085 E AndroidService: onTrimMemory: 10
01-08 10:16:42.287 29085 29085 E AndroidService: BootstrapService onTrimMemory: 10
01-08 10:16:42.287 29085 29085 E AndroidService: onTrimMemory: 10
01-08 10:16:46.470 29085 29085 D Surface : lockCanvas
01-08 10:16:46.529 29085 29085 E AndroidService: Screen: 810dp x 356dp
01-08 10:16:46.529 29085 29085 E AndroidService: Kbd: 1 x 5; 132x660; 132x660
01-08 10:16:46.530 29085 29085 E AndroidService: Use 10 io.va.exposed64 instead of
null
01-08 10:16:46.530 29085 29085 D IS_CTS_MODE: false
01-08 10:16:46.530 29085 29085 D MULTI_WINDOW_SWITCH_ENABLED: false
01-08 10:16:46.551 29085 29085 E AndroidService: Kbd: 1 x 5; 132x660; 132x660
01-08 10:16:46.552 29085 29085 D Surface : lockCanvas
01-08 10:16:46.591 29085 29085 D Surface : lockCanvas
01-08 10:16:46.606 29085 29085 D Surface : lockCanvas
01-08 10:16:46.611 29085 29085 D Surface : lockCanvas
01-08 10:16:46.614 29085 29085 D DecorView[]: onWindowFocusChanged hasWindowFocus
false
01-08 10:16:46.615 29085 29085 D Surface : lockCanvas
01-08 10:16:46.622 29085 29085 D DecorView[]: onWindowFocusChanged hasWindowFocus
true
01-08 10:16:46.625 29085 29085 D CompatibilityChangeReporter: Compat change id
reported: 163400105; UID 10002; state: DISABLED
01-08 10:16:46.639 29085 29085 D Surface : lockCanvas
01-08 10:16:46.650 29085 29085 D Surface : lockCanvas
01-08 10:16:46.657 29085 29085 D View : [Warning] assignParent to null: this =
android.ext.Tools$ViewWrapper{5fcb8e V.E...... ......I. 0,0-165,55}
01-08 10:16:46.658 29085 29085 E AndroidService: dbg2:
android.ext.Tools$ViewWrapper{27c4cdf V.E...... ......I. 0,0-0,0} {(10000,10000)
(165x55) gr=TOP LEFT CENTER ty=APPLICATION_OVERLAY fmt=TRANSPARENT
01-08 10:16:46.658 29085 29085 E AndroidService: fl=NOT_FOCUSABLE
LAYOUT_IN_SCREEN
01-08 10:16:46.658 29085 29085 E AndroidService: bhv=DEFAULT
01-08 10:16:46.658 29085 29085 E AndroidService: fitTypes=STATUS_BARS
NAVIGATION_BARS CAPTION_BAR}
01-08 10:16:46.658 29085 29085 E AndroidService: Use 10 io.va.exposed64 instead of
io.va.exposed64
01-08 10:16:46.668 29085 29085 E AndroidService: dbg2:
android.ext.Tools$ViewWrapper{a3d458a V.E...... ......I. 0,0-0,0} {(0,-1000)
(wrapxwrap) gr=TOP CENTER ty=APPLICATION_OVERLAY fmt=TRANSPARENT
01-08 10:16:46.668 29085 29085 E AndroidService: fl=NOT_FOCUSABLE NOT_TOUCHABLE
01-08 10:16:46.668 29085 29085 E AndroidService: bhv=DEFAULT
01-08 10:16:46.668 29085 29085 E AndroidService: fitTypes=STATUS_BARS
NAVIGATION_BARS CAPTION_BAR}
01-08 10:16:46.668 29085 29085 E AndroidService: Use 10 io.va.exposed64 instead of
io.va.exposed64
01-08 10:16:46.677 29085 29085 D Surface : lockCanvas
01-08 10:16:46.692 29085 29085 D Surface : lockCanvas
01-08 10:16:46.699 29085 29085 D Surface : lockCanvas
01-08 10:16:46.706 29085 29085 D Surface : lockCanvas
01-08 10:16:46.711 29085 29085 D Surface : lockCanvas
01-08 10:16:46.715 29085 29085 D Surface : lockCanvas
01-08 10:16:46.721 29085 29085 D Surface : lockCanvas
01-08 10:16:46.729 29085 29085 D Surface : lockCanvas
01-08 10:16:46.735 29085 29085 D Surface : lockCanvas
01-08 10:16:48.162 29085 29085 D Surface : lockCanvas
01-08 10:16:48.170 29085 29085 D Surface : lockCanvas
01-08 10:16:48.178 29085 29085 D Surface : lockCanvas
01-08 10:16:48.185 29085 29085 D Surface : lockCanvas
01-08 10:16:48.190 29085 29085 D Surface : lockCanvas
01-08 10:16:48.195 29085 29085 D Surface : lockCanvas
01-08 10:16:48.202 29085 29085 D Surface : lockCanvas
01-08 10:16:48.211 29085 29085 D Surface : lockCanvas
01-08 10:16:48.216 29085 29085 D Surface : lockCanvas
01-08 10:16:48.223 29085 29085 D Surface : lockCanvas
01-08 10:16:48.231 29085 29085 D Surface : lockCanvas
01-08 10:16:48.237 29085 29085 D Surface : lockCanvas
01-08 10:16:48.243 29085 29085 D Surface : lockCanvas
01-08 10:16:48.250 29085 29085 D Surface : lockCanvas
01-08 10:16:48.256 29085 29085 D Surface : lockCanvas
01-08 10:16:48.263 29085 29085 D Surface : lockCanvas
01-08 10:16:48.270 29085 29085 D Surface : lockCanvas
01-08 10:16:48.277 29085 29085 D Surface : lockCanvas
01-08 10:16:48.285 29085 29085 D Surface : lockCanvas
01-08 10:16:48.291 29085 29085 D Surface : lockCanvas
01-08 10:16:48.301 29085 29085 D Surface : lockCanvas
01-08 10:16:48.305 29085 29085 D Surface : lockCanvas
01-08 10:16:48.311 29085 29085 D Surface : lockCanvas
01-08 10:16:48.317 29085 29085 D Surface : lockCanvas
01-08 10:16:48.326 29085 29085 D Surface : lockCanvas
01-08 10:16:48.332 29085 29085 D Surface : lockCanvas
01-08 10:16:48.339 29085 29085 D Surface : lockCanvas
01-08 10:16:48.346 29085 29085 D Surface : lockCanvas
01-08 10:16:48.352 29085 29085 D Surface : lockCanvas
01-08 10:16:48.360 29085 29085 D Surface : lockCanvas
01-08 10:16:48.367 29085 29085 D Surface : lockCanvas
01-08 10:16:48.373 29085 29085 D Surface : lockCanvas
01-08 10:16:48.381 29085 29085 D Surface : lockCanvas
01-08 10:16:48.387 29085 29085 D Surface : lockCanvas
01-08 10:16:48.395 29085 29085 D Surface : lockCanvas
01-08 10:16:48.401 29085 29085 D Surface : lockCanvas
01-08 10:16:48.409 29085 29085 D Surface : lockCanvas
01-08 10:16:49.316 29085 29085 D Surface : lockCanvas
01-08 10:16:49.351 29085 29085 D Surface : lockCanvas
01-08 10:16:49.363 29085 29085 D View : [Warning] assignParent to null: this =
DecorView@c455a30[]
01-08 10:16:49.371 29085 29085 D View : [Warning] assignParent to null: this =
android.ext.Tools$ViewWrapper{a3d458a V.E...... ......I. 0,0-607,53}
01-08 10:16:49.383 29085 29085 D DecorView[]: onWindowFocusChanged hasWindowFocus
true
01-08 10:16:50.518 29085 29085 D Surface : lockCanvas
01-08 10:16:50.568 29085 29085 E AndroidService: Screen: 810dp x 356dp
01-08 10:16:50.570 29085 29085 E AndroidService: Kbd: 7 x 5; 924x660; 924x660
01-08 10:16:50.570 29085 29085 E AndroidService: Use 10 io.va.exposed64 instead of
null
01-08 10:16:50.571 29085 29085 D IS_CTS_MODE: false
01-08 10:16:50.571 29085 29085 D MULTI_WINDOW_SWITCH_ENABLED: false
01-08 10:16:50.599 29085 29085 E AndroidService: Kbd: 7 x 5; 924x660; 924x660
01-08 10:16:50.600 29085 29085 D Surface : lockCanvas
01-08 10:16:50.642 29085 29085 D Surface : lockCanvas
01-08 10:16:50.683 29085 29085 D Surface : lockCanvas
01-08 10:16:50.693 29085 29085 D Surface : lockCanvas
01-08 10:16:50.699 29085 29085 D DecorView[]: onWindowFocusChanged hasWindowFocus
false
01-08 10:16:50.700 29085 29085 D Surface : lockCanvas
01-08 10:16:50.713 29085 29085 D View : [Warning] assignParent to null: this =
android.ext.Tools$ViewWrapper{27c4cdf V.E...... ......I. 0,0-165,55}
01-08 10:16:50.714 29085 29085 E AndroidService: dbg2:
android.ext.Tools$ViewWrapper{249ea81 V.E...... ......I. 0,0-0,0} {(10000,10000)
(165x55) gr=TOP LEFT CENTER ty=APPLICATION_OVERLAY fmt=TRANSPARENT
01-08 10:16:50.714 29085 29085 E AndroidService: fl=NOT_FOCUSABLE
LAYOUT_IN_SCREEN
01-08 10:16:50.714 29085 29085 E AndroidService: bhv=DEFAULT
01-08 10:16:50.714 29085 29085 E AndroidService: fitTypes=STATUS_BARS
NAVIGATION_BARS CAPTION_BAR}
01-08 10:16:50.714 29085 29085 E AndroidService: Use 10 io.va.exposed64 instead of
io.va.exposed64
01-08 10:16:50.726 29085 29085 E AndroidService: dbg2:
android.ext.Tools$ViewWrapper{e7ab114 V.E...... ......I. 0,0-0,0} {(0,-1000)
(wrapxwrap) gr=TOP CENTER ty=APPLICATION_OVERLAY fmt=TRANSPARENT
01-08 10:16:50.726 29085 29085 E AndroidService: fl=NOT_FOCUSABLE NOT_TOUCHABLE
01-08 10:16:50.726 29085 29085 E AndroidService: bhv=DEFAULT
01-08 10:16:50.726 29085 29085 E AndroidService: fitTypes=STATUS_BARS
NAVIGATION_BARS CAPTION_BAR}
01-08 10:16:50.726 29085 29085 E AndroidService: Use 10 io.va.exposed64 instead of
io.va.exposed64
01-08 10:16:50.744 29085 29085 D DecorView[]: onWindowFocusChanged hasWindowFocus
true
01-08 10:16:50.754 29085 29085 D Surface : lockCanvas
01-08 10:16:50.765 29085 29085 D Surface : lockCanvas
01-08 10:16:50.786 29085 29085 D Surface : lockCanvas
01-08 10:16:50.818 29085 29085 D Surface : lockCanvas
01-08 10:16:50.833 29085 29085 D Surface : lockCanvas
01-08 10:16:50.842 29085 29085 D Surface : lockCanvas
01-08 10:16:50.856 29085 29085 D Surface : lockCanvas
01-08 10:16:50.867 29085 29085 D Surface : lockCanvas
01-08 10:16:50.878 29085 29085 D Surface : lockCanvas
01-08 10:16:50.890 29085 29085 D Surface : lockCanvas
01-08 10:16:51.989 29085 29085 D Surface : lockCanvas
01-08 10:16:52.020 29085 29085 E AndroidService: Use 10 io.va.exposed64 instead of
null
01-08 10:16:52.020 29085 29085 D IS_CTS_MODE: false
01-08 10:16:52.020 29085 29085 D MULTI_WINDOW_SWITCH_ENABLED: false
01-08 10:16:52.041 29085 29085 D Surface : lockCanvas
01-08 10:16:52.092 29085 29085 D Surface : lockCanvas
01-08 10:16:52.104 29085 29085 D Surface : lockCanvas
01-08 10:16:52.109 29085 29085 D Surface : lockCanvas
01-08 10:16:52.131 29085 29085 D DecorView[]: onWindowFocusChanged hasWindowFocus
false
01-08 10:16:52.132 29085 29085 D Surface : lockCanvas
01-08 10:16:52.161 29085 29085 D Surface : lockCanvas
01-08 10:16:52.166 29085 29085 D DecorView[]: onWindowFocusChanged hasWindowFocus
true
01-08 10:16:52.168 29085 29085 D Surface : lockCanvas
01-08 10:16:52.197 29085 29085 D Surface : lockCanvas
01-08 10:16:52.202 29085 29085 D View : [Warning] assignParent to null: this =
android.ext.Tools$ViewWrapper{249ea81 V.E...... ......I. 0,0-165,55}
01-08 10:16:52.203 29085 29085 E AndroidService: dbg2:
android.ext.Tools$ViewWrapper{bb2e0d V.E...... ......I. 0,0-0,0} {(10000,10000)
(165x55) gr=TOP LEFT CENTER ty=APPLICATION_OVERLAY fmt=TRANSPARENT
01-08 10:16:52.203 29085 29085 E AndroidService: fl=NOT_FOCUSABLE
LAYOUT_IN_SCREEN
01-08 10:16:52.203 29085 29085 E AndroidService: bhv=DEFAULT
01-08 10:16:52.203 29085 29085 E AndroidService: fitTypes=STATUS_BARS
NAVIGATION_BARS CAPTION_BAR}
01-08 10:16:52.203 29085 29085 E AndroidService: Use 10 io.va.exposed64 instead of
io.va.exposed64
01-08 10:16:52.211 29085 29085 D View : [Warning] assignParent to null: this =
android.ext.Tools$ViewWrapper{e7ab114 V.E...... ......I. 0,0-607,53}
01-08 10:16:52.212 29085 29085 E AndroidService: dbg2:
android.ext.Tools$ViewWrapper{d864310 V.E...... ......I. 0,0-0,0} {(0,-1000)
(wrapxwrap) gr=TOP CENTER ty=APPLICATION_OVERLAY fmt=TRANSPARENT
01-08 10:16:52.212 29085 29085 E AndroidService: fl=NOT_FOCUSABLE NOT_TOUCHABLE
01-08 10:16:52.212 29085 29085 E AndroidService: bhv=DEFAULT
01-08 10:16:52.212 29085 29085 E AndroidService: fitTypes=STATUS_BARS
NAVIGATION_BARS CAPTION_BAR}
01-08 10:16:52.212 29085 29085 E AndroidService: Use 10 io.va.exposed64 instead of
io.va.exposed64
01-08 10:16:52.230 29085 29085 D Surface : lockCanvas
01-08 10:16:52.242 29085 29085 D Surface : lockCanvas
01-08 10:16:52.246 29085 29085 D Surface : lockCanvas
01-08 10:16:52.281 29085 29085 D Surface : lockCanvas
01-08 10:16:52.308 29085 29085 D Surface : lockCanvas
01-08 10:16:52.335 29085 29085 D Surface : lockCanvas
01-08 10:16:52.338 29085 29085 D Surface : lockCanvas
01-08 10:16:52.368 29085 29085 D Surface : lockCanvas
01-08 10:16:52.396 29085 29085 D Surface : lockCanvas
01-08 10:16:52.423 29085 29085 D Surface : lockCanvas
01-08 10:16:52.451 29085 29085 D Surface : lockCanvas
01-08 10:16:52.479 29085 29085 D Surface : lockCanvas
01-08 10:16:52.508 29085 29085 D Surface : lockCanvas
01-08 10:16:52.538 29085 29085 D Surface : lockCanvas
01-08 10:16:52.569 29085 29085 D Surface : lockCanvas
01-08 10:16:52.591 29085 29085 D Surface : lockCanvas
01-08 10:16:52.612 29085 29085 D Surface : lockCanvas
01-08 10:16:52.633 29085 29085 D Surface : lockCanvas
01-08 10:16:52.641 29085 29085 D Surface : lockCanvas
01-08 10:16:52.662 29085 29085 D Surface : lockCanvas
01-08 10:16:52.668 29085 29085 D Surface : lockCanvas
01-08 10:16:52.693 29085 29085 D Surface : lockCanvas
01-08 10:16:52.701 29085 29085 D Surface : lockCanvas
01-08 10:16:52.721 29085 29085 D Surface : lockCanvas
01-08 10:16:52.727 29085 29085 D Surface : lockCanvas
01-08 10:16:52.748 29085 29085 D Surface : lockCanvas
01-08 10:16:52.754 29085 29085 D Surface : lockCanvas
01-08 10:16:52.775 29085 29085 D Surface : lockCanvas
01-08 10:16:52.781 29085 29085 D Surface : lockCanvas
01-08 10:16:52.801 29085 29085 D Surface : lockCanvas
01-08 10:16:52.806 29085 29085 D Surface : lockCanvas
01-08 10:16:52.827 29085 29085 D Surface : lockCanvas
01-08 10:16:52.833 29085 29085 D Surface : lockCanvas
01-08 10:16:52.853 29085 29085 D Surface : lockCanvas
01-08 10:16:52.858 29085 29085 D Surface : lockCanvas
01-08 10:16:52.862 29085 29085 D Surface : lockCanvas
01-08 10:16:52.869 29085 29085 D Surface : lockCanvas
01-08 10:16:52.876 29085 29085 D Surface : lockCanvas
01-08 10:16:52.883 29085 29085 D Surface : lockCanvas
01-08 10:16:52.891 29085 29085 D Surface : lockCanvas
01-08 10:16:52.897 29085 29085 D Surface : lockCanvas
01-08 10:16:52.903 29085 29085 D Surface : lockCanvas
01-08 10:16:52.912 29085 29085 D Surface : lockCanvas
01-08 10:16:52.924 29085 29085 D Surface : lockCanvas
01-08 10:16:52.931 29085 29085 D Surface : lockCanvas
01-08 10:16:52.945 29085 29085 D Surface : lockCanvas
01-08 10:16:52.959 29085 29085 D Surface : lockCanvas
01-08 10:16:52.966 29085 29085 D Surface : lockCanvas
01-08 10:16:52.980 29085 29085 D Surface : lockCanvas
01-08 10:16:52.986 29085 29085 D Surface : lockCanvas
01-08 10:16:52.993 29085 29085 D Surface : lockCanvas
01-08 10:16:53.000 29085 29085 D Surface : lockCanvas
01-08 10:16:53.007 29085 29085 D Surface : lockCanvas
01-08 10:16:53.014 29085 29085 D Surface : lockCanvas
01-08 10:16:53.021 29085 29085 D Surface : lockCanvas
01-08 10:16:53.028 29085 29085 D Surface : lockCanvas
01-08 10:16:53.036 29085 29085 D Surface : lockCanvas
01-08 10:16:53.041 29085 29085 D Surface : lockCanvas
01-08 10:16:53.049 29085 29085 D Surface : lockCanvas
01-08 10:16:53.056 29085 29085 D Surface : lockCanvas
01-08 10:16:53.063 29085 29085 D Surface : lockCanvas
01-08 10:16:53.069 29085 29085 D Surface : lockCanvas
01-08 10:16:53.077 29085 29085 D Surface : lockCanvas
01-08 10:16:53.083 29085 29085 D Surface : lockCanvas
01-08 10:16:53.091 29085 29085 D Surface : lockCanvas
01-08 10:16:53.097 29085 29085 D Surface : lockCanvas
01-08 10:16:53.104 29085 29085 D Surface : lockCanvas
01-08 10:16:53.111 29085 29085 D Surface : lockCanvas
01-08 10:16:53.118 29085 29085 D Surface : lockCanvas
01-08 10:16:53.124 29085 29085 D Surface : lockCanvas
01-08 10:16:53.131 29085 29085 D Surface : lockCanvas
01-08 10:16:53.138 29085 29085 D Surface : lockCanvas
01-08 10:16:53.145 29085 29085 D Surface : lockCanvas
01-08 10:16:53.153 29085 29085 D Surface : lockCanvas
01-08 10:16:53.159 29085 29085 D Surface : lockCanvas
01-08 10:16:53.166 29085 29085 D Surface : lockCanvas
01-08 10:16:53.173 29085 29085 D Surface : lockCanvas
01-08 10:16:53.179 29085 29085 D Surface : lockCanvas
01-08 10:16:53.187 29085 29085 D Surface : lockCanvas
01-08 10:16:53.193 29085 29085 D Surface : lockCanvas
01-08 10:16:53.201 29085 29085 D Surface : lockCanvas
01-08 10:16:53.207 29085 29085 D Surface : lockCanvas
01-08 10:16:53.215 29085 29085 D Surface : lockCanvas
01-08 10:16:53.222 29085 29085 D Surface : lockCanvas
01-08 10:16:53.228 29085 29085 D Surface : lockCanvas
01-08 10:16:53.235 29085 29085 D Surface : lockCanvas
01-08 10:16:53.242 29085 29085 D Surface : lockCanvas
01-08 10:16:53.248 29085 29085 D Surface : lockCanvas
01-08 10:16:53.256 29085 29085 W ScrollPolicy: cannot found render thread
01-08 10:16:53.256 29085 29085 D Surface : lockCanvas
01-08 10:16:53.261 29085 29085 D Surface : lockCanvas
01-08 10:16:53.270 29085 29085 D Surface : lockCanvas
01-08 10:16:53.276 29085 29085 D Surface : lockCanvas
01-08 10:16:53.284 29085 29085 D Surface : lockCanvas
01-08 10:16:53.289 29085 29085 D Surface : lockCanvas
01-08 10:16:53.298 29085 29085 D Surface : lockCanvas
01-08 10:16:53.304 29085 29085 D Surface : lockCanvas
01-08 10:16:53.311 29085 29085 D Surface : lockCanvas
01-08 10:16:53.317 29085 29085 D Surface : lockCanvas
01-08 10:16:53.324 29085 29085 D Surface : lockCanvas
01-08 10:16:53.331 29085 29085 D Surface : lockCanvas
01-08 10:16:53.338 29085 29085 D Surface : lockCanvas
01-08 10:16:53.345 29085 29085 D Surface : lockCanvas
01-08 10:16:53.351 29085 29085 D Surface : lockCanvas
01-08 10:16:53.359 29085 29085 D Surface : lockCanvas
01-08 10:16:53.365 29085 29085 D Surface : lockCanvas
01-08 10:16:53.372 29085 29085 D Surface : lockCanvas
01-08 10:16:53.380 29085 29085 D Surface : lockCanvas
01-08 10:16:53.386 29085 29085 D Surface : lockCanvas
01-08 10:16:53.393 29085 29085 D Surface : lockCanvas
01-08 10:16:53.400 29085 29085 D Surface : lockCanvas
01-08 10:16:53.406 29085 29085 D Surface : lockCanvas
01-08 10:16:53.413 29085 29085 D Surface : lockCanvas
01-08 10:16:53.420 29085 29085 D Surface : lockCanvas
01-08 10:16:53.427 29085 29085 D Surface : lockCanvas
01-08 10:16:53.435 29085 29085 D Surface : lockCanvas
01-08 10:16:53.441 29085 29085 D Surface : lockCanvas
01-08 10:16:53.448 29085 29085 D Surface : lockCanvas
01-08 10:16:53.455 29085 29085 D Surface : lockCanvas
01-08 10:16:53.462 29085 29085 D Surface : lockCanvas
01-08 10:16:53.468 29085 29085 D Surface : lockCanvas
01-08 10:16:53.475 29085 29085 D Surface : lockCanvas
01-08 10:16:53.482 29085 29085 D Surface : lockCanvas
01-08 10:16:53.489 29085 29085 D Surface : lockCanvas
01-08 10:16:53.497 29085 29085 D Surface : lockCanvas
01-08 10:16:53.503 29085 29085 D Surface : lockCanvas
01-08 10:16:53.510 29085 29085 D Surface : lockCanvas
01-08 10:16:53.517 29085 29085 D Surface : lockCanvas
01-08 10:16:53.524 29085 29085 D Surface : lockCanvas
01-08 10:16:53.531 29085 29085 D Surface : lockCanvas
01-08 10:16:53.538 29085 29085 D Surface : lockCanvas
01-08 10:16:53.545 29085 29085 D Surface : lockCanvas
01-08 10:16:53.552 29085 29085 D Surface : lockCanvas
01-08 10:16:53.558 29085 29085 D Surface : lockCanvas
01-08 10:16:53.566 29085 29085 D Surface : lockCanvas
01-08 10:16:53.572 29085 29085 D Surface : lockCanvas
01-08 10:16:53.579 29085 29085 W ScrollPolicy: cannot found render thread
01-08 10:16:53.579 29085 29085 D Surface : lockCanvas
01-08 10:16:53.593 29085 29085 D Surface : lockCanvas
01-08 10:16:53.966 29085 29085 D Surface : lockCanvas
01-08 10:16:53.977 29085 29085 D Surface : lockCanvas
01-08 10:16:53.985 29085 29085 D Surface : lockCanvas
01-08 10:16:53.992 29085 29085 D Surface : lockCanvas
01-08 10:16:53.999 29085 29085 D Surface : lockCanvas
01-08 10:16:54.006 29085 29085 D Surface : lockCanvas
01-08 10:16:54.014 29085 29085 D Surface : lockCanvas
01-08 10:16:54.020 29085 29085 D Surface : lockCanvas
01-08 10:16:54.028 29085 29085 D Surface : lockCanvas
01-08 10:16:54.034 29085 29085 D Surface : lockCanvas
01-08 10:16:54.041 29085 29085 D Surface : lockCanvas
01-08 10:16:54.047 29085 29085 D Surface : lockCanvas
01-08 10:16:54.055 29085 29085 D Surface : lockCanvas
01-08 10:16:54.061 29085 29085 D Surface : lockCanvas
01-08 10:16:54.068 29085 29085 D Surface : lockCanvas
01-08 10:16:54.075 29085 29085 D Surface : lockCanvas
01-08 10:16:54.082 29085 29085 D Surface : lockCanvas
01-08 10:16:54.089 29085 29085 D Surface : lockCanvas
01-08 10:16:54.095 29085 29085 D Surface : lockCanvas
01-08 10:16:54.102 29085 29085 D Surface : lockCanvas
01-08 10:16:54.109 29085 29085 D Surface : lockCanvas
01-08 10:16:54.116 29085 29085 D Surface : lockCanvas
01-08 10:16:54.124 29085 29085 D Surface : lockCanvas
01-08 10:16:54.130 29085 29085 D Surface : lockCanvas
01-08 10:16:54.137 29085 29085 D Surface : lockCanvas
01-08 10:16:54.144 29085 29085 D Surface : lockCanvas
01-08 10:16:54.151 29085 29085 D Surface : lockCanvas
01-08 10:16:54.158 29085 29085 D Surface : lockCanvas
01-08 10:16:54.164 29085 29085 D Surface : lockCanvas
01-08 10:16:54.172 29085 29085 D Surface : lockCanvas
01-08 10:16:54.178 29085 29085 D Surface : lockCanvas
01-08 10:16:54.186 29085 29085 D Surface : lockCanvas
01-08 10:16:54.192 29085 29085 D Surface : lockCanvas
01-08 10:16:54.199 29085 29085 D Surface : lockCanvas
01-08 10:16:54.206 29085 29085 D Surface : lockCanvas
01-08 10:16:54.213 29085 29085 D Surface : lockCanvas
01-08 10:16:54.221 29085 29085 D Surface : lockCanvas
01-08 10:16:54.235 29085 29085 D Surface : lockCanvas
01-08 10:16:54.241 29085 29085 D Surface : lockCanvas
01-08 10:16:54.250 29085 29085 D Surface : lockCanvas
01-08 10:16:54.257 29085 29085 D Surface : lockCanvas
