seq=16118 h=android.view.ViewRootImpl$ViewRootHandler
c=android.view.View$PerformClick)
01-08 10:14:46.505 29085 29085 E AndroidService: notifyScript client: null
01-08 10:14:46.506 29085 29085 D Surface : lockCanvas
01-08 10:14:46.513 29085 29085 D DecorView[]: onWindowFocusChanged hasWindowFocus
true
01-08 10:14:46.516 29085 29085 D Surface : lockCanvas
01-08 10:14:46.519 29085 29085 D Surface : lockCanvas
01-08 10:14:46.536 29085 29085 D Surface : lockCanvas
01-08 10:14:46.565 29085 29085 D Surface : lockCanvas
01-08 10:14:46.589 29085 29085 D Surface : lockCanvas
01-08 10:14:46.610 29085 29085 E AndroidService: Use 1 io.va.exposed64 instead of
com.pazhoclrbkau
01-08 10:14:46.619 29085 29085 E AndroidService: Use 2 io.va.exposed64 instead of
com.pazhoclrbkau
01-08 10:14:46.624 29085 29085 D Surface : lockCanvas
01-08 10:14:46.628 29085 29085 E AndroidService: Use 1 io.va.exposed64 instead of
com.pazhoclrbkau
01-08 10:14:46.630 29134 29134 I android-daemon: SP T: 15
01-08 10:14:46.631 29134 29134 I android-daemon: SP D 1572 3
01-08 10:14:46.643 29085 29085 D Surface : lockCanvas
01-08 10:14:46.646 29085 29085 E AndroidService: getRunningAppProcesses: start
01-08 10:14:46.648 29085 29085 E AndroidService: getRunningAppProcesses: end 4
01-08 10:14:46.682 29085 29085 E AndroidService: vs app: 10003 != 10255
01-08 10:14:46.695 29085 29085 E AndroidService: Use 10 io.va.exposed64 instead of
null
01-08 10:14:46.695 29085 29085 D IS_CTS_MODE: false
01-08 10:14:46.695 29085 29085 D MULTI_WINDOW_SWITCH_ENABLED: false
01-08 10:14:46.738 29085 29113 D IconCustomizer: Content Ratio = -1.0
01-08 10:14:46.740 29085 29113 D IconCustomizer: Generate customized icon for
com.carxtech.sr.png
01-08 10:14:46.743 29085 29085 D Surface : lockCanvas
01-08 10:14:46.760 29085 29113 E AndroidService: getResized: 168x168 -> 132x132 in
1
01-08 10:14:46.760 29085 29085 D Surface : lockCanvas
01-08 10:14:46.763 29085 29113 E AndroidService: getResized: 168x168 -> 132x132 in
1
01-08 10:14:46.763 29085 29113 E AndroidService: getResized: 168x168 -> 132x132 in
0
01-08 10:14:46.766 29085 29085 D DecorView[]: onWindowFocusChanged hasWindowFocus
false
01-08 10:14:46.777 29085 29085 D Surface : lockCanvas
01-08 10:14:46.782 29085 29085 D Surface : lockCanvas
01-08 10:14:46.791 29085 29085 D DecorView[]: onWindowFocusChanged hasWindowFocus
true
01-08 10:14:46.802 29085 29085 D Surface : lockCanvas
01-08 10:14:46.807 29085 29085 D Surface : lockCanvas
01-08 10:14:46.815 29085 29085 D View : [Warning] assignParent to null: this =
android.ext.Tools$ViewWrapper{d5819d7 V.E...... ......I. 0,0-165,55}
01-08 10:14:46.816 29085 29085 E AndroidService: dbg2:
android.ext.Tools$ViewWrapper{a7122b3 V.E...... ......I. 0,0-0,0} {(10000,10000)
(165x55) gr=TOP LEFT CENTER ty=APPLICATION_OVERLAY fmt=TRANSPARENT
01-08 10:14:46.816 29085 29085 E AndroidService: fl=NOT_FOCUSABLE
LAYOUT_IN_SCREEN
01-08 10:14:46.816 29085 29085 E AndroidService: bhv=DEFAULT
01-08 10:14:46.816 29085 29085 E AndroidService: fitTypes=STATUS_BARS
NAVIGATION_BARS CAPTION_BAR}
01-08 10:14:46.816 29085 29085 E AndroidService: Use 10 io.va.exposed64 instead of
io.va.exposed64
01-08 10:14:46.827 29085 29085 E AndroidService: dbg2:
android.ext.Tools$ViewWrapper{fe4246e V.E...... ......I. 0,0-0,0} {(0,-1000)
(wrapxwrap) gr=TOP CENTER ty=APPLICATION_OVERLAY fmt=TRANSPARENT
01-08 10:14:46.827 29085 29085 E AndroidService: fl=NOT_FOCUSABLE NOT_TOUCHABLE
01-08 10:14:46.827 29085 29085 E AndroidService: bhv=DEFAULT
01-08 10:14:46.827 29085 29085 E AndroidService: fitTypes=STATUS_BARS
NAVIGATION_BARS CAPTION_BAR}
01-08 10:14:46.827 29085 29085 E AndroidService: Use 10 io.va.exposed64 instead of
io.va.exposed64
01-08 10:14:46.847 29085 29085 D Surface : lockCanvas
01-08 10:14:46.854 29085 29085 D Surface : lockCanvas
01-08 10:14:46.858 29085 29085 D Surface : lockCanvas
01-08 10:14:46.861 29085 29085 D Surface : lockCanvas
01-08 10:14:47.956 29085 29085 D Surface : lockCanvas
01-08 10:14:47.986 29085 29085 D Surface : lockCanvas
01-08 10:14:48.009 29085 29085 E AndroidService: vs app: 10003 != 10255
01-08 10:14:48.009 29085 29085 E AndroidService: vs:
/data/user/0/io.va.exposed64/virtual/data/app/com.carxtech.sr/lib =>
/data/app/~~kLWU2Va_3hw_ZundL20ung==/io.va.exposed64-bMsl9JxH74dZMmDYy1sprg==/lib/
arm64
01-08 10:14:48.009 29085 29085 E AndroidService: used: ProcessInfo
[cmdline=com.carxtech.sr, name=CarX Street, packageName=com.carxtech.sr,
icon=android.graphics.drawable.BitmapDrawable@55a5a34, pid=2487, uid=10255,
isSystem=false, isGame=true, weight=3004000, main=true, order=0, x64=true,
rss=641196, getTracer()=0, getTrace()=-1]
01-08 10:14:48.011 29085 29115 E AndroidService: Sended config: 2147483647
110000010000000011 1111111111111111111111110000000111111111111111111111111111111111
33000 262207 /data/user/0/io.va.exposed64/virtual/data/user/0/com.pazhoclrbkau/
files/GG-WNXw; 79
01-08 10:14:48.012 29085 29085 E AndroidService: TE get: 1:1100 2:1100 3:1100
4:1100 5:1100 6:1100 7:1100 8:1100 9:1100 10:1100 11:1100 12:1100 13:1100 14:1100
15:1100 16:1100 17:1100 18:1100 19:1100 20:1100 21:1100 22:1100 23:1100 24:1100
25:1100 26:1100 27:1100 28:1100 29:1100 30:1100 31:1100 32:1100 33:1100 34:1100
35:1100 36:1100 37:1100 38:1100 39:1100 40:0000 41:1100 42:1100 43:0000 44:0000
01-08 10:14:48.012 29085 29085 E AndroidService: RE get: 1:1100 2:1100 3:1100
4:1100 5:1100 6:1100 7:1100 8:1100 9:1100 10:1100 11:1100 12:1100 13:1100 14:1100
15:1100 16:1100 17:1100 18:1100 19:1100
01-08 10:14:48.014 29085 29085 D View : [Warning] assignParent to null: this =
DecorView@d3abbcc[]
01-08 10:14:48.015 29134 29134 E android-daemon: detach: PID - invalid
01-08 10:14:48.015 29134 29134 I android-daemon: package name: com.carxtech.sr
01-08 10:14:48.015 29134 29134 I android-daemon: Libs path:
/data/app/~~kLWU2Va_3hw_ZundL20ung==/io.va.exposed64-bMsl9JxH74dZMmDYy1sprg==/lib/
arm64
01-08 10:14:48.025 29085 29085 D Surface : lockCanvas
01-08 10:14:48.031 29134 29134 I android-daemon: Region list 0: 222 from 3208;
1849942016 from 13753708544; 16045; 181179
01-08 10:14:48.032 29134 29134 I android-daemon: Region list 1: 222 from 3208;
1849942016 from 13753708544; 16508; 181179
01-08 10:14:48.039 29085 29085 D View : [Warning] assignParent to null: this =
android.ext.Tools$ViewWrapper{fe4246e V.E...... ......I. 0,0-607,53}
01-08 10:14:48.040 29085 29085 D Surface : lockCanvas
01-08 10:14:48.056 29085 29085 E AndroidService: notifyScript client: null
01-08 10:14:48.057 29085 29085 D DecorView[]: onWindowFocusChanged hasWindowFocus
true
01-08 10:14:48.064 29085 29085 D Surface : lockCanvas
01-08 10:14:48.075 29085 29085 D Surface : lockCanvas
01-08 10:14:48.085 29085 29085 D Surface : lockCanvas
01-08 10:14:48.090 29085 29085 D Surface : lockCanvas
01-08 10:14:48.094 29085 29085 D Surface : lockCanvas
01-08 10:14:48.100 29085 29085 D Surface : lockCanvas
01-08 10:14:48.108 29085 29085 D Surface : lockCanvas
01-08 10:14:48.114 29085 29085 D Surface : lockCanvas
01-08 10:14:48.121 29085 29085 D Surface : lockCanvas
01-08 10:14:48.128 29085 29085 D Surface : lockCanvas
01-08 10:14:48.135 29085 29085 D Surface : lockCanvas
01-08 10:14:48.141 29085 29085 D Surface : lockCanvas
01-08 10:14:48.149 29085 29085 D Surface : lockCanvas
01-08 10:14:48.155 29085 29085 D Surface : lockCanvas
01-08 10:14:48.162 29085 29085 D Surface : lockCanvas
01-08 10:14:48.169 29085 29085 D Surface : lockCanvas
01-08 10:14:48.178 29085 29085 D Surface : lockCanvas
01-08 10:14:48.184 29085 29085 D Surface : lockCanvas
01-08 10:14:48.189 29085 29085 D Surface : lockCanvas
01-08 10:14:48.197 29085 29085 D Surface : lockCanvas
01-08 10:14:48.204 29085 29085 D Surface : lockCanvas
01-08 10:14:48.212 29085 29085 D Surface : lockCanvas
01-08 10:14:48.217 29085 29085 D Surface : lockCanvas
01-08 10:14:48.225 29085 29085 D Surface : lockCanvas
01-08 10:14:48.232 29085 29085 D Surface : lockCanvas
01-08 10:14:48.239 29085 29085 D Surface : lockCanvas
01-08 10:14:48.246 29085 29085 D Surface : lockCanvas
01-08 10:14:48.252 29085 29085 D Surface : lockCanvas
01-08 10:14:48.259 29085 29085 D Surface : lockCanvas
01-08 10:14:48.267 29085 29085 D Surface : lockCanvas
01-08 10:14:48.273 29085 29085 D Surface : lockCanvas
01-08 10:14:48.282 29085 29085 D Surface : lockCanvas
01-08 10:14:48.287 29085 29085 D Surface : lockCanvas
01-08 10:14:48.293 29085 29085 D Surface : lockCanvas
01-08 10:14:48.300 29085 29085 D Surface : lockCanvas
01-08 10:14:48.307 29085 29085 D Surface : lockCanvas
01-08 10:14:48.314 29085 29085 D Surface : lockCanvas
01-08 10:14:48.322 29085 29085 D Surface : lockCanvas
01-08 10:14:48.328 29085 29085 D Surface : lockCanvas
01-08 10:14:48.626 29085 29085 D View : [Warning] assignParent to null: this =
android.widget.LinearLayout{8c6b691 V.E...... ......ID 0,0-755,316}
01-08 10:14:49.701 29085 29085 D Surface : lockCanvas
01-08 10:14:49.746 29085 29085 E AndroidService: Screen: 810dp x 356dp
01-08 10:14:49.751 29085 29085 E AndroidService: Kbd: 7 x 5; 924x660; 924x660
01-08 10:14:49.752 29085 29085 E AndroidService: Use 10 io.va.exposed64 instead of
null
01-08 10:14:49.752 29085 29085 D IS_CTS_MODE: false
01-08 10:14:49.752 29085 29085 D MULTI_WINDOW_SWITCH_ENABLED: false
01-08 10:14:49.769 29085 29085 E AndroidService: Kbd: 7 x 5; 924x660; 924x660
01-08 10:14:49.770 29085 29085 D Surface : lockCanvas
01-08 10:14:49.800 29085 29085 D Surface : lockCanvas
01-08 10:14:49.851 29085 29085 D Surface : lockCanvas
01-08 10:14:49.862 29085 29085 D Surface : lockCanvas
01-08 10:14:49.868 29085 29085 D DecorView[]: onWindowFocusChanged hasWindowFocus
false
01-08 10:14:49.869 29085 29085 D Surface : lockCanvas
01-08 10:14:49.879 29085 29085 D DecorView[]: onWindowFocusChanged hasWindowFocus
true
01-08 10:14:49.880 29085 29085 D View : [Warning] assignParent to null: this =
android.ext.Tools$ViewWrapper{a7122b3 V.E...... ......I. 0,0-165,55}
01-08 10:14:49.881 29085 29085 E AndroidService: dbg2:
android.ext.Tools$ViewWrapper{b3feea1 V.E...... ......I. 0,0-0,0} {(10000,10000)
(165x55) gr=TOP LEFT CENTER ty=APPLICATION_OVERLAY fmt=TRANSPARENT
01-08 10:14:49.881 29085 29085 E AndroidService: fl=NOT_FOCUSABLE
LAYOUT_IN_SCREEN
01-08 10:14:49.881 29085 29085 E AndroidService: bhv=DEFAULT
01-08 10:14:49.881 29085 29085 E AndroidService: fitTypes=STATUS_BARS
NAVIGATION_BARS CAPTION_BAR}
01-08 10:14:49.881 29085 29085 E AndroidService: Use 10 io.va.exposed64 instead of
io.va.exposed64
01-08 10:14:49.892 29085 29085 E AndroidService: dbg2:
android.ext.Tools$ViewWrapper{3131bb4 V.E...... ......I. 0,0-0,0} {(0,-1000)
(wrapxwrap) gr=TOP CENTER ty=APPLICATION_OVERLAY fmt=TRANSPARENT
01-08 10:14:49.892 29085 29085 E AndroidService: fl=NOT_FOCUSABLE NOT_TOUCHABLE
01-08 10:14:49.892 29085 29085 E AndroidService: bhv=DEFAULT
01-08 10:14:49.892 29085 29085 E AndroidService: fitTypes=STATUS_BARS
NAVIGATION_BARS CAPTION_BAR}
01-08 10:14:49.892 29085 29085 E AndroidService: Use 10 io.va.exposed64 instead of
io.va.exposed64
01-08 10:14:49.913 29085 29085 D Surface : lockCanvas
01-08 10:14:49.930 29085 29085 D Surface : lockCanvas
01-08 10:14:49.941 29085 29085 D Surface : lockCanvas
01-08 10:14:49.955 29085 29085 D Surface : lockCanvas
01-08 10:14:49.975 29085 29085 D Surface : lockCanvas
01-08 10:14:49.989 29085 29085 D Surface : lockCanvas
01-08 10:14:49.991 29085 29085 D Surface : lockCanvas
01-08 10:14:49.995 29085 29085 D Surface : lockCanvas
01-08 10:14:50.010 29085 29085 D Surface : lockCanvas
01-08 10:14:50.024 29085 29085 D Surface : lockCanvas
01-08 10:14:50.038 29085 29085 D Surface : lockCanvas
01-08 10:14:51.195 29085 29085 D Surface : lockCanvas
01-08 10:14:51.210 29134 29134 I android-daemon: package name: com.carxtech.sr
01-08 10:14:51.210 29134 29134 I android-daemon: Libs path:
/data/app/~~kLWU2Va_3hw_ZundL20ung==/io.va.exposed64-bMsl9JxH74dZMmDYy1sprg==/lib/
arm64
01-08 10:14:51.210 29085 29085 E AndroidService: sendSearchNumber: 1214290944; 0 x0
as 20000010 in 0-ffffffffffffffff, 0
01-08 10:14:51.212 29085 29085 D View : [Warning] assignParent to null: this =
DecorView@54e8414[]
01-08 10:14:51.217 29134 29134 I android-daemon: Region list 0: 221 from 3199;
1849933824 from 13735804928; 7514; 180851
01-08 10:14:51.218 29134 29134 I android-daemon: Region list 1: 221 from 3199;
1849933824 from 13735804928; 7911; 180851
01-08 10:14:51.218 29134 29134 I android-daemon: searchNumber: 1214290944; 0,
20000010 0-ffffffffffffffff
01-08 10:14:51.219 29134 29134 E android-daemon: Send code: 19, 2
01-08 10:14:51.219 29134 29134 I android-daemon: searchTableIndex success: 81
536870928 20000010
01-08 10:14:51.219 29134 29134 I android-daemon: firstSearchFe started.
01-08 10:14:51.219 29134 29134 E android-daemon: Progress 29134: 0 from 451644,
found: 0
01-08 10:14:51.221 29085 29085 D Surface : lockCanvas
01-08 10:14:51.222 29134 29134 I android-daemon: OOM from client
01-08 10:14:51.222 29134 29134 E android-daemon: OOM for B9F8557D: 2147483647 0
4112 0
01-08 10:14:51.222 29134 29134 E android-daemon: OOM for 048F37FC: 2147483647 0 128
0
01-08 10:14:51.236 29085 29085 D View : [Warning] assignParent to null: this =
android.ext.Tools$ViewWrapper{3131bb4 V.E...... ......I. 0,0-607,53}
01-08 10:14:51.241 29085 29085 D DecorView[]: onWindowFocusChanged hasWindowFocus
true
01-08 10:14:51.289 29134 29139 E android-daemon: Progress 29139: 22497 from 451644,
found: 0
01-08 10:14:51.309 29085 29085 E AndroidService: Use 10 io.va.exposed64 instead of
null
01-08 10:14:51.309 29085 29085 D IS_CTS_MODE: false
01-08 10:14:51.310 29085 29085 D MULTI_WINDOW_SWITCH_ENABLED: false
01-08 10:14:51.319 29085 29085 D DecorView[]: updateDecorCaptionStatus
displayWindowDecor is false
01-08 10:14:51.338 29085 29085 D Surface : lockCanvas
01-08 10:14:51.345 29085 29085 D Surface : lockCanvas
01-08 10:14:51.354 29085 29085 D DecorView[]: onWindowFocusChanged hasWindowFocus
false
01-08 10:14:51.357 29085 29085 D Surface : lockCanvas
01-08 10:14:51.362 29085 29085 D Surface : lockCanvas
01-08 10:14:51.368 29085 29085 D DecorView[]: onWindowFocusChanged hasWindowFocus
true
01-08 10:14:51.369 29085 29085 D Surface : lockCanvas
01-08 10:14:51.377 29085 29085 D Surface : lockCanvas
01-08 10:14:51.384 29085 29085 D Surface : lockCanvas
01-08 10:14:51.390 29085 29085 D Surface : lockCanvas
01-08 10:14:51.394 29085 29085 D Surface : lockCanvas
01-08 10:14:51.401 29085 29085 D Surface : lockCanvas
01-08 10:14:51.407 29085 29085 D Surface : lockCanvas
01-08 10:14:51.415 29085 29085 D Surface : lockCanvas
01-08 10:14:51.422 29085 29085 D Surface : lockCanvas
01-08 10:14:51.429 29085 29085 D Surface : lockCanvas
01-08 10:14:51.432 29085 29085 D View : [Warning] assignParent to null: this =
android.ext.Tools$ViewWrapper{b3feea1 V.E...... ......I. 0,0-165,55}
01-08 10:14:51.434 29085 29085 E AndroidService: dbg2:
android.ext.Tools$ViewWrapper{dbda9f3 V.E...... ......I. 0,0-0,0} {(10000,10000)
(165x55) gr=TOP LEFT CENTER ty=APPLICATION_OVERLAY fmt=TRANSPARENT
01-08 10:14:51.434 29085 29085 E AndroidService: fl=NOT_FOCUSABLE
LAYOUT_IN_SCREEN
01-08 10:14:51.434 29085 29085 E AndroidService: bhv=DEFAULT
01-08 10:14:51.434 29085 29085 E AndroidService: fitTypes=STATUS_BARS
NAVIGATION_BARS CAPTION_BAR}
01-08 10:14:51.434 29085 29085 E AndroidService: Use 10 io.va.exposed64 instead of
io.va.exposed64
01-08 10:14:51.439 29085 29085 E AndroidService: dbg2:
android.ext.Tools$ViewWrapper{292c4ae V.E...... ......I. 0,0-0,0} {(0,-1000)
(wrapxwrap) gr=TOP CENTER ty=APPLICATION_OVERLAY fmt=TRANSPARENT
01-08 10:14:51.439 29085 29085 E AndroidService: fl=NOT_FOCUSABLE NOT_TOUCHABLE
01-08 10:14:51.439 29085 29085 E AndroidService: bhv=DEFAULT
01-08 10:14:51.439 29085 29085 E AndroidService: fitTypes=STATUS_BARS
NAVIGATION_BARS CAPTION_BAR}
01-08 10:14:51.439 29085 29085 E AndroidService: Use 10 io.va.exposed64 instead of
io.va.exposed64
01-08 10:14:51.445 29085 29085 D Surface : lockCanvas
01-08 10:14:51.457 29085 29085 D Surface : lockCanvas
01-08 10:14:51.465 29085 29085 D Surface : lockCanvas
01-08 10:14:51.474 29085 29085 D Surface : lockCanvas
01-08 10:14:51.479 29085 29085 D Surface : lockCanvas
01-08 10:14:51.482 29085 29085 D Surface : lockCanvas
01-08 10:14:51.484 29085 29085 D Surface : lockCanvas
01-08 10:14:51.489 29134 29139 E android-daemon: Progress 29139: 90179 from 451644,
found: 0
01-08 10:14:51.490 29085 29085 D Surface : lockCanvas
01-08 10:14:51.498 29085 29085 D Surface : lockCanvas
01-08 10:14:51.504 29085 29085 D Surface : lockCanvas
01-08 10:14:51.511 29085 29085 D Surface : lockCanvas
01-08 10:14:51.519 29085 29085 D Surface : lockCanvas
01-08 10:14:51.525 29085 29085 D Surface : lockCanvas
01-08 10:14:51.531 29085 29085 D Surface : lockCanvas
01-08 10:14:51.538 29085 29085 D Surface : lockCanvas
01-08 10:14:51.546 29085 29085 D Surface : lockCanvas
01-08 10:14:51.553 29085 29085 D Surface : lockCanvas
01-08 10:14:51.559 29085 29085 D Surface : lockCanvas
01-08 10:14:51.566 29085 29085 D Surface : lockCanvas
01-08 10:14:51.573 29085 29085 D Surface : lockCanvas
01-08 10:14:51.580 29085 29085 D Surface : lockCanvas
01-08 10:14:51.588 29085 29085 D Surface : lockCanvas
01-08 10:14:51.593 29085 29085 D Surface : lockCanvas
01-08 10:14:51.600 29085 29085 D Surface : lockCanvas
01-08 10:14:51.607 29085 29085 D Surface : lockCanvas
01-08 10:14:51.614 29085 29085 D Surface : lockCanvas
01-08 10:14:51.623 29085 29085 D Surface : lockCanvas
01-08 10:14:51.628 29085 29085 D Surface : lockCanvas
01-08 10:14:51.635 29085 29085 D Surface : lockCanvas
01-08 10:14:51.641 29085 29085 D Surface : lockCanvas
01-08 10:14:51.649 29085 29085 D Surface : lockCanvas
01-08 10:14:51.656 29085 29085 D Surface : lockCanvas
01-08 10:14:51.663 29085 29085 D Surface : lockCanvas
01-08 10:14:51.669 29085 29085 D Surface : lockCanvas
01-08 10:14:51.676 29085 29085 D Surface : lockCanvas
01-08 10:14:51.684 29085 29085 D Surface : lockCanvas
01-08 10:14:51.690 29134 29139 E android-daemon: Progress 29139: 159910 from
451644, found: 0
01-08 10:14:51.691 29085 29085 D Surface : lockCanvas
01-08 10:14:51.698 29085 29085 D Surface : lockCanvas
01-08 10:14:51.703 29085 29085 D Surface : lockCanvas
01-08 10:14:51.711 29085 29085 D Surface : lockCanvas
01-08 10:14:51.718 29085 29085 D Surface : lockCanvas
01-08 10:14:51.726 29085 29085 D Surface : lockCanvas
01-08 10:14:51.732 29085 29085 D Surface : lockCanvas
01-08 10:14:51.738 29085 29085 D Surface : lockCanvas
01-08 10:14:51.740 29085 29096 W System : A resource failed to call end.
01-08 10:14:51.740 29085 29096 W System : A resource failed to call close.
01-08 10:14:51.746 29085 29085 D Surface : lockCanvas
01-08 10:14:51.752 29085 29085 D Surface : lockCanvas
01-08 10:14:51.759 29085 29085 D Surface : lockCanvas
01-08 10:14:51.766 29085 29085 D Surface : lockCanvas
01-08 10:14:51.773 29085 29085 D Surface : lockCanvas
01-08 10:14:51.780 29085 29085 D Surface : lockCanvas
01-08 10:14:51.787 29085 29085 D Surface : lockCanvas
01-08 10:14:51.793 29085 29085 D Surface : lockCanvas
01-08 10:14:51.802 29085 29085 D Surface : lockCanvas
01-08 10:14:51.807 29085 29085 D Surface : lockCanvas
01-08 10:14:51.815 29085 29085 D Surface : lockCanvas
01-08 10:14:51.821 29085 29085 D Surface : lockCanvas
01-08 10:14:51.828 29085 29085 D Surface : lockCanvas
01-08 10:14:51.835 29085 29085 D Surface : lockCanvas
01-08 10:14:51.842 29085 29085 D Surface : lockCanvas
01-08 10:14:51.849 29085 29085 D Surface : lockCanvas
01-08 10:14:51.856 29085 29085 D Surface : lockCanvas
01-08 10:14:51.862 29085 29085 D Surface : lockCanvas
01-08 10:14:51.870 29085 29085 D Surface : lockCanvas
01-08 10:14:51.877 29085 29085 D Surface : lockCanvas
01-08 10:14:51.883 29085 29085 D Surface : lockCanvas
01-08 10:14:51.891 29134 29139 E android-daemon: Progress 29139: 230203 from
451644, found: 0
01-08 10:14:51.891 29085 29085 D Surface : lockCanvas
01-08 10:14:51.898 29085 29085 D Surface : lockCanvas
01-08 10:14:51.905 29085 29085 D Surface : lockCanvas
01-08 10:14:51.910 29085 29085 D Surface : lockCanvas
01-08 10:14:51.918 29085 29085 D Surface : lockCanvas
01-08 10:14:51.925 29085 29085 D Surface : lockCanvas
01-08 10:14:51.932 29085 29085 D Surface : lockCanvas
01-08 10:14:51.938 29085 29085 D Surface : lockCanvas
01-08 10:14:51.945 29085 29085 D Surface : lockCanvas
01-08 10:14:51.952 29085 29085 D Surface : lockCanvas
01-08 10:14:51.959 29085 29085 D Surface : lockCanvas
01-08 10:14:51.966 29085 29085 D Surface : lockCanvas
01-08 10:14:51.972 29085 29085 D Surface : lockCanvas
01-08 10:14:51.980 29085 29085 D Surface : lockCanvas
01-08 10:14:51.986 29085 29085 D Surface : lockCanvas
01-08 10:14:51.993 29085 29085 D Surface : lockCanvas
01-08 10:14:52.000 29085 29085 D Surface : lockCanvas
01-08 10:14:52.007 29085 29085 D Surface : lockCanvas
01-08 10:14:52.014 29085 29085 D Surface : lockCanvas
01-08 10:14:52.020 29085 29085 D Surface : lockCanvas
01-08 10:14:52.027 29085 29085 D Surface : lockCanvas
01-08 10:14:52.035 29085 29085 D Surface : lockCanvas
01-08 10:14:52.042 29085 29085 D Surface : lockCanvas
01-08 10:14:52.048 29085 29085 D Surface : lockCanvas
01-08 10:14:52.056 29085 29085 D Surface : lockCanvas
01-08 10:14:52.062 29085 29085 D Surface : lockCanvas
01-08 10:14:52.069 29085 29085 D Surface : lockCanvas
01-08 10:14:52.076 29085 29085 D Surface : lockCanvas
01-08 10:14:52.083 29085 29085 D Surface : lockCanvas
01-08 10:14:52.090 29085 29085 D Surface : lockCanvas
01-08 10:14:52.092 29134 29139 E android-daemon: Progress 29139: 299392 from
451644, found: 0
01-08 10:14:52.096 29085 29085 D Surface : lockCanvas
01-08 10:14:52.105 29085 29085 D Surface : lockCanvas
01-08 10:14:52.111 29085 29085 D Surface : lockCanvas
01-08 10:14:52.117 29085 29085 D Surface : lockCanvas
01-08 10:14:52.124 29085 29085 D Surface : lockCanvas
01-08 10:14:52.132 29085 29085 D Surface : lockCanvas
01-08 10:14:52.138 29085 29085 D Surface : lockCanvas
01-08 10:14:52.145 29085 29085 D Surface : lockCanvas
01-08 10:14:52.153 29085 29085 D Surface : lockCanvas
01-08 10:14:52.160 29085 29085 D Surface : lockCanvas
01-08 10:14:52.166 29085 29085 D Surface : lockCanvas
01-08 10:14:52.172 29085 29085 D Surface : lockCanvas
01-08 10:14:52.179 29085 29085 D Surface : lockCanvas
01-08 10:14:52.187 29085 29085 D Surface : lockCanvas
01-08 10:14:52.193 29085 29085 D Surface : lockCanvas
01-08 10:14:52.200 29085 29085 D Surface : lockCanvas
01-08 10:14:52.207 29085 29085 D Surface : lockCanvas
01-08 10:14:52.214 29085 29085 D Surface : lockCanvas
01-08 10:14:52.220 29085 29085 D Surface : lockCanvas
01-08 10:14:52.227 29085 29085 D Surface : lockCanvas
01-08 10:14:52.234 29085 29085 D Surface : lockCanvas
01-08 10:14:52.242 29085 29085 D Surface : lockCanvas
01-08 10:14:52.248 29085 29085 D Surface : lockCanvas
01-08 10:14:52.255 29085 29085 D Surface : lockCanvas
01-08 10:14:52.263 29085 29085 D Surface : lockCanvas
01-08 10:14:52.269 29085 29085 D Surface : lockCanvas
01-08 10:14:52.276 29085 29085 D Surface : lockCanvas
01-08 10:14:52.282 29085 29085 D Surface : lockCanvas
01-08 10:14:52.289 29085 29085 D Surface : lockCanvas
01-08 10:14:52.294 29134 29139 E android-daemon: Progress 29139: 338161 from
451644, found: 0
01-08 10:14:52.296 29085 29085 D Surface : lockCanvas
01-08 10:14:52.304 29085 29085 D Surface : lockCanvas
01-08 10:14:52.311 29085 29085 D Surface : lockCanvas
01-08 10:14:52.317 29085 29085 D Surface : lockCanvas
01-08 10:14:52.324 29085 29085 D Surface : lockCanvas
01-08 10:14:52.332 29085 29085 D Surface : lockCanvas
01-08 10:14:52.338 29085 29085 D Surface : lockCanvas
01-08 10:14:52.345 29085 29085 D Surface : lockCanvas
01-08 10:14:52.352 29085 29085 D Surface : lockCanvas
01-08 10:14:52.358 29085 29085 D Surface : lockCanvas
01-08 10:14:52.365 29085 29085 D Surface : lockCanvas
01-08 10:14:52.372 29085 29085 D Surface : lockCanvas
01-08 10:14:52.379 29085 29085 D Surface : lockCanvas
01-08 10:14:52.386 29085 29085 D Surface : lockCanvas
01-08 10:14:52.393 29085 29085 D Surface : lockCanvas
01-08 10:14:52.400 29085 29085 D Surface : lockCanvas
01-08 10:14:52.407 29085 29085 D Surface : lockCanvas
01-08 10:14:52.414 29085 29085 D Surface : lockCanvas
01-08 10:14:52.421 29085 29085 D Surface : lockCanvas
01-08 10:14:52.427 29085 29085 D Surface : lockCanvas
01-08 10:14:52.434 29085 29085 D Surface : lockCanvas
01-08 10:14:52.442 29085 29085 D Surface : lockCanvas
01-08 10:14:52.448 29085 29085 D Surface : lockCanvas
01-08 10:14:52.455 29085 29085 D Surface : lockCanvas
01-08 10:14:52.462 29085 29085 D Surface : lockCanvas
01-08 10:14:52.469 29085 29085 D Surface : lockCanvas
01-08 10:14:52.476 29085 29085 D Surface : lockCanvas
01-08 10:14:52.483 29085 29085 D Surface : lockCanvas
01-08 10:14:52.489 29085 29085 D Surface : lockCanvas
01-08 10:14:52.495 29134 29139 E android-daemon: Progress 29139: 383613 from
451644, found: 0
01-08 10:14:52.496 29085 29085 D Surface : lockCanvas
01-08 10:14:52.504 29085 29085 D Surface : lockCanvas
01-08 10:14:52.510 29085 29085 D Surface : lockCanvas
01-08 10:14:52.517 29085 29085 D Surface : lockCanvas
01-08 10:14:52.524 29085 29085 D Surface : lockCanvas
01-08 10:14:52.531 29085 29085 D Surface : lockCanvas
01-08 10:14:52.537 29085 29085 D Surface : lockCanvas
01-08 10:14:52.544 29085 29085 D Surface : lockCanvas
01-08 10:14:52.552 29085 29085 D Surface : lockCanvas
01-08 10:14:52.558 29085 29085 D Surface : lockCanvas
01-08 10:14:52.566 29085 29085 D Surface : lockCanvas
01-08 10:14:52.572 29085 29085 D Surface : lockCanvas
01-08 10:14:52.579 29085 29085 D Surface : lockCanvas
01-08 10:14:52.587 29085 29085 D Surface : lockCanvas
01-08 10:14:52.592 29085 29085 D Surface : lockCanvas
01-08 10:14:52.600 29085 29085 D Surface : lockCanvas
01-08 10:14:52.607 29085 29085 D Surface : lockCanvas
01-08 10:14:52.613 29085 29085 D Surface : lockCanvas
01-08 10:14:52.621 29085 29085 D Surface : lockCanvas
01-08 10:14:52.627 29085 29085 D Surface : lockCanvas
01-08 10:14:52.634 29085 29085 D Surface : lockCanvas
01-08 10:14:52.641 29085 29085 D Surface : lockCanvas
01-08 10:14:52.648 29085 29085 D Surface : lockCanvas
01-08 10:14:52.656 29085 29085 D Surface : lockCanvas
01-08 10:14:52.662 29085 29085 D Surface : lockCanvas
01-08 10:14:52.669 29085 29085 D Surface : lockCanvas
01-08 10:14:52.676 29085 29085 D Surface : lockCanvas
01-08 10:14:52.683 29085 29085 D Surface : lockCanvas
01-08 10:14:52.690 29085 29085 D Surface : lockCanvas
01-08 10:14:52.695 29134 29139 E android-daemon: Progress 29139: 428367 from
451644, found: 0
01-08 10:14:52.696 29085 29085 D Surface : lockCanvas
01-08 10:14:52.703 29085 29085 D Surface : lockCanvas
01-08 10:14:52.710 29085 29085 D Surface : lockCanvas
01-08 10:14:52.717 29085 29085 D Surface : lockCanvas
01-08 10:14:52.724 29085 29085 D Surface : lockCanvas
01-08 10:14:52.731 29085 29085 D Surface : lockCanvas
01-08 10:14:52.738 29085 29085 D Surface : lockCanvas
01-08 10:14:52.744 29085 29085 D Surface : lockCanvas
01-08 10:14:52.751 29085 29085 D Surface : lockCanvas
01-08 10:14:52.760 29085 29085 D Surface : lockCanvas
01-08 10:14:52.765 29085 29085 D Surface : lockCanvas
01-08 10:14:52.772 29085 29085 D Surface : lockCanvas
01-08 10:14:52.780 29085 29085 D Surface : lockCanvas
01-08 10:14:52.786 29085 29085 D Surface : lockCanvas
01-08 10:14:52.793 29085 29085 D Surface : lockCanvas
01-08 10:14:52.800 29085 29085 D Surface : lockCanvas
01-08 10:14:52.801 29134 29134 I android-daemon: firstSearch_ dbg: 1849933824
01-08 10:14:52.801 29134 29134 I android-daemon: firstSearchFe ended.
01-08 10:14:52.801 29134 29134 I android-daemon: firstSearch clocks: 1582093,
1582046 / 451640 -> 350
01-08 10:14:52.801 29134 29134 I android-daemon: MR[0] = 0
01-08 10:14:52.801 29134 29134 I android-daemon: MR[1] = 4
01-08 10:14:52.801 29134 29134 I android-daemon: MR[2] = 0
01-08 10:14:52.801 29134 29134 I android-daemon: MR[3] = 0
01-08 10:14:52.801 29134 29134 I android-daemon: MR[4] = 0
01-08 10:14:52.801 29134 29134 I android-daemon: MR[5] = 0
01-08 10:14:52.801 29134 29134 I android-daemon: MR[6] = 0
01-08 10:14:52.801 29134 29134 I android-daemon: MR[7] = 0
01-08 10:14:52.801 29134 29134 I android-daemon: MR[8] = 0
01-08 10:14:52.801 29134 29134 I android-daemon: MR[9] = 4
01-08 10:14:52.801 29134 29134 I android-daemon: MR[10] = 0
01-08 10:14:52.801 29134 29134 I android-daemon: MR[11] = 0
01-08 10:14:52.801 29134 29134 I android-daemon: MR[12] = 0
01-08 10:14:52.801 29134 29134 I android-daemon: MR[13] = 0
01-08 10:14:52.801 29134 29134 I android-daemon: MR[14] = 4
01-08 10:14:52.801 29134 29134 I android-daemon: MR[15] = 0
01-08 10:14:52.801 29134 29134 I android-daemon: MR[16] = 0
01-08 10:14:52.801 29134 29134 I android-daemon: MR[17] = 0
01-08 10:14:52.801 29134 29134 I android-daemon: MR[18] = 451640
01-08 10:14:52.801 29134 29134 I android-daemon: MR[19] = 451644
01-08 10:14:52.801 29134 29134 E android-daemon: ::searchDone: 0, 0 0
01-08 10:14:52.801 29134 29134 I android-daemon: SP T: 32
01-08 10:14:52.802 29134 29134 I android-daemon: SP D 1401 3
01-08 10:14:52.803 29085 29085 D View : [Warning] assignParent to null: this =
DecorView@a2efee5[]
01-08 10:14:52.810 29085 29085 E AndroidService: notifyScript client: null
01-08 10:14:52.810 29085 29085 E AndroidService: getRunningAppProcesses: start
01-08 10:14:52.816 29085 29085 E AndroidService: getRunningAppProcesses: end 4
01-08 10:14:52.823 29085 29085 D Surface : lockCanvas
01-08 10:14:52.829 29085 29085 D View : [Warning] assignParent to null: this =
android.ext.Tools$ViewWrapper{292c4ae V.E...... ......I. 0,0-607,53}
01-08 10:14:52.831 29085 29085 E AndroidService: notifyScript client: null
01-08 10:14:52.832 29085 29085 D DecorView[]: onWindowFocusChanged hasWindowFocus
true
01-08 10:14:52.837 29085 29085 D Surface : lockCanvas
01-08 10:14:57.592 29085 29085 D Surface : lockCanvas
01-08 10:14:57.625 29085 29085 D Surface : lockCanvas
01-08 10:14:57.675 29085 29085 E AndroidService: Use 10 io.va.exposed64 instead of
null
01-08 10:14:57.675 29085 29085 D IS_CTS_MODE: false
01-08 10:14:57.675 29085 29085 D MULTI_WINDOW_SWITCH_ENABLED: false
01-08 10:14:57.713 29085 29085 D Surface : lockCanvas
01-08 10:14:57.718 29085 29085 D Surface : lockCanvas
01-08 10:14:57.725 29085 29085 D Surface : lockCanvas
01-08 10:14:57.729 29085 29085 D DecorView[]: onWindowFocusChanged hasWindowFocus
false
01-08 10:14:57.732 29085 29085 D Surface : lockCanvas
01-08 10:14:57.737 29085 29085 D Surface : lockCanvas
01-08 10:14:57.743 29085 29085 D DecorView[]: onWindowFocusChanged hasWindowFocus
true
01-08 10:14:57.744 29085 29085 D Surface : lockCanvas
01-08 10:14:57.750 29085 29085 D Surface : lockCanvas
01-08 10:14:57.754 29085 29085 D Surface : lockCanvas
01-08 10:14:57.760 29085 29085 D Surface : lockCanvas
01-08 10:14:57.768 29085 29085 D Surface : lockCanvas
01-08 10:14:57.774 29085 29085 D Surface : lockCanvas
01-08 10:14:57.781 29085 29085 D Surface : lockCanvas
01-08 10:14:57.788 29085 29085 D Surface : lockCanvas
01-08 10:14:57.794 29085 29085 D View : [Warning] assignParent to null: this =
android.ext.Tools$ViewWrapper{dbda9f3 V.E...... ......I. 0,0-165,55}
01-08 10:14:57.797 29085 29085 E AndroidService: dbg2:
android.ext.Tools$ViewWrapper{4cc89df V.E...... ......I. 0,0-0,0} {(10000,10000)
(165x55) gr=TOP LEFT CENTER ty=APPLICATION_OVERLAY fmt=TRANSPARENT
01-08 10:14:57.797 29085 29085 E AndroidService: fl=NOT_FOCUSABLE
LAYOUT_IN_SCREEN
01-08 10:14:57.797 29085 29085 E AndroidService: bhv=DEFAULT
01-08 10:14:57.797 29085 29085 E AndroidService: fitTypes=STATUS_BARS
NAVIGATION_BARS CAPTION_BAR}
01-08 10:14:57.797 29085 29085 E AndroidService: Use 10 io.va.exposed64 instead of
io.va.exposed64
01-08 10:14:57.805 29085 29085 E AndroidService: dbg2:
android.ext.Tools$ViewWrapper{2c4668a V.E...... ......I. 0,0-0,0} {(0,-1000)
(wrapxwrap) gr=TOP CENTER ty=APPLICATION_OVERLAY fmt=TRANSPARENT
01-08 10:14:57.805 29085 29085 E AndroidService: fl=NOT_FOCUSABLE NOT_TOUCHABLE
01-08 10:14:57.805 29085 29085 E AndroidService: bhv=DEFAULT
01-08 10:14:57.805 29085 29085 E AndroidService: fitTypes=STATUS_BARS
NAVIGATION_BARS CAPTION_BAR}
01-08 10:14:57.805 29085 29085 E AndroidService: Use 10 io.va.exposed64 instead of
io.va.exposed64
01-08 10:14:57.820 29085 29085 D Surface : lockCanvas
01-08 10:14:57.831 29085 29085 D Surface : lockCanvas
01-08 10:14:57.833 29085 29085 D Surface : lockCanvas
01-08 10:14:57.837 29085 29085 D Surface : lockCanvas
01-08 10:14:57.843 29085 29085 D Surface : lockCanvas
01-08 10:14:57.844 29085 29085 D Surface : lockCanvas
01-08 10:14:58.452 29085 29085 D Surface : lockCanvas
01-08 10:14:58.484 29085 29085 D Surface : lockCanvas
01-08 10:14:58.510 29085 29085 D Surface : lockCanvas
01-08 10:14:58.535 29085 29085 D Surface : lockCanvas
01-08 10:14:58.559 29085 29085 D Surface : lockCanvas
01-08 10:14:58.583 29085 29085 D Surface : lockCanvas
01-08 10:14:58.606 29085 29085 D Surface : lockCanvas
01-08 10:14:58.629 29085 29085 D Surface : lockCanvas
01-08 10:14:58.653 29085 29085 D Surface : lockCanvas
01-08 10:14:58.676 29085 29085 D Surface : lockCanvas
01-08 10:14:58.703 29085 29085 D Surface : lockCanvas
01-08 10:14:58.730 29085 29085 D Surface : lockCanvas
01-08 10:14:58.756 29085 29085 D Surface : lockCanvas
01-08 10:14:58.781 29085 29085 D Surface : lockCanvas
01-08 10:14:58.807 29085 29085 D Surface : lockCanvas
01-08 10:14:58.830 29085 29085 D Surface : lockCanvas
01-08 10:14:58.856 29085 29085 D Surface : lockCanvas
01-08 10:14:58.881 29085 29085 D Surface : lockCanvas
01-08 10:14:58.905 29085 29085 D Surface : lockCanvas
01-08 10:14:58.929 29085 29085 D Surface : lockCanvas
01-08 10:14:58.955 29085 29085 D Surface : lockCanvas
01-08 10:14:58.979 29085 29085 D Surface : lockCanvas
01-08 10:14:59.005 29085 29085 D Surface : lockCanvas
01-08 10:14:59.032 29085 29085 D Surface : lockCanvas
01-08 10:14:59.057 29085 29085 D Surface : lockCanvas
01-08 10:14:59.081 29085 29085 D Surface : lockCanvas
01-08 10:14:59.106 29085 29085 D Surface : lockCanvas
01-08 10:14:59.137 29085 29085 D Surface : lockCanvas
01-08 10:14:59.161 29085 29085 D Surface : lockCanvas
01-08 10:14:59.185 29085 29085 D Surface : lockCanvas
01-08 10:14:59.208 29085 29085 D Surface : lockCanvas
01-08 10:14:59.233 29085 29085 D Surface : lockCanvas
01-08 10:14:59.259 29085 29085 D Surface : lockCanvas
01-08 10:14:59.283 29085 29085 D Surface : lockCanvas
01-08 10:14:59.308 29085 29085 D Surface : lockCanvas
01-08 10:14:59.334 29085 29085 D Surface : lockCanvas
01-08 10:14:59.360 29085 29085 D Surface : lockCanvas
01-08 10:14:59.386 29085 29085 D Surface : lockCanvas
01-08 10:14:59.412 29085 29085 D Surface : lockCanvas
01-08 10:14:59.437 29085 29085 D Surface : lockCanvas
01-08 10:14:59.464 29085 29085 D Surface : lockCanvas
01-08 10:14:59.490 29085 29085 D Surface : lockCanvas
01-08 10:14:59.517 29085 29085 D Surface : lockCanvas
01-08 10:14:59.543 29085 29085 D Surface : lockCanvas
01-08 10:14:59.567 29085 29085 D Surface : lockCanvas
01-08 10:14:59.592 29085 29085 D Surface : lockCanvas
01-08 10:14:59.619 29085 29085 D Surface : lockCanvas
01-08 10:14:59.647 29085 29085 D Surface : lockCanvas
01-08 10:14:59.672 29085 29085 D Surface : lockCanvas
01-08 10:14:59.701 29085 29085 D Surface : lockCanvas
01-08 10:14:59.728 29085 29085 D Surface : lockCanvas
01-08 10:14:59.757 29085 29085 D Surface : lockCanvas
01-08 10:14:59.782 29085 29085 D Surface : lockCanvas
01-08 10:14:59.807 29085 29085 D Surface : lockCanvas
01-08 10:14:59.834 29085 29085 D Surface : lockCanvas
01-08 10:14:59.859 29085 29085 D Surface : lockCanvas
01-08 10:14:59.885 29085 29085 D Surface : lockCanvas
01-08 10:14:59.910 29085 29085 D Surface : lockCanvas
01-08 10:14:59.935 29085 29085 D Surface : lockCanvas
01-08 10:14:59.964 29085 29085 D Surface : lockCanvas
01-08 10:14:59.987 29085 29085 D Surface : lockCanvas
01-08 10:15:00.012 29085 29085 D Surface : lockCanvas
01-08 10:15:00.036 29085 29085 D Surface : lockCanvas
01-08 10:15:00.064 29085 29085 D Surface : lockCanvas
01-08 10:15:00.090 29085 29085 D Surface : lockCanvas
01-08 10:15:00.114 29085 29085 D Surface : lockCanvas
01-08 10:15:00.137 29085 29085 D Surface : lockCanvas
01-08 10:15:00.160 29085 29085 D Surface : lockCanvas
01-08 10:15:00.190 29085 29085 D Surface : lockCanvas
01-08 10:15:00.216 29085 29085 D Surface : lockCanvas
01-08 10:15:00.241 29085 29085 D Surface : lockCanvas
01-08 10:15:00.269 29085 29085 D Surface : lockCanvas
01-08 10:15:00.297 29085 29085 D Surface : lockCanvas
01-08 10:15:00.323 29085 29085 D Surface : lockCanvas
01-08 10:15:00.348 29085 29085 D Surface : lockCanvas
01-08 10:15:00.375 29085 29085 D Surface : lockCanvas
01-08 10:15:00.404 29085 29085 D Surface : lockCanvas
01-08 10:15:00.431 29085 29085 D Surface : lockCanvas
01-08 10:15:00.456 29085 29085 D Surface : lockCanvas
01-08 10:15:00.484 29085 29085 D Surface : lockCanvas
01-08 10:15:00.514 29085 29085 D Surface : lockCanvas
01-08 10:15:00.540 29085 29085 D Surface : lockCanvas
01-08 10:15:00.569 29085 29085 D Surface : lockCanvas
01-08 10:15:00.593 29085 29085 D Surface : lockCanvas
01-08 10:15:00.618 29085 29085 D Surface : lockCanvas
01-08 10:15:00.642 29085 29085 D Surface : lockCanvas
01-08 10:15:00.667 29085 29085 D Surface : lockCanvas
01-08 10:15:00.692 29085 29085 D Surface : lockCanvas
01-08 10:15:00.720 29085 29085 D Surface : lockCanvas
01-08 10:15:00.745 29085 29085 D Surface : lockCanvas
01-08 10:15:00.771 29085 29085 D Surface : lockCanvas
01-08 10:15:00.797 29085 29085 D Surface : lockCanvas
01-08 10:15:00.824 29085 29085 D Surface : lockCanvas
01-08 10:15:00.852 29085 29085 D Surface : lockCanvas
01-08 10:15:00.878 29085 29085 D Surface : lockCanvas
01-08 10:15:00.903 29085 29085 D Surface : lockCanvas
01-08 10:15:00.929 29085 29085 D Surface : lockCanvas
01-08 10:15:00.957 29085 29085 D Surface : lockCanvas
01-08 10:15:00.982 29085 29085 D Surface : lockCanvas
01-08 10:15:01.008 29085 29085 D Surface : lockCanvas
01-08 10:15:01.039 29085 29085 D Surface : lockCanvas
01-08 10:15:01.065 29085 29085 D Surface : lockCanvas
01-08 10:15:01.096 29085 29085 D Surface : lockCanvas
01-08 10:15:01.121 29085 29085 D Surface : lockCanvas
01-08 10:15:01.145 29085 29085 W ScrollPolicy: cannot found render thread
01-08 10:15:01.147 29085 29085 D Surface : lockCanvas
01-08 10:15:01.172 29085 29085 D Surface : lockCanvas
01-08 10:15:01.198 29085 29085 D Surface : lockCanvas
01-08 10:15:01.222 29085 29085 W ScrollPolicy: cannot found render thread
01-08 10:15:01.222 29085 29085 D Surface : lockCanvas
01-08 10:15:01.247 29085 29085 D Surface : lockCanvas
01-08 10:15:01.272 29085 29085 D Surface : lockCanvas
01-08 10:15:01.296 29085 29085 D Surface : lockCanvas
01-08 10:15:01.321 29085 29085 D Surface : lockCanvas
01-08 10:15:01.345 29085 29085 D Surface : lockCanvas
01-08 10:15:01.598 29085 29085 D Surface : lockCanvas
01-08 10:15:01.617 29085 29085 D Surface : lockCanvas
01-08 10:15:01.651 29085 29115 E AndroidService: Sended config: 2147483647
110000010000000011 1111111111111111111111110000000111111111111111111111111111111111
33000 36 /data/user/0/io.va.exposed64/virtual/data/user/0/com.pazhoclrbkau/files/
GG-WNXw; 79
01-08 10:15:01.652 29085 29085 D View : [Warning] assignParent to null: this =
DecorView@9889817[]
01-08 10:15:01.659 29085 29085 D Surface : lockCanvas
01-08 10:15:01.665 29085 29085 D View : [Warning] assignParent to null: this =
android.ext.Tools$ViewWrapper{2c4668a V.E...... ......I. 0,0-607,53}
01-08 10:15:01.671 29085 29085 D DecorView[]: onWindowFocusChanged hasWindowFocus
true
01-08 10:15:02.613 29085 29085 D Surface : lockCanvas
01-08 10:15:02.648 29085 29085 E AndroidService: Screen: 810dp x 356dp
01-08 10:15:02.650 29085 29085 E AndroidService: Kbd: 7 x 5; 924x660; 924x660
01-08 10:15:02.651 29085 29085 E AndroidService: Use 10 io.va.exposed64 instead of
null
01-08 10:15:02.651 29085 29085 D IS_CTS_MODE: false
01-08 10:15:02.651 29085 29085 D MULTI_WINDOW_SWITCH_ENABLED: false
01-08 10:15:02.665 29085 29085 E AndroidService: Kbd: 7 x 5; 924x660; 924x660
01-08 10:15:02.666 29085 29085 D Surface : lockCanvas
01-08 10:15:02.691 29085 29085 D Surface : lockCanvas
01-08 10:15:02.728 29085 29085 D Surface : lockCanvas
01-08 10:15:02.737 29085 29085 D Surface : lockCanvas
01-08 10:15:02.747 29085 29085 D DecorView[]: onWindowFocusChanged hasWindowFocus
false
01-08 10:15:02.748 29085 29085 D Surface : lockCanvas
01-08 10:15:02.754 29085 29085 D Surface : lockCanvas
01-08 10:15:02.764 29085 29085 D DecorView[]: onWindowFocusChanged hasWindowFocus
true
01-08 10:15:02.776 29085 29085 D Surface : lockCanvas
01-08 10:15:02.787 29085 29085 D View : [Warning] assignParent to null: this =
android.ext.Tools$ViewWrapper{4cc89df V.E...... ......I. 0,0-165,55}
01-08 10:15:02.789 29085 29085 E AndroidService: dbg2:
android.ext.Tools$ViewWrapper{b16ea16 V.E...... ......I. 0,0-0,0} {(10000,10000)
(165x55) gr=TOP LEFT CENTER ty=APPLICATION_OVERLAY fmt=TRANSPARENT
01-08 10:15:02.789 29085 29085 E AndroidService: fl=NOT_FOCUSABLE
LAYOUT_IN_SCREEN
01-08 10:15:02.789 29085 29085 E AndroidService: bhv=DEFAULT
01-08 10:15:02.789 29085 29085 E AndroidService: fitTypes=STATUS_BARS
NAVIGATION_BARS CAPTION_BAR}
01-08 10:15:02.789 29085 29085 E AndroidService: Use 10 io.va.exposed64 instead of
io.va.exposed64
01-08 10:15:02.799 29085 29085 E AndroidService: dbg2:
android.ext.Tools$ViewWrapper{eddd16d V.E...... ......I. 0,0-0,0} {(0,-1000)
(wrapxwrap) gr=TOP CENTER ty=APPLICATION_OVERLAY fmt=TRANSPARENT
01-08 10:15:02.799 29085 29085 E AndroidService: fl=NOT_FOCUSABLE NOT_TOUCHABLE
01-08 10:15:02.799 29085 29085 E AndroidService: bhv=DEFAULT
01-08 10:15:02.799 29085 29085 E AndroidService: fitTypes=STATUS_BARS
NAVIGATION_BARS CAPTION_BAR}
01-08 10:15:02.799 29085 29085 E AndroidService: Use 10 io.va.exposed64 instead of
io.va.exposed64
01-08 10:15:02.814 29085 29085 D Surface : lockCanvas
01-08 10:15:02.838 29085 29085 D Surface : lockCanvas
01-08 10:15:02.847 29085 29085 D Surface : lockCanvas
01-08 10:15:02.858 29085 29085 D Surface : lockCanvas
01-08 10:15:02.872 29085 29085 D Surface : lockCanvas
01-08 10:15:02.875 29085 29085 D Surface : lockCanvas
01-08 10:15:02.878 29085 29085 D Surface : lockCanvas
01-08 10:15:02.893 29085 29085 D Surface : lockCanvas
01-08 10:15:03.894 29085 29085 D Surface : lockCanvas
01-08 10:15:03.907 29085 29085 E AndroidService: sendSearchNumber: 1214290944; 0 x0
as 20000010 in 0-ffffffffffffffff, 0
01-08 10:15:03.908 29134 29134 I android-daemon: searchNumber: 1214290944; 0,
20000010 0-ffffffffffffffff
01-08 10:15:03.908 29085 29085 D View : [Warning] assignParent to null: this =
DecorView@48a857f[]
01-08 10:15:03.915 29085 29085 D View : [Warning] assignParent to null: this =
android.ext.Tools$ViewWrapper{eddd16d V.E...... ......I. 0,0-607,53}
01-08 10:15:03.921 29134 29134 I android-daemon: Region list 0: 183 from 3178;
644403200 from 13682094080; 13468; 180035
01-08 10:15:03.922 29134 29134 I android-daemon: Region list 1: 183 from 3178;
644403200 from 13682094080; 13941; 180035
01-08 10:15:03.922 29134 29134 E android-daemon: Send code: 19, 2
01-08 10:15:03.922 29134 29134 I android-daemon: searchTableIndex success: 81
536870928 20000010
01-08 10:15:03.922 29134 29134 I android-daemon: firstSearchFe started.
01-08 10:15:03.922 29134 29134 E android-daemon: Progress 29134: 0 from 157325,
found: 0
01-08 10:15:03.936 29085 29085 D DecorView[]: onWindowFocusChanged hasWindowFocus
true
01-08 10:15:04.007 29085 29085 E AndroidService: Use 10 io.va.exposed64 instead of
null
01-08 10:15:04.007 29085 29085 D IS_CTS_MODE: false
01-08 10:15:04.008 29085 29085 D MULTI_WINDOW_SWITCH_ENABLED: false
01-08 10:15:04.022 29085 29085 D DecorView[]: updateDecorCaptionStatus
displayWindowDecor is false
01-08 10:15:04.040 29085 29085 D Surface : lockCanvas
01-08 10:15:04.050 29085 29085 D Surface : lockCanvas
01-08 10:15:04.056 29085 29085 D Surface : lockCanvas
01-08 10:15:04.066 29085 29085 D DecorView[]: onWindowFocusChanged hasWindowFocus
false
01-08 10:15:04.066 29085 29085 D Surface : lockCanvas
01-08 10:15:04.072 29085 29085 D DecorView[]: onWindowFocusChanged hasWindowFocus
true
01-08 10:15:04.073 29085 29085 D Surface : lockCanvas
01-08 10:15:04.081 29085 29085 D Surface : lockCanvas
01-08 10:15:04.088 29085 29085 D Surface : lockCanvas
01-08 10:15:04.093 29085 29085 D Surface : lockCanvas
01-08 10:15:04.099 29085 29085 D Surface : lockCanvas
01-08 10:15:04.108 29085 29085 D Surface : lockCanvas
01-08 10:15:04.113 29134 29139 E android-daemon: Progress 29139: 55878 from 157325,
found: 0
01-08 10:15:04.114 29085 29085 D Surface : lockCanvas
01-08 10:15:04.121 29085 29085 D Surface : lockCanvas
01-08 10:15:04.128 29085 29085 D Surface : lockCanvas
01-08 10:15:04.132 29085 29085 D View : [Warning] assignParent to null: this =
android.ext.Tools$ViewWrapper{b16ea16 V.E...... ......I. 0,0-165,55}
01-08 10:15:04.133 29085 29085 E AndroidService: dbg2:
android.ext.Tools$ViewWrapper{f5cc08b V.E...... ......I. 0,0-0,0} {(10000,10000)
(165x55) gr=TOP LEFT CENTER ty=APPLICATION_OVERLAY fmt=TRANSPARENT
01-08 10:15:04.133 29085 29085 E AndroidService: fl=NOT_FOCUSABLE
LAYOUT_IN_SCREEN
01-08 10:15:04.133 29085 29085 E AndroidService: bhv=DEFAULT
01-08 10:15:04.133 29085 29085 E AndroidService: fitTypes=STATUS_BARS
NAVIGATION_BARS CAPTION_BAR}
01-08 10:15:04.133 29085 29085 E AndroidService: Use 10 io.va.exposed64 instead of
io.va.exposed64
01-08 10:15:04.140 29085 29085 E AndroidService: dbg2:
android.ext.Tools$ViewWrapper{4dd5e26 V.E...... ......I. 0,0-0,0} {(0,-1000)
(wrapxwrap) gr=TOP CENTER ty=APPLICATION_OVERLAY fmt=TRANSPARENT
01-08 10:15:04.140 29085 29085 E AndroidService: fl=NOT_FOCUSABLE NOT_TOUCHABLE
01-08 10:15:04.140 29085 29085 E AndroidService: bhv=DEFAULT
01-08 10:15:04.140 29085 29085 E AndroidService: fitTypes=STATUS_BARS
NAVIGATION_BARS CAPTION_BAR}
01-08 10:15:04.140 29085 29085 E AndroidService: Use 10 io.va.exposed64 instead of
io.va.exposed64
01-08 10:15:04.149 29085 29085 D Surface : lockCanvas
01-08 10:15:04.160 29085 29085 D Surface : lockCanvas
01-08 10:15:04.167 29085 29085 D Surface : lockCanvas
01-08 10:15:04.175 29085 29085 D Surface : lockCanvas
01-08 10:15:04.180 29085 29085 D Surface : lockCanvas
01-08 10:15:04.185 29085 29085 D Surface : lockCanvas
01-08 10:15:04.189 29085 29085 D Surface : lockCanvas
01-08 10:15:04.193 29085 29085 D Surface : lockCanvas
01-08 10:15:04.197 29085 29085 D Surface : lockCanvas
01-08 10:15:04.204 29085 29085 D Surface : lockCanvas
01-08 10:15:04.210 29085 29085 D Surface : lockCanvas
01-08 10:15:04.218 29085 29085 D Surface : lockCanvas
01-08 10:15:04.225 29085 29085 D Surface : lockCanvas
01-08 10:15:04.231 29085 29085 D Surface : lockCanvas
01-08 10:15:04.238 29085 29085 D Surface : lockCanvas
01-08 10:15:04.245 29085 29085 D Surface : lockCanvas
01-08 10:15:04.251 29085 29085 D Surface : lockCanvas
01-08 10:15:04.259 29085 29085 D Surface : lockCanvas
01-08 10:15:04.265 29085 29085 D Surface : lockCanvas
01-08 10:15:04.272 29085 29085 D Surface : lockCanvas
01-08 10:15:04.279 29085 29085 D Surface : lockCanvas
01-08 10:15:04.285 29085 29085 D Surface : lockCanvas
01-08 10:15:04.293 29085 29085 D Surface : lockCanvas
01-08 10:15:04.300 29085 29085 D Surface : lockCanvas
01-08 10:15:04.307 29085 29085 D Surface : lockCanvas
01-08 10:15:04.313 29134 29139 E android-daemon: Progress 29139: 107785 from
157325, found: 0
01-08 10:15:04.314 29085 29085 D Surface : lockCanvas
01-08 10:15:04.320 29085 29085 D Surface : lockCanvas
01-08 10:15:04.327 29085 29085 D Surface : lockCanvas
01-08 10:15:04.335 29085 29085 D Surface : lockCanvas
01-08 10:15:04.342 29085 29085 D Surface : lockCanvas
01-08 10:15:04.348 29085 29085 D Surface : lockCanvas
01-08 10:15:04.354 29085 29085 D Surface : lockCanvas
01-08 10:15:04.362 29085 29085 D Surface : lockCanvas
01-08 10:15:04.368 29085 29085 D Surface : lockCanvas
01-08 10:15:04.376 29085 29085 D Surface : lockCanvas
01-08 10:15:04.384 29085 29085 D Surface : lockCanvas
01-08 10:15:04.389 29085 29085 D Surface : lockCanvas
01-08 10:15:04.396 29085 29085 D Surface : lockCanvas
01-08 10:15:04.403 29085 29085 D Surface : lockCanvas
01-08 10:15:04.410 29085 29085 D Surface : lockCanvas
01-08 10:15:04.417 29085 29085 D Surface : lockCanvas
01-08 10:15:04.423 29085 29085 D Surface : lockCanvas
01-08 10:15:04.431 29085 29085 D Surface : lockCanvas
01-08 10:15:04.437 29085 29085 D Surface : lockCanvas
01-08 10:15:04.445 29085 29085 D Surface : lockCanvas
01-08 10:15:04.451 29085 29085 D Surface : lockCanvas
01-08 10:15:04.458 29085 29085 D Surface : lockCanvas
01-08 10:15:04.465 29085 29085 D Surface : lockCanvas
01-08 10:15:04.472 29085 29085 D Surface : lockCanvas
01-08 10:15:04.479 29085 29085 D Surface : lockCanvas
01-08 10:15:04.486 29085 29085 D Surface : lockCanvas
01-08 10:15:04.487 29134 29134 I android-daemon: firstSearch_ dbg: 644403200
01-08 10:15:04.487 29134 29134 I android-daemon: firstSearchFe ended.
01-08 10:15:04.487 29134 29134 I android-daemon: firstSearch clocks: 565122, 564889
/ 157325 -> 359
01-08 10:15:04.487 29134 29134 I android-daemon: MR[0] = 0
01-08 10:15:04.487 29134 29134 I android-daemon: MR[1] = 0
01-08 10:15:04.487 29134 29134 I android-daemon: MR[2] = 0
01-08 10:15:04.487 29134 29134 I android-daemon: MR[3] = 0
01-08 10:15:04.487 29134 29134 I android-daemon: MR[4] = 0
01-08 10:15:04.487 29134 29134 I android-daemon: MR[5] = 0
01-08 10:15:04.487 29134 29134 I android-daemon: MR[6] = 0
01-08 10:15:04.487 29134 29134 I android-daemon: MR[7] = 0
01-08 10:15:04.487 29134 29134 I android-daemon: MR[8] = 0
01-08 10:15:04.487 29134 29134 I android-daemon: MR[9] = 0
01-08 10:15:04.487 29134 29134 I android-daemon: MR[10] = 0
01-08 10:15:04.487 29134 29134 I android-daemon: MR[11] = 0
01-08 10:15:04.487 29134 29134 I android-daemon: MR[12] = 0
01-08 10:15:04.487 29134 29134 I android-daemon: MR[13] = 0
01-08 10:15:04.487 29134 29134 I android-daemon: MR[14] = 0
01-08 10:15:04.487 29134 29134 I android-daemon: MR[15] = 0
01-08 10:15:04.487 29134 29134 I android-daemon: MR[16] = 0
