01-08 10:15:04.487 29134 29134 I android-daemon: MR[17] = 0
01-08 10:15:04.487 29134 29134 I android-daemon: MR[18] = 157325
01-08 10:15:04.487 29134 29134 I android-daemon: MR[19] = 157325
01-08 10:15:04.487 29134 29134 E android-daemon: ::searchDone: 0, 0 0
01-08 10:15:04.491 29085 29085 D View : [Warning] assignParent to null: this =
DecorView@139a0bd[]
01-08 10:15:04.500 29085 29085 E AndroidService: notifyScript client: null
01-08 10:15:04.502 29085 29085 D Surface : lockCanvas
01-08 10:15:04.508 29085 29085 D View : [Warning] assignParent to null: this =
android.ext.Tools$ViewWrapper{4dd5e26 V.E...... ......I. 0,0-607,53}
01-08 10:15:04.509 29085 29085 E AndroidService: notifyScript client: null
01-08 10:15:04.511 29085 29085 D Surface : lockCanvas
01-08 10:15:04.522 29085 29085 D DecorView[]: onWindowFocusChanged hasWindowFocus
true
01-08 10:15:05.293 29085 29085 D Surface : lockCanvas
01-08 10:15:05.308 29085 29085 D Surface : lockCanvas
01-08 10:15:05.319 29085 29085 D Surface : lockCanvas
01-08 10:15:05.327 29085 29085 D Surface : lockCanvas
01-08 10:15:05.333 29085 29085 D Surface : lockCanvas
01-08 10:15:05.341 29085 29085 D Surface : lockCanvas
01-08 10:15:05.347 29085 29085 D Surface : lockCanvas
01-08 10:15:05.354 29085 29085 D Surface : lockCanvas
01-08 10:15:05.361 29085 29085 D Surface : lockCanvas
01-08 10:15:05.368 29085 29085 D Surface : lockCanvas
01-08 10:15:05.769 29085 29085 D Surface : lockCanvas
01-08 10:15:05.784 29085 29085 D Surface : lockCanvas
01-08 10:15:05.791 29085 29085 D Surface : lockCanvas
01-08 10:15:05.798 29085 29085 D Surface : lockCanvas
01-08 10:15:05.803 29085 29085 D Surface : lockCanvas
01-08 10:15:05.809 29085 29085 D Surface : lockCanvas
01-08 10:15:05.815 29085 29085 D Surface : lockCanvas
01-08 10:15:05.823 29085 29085 D Surface : lockCanvas
01-08 10:15:05.829 29085 29085 D Surface : lockCanvas
01-08 10:15:05.837 29085 29085 D Surface : lockCanvas
01-08 10:15:05.843 29085 29085 D Surface : lockCanvas
01-08 10:15:05.850 29085 29085 D Surface : lockCanvas
01-08 10:15:05.857 29085 29085 D Surface : lockCanvas
01-08 10:15:05.864 29085 29085 D Surface : lockCanvas
01-08 10:15:05.870 29085 29085 D Surface : lockCanvas
01-08 10:15:05.877 29085 29085 D Surface : lockCanvas
01-08 10:15:05.884 29085 29085 D Surface : lockCanvas
01-08 10:15:05.891 29085 29085 D Surface : lockCanvas
01-08 10:15:05.898 29085 29085 D Surface : lockCanvas
01-08 10:15:05.905 29085 29085 D Surface : lockCanvas
01-08 10:15:05.912 29085 29085 D Surface : lockCanvas
01-08 10:15:05.919 29085 29085 D Surface : lockCanvas
01-08 10:15:05.926 29085 29085 D Surface : lockCanvas
01-08 10:15:05.933 29085 29085 D Surface : lockCanvas
01-08 10:15:05.939 29085 29085 D Surface : lockCanvas
01-08 10:15:05.947 29085 29085 D Surface : lockCanvas
01-08 10:15:05.953 29085 29085 D Surface : lockCanvas
01-08 10:15:05.961 29085 29085 D Surface : lockCanvas
01-08 10:15:05.970 29085 29085 D Surface : lockCanvas
01-08 10:15:05.977 29085 29085 D Surface : lockCanvas
01-08 10:15:05.982 29085 29085 D Surface : lockCanvas
01-08 10:15:05.988 29085 29085 D Surface : lockCanvas
01-08 10:15:05.995 29085 29085 D Surface : lockCanvas
01-08 10:15:06.001 29085 29085 D Surface : lockCanvas
01-08 10:15:06.008 29085 29085 D Surface : lockCanvas
01-08 10:15:06.015 29085 29085 D Surface : lockCanvas
01-08 10:15:06.022 29085 29085 D Surface : lockCanvas
01-08 10:15:08.931 29085 29085 D Surface : lockCanvas
01-08 10:15:08.954 29085 29085 E AndroidService: Use 1 io.va.exposed64 instead of
com.pazhoclrbkau
01-08 10:15:08.957 29085 29085 E AndroidService: Use 2 io.va.exposed64 instead of
com.pazhoclrbkau
01-08 10:15:08.962 29085 29085 D Surface : lockCanvas
01-08 10:15:08.969 29085 29085 E AndroidService: Use 1 io.va.exposed64 instead of
com.pazhoclrbkau
01-08 10:15:08.985 29085 29085 D Surface : lockCanvas
01-08 10:15:08.996 29085 29085 D Surface : lockCanvas
01-08 10:15:09.004 29085 29085 D Surface : lockCanvas
01-08 10:15:09.013 29085 29085 D Surface : lockCanvas
01-08 10:15:09.799 29085 29085 D Surface : lockCanvas
01-08 10:15:09.813 29085 29085 E AndroidService: Screen: 810dp x 356dp
01-08 10:15:09.813 29085 29085 E AndroidService: Kbd: 7 x 5; 924x660; 924x660
01-08 10:15:09.814 29085 29085 E AndroidService: Use 10 io.va.exposed64 instead of
null
01-08 10:15:09.814 29085 29085 D IS_CTS_MODE: false
01-08 10:15:09.814 29085 29085 D MULTI_WINDOW_SWITCH_ENABLED: false
01-08 10:15:09.828 29085 29085 E AndroidService: Kbd: 7 x 5; 924x660; 924x660
01-08 10:15:09.829 29085 29085 D Surface : lockCanvas
01-08 10:15:09.851 29085 29085 D Surface : lockCanvas
01-08 10:15:09.893 29085 29085 D Surface : lockCanvas
01-08 10:15:09.910 29085 29085 D Surface : lockCanvas
01-08 10:15:09.919 29085 29085 D DecorView[]: onWindowFocusChanged hasWindowFocus
false
01-08 10:15:09.920 29085 29085 D Surface : lockCanvas
01-08 10:15:09.924 29085 29085 D Surface : lockCanvas
01-08 10:15:09.934 29085 29085 D DecorView[]: onWindowFocusChanged hasWindowFocus
true
01-08 10:15:09.946 29085 29085 D Surface : lockCanvas
01-08 10:15:09.958 29085 29085 D View : [Warning] assignParent to null: this =
android.ext.Tools$ViewWrapper{f5cc08b V.E...... ......I. 0,0-165,55}
01-08 10:15:09.962 29085 29085 E AndroidService: dbg2:
android.ext.Tools$ViewWrapper{601d193 V.E...... ......I. 0,0-0,0} {(10000,10000)
(165x55) gr=TOP LEFT CENTER ty=APPLICATION_OVERLAY fmt=TRANSPARENT
01-08 10:15:09.962 29085 29085 E AndroidService: fl=NOT_FOCUSABLE
LAYOUT_IN_SCREEN
01-08 10:15:09.962 29085 29085 E AndroidService: bhv=DEFAULT
01-08 10:15:09.962 29085 29085 E AndroidService: fitTypes=STATUS_BARS
NAVIGATION_BARS CAPTION_BAR}
01-08 10:15:09.962 29085 29085 E AndroidService: Use 10 io.va.exposed64 instead of
io.va.exposed64
01-08 10:15:09.971 29085 29085 E AndroidService: dbg2:
android.ext.Tools$ViewWrapper{fc48ce V.E...... ......I. 0,0-0,0} {(0,-1000)
(wrapxwrap) gr=TOP CENTER ty=APPLICATION_OVERLAY fmt=TRANSPARENT
01-08 10:15:09.971 29085 29085 E AndroidService: fl=NOT_FOCUSABLE NOT_TOUCHABLE
01-08 10:15:09.971 29085 29085 E AndroidService: bhv=DEFAULT
01-08 10:15:09.971 29085 29085 E AndroidService: fitTypes=STATUS_BARS
NAVIGATION_BARS CAPTION_BAR}
01-08 10:15:09.971 29085 29085 E AndroidService: Use 10 io.va.exposed64 instead of
io.va.exposed64
01-08 10:15:09.985 29085 29085 D Surface : lockCanvas
01-08 10:15:10.006 29085 29085 D Surface : lockCanvas
01-08 10:15:10.013 29085 29085 D Surface : lockCanvas
01-08 10:15:10.022 29085 29085 D Surface : lockCanvas
01-08 10:15:10.034 29085 29085 D Surface : lockCanvas
01-08 10:15:10.037 29085 29085 D Surface : lockCanvas
01-08 10:15:10.039 29085 29085 D Surface : lockCanvas
01-08 10:15:10.052 29085 29085 D Surface : lockCanvas
01-08 10:15:10.064 29085 29085 D Surface : lockCanvas
01-08 10:15:11.029 29085 29085 E AndroidService: Application onTrimMemory: 10
01-08 10:15:11.029 29085 29085 E AndroidService: ComponentCallbacks2 onTrimMemory:
10
01-08 10:15:11.029 29085 29085 E AndroidService: onTrimMemory: 10
01-08 10:15:11.029 29085 29085 E AndroidService: PL: 2 -> 0
01-08 10:15:11.029 29085 29085 E AndroidService: onTrimMemory: 10
01-08 10:15:11.029 29085 29085 E AndroidService: Activity onTrimMemory: 10
01-08 10:15:11.029 29085 29085 E AndroidService: onTrimMemory: 10
01-08 10:15:11.029 29085 29085 E AndroidService: BootstrapService onTrimMemory: 10
01-08 10:15:11.029 29085 29085 E AndroidService: onTrimMemory: 10
01-08 10:15:11.433 29085 29085 D Surface : lockCanvas
01-08 10:15:11.445 29085 29085 D Surface : lockCanvas
01-08 10:15:11.459 29085 29085 D Surface : lockCanvas
01-08 10:15:11.470 29085 29085 D Surface : lockCanvas
01-08 10:15:11.481 29085 29085 D Surface : lockCanvas
01-08 10:15:11.493 29085 29085 D Surface : lockCanvas
01-08 10:15:11.504 29085 29085 D Surface : lockCanvas
01-08 10:15:11.515 29085 29085 D Surface : lockCanvas
01-08 10:15:11.527 29085 29085 D Surface : lockCanvas
01-08 10:15:11.539 29085 29085 D Surface : lockCanvas
01-08 10:15:11.550 29085 29085 D Surface : lockCanvas
01-08 10:15:11.562 29085 29085 D Surface : lockCanvas
01-08 10:15:11.573 29085 29085 D Surface : lockCanvas
01-08 10:15:11.584 29085 29085 D Surface : lockCanvas
01-08 10:15:11.597 29085 29085 D Surface : lockCanvas
01-08 10:15:11.609 29085 29085 D Surface : lockCanvas
01-08 10:15:11.618 29085 29085 D Surface : lockCanvas
01-08 10:15:11.628 29085 29085 D Surface : lockCanvas
01-08 10:15:11.639 29085 29085 D Surface : lockCanvas
01-08 10:15:11.650 29085 29085 D Surface : lockCanvas
01-08 10:15:11.660 29085 29085 D Surface : lockCanvas
01-08 10:15:11.673 29085 29085 D Surface : lockCanvas
01-08 10:15:11.683 29085 29085 D Surface : lockCanvas
01-08 10:15:11.873 29085 29085 D Surface : lockCanvas
01-08 10:15:11.891 29085 29085 D Surface : lockCanvas
01-08 10:15:11.905 29085 29085 D Surface : lockCanvas
01-08 10:15:11.919 29085 29085 D Surface : lockCanvas
01-08 10:15:11.932 29085 29085 D Surface : lockCanvas
01-08 10:15:11.947 29085 29085 D Surface : lockCanvas
01-08 10:15:11.963 29085 29085 D Surface : lockCanvas
01-08 10:15:11.976 29085 29085 D Surface : lockCanvas
01-08 10:15:11.991 29085 29085 D View : [Warning] assignParent to null: this =
android.widget.LinearLayout{abebe20 V.E...... ......ID 0,0-659,316}
01-08 10:15:12.002 29085 29085 D Surface : lockCanvas
01-08 10:15:12.020 29085 29085 D Surface : lockCanvas
01-08 10:15:12.036 29085 29085 D Surface : lockCanvas
01-08 10:15:12.055 29085 29085 D Surface : lockCanvas
01-08 10:15:12.069 29085 29085 D Surface : lockCanvas
01-08 10:15:12.083 29085 29085 D Surface : lockCanvas
01-08 10:15:12.098 29085 29085 D Surface : lockCanvas
01-08 10:15:12.113 29085 29085 D Surface : lockCanvas
01-08 10:15:12.129 29085 29085 D Surface : lockCanvas
01-08 10:15:12.145 29085 29085 D Surface : lockCanvas
01-08 10:15:12.161 29085 29085 D Surface : lockCanvas
01-08 10:15:12.179 29085 29085 D Surface : lockCanvas
01-08 10:15:12.196 29085 29085 D Surface : lockCanvas
01-08 10:15:12.213 29085 29085 D Surface : lockCanvas
01-08 10:15:12.227 29085 29085 D Surface : lockCanvas
01-08 10:15:12.244 29085 29085 D Surface : lockCanvas
01-08 10:15:12.258 29085 29085 D Surface : lockCanvas
01-08 10:15:12.272 29085 29085 D Surface : lockCanvas
01-08 10:15:12.287 29085 29085 D Surface : lockCanvas
01-08 10:15:12.302 29085 29085 D Surface : lockCanvas
01-08 10:15:12.316 29085 29085 D Surface : lockCanvas
01-08 10:15:12.331 29085 29085 D Surface : lockCanvas
01-08 10:15:12.345 29085 29085 D Surface : lockCanvas
01-08 10:15:12.360 29085 29085 D Surface : lockCanvas
01-08 10:15:12.374 29085 29085 D Surface : lockCanvas
01-08 10:15:12.387 29085 29085 D Surface : lockCanvas
01-08 10:15:12.401 29085 29085 D Surface : lockCanvas
01-08 10:15:12.416 29085 29085 D Surface : lockCanvas
01-08 10:15:12.430 29085 29085 D Surface : lockCanvas
01-08 10:15:12.443 29085 29085 D Surface : lockCanvas
01-08 10:15:12.456 29085 29085 D Surface : lockCanvas
01-08 10:15:12.470 29085 29085 D Surface : lockCanvas
01-08 10:15:12.485 29085 29085 D Surface : lockCanvas
01-08 10:15:12.500 29085 29085 D Surface : lockCanvas
01-08 10:15:12.513 29085 29085 D Surface : lockCanvas
01-08 10:15:12.528 29085 29085 D Surface : lockCanvas
01-08 10:15:12.552 29085 29085 E AndroidService: sendSearchNumber: 1214290944; 0 x0
as 2000010 in 0-ffffffffffffffff, 0
01-08 10:15:12.552 29134 29134 I android-daemon: searchNumber: 1214290944; 0,
2000010 0-ffffffffffffffff
01-08 10:15:12.553 29134 29134 E android-daemon: attach 1 pid 2487 error 2: No such
file or directory
01-08 10:15:12.553 29134 29134 E android-daemon: alive check pid 2487 error 2: No
such file or directory
01-08 10:15:12.553 29085 29085 D View : [Warning] assignParent to null: this =
DecorView@2219c4c[]
01-08 10:15:12.553 29134 29134 E android-daemon: detach pid 2511 error 2: No such
file or directory
01-08 10:15:12.554 29134 29134 E android-daemon: attach failed
01-08 10:15:12.569 29134 29134 E android-daemon: detach: PID - invalid
01-08 10:15:12.570 29085 29085 E AndroidService: Use 10 io.va.exposed64 instead of
null
01-08 10:15:12.570 29085 29085 D IS_CTS_MODE: false
01-08 10:15:12.570 29085 29085 D MULTI_WINDOW_SWITCH_ENABLED: false
01-08 10:15:12.594 29134 29134 I android-daemon: SP T: 38
01-08 10:15:12.595 29085 29085 D Surface : lockCanvas
01-08 10:15:12.596 29134 29134 I android-daemon: SP D 1705 2
01-08 10:15:12.619 29085 29085 D Surface : lockCanvas
01-08 10:15:12.630 29085 29085 D DecorView[]: onWindowFocusChanged hasWindowFocus
false
01-08 10:15:12.634 29085 29085 D Surface : lockCanvas
01-08 10:15:12.640 29085 29085 D Surface : lockCanvas
01-08 10:15:12.650 29085 29085 E AndroidService: getRunningAppProcesses: start
01-08 10:15:12.653 29085 29085 E AndroidService: getRunningAppProcesses: end 3
01-08 10:15:12.662 29085 29085 E AndroidService: getResized: 168x168 -> 132x132 in
0
01-08 10:15:12.662 29085 29085 E AndroidService: used: ProcessInfo
[cmdline=io.va.exposed64, name=VirtualXposed, packageName=io.va.exposed64,
icon=android.graphics.drawable.BitmapDrawable@96ee926, pid=27630, uid=10255,
isSystem=false, isGame=false, weight=3003000, main=true, order=0, x64=true,
rss=110568, getTracer()=0, getTrace()=-1]
01-08 10:15:12.664 29134 29134 E android-daemon: detach: PID - invalid
01-08 10:15:12.665 29085 29085 E AndroidService: TE get: 1:1100 2:1100 3:1100
4:1100 5:1100 6:1100 7:1100 8:1100 9:1100 10:1100 11:1100 12:1100 13:1100 14:1100
15:1100 16:1100 17:1100 18:1100 19:1100 20:1100 21:1100 22:1100 23:1100 24:1100
25:1100 26:1100 27:1100 28:1100 29:1100 30:1100 31:1100 32:1100 33:1100 34:1100
35:1100 36:1100 37:1100 38:1100 39:1100 40:0000 41:1100 42:1100 43:0000 44:0000
01-08 10:15:12.666 29085 29085 E AndroidService: RE get: 1:1100 2:1100 3:1100
4:1100 5:1100 6:1100 7:1100 8:1100 9:1100 10:1100 11:1100 12:1100 13:1100 14:1100
15:1100 16:1100 17:1100 18:1100 19:1100
01-08 10:15:12.667 29085 29085 D Surface : lockCanvas
01-08 10:15:12.668 29134 29134 E android-daemon: detach: PID - invalid
01-08 10:15:12.668 29134 29134 I android-daemon: package name: io.va.exposed64
01-08 10:15:12.668 29134 29134 I android-daemon: Libs path:
/data/app/~~kLWU2Va_3hw_ZundL20ung==/io.va.exposed64-bMsl9JxH74dZMmDYy1sprg==/lib/
arm64
01-08 10:15:12.675 29085 29085 D Surface : lockCanvas
01-08 10:15:12.680 29085 29085 D DecorView[]: onWindowFocusChanged hasWindowFocus
true
01-08 10:15:12.682 29134 29134 I android-daemon: Region list 0: 66 from 2460;
143257600 from 7154626560; 14161; 146655
01-08 10:15:12.683 29085 29085 D Surface : lockCanvas
01-08 10:15:12.683 29134 29134 I android-daemon: Region list 1: 66 from 2460;
143257600 from 7154626560; 14786; 146655
01-08 10:15:12.691 29085 29085 D Surface : lockCanvas
01-08 10:15:12.700 29085 29085 E AndroidService: notifyScript client: null
01-08 10:15:12.700 29085 29085 D View : [Warning] assignParent to null: this =
android.ext.Tools$ViewWrapper{601d193 V.E...... ......I. 0,0-165,55}
01-08 10:15:12.701 29085 29085 E AndroidService: dbg2:
android.ext.Tools$ViewWrapper{630850a V.E...... ......I. 0,0-0,0} {(10000,10000)
(165x55) gr=TOP LEFT CENTER ty=APPLICATION_OVERLAY fmt=TRANSPARENT
01-08 10:15:12.701 29085 29085 E AndroidService: fl=NOT_FOCUSABLE
LAYOUT_IN_SCREEN
01-08 10:15:12.701 29085 29085 E AndroidService: bhv=DEFAULT
01-08 10:15:12.701 29085 29085 E AndroidService: fitTypes=STATUS_BARS
NAVIGATION_BARS CAPTION_BAR}
01-08 10:15:12.701 29085 29085 E AndroidService: Use 10 io.va.exposed64 instead of
io.va.exposed64
01-08 10:15:12.707 29085 29085 D View : [Warning] assignParent to null: this =
android.ext.Tools$ViewWrapper{fc48ce V.E...... ......I. 0,0-607,53}
01-08 10:15:12.709 29085 29085 E AndroidService: dbg2:
android.ext.Tools$ViewWrapper{ee78ff1 V.E...... ......I. 0,0-0,0} {(0,-1000)
(wrapxwrap) gr=TOP CENTER ty=APPLICATION_OVERLAY fmt=TRANSPARENT
01-08 10:15:12.709 29085 29085 E AndroidService: fl=NOT_FOCUSABLE NOT_TOUCHABLE
01-08 10:15:12.709 29085 29085 E AndroidService: bhv=DEFAULT
01-08 10:15:12.709 29085 29085 E AndroidService: fitTypes=STATUS_BARS
NAVIGATION_BARS CAPTION_BAR}
01-08 10:15:12.709 29085 29085 E AndroidService: Use 10 io.va.exposed64 instead of
io.va.exposed64
01-08 10:15:12.720 29085 29085 D Surface : lockCanvas
01-08 10:15:12.738 29085 29085 D Surface : lockCanvas
01-08 10:15:12.755 29085 29085 D Surface : lockCanvas
01-08 10:15:12.782 29085 29085 D Surface : lockCanvas
01-08 10:15:12.784 29085 29085 D Surface : lockCanvas
01-08 10:15:14.272 29085 29085 D Surface : lockCanvas
01-08 10:15:14.279 29085 29085 D Surface : lockCanvas
01-08 10:15:14.288 29085 29085 D Surface : lockCanvas
01-08 10:15:14.292 29085 29085 D Surface : lockCanvas
01-08 10:15:14.299 29085 29085 D Surface : lockCanvas
01-08 10:15:14.304 29085 29085 D Surface : lockCanvas
01-08 10:15:14.312 29085 29085 D Surface : lockCanvas
01-08 10:15:14.318 29085 29085 D Surface : lockCanvas
01-08 10:15:14.325 29085 29085 D Surface : lockCanvas
01-08 10:15:14.332 29085 29085 D Surface : lockCanvas
01-08 10:15:14.339 29085 29085 D Surface : lockCanvas
01-08 10:15:14.347 29085 29085 D Surface : lockCanvas
01-08 10:15:14.355 29085 29085 D Surface : lockCanvas
01-08 10:15:14.359 29085 29085 D Surface : lockCanvas
01-08 10:15:14.368 29085 29085 D Surface : lockCanvas
01-08 10:15:14.373 29085 29085 D Surface : lockCanvas
01-08 10:15:14.381 29085 29085 D Surface : lockCanvas
01-08 10:15:14.387 29085 29085 D Surface : lockCanvas
01-08 10:15:14.396 29085 29085 D Surface : lockCanvas
01-08 10:15:14.400 29085 29085 D Surface : lockCanvas
01-08 10:15:14.408 29085 29085 D Surface : lockCanvas
01-08 10:15:14.416 29085 29085 D Surface : lockCanvas
01-08 10:15:14.421 29085 29085 D Surface : lockCanvas
01-08 10:15:14.430 29085 29085 D Surface : lockCanvas
01-08 10:15:14.436 29085 29085 D Surface : lockCanvas
01-08 10:15:14.443 29085 29085 D Surface : lockCanvas
01-08 10:15:14.450 29085 29085 D Surface : lockCanvas
01-08 10:15:14.457 29085 29085 D Surface : lockCanvas
01-08 10:15:14.463 29085 29085 D Surface : lockCanvas
01-08 10:15:14.472 29085 29085 D Surface : lockCanvas
01-08 10:15:14.477 29085 29085 D Surface : lockCanvas
01-08 10:15:14.484 29085 29085 D Surface : lockCanvas
01-08 10:15:14.491 29085 29085 D Surface : lockCanvas
01-08 10:15:14.499 29085 29085 D Surface : lockCanvas
01-08 10:15:14.504 29085 29085 D Surface : lockCanvas
01-08 10:15:14.512 29085 29085 D Surface : lockCanvas
01-08 10:15:14.520 29085 29085 D Surface : lockCanvas
01-08 10:15:15.715 29085 29085 D Surface : lockCanvas
01-08 10:15:15.751 29085 29085 D View : [Warning] assignParent to null: this =
DecorView@2e61bae[]
01-08 10:15:15.759 29085 29085 W InputEventReceiver: Attempted to finish an input
event but the input event receiver has already been disposed.
01-08 10:15:15.759 29085 29085 D View : [Warning] assignParent to null: this =
android.ext.Tools$ViewWrapper{ee78ff1 V.E...... ......I. 0,0-607,53}
01-08 10:15:15.770 29085 29085 D DecorView[]: onWindowFocusChanged hasWindowFocus
true
01-08 10:15:16.765 29085 29085 D Surface : lockCanvas
01-08 10:15:16.793 29085 29085 E AndroidService: Screen: 810dp x 356dp
01-08 10:15:16.797 29085 29085 E AndroidService: Kbd: 7 x 5; 924x660; 924x660
01-08 10:15:16.797 29085 29085 E AndroidService: Use 10 io.va.exposed64 instead of
null
01-08 10:15:16.798 29085 29085 D IS_CTS_MODE: false
01-08 10:15:16.798 29085 29085 D MULTI_WINDOW_SWITCH_ENABLED: false
01-08 10:15:16.814 29085 29085 E AndroidService: Kbd: 7 x 5; 924x660; 924x660
01-08 10:15:16.815 29085 29085 D Surface : lockCanvas
01-08 10:15:16.843 29085 29085 D Surface : lockCanvas
01-08 10:15:16.884 29085 29085 D Surface : lockCanvas
01-08 10:15:16.896 29085 29085 D Surface : lockCanvas
01-08 10:15:16.903 29085 29085 D DecorView[]: onWindowFocusChanged hasWindowFocus
false
01-08 10:15:16.904 29085 29085 D Surface : lockCanvas
01-08 10:15:16.908 29085 29085 D Surface : lockCanvas
01-08 10:15:16.922 29085 29085 D DecorView[]: onWindowFocusChanged hasWindowFocus
true
01-08 10:15:16.932 29085 29085 D Surface : lockCanvas
01-08 10:15:16.945 29085 29085 D View : [Warning] assignParent to null: this =
android.ext.Tools$ViewWrapper{630850a V.E...... ......I. 0,0-165,55}
01-08 10:15:16.946 29085 29085 E AndroidService: dbg2:
android.ext.Tools$ViewWrapper{ed97473 V.E...... ......I. 0,0-0,0} {(10000,10000)
(165x55) gr=TOP LEFT CENTER ty=APPLICATION_OVERLAY fmt=TRANSPARENT
01-08 10:15:16.946 29085 29085 E AndroidService: fl=NOT_FOCUSABLE
LAYOUT_IN_SCREEN
01-08 10:15:16.946 29085 29085 E AndroidService: bhv=DEFAULT
01-08 10:15:16.946 29085 29085 E AndroidService: fitTypes=STATUS_BARS
NAVIGATION_BARS CAPTION_BAR}
01-08 10:15:16.946 29085 29085 E AndroidService: Use 10 io.va.exposed64 instead of
io.va.exposed64
01-08 10:15:16.955 29085 29085 E AndroidService: dbg2:
android.ext.Tools$ViewWrapper{46ef12e V.E...... ......I. 0,0-0,0} {(0,-1000)
(wrapxwrap) gr=TOP CENTER ty=APPLICATION_OVERLAY fmt=TRANSPARENT
01-08 10:15:16.955 29085 29085 E AndroidService: fl=NOT_FOCUSABLE NOT_TOUCHABLE
01-08 10:15:16.955 29085 29085 E AndroidService: bhv=DEFAULT
01-08 10:15:16.955 29085 29085 E AndroidService: fitTypes=STATUS_BARS
NAVIGATION_BARS CAPTION_BAR}
01-08 10:15:16.955 29085 29085 E AndroidService: Use 10 io.va.exposed64 instead of
io.va.exposed64
01-08 10:15:16.973 29085 29085 D Surface : lockCanvas
01-08 10:15:16.993 29085 29085 D Surface : lockCanvas
01-08 10:15:17.003 29085 29085 D Surface : lockCanvas
01-08 10:15:17.016 29085 29085 D Surface : lockCanvas
01-08 10:15:17.028 29085 29085 D Surface : lockCanvas
01-08 10:15:17.032 29085 29085 D Surface : lockCanvas
01-08 10:15:17.034 29085 29085 D Surface : lockCanvas
01-08 10:15:17.046 29085 29085 D Surface : lockCanvas
01-08 10:15:17.057 29085 29085 D Surface : lockCanvas
01-08 10:15:17.779 29085 29085 D Surface : lockCanvas
01-08 10:15:17.801 29085 29085 D Surface : lockCanvas
01-08 10:15:17.815 29085 29085 D Surface : lockCanvas
01-08 10:15:17.827 29085 29085 D Surface : lockCanvas
01-08 10:15:17.843 29085 29085 D Surface : lockCanvas
01-08 10:15:17.858 29085 29085 D Surface : lockCanvas
01-08 10:15:17.871 29085 29085 D Surface : lockCanvas
01-08 10:15:17.886 29085 29085 D Surface : lockCanvas
01-08 10:15:17.899 29085 29085 D Surface : lockCanvas
01-08 10:15:17.912 29085 29085 D Surface : lockCanvas
01-08 10:15:17.929 29085 29085 D Surface : lockCanvas
01-08 10:15:17.944 29085 29085 D Surface : lockCanvas
01-08 10:15:17.960 29085 29085 D Surface : lockCanvas
01-08 10:15:17.975 29085 29085 D Surface : lockCanvas
01-08 10:15:17.989 29085 29085 D Surface : lockCanvas
01-08 10:15:18.003 29085 29085 D Surface : lockCanvas
01-08 10:15:18.018 29085 29085 D Surface : lockCanvas
01-08 10:15:18.032 29085 29085 D Surface : lockCanvas
01-08 10:15:18.048 29085 29085 D Surface : lockCanvas
01-08 10:15:18.062 29085 29085 D Surface : lockCanvas
01-08 10:15:18.077 29085 29085 D Surface : lockCanvas
01-08 10:15:18.091 29085 29085 D Surface : lockCanvas
01-08 10:15:18.105 29085 29085 D Surface : lockCanvas
01-08 10:15:18.120 29085 29085 D Surface : lockCanvas
01-08 10:15:18.134 29085 29085 D Surface : lockCanvas
01-08 10:15:18.153 29085 29085 D Surface : lockCanvas
01-08 10:15:18.167 29085 29085 D Surface : lockCanvas
01-08 10:15:18.182 29085 29085 D Surface : lockCanvas
01-08 10:15:18.195 29085 29085 D Surface : lockCanvas
01-08 10:15:18.210 29085 29085 D Surface : lockCanvas
01-08 10:15:18.223 29085 29085 D Surface : lockCanvas
01-08 10:15:18.239 29085 29085 D Surface : lockCanvas
01-08 10:15:18.258 29085 29085 D Surface : lockCanvas
01-08 10:15:18.272 29085 29085 D Surface : lockCanvas
01-08 10:15:18.292 29085 29085 D Surface : lockCanvas
01-08 10:15:18.310 29085 29085 D Surface : lockCanvas
01-08 10:15:18.325 29085 29085 D Surface : lockCanvas
01-08 10:15:18.339 29085 29085 D Surface : lockCanvas
01-08 10:15:18.354 29085 29085 D Surface : lockCanvas
01-08 10:15:18.367 29085 29085 D Surface : lockCanvas
01-08 10:15:18.388 29085 29085 E AndroidService: sendSearchNumber: 1214290944; 0 x0
as 20000010 in 0-ffffffffffffffff, 0
01-08 10:15:18.389 29134 29134 I android-daemon: package name: io.va.exposed64
01-08 10:15:18.389 29134 29134 I android-daemon: Libs path:
/data/app/~~kLWU2Va_3hw_ZundL20ung==/io.va.exposed64-bMsl9JxH74dZMmDYy1sprg==/lib/
arm64
01-08 10:15:18.390 29085 29085 D View : [Warning] assignParent to null: this =
DecorView@ac6f647[]
01-08 10:15:18.399 29085 29085 D Surface : lockCanvas
01-08 10:15:18.402 29134 29134 I android-daemon: Region list 0: 66 from 2460;
143257600 from 7154626560; 13391; 146655
01-08 10:15:18.403 29085 29085 D View : [Warning] assignParent to null: this =
android.ext.Tools$ViewWrapper{46ef12e V.E...... ......I. 0,0-607,53}
01-08 10:15:18.403 29134 29134 I android-daemon: Region list 1: 66 from 2460;
143257600 from 7154626560; 14453; 146655
01-08 10:15:18.403 29134 29134 I android-daemon: searchNumber: 1214290944; 0,
20000010 0-ffffffffffffffff
01-08 10:15:18.404 29134 29134 E android-daemon: Send code: 19, 2
01-08 10:15:18.404 29134 29134 I android-daemon: searchTableIndex success: 81
536870928 20000010
01-08 10:15:18.404 29134 29134 I android-daemon: firstSearchFe started.
01-08 10:15:18.404 29134 29134 E android-daemon: Progress 29134: 0 from 34975,
found: 0
01-08 10:15:18.417 29085 29085 D DecorView[]: onWindowFocusChanged hasWindowFocus
true
01-08 10:15:18.488 29085 29085 E AndroidService: Use 10 io.va.exposed64 instead of
null
01-08 10:15:18.488 29085 29085 D IS_CTS_MODE: false
01-08 10:15:18.488 29085 29085 D MULTI_WINDOW_SWITCH_ENABLED: false
01-08 10:15:18.498 29085 29085 D DecorView[]: updateDecorCaptionStatus
displayWindowDecor is false
01-08 10:15:18.518 29085 29085 D Surface : lockCanvas
01-08 10:15:18.529 29085 29085 D Surface : lockCanvas
01-08 10:15:18.534 29085 29085 D DecorView[]: onWindowFocusChanged hasWindowFocus
false
01-08 10:15:18.535 29085 29085 D Surface : lockCanvas
01-08 10:15:18.537 29134 29139 E android-daemon: Progress 29139: 23079 from 34975,
found: 0
01-08 10:15:18.540 29085 29085 D DecorView[]: onWindowFocusChanged hasWindowFocus
true
01-08 10:15:18.542 29085 29085 D Surface : lockCanvas
01-08 10:15:18.551 29085 29085 D Surface : lockCanvas
01-08 10:15:18.557 29085 29085 D Surface : lockCanvas
01-08 10:15:18.564 29085 29085 D Surface : lockCanvas
01-08 10:15:18.570 29085 29085 D Surface : lockCanvas
01-08 10:15:18.577 29085 29085 D Surface : lockCanvas
01-08 10:15:18.578 29134 29134 I android-daemon: firstSearch_ dbg: 143257600
01-08 10:15:18.578 29134 29134 I android-daemon: firstSearchFe ended.
01-08 10:15:18.578 29134 29134 I android-daemon: firstSearch clocks: 174017, 173966
/ 34975 -> 497
01-08 10:15:18.578 29134 29134 I android-daemon: MR[0] = 0
01-08 10:15:18.578 29134 29134 I android-daemon: MR[1] = 0
01-08 10:15:18.578 29134 29134 I android-daemon: MR[2] = 0
01-08 10:15:18.578 29134 29134 I android-daemon: MR[3] = 0
01-08 10:15:18.578 29134 29134 I android-daemon: MR[4] = 0
01-08 10:15:18.578 29134 29134 I android-daemon: MR[5] = 0
01-08 10:15:18.578 29134 29134 I android-daemon: MR[6] = 0
01-08 10:15:18.578 29134 29134 I android-daemon: MR[7] = 0
01-08 10:15:18.578 29134 29134 I android-daemon: MR[8] = 0
01-08 10:15:18.578 29134 29134 I android-daemon: MR[9] = 0
01-08 10:15:18.578 29134 29134 I android-daemon: MR[10] = 0
01-08 10:15:18.578 29134 29134 I android-daemon: MR[11] = 0
01-08 10:15:18.578 29134 29134 I android-daemon: MR[12] = 0
01-08 10:15:18.578 29134 29134 I android-daemon: MR[13] = 0
01-08 10:15:18.578 29134 29134 I android-daemon: MR[14] = 0
01-08 10:15:18.578 29134 29134 I android-daemon: MR[15] = 0
01-08 10:15:18.578 29134 29134 I android-daemon: MR[16] = 0
01-08 10:15:18.578 29134 29134 I android-daemon: MR[17] = 0
01-08 10:15:18.578 29134 29134 I android-daemon: MR[18] = 34975
01-08 10:15:18.578 29134 29134 I android-daemon: MR[19] = 34975
01-08 10:15:18.578 29134 29134 E android-daemon: ::searchDone: 0, 0 0
01-08 10:15:18.579 29134 29134 I android-daemon: SP T: 18
01-08 10:15:18.580 29134 29134 I android-daemon: SP D 1442 2
01-08 10:15:18.581 29085 29085 D View : [Warning] assignParent to null: this =
DecorView@85f57d3[]
01-08 10:15:18.595 29085 29085 E AndroidService: notifyScript client: null
01-08 10:15:18.595 29085 29085 E AndroidService: getRunningAppProcesses: start
01-08 10:15:18.599 29085 29085 E AndroidService: getRunningAppProcesses: end 3
01-08 10:15:18.604 29085 29085 D Surface : lockCanvas
01-08 10:15:18.612 29085 29085 E AndroidService: notifyScript client: null
01-08 10:15:18.614 29085 29085 D Surface : lockCanvas
01-08 10:15:18.622 29085 29085 D DecorView[]: onWindowFocusChanged hasWindowFocus
true
01-08 10:15:19.793 29085 29085 D Surface : lockCanvas
01-08 10:15:19.805 29085 29085 D Surface : lockCanvas
01-08 10:15:19.813 29085 29085 D Surface : lockCanvas
01-08 10:15:19.819 29085 29085 D Surface : lockCanvas
01-08 10:15:19.825 29085 29085 D Surface : lockCanvas
01-08 10:15:19.832 29085 29085 D Surface : lockCanvas
01-08 10:15:19.838 29085 29085 D Surface : lockCanvas
01-08 10:15:19.845 29085 29085 D Surface : lockCanvas
01-08 10:15:19.852 29085 29085 D Surface : lockCanvas
01-08 10:15:19.859 29085 29085 D Surface : lockCanvas
01-08 10:15:19.865 29085 29085 D Surface : lockCanvas
01-08 10:15:19.873 29085 29085 D Surface : lockCanvas
01-08 10:15:19.879 29085 29085 D Surface : lockCanvas
01-08 10:15:19.886 29085 29085 D Surface : lockCanvas
01-08 10:15:19.893 29085 29085 D Surface : lockCanvas
01-08 10:15:19.900 29085 29085 D Surface : lockCanvas
01-08 10:15:20.303 29085 29085 D Surface : lockCanvas
01-08 10:15:20.326 29085 29085 D Surface : lockCanvas
01-08 10:15:20.330 29085 29085 D Surface : lockCanvas
01-08 10:15:20.334 29085 29085 D Surface : lockCanvas
01-08 10:15:20.341 29085 29085 D Surface : lockCanvas
01-08 10:15:20.349 29085 29085 D Surface : lockCanvas
01-08 10:15:20.355 29085 29085 D Surface : lockCanvas
01-08 10:15:20.362 29085 29085 D Surface : lockCanvas
01-08 10:15:20.368 29085 29085 D Surface : lockCanvas
01-08 10:15:20.375 29085 29085 D Surface : lockCanvas
01-08 10:15:20.382 29085 29085 D Surface : lockCanvas
01-08 10:15:20.389 29085 29085 D Surface : lockCanvas
01-08 10:15:20.396 29085 29085 D Surface : lockCanvas
01-08 10:15:20.404 29085 29085 D Surface : lockCanvas
01-08 10:15:20.411 29085 29085 D Surface : lockCanvas
01-08 10:15:20.417 29085 29085 D Surface : lockCanvas
01-08 10:15:20.423 29085 29085 D Surface : lockCanvas
01-08 10:15:20.430 29085 29085 D Surface : lockCanvas
01-08 10:15:20.437 29085 29085 D Surface : lockCanvas
01-08 10:15:20.444 29085 29085 D Surface : lockCanvas
01-08 10:15:20.453 29085 29085 D Surface : lockCanvas
01-08 10:15:20.458 29085 29085 D Surface : lockCanvas
01-08 10:15:20.466 29085 29085 D Surface : lockCanvas
01-08 10:15:20.472 29085 29085 D Surface : lockCanvas
01-08 10:15:20.478 29085 29085 D Surface : lockCanvas
01-08 10:15:20.485 29085 29085 D Surface : lockCanvas
01-08 10:15:20.493 29085 29085 D Surface : lockCanvas
01-08 10:15:20.501 29085 29085 D Surface : lockCanvas
01-08 10:15:20.507 29085 29085 D Surface : lockCanvas
01-08 10:15:20.514 29085 29085 D Surface : lockCanvas
01-08 10:15:20.519 29085 29085 D Surface : lockCanvas
01-08 10:15:20.527 29085 29085 D Surface : lockCanvas
01-08 10:15:20.533 29085 29085 D Surface : lockCanvas
01-08 10:15:20.542 29085 29085 D Surface : lockCanvas
01-08 10:15:20.547 29085 29085 D Surface : lockCanvas
01-08 10:15:20.554 29085 29085 D Surface : lockCanvas
01-08 10:15:20.831 29085 29085 D Surface : lockCanvas
01-08 10:15:20.876 29085 29085 D Surface : lockCanvas
01-08 10:15:20.902 29085 29085 D Surface : lockCanvas
01-08 10:15:20.924 29085 29085 E AndroidService: Use 1 io.va.exposed64 instead of
com.pazhoclrbkau
01-08 10:15:20.926 29085 29085 E AndroidService: Use 2 io.va.exposed64 instead of
com.pazhoclrbkau
01-08 10:15:20.931 29085 29085 D Surface : lockCanvas
01-08 10:15:20.935 29085 29085 E AndroidService: Use 1 io.va.exposed64 instead of
com.pazhoclrbkau
01-08 10:15:20.935 29134 29134 I android-daemon: SP T: 155
01-08 10:15:20.938 29134 29134 I android-daemon: SP D 3174 2
01-08 10:15:20.949 29085 29085 D Surface : lockCanvas
01-08 10:15:20.953 29085 29085 E AndroidService: getRunningAppProcesses: start
01-08 10:15:20.956 29085 29085 E AndroidService: getRunningAppProcesses: end 3
01-08 10:15:20.964 29085 29085 E AndroidService: Use 10 io.va.exposed64 instead of
null
01-08 10:15:20.964 29085 29085 D IS_CTS_MODE: false
01-08 10:15:20.964 29085 29085 D MULTI_WINDOW_SWITCH_ENABLED: false
01-08 10:15:20.987 29085 29113 E AndroidService: getResized: 168x168 -> 132x132 in
1
01-08 10:15:20.988 29085 29113 E AndroidService: getResized: 168x168 -> 132x132 in
1
01-08 10:15:20.997 29085 29085 D Surface : lockCanvas
01-08 10:15:21.012 29085 29085 D Surface : lockCanvas
01-08 10:15:21.019 29085 29085 D DecorView[]: onWindowFocusChanged hasWindowFocus
false
01-08 10:15:21.027 29085 29085 D Surface : lockCanvas
01-08 10:15:21.031 29085 29085 D DecorView[]: onWindowFocusChanged hasWindowFocus
true
01-08 10:15:21.032 29085 29085 D Surface : lockCanvas
01-08 10:15:21.078 29085 29085 D View : [Warning] assignParent to null: this =
android.ext.Tools$ViewWrapper{ed97473 V.E...... ......I. 0,0-165,55}
01-08 10:15:21.079 29085 29085 E AndroidService: dbg2:
android.ext.Tools$ViewWrapper{90cc2f3 V.E...... ......I. 0,0-0,0} {(10000,10000)
(165x55) gr=TOP LEFT CENTER ty=APPLICATION_OVERLAY fmt=TRANSPARENT
01-08 10:15:21.079 29085 29085 E AndroidService: fl=NOT_FOCUSABLE
LAYOUT_IN_SCREEN
01-08 10:15:21.079 29085 29085 E AndroidService: bhv=DEFAULT
01-08 10:15:21.079 29085 29085 E AndroidService: fitTypes=STATUS_BARS
NAVIGATION_BARS CAPTION_BAR}
01-08 10:15:21.079 29085 29085 E AndroidService: Use 10 io.va.exposed64 instead of
io.va.exposed64
01-08 10:15:21.087 29085 29085 E AndroidService: dbg2:
android.ext.Tools$ViewWrapper{cdb71ae V.E...... ......I. 0,0-0,0} {(0,-1000)
(wrapxwrap) gr=TOP CENTER ty=APPLICATION_OVERLAY fmt=TRANSPARENT
01-08 10:15:21.087 29085 29085 E AndroidService: fl=NOT_FOCUSABLE NOT_TOUCHABLE
01-08 10:15:21.087 29085 29085 E AndroidService: bhv=DEFAULT
01-08 10:15:21.087 29085 29085 E AndroidService: fitTypes=STATUS_BARS
NAVIGATION_BARS CAPTION_BAR}
01-08 10:15:21.087 29085 29085 E AndroidService: Use 10 io.va.exposed64 instead of
io.va.exposed64
01-08 10:15:21.110 29085 29085 D Surface : lockCanvas
01-08 10:15:21.128 29085 29085 D Surface : lockCanvas
01-08 10:15:21.133 29085 29085 D Surface : lockCanvas
01-08 10:15:21.135 29085 29085 D Surface : lockCanvas
01-08 10:15:21.968 29085 29085 D Surface : lockCanvas
01-08 10:15:22.269 29085 29085 D View : [Warning] assignParent to null: this =
DecorView@7d80561[]
01-08 10:15:22.280 29085 29085 W InputEventReceiver: Attempted to finish an input
event but the input event receiver has already been disposed.
01-08 10:15:22.281 29085 29085 D View : [Warning] assignParent to null: this =
android.ext.Tools$ViewWrapper{cdb71ae V.E...... ......I. 0,0-607,53}
01-08 10:15:22.290 29085 29085 D DecorView[]: onWindowFocusChanged hasWindowFocus
true
01-08 10:15:22.934 29085 29085 D View : [Warning] assignParent to null: this =
android.widget.LinearLayout{2a40886 V.E...... ......ID 0,0-755,316}
01-08 10:15:24.239 29085 29085 D Surface : lockCanvas
01-08 10:15:24.268 29085 29085 D Surface : lockCanvas
01-08 10:15:24.276 29085 29085 E AndroidService: ServiceProxy dismissDialog:
android.ext.me@f6c4ee3
01-08 10:15:24.279 29085 29085 D View : [Warning] assignParent to null: this =
DecorView@7b8f0e0[]
01-08 10:15:24.287 29085 29085 D View : [Warning] assignParent to null: this =
android.ext.Tools$ViewWrapper{90cc2f3 V.E...... ......I. 0,0-165,55}
01-08 10:15:24.287 29085 29085 E AndroidService: FloatPanel pos show: false false -
1 0
01-08 10:15:24.288 29085 29085 E AndroidService: dbg2:
android.ext.Tools$ViewWrapper{62ff99 V.E...... ......I. 0,0-0,0} {(74,106)
(wrapxwrap) gr=TOP LEFT CENTER ty=APPLICATION_OVERLAY fmt=TRANSPARENT
01-08 10:15:24.288 29085 29085 E AndroidService: fl=NOT_FOCUSABLE
01-08 10:15:24.288 29085 29085 E AndroidService: bhv=DEFAULT
01-08 10:15:24.288 29085 29085 E AndroidService: fitTypes=STATUS_BARS
NAVIGATION_BARS CAPTION_BAR}
01-08 10:15:24.288 29085 29085 E AndroidService: Use 10 io.va.exposed64 instead of
io.va.exposed64
01-08 10:15:24.308 29085 29085 E AndroidService: add notification
01-08 10:15:24.326 29085 29085 E AndroidService: Use 1 io.va.exposed64 instead of
com.pazhoclrbkau
01-08 10:15:24.334 29085 29085 E AndroidService: Failed startForeground 3
01-08 10:15:24.334 29085 29085 E AndroidService: java.lang.NullPointerException:
Attempt to read from field 'java.lang.String
android.content.pm.ApplicationInfo.sourceDir' on a null object reference in method
'boolean
com.lody.virtual.server.notification.NotificationCompatCompatV21.resolveRemoteViews
(android.content.Context, java.lang.String, android.app.Notification)'
01-08 10:15:24.334 29085 29085 E AndroidService: at
com.lody.virtual.server.notification.NotificationCompatCompatV21.resolveRemoteViews
(NotificationCompatCompatV21.java:45)
01-08 10:15:24.334 29085 29085 E AndroidService: at
com.lody.virtual.server.notification.NotificationCompatCompatV21.dealNotification(N
otificationCompatCompatV21.java:33)
01-08 10:15:24.334 29085 29085 E AndroidService: at
com.lody.virtual.client.ipc.VNotificationManager.dealNotification(VNotificationMana
ger.java:41)
01-08 10:15:24.334 29085 29085 E AndroidService: at
com.lody.virtual.client.hook.proxies.notification.MethodProxies$EnqueueNotification
WithTag.call(MethodProxies.java:75)
01-08 10:15:24.334 29085 29085 E AndroidService: at
com.lody.virtual.client.hook.base.MethodInvocationStub$HookInvocationHandler.invoke
(MethodInvocationStub.java:186)
01-08 10:15:24.334 29085 29085 E AndroidService: at
java.lang.reflect.Proxy.invoke(Proxy.java:1006)
01-08 10:15:24.334 29085 29085 E AndroidService: at
$Proxy10.enqueueNotificationWithTag(Unknown Source)
01-08 10:15:24.334 29085 29085 E AndroidService: at
android.app.NotificationManager.notifyAsUser(NotificationManager.java:677)
01-08 10:15:24.334 29085 29085 E AndroidService: at
android.app.NotificationManager.notify(NotificationManager.java:627)
01-08 10:15:24.334 29085 29085 E AndroidService: at
android.app.NotificationManager.notify(NotificationManager.java:603)
01-08 10:15:24.334 29085 29085 E AndroidService: at
android.ext.MainService.g(src:2492)
01-08 10:15:24.334 29085 29085 E AndroidService: at
android.ext.MainService.u(src:2409)
01-08 10:15:24.334 29085 29085 E AndroidService: at
android.ext.MainService.c(src:508)
01-08 10:15:24.334 29085 29085 E AndroidService: at
android.ext.MainService.g(src:462)
01-08 10:15:24.334 29085 29085 E AndroidService: at
android.ext.MainService.onClick(src:2607)
01-08 10:15:24.334 29085 29085 E AndroidService: at
android.view.View.performClick(View.java:7751)
01-08 10:15:24.334 29085 29085 E AndroidService: at
android.view.View.performClickInternal(View.java:7724)
01-08 10:15:24.334 29085 29085 E AndroidService: at
android.view.View.access$3700(View.java:858)
01-08 10:15:24.334 29085 29085 E AndroidService: at
android.view.View$PerformClick.run(View.java:29332)
01-08 10:15:24.334 29085 29085 E AndroidService: at
android.os.Handler.handleCallback(Handler.java:938)
01-08 10:15:24.334 29085 29085 E AndroidService: at
android.os.Handler.dispatchMessage(Handler.java:99)
01-08 10:15:24.334 29085 29085 E AndroidService: at
android.os.Looper.loopOnce(Looper.java:210)
01-08 10:15:24.334 29085 29085 E AndroidService: at
android.os.Looper.loop(Looper.java:299)
01-08 10:15:24.334 29085 29085 E AndroidService: at
android.app.ActivityThread.main(ActivityThread.java:8290)
01-08 10:15:24.334 29085 29085 E AndroidService: at
java.lang.reflect.Method.invoke(Native Method)
01-08 10:15:24.334 29085 29085 E AndroidService: at
com.android.internal.os.RuntimeInit$MethodAndArgsCaller.run(RuntimeInit.java:577)
01-08 10:15:24.334 29085 29085 E AndroidService: at
com.android.internal.os.ZygoteInit.main(ZygoteInit.java:1073)
01-08 10:15:24.334 29085 29085 E AndroidService: Suppressed:
java.lang.NullPointerException: Attempt to read from field 'java.lang.String
android.content.pm.ApplicationInfo.sourceDir' on a null object reference in method
'boolean
com.lody.virtual.server.notification.NotificationCompatCompatV21.resolveRemoteViews
(android.content.Context, java.lang.String, android.app.Notification)'
01-08 10:15:24.334 29085 29085 E AndroidService: ... 27 more
01-08 10:15:24.334 29085 29085 E AndroidService: Suppressed:
java.lang.NullPointerException: Attempt to read from field 'java.lang.String
android.content.pm.ApplicationInfo.sourceDir' on a null object reference in method
'boolean
com.lody.virtual.server.notification.NotificationCompatCompatV21.resolveRemoteViews
(android.content.Context, java.lang.String, android.app.Notification)'
01-08 10:15:24.334 29085 29085 E AndroidService: ... 27 more
01-08 10:15:24.334 29085 29085 E AndroidService: Suppressed:
java.lang.NullPointerException: Attempt to read from field 'java.lang.String
android.content.pm.ApplicationInfo.sourceDir' on a null object reference in method
'boolean
com.lody.virtual.server.notification.NotificationCompatCompatV21.resolveRemoteViews
(android.content.Context, java.lang.String, android.app.Notification)'
01-08 10:15:24.334 29085 29085 E AndroidService: ... 27 more

Sun Jan 08 10:15:36 GMT+04:00 2023


/storage/emulated/0/logcat.txt
101.1 (16142) 1-8-1616360258000-java.lang.NullPointerException: Attempt to invoke
virtual method 'int java.lang.String.length()' on a null object reference-8996 2-0-
315525600000-604F4A9A0F99D53A-6613244 0-8-1616360258000-124215800CB67E00-1574320
56173257 817 1957ff0435b on Android(ACTIVE_CODENAMES: []; BASE_OS: ; CODENAME:
REL; DEVICE_INITIAL_SDK_INT: 31; INCREMENTAL: V13.0.5.0.SLOMIXM;
MEDIA_PERFORMANCE_CLASS: 0; MIN_SUPPORTED_TARGET_SDK_INT: 23;
PREVIEW_SDK_FINGERPRINT: REL; PREVIEW_SDK_INT: 0; RELEASE: 12; RELEASE_OR_CODENAME:
12; RESOURCES_SDK_INT: 31; SDK: 31; SDK_INT: 31; SECURITY_PATCH: 2022-09-01; BOARD:
xaga; BOOTLOADER: unknown; BRAND: POCO; CPU_ABI: arm64-v8a; CPU_ABI2: ; DEVICE:
xaga; DISPLAY: SP1A.210812.016; FINGERPRINT:
POCO/xaga_global/xaga:12/SP1A.210812.016/V13.0.5.0.SLOMIXM:user/release-keys;
HARDWARE: mt6895; HOST: c3-xm-ota-bd051.bj; HW_TIMEOUT_MULTIPLIER: 1; ID:
SP1A.210812.016; IS_CONTAINER: false; IS_DEBUGGABLE: false; IS_EMULATOR: false;
IS_ENG: false; IS_MIUI: true; IS_TREBLE_ENABLED: true; IS_USER: true; IS_USERDEBUG:
false; MANUFACTURER: Xiaomi; MODEL: 22041216G; ODM_SKU: xaga;
PERMISSIONS_REVIEW_REQUIRED: true; PRODUCT: xaga_global; RADIO: unknown; SERIAL:
nwkonnu; SKU: unknown; SOC_MANUFACTURER: Mediatek; SOC_MODEL: MT6895Z/TCZA;
SUPPORTED_32_BIT_ABIS: [armeabi-v7a, armeabi]; SUPPORTED_64_BIT_ABIS: [arm64-v8a];
SUPPORTED_ABIS: [arm64-v8a, armeabi-v7a, armeabi]; TAGS: release-keys; TIME:
1664114380000; TYPE: user; UNKNOWN: unknown; USER: builder; )
io.va.exposed64
/data/user/0/io.va.exposed64/virtual/data/user/0/com.pazhoclrbkau/files

--------- beginning of main


01-08 10:15:24.884 29085 4976 E AndroidService: UsageStats compress from 3528 to
1253, sended: false
01-08 10:15:24.884 29085 29085 E AndroidService: Cannot send exception info
01-08 10:15:24.884 29085 29085 E AndroidService: java.lang.RuntimeException: Failed
sendLogBlocking
01-08 10:15:24.884 29085 29085 E AndroidService: at android.ext.ho.a(src:466)
01-08 10:15:24.884 29085 29085 E AndroidService: at
android.ext.MainService.g(src:2517)
01-08 10:15:24.884 29085 29085 E AndroidService: at
android.ext.MainService.u(src:2409)
01-08 10:15:24.884 29085 29085 E AndroidService: at
android.ext.MainService.c(src:508)
01-08 10:15:24.884 29085 29085 E AndroidService: at
android.ext.MainService.g(src:462)
01-08 10:15:24.884 29085 29085 E AndroidService: at
android.ext.MainService.onClick(src:2607)
01-08 10:15:24.884 29085 29085 E AndroidService: at
android.view.View.performClick(View.java:7751)
01-08 10:15:24.884 29085 29085 E AndroidService: at
android.view.View.performClickInternal(View.java:7724)
01-08 10:15:24.884 29085 29085 E AndroidService: at
android.view.View.access$3700(View.java:858)
01-08 10:15:24.884 29085 29085 E AndroidService: at
android.view.View$PerformClick.run(View.java:29332)
01-08 10:15:24.884 29085 29085 E AndroidService: at
android.os.Handler.handleCallback(Handler.java:938)
01-08 10:15:24.884 29085 29085 E AndroidService: at
android.os.Handler.dispatchMessage(Handler.java:99)
01-08 10:15:24.884 29085 29085 E AndroidService: at
android.os.Looper.loopOnce(Looper.java:210)
01-08 10:15:24.884 29085 29085 E AndroidService: at
android.os.Looper.loop(Looper.java:299)
01-08 10:15:24.884 29085 29085 E AndroidService: at
android.app.ActivityThread.main(ActivityThread.java:8290)
01-08 10:15:24.884 29085 29085 E AndroidService: at
java.lang.reflect.Method.invoke(Native Method)
01-08 10:15:24.884 29085 29085 E AndroidService: at
com.android.internal.os.RuntimeInit$MethodAndArgsCaller.run(RuntimeInit.java:577)
01-08 10:15:24.884 29085 29085 E AndroidService: at
com.android.internal.os.ZygoteInit.main(ZygoteInit.java:1073)
01-08 10:15:24.885 29085 29085 I Choreographer: Skipped 88 frames! The application
may be doing too much work on its main thread.
01-08 10:15:24.893 29085 29085 D Surface : lockCanvas
--------- beginning of system
01-08 10:15:24.895 29085 29085 W Looper : PerfMonitor doFrame : time=10ms
vsyncFrame=0 latency=618ms procState=-1 historyMsgCount=2 (msgIndex=2 wall=609ms
seq=21272 late=10ms h=android.view.ViewRootImpl$ViewRootHandler
c=android.view.View$PerformClick)
01-08 10:15:24.895 29085 29085 E AndroidService: MainDialog dismiss
01-08 10:15:24.911 29085 29085 D Surface : lockCanvas
01-08 10:15:26.635 29085 29085 I TransactionHandlerProxy: getActivityClient : null
01-08 10:15:26.638 29085 29085 E AndroidService: ComponentCallbacks2
onConfigurationChanged: {1.0 ?mcc?mnc [az_AZ] ldltr sw392dp w392dp h810dp 440dpi
nrml long widecg port ?pc finger -keyb/v/h -nav/h winConfig={ mBounds=Rect(0, 0 -
1080, 2460) mAppBounds=Rect(0, 100 - 1080, 2330) mMaxBounds=Rect(0, 0 - 1080, 2460)
mWindowingMode=fullscreen mDisplayWindowingMode=fullscreen mActivityType=undefined
mAlwaysOnTop=undefined mRotation=ROTATION_0} as.6 s.19080 fontWeightAdjustment=0
themeChanged=0 themeChangedFlags=0 extraData = Bundle[{}] dt/?}
01-08 10:15:26.639 29085 29085 E AndroidService: Main onConfigurationChanged:
{1.0 ?mcc?mnc [az_AZ] ldltr sw392dp w392dp h810dp 440dpi nrml long widecg port ?pc
finger -keyb/v/h -nav/h winConfig={ mBounds=Rect(0, 0 - 1080, 2460)
mAppBounds=Rect(0, 100 - 1080, 2330) mMaxBounds=Rect(0, 0 - 1080, 2460)
mWindowingMode=fullscreen mDisplayWindowingMode=fullscreen mActivityType=undefined
mAlwaysOnTop=undefined mRotation=ROTATION_0} as.6 s.19080 fontWeightAdjustment=0
themeChanged=0 themeChangedFlags=0 extraData = Bundle[{}] dt/?}
01-08 10:15:26.639 29085 29085 E AndroidService: Use 10 io.va.exposed64 instead of
io.va.exposed64
01-08 10:15:26.641 29085 29085 E AndroidService: BootstrapService
onConfigurationChanged: {1.0 ?mcc?mnc [az_AZ] ldltr sw392dp w392dp h810dp 440dpi
nrml long widecg port ?pc finger -keyb/v/h -nav/h winConfig={ mBounds=Rect(0, 0 -
1080, 2460) mAppBounds=Rect(0, 100 - 1080, 2330) mMaxBounds=Rect(0, 0 - 1080, 2460)
mWindowingMode=fullscreen mDisplayWindowingMode=fullscreen mActivityType=undefined
mAlwaysOnTop=undefined mRotation=ROTATION_0} as.6 s.19080 fontWeightAdjustment=0
themeChanged=0 themeChangedFlags=0 extraData = Bundle[{}] dt/?}
01-08 10:15:26.641 29085 29085 E AndroidService: Main onConfigurationChanged:
{1.0 ?mcc?mnc [az_AZ] ldltr sw392dp w392dp h810dp 440dpi nrml long widecg port ?pc
finger -keyb/v/h -nav/h winConfig={ mBounds=Rect(0, 0 - 1080, 2460)
mAppBounds=Rect(0, 100 - 1080, 2330) mMaxBounds=Rect(0, 0 - 1080, 2460)
mWindowingMode=fullscreen mDisplayWindowingMode=fullscreen mActivityType=undefined
mAlwaysOnTop=undefined mRotation=ROTATION_0} as.6 s.19080 fontWeightAdjustment=0
themeChanged=0 themeChangedFlags=0 extraData = Bundle[{}] dt/?}
01-08 10:15:26.641 29085 29085 E AndroidService: Use 10 io.va.exposed64 instead of
io.va.exposed64
01-08 10:15:26.642 29085 29085 I TransactionHandlerProxy: getActivityClient : null
01-08 10:15:26.658 29085 29085 D Surface : lockCanvas
01-08 10:15:30.092 27630 27647 D AppScoutStateMachine: 27630-
ScoutStateMachinecreated
01-08 10:15:30.144 27630 27630 D DecorView[]: onWindowFocusChanged hasWindowFocus
true
01-08 10:15:30.634 27630 27686 W OpenGLRenderer: Incorrectly called buildLayer on
View: ShortcutAndWidgetContainer, destroying layer...
01-08 10:15:30.861 27630 5139 D libMEOW : meow new tls: 0x6ebe5c3cc0
01-08 10:15:30.861 27630 5139 D libMEOW : applied 1 plugins for [io.va.exposed64]:
01-08 10:15:30.861 27630 5139 D libMEOW : plugin 1: [libMEOW_gift.so]:
01-08 10:15:30.862 27630 5139 D libMEOW : meow delete tls: 0x6ebe5c3cc0
01-08 10:15:30.867 27630 27630 D IS_CTS_MODE: false
01-08 10:15:30.867 27630 27630 D MULTI_WINDOW_SWITCH_ENABLED: false
01-08 10:15:30.868 27630 27630 D DecorView[]: getWindowModeFromSystem windowmode
is 1
01-08 10:15:30.873 27630 27630 I LoadingActivity: com.carxtech.sris running: false
01-08 10:15:30.874 27630 27630 I LoadingActivity: target package: com.carxtech.sr
targetSdkVersion: 33
01-08 10:15:30.874 27630 27630 I LoadingActivity: target package support runtime
permission, launch directly.
01-08 10:15:30.878 27630 27630 D ViewRootImpl[LoadingActivity]: hardware
acceleration = true, sRendererEnabled = true, forceHwAccelerated = false
01-08 10:15:30.899 27630 27630 D DecorView[]: onWindowFocusChanged hasWindowFocus
false
01-08 10:15:30.903 27630 27630 D DecorView[]: onWindowFocusChanged hasWindowFocus
true
01-08 10:15:31.916 5141 5141 I libc : SetHeapTaggingLevel: tag level set to 0
01-08 10:15:31.927 5141 5141 I va.exposed64:p: Late-enabling -Xcheck:jni
01-08 10:15:32.061 5141 5141 I MessageMonitor: Load libmiui_runtime
01-08 10:15:32.076 5141 5141 D CompatibilityChangeReporter: Compat change id
reported: 171979766; UID 10255; state: DISABLED
01-08 10:15:32.083 5141 5141 D ApplicationLoaders: Returning zygote-cached class
