01-08 10:11:14.464 29085 29085 D DecorView[]: onWindowFocusChanged hasWindowFocus
false
01-08 10:11:14.480 29085 29085 D Surface : lockCanvas
01-08 10:11:14.489 29085 29085 D Surface : lockCanvas
01-08 10:11:14.496 29085 29085 D DecorView[]: onWindowFocusChanged hasWindowFocus
true
01-08 10:11:14.507 29085 29085 D Surface : lockCanvas
01-08 10:11:14.521 29085 29085 D View : [Warning] assignParent to null: this =
android.ext.Tools$ViewWrapper{bac715d V.E...... ......I. 0,0-165,55}
01-08 10:11:14.522 29085 29085 E AndroidService: dbg2:
android.ext.Tools$ViewWrapper{ba1779e V.E...... ......I. 0,0-0,0} {(10000,10000)
(165x55) gr=TOP LEFT CENTER ty=APPLICATION_OVERLAY fmt=TRANSPARENT
01-08 10:11:14.522 29085 29085 E AndroidService: fl=NOT_FOCUSABLE
LAYOUT_IN_SCREEN
01-08 10:11:14.522 29085 29085 E AndroidService: bhv=DEFAULT
01-08 10:11:14.522 29085 29085 E AndroidService: fitTypes=STATUS_BARS
NAVIGATION_BARS CAPTION_BAR}
01-08 10:11:14.522 29085 29085 E AndroidService: Use 10 io.va.exposed64 instead of
io.va.exposed64
01-08 10:11:14.532 29085 29085 E AndroidService: dbg2:
android.ext.Tools$ViewWrapper{c2bc295 V.E...... ......I. 0,0-0,0} {(0,-1000)
(wrapxwrap) gr=TOP CENTER ty=APPLICATION_OVERLAY fmt=TRANSPARENT
01-08 10:11:14.532 29085 29085 E AndroidService: fl=NOT_FOCUSABLE NOT_TOUCHABLE
01-08 10:11:14.532 29085 29085 E AndroidService: bhv=DEFAULT
01-08 10:11:14.532 29085 29085 E AndroidService: fitTypes=STATUS_BARS
NAVIGATION_BARS CAPTION_BAR}
01-08 10:11:14.532 29085 29085 E AndroidService: Use 10 io.va.exposed64 instead of
io.va.exposed64
01-08 10:11:14.549 29085 29085 D Surface : lockCanvas
01-08 10:11:14.569 29085 29085 D Surface : lockCanvas
01-08 10:11:14.580 29085 29085 D Surface : lockCanvas
01-08 10:11:14.592 29085 29085 D Surface : lockCanvas
01-08 10:11:14.610 29085 29085 D Surface : lockCanvas
01-08 10:11:14.613 29085 29085 D Surface : lockCanvas
01-08 10:11:14.616 29085 29085 D Surface : lockCanvas
01-08 10:11:14.629 29085 29085 D Surface : lockCanvas
01-08 10:11:15.985 29085 29085 D Surface : lockCanvas
01-08 10:11:15.996 29085 29085 D Surface : lockCanvas
01-08 10:11:16.007 29085 29085 D Surface : lockCanvas
01-08 10:11:16.018 29085 29085 D Surface : lockCanvas
01-08 10:11:16.028 29085 29085 D Surface : lockCanvas
01-08 10:11:16.039 29085 29085 D Surface : lockCanvas
01-08 10:11:16.051 29085 29085 D Surface : lockCanvas
01-08 10:11:16.061 29085 29085 D Surface : lockCanvas
01-08 10:11:16.072 29085 29085 D Surface : lockCanvas
01-08 10:11:16.084 29085 29085 D Surface : lockCanvas
01-08 10:11:16.096 29085 29085 D Surface : lockCanvas
01-08 10:11:16.108 29085 29085 D Surface : lockCanvas
01-08 10:11:16.121 29085 29085 D Surface : lockCanvas
01-08 10:11:16.132 29085 29085 D Surface : lockCanvas
01-08 10:11:16.144 29085 29085 D Surface : lockCanvas
01-08 10:11:16.158 29085 29085 D Surface : lockCanvas
01-08 10:11:16.171 29085 29085 D Surface : lockCanvas
01-08 10:11:16.182 29085 29085 D Surface : lockCanvas
01-08 10:11:16.194 29085 29085 D Surface : lockCanvas
01-08 10:11:16.207 29085 29085 D Surface : lockCanvas
01-08 10:11:16.219 29085 29085 D Surface : lockCanvas
01-08 10:11:16.231 29085 29085 D Surface : lockCanvas
01-08 10:11:16.242 29085 29085 D Surface : lockCanvas
01-08 10:11:16.249 29085 29085 D Surface : lockCanvas
01-08 10:11:16.257 29085 29085 D Surface : lockCanvas
01-08 10:11:16.264 29085 29085 D Surface : lockCanvas
01-08 10:11:16.271 29085 29085 D Surface : lockCanvas
01-08 10:11:16.278 29085 29085 D Surface : lockCanvas
01-08 10:11:16.287 29085 29085 D Surface : lockCanvas
01-08 10:11:16.294 29085 29085 D Surface : lockCanvas
01-08 10:11:16.302 29085 29085 D Surface : lockCanvas
01-08 10:11:16.308 29085 29085 D Surface : lockCanvas
01-08 10:11:16.315 29085 29085 D Surface : lockCanvas
01-08 10:11:16.323 29085 29085 D Surface : lockCanvas
01-08 10:11:16.331 29085 29085 D Surface : lockCanvas
01-08 10:11:16.338 29085 29085 D Surface : lockCanvas
01-08 10:11:16.344 29085 29085 D Surface : lockCanvas
01-08 10:11:16.351 29085 29085 D Surface : lockCanvas
01-08 10:11:16.758 29085 29085 D Surface : lockCanvas
01-08 10:11:16.765 29085 29085 D Surface : lockCanvas
01-08 10:11:16.771 29085 29085 D Surface : lockCanvas
01-08 10:11:16.779 29085 29085 D Surface : lockCanvas
01-08 10:11:16.785 29085 29085 D Surface : lockCanvas
01-08 10:11:16.792 29085 29085 D Surface : lockCanvas
01-08 10:11:16.798 29085 29085 D Surface : lockCanvas
01-08 10:11:16.804 29085 29085 D Surface : lockCanvas
01-08 10:11:16.812 29085 29085 D Surface : lockCanvas
01-08 10:11:16.819 29085 29085 D Surface : lockCanvas
01-08 10:11:16.825 29085 29085 D Surface : lockCanvas
01-08 10:11:16.832 29085 29085 D Surface : lockCanvas
01-08 10:11:16.839 29085 29085 D Surface : lockCanvas
01-08 10:11:16.847 29085 29085 D Surface : lockCanvas
01-08 10:11:16.853 29085 29085 D Surface : lockCanvas
01-08 10:11:16.860 29085 29085 D Surface : lockCanvas
01-08 10:11:16.866 29085 29085 D Surface : lockCanvas
01-08 10:11:16.874 29085 29085 D Surface : lockCanvas
01-08 10:11:16.881 29085 29085 D Surface : lockCanvas
01-08 10:11:16.888 29085 29085 D Surface : lockCanvas
01-08 10:11:16.895 29085 29085 D Surface : lockCanvas
01-08 10:11:16.901 29085 29085 D Surface : lockCanvas
01-08 10:11:16.907 29085 29085 D Surface : lockCanvas
01-08 10:11:16.914 29085 29085 D Surface : lockCanvas
01-08 10:11:16.924 29085 29085 D Surface : lockCanvas
01-08 10:11:16.932 29085 29085 D Surface : lockCanvas
01-08 10:11:16.937 29085 29085 D Surface : lockCanvas
01-08 10:11:16.945 29085 29085 D Surface : lockCanvas
01-08 10:11:16.951 29085 29085 D Surface : lockCanvas
01-08 10:11:16.956 29085 29085 D Surface : lockCanvas
01-08 10:11:16.964 29085 29085 D Surface : lockCanvas
01-08 10:11:16.970 29085 29085 D Surface : lockCanvas
01-08 10:11:16.977 29085 29085 D Surface : lockCanvas
01-08 10:11:16.984 29085 29085 D Surface : lockCanvas
01-08 10:11:16.990 29085 29085 D Surface : lockCanvas
01-08 10:11:16.998 29085 29085 D Surface : lockCanvas
01-08 10:11:17.006 29085 29085 D Surface : lockCanvas
01-08 10:11:17.225 29085 29085 D Surface : lockCanvas
01-08 10:11:17.234 29085 29085 D Surface : lockCanvas
01-08 10:11:17.243 29085 29085 D Surface : lockCanvas
01-08 10:11:17.250 29085 29085 D Surface : lockCanvas
01-08 10:11:17.259 29085 29085 D Surface : lockCanvas
01-08 10:11:17.266 29085 29085 D Surface : lockCanvas
01-08 10:11:17.274 29085 29085 D Surface : lockCanvas
01-08 10:11:17.282 29085 29085 D Surface : lockCanvas
01-08 10:11:17.291 29085 29085 D Surface : lockCanvas
01-08 10:11:17.297 29085 29085 D Surface : lockCanvas
01-08 10:11:17.305 29085 29085 D Surface : lockCanvas
01-08 10:11:17.314 29085 29085 D Surface : lockCanvas
01-08 10:11:17.323 29085 29085 D Surface : lockCanvas
01-08 10:11:17.330 29085 29085 D Surface : lockCanvas
01-08 10:11:17.336 29085 29085 D Surface : lockCanvas
01-08 10:11:17.343 29085 29085 D Surface : lockCanvas
01-08 10:11:17.350 29085 29085 D Surface : lockCanvas
01-08 10:11:17.749 29085 29085 D Surface : lockCanvas
01-08 10:11:17.762 29085 29085 D Surface : lockCanvas
01-08 10:11:17.770 29085 29085 D Surface : lockCanvas
01-08 10:11:17.783 29085 29085 D Surface : lockCanvas
01-08 10:11:17.793 29085 29085 D Surface : lockCanvas
01-08 10:11:17.804 29085 29085 D Surface : lockCanvas
01-08 10:11:17.817 29085 29085 D Surface : lockCanvas
01-08 10:11:17.826 29085 29085 D Surface : lockCanvas
01-08 10:11:17.838 29085 29085 D Surface : lockCanvas
01-08 10:11:17.846 29085 29085 D Surface : lockCanvas
01-08 10:11:17.852 29085 29085 D Surface : lockCanvas
01-08 10:11:17.860 29085 29085 D Surface : lockCanvas
01-08 10:11:17.866 29085 29085 D Surface : lockCanvas
01-08 10:11:17.874 29085 29085 D Surface : lockCanvas
01-08 10:11:17.888 29085 29085 D Surface : lockCanvas
01-08 10:11:17.901 29085 29085 D Surface : lockCanvas
01-08 10:11:17.907 29085 29085 D Surface : lockCanvas
01-08 10:11:17.913 29085 29085 D Surface : lockCanvas
01-08 10:11:17.921 29085 29085 D Surface : lockCanvas
01-08 10:11:17.927 29085 29085 D Surface : lockCanvas
01-08 10:11:17.935 29085 29085 D Surface : lockCanvas
01-08 10:11:17.941 29085 29085 D Surface : lockCanvas
01-08 10:11:17.955 29085 29085 D Surface : lockCanvas
01-08 10:11:17.962 29085 29085 D Surface : lockCanvas
01-08 10:11:17.969 29085 29085 D Surface : lockCanvas
01-08 10:11:17.976 29085 29085 D Surface : lockCanvas
01-08 10:11:17.990 29085 29085 D Surface : lockCanvas
01-08 10:11:17.997 29085 29085 D Surface : lockCanvas
01-08 10:11:18.005 29085 29085 D Surface : lockCanvas
01-08 10:11:22.752 29085 29085 D Surface : lockCanvas
01-08 10:11:22.771 29085 29085 E AndroidService: Use 10 io.va.exposed64 instead of
null
01-08 10:11:22.771 29085 29085 D IS_CTS_MODE: false
01-08 10:11:22.771 29085 29085 D MULTI_WINDOW_SWITCH_ENABLED: false
01-08 10:11:22.789 29085 29085 D Surface : lockCanvas
01-08 10:11:22.813 29085 29085 D Surface : lockCanvas
01-08 10:11:22.824 29085 29085 D Surface : lockCanvas
01-08 10:11:22.828 29085 29085 D Surface : lockCanvas
01-08 10:11:22.835 29085 29085 D Surface : lockCanvas
01-08 10:11:22.838 29085 29085 D Surface : lockCanvas
01-08 10:11:22.843 29085 29085 D DecorView[]: onWindowFocusChanged hasWindowFocus
false
01-08 10:11:22.843 29085 29085 D DecorView[]: onWindowFocusChanged hasWindowFocus
true
01-08 10:11:22.844 29085 29085 D Surface : lockCanvas
01-08 10:11:22.856 29085 29085 D Surface : lockCanvas
01-08 10:11:22.861 29085 29085 D Surface : lockCanvas
01-08 10:11:22.873 29085 29085 D Surface : lockCanvas
01-08 10:11:22.876 29085 29085 D Surface : lockCanvas
01-08 10:11:22.889 29085 29085 D Surface : lockCanvas
01-08 10:11:22.894 29085 29085 D Surface : lockCanvas
01-08 10:11:22.908 29085 29085 D Surface : lockCanvas
01-08 10:11:22.912 29085 29085 D View : [Warning] assignParent to null: this =
android.ext.Tools$ViewWrapper{ba1779e V.E...... ......I. 0,0-165,55}
01-08 10:11:22.913 29085 29085 E AndroidService: dbg2:
android.ext.Tools$ViewWrapper{799ab4f V.E...... ......I. 0,0-0,0} {(10000,10000)
(165x55) gr=TOP LEFT CENTER ty=APPLICATION_OVERLAY fmt=TRANSPARENT
01-08 10:11:22.913 29085 29085 E AndroidService: fl=NOT_FOCUSABLE
LAYOUT_IN_SCREEN
01-08 10:11:22.913 29085 29085 E AndroidService: bhv=DEFAULT
01-08 10:11:22.913 29085 29085 E AndroidService: fitTypes=STATUS_BARS
NAVIGATION_BARS CAPTION_BAR}
01-08 10:11:22.913 29085 29085 E AndroidService: Use 10 io.va.exposed64 instead of
io.va.exposed64
01-08 10:11:22.920 29085 29085 D View : [Warning] assignParent to null: this =
android.ext.Tools$ViewWrapper{c2bc295 V.E...... ......I. 0,0-607,53}
01-08 10:11:22.921 29085 29085 E AndroidService: dbg2:
android.ext.Tools$ViewWrapper{60b4aba V.E...... ......I. 0,0-0,0} {(0,-1000)
(wrapxwrap) gr=TOP CENTER ty=APPLICATION_OVERLAY fmt=TRANSPARENT
01-08 10:11:22.921 29085 29085 E AndroidService: fl=NOT_FOCUSABLE NOT_TOUCHABLE
01-08 10:11:22.921 29085 29085 E AndroidService: bhv=DEFAULT
01-08 10:11:22.921 29085 29085 E AndroidService: fitTypes=STATUS_BARS
NAVIGATION_BARS CAPTION_BAR}
01-08 10:11:22.921 29085 29085 E AndroidService: Use 10 io.va.exposed64 instead of
io.va.exposed64
01-08 10:11:22.938 29085 29085 D Surface : lockCanvas
01-08 10:11:22.947 29085 29085 D Surface : lockCanvas
01-08 10:11:22.949 29085 29085 D Surface : lockCanvas
01-08 10:11:22.962 29085 29085 D Surface : lockCanvas
01-08 10:11:22.980 29085 29085 D Surface : lockCanvas
01-08 10:11:22.992 29085 29085 D Surface : lockCanvas
01-08 10:11:22.997 29085 29085 D Surface : lockCanvas
01-08 10:11:24.394 29085 29085 D Surface : lockCanvas
01-08 10:11:24.412 29085 29085 D Surface : lockCanvas
01-08 10:11:24.420 29085 29085 D Surface : lockCanvas
01-08 10:11:24.428 29085 29085 D Surface : lockCanvas
01-08 10:11:24.434 29085 29085 D Surface : lockCanvas
01-08 10:11:24.440 29085 29085 D Surface : lockCanvas
01-08 10:11:24.451 29085 29085 D Surface : lockCanvas
01-08 10:11:24.457 29085 29085 D Surface : lockCanvas
01-08 10:11:24.464 29085 29085 D Surface : lockCanvas
01-08 10:11:24.469 29085 29085 D Surface : lockCanvas
01-08 10:11:24.476 29085 29085 D Surface : lockCanvas
01-08 10:11:24.483 29085 29085 D Surface : lockCanvas
01-08 10:11:24.489 29085 29085 D Surface : lockCanvas
01-08 10:11:24.494 29085 29085 D Surface : lockCanvas
01-08 10:11:24.502 29085 29085 D Surface : lockCanvas
01-08 10:11:24.508 29085 29085 D Surface : lockCanvas
01-08 10:11:24.516 29085 29085 D Surface : lockCanvas
01-08 10:11:24.521 29085 29085 D Surface : lockCanvas
01-08 10:11:24.530 29085 29085 D Surface : lockCanvas
01-08 10:11:24.538 29085 29085 D Surface : lockCanvas
01-08 10:11:24.543 29085 29085 D Surface : lockCanvas
01-08 10:11:24.550 29085 29085 D Surface : lockCanvas
01-08 10:11:24.556 29085 29085 D Surface : lockCanvas
01-08 10:11:24.563 29085 29085 D Surface : lockCanvas
01-08 10:11:24.571 29085 29085 D Surface : lockCanvas
01-08 10:11:24.578 29085 29085 D Surface : lockCanvas
01-08 10:11:24.586 29085 29085 D Surface : lockCanvas
01-08 10:11:24.592 29085 29085 D Surface : lockCanvas
01-08 10:11:24.597 29085 29085 D Surface : lockCanvas
01-08 10:11:24.605 29085 29085 D Surface : lockCanvas
01-08 10:11:24.612 29085 29085 D Surface : lockCanvas
01-08 10:11:24.619 29085 29085 D Surface : lockCanvas
01-08 10:11:24.625 29085 29085 D Surface : lockCanvas
01-08 10:11:24.633 29085 29085 D Surface : lockCanvas
01-08 10:11:24.639 29085 29085 D Surface : lockCanvas
01-08 10:11:24.646 29085 29085 D Surface : lockCanvas
01-08 10:11:24.825 29085 29085 D Surface : lockCanvas
01-08 10:11:24.843 29085 29085 D Surface : lockCanvas
01-08 10:11:24.851 29085 29085 D View : [Warning] assignParent to null: this =
DecorView@4adc0e0[]
01-08 10:11:24.871 29085 29085 D DecorView[]: onWindowFocusChanged hasWindowFocus
true
01-08 10:11:24.873 29085 29085 D Surface : lockCanvas
01-08 10:11:24.886 29085 29085 D Surface : lockCanvas
01-08 10:11:24.899 29085 29085 D Surface : lockCanvas
01-08 10:11:24.912 29085 29085 D Surface : lockCanvas
01-08 10:11:24.927 29085 29085 D Surface : lockCanvas
01-08 10:11:24.939 29085 29085 D Surface : lockCanvas
01-08 10:11:24.953 29085 29085 D Surface : lockCanvas
01-08 10:11:24.968 29085 29085 D Surface : lockCanvas
01-08 10:11:25.660 29085 29085 D Surface : lockCanvas
01-08 10:11:25.667 29085 29085 D Surface : lockCanvas
01-08 10:11:25.675 29085 29085 D Surface : lockCanvas
01-08 10:11:25.682 29085 29085 D Surface : lockCanvas
01-08 10:11:25.690 29085 29085 D Surface : lockCanvas
01-08 10:11:25.698 29085 29085 D Surface : lockCanvas
01-08 10:11:25.705 29085 29085 D Surface : lockCanvas
01-08 10:11:25.712 29085 29085 D Surface : lockCanvas
01-08 10:11:25.719 29085 29085 D Surface : lockCanvas
01-08 10:11:25.726 29085 29085 D Surface : lockCanvas
01-08 10:11:25.734 29085 29085 D Surface : lockCanvas
01-08 10:11:25.742 29085 29085 D Surface : lockCanvas
01-08 10:11:25.748 29085 29085 D Surface : lockCanvas
01-08 10:11:25.756 29085 29085 D Surface : lockCanvas
01-08 10:11:25.764 29085 29085 D Surface : lockCanvas
01-08 10:11:25.771 29085 29085 D Surface : lockCanvas
01-08 10:11:25.778 29085 29085 D Surface : lockCanvas
01-08 10:11:25.785 29085 29085 D Surface : lockCanvas
01-08 10:11:25.793 29085 29085 D Surface : lockCanvas
01-08 10:11:25.800 29085 29085 D Surface : lockCanvas
01-08 10:11:25.809 29085 29085 D Surface : lockCanvas
01-08 10:11:25.817 29085 29085 D Surface : lockCanvas
01-08 10:11:25.824 29085 29085 D Surface : lockCanvas
01-08 10:11:25.831 29085 29085 D Surface : lockCanvas
01-08 10:11:25.838 29085 29085 D Surface : lockCanvas
01-08 10:11:25.845 29085 29085 D Surface : lockCanvas
01-08 10:11:25.851 29085 29085 D Surface : lockCanvas
01-08 10:11:25.859 29085 29085 D Surface : lockCanvas
01-08 10:11:25.867 29085 29085 D Surface : lockCanvas
01-08 10:11:25.875 29085 29085 D Surface : lockCanvas
01-08 10:11:25.882 29085 29085 D Surface : lockCanvas
01-08 10:11:26.278 29085 29085 D Surface : lockCanvas
01-08 10:11:26.285 29085 29085 D Surface : lockCanvas
01-08 10:11:26.293 29085 29085 D Surface : lockCanvas
01-08 10:11:26.302 29085 29085 D Surface : lockCanvas
01-08 10:11:26.308 29085 29085 D Surface : lockCanvas
01-08 10:11:26.314 29085 29085 D Surface : lockCanvas
01-08 10:11:26.321 29085 29085 D Surface : lockCanvas
01-08 10:11:26.328 29085 29085 D Surface : lockCanvas
01-08 10:11:26.334 29085 29085 D Surface : lockCanvas
01-08 10:11:26.341 29085 29085 D Surface : lockCanvas
01-08 10:11:26.348 29085 29085 D Surface : lockCanvas
01-08 10:11:26.356 29085 29085 D Surface : lockCanvas
01-08 10:11:26.363 29085 29085 D Surface : lockCanvas
01-08 10:11:26.368 29085 29085 D Surface : lockCanvas
01-08 10:11:26.376 29085 29085 D Surface : lockCanvas
01-08 10:11:26.384 29085 29085 D Surface : lockCanvas
01-08 10:11:26.392 29085 29085 D Surface : lockCanvas
01-08 10:11:26.399 29085 29085 D Surface : lockCanvas
01-08 10:11:26.405 29085 29085 D Surface : lockCanvas
01-08 10:11:26.411 29085 29085 D Surface : lockCanvas
01-08 10:11:26.417 29085 29085 D Surface : lockCanvas
01-08 10:11:26.423 29085 29085 D Surface : lockCanvas
01-08 10:11:26.431 29085 29085 D Surface : lockCanvas
01-08 10:11:26.441 29085 29085 D Surface : lockCanvas
01-08 10:11:26.446 29085 29085 D Surface : lockCanvas
01-08 10:11:26.453 29085 29085 D Surface : lockCanvas
01-08 10:11:26.460 29085 29085 D Surface : lockCanvas
01-08 10:11:26.465 29085 29085 D Surface : lockCanvas
01-08 10:11:26.472 29085 29085 D Surface : lockCanvas
01-08 10:11:26.478 29085 29085 D Surface : lockCanvas
01-08 10:11:26.485 29085 29085 D Surface : lockCanvas
01-08 10:11:26.492 29085 29085 D Surface : lockCanvas
01-08 10:11:26.499 29085 29085 D Surface : lockCanvas
01-08 10:11:26.506 29085 29085 D Surface : lockCanvas
01-08 10:11:26.514 29085 29085 D Surface : lockCanvas
01-08 10:11:26.521 29085 29085 D Surface : lockCanvas
01-08 10:11:26.527 29085 29085 D Surface : lockCanvas
01-08 10:11:26.534 29085 29085 D Surface : lockCanvas
01-08 10:11:27.313 29085 29085 D Surface : lockCanvas
01-08 10:11:27.322 29085 29085 D Surface : lockCanvas
01-08 10:11:27.334 29085 29085 D Surface : lockCanvas
01-08 10:11:27.342 29085 29085 D Surface : lockCanvas
01-08 10:11:27.350 29085 29085 D Surface : lockCanvas
01-08 10:11:27.357 29085 29085 D Surface : lockCanvas
01-08 10:11:27.364 29085 29085 D Surface : lockCanvas
01-08 10:11:27.372 29085 29085 D Surface : lockCanvas
01-08 10:11:27.380 29085 29085 D Surface : lockCanvas
01-08 10:11:27.388 29085 29085 D Surface : lockCanvas
01-08 10:11:27.395 29085 29085 D Surface : lockCanvas
01-08 10:11:27.402 29085 29085 D Surface : lockCanvas
01-08 10:11:27.410 29085 29085 D Surface : lockCanvas
01-08 10:11:27.420 29085 29085 D Surface : lockCanvas
01-08 10:11:27.428 29085 29085 D Surface : lockCanvas
01-08 10:11:27.436 29085 29085 D Surface : lockCanvas
01-08 10:11:27.442 29085 29085 D Surface : lockCanvas
01-08 10:11:27.451 29085 29085 D Surface : lockCanvas
01-08 10:11:27.459 29085 29085 D Surface : lockCanvas
01-08 10:11:27.857 29085 29085 D Surface : lockCanvas
01-08 10:11:27.865 29085 29085 D Surface : lockCanvas
01-08 10:11:27.873 29085 29085 D Surface : lockCanvas
01-08 10:11:27.881 29085 29085 D Surface : lockCanvas
01-08 10:11:27.886 29085 29085 D Surface : lockCanvas
01-08 10:11:27.893 29085 29085 D Surface : lockCanvas
01-08 10:11:27.898 29085 29085 D Surface : lockCanvas
01-08 10:11:27.905 29085 29085 D Surface : lockCanvas
01-08 10:11:27.913 29085 29085 D Surface : lockCanvas
01-08 10:11:27.920 29085 29085 D Surface : lockCanvas
01-08 10:11:27.927 29085 29085 D Surface : lockCanvas
01-08 10:11:27.935 29085 29085 D Surface : lockCanvas
01-08 10:11:27.941 29085 29085 D Surface : lockCanvas
01-08 10:11:27.946 29085 29085 D Surface : lockCanvas
01-08 10:11:27.955 29085 29085 D Surface : lockCanvas
01-08 10:11:27.961 29085 29085 D Surface : lockCanvas
01-08 10:11:27.968 29085 29085 D Surface : lockCanvas
01-08 10:11:27.974 29085 29085 D Surface : lockCanvas
01-08 10:11:27.982 29085 29085 D Surface : lockCanvas
01-08 10:11:27.989 29085 29085 D Surface : lockCanvas
01-08 10:11:27.996 29085 29085 D Surface : lockCanvas
01-08 10:11:28.002 29085 29085 D Surface : lockCanvas
01-08 10:11:28.009 29085 29085 D Surface : lockCanvas
01-08 10:11:28.016 29085 29085 D Surface : lockCanvas
01-08 10:11:28.024 29085 29085 W InputMethodManager: Ignoring showSoftInput() as
view=android.ext.EditText{15e7a7a VFED..CL. .F.P..ID 366,0-1184,124 #7f0b0140
app:id/limit} is not served.
01-08 10:11:28.026 29085 29085 D Surface : lockCanvas
01-08 10:11:28.034 29085 29085 D Surface : lockCanvas
01-08 10:11:28.041 29085 29085 D Surface : lockCanvas
01-08 10:11:28.046 29085 29085 D Surface : lockCanvas
01-08 10:11:28.052 29085 29085 D Surface : lockCanvas
01-08 10:11:28.057 29085 29085 D Surface : lockCanvas
01-08 10:11:28.065 29085 29085 D Surface : lockCanvas
01-08 10:11:28.074 29085 29085 D Surface : lockCanvas
01-08 10:11:28.080 29085 29085 D Surface : lockCanvas
01-08 10:11:28.085 29085 29085 D Surface : lockCanvas
01-08 10:11:28.091 29085 29085 D Surface : lockCanvas
01-08 10:11:28.099 29085 29085 D Surface : lockCanvas
01-08 10:11:28.107 29085 29085 D Surface : lockCanvas
01-08 10:11:28.112 29085 29085 D Surface : lockCanvas
01-08 10:11:28.527 29085 29085 D Surface : lockCanvas
01-08 10:11:29.028 29085 29085 D Surface : lockCanvas
01-08 10:11:29.525 29085 29085 D Surface : lockCanvas
01-08 10:11:29.768 29085 29085 D Surface : lockCanvas
01-08 10:11:29.802 29085 29085 D Surface : lockCanvas
01-08 10:11:29.816 29085 29085 E AndroidService: sendSearchNumber: 1214290944; 0 x0
as 20000010 in 0-ffffffffffffffff, 0
01-08 10:11:29.817 29134 29134 I android-daemon: searchNumber: 1214290944; 0,
20000010 0-ffffffffffffffff
01-08 10:11:29.819 29085 29085 D View : [Warning] assignParent to null: this =
DecorView@3fef10d[]
01-08 10:11:29.821 29134 29134 I android-daemon: Region list 0: 68 from 2460;
143286272 from 7154884608; 4473; 146655
01-08 10:11:29.822 29134 29134 I android-daemon: Region list 1: 68 from 2460;
143286272 from 7154884608; 4858; 146655
01-08 10:11:29.822 29134 29134 E android-daemon: Send code: 19, 2
01-08 10:11:29.822 29134 29134 I android-daemon: searchTableIndex success: 81
536870928 20000010
01-08 10:11:29.822 29134 29134 I android-daemon: firstSearchFe started.
01-08 10:11:29.822 29134 29134 E android-daemon: Progress 29134: 0 from 34982,
found: 0
01-08 10:11:29.833 29085 29085 D View : [Warning] assignParent to null: this =
android.ext.Tools$ViewWrapper{60b4aba V.E...... ......I. 0,0-607,53}
01-08 10:11:29.840 29085 29085 D DecorView[]: onWindowFocusChanged hasWindowFocus
true
01-08 10:11:29.872 29134 29139 E android-daemon: Progress 29139: 14451 from 34982,
found: 0
01-08 10:11:29.915 29085 29085 E AndroidService: Use 10 io.va.exposed64 instead of
null
01-08 10:11:29.915 29085 29085 D IS_CTS_MODE: false
01-08 10:11:29.915 29085 29085 D MULTI_WINDOW_SWITCH_ENABLED: false
01-08 10:11:29.926 29085 29085 D DecorView[]: updateDecorCaptionStatus
displayWindowDecor is false
01-08 10:11:29.944 29134 29134 I android-daemon: firstSearch_ dbg: 143286272
01-08 10:11:29.944 29134 29134 I android-daemon: firstSearchFe ended.
01-08 10:11:29.944 29134 29134 I android-daemon: firstSearch clocks: 122101, 122082
/ 34982 -> 348
01-08 10:11:29.944 29134 29134 I android-daemon: MR[0] = 0
01-08 10:11:29.944 29134 29134 I android-daemon: MR[1] = 0
01-08 10:11:29.944 29134 29134 I android-daemon: MR[2] = 0
01-08 10:11:29.944 29134 29134 I android-daemon: MR[3] = 0
01-08 10:11:29.944 29134 29134 I android-daemon: MR[4] = 0
01-08 10:11:29.944 29134 29134 I android-daemon: MR[5] = 0
01-08 10:11:29.944 29134 29134 I android-daemon: MR[6] = 0
01-08 10:11:29.944 29134 29134 I android-daemon: MR[7] = 0
01-08 10:11:29.944 29134 29134 I android-daemon: MR[8] = 0
01-08 10:11:29.944 29134 29134 I android-daemon: MR[9] = 0
01-08 10:11:29.944 29134 29134 I android-daemon: MR[10] = 0
01-08 10:11:29.944 29134 29134 I android-daemon: MR[11] = 0
01-08 10:11:29.944 29134 29134 I android-daemon: MR[12] = 0
01-08 10:11:29.944 29134 29134 I android-daemon: MR[13] = 0
01-08 10:11:29.944 29134 29134 I android-daemon: MR[14] = 0
01-08 10:11:29.944 29134 29134 I android-daemon: MR[15] = 0
01-08 10:11:29.944 29134 29134 I android-daemon: MR[16] = 0
01-08 10:11:29.944 29134 29134 I android-daemon: MR[17] = 0
01-08 10:11:29.944 29134 29134 I android-daemon: MR[18] = 34982
01-08 10:11:29.944 29134 29134 I android-daemon: MR[19] = 34982
01-08 10:11:29.944 29134 29134 E android-daemon: ::searchDone: 0, 0 0
01-08 10:11:29.944 29085 29085 D Surface : lockCanvas
01-08 10:11:29.960 29085 29085 D Surface : lockCanvas
01-08 10:11:29.969 29085 29085 D View : [Warning] assignParent to null: this =
DecorView@c1b377d[]
01-08 10:11:29.980 29085 29085 E AndroidService: notifyScript client: null
01-08 10:11:29.980 29085 29085 D DecorView[]: onWindowFocusChanged hasWindowFocus
false
01-08 10:11:29.981 29085 29085 D Surface : lockCanvas
01-08 10:11:29.994 29085 29085 E AndroidService: notifyScript client: null
01-08 10:11:29.998 29085 29085 D Surface : lockCanvas
01-08 10:11:30.005 29085 29085 D DecorView[]: onWindowFocusChanged hasWindowFocus
true
01-08 10:11:33.352 29085 29085 D Surface : lockCanvas
01-08 10:11:33.380 29085 29085 E AndroidService: Screen: 810dp x 356dp
01-08 10:11:33.381 29085 29085 E AndroidService: Kbd: 7 x 5; 924x660; 924x660
01-08 10:11:33.382 29085 29085 E AndroidService: Use 10 io.va.exposed64 instead of
null
01-08 10:11:33.382 29085 29085 D IS_CTS_MODE: false
01-08 10:11:33.382 29085 29085 D MULTI_WINDOW_SWITCH_ENABLED: false
01-08 10:11:33.395 29085 29085 E AndroidService: Kbd: 7 x 5; 924x660; 924x660
01-08 10:11:33.396 29085 29085 D Surface : lockCanvas
01-08 10:11:33.424 29085 29085 D Surface : lockCanvas
01-08 10:11:33.465 29085 29085 D Surface : lockCanvas
01-08 10:11:33.474 29085 29085 D Surface : lockCanvas
01-08 10:11:33.484 29085 29085 D DecorView[]: onWindowFocusChanged hasWindowFocus
false
01-08 10:11:33.485 29085 29085 D Surface : lockCanvas
01-08 10:11:33.493 29085 29085 D Surface : lockCanvas
01-08 10:11:33.503 29085 29085 D DecorView[]: onWindowFocusChanged hasWindowFocus
true
01-08 10:11:33.518 29085 29085 D Surface : lockCanvas
01-08 10:11:33.529 29085 29085 D View : [Warning] assignParent to null: this =
android.ext.Tools$ViewWrapper{799ab4f V.E...... ......I. 0,0-165,55}
01-08 10:11:33.530 29085 29085 E AndroidService: dbg2:
android.ext.Tools$ViewWrapper{fc1a0bc V.E...... ......I. 0,0-0,0} {(10000,10000)
(165x55) gr=TOP LEFT CENTER ty=APPLICATION_OVERLAY fmt=TRANSPARENT
01-08 10:11:33.530 29085 29085 E AndroidService: fl=NOT_FOCUSABLE
LAYOUT_IN_SCREEN
01-08 10:11:33.530 29085 29085 E AndroidService: bhv=DEFAULT
01-08 10:11:33.530 29085 29085 E AndroidService: fitTypes=STATUS_BARS
NAVIGATION_BARS CAPTION_BAR}
01-08 10:11:33.530 29085 29085 E AndroidService: Use 10 io.va.exposed64 instead of
io.va.exposed64
01-08 10:11:33.540 29085 29085 E AndroidService: dbg2:
android.ext.Tools$ViewWrapper{8c0dccb V.E...... ......I. 0,0-0,0} {(0,-1000)
(wrapxwrap) gr=TOP CENTER ty=APPLICATION_OVERLAY fmt=TRANSPARENT
01-08 10:11:33.540 29085 29085 E AndroidService: fl=NOT_FOCUSABLE NOT_TOUCHABLE
01-08 10:11:33.540 29085 29085 E AndroidService: bhv=DEFAULT
01-08 10:11:33.540 29085 29085 E AndroidService: fitTypes=STATUS_BARS
NAVIGATION_BARS CAPTION_BAR}
01-08 10:11:33.540 29085 29085 E AndroidService: Use 10 io.va.exposed64 instead of
io.va.exposed64
01-08 10:11:33.556 29085 29085 D Surface : lockCanvas
01-08 10:11:33.572 29085 29085 D Surface : lockCanvas
01-08 10:11:33.581 29085 29085 D Surface : lockCanvas
01-08 10:11:33.592 29085 29085 D Surface : lockCanvas
01-08 10:11:33.605 29085 29085 D Surface : lockCanvas
01-08 10:11:33.608 29085 29085 D Surface : lockCanvas
01-08 10:11:33.610 29085 29085 D Surface : lockCanvas
01-08 10:11:33.622 29085 29085 D Surface : lockCanvas
01-08 10:11:33.635 29085 29085 D Surface : lockCanvas
01-08 10:11:34.996 29085 29085 D Surface : lockCanvas
01-08 10:11:35.013 29085 29085 D Surface : lockCanvas
01-08 10:11:35.024 29085 29085 D Surface : lockCanvas
01-08 10:11:35.036 29085 29085 D Surface : lockCanvas
01-08 10:11:35.048 29085 29085 D Surface : lockCanvas
01-08 10:11:35.060 29085 29085 D Surface : lockCanvas
01-08 10:11:35.071 29085 29085 D Surface : lockCanvas
01-08 10:11:35.086 29085 29085 D Surface : lockCanvas
01-08 10:11:35.096 29085 29085 D Surface : lockCanvas
01-08 10:11:35.108 29085 29085 D Surface : lockCanvas
01-08 10:11:35.120 29085 29085 D Surface : lockCanvas
01-08 10:11:35.131 29085 29085 D Surface : lockCanvas
01-08 10:11:35.141 29085 29085 D Surface : lockCanvas
01-08 10:11:35.152 29085 29085 D Surface : lockCanvas
01-08 10:11:35.162 29085 29085 D Surface : lockCanvas
01-08 10:11:35.174 29085 29085 D Surface : lockCanvas
01-08 10:11:35.186 29085 29085 D Surface : lockCanvas
01-08 10:11:35.196 29085 29085 D Surface : lockCanvas
01-08 10:11:35.207 29085 29085 D Surface : lockCanvas
01-08 10:11:35.219 29085 29085 D Surface : lockCanvas
01-08 10:11:35.231 29085 29085 D Surface : lockCanvas
01-08 10:11:35.244 29085 29085 D Surface : lockCanvas
01-08 10:11:35.256 29085 29085 D Surface : lockCanvas
01-08 10:11:39.249 29085 29085 D Surface : lockCanvas
01-08 10:11:39.272 29085 29085 E AndroidService: Use 10 io.va.exposed64 instead of
null
01-08 10:11:39.272 29085 29085 D IS_CTS_MODE: false
01-08 10:11:39.272 29085 29085 D MULTI_WINDOW_SWITCH_ENABLED: false
01-08 10:11:39.291 29085 29085 D Surface : lockCanvas
01-08 10:11:39.318 29085 29085 D Surface : lockCanvas
01-08 10:11:39.327 29085 29085 D Surface : lockCanvas
01-08 10:11:39.330 29085 29085 D Surface : lockCanvas
01-08 10:11:39.339 29085 29085 D Surface : lockCanvas
01-08 10:11:39.348 29085 29085 D Surface : lockCanvas
01-08 10:11:39.351 29085 29085 D DecorView[]: onWindowFocusChanged hasWindowFocus
false
01-08 10:11:39.352 29085 29085 D DecorView[]: onWindowFocusChanged hasWindowFocus
true
01-08 10:11:39.353 29085 29085 D Surface : lockCanvas
01-08 10:11:39.367 29085 29085 D Surface : lockCanvas
01-08 10:11:39.372 29085 29085 D Surface : lockCanvas
01-08 10:11:39.386 29085 29085 D Surface : lockCanvas
01-08 10:11:39.401 29085 29085 D Surface : lockCanvas
01-08 10:11:39.415 29085 29085 D View : [Warning] assignParent to null: this =
android.ext.Tools$ViewWrapper{fc1a0bc V.E...... ......I. 0,0-165,55}
01-08 10:11:39.416 29085 29085 E AndroidService: dbg2:
android.ext.Tools$ViewWrapper{21962dd V.E...... ......I. 0,0-0,0} {(10000,10000)
(165x55) gr=TOP LEFT CENTER ty=APPLICATION_OVERLAY fmt=TRANSPARENT
01-08 10:11:39.416 29085 29085 E AndroidService: fl=NOT_FOCUSABLE
LAYOUT_IN_SCREEN
01-08 10:11:39.416 29085 29085 E AndroidService: bhv=DEFAULT
01-08 10:11:39.416 29085 29085 E AndroidService: fitTypes=STATUS_BARS
NAVIGATION_BARS CAPTION_BAR}
01-08 10:11:39.416 29085 29085 E AndroidService: Use 10 io.va.exposed64 instead of
io.va.exposed64
01-08 10:11:39.425 29085 29085 D View : [Warning] assignParent to null: this =
android.ext.Tools$ViewWrapper{8c0dccb V.E...... ......I. 0,0-607,53}
01-08 10:11:39.426 29085 29085 E AndroidService: dbg2:
android.ext.Tools$ViewWrapper{d7a5a20 V.E...... ......I. 0,0-0,0} {(0,-1000)
(wrapxwrap) gr=TOP CENTER ty=APPLICATION_OVERLAY fmt=TRANSPARENT
01-08 10:11:39.426 29085 29085 E AndroidService: fl=NOT_FOCUSABLE NOT_TOUCHABLE
01-08 10:11:39.426 29085 29085 E AndroidService: bhv=DEFAULT
01-08 10:11:39.426 29085 29085 E AndroidService: fitTypes=STATUS_BARS
NAVIGATION_BARS CAPTION_BAR}
01-08 10:11:39.426 29085 29085 E AndroidService: Use 10 io.va.exposed64 instead of
io.va.exposed64
01-08 10:11:39.442 29085 29085 D Surface : lockCanvas
01-08 10:11:39.452 29085 29085 D Surface : lockCanvas
01-08 10:11:39.454 29085 29085 D Surface : lockCanvas
01-08 10:11:39.483 29085 29085 D Surface : lockCanvas
01-08 10:11:39.500 29085 29085 D Surface : lockCanvas
01-08 10:11:39.504 29085 29085 D Surface : lockCanvas
01-08 10:11:39.515 29085 29085 D Surface : lockCanvas
01-08 10:11:39.523 29085 29085 D Surface : lockCanvas
01-08 10:11:39.531 29085 29085 D Surface : lockCanvas
01-08 10:11:39.541 29085 29085 D Surface : lockCanvas
01-08 10:11:39.550 29085 29085 D Surface : lockCanvas
01-08 10:11:39.560 29085 29085 D Surface : lockCanvas
01-08 10:11:39.567 29085 29085 D Surface : lockCanvas
01-08 10:11:39.574 29085 29085 D Surface : lockCanvas
01-08 10:11:39.585 29085 29085 D Surface : lockCanvas
01-08 10:11:39.592 29085 29085 D Surface : lockCanvas
01-08 10:11:39.600 29085 29085 D Surface : lockCanvas
01-08 10:11:39.610 29085 29085 D Surface : lockCanvas
01-08 10:11:39.619 29085 29085 D Surface : lockCanvas
01-08 10:11:39.629 29085 29085 D Surface : lockCanvas
01-08 10:11:39.638 29085 29085 D Surface : lockCanvas
01-08 10:11:39.646 29085 29085 D Surface : lockCanvas
01-08 10:11:39.654 29085 29085 D Surface : lockCanvas
01-08 10:11:39.661 29085 29085 D Surface : lockCanvas
01-08 10:11:39.668 29085 29085 D Surface : lockCanvas
01-08 10:11:39.675 29085 29085 D Surface : lockCanvas
01-08 10:11:39.684 29085 29085 D Surface : lockCanvas
01-08 10:11:39.693 29085 29085 D Surface : lockCanvas
01-08 10:11:39.701 29085 29085 D Surface : lockCanvas
01-08 10:11:39.708 29085 29085 D Surface : lockCanvas
01-08 10:11:39.717 29085 29085 D Surface : lockCanvas
01-08 10:11:39.725 29085 29085 D Surface : lockCanvas
01-08 10:11:39.734 29085 29085 D Surface : lockCanvas
01-08 10:11:39.742 29085 29085 D Surface : lockCanvas
01-08 10:11:39.751 29085 29085 D Surface : lockCanvas
01-08 10:11:39.758 29085 29085 D Surface : lockCanvas
01-08 10:11:39.765 29085 29085 D Surface : lockCanvas
01-08 10:11:39.773 29085 29085 D Surface : lockCanvas
01-08 10:11:39.782 29085 29085 D Surface : lockCanvas
01-08 10:11:39.791 29085 29085 D Surface : lockCanvas
01-08 10:11:39.799 29085 29085 D Surface : lockCanvas
01-08 10:11:39.808 29085 29085 D Surface : lockCanvas
01-08 10:11:39.817 29085 29085 D Surface : lockCanvas
01-08 10:11:39.825 29085 29085 D Surface : lockCanvas
01-08 10:11:39.832 29085 29085 D Surface : lockCanvas
01-08 10:11:39.842 29085 29085 D Surface : lockCanvas
01-08 10:11:39.858 29085 29085 D Surface : lockCanvas
01-08 10:11:39.868 29085 29085 D Surface : lockCanvas
01-08 10:11:39.875 29085 29085 D Surface : lockCanvas
01-08 10:11:39.886 29085 29085 D Surface : lockCanvas
01-08 10:11:39.899 29085 29085 D Surface : lockCanvas
01-08 10:11:39.909 29085 29085 D Surface : lockCanvas
01-08 10:11:39.918 29085 29085 D Surface : lockCanvas
01-08 10:11:39.927 29085 29085 D Surface : lockCanvas
01-08 10:11:39.936 29085 29085 D Surface : lockCanvas
01-08 10:11:39.944 29085 29085 D Surface : lockCanvas
01-08 10:11:39.955 29085 29085 D Surface : lockCanvas
01-08 10:11:39.965 29085 29085 D Surface : lockCanvas
01-08 10:11:39.973 29085 29085 D Surface : lockCanvas
01-08 10:11:39.986 29085 29085 D Surface : lockCanvas
01-08 10:11:39.994 29085 29085 D Surface : lockCanvas
01-08 10:11:40.002 29085 29085 D Surface : lockCanvas
01-08 10:11:40.010 29085 29085 D Surface : lockCanvas
01-08 10:11:40.019 29085 29085 D Surface : lockCanvas
01-08 10:11:40.028 29085 29085 D Surface : lockCanvas
01-08 10:11:40.038 29085 29085 D Surface : lockCanvas
01-08 10:11:40.046 29085 29085 D Surface : lockCanvas
01-08 10:11:40.054 29085 29085 D Surface : lockCanvas
01-08 10:11:40.062 29085 29085 D Surface : lockCanvas
01-08 10:11:40.071 29085 29085 D Surface : lockCanvas
01-08 10:11:40.080 29085 29085 D Surface : lockCanvas
01-08 10:11:40.089 29085 29085 D Surface : lockCanvas
01-08 10:11:40.253 29085 29085 D Surface : lockCanvas
01-08 10:11:40.323 29134 31459 I android-daemon: sel ok
01-08 10:11:40.863 29085 29085 D View : [Warning] assignParent to null: this =
DecorView@5e9859b[]
01-08 10:11:40.867 29085 29085 W InputEventReceiver: Attempted to finish an input
event but the input event receiver has already been disposed.
01-08 10:11:40.878 29085 29085 D DecorView[]: onWindowFocusChanged hasWindowFocus
true
01-08 10:11:40.880 29085 29085 D Surface : lockCanvas
01-08 10:11:40.896 29085 29085 D Surface : lockCanvas
01-08 10:11:40.910 29085 29085 D Surface : lockCanvas
01-08 10:11:40.922 29085 29085 D Surface : lockCanvas
01-08 10:11:40.935 29085 29085 D Surface : lockCanvas
01-08 10:11:40.950 29085 29085 D Surface : lockCanvas
01-08 10:11:40.968 29085 29085 D Surface : lockCanvas
01-08 10:11:40.984 29085 29085 D Surface : lockCanvas
01-08 10:11:41.763 29085 29085 D Surface : lockCanvas
01-08 10:11:41.775 29085 29085 E AndroidService: Use 10 io.va.exposed64 instead of
null
01-08 10:11:41.775 29085 29085 D IS_CTS_MODE: false
01-08 10:11:41.775 29085 29085 D MULTI_WINDOW_SWITCH_ENABLED: false
01-08 10:11:41.791 29085 29085 D Surface : lockCanvas
01-08 10:11:41.813 29085 29085 D Surface : lockCanvas
01-08 10:11:41.824 29085 29085 D Surface : lockCanvas
01-08 10:11:41.832 29085 29085 D Surface : lockCanvas
01-08 10:11:41.839 29085 29085 D DecorView[]: onWindowFocusChanged hasWindowFocus
false
01-08 10:11:41.842 29085 29085 D Surface : lockCanvas
01-08 10:11:41.848 29085 29085 D Surface : lockCanvas
01-08 10:11:41.863 29085 29085 D DecorView[]: onWindowFocusChanged hasWindowFocus
true
01-08 10:11:41.864 29085 29085 D Surface : lockCanvas
01-08 10:11:41.874 29085 29085 D Surface : lockCanvas
01-08 10:11:41.880 29085 29085 D Surface : lockCanvas
01-08 10:11:41.883 29085 29085 D Surface : lockCanvas
01-08 10:11:41.897 29085 29085 D Surface : lockCanvas
01-08 10:11:41.907 29085 29085 D Surface : lockCanvas
01-08 10:11:41.911 29085 29085 D View : [Warning] assignParent to null: this =
android.ext.Tools$ViewWrapper{21962dd V.E...... ......I. 0,0-165,55}
01-08 10:11:41.912 29085 29085 E AndroidService: dbg2:
android.ext.Tools$ViewWrapper{ebd410a V.E...... ......I. 0,0-0,0} {(10000,10000)
(165x55) gr=TOP LEFT CENTER ty=APPLICATION_OVERLAY fmt=TRANSPARENT
01-08 10:11:41.912 29085 29085 E AndroidService: fl=NOT_FOCUSABLE
LAYOUT_IN_SCREEN
01-08 10:11:41.912 29085 29085 E AndroidService: bhv=DEFAULT
01-08 10:11:41.912 29085 29085 E AndroidService: fitTypes=STATUS_BARS
NAVIGATION_BARS CAPTION_BAR}
01-08 10:11:41.912 29085 29085 E AndroidService: Use 10 io.va.exposed64 instead of
io.va.exposed64
01-08 10:11:41.920 29085 29085 D View : [Warning] assignParent to null: this =
android.ext.Tools$ViewWrapper{d7a5a20 V.E...... ......I. 0,0-607,53}
01-08 10:11:41.921 29085 29085 E AndroidService: dbg2:
android.ext.Tools$ViewWrapper{787bf1 V.E...... ......I. 0,0-0,0} {(0,-1000)
(wrapxwrap) gr=TOP CENTER ty=APPLICATION_OVERLAY fmt=TRANSPARENT
01-08 10:11:41.921 29085 29085 E AndroidService: fl=NOT_FOCUSABLE NOT_TOUCHABLE
01-08 10:11:41.921 29085 29085 E AndroidService: bhv=DEFAULT
01-08 10:11:41.921 29085 29085 E AndroidService: fitTypes=STATUS_BARS
NAVIGATION_BARS CAPTION_BAR}
01-08 10:11:41.921 29085 29085 E AndroidService: Use 10 io.va.exposed64 instead of
io.va.exposed64
01-08 10:11:41.937 29085 29085 D Surface : lockCanvas
01-08 10:11:41.948 29085 29085 D Surface : lockCanvas
01-08 10:11:41.950 29085 29085 D Surface : lockCanvas
01-08 10:11:41.965 29085 29085 D Surface : lockCanvas
01-08 10:11:41.979 29085 29085 D Surface : lockCanvas
01-08 10:11:41.990 29085 29085 D Surface : lockCanvas
01-08 10:11:41.994 29085 29085 D Surface : lockCanvas
01-08 10:11:42.721 29085 29085 D Surface : lockCanvas
01-08 10:11:42.728 29085 29085 D Surface : lockCanvas
01-08 10:11:42.733 29085 29085 D Surface : lockCanvas
01-08 10:11:42.740 29085 29085 D Surface : lockCanvas
01-08 10:11:42.747 29085 29085 D Surface : lockCanvas
01-08 10:11:42.756 29085 29085 D Surface : lockCanvas
01-08 10:11:42.764 29085 29085 D Surface : lockCanvas
01-08 10:11:42.769 29085 29085 D Surface : lockCanvas
01-08 10:11:42.777 29085 29085 D Surface : lockCanvas
01-08 10:11:42.785 29085 29085 D Surface : lockCanvas
01-08 10:11:42.792 29085 29085 D Surface : lockCanvas
01-08 10:11:42.798 29085 29085 D Surface : lockCanvas
01-08 10:11:42.805 29085 29085 D Surface : lockCanvas
01-08 10:11:42.811 29085 29085 D Surface : lockCanvas
01-08 10:11:42.818 29085 29085 D Surface : lockCanvas
01-08 10:11:42.824 29085 29085 D Surface : lockCanvas
01-08 10:11:42.830 29085 29085 D Surface : lockCanvas
01-08 10:11:42.837 29085 29085 D Surface : lockCanvas
01-08 10:11:42.844 29085 29085 D Surface : lockCanvas
01-08 10:11:42.850 29085 29085 D Surface : lockCanvas
01-08 10:11:42.857 29085 29085 D Surface : lockCanvas
01-08 10:11:42.865 29085 29085 D Surface : lockCanvas
01-08 10:11:42.872 29085 29085 D Surface : lockCanvas
01-08 10:11:42.878 29085 29085 D Surface : lockCanvas
01-08 10:11:42.885 29085 29085 D Surface : lockCanvas
01-08 10:11:42.892 29085 29085 D Surface : lockCanvas
01-08 10:11:42.899 29085 29085 D Surface : lockCanvas
01-08 10:11:42.906 29085 29085 D Surface : lockCanvas
01-08 10:11:42.912 29085 29085 D Surface : lockCanvas
01-08 10:11:42.920 29085 29085 D Surface : lockCanvas
01-08 10:11:42.927 29085 29085 D Surface : lockCanvas
01-08 10:11:42.934 29085 29085 D Surface : lockCanvas
01-08 10:11:42.947 29085 29085 D Surface : lockCanvas
01-08 10:11:42.955 29085 29085 D Surface : lockCanvas
01-08 10:11:42.969 29085 29085 D Surface : lockCanvas
01-08 10:11:42.988 29085 29085 D Surface : lockCanvas
01-08 10:11:43.003 29085 29085 D Surface : lockCanvas
01-08 10:11:43.017 29085 29085 D Surface : lockCanvas
01-08 10:11:43.030 29085 29085 D Surface : lockCanvas
01-08 10:11:43.036 29085 29085 D Surface : lockCanvas
01-08 10:11:43.051 29085 29085 D Surface : lockCanvas
01-08 10:11:43.057 29085 29085 D Surface : lockCanvas
01-08 10:11:43.065 29085 29085 D Surface : lockCanvas
01-08 10:11:43.071 29085 29085 D Surface : lockCanvas
01-08 10:11:43.104 29085 29085 D Surface : lockCanvas
01-08 10:11:43.110 29085 29085 D Surface : lockCanvas
01-08 10:11:43.115 29085 29085 D Surface : lockCanvas
01-08 10:11:43.121 29085 29085 D Surface : lockCanvas
01-08 10:11:43.128 29085 29085 D Surface : lockCanvas
01-08 10:11:43.134 29085 29085 D Surface : lockCanvas
01-08 10:11:43.140 29085 29085 D Surface : lockCanvas
01-08 10:11:43.147 29085 29085 D Surface : lockCanvas
01-08 10:11:43.153 29085 29085 D Surface : lockCanvas
01-08 10:11:43.162 29085 29085 D Surface : lockCanvas
01-08 10:11:43.170 29085 29085 D Surface : lockCanvas
01-08 10:11:43.176 29085 29085 D Surface : lockCanvas
01-08 10:11:43.395 29085 29085 D Surface : lockCanvas
01-08 10:11:43.402 29085 29085 D Surface : lockCanvas
01-08 10:11:43.408 29085 29085 D Surface : lockCanvas
01-08 10:11:43.416 29085 29085 D Surface : lockCanvas
01-08 10:11:43.422 29085 29085 D Surface : lockCanvas
01-08 10:11:43.429 29085 29085 D Surface : lockCanvas
01-08 10:11:43.436 29085 29085 D Surface : lockCanvas
01-08 10:11:43.443 29085 29085 D Surface : lockCanvas
01-08 10:11:43.450 29085 29085 D Surface : lockCanvas
01-08 10:11:43.457 29085 29085 D Surface : lockCanvas
01-08 10:11:43.463 29085 29085 D Surface : lockCanvas
01-08 10:11:43.471 29085 29085 D Surface : lockCanvas
01-08 10:11:43.477 29085 29085 D Surface : lockCanvas
01-08 10:11:43.484 29085 29085 D Surface : lockCanvas
01-08 10:11:43.492 29085 29085 D Surface : lockCanvas
01-08 10:11:43.500 29085 29085 D Surface : lockCanvas
01-08 10:11:43.505 29085 29085 D Surface : lockCanvas
01-08 10:11:43.512 29085 29085 D Surface : lockCanvas
01-08 10:11:43.519 29085 29085 D Surface : lockCanvas
01-08 10:11:43.526 29085 29085 D Surface : lockCanvas
01-08 10:11:43.533 29085 29085 D Surface : lockCanvas
01-08 10:11:43.540 29085 29085 D Surface : lockCanvas
01-08 10:11:43.546 29085 29085 D Surface : lockCanvas
01-08 10:11:43.554 29085 29085 D Surface : lockCanvas
01-08 10:11:43.560 29085 29085 D Surface : lockCanvas
01-08 10:11:43.568 29085 29085 D Surface : lockCanvas
01-08 10:11:43.575 29085 29085 D Surface : lockCanvas
01-08 10:11:43.584 29085 29085 D Surface : lockCanvas
01-08 10:11:43.591 29085 29085 D Surface : lockCanvas
01-08 10:11:43.597 29085 29085 D Surface : lockCanvas
01-08 10:11:43.604 29085 29085 D Surface : lockCanvas
01-08 10:11:43.609 29085 29085 D Surface : lockCanvas
01-08 10:11:43.616 29085 29085 D Surface : lockCanvas
01-08 10:11:43.622 29085 29085 D Surface : lockCanvas
01-08 10:11:43.629 29085 29085 D Surface : lockCanvas
01-08 10:11:43.636 29085 29085 D Surface : lockCanvas
01-08 10:11:43.643 29085 29085 D Surface : lockCanvas
01-08 10:11:43.650 29085 29085 D Surface : lockCanvas
01-08 10:11:43.657 29085 29085 D Surface : lockCanvas
01-08 10:11:43.664 29085 29085 D Surface : lockCanvas
01-08 10:11:43.670 29085 29085 D Surface : lockCanvas
01-08 10:11:43.678 29085 29085 D Surface : lockCanvas
01-08 10:11:43.685 29085 29085 D Surface : lockCanvas
01-08 10:11:43.692 29085 29085 D Surface : lockCanvas
01-08 10:11:43.700 29085 29085 D Surface : lockCanvas
01-08 10:11:43.707 29085 29085 D Surface : lockCanvas
01-08 10:11:43.739 29085 29085 D Surface : lockCanvas
01-08 10:11:44.105 29085 29085 D Surface : lockCanvas
01-08 10:11:44.112 29085 29085 D Surface : lockCanvas
01-08 10:11:44.118 29085 29085 D Surface : lockCanvas
01-08 10:11:44.125 29085 29085 D Surface : lockCanvas
01-08 10:11:44.132 29085 29085 D Surface : lockCanvas
01-08 10:11:44.139 29085 29085 D Surface : lockCanvas
01-08 10:11:44.146 29085 29085 D Surface : lockCanvas
01-08 10:11:44.152 29085 29085 D Surface : lockCanvas
01-08 10:11:44.160 29085 29085 D Surface : lockCanvas
01-08 10:11:44.166 29085 29085 D Surface : lockCanvas
01-08 10:11:44.173 29085 29085 D Surface : lockCanvas
01-08 10:11:44.180 29085 29085 D Surface : lockCanvas
01-08 10:11:44.187 29085 29085 D Surface : lockCanvas
01-08 10:11:44.195 29085 29085 D Surface : lockCanvas
01-08 10:11:44.202 29085 29085 D Surface : lockCanvas
01-08 10:11:44.208 29085 29085 D Surface : lockCanvas
01-08 10:11:44.215 29085 29085 D Surface : lockCanvas
01-08 10:11:44.222 29085 29085 D Surface : lockCanvas
01-08 10:11:44.230 29085 29085 D Surface : lockCanvas
01-08 10:11:44.235 29085 29085 D Surface : lockCanvas
01-08 10:11:44.242 29085 29085 D Surface : lockCanvas
01-08 10:11:44.249 29085 29085 D Surface : lockCanvas
01-08 10:11:44.255 29085 29085 D Surface : lockCanvas
01-08 10:11:44.263 29085 29085 D Surface : lockCanvas
01-08 10:11:44.270 29085 29085 D Surface : lockCanvas
01-08 10:11:44.276 29085 29085 D Surface : lockCanvas
01-08 10:11:44.284 29085 29085 D Surface : lockCanvas
01-08 10:11:44.291 29085 29085 D Surface : lockCanvas
01-08 10:11:44.297 29085 29085 D Surface : lockCanvas
01-08 10:11:44.304 29085 29085 D Surface : lockCanvas
01-08 10:11:44.311 29085 29085 D Surface : lockCanvas
01-08 10:11:44.318 29085 29085 D Surface : lockCanvas
01-08 10:11:44.325 29085 29085 D Surface : lockCanvas
01-08 10:11:44.332 29085 29085 D Surface : lockCanvas
01-08 10:11:44.339 29085 29085 D Surface : lockCanvas
01-08 10:11:44.346 29085 29085 D Surface : lockCanvas
01-08 10:11:44.352 29085 29085 D Surface : lockCanvas
01-08 10:11:44.359 29085 29085 D Surface : lockCanvas
01-08 10:11:45.056 29085 29085 D Surface : lockCanvas
01-08 10:11:45.098 29085 29085 D Surface : lockCanvas
01-08 10:11:45.128 29085 29085 D View : [Warning] assignParent to null: this =
DecorView@d1617ae[]
01-08 10:11:45.135 29085 29085 D Surface : lockCanvas
01-08 10:11:45.141 29085 29085 D DecorView[]: onWindowFocusChanged hasWindowFocus
true
01-08 10:11:45.145 29085 29085 D Surface : lockCanvas
01-08 10:11:45.157 29085 29085 D Surface : lockCanvas
01-08 10:11:45.168 29085 29085 D Surface : lockCanvas
01-08 10:11:45.181 29085 29085 D Surface : lockCanvas
01-08 10:11:45.193 29085 29085 D Surface : lockCanvas
01-08 10:11:45.206 29085 29085 D Surface : lockCanvas
01-08 10:11:45.218 29085 29085 D Surface : lockCanvas
01-08 10:11:45.232 29085 29085 D Surface : lockCanvas
01-08 10:11:45.245 29085 29085 D Surface : lockCanvas
01-08 10:11:48.200 29085 29094 W va.exposed64:p: Cleared Reference was only
reachable from finalizer (only reported once)
01-08 10:11:55.674 29085 29085 D Surface : lockCanvas
01-08 10:11:55.711 29085 29085 E AndroidService: sendSearchNumber: 1214290944; 0 x0
as 20000010 in 0-ffffffffffffffff, 0
01-08 10:11:55.712 29134 29134 I android-daemon: searchNumber: 1214290944; 0,
20000010 0-ffffffffffffffff
01-08 10:11:55.713 29085 29085 D View : [Warning] assignParent to null: this =
DecorView@701ed12[]
01-08 10:11:55.718 29085 29085 D View : [Warning] assignParent to null: this =
android.ext.Tools$ViewWrapper{787bf1 V.E...... ......I. 0,0-607,53}
01-08 10:11:55.725 29134 29134 I android-daemon: Region list 0: 68 from 2460;
143286272 from 7154884608; 13782; 146655
01-08 10:11:55.726 29134 29134 I android-daemon: Region list 1: 68 from 2460;
143286272 from 7154884608; 14721; 146655
01-08 10:11:55.726 29134 29134 E android-daemon: Send code: 19, 2
01-08 10:11:55.727 29134 29134 I android-daemon: searchTableIndex success: 81
536870928 20000010
01-08 10:11:55.727 29134 29134 I android-daemon: firstSearchFe started.
01-08 10:11:55.727 29134 29134 E android-daemon: Progress 29134: 0 from 34982,
found: 0
01-08 10:11:55.737 29085 29085 D DecorView[]: onWindowFocusChanged hasWindowFocus
true
01-08 10:11:55.809 29085 29085 E AndroidService: Use 10 io.va.exposed64 instead of
null
01-08 10:11:55.809 29085 29085 D IS_CTS_MODE: false
01-08 10:11:55.809 29085 29085 D MULTI_WINDOW_SWITCH_ENABLED: false
01-08 10:11:55.822 29085 29085 D DecorView[]: updateDecorCaptionStatus
displayWindowDecor is false
01-08 10:11:55.838 29134 29134 I android-daemon: firstSearch_ dbg: 143286272
01-08 10:11:55.838 29134 29134 I android-daemon: firstSearchFe ended.
01-08 10:11:55.838 29134 29134 I android-daemon: firstSearch clocks: 111433, 111216
/ 34982 -> 317
01-08 10:11:55.838 29134 29134 I android-daemon: MR[0] = 0
01-08 10:11:55.838 29134 29134 I android-daemon: MR[1] = 0
01-08 10:11:55.838 29134 29134 I android-daemon: MR[2] = 0
01-08 10:11:55.838 29134 29134 I android-daemon: MR[3] = 0
01-08 10:11:55.838 29134 29134 I android-daemon: MR[4] = 0
01-08 10:11:55.838 29134 29134 I android-daemon: MR[5] = 0
01-08 10:11:55.838 29134 29134 I android-daemon: MR[6] = 0
01-08 10:11:55.838 29134 29134 I android-daemon: MR[7] = 0
01-08 10:11:55.838 29134 29134 I android-daemon: MR[8] = 0
01-08 10:11:55.838 29134 29134 I android-daemon: MR[9] = 0
