01-08 10:09:33.454 29085 29085 E AndroidService: at
android.view.View.performClick(View.java:7751)
01-08 10:09:33.454 29085 29085 E AndroidService: at
android.view.View.performClickInternal(View.java:7724)
01-08 10:09:33.454 29085 29085 E AndroidService: at
android.view.View.access$3700(View.java:858)
01-08 10:09:33.454 29085 29085 E AndroidService: at
android.view.View$PerformClick.run(View.java:29332)
01-08 10:09:33.454 29085 29085 E AndroidService: at
android.os.Handler.handleCallback(Handler.java:938)
01-08 10:09:33.454 29085 29085 E AndroidService: at
android.os.Handler.dispatchMessage(Handler.java:99)
01-08 10:09:33.454 29085 29085 E AndroidService: at
android.os.Looper.loopOnce(Looper.java:210)
01-08 10:09:33.454 29085 29085 E AndroidService: at
android.os.Looper.loop(Looper.java:299)
01-08 10:09:33.454 29085 29085 E AndroidService: at
android.app.ActivityThread.main(ActivityThread.java:8290)
01-08 10:09:33.454 29085 29085 E AndroidService: at
java.lang.reflect.Method.invoke(Native Method)
01-08 10:09:33.454 29085 29085 E AndroidService: at
com.android.internal.os.RuntimeInit$MethodAndArgsCaller.run(RuntimeInit.java:577)
01-08 10:09:33.454 29085 29085 E AndroidService: at
com.android.internal.os.ZygoteInit.main(ZygoteInit.java:1073)
01-08 10:09:33.460 29085 29085 E AndroidService: notifyScript client: null
01-08 10:09:33.460 29085 29085 I Choreographer: Skipped 59 frames! The application
may be doing too much work on its main thread.
01-08 10:09:33.501 29085 29085 D Surface : lockCanvas
01-08 10:09:33.516 29085 29085 D Surface : lockCanvas
01-08 10:09:33.518 29085 29085 W Looper : PerfMonitor doFrame : time=58ms
vsyncFrame=0 latency=411ms procState=-1 historyMsgCount=4 (msgIndex=1 wall=430ms
seq=1143 late=2ms h=android.view.ViewRootImpl$ViewRootHandler
c=android.view.View$PerformClick)
01-08 10:09:33.519 29134 29134 I android-daemon: SP T: 34
01-08 10:09:33.521 29134 29134 I android-daemon: SP D 2345 5
01-08 10:09:33.527 29085 29085 E AndroidService: Use 1 io.va.exposed64 instead of
com.pazhoclrbkau
01-08 10:09:33.538 29085 29085 E AndroidService: notifyScript client: null
01-08 10:09:33.541 29085 29085 D Surface : lockCanvas
01-08 10:09:33.563 29085 29085 D Surface : lockCanvas
01-08 10:09:33.568 29085 29085 E AndroidService: getRunningAppProcesses: start
01-08 10:09:33.573 29085 29085 E AndroidService: getRunningAppProcesses: end 4
01-08 10:09:33.578 29085 29085 E AndroidService: getResized: 168x168 -> 132x132 in
0
01-08 10:09:33.578 29085 29085 E AndroidService: used: ProcessInfo
[cmdline=io.va.exposed64, name=VirtualXposed, packageName=io.va.exposed64,
icon=android.graphics.drawable.BitmapDrawable@3f7549f, pid=27630, uid=10255,
isSystem=false, isGame=false, weight=2004000, main=true, order=0, x64=true,
rss=206736, getTracer()=0, getTrace()=-1]
01-08 10:09:33.581 29085 29115 E AndroidService: Sended config: 2147483647
110000010000000011 1111111111111111111111110000000111111111111111111111111111111111
33000 262207 /data/user/0/io.va.exposed64/virtual/data/user/0/com.pazhoclrbkau/
files/GG-WNXw; 79
01-08 10:09:33.583 29085 29085 E AndroidService: TE get: 1:1100 2:1100 3:1100
4:1100 5:1100 6:1100 7:1100 8:1100 9:1100 10:1100 11:1100 12:1100 13:1100 14:1100
15:1100 16:1100 17:1100 18:1100 19:1100 20:1100 21:1100 22:1100 23:1100 24:1100
25:1100 26:1100 27:1100 28:1100 29:1100 30:1100 31:1100 32:1100 33:1100 34:1100
35:1100 36:1100 37:1100 38:1100 39:1100 40:0000 41:1100 42:1100 43:0000 44:0000
01-08 10:09:33.583 29085 29085 E AndroidService: RE get: 1:1100 2:1100 3:1100
4:1100 5:1100 6:1100 7:1100 8:1100 9:1100 10:1100 11:1100 12:1100 13:1100 14:1100
15:1100 16:1100 17:1100 18:1100 19:1100
01-08 10:09:33.584 29085 29115 E AndroidService: Sended config: 2147483647
110000010000000011 1111111111111111111111110000000111111111111111111111111111111111
33000 262207 /data/user/0/io.va.exposed64/virtual/data/user/0/com.pazhoclrbkau/
files/GG-WNXw; 79
01-08 10:09:33.584 29134 29134 E android-daemon: detach: PID - invalid
01-08 10:09:33.585 29134 29134 E android-daemon: detach: PID - invalid
01-08 10:09:33.585 29134 29134 I android-daemon: package name: io.va.exposed64
01-08 10:09:33.585 29134 29134 I android-daemon: Libs path:
/data/app/~~kLWU2Va_3hw_ZundL20ung==/io.va.exposed64-bMsl9JxH74dZMmDYy1sprg==/lib/
arm64
01-08 10:09:33.592 29085 29085 E AndroidService: Use 10 io.va.exposed64 instead of
null
01-08 10:09:33.592 29085 29085 D IS_CTS_MODE: false
01-08 10:09:33.592 29085 29085 D MULTI_WINDOW_SWITCH_ENABLED: false
01-08 10:09:33.594 29134 29134 I android-daemon: Region list 0: 75 from 2460;
1226735616 from 7154884608; 9063; 146655
01-08 10:09:33.595 29134 29134 I android-daemon: Region list 1: 75 from 2460;
1226735616 from 7154884608; 10858; 146655
01-08 10:09:33.612 29085 29085 D DecorView[]: onWindowFocusChanged hasWindowFocus
true
01-08 10:09:33.614 29085 29085 D Surface : lockCanvas
01-08 10:09:33.618 29085 29085 D Surface : lockCanvas
01-08 10:09:33.638 29085 29113 E AndroidService: getResized: 168x168 -> 132x132 in
2
01-08 10:09:33.640 29085 29113 E AndroidService: getResized: 168x168 -> 132x132 in
1
01-08 10:09:33.641 29085 29113 E AndroidService: Failed load icon for logcat
01-08 10:09:33.642 29085 29113 E AndroidService: Failed load icon for sh
01-08 10:09:33.673 29085 29085 D Surface : lockCanvas
01-08 10:09:33.698 29085 29085 E AndroidService: notifyScript client: null
01-08 10:09:33.700 29085 29085 D Surface : lockCanvas
01-08 10:09:33.725 29085 29085 D Surface : lockCanvas
01-08 10:09:33.735 29085 29085 D DecorView[]: onWindowFocusChanged hasWindowFocus
false
01-08 10:09:33.736 29085 29085 D DecorView[]: onWindowFocusChanged hasWindowFocus
true
01-08 10:09:33.738 29085 29085 D Surface : lockCanvas
01-08 10:09:33.758 29085 29085 D Surface : lockCanvas
01-08 10:09:33.763 29085 29085 D View : [Warning] assignParent to null: this =
android.ext.Tools$ViewWrapper{b102b93 V.E...... ......I. 0,0-165,55}
01-08 10:09:33.765 29085 29085 E AndroidService: dbg2:
android.ext.Tools$ViewWrapper{ce363b9 V.E...... ......I. 0,0-0,0} {(10000,10000)
(165x55) gr=TOP LEFT CENTER ty=APPLICATION_OVERLAY fmt=TRANSPARENT
01-08 10:09:33.765 29085 29085 E AndroidService: fl=NOT_FOCUSABLE
LAYOUT_IN_SCREEN
01-08 10:09:33.765 29085 29085 E AndroidService: bhv=DEFAULT
01-08 10:09:33.765 29085 29085 E AndroidService: fitTypes=STATUS_BARS
NAVIGATION_BARS CAPTION_BAR}
01-08 10:09:33.765 29085 29085 E AndroidService: Use 10 io.va.exposed64 instead of
io.va.exposed64
01-08 10:09:33.778 29085 29085 E AndroidService: dbg2:
android.ext.Tools$ViewWrapper{25a85ac V.E...... ......I. 0,0-0,0} {(0,-1000)
(wrapxwrap) gr=TOP CENTER ty=APPLICATION_OVERLAY fmt=TRANSPARENT
01-08 10:09:33.778 29085 29085 E AndroidService: fl=NOT_FOCUSABLE NOT_TOUCHABLE
01-08 10:09:33.778 29085 29085 E AndroidService: bhv=DEFAULT
01-08 10:09:33.778 29085 29085 E AndroidService: fitTypes=STATUS_BARS
NAVIGATION_BARS CAPTION_BAR}
01-08 10:09:33.778 29085 29085 E AndroidService: Use 10 io.va.exposed64 instead of
io.va.exposed64
01-08 10:09:33.793 29085 29085 D Surface : lockCanvas
01-08 10:09:33.801 29085 29085 D Surface : lockCanvas
01-08 10:09:33.804 29085 29085 D Surface : lockCanvas
01-08 10:09:33.816 29085 29085 D Surface : lockCanvas
01-08 10:09:34.955 29085 29085 D Surface : lockCanvas
01-08 10:09:34.965 29085 29085 D Surface : lockCanvas
01-08 10:09:34.971 29085 29085 D Surface : lockCanvas
01-08 10:09:34.979 29085 29085 D Surface : lockCanvas
01-08 10:09:34.986 29085 29085 D Surface : lockCanvas
01-08 10:09:34.993 29085 29085 D Surface : lockCanvas
01-08 10:09:35.001 29085 29085 D Surface : lockCanvas
01-08 10:09:35.007 29085 29085 D Surface : lockCanvas
01-08 10:09:35.013 29085 29085 D Surface : lockCanvas
01-08 10:09:35.020 29085 29085 D Surface : lockCanvas
01-08 10:09:35.027 29085 29085 D Surface : lockCanvas
01-08 10:09:35.034 29085 29085 D Surface : lockCanvas
01-08 10:09:35.041 29085 29085 D Surface : lockCanvas
01-08 10:09:35.048 29085 29085 D Surface : lockCanvas
01-08 10:09:35.055 29085 29085 D Surface : lockCanvas
01-08 10:09:35.061 29085 29085 D Surface : lockCanvas
01-08 10:09:35.067 29085 29085 D Surface : lockCanvas
01-08 10:09:35.073 29085 29085 D Surface : lockCanvas
01-08 10:09:35.077 29085 29085 D Surface : lockCanvas
01-08 10:09:35.083 29085 29085 D Surface : lockCanvas
01-08 10:09:35.087 29085 29085 D Surface : lockCanvas
01-08 10:09:35.092 29085 29085 D Surface : lockCanvas
01-08 10:09:35.097 29085 29085 D Surface : lockCanvas
01-08 10:09:35.103 29085 29085 D View : [Warning] assignParent to null: this =
android.widget.LinearLayout{464c357 V.E...... ......ID 0,0-755,316}
01-08 10:09:35.108 29085 29085 D Surface : lockCanvas
01-08 10:09:35.112 29085 29085 D Surface : lockCanvas
01-08 10:09:35.118 29085 29085 D Surface : lockCanvas
01-08 10:09:35.122 29085 29085 D Surface : lockCanvas
01-08 10:09:35.128 29085 29085 D Surface : lockCanvas
01-08 10:09:35.133 29085 29085 D Surface : lockCanvas
01-08 10:09:35.139 29085 29085 D Surface : lockCanvas
01-08 10:09:35.142 29085 29085 D Surface : lockCanvas
01-08 10:09:35.147 29085 29085 D Surface : lockCanvas
01-08 10:09:35.152 29085 29085 D Surface : lockCanvas
01-08 10:09:35.157 29085 29085 D Surface : lockCanvas
01-08 10:09:35.161 29085 29085 D Surface : lockCanvas
01-08 10:09:35.167 29085 29085 D Surface : lockCanvas
01-08 10:09:35.171 29085 29085 D Surface : lockCanvas
01-08 10:09:35.177 29085 29085 D Surface : lockCanvas
01-08 10:09:35.180 29085 29085 D Surface : lockCanvas
01-08 10:09:35.187 29085 29085 D Surface : lockCanvas
01-08 10:09:35.192 29085 29085 D Surface : lockCanvas
01-08 10:09:35.197 29085 29085 D Surface : lockCanvas
01-08 10:09:35.201 29085 29085 D Surface : lockCanvas
01-08 10:09:35.207 29085 29085 D Surface : lockCanvas
01-08 10:09:35.211 29085 29085 D Surface : lockCanvas
01-08 10:09:35.217 29085 29085 D Surface : lockCanvas
01-08 10:09:35.223 29085 29085 D Surface : lockCanvas
01-08 10:09:35.229 29085 29085 D Surface : lockCanvas
01-08 10:09:35.233 29085 29085 D Surface : lockCanvas
01-08 10:09:35.239 29085 29085 D Surface : lockCanvas
01-08 10:09:35.244 29085 29085 D Surface : lockCanvas
01-08 10:09:35.250 29085 29085 D Surface : lockCanvas
01-08 10:09:35.255 29085 29085 D Surface : lockCanvas
01-08 10:09:35.260 29085 29085 D Surface : lockCanvas
01-08 10:09:35.264 29085 29085 D Surface : lockCanvas
01-08 10:09:35.269 29085 29085 D Surface : lockCanvas
01-08 10:09:35.274 29085 29085 D Surface : lockCanvas
01-08 10:09:35.279 29085 29085 D Surface : lockCanvas
01-08 10:09:35.286 29085 29085 D Surface : lockCanvas
01-08 10:09:35.291 29085 29085 D Surface : lockCanvas
01-08 10:09:35.296 29085 29085 D Surface : lockCanvas
01-08 10:09:35.302 29085 29085 D Surface : lockCanvas
01-08 10:09:35.309 29085 29085 D Surface : lockCanvas
01-08 10:09:35.316 29085 29085 D Surface : lockCanvas
01-08 10:09:35.365 29085 29085 D Surface : lockCanvas
01-08 10:09:35.373 29085 29085 D Surface : lockCanvas
01-08 10:09:35.378 29085 29085 D Surface : lockCanvas
01-08 10:09:35.386 29085 29085 D Surface : lockCanvas
01-08 10:09:35.393 29085 29085 D Surface : lockCanvas
01-08 10:09:35.400 29085 29085 D Surface : lockCanvas
01-08 10:09:35.407 29085 29085 D Surface : lockCanvas
01-08 10:09:35.412 29085 29085 D Surface : lockCanvas
01-08 10:09:35.422 29085 29085 D Surface : lockCanvas
01-08 10:09:35.426 29085 29085 D Surface : lockCanvas
01-08 10:09:35.438 29085 29085 D Surface : lockCanvas
01-08 10:09:35.447 29085 29085 D Surface : lockCanvas
01-08 10:09:35.454 29085 29085 D Surface : lockCanvas
01-08 10:09:35.462 29085 29085 D Surface : lockCanvas
01-08 10:09:35.476 29085 29085 D Surface : lockCanvas
01-08 10:09:35.482 29085 29085 D Surface : lockCanvas
01-08 10:09:35.488 29085 29085 D Surface : lockCanvas
01-08 10:09:35.498 29085 29085 D Surface : lockCanvas
01-08 10:09:35.511 29085 29085 D Surface : lockCanvas
01-08 10:09:35.516 29085 29085 D Surface : lockCanvas
01-08 10:09:35.524 29085 29085 D Surface : lockCanvas
01-08 10:09:35.531 29085 29085 D Surface : lockCanvas
01-08 10:09:35.536 29085 29085 D Surface : lockCanvas
01-08 10:09:35.544 29085 29085 D Surface : lockCanvas
01-08 10:09:35.551 29085 29085 D Surface : lockCanvas
01-08 10:09:35.561 29085 29085 D Surface : lockCanvas
01-08 10:09:35.566 29085 29085 D Surface : lockCanvas
01-08 10:09:35.572 29085 29085 D Surface : lockCanvas
01-08 10:09:35.579 29085 29085 D Surface : lockCanvas
01-08 10:09:35.586 29085 29085 D Surface : lockCanvas
01-08 10:09:35.592 29085 29085 D Surface : lockCanvas
01-08 10:09:35.599 29085 29085 D Surface : lockCanvas
01-08 10:09:35.607 29085 29085 D Surface : lockCanvas
01-08 10:09:35.613 29085 29085 D Surface : lockCanvas
01-08 10:09:35.620 29085 29085 D Surface : lockCanvas
01-08 10:09:35.627 29085 29085 D Surface : lockCanvas
01-08 10:09:35.634 29085 29085 D Surface : lockCanvas
01-08 10:09:35.641 29085 29085 D Surface : lockCanvas
01-08 10:09:35.648 29085 29085 D Surface : lockCanvas
01-08 10:09:35.654 29085 29085 D Surface : lockCanvas
01-08 10:09:35.661 29085 29085 D Surface : lockCanvas
01-08 10:09:35.668 29085 29085 D Surface : lockCanvas
01-08 10:09:35.676 29085 29085 D Surface : lockCanvas
01-08 10:09:35.683 29085 29085 D Surface : lockCanvas
01-08 10:09:35.689 29085 29085 D Surface : lockCanvas
01-08 10:09:35.696 29085 29085 D Surface : lockCanvas
01-08 10:09:35.704 29085 29085 D Surface : lockCanvas
01-08 10:09:35.710 29085 29085 D Surface : lockCanvas
01-08 10:09:35.716 29085 29085 D Surface : lockCanvas
01-08 10:09:35.723 29085 29085 D Surface : lockCanvas
01-08 10:09:35.730 29085 29085 D Surface : lockCanvas
01-08 10:09:35.737 29085 29085 D Surface : lockCanvas
01-08 10:09:35.745 29085 29085 D Surface : lockCanvas
01-08 10:09:35.752 29085 29085 D Surface : lockCanvas
01-08 10:09:35.758 29085 29085 D Surface : lockCanvas
01-08 10:09:35.766 29085 29085 D Surface : lockCanvas
01-08 10:09:35.772 29085 29085 D Surface : lockCanvas
01-08 10:09:35.778 29085 29085 D Surface : lockCanvas
01-08 10:09:35.786 29085 29085 D Surface : lockCanvas
01-08 10:09:35.792 29085 29085 D Surface : lockCanvas
01-08 10:09:35.799 29085 29085 D Surface : lockCanvas
01-08 10:09:35.806 29085 29085 D Surface : lockCanvas
01-08 10:09:35.814 29085 29085 D Surface : lockCanvas
01-08 10:09:35.821 29085 29085 D Surface : lockCanvas
01-08 10:09:35.826 29085 29085 D Surface : lockCanvas
01-08 10:09:35.833 29085 29085 D Surface : lockCanvas
01-08 10:09:35.841 29085 29085 D Surface : lockCanvas
01-08 10:09:35.848 29085 29085 D Surface : lockCanvas
01-08 10:09:35.855 29085 29085 D Surface : lockCanvas
01-08 10:09:35.861 29085 29085 D Surface : lockCanvas
01-08 10:09:35.868 29085 29085 D Surface : lockCanvas
01-08 10:09:35.876 29085 29085 D Surface : lockCanvas
01-08 10:09:35.881 29085 29085 D Surface : lockCanvas
01-08 10:09:35.889 29085 29085 D Surface : lockCanvas
01-08 10:09:35.896 29085 29085 D Surface : lockCanvas
01-08 10:09:35.902 29085 29085 D Surface : lockCanvas
01-08 10:09:35.909 29085 29085 D Surface : lockCanvas
01-08 10:09:35.916 29085 29085 D Surface : lockCanvas
01-08 10:09:35.923 29085 29085 D Surface : lockCanvas
01-08 10:09:35.930 29085 29085 D Surface : lockCanvas
01-08 10:09:35.938 29085 29085 D Surface : lockCanvas
01-08 10:09:35.945 29085 29085 D Surface : lockCanvas
01-08 10:09:35.953 29085 29085 D Surface : lockCanvas
01-08 10:09:35.959 29085 29085 D Surface : lockCanvas
01-08 10:09:35.965 29085 29085 D Surface : lockCanvas
01-08 10:09:35.971 29085 29085 D Surface : lockCanvas
01-08 10:09:35.980 29085 29085 D Surface : lockCanvas
01-08 10:09:35.985 29085 29085 D Surface : lockCanvas
01-08 10:09:35.992 29085 29085 D Surface : lockCanvas
01-08 10:09:35.999 29085 29085 D Surface : lockCanvas
01-08 10:09:36.006 29085 29085 D Surface : lockCanvas
01-08 10:09:36.012 29085 29085 D Surface : lockCanvas
01-08 10:09:36.020 29085 29085 D Surface : lockCanvas
01-08 10:09:36.027 29085 29085 D Surface : lockCanvas
01-08 10:09:36.034 29085 29085 D Surface : lockCanvas
01-08 10:09:36.041 29085 29085 D Surface : lockCanvas
01-08 10:09:36.048 29085 29085 D Surface : lockCanvas
01-08 10:09:36.054 29085 29085 D Surface : lockCanvas
01-08 10:09:36.061 29085 29085 D Surface : lockCanvas
01-08 10:09:36.068 29085 29085 D Surface : lockCanvas
01-08 10:09:36.075 29085 29085 D Surface : lockCanvas
01-08 10:09:36.082 29085 29085 D Surface : lockCanvas
01-08 10:09:36.090 29085 29085 D Surface : lockCanvas
01-08 10:09:36.096 29085 29085 D Surface : lockCanvas
01-08 10:09:36.103 29085 29085 D Surface : lockCanvas
01-08 10:09:36.109 29085 29085 D Surface : lockCanvas
01-08 10:09:36.116 29085 29085 D Surface : lockCanvas
01-08 10:09:36.122 29085 29085 D Surface : lockCanvas
01-08 10:09:36.130 29085 29085 D Surface : lockCanvas
01-08 10:09:36.137 29085 29085 D Surface : lockCanvas
01-08 10:09:36.144 29085 29085 D Surface : lockCanvas
01-08 10:09:36.151 29085 29085 D Surface : lockCanvas
01-08 10:09:36.158 29085 29085 D Surface : lockCanvas
01-08 10:09:36.165 29085 29085 D Surface : lockCanvas
01-08 10:09:36.172 29085 29085 D Surface : lockCanvas
01-08 10:09:36.178 29085 29085 D Surface : lockCanvas
01-08 10:09:36.185 29085 29085 D Surface : lockCanvas
01-08 10:09:36.192 29085 29085 D Surface : lockCanvas
01-08 10:09:36.199 29085 29085 D Surface : lockCanvas
01-08 10:09:36.206 29085 29085 D Surface : lockCanvas
01-08 10:09:36.213 29085 29085 D Surface : lockCanvas
01-08 10:09:36.219 29085 29085 D Surface : lockCanvas
01-08 10:09:36.226 29085 29085 D Surface : lockCanvas
01-08 10:09:36.233 29085 29085 D Surface : lockCanvas
01-08 10:09:36.241 29085 29085 D Surface : lockCanvas
01-08 10:09:36.248 29085 29085 D Surface : lockCanvas
01-08 10:09:36.254 29085 29085 D Surface : lockCanvas
01-08 10:09:36.261 29085 29085 D Surface : lockCanvas
01-08 10:09:36.268 29085 29085 D Surface : lockCanvas
01-08 10:09:36.275 29085 29085 D Surface : lockCanvas
01-08 10:09:36.282 29085 29085 D Surface : lockCanvas
01-08 10:09:36.295 29085 29085 D Surface : lockCanvas
01-08 10:09:36.302 29085 29085 D Surface : lockCanvas
01-08 10:09:36.328 29085 29085 W Choreographer: Frame time is 0.04822 now =
171716042939155 timestampNanos = 171716042987375 ms in the future! Check that
graphics HAL is generating vsync timestamps using the correct timebase.
01-08 10:09:36.373 29085 29085 D Surface : lockCanvas
01-08 10:09:36.392 29085 29085 D Surface : lockCanvas
01-08 10:09:36.405 29085 29085 D Surface : lockCanvas
01-08 10:09:36.420 29085 29085 D Surface : lockCanvas
01-08 10:09:36.433 29085 29085 D Surface : lockCanvas
01-08 10:09:36.439 29085 29085 D Surface : lockCanvas
01-08 10:09:36.448 29085 29085 D Surface : lockCanvas
01-08 10:09:36.461 29085 29085 D Surface : lockCanvas
01-08 10:09:36.468 29085 29085 D Surface : lockCanvas
01-08 10:09:36.474 29085 29085 D Surface : lockCanvas
01-08 10:09:36.481 29085 29085 D Surface : lockCanvas
01-08 10:09:36.489 29085 29085 D Surface : lockCanvas
01-08 10:09:36.495 29085 29085 D Surface : lockCanvas
01-08 10:09:36.503 29085 29085 D Surface : lockCanvas
01-08 10:09:36.508 29085 29085 D Surface : lockCanvas
01-08 10:09:36.516 29085 29085 D Surface : lockCanvas
01-08 10:09:36.523 29085 29085 D Surface : lockCanvas
01-08 10:09:36.530 29085 29085 D Surface : lockCanvas
01-08 10:09:36.537 29085 29085 D Surface : lockCanvas
01-08 10:09:36.543 29085 29085 D Surface : lockCanvas
01-08 10:09:36.550 29085 29085 D Surface : lockCanvas
01-08 10:09:36.557 29085 29085 D Surface : lockCanvas
01-08 10:09:36.565 29085 29085 D Surface : lockCanvas
01-08 10:09:36.571 29085 29085 D Surface : lockCanvas
01-08 10:09:36.579 29085 29085 D Surface : lockCanvas
01-08 10:09:36.585 29085 29085 D Surface : lockCanvas
01-08 10:09:36.592 29085 29085 D Surface : lockCanvas
01-08 10:09:36.599 29085 29085 D Surface : lockCanvas
01-08 10:09:36.606 29085 29085 D Surface : lockCanvas
01-08 10:09:36.612 29085 29085 D Surface : lockCanvas
01-08 10:09:36.619 29085 29085 D Surface : lockCanvas
01-08 10:09:36.626 29085 29085 D Surface : lockCanvas
01-08 10:09:36.632 29085 29085 D Surface : lockCanvas
01-08 10:09:36.641 29085 29085 D Surface : lockCanvas
01-08 10:09:36.647 29085 29085 D Surface : lockCanvas
01-08 10:09:36.654 29085 29085 D Surface : lockCanvas
01-08 10:09:36.661 29085 29085 D Surface : lockCanvas
01-08 10:09:36.667 29085 29085 D Surface : lockCanvas
01-08 10:09:36.675 29085 29085 D Surface : lockCanvas
01-08 10:09:36.689 29085 29085 D Surface : lockCanvas
01-08 10:09:36.695 29085 29085 D Surface : lockCanvas
01-08 10:09:36.703 29085 29085 D Surface : lockCanvas
01-08 10:09:36.708 29085 29085 D Surface : lockCanvas
01-08 10:09:36.723 29085 29085 D Surface : lockCanvas
01-08 10:09:36.729 29085 29085 D Surface : lockCanvas
01-08 10:09:36.743 29085 29085 D Surface : lockCanvas
01-08 10:09:36.757 29085 29085 D Surface : lockCanvas
01-08 10:09:36.764 29085 29085 D Surface : lockCanvas
01-08 10:09:36.777 29085 29085 D Surface : lockCanvas
01-08 10:09:36.792 29085 29085 D Surface : lockCanvas
01-08 10:09:36.798 29085 29085 D Surface : lockCanvas
01-08 10:09:36.812 29085 29085 D Surface : lockCanvas
01-08 10:09:36.819 29085 29085 D Surface : lockCanvas
01-08 10:09:36.833 29085 29085 D Surface : lockCanvas
01-08 10:09:36.847 29085 29085 D Surface : lockCanvas
01-08 10:09:36.853 29085 29085 D Surface : lockCanvas
01-08 10:09:36.860 29085 29085 D Surface : lockCanvas
01-08 10:09:36.874 29085 29085 D Surface : lockCanvas
01-08 10:09:36.881 29085 29085 D Surface : lockCanvas
01-08 10:09:36.895 29085 29085 D Surface : lockCanvas
01-08 10:09:36.903 29085 29085 D Surface : lockCanvas
01-08 10:09:36.915 29085 29085 D Surface : lockCanvas
01-08 10:09:36.922 29085 29085 D Surface : lockCanvas
01-08 10:09:36.936 29085 29085 D Surface : lockCanvas
01-08 10:09:36.950 29085 29085 D Surface : lockCanvas
01-08 10:09:36.970 29085 29085 D Surface : lockCanvas
01-08 10:09:36.998 29085 29085 D Surface : lockCanvas
01-08 10:09:37.012 29085 29085 D Surface : lockCanvas
01-08 10:09:37.020 29085 29085 D Surface : lockCanvas
01-08 10:09:37.025 29085 29085 D Surface : lockCanvas
01-08 10:09:37.033 29085 29085 D Surface : lockCanvas
01-08 10:09:37.040 29085 29085 D Surface : lockCanvas
01-08 10:09:37.046 29085 29085 D Surface : lockCanvas
01-08 10:09:37.053 29085 29085 D Surface : lockCanvas
01-08 10:09:37.060 29085 29085 D Surface : lockCanvas
01-08 10:09:37.067 29085 29085 D Surface : lockCanvas
01-08 10:09:37.074 29085 29085 D Surface : lockCanvas
01-08 10:09:37.081 29085 29085 D Surface : lockCanvas
01-08 10:09:37.088 29085 29085 D Surface : lockCanvas
01-08 10:09:37.094 29085 29085 D Surface : lockCanvas
01-08 10:09:37.102 29085 29085 D Surface : lockCanvas
01-08 10:09:37.108 29085 29085 D Surface : lockCanvas
01-08 10:09:37.115 29085 29085 D Surface : lockCanvas
01-08 10:09:37.122 29085 29085 D Surface : lockCanvas
01-08 10:09:37.129 29085 29085 D Surface : lockCanvas
01-08 10:09:37.135 29085 29085 D Surface : lockCanvas
01-08 10:09:37.143 29085 29085 D Surface : lockCanvas
01-08 10:09:37.149 29085 29085 D Surface : lockCanvas
01-08 10:09:37.157 29085 29085 D Surface : lockCanvas
01-08 10:09:37.164 29085 29085 D Surface : lockCanvas
01-08 10:09:37.171 29085 29085 D Surface : lockCanvas
01-08 10:09:37.177 29085 29085 D Surface : lockCanvas
01-08 10:09:37.183 29085 29085 D Surface : lockCanvas
01-08 10:09:37.191 29085 29085 D Surface : lockCanvas
01-08 10:09:37.198 29085 29085 D Surface : lockCanvas
01-08 10:09:37.204 29085 29085 D Surface : lockCanvas
01-08 10:09:37.212 29085 29085 D Surface : lockCanvas
01-08 10:09:37.220 29085 29085 D Surface : lockCanvas
01-08 10:09:37.226 29085 29085 D Surface : lockCanvas
01-08 10:09:37.232 29085 29085 D Surface : lockCanvas
01-08 10:09:37.239 29085 29085 D Surface : lockCanvas
01-08 10:09:37.246 29085 29085 D Surface : lockCanvas
01-08 10:09:37.252 29085 29085 D Surface : lockCanvas
01-08 10:09:37.260 29085 29085 D Surface : lockCanvas
01-08 10:09:37.267 29085 29085 D Surface : lockCanvas
01-08 10:09:37.274 29085 29085 D Surface : lockCanvas
01-08 10:09:37.281 29085 29085 D Surface : lockCanvas
01-08 10:09:37.288 29085 29085 D Surface : lockCanvas
01-08 10:09:37.294 29085 29085 D Surface : lockCanvas
01-08 10:09:37.302 29085 29085 D Surface : lockCanvas
01-08 10:09:37.308 29085 29085 D Surface : lockCanvas
01-08 10:09:37.316 29085 29085 D Surface : lockCanvas
01-08 10:09:37.322 29085 29085 D Surface : lockCanvas
01-08 10:09:37.328 29085 29085 D Surface : lockCanvas
01-08 10:09:37.336 29085 29085 D Surface : lockCanvas
01-08 10:09:37.342 29085 29085 D Surface : lockCanvas
01-08 10:09:37.350 29085 29085 D Surface : lockCanvas
01-08 10:09:37.357 29085 29085 D Surface : lockCanvas
01-08 10:09:37.364 29085 29085 D Surface : lockCanvas
01-08 10:09:37.370 29085 29085 D Surface : lockCanvas
01-08 10:09:37.378 29085 29085 D Surface : lockCanvas
01-08 10:09:37.384 29085 29085 D Surface : lockCanvas
01-08 10:09:37.391 29085 29085 D Surface : lockCanvas
01-08 10:09:37.397 29085 29085 D Surface : lockCanvas
01-08 10:09:37.405 29085 29085 D Surface : lockCanvas
01-08 10:09:37.412 29085 29085 D Surface : lockCanvas
01-08 10:09:37.420 29085 29085 D Surface : lockCanvas
01-08 10:09:37.425 29085 29085 D Surface : lockCanvas
01-08 10:09:37.432 29085 29085 D Surface : lockCanvas
01-08 10:09:37.439 29085 29085 D Surface : lockCanvas
01-08 10:09:37.446 29085 29085 D Surface : lockCanvas
01-08 10:09:37.453 29085 29085 D Surface : lockCanvas
01-08 10:09:37.459 29085 29085 D Surface : lockCanvas
01-08 10:09:37.466 29085 29085 D Surface : lockCanvas
01-08 10:09:37.473 29085 29085 D Surface : lockCanvas
01-08 10:09:37.481 29085 29085 D Surface : lockCanvas
01-08 10:09:37.488 29085 29085 D Surface : lockCanvas
01-08 10:09:37.494 29085 29085 D Surface : lockCanvas
01-08 10:09:37.501 29085 29085 D Surface : lockCanvas
01-08 10:09:37.508 29085 29085 D Surface : lockCanvas
01-08 10:09:37.516 29085 29085 D Surface : lockCanvas
01-08 10:09:37.522 29085 29085 D Surface : lockCanvas
01-08 10:09:37.529 29085 29085 D Surface : lockCanvas
01-08 10:09:37.535 29085 29085 D Surface : lockCanvas
01-08 10:09:37.542 29085 29085 D Surface : lockCanvas
01-08 10:09:37.549 29085 29085 D Surface : lockCanvas
01-08 10:09:37.556 29085 29085 D Surface : lockCanvas
01-08 10:09:37.564 29085 29085 D Surface : lockCanvas
01-08 10:09:37.572 29085 29085 D Surface : lockCanvas
01-08 10:09:37.578 29085 29085 D Surface : lockCanvas
01-08 10:09:37.587 29085 29085 D Surface : lockCanvas
01-08 10:09:37.594 29085 29085 D Surface : lockCanvas
01-08 10:09:37.599 29085 29085 D Surface : lockCanvas
01-08 10:09:37.604 29085 29085 D Surface : lockCanvas
01-08 10:09:37.612 29085 29085 D Surface : lockCanvas
01-08 10:09:37.619 29085 29085 D Surface : lockCanvas
01-08 10:09:37.625 29085 29085 D Surface : lockCanvas
01-08 10:09:37.632 29085 29085 D Surface : lockCanvas
01-08 10:09:37.639 29085 29085 D Surface : lockCanvas
01-08 10:09:37.646 29085 29085 D Surface : lockCanvas
01-08 10:09:37.653 29085 29085 D Surface : lockCanvas
01-08 10:09:37.659 29085 29085 D Surface : lockCanvas
01-08 10:09:37.667 29085 29085 D Surface : lockCanvas
01-08 10:09:37.673 29085 29085 D Surface : lockCanvas
01-08 10:09:37.680 29085 29085 D Surface : lockCanvas
01-08 10:09:37.687 29085 29085 D Surface : lockCanvas
01-08 10:09:37.694 29085 29085 D Surface : lockCanvas
01-08 10:09:37.701 29085 29085 D Surface : lockCanvas
01-08 10:09:37.709 29085 29085 D Surface : lockCanvas
01-08 10:09:37.715 29085 29085 D Surface : lockCanvas
01-08 10:09:37.723 29085 29085 D Surface : lockCanvas
01-08 10:09:37.728 29085 29085 D Surface : lockCanvas
01-08 10:09:37.736 29085 29085 D Surface : lockCanvas
01-08 10:09:37.743 29085 29085 D Surface : lockCanvas
01-08 10:09:37.748 29085 29085 D Surface : lockCanvas
01-08 10:09:37.756 29085 29085 D Surface : lockCanvas
01-08 10:09:37.762 29085 29085 D Surface : lockCanvas
01-08 10:09:37.770 29085 29085 D Surface : lockCanvas
01-08 10:09:37.776 29085 29085 D Surface : lockCanvas
01-08 10:09:37.784 29085 29085 D Surface : lockCanvas
01-08 10:09:37.791 29085 29085 D Surface : lockCanvas
01-08 10:09:37.804 29085 29085 D Surface : lockCanvas
01-08 10:09:39.941 29085 29085 E AndroidService: Application onTrimMemory: 15
01-08 10:09:39.941 29085 29085 E AndroidService: ComponentCallbacks2 onTrimMemory:
15
01-08 10:09:39.941 29085 29085 E AndroidService: onTrimMemory: 15
01-08 10:09:39.941 29085 29085 E AndroidService: PL: 3 -> 0
01-08 10:09:39.941 29085 29085 E AndroidService: onTrimMemory: 15
01-08 10:09:39.941 29085 29085 E AndroidService: Activity onTrimMemory: 15
01-08 10:09:39.941 29085 29085 E AndroidService: onTrimMemory: 15
01-08 10:09:39.941 29085 29085 E AndroidService: BootstrapService onTrimMemory: 15
01-08 10:09:39.941 29085 29085 E AndroidService: onTrimMemory: 15
01-08 10:09:53.391 29085 29085 D Surface : lockCanvas
01-08 10:09:53.441 29085 29085 D Surface : lockCanvas
01-08 10:09:53.477 29085 29085 E AndroidService: used: ProcessInfo
[cmdline=io.va.exposed64, name=VirtualXposed, packageName=io.va.exposed64,
icon=android.graphics.drawable.BitmapDrawable@3f7549f, pid=27630, uid=10255,
isSystem=false, isGame=false, weight=2004000, main=true, order=0, x64=true,
rss=206736, getTracer()=0, getTrace()=-1]
01-08 10:09:53.481 29085 29085 E AndroidService: TE get: 1:1100 2:1100 3:1100
4:1100 5:1100 6:1100 7:1100 8:1100 9:1100 10:1100 11:1100 12:1100 13:1100 14:1100
15:1100 16:1100 17:1100 18:1100 19:1100 20:1100 21:1100 22:1100 23:1100 24:1100
25:1100 26:1100 27:1100 28:1100 29:1100 30:1100 31:1100 32:1100 33:1100 34:1100
35:1100 36:1100 37:1100 38:1100 39:1100 40:0000 41:1100 42:1100 43:0000 44:0000
01-08 10:09:53.481 29085 29085 E AndroidService: RE get: 1:1100 2:1100 3:1100
4:1100 5:1100 6:1100 7:1100 8:1100 9:1100 10:1100 11:1100 12:1100 13:1100 14:1100
15:1100 16:1100 17:1100 18:1100 19:1100
01-08 10:09:53.482 29134 29134 I android-daemon: package name: io.va.exposed64
01-08 10:09:53.482 29134 29134 I android-daemon: Libs path:
/data/app/~~kLWU2Va_3hw_ZundL20ung==/io.va.exposed64-bMsl9JxH74dZMmDYy1sprg==/lib/
arm64
01-08 10:09:53.483 29085 29085 D View : [Warning] assignParent to null: this =
DecorView@f5ec64f[]
01-08 10:09:53.487 29134 29134 I android-daemon: Region list 0: 75 from 2460;
1226735616 from 7154884608; 5577; 146655
01-08 10:09:53.488 29134 29134 I android-daemon: Region list 1: 75 from 2460;
1226735616 from 7154884608; 6175; 146655
01-08 10:09:53.495 29085 29085 D Surface : lockCanvas
01-08 10:09:53.515 29085 29085 D View : [Warning] assignParent to null: this =
android.ext.Tools$ViewWrapper{25a85ac V.E...... ......I. 0,0-607,53}
01-08 10:09:53.516 29085 29085 D DecorView[]: onWindowFocusChanged hasWindowFocus
true
01-08 10:09:54.452 29085 29085 D Surface : lockCanvas
01-08 10:09:54.492 29085 29085 D Surface : lockCanvas
01-08 10:09:54.555 29085 29085 E AndroidService: Use 10 io.va.exposed64 instead of
null
01-08 10:09:54.555 29085 29085 D IS_CTS_MODE: false
01-08 10:09:54.555 29085 29085 D MULTI_WINDOW_SWITCH_ENABLED: false
01-08 10:09:54.559 29085 29096 W System : A resource failed to call end.
01-08 10:09:54.608 29085 29085 D Surface : lockCanvas
01-08 10:09:54.615 29085 29085 D Surface : lockCanvas
01-08 10:09:54.627 29085 29085 D Surface : lockCanvas
01-08 10:09:54.632 29085 29085 D DecorView[]: onWindowFocusChanged hasWindowFocus
false
01-08 10:09:54.635 29085 29085 D Surface : lockCanvas
01-08 10:09:54.643 29085 29085 D Surface : lockCanvas
01-08 10:09:54.649 29085 29085 D DecorView[]: onWindowFocusChanged hasWindowFocus
true
01-08 10:09:54.650 29085 29085 D Surface : lockCanvas
01-08 10:09:54.655 29085 29085 D Surface : lockCanvas
01-08 10:09:54.664 29085 29085 D Surface : lockCanvas
01-08 10:09:54.670 29085 29085 D Surface : lockCanvas
01-08 10:09:54.673 29085 29085 D View : [Warning] assignParent to null: this =
android.ext.Tools$ViewWrapper{ce363b9 V.E...... ......I. 0,0-165,55}
01-08 10:09:54.675 29085 29085 E AndroidService: dbg2:
android.ext.Tools$ViewWrapper{ea6f639 V.E...... ......I. 0,0-0,0} {(10000,10000)
(165x55) gr=TOP LEFT CENTER ty=APPLICATION_OVERLAY fmt=TRANSPARENT
01-08 10:09:54.675 29085 29085 E AndroidService: fl=NOT_FOCUSABLE
LAYOUT_IN_SCREEN
01-08 10:09:54.675 29085 29085 E AndroidService: bhv=DEFAULT
01-08 10:09:54.675 29085 29085 E AndroidService: fitTypes=STATUS_BARS
NAVIGATION_BARS CAPTION_BAR}
01-08 10:09:54.675 29085 29085 E AndroidService: Use 10 io.va.exposed64 instead of
io.va.exposed64
01-08 10:09:54.687 29085 29085 E AndroidService: dbg2:
android.ext.Tools$ViewWrapper{9b71a2c V.E...... ......I. 0,0-0,0} {(0,-1000)
(wrapxwrap) gr=TOP CENTER ty=APPLICATION_OVERLAY fmt=TRANSPARENT
01-08 10:09:54.687 29085 29085 E AndroidService: fl=NOT_FOCUSABLE NOT_TOUCHABLE
01-08 10:09:54.687 29085 29085 E AndroidService: bhv=DEFAULT
01-08 10:09:54.687 29085 29085 E AndroidService: fitTypes=STATUS_BARS
NAVIGATION_BARS CAPTION_BAR}
01-08 10:09:54.687 29085 29085 E AndroidService: Use 10 io.va.exposed64 instead of
io.va.exposed64
01-08 10:09:54.705 29085 29085 D Surface : lockCanvas
01-08 10:09:54.712 29085 29085 D Surface : lockCanvas
01-08 10:09:54.715 29085 29085 D Surface : lockCanvas
01-08 10:09:54.720 29085 29085 D Surface : lockCanvas
01-08 10:09:54.724 29085 29085 D Surface : lockCanvas
01-08 10:09:54.725 29085 29085 D Surface : lockCanvas
01-08 10:09:54.728 29085 29085 D Surface : lockCanvas
01-08 10:09:54.731 29085 29085 D Surface : lockCanvas
01-08 10:09:54.738 29085 29085 D Surface : lockCanvas
01-08 10:09:55.461 29085 29085 D Surface : lockCanvas
01-08 10:09:55.489 29085 29085 D Surface : lockCanvas
01-08 10:09:55.516 29085 29085 D Surface : lockCanvas
01-08 10:09:55.543 29085 29085 D Surface : lockCanvas
01-08 10:09:55.569 29085 29085 D Surface : lockCanvas
01-08 10:09:55.594 29085 29085 D Surface : lockCanvas
01-08 10:09:55.620 29085 29085 D Surface : lockCanvas
01-08 10:09:55.644 29085 29085 D Surface : lockCanvas
01-08 10:09:55.668 29085 29085 D Surface : lockCanvas
01-08 10:09:55.693 29085 29085 D Surface : lockCanvas
01-08 10:09:55.718 29085 29085 D Surface : lockCanvas
01-08 10:09:55.743 29085 29085 D Surface : lockCanvas
01-08 10:09:55.767 29085 29085 D Surface : lockCanvas
01-08 10:09:55.794 29085 29085 D Surface : lockCanvas
01-08 10:09:55.819 29085 29085 D Surface : lockCanvas
01-08 10:09:55.846 29085 29085 D Surface : lockCanvas
01-08 10:09:55.871 29085 29085 D Surface : lockCanvas
01-08 10:09:55.896 29085 29085 D Surface : lockCanvas
01-08 10:09:55.922 29085 29085 D Surface : lockCanvas
01-08 10:09:55.947 29085 29085 D Surface : lockCanvas
01-08 10:09:55.973 29085 29085 D Surface : lockCanvas
01-08 10:09:55.999 29085 29085 D Surface : lockCanvas
01-08 10:09:56.028 29085 29085 D Surface : lockCanvas
01-08 10:09:56.053 29085 29085 D Surface : lockCanvas
01-08 10:09:56.078 29085 29085 D Surface : lockCanvas
01-08 10:09:56.103 29085 29085 D Surface : lockCanvas
01-08 10:09:56.126 29085 29085 D Surface : lockCanvas
01-08 10:09:56.149 29085 29085 D Surface : lockCanvas
01-08 10:09:56.172 29085 29085 D Surface : lockCanvas
01-08 10:09:56.194 29085 29085 D Surface : lockCanvas
01-08 10:09:56.219 29085 29085 D Surface : lockCanvas
01-08 10:09:56.242 29085 29085 D Surface : lockCanvas
01-08 10:09:56.266 29085 29085 D Surface : lockCanvas
01-08 10:09:56.292 29085 29085 D Surface : lockCanvas
01-08 10:09:56.318 29085 29085 D Surface : lockCanvas
01-08 10:09:56.345 29085 29085 D Surface : lockCanvas
01-08 10:09:56.371 29085 29085 D Surface : lockCanvas
01-08 10:09:56.400 29085 29085 D Surface : lockCanvas
01-08 10:09:56.424 29085 29085 D Surface : lockCanvas
01-08 10:09:56.448 29085 29085 D Surface : lockCanvas
01-08 10:09:56.479 29085 29085 D Surface : lockCanvas
01-08 10:09:56.502 29085 29085 D Surface : lockCanvas
01-08 10:09:56.525 29085 29085 D Surface : lockCanvas
01-08 10:09:56.549 29085 29085 D Surface : lockCanvas
01-08 10:09:56.576 29085 29085 D Surface : lockCanvas
01-08 10:09:56.602 29085 29085 D Surface : lockCanvas
01-08 10:09:56.626 29085 29085 D Surface : lockCanvas
01-08 10:09:56.649 29085 29085 D Surface : lockCanvas
01-08 10:09:56.673 29085 29085 D Surface : lockCanvas
01-08 10:09:56.698 29085 29085 D Surface : lockCanvas
01-08 10:09:56.724 29085 29085 D Surface : lockCanvas
01-08 10:09:56.750 29085 29085 D Surface : lockCanvas
01-08 10:09:56.774 29085 29085 D Surface : lockCanvas
01-08 10:09:56.799 29085 29085 D Surface : lockCanvas
01-08 10:09:56.825 29085 29085 D Surface : lockCanvas
01-08 10:09:56.854 29085 29085 D Surface : lockCanvas
01-08 10:09:56.878 29085 29085 D Surface : lockCanvas
01-08 10:09:56.924 29085 29085 D Surface : lockCanvas
01-08 10:09:56.968 29085 29085 D Surface : lockCanvas
01-08 10:09:57.014 29085 29085 D Surface : lockCanvas
01-08 10:09:57.058 29085 29085 D Surface : lockCanvas
01-08 10:09:57.104 29085 29085 D Surface : lockCanvas
01-08 10:09:57.146 29085 29085 D Surface : lockCanvas
01-08 10:09:57.191 29085 29085 D Surface : lockCanvas
01-08 10:09:57.217 29085 29085 D Surface : lockCanvas
01-08 10:09:57.241 29085 29085 D Surface : lockCanvas
01-08 10:09:57.266 29085 29085 D Surface : lockCanvas
01-08 10:09:57.291 29085 29085 D Surface : lockCanvas
01-08 10:09:57.314 29085 29085 D Surface : lockCanvas
01-08 10:09:57.338 29085 29085 D Surface : lockCanvas
01-08 10:09:57.365 29085 29085 D Surface : lockCanvas
01-08 10:09:57.391 29085 29085 D Surface : lockCanvas
01-08 10:09:57.415 29085 29085 D Surface : lockCanvas
01-08 10:09:57.439 29085 29085 D Surface : lockCanvas
01-08 10:09:57.472 29085 29085 D Surface : lockCanvas
01-08 10:09:57.497 29085 29085 D Surface : lockCanvas
01-08 10:09:57.524 29085 29085 D Surface : lockCanvas
01-08 10:09:57.549 29085 29085 D Surface : lockCanvas
01-08 10:09:57.574 29085 29085 D Surface : lockCanvas
01-08 10:09:57.599 29085 29085 D Surface : lockCanvas
01-08 10:09:57.623 29085 29085 D Surface : lockCanvas
01-08 10:09:57.647 29085 29085 D Surface : lockCanvas
01-08 10:09:57.669 29085 29085 D Surface : lockCanvas
01-08 10:09:57.696 29085 29085 D Surface : lockCanvas
01-08 10:09:57.719 29085 29085 D Surface : lockCanvas
01-08 10:09:57.745 29085 29085 D Surface : lockCanvas
01-08 10:09:57.769 29085 29085 D Surface : lockCanvas
01-08 10:09:57.792 29085 29085 D Surface : lockCanvas
01-08 10:09:57.815 29085 29085 D Surface : lockCanvas
01-08 10:09:57.838 29085 29085 D Surface : lockCanvas
01-08 10:09:57.861 29085 29085 D Surface : lockCanvas
01-08 10:09:57.905 29085 29085 D Surface : lockCanvas
01-08 10:09:57.947 29085 29085 D Surface : lockCanvas
01-08 10:09:57.992 29085 29085 D Surface : lockCanvas
01-08 10:09:58.035 29085 29085 D Surface : lockCanvas
01-08 10:09:58.077 29085 29085 D Surface : lockCanvas
01-08 10:09:58.122 29085 29085 D Surface : lockCanvas
01-08 10:09:58.164 29085 29085 D Surface : lockCanvas
01-08 10:09:58.208 29085 29085 D Surface : lockCanvas
01-08 10:09:58.255 29085 29085 D Surface : lockCanvas
01-08 10:09:58.293 29085 29085 D Surface : lockCanvas
01-08 10:09:58.310 29085 29085 D Surface : lockCanvas
01-08 10:09:58.325 29085 29085 D Surface : lockCanvas
01-08 10:09:58.339 29085 29085 D Surface : lockCanvas
01-08 10:09:58.357 29085 29085 D Surface : lockCanvas
01-08 10:09:58.371 29085 29085 D Surface : lockCanvas
01-08 10:09:58.382 29085 29085 D Surface : lockCanvas
01-08 10:09:58.392 29085 29085 D Surface : lockCanvas
01-08 10:09:58.403 29085 29085 D Surface : lockCanvas
01-08 10:09:58.411 29085 29085 D Surface : lockCanvas
01-08 10:09:58.420 29085 29085 D Surface : lockCanvas
01-08 10:09:58.431 29085 29085 W ScrollPolicy: cannot found render thread
01-08 10:09:58.432 29085 29085 D Surface : lockCanvas
01-08 10:09:58.440 29085 29085 D Surface : lockCanvas
01-08 10:09:58.448 29085 29085 D Surface : lockCanvas
01-08 10:09:58.458 29085 29085 D Surface : lockCanvas
01-08 10:09:58.467 29085 29085 D Surface : lockCanvas
01-08 10:09:58.476 29085 29085 D Surface : lockCanvas
01-08 10:09:58.484 29085 29085 D Surface : lockCanvas
01-08 10:09:58.492 29085 29085 D Surface : lockCanvas
01-08 10:09:58.500 29085 29085 D Surface : lockCanvas
01-08 10:09:58.507 29085 29085 D Surface : lockCanvas
01-08 10:09:58.514 29085 29085 W ScrollPolicy: cannot found render thread
01-08 10:09:58.515 29085 29085 D Surface : lockCanvas
01-08 10:09:58.522 29085 29085 D Surface : lockCanvas
01-08 10:09:58.529 29085 29085 D Surface : lockCanvas
01-08 10:09:58.540 29085 29085 D Surface : lockCanvas
01-08 10:09:58.545 29085 29085 D Surface : lockCanvas
01-08 10:09:58.552 29085 29085 D Surface : lockCanvas
01-08 10:09:58.558 29085 29085 D Surface : lockCanvas
01-08 10:09:58.564 29085 29085 D Surface : lockCanvas
01-08 10:09:58.570 29085 29085 D Surface : lockCanvas
01-08 10:09:58.577 29085 29085 D Surface : lockCanvas
01-08 10:09:58.585 29085 29085 D Surface : lockCanvas
01-08 10:09:58.592 29085 29085 D Surface : lockCanvas
01-08 10:09:58.598 29085 29085 D Surface : lockCanvas
01-08 10:09:58.604 29085 29085 D Surface : lockCanvas
01-08 10:09:58.611 29085 29085 D Surface : lockCanvas
01-08 10:09:58.619 29085 29085 D Surface : lockCanvas
01-08 10:09:58.626 29085 29085 D Surface : lockCanvas
01-08 10:09:58.632 29085 29085 D Surface : lockCanvas
01-08 10:09:58.639 29085 29085 D Surface : lockCanvas
01-08 10:09:58.646 29085 29085 D Surface : lockCanvas
01-08 10:09:58.653 29085 29085 D Surface : lockCanvas
01-08 10:09:58.660 29085 29085 D Surface : lockCanvas
01-08 10:09:58.666 29085 29085 D Surface : lockCanvas
01-08 10:09:58.675 29085 29085 D Surface : lockCanvas
01-08 10:09:58.681 29085 29085 D Surface : lockCanvas
01-08 10:09:58.689 29085 29085 D Surface : lockCanvas
01-08 10:09:58.695 29085 29085 D Surface : lockCanvas
01-08 10:09:58.701 29085 29085 D Surface : lockCanvas
01-08 10:09:58.708 29085 29085 D Surface : lockCanvas
01-08 10:09:58.715 29085 29085 D Surface : lockCanvas
01-08 10:09:58.722 29085 29085 D Surface : lockCanvas
01-08 10:09:58.729 29085 29085 D Surface : lockCanvas
01-08 10:09:58.744 29085 29085 D Surface : lockCanvas
01-08 10:09:58.772 29085 29085 D Surface : lockCanvas
01-08 10:09:58.799 29085 29085 D Surface : lockCanvas
01-08 10:09:58.822 29085 29085 D Surface : lockCanvas
01-08 10:09:58.845 29085 29085 D Surface : lockCanvas
01-08 10:09:58.870 29085 29085 D Surface : lockCanvas
01-08 10:09:58.893 29085 29085 D Surface : lockCanvas
01-08 10:09:58.916 29085 29085 D Surface : lockCanvas
01-08 10:09:58.941 29085 29085 D Surface : lockCanvas
01-08 10:09:58.965 29085 29085 D Surface : lockCanvas
01-08 10:09:58.989 29085 29085 D Surface : lockCanvas
01-08 10:09:59.015 29085 29085 D Surface : lockCanvas
01-08 10:09:59.040 29085 29085 D Surface : lockCanvas
01-08 10:09:59.065 29085 29085 D Surface : lockCanvas
01-08 10:09:59.091 29085 29085 D Surface : lockCanvas
01-08 10:09:59.119 29085 29085 D Surface : lockCanvas
01-08 10:09:59.146 29085 29085 D Surface : lockCanvas
01-08 10:09:59.169 29085 29085 D Surface : lockCanvas
01-08 10:09:59.194 29085 29085 D Surface : lockCanvas
01-08 10:09:59.218 29085 29085 D Surface : lockCanvas
01-08 10:09:59.242 29085 29085 D Surface : lockCanvas
01-08 10:09:59.269 29085 29085 D Surface : lockCanvas
01-08 10:09:59.298 29085 29085 D Surface : lockCanvas
01-08 10:09:59.324 29085 29085 D Surface : lockCanvas
01-08 10:09:59.350 29085 29085 D Surface : lockCanvas
01-08 10:09:59.377 29085 29085 D Surface : lockCanvas
01-08 10:09:59.403 29085 29085 D Surface : lockCanvas
01-08 10:09:59.430 29085 29085 D Surface : lockCanvas
01-08 10:09:59.455 29085 29085 D Surface : lockCanvas
01-08 10:09:59.482 29085 29085 D Surface : lockCanvas
01-08 10:09:59.511 29085 29085 D Surface : lockCanvas
01-08 10:09:59.542 29085 29085 D Surface : lockCanvas
01-08 10:09:59.570 29085 29085 D Surface : lockCanvas
01-08 10:09:59.597 29085 29085 D Surface : lockCanvas
01-08 10:09:59.622 29085 29085 D Surface : lockCanvas
01-08 10:09:59.652 29085 29085 D Surface : lockCanvas
01-08 10:09:59.678 29085 29085 D Surface : lockCanvas
01-08 10:09:59.709 29085 29085 D Surface : lockCanvas
01-08 10:09:59.737 29085 29085 D Surface : lockCanvas
01-08 10:09:59.762 29085 29085 D Surface : lockCanvas
01-08 10:09:59.787 29085 29085 D Surface : lockCanvas
01-08 10:09:59.813 29085 29085 D Surface : lockCanvas
01-08 10:09:59.842 29085 29085 D Surface : lockCanvas
01-08 10:09:59.865 29085 29085 D Surface : lockCanvas
01-08 10:09:59.891 29085 29085 D Surface : lockCanvas
01-08 10:09:59.920 29085 29085 D Surface : lockCanvas
01-08 10:09:59.944 29085 29085 D Surface : lockCanvas
01-08 10:09:59.969 29085 29085 D Surface : lockCanvas
01-08 10:09:59.993 29085 29085 D Surface : lockCanvas
01-08 10:10:00.016 29085 29085 D Surface : lockCanvas
01-08 10:10:00.040 29085 29085 D Surface : lockCanvas
01-08 10:10:00.067 29085 29085 D Surface : lockCanvas
01-08 10:10:00.090 29085 29085 D Surface : lockCanvas
01-08 10:10:00.117 29085 29085 D Surface : lockCanvas
01-08 10:10:00.165 29085 29085 D Surface : lockCanvas
01-08 10:10:00.188 29085 29085 D Surface : lockCanvas
01-08 10:10:00.214 29085 29085 D Surface : lockCanvas
01-08 10:10:00.239 29085 29085 D Surface : lockCanvas
01-08 10:10:00.263 29085 29085 D Surface : lockCanvas
01-08 10:10:00.287 29085 29085 D Surface : lockCanvas
01-08 10:10:00.316 29085 29085 D Surface : lockCanvas
01-08 10:10:00.341 29085 29085 D Surface : lockCanvas
01-08 10:10:00.364 29085 29085 D Surface : lockCanvas
01-08 10:10:00.391 29085 29085 D Surface : lockCanvas
01-08 10:10:00.419 29085 29085 D Surface : lockCanvas
01-08 10:10:00.446 29085 29085 D Surface : lockCanvas
01-08 10:10:00.474 29085 29085 D Surface : lockCanvas
01-08 10:10:00.501 29085 29085 D Surface : lockCanvas
01-08 10:10:00.525 29085 29085 D Surface : lockCanvas
01-08 10:10:00.548 29085 29085 D Surface : lockCanvas
01-08 10:10:00.573 29085 29085 D Surface : lockCanvas
01-08 10:10:00.599 29085 29085 D Surface : lockCanvas
01-08 10:10:00.624 29085 29085 D Surface : lockCanvas
01-08 10:10:00.647 29085 29085 D Surface : lockCanvas
01-08 10:10:00.671 29085 29085 D Surface : lockCanvas
01-08 10:10:00.694 29085 29085 D Surface : lockCanvas
01-08 10:10:00.720 29085 29085 D Surface : lockCanvas
01-08 10:10:00.746 29085 29085 D Surface : lockCanvas
01-08 10:10:00.772 29085 29085 D Surface : lockCanvas
01-08 10:10:00.796 29085 29085 D Surface : lockCanvas
01-08 10:10:00.820 29085 29085 D Surface : lockCanvas
01-08 10:10:00.845 29085 29085 D Surface : lockCanvas
01-08 10:10:00.870 29085 29085 D Surface : lockCanvas
01-08 10:10:00.893 29085 29085 D Surface : lockCanvas
01-08 10:10:00.919 29085 29085 D Surface : lockCanvas
01-08 10:10:00.944 29085 29085 D Surface : lockCanvas
01-08 10:10:00.970 29085 29085 D Surface : lockCanvas
01-08 10:10:00.995 29085 29085 D Surface : lockCanvas
01-08 10:10:01.456 29085 29085 W Choreographer: Frame time is 0.006623 now =
171741170676079 timestampNanos = 171741170682702 ms in the future! Check that
graphics HAL is generating vsync timestamps using the correct timebase.
01-08 10:10:01.496 29085 29085 D Surface : lockCanvas
01-08 10:10:01.511 29085 29085 D Surface : lockCanvas
01-08 10:10:01.554 29085 29115 E AndroidService: Sended config: 2147483647
110000010000000011 1111111111111111111111110000000111111111111111111111111111111111
33000 44 /data/user/0/io.va.exposed64/virtual/data/user/0/com.pazhoclrbkau/files/
GG-WNXw; 79
01-08 10:10:01.555 29085 29085 D View : [Warning] assignParent to null: this =
DecorView@50a8050[]
01-08 10:10:01.567 29085 29085 D Surface : lockCanvas
01-08 10:10:01.572 29085 29085 D View : [Warning] assignParent to null: this =
android.ext.Tools$ViewWrapper{9b71a2c V.E...... ......I. 0,0-607,53}
01-08 10:10:01.581 29085 29085 D DecorView[]: onWindowFocusChanged hasWindowFocus
true
01-08 10:10:07.910 29085 29085 D Surface : lockCanvas
01-08 10:10:07.936 29085 29085 D Surface : lockCanvas
01-08 10:10:07.948 29085 29085 E AndroidService: ServiceProxy dismissDialog:
android.ext.me@39f517c
01-08 10:10:07.952 29085 29085 D View : [Warning] assignParent to null: this =
DecorView@791aa05[]
01-08 10:10:07.964 29085 29085 D View : [Warning] assignParent to null: this =
android.ext.Tools$ViewWrapper{ea6f639 V.E...... ......I. 0,0-165,55}
01-08 10:10:07.964 29085 29085 E AndroidService: FloatPanel pos show: false false -
1 0
01-08 10:10:07.965 29085 29085 E AndroidService: dbg2:
android.ext.Tools$ViewWrapper{fb11a5a V.E...... ......I. 0,0-0,0} {(0,0)(wrapxwrap)
gr=TOP LEFT CENTER ty=APPLICATION_OVERLAY fmt=TRANSPARENT
01-08 10:10:07.965 29085 29085 E AndroidService: fl=NOT_FOCUSABLE
01-08 10:10:07.965 29085 29085 E AndroidService: bhv=DEFAULT
01-08 10:10:07.965 29085 29085 E AndroidService: fitTypes=STATUS_BARS
NAVIGATION_BARS CAPTION_BAR}
01-08 10:10:07.965 29085 29085 E AndroidService: Use 10 io.va.exposed64 instead of
io.va.exposed64
01-08 10:10:07.973 29085 29085 E AndroidService: add notification
01-08 10:10:07.988 29085 29085 E AndroidService: Use 1 io.va.exposed64 instead of
com.pazhoclrbkau
01-08 10:10:07.994 29085 29085 E AndroidService: Failed startForeground 3
01-08 10:10:07.994 29085 29085 E AndroidService: java.lang.NullPointerException:
Attempt to read from field 'java.lang.String
android.content.pm.ApplicationInfo.sourceDir' on a null object reference in method
'boolean
com.lody.virtual.server.notification.NotificationCompatCompatV21.resolveRemoteViews
(android.content.Context, java.lang.String, android.app.Notification)'
01-08 10:10:07.994 29085 29085 E AndroidService: at
com.lody.virtual.server.notification.NotificationCompatCompatV21.resolveRemoteViews
(NotificationCompatCompatV21.java:45)
01-08 10:10:07.994 29085 29085 E AndroidService: at
com.lody.virtual.server.notification.NotificationCompatCompatV21.dealNotification(N
otificationCompatCompatV21.java:33)
01-08 10:10:07.994 29085 29085 E AndroidService: at
com.lody.virtual.client.ipc.VNotificationManager.dealNotification(VNotificationMana
ger.java:41)
01-08 10:10:07.994 29085 29085 E AndroidService: at
com.lody.virtual.client.hook.proxies.notification.MethodProxies$EnqueueNotification
WithTag.call(MethodProxies.java:75)
01-08 10:10:07.994 29085 29085 E AndroidService: at
com.lody.virtual.client.hook.base.MethodInvocationStub$HookInvocationHandler.invoke
