01-08 10:17:53.514 29085 29085 D Surface : lockCanvas
01-08 10:17:53.521 29085 29085 D Surface : lockCanvas
01-08 10:17:53.529 29085 29085 D Surface : lockCanvas
01-08 10:17:53.535 29085 29085 D Surface : lockCanvas
01-08 10:17:53.541 29085 29085 D Surface : lockCanvas
01-08 10:17:53.550 29085 29085 D Surface : lockCanvas
01-08 10:17:53.556 29085 29085 D Surface : lockCanvas
01-08 10:17:53.562 29085 29085 D Surface : lockCanvas
01-08 10:17:53.568 29085 29085 D Surface : lockCanvas
01-08 10:17:53.577 29085 29085 D Surface : lockCanvas
01-08 10:17:53.584 29085 29085 D Surface : lockCanvas
01-08 10:17:53.592 29085 29085 D Surface : lockCanvas
01-08 10:17:53.598 29085 29085 D Surface : lockCanvas
01-08 10:17:53.605 29085 29085 D Surface : lockCanvas
01-08 10:17:53.611 29085 29085 D Surface : lockCanvas
01-08 10:17:53.617 29085 29085 D Surface : lockCanvas
01-08 10:17:53.625 29085 29085 D Surface : lockCanvas
01-08 10:17:53.630 29085 29085 D Surface : lockCanvas
01-08 10:17:53.637 29085 29085 D Surface : lockCanvas
01-08 10:17:53.645 29085 29085 D Surface : lockCanvas
01-08 10:17:53.651 29085 29085 D Surface : lockCanvas
01-08 10:17:53.658 29085 29085 D Surface : lockCanvas
01-08 10:17:53.666 29085 29085 D Surface : lockCanvas
01-08 10:17:53.674 29085 29085 D Surface : lockCanvas
01-08 10:17:53.681 29085 29085 D Surface : lockCanvas
01-08 10:17:53.687 29085 29085 D Surface : lockCanvas
01-08 10:17:53.694 29085 29085 D Surface : lockCanvas
01-08 10:17:53.701 29085 29085 D Surface : lockCanvas
01-08 10:17:53.708 29085 29085 D Surface : lockCanvas
01-08 10:17:53.715 29085 29085 D Surface : lockCanvas
01-08 10:17:53.722 29085 29085 D Surface : lockCanvas
01-08 10:17:53.728 29085 29085 D Surface : lockCanvas
01-08 10:17:53.735 29085 29085 D Surface : lockCanvas
01-08 10:17:53.744 29085 29085 D Surface : lockCanvas
01-08 10:17:53.751 29085 29085 D Surface : lockCanvas
01-08 10:17:53.757 29085 29085 D Surface : lockCanvas
01-08 10:17:53.763 29085 29085 D Surface : lockCanvas
01-08 10:17:53.771 29085 29085 D Surface : lockCanvas
01-08 10:17:53.778 29085 29085 D Surface : lockCanvas
01-08 10:17:53.785 29085 29085 D Surface : lockCanvas
01-08 10:17:53.792 29085 29085 D Surface : lockCanvas
01-08 10:17:53.798 29085 29085 D Surface : lockCanvas
01-08 10:17:53.804 29085 29085 D Surface : lockCanvas
01-08 10:17:53.812 29085 29085 D Surface : lockCanvas
01-08 10:17:53.821 29085 29085 D Surface : lockCanvas
01-08 10:17:53.829 29085 29085 D Surface : lockCanvas
01-08 10:17:53.837 29085 29085 D Surface : lockCanvas
01-08 10:17:53.842 29085 29085 D Surface : lockCanvas
01-08 10:17:53.849 29085 29085 D Surface : lockCanvas
01-08 10:17:53.874 29085 29085 D Surface : lockCanvas
01-08 10:17:53.886 29085 29085 D Surface : lockCanvas
01-08 10:17:53.894 29085 29085 D Surface : lockCanvas
01-08 10:17:53.907 29085 29085 D Surface : lockCanvas
01-08 10:17:53.921 29085 29085 D Surface : lockCanvas
01-08 10:17:53.927 29085 29085 D Surface : lockCanvas
01-08 10:17:53.935 29085 29085 D Surface : lockCanvas
01-08 10:17:53.941 29085 29085 D Surface : lockCanvas
01-08 10:17:53.947 29085 29085 D Surface : lockCanvas
01-08 10:17:53.955 29085 29085 D Surface : lockCanvas
01-08 10:17:53.961 29085 29085 D Surface : lockCanvas
01-08 10:17:53.970 29085 29085 D Surface : lockCanvas
01-08 10:17:53.982 29085 29085 D Surface : lockCanvas
01-08 10:17:53.990 29085 29085 D Surface : lockCanvas
01-08 10:17:54.004 29085 29085 D Surface : lockCanvas
01-08 10:17:54.014 29085 29085 D Surface : lockCanvas
01-08 10:17:54.023 29085 29085 D Surface : lockCanvas
01-08 10:17:54.030 29134 29134 E android-daemon: Send code: 9
01-08 10:17:54.030 29085 29085 D Surface : lockCanvas
01-08 10:17:54.039 29085 29085 D Surface : lockCanvas
01-08 10:17:54.048 29085 29085 D Surface : lockCanvas
01-08 10:17:54.059 29085 29085 D Surface : lockCanvas
01-08 10:17:54.071 29085 29085 D Surface : lockCanvas
01-08 10:17:54.079 29085 29085 D Surface : lockCanvas
01-08 10:17:54.088 29085 29085 D Surface : lockCanvas
01-08 10:17:54.096 29085 29085 D Surface : lockCanvas
01-08 10:17:54.105 29085 29085 D Surface : lockCanvas
01-08 10:17:54.113 29085 29085 D Surface : lockCanvas
01-08 10:17:54.123 29085 29085 D Surface : lockCanvas
01-08 10:17:54.131 29085 29085 D Surface : lockCanvas
01-08 10:17:54.137 29085 29085 D Surface : lockCanvas
01-08 10:17:54.143 29085 29085 D Surface : lockCanvas
01-08 10:17:54.150 29085 29085 D Surface : lockCanvas
01-08 10:17:54.157 29085 29085 D Surface : lockCanvas
01-08 10:17:54.164 29085 29085 D Surface : lockCanvas
01-08 10:17:54.171 29085 29085 D Surface : lockCanvas
01-08 10:17:54.178 29085 29085 D Surface : lockCanvas
01-08 10:17:54.189 29085 29085 D Surface : lockCanvas
01-08 10:17:54.195 29085 29085 D Surface : lockCanvas
01-08 10:17:54.202 29085 29085 D Surface : lockCanvas
01-08 10:17:54.210 29085 29085 D Surface : lockCanvas
01-08 10:17:54.217 29085 29085 D Surface : lockCanvas
01-08 10:17:54.224 29085 29085 D Surface : lockCanvas
01-08 10:17:54.231 29085 29085 D Surface : lockCanvas
01-08 10:17:54.239 29085 29085 D Surface : lockCanvas
01-08 10:17:54.247 29085 29085 D Surface : lockCanvas
01-08 10:17:54.258 29085 29085 D Surface : lockCanvas
01-08 10:17:54.264 29085 29085 D Surface : lockCanvas
01-08 10:17:54.272 29085 29085 D Surface : lockCanvas
01-08 10:17:54.280 29085 29085 D Surface : lockCanvas
01-08 10:17:54.286 29085 29085 D Surface : lockCanvas
01-08 10:17:54.293 29085 29085 D Surface : lockCanvas
01-08 10:17:54.299 29085 29085 D Surface : lockCanvas
01-08 10:17:54.305 29085 29085 D Surface : lockCanvas
01-08 10:17:54.312 29085 29085 D Surface : lockCanvas
01-08 10:17:54.319 29085 29085 D Surface : lockCanvas
01-08 10:17:54.327 29085 29085 D Surface : lockCanvas
01-08 10:17:54.334 29085 29085 D Surface : lockCanvas
01-08 10:17:54.341 29085 29085 D Surface : lockCanvas
01-08 10:17:54.348 29085 29085 D Surface : lockCanvas
01-08 10:17:54.355 29085 29085 D Surface : lockCanvas
01-08 10:17:54.362 29085 29085 D Surface : lockCanvas
01-08 10:17:54.369 29085 29085 D Surface : lockCanvas
01-08 10:17:54.376 29085 29085 D Surface : lockCanvas
01-08 10:17:54.381 29085 29085 D Surface : lockCanvas
01-08 10:17:54.390 29085 29085 D Surface : lockCanvas
01-08 10:17:54.400 29085 29085 D Surface : lockCanvas
01-08 10:17:54.407 29085 29085 D Surface : lockCanvas
01-08 10:17:54.414 29085 29085 D Surface : lockCanvas
01-08 10:17:54.420 29085 29085 D Surface : lockCanvas
01-08 10:17:54.427 29085 29085 D Surface : lockCanvas
01-08 10:17:54.434 29085 29085 D Surface : lockCanvas
01-08 10:17:54.440 29085 29085 D Surface : lockCanvas
01-08 10:17:54.446 29085 29085 D Surface : lockCanvas
01-08 10:17:54.453 29085 29085 D Surface : lockCanvas
01-08 10:17:54.462 29085 29085 D Surface : lockCanvas
01-08 10:17:54.470 29085 29085 D Surface : lockCanvas
01-08 10:17:54.477 29085 29085 D Surface : lockCanvas
01-08 10:17:54.483 29085 29085 D Surface : lockCanvas
01-08 10:17:54.488 29085 29085 D Surface : lockCanvas
01-08 10:17:54.496 29085 29085 D Surface : lockCanvas
01-08 10:17:54.505 29085 29085 D Surface : lockCanvas
01-08 10:17:54.510 29085 29085 D Surface : lockCanvas
01-08 10:17:54.516 29085 29085 D Surface : lockCanvas
01-08 10:17:54.523 29085 29085 D Surface : lockCanvas
01-08 10:17:54.530 29085 29085 D Surface : lockCanvas
01-08 10:17:54.537 29085 29085 D Surface : lockCanvas
01-08 10:17:54.543 29085 29085 D Surface : lockCanvas
01-08 10:17:54.549 29085 29085 D Surface : lockCanvas
01-08 10:17:54.555 29085 29085 D Surface : lockCanvas
01-08 10:17:54.564 29085 29085 D Surface : lockCanvas
01-08 10:17:54.571 29085 29085 D Surface : lockCanvas
01-08 10:17:54.577 29085 29085 D Surface : lockCanvas
01-08 10:17:54.583 29085 29085 D Surface : lockCanvas
01-08 10:17:54.589 29085 29085 D Surface : lockCanvas
01-08 10:17:54.596 29085 29085 D Surface : lockCanvas
01-08 10:17:54.605 29085 29085 D Surface : lockCanvas
01-08 10:17:54.612 29085 29085 D Surface : lockCanvas
01-08 10:17:54.619 29085 29085 D Surface : lockCanvas
01-08 10:17:54.626 29085 29085 D Surface : lockCanvas
01-08 10:17:54.634 29085 29085 D Surface : lockCanvas
01-08 10:17:54.641 29085 29085 D Surface : lockCanvas
01-08 10:17:54.647 29085 29085 D Surface : lockCanvas
01-08 10:17:54.653 29085 29085 D Surface : lockCanvas
01-08 10:17:54.659 29085 29085 D Surface : lockCanvas
01-08 10:17:54.666 29085 29085 D Surface : lockCanvas
01-08 10:17:54.673 29085 29085 D Surface : lockCanvas
01-08 10:17:54.679 29085 29085 D Surface : lockCanvas
01-08 10:17:54.685 29085 29085 D Surface : lockCanvas
01-08 10:17:54.692 29085 29085 D Surface : lockCanvas
01-08 10:17:54.701 29085 29085 D Surface : lockCanvas
01-08 10:17:54.711 29085 29085 D Surface : lockCanvas
01-08 10:17:54.717 29085 29085 D Surface : lockCanvas
01-08 10:17:54.722 29085 29085 D Surface : lockCanvas
01-08 10:17:54.728 29085 29085 D Surface : lockCanvas
01-08 10:17:54.735 29085 29085 D Surface : lockCanvas
01-08 10:17:54.743 29085 29085 D Surface : lockCanvas
01-08 10:17:54.749 29085 29085 D Surface : lockCanvas
01-08 10:17:54.754 29085 29085 D Surface : lockCanvas
01-08 10:17:54.761 29085 29085 D Surface : lockCanvas
01-08 10:17:54.769 29085 29085 D Surface : lockCanvas
01-08 10:17:54.779 29085 29085 D Surface : lockCanvas
01-08 10:17:54.786 29085 29085 D Surface : lockCanvas
01-08 10:17:54.791 29085 29085 D Surface : lockCanvas
01-08 10:17:54.796 29085 29085 D Surface : lockCanvas
01-08 10:17:54.803 29085 29085 D Surface : lockCanvas
01-08 10:17:54.810 29085 29085 D Surface : lockCanvas
01-08 10:17:54.817 29085 29085 D Surface : lockCanvas
01-08 10:17:54.824 29085 29085 D Surface : lockCanvas
01-08 10:17:54.996 29085 29085 D Surface : lockCanvas
01-08 10:17:55.035 29085 29085 E AndroidService: Screen: 810dp x 356dp
01-08 10:17:55.038 29085 29085 E AndroidService: Kbd: 7 x 5; 924x660; 924x660
01-08 10:17:55.039 29085 29085 E AndroidService: Use 10 io.va.exposed64 instead of
null
01-08 10:17:55.039 29085 29085 D IS_CTS_MODE: false
01-08 10:17:55.039 29085 29085 D MULTI_WINDOW_SWITCH_ENABLED: false
01-08 10:17:55.061 29085 29085 E AndroidService: Kbd: 7 x 5; 924x660; 924x660
01-08 10:17:55.062 29085 29085 D Surface : lockCanvas
01-08 10:17:55.086 29085 29085 D Surface : lockCanvas
01-08 10:17:55.120 29085 29085 D Surface : lockCanvas
01-08 10:17:55.131 29085 29085 D Surface : lockCanvas
01-08 10:17:55.135 29085 29085 D DecorView[]: onWindowFocusChanged hasWindowFocus
false
01-08 10:17:55.146 29085 29085 D Surface : lockCanvas
01-08 10:17:55.159 29085 29085 D DecorView[]: onWindowFocusChanged hasWindowFocus
true
01-08 10:17:55.169 29085 29085 D Surface : lockCanvas
01-08 10:17:55.178 29085 29085 D View : [Warning] assignParent to null: this =
android.ext.Tools$ViewWrapper{f2ae527 V.E...... ......I. 0,0-165,55}
01-08 10:17:55.179 29085 29085 E AndroidService: dbg2:
android.ext.Tools$ViewWrapper{7fda120 V.E...... ......I. 0,0-0,0} {(10000,10000)
(165x55) gr=TOP LEFT CENTER ty=APPLICATION_OVERLAY fmt=TRANSPARENT
01-08 10:17:55.179 29085 29085 E AndroidService: fl=NOT_FOCUSABLE
LAYOUT_IN_SCREEN
01-08 10:17:55.179 29085 29085 E AndroidService: bhv=DEFAULT
01-08 10:17:55.179 29085 29085 E AndroidService: fitTypes=STATUS_BARS
NAVIGATION_BARS CAPTION_BAR}
01-08 10:17:55.179 29085 29085 E AndroidService: Use 10 io.va.exposed64 instead of
io.va.exposed64
01-08 10:17:55.190 29085 29085 E AndroidService: dbg2:
android.ext.Tools$ViewWrapper{c4a937f V.E...... ......I. 0,0-0,0} {(0,-1000)
(wrapxwrap) gr=TOP CENTER ty=APPLICATION_OVERLAY fmt=TRANSPARENT
01-08 10:17:55.190 29085 29085 E AndroidService: fl=NOT_FOCUSABLE NOT_TOUCHABLE
01-08 10:17:55.190 29085 29085 E AndroidService: bhv=DEFAULT
01-08 10:17:55.190 29085 29085 E AndroidService: fitTypes=STATUS_BARS
NAVIGATION_BARS CAPTION_BAR}
01-08 10:17:55.190 29085 29085 E AndroidService: Use 10 io.va.exposed64 instead of
io.va.exposed64
01-08 10:17:55.205 29085 29085 D Surface : lockCanvas
01-08 10:17:55.225 29085 29085 D Surface : lockCanvas
01-08 10:17:55.232 29085 29085 D Surface : lockCanvas
01-08 10:17:55.239 29085 29085 D Surface : lockCanvas
01-08 10:17:55.251 29085 29085 D Surface : lockCanvas
01-08 10:17:55.253 29085 29085 D Surface : lockCanvas
01-08 10:17:55.255 29085 29085 D Surface : lockCanvas
01-08 10:17:55.268 29085 29085 D Surface : lockCanvas
01-08 10:17:55.282 29085 29085 D Surface : lockCanvas
01-08 10:17:56.499 29085 29085 W InputMethodManager: Ignoring showSoftInput() as
view=android.ext.EditTextMulti{5f860be VFED..CL. .F.P..ID 285,4-1052,128 #7f0b004d
app:id/number} is not served.
01-08 10:17:56.512 29085 29085 D Surface : lockCanvas
01-08 10:17:56.524 29085 29085 D Surface : lockCanvas
01-08 10:17:56.532 29085 29085 D Surface : lockCanvas
01-08 10:17:56.566 29085 29085 D Surface : lockCanvas
01-08 10:17:56.663 29085 29085 D Surface : lockCanvas
01-08 10:17:56.677 29085 29085 D Surface : lockCanvas
01-08 10:17:56.688 29085 29085 D Surface : lockCanvas
01-08 10:17:56.699 29085 29085 D Surface : lockCanvas
01-08 10:17:56.711 29085 29085 D Surface : lockCanvas
01-08 10:17:56.723 29085 29085 D Surface : lockCanvas
01-08 10:17:56.733 29085 29085 D Surface : lockCanvas
01-08 10:17:56.743 29085 29085 D Surface : lockCanvas
01-08 10:17:56.753 29085 29085 D Surface : lockCanvas
01-08 10:17:56.763 29085 29085 D Surface : lockCanvas
01-08 10:17:56.774 29085 29085 D Surface : lockCanvas
01-08 10:17:56.786 29085 29085 D Surface : lockCanvas
01-08 10:17:56.797 29085 29085 D Surface : lockCanvas
01-08 10:17:56.807 29085 29085 D Surface : lockCanvas
01-08 10:17:56.817 29085 29085 D Surface : lockCanvas
01-08 10:17:56.828 29085 29085 D Surface : lockCanvas
01-08 10:17:56.838 29085 29085 D Surface : lockCanvas
01-08 10:17:56.848 29085 29085 D Surface : lockCanvas
01-08 10:17:56.860 29085 29085 D Surface : lockCanvas
01-08 10:17:56.871 29085 29085 D Surface : lockCanvas
01-08 10:17:56.883 29085 29085 D Surface : lockCanvas
01-08 10:17:56.895 29085 29085 D Surface : lockCanvas
01-08 10:17:56.904 29085 29085 D Surface : lockCanvas
01-08 10:17:56.914 29085 29085 D Surface : lockCanvas
01-08 10:17:57.008 29085 29085 D Surface : lockCanvas
01-08 10:17:57.506 29085 29085 D Surface : lockCanvas
01-08 10:17:58.007 29085 29085 D Surface : lockCanvas
01-08 10:17:58.082 29085 29085 D Surface : lockCanvas
01-08 10:17:58.103 29085 29085 E AndroidService: Use 10 io.va.exposed64 instead of
null
01-08 10:17:58.103 29085 29085 D IS_CTS_MODE: false
01-08 10:17:58.103 29085 29085 D MULTI_WINDOW_SWITCH_ENABLED: false
01-08 10:17:58.117 29085 29085 D Surface : lockCanvas
01-08 10:17:58.142 29085 29085 D Surface : lockCanvas
01-08 10:17:58.150 29085 29085 D Surface : lockCanvas
01-08 10:17:58.154 29085 29085 D Surface : lockCanvas
01-08 10:17:58.164 29085 29085 D DecorView[]: onWindowFocusChanged hasWindowFocus
false
01-08 10:17:58.164 29085 29085 D View : [Warning] assignParent to null: this =
android.widget.PopupWindow$PopupDecorView{7da6fdc V.E...... R.....I. 0,0-110,110}
01-08 10:17:58.172 29085 29085 D Surface : lockCanvas
01-08 10:17:58.177 29085 29085 D Surface : lockCanvas
01-08 10:17:58.192 29085 29085 D DecorView[]: onWindowFocusChanged hasWindowFocus
true
01-08 10:17:58.193 29085 29085 D Surface : lockCanvas
01-08 10:17:58.202 29085 29085 D Surface : lockCanvas
01-08 10:17:58.206 29085 29085 D Surface : lockCanvas
01-08 10:17:58.211 29085 29085 D Surface : lockCanvas
01-08 10:17:58.222 29085 29085 D Surface : lockCanvas
01-08 10:17:58.234 29085 29085 D Surface : lockCanvas
01-08 10:17:58.238 29085 29085 D View : [Warning] assignParent to null: this =
android.ext.Tools$ViewWrapper{7fda120 V.E...... ......I. 0,0-165,55}
01-08 10:17:58.240 29085 29085 E AndroidService: dbg2:
android.ext.Tools$ViewWrapper{ca2de74 V.E...... ......I. 0,0-0,0} {(10000,10000)
(165x55) gr=TOP LEFT CENTER ty=APPLICATION_OVERLAY fmt=TRANSPARENT
01-08 10:17:58.240 29085 29085 E AndroidService: fl=NOT_FOCUSABLE
LAYOUT_IN_SCREEN
01-08 10:17:58.240 29085 29085 E AndroidService: bhv=DEFAULT
01-08 10:17:58.240 29085 29085 E AndroidService: fitTypes=STATUS_BARS
NAVIGATION_BARS CAPTION_BAR}
01-08 10:17:58.240 29085 29085 E AndroidService: Use 10 io.va.exposed64 instead of
io.va.exposed64
01-08 10:17:58.247 29085 29085 D View : [Warning] assignParent to null: this =
android.ext.Tools$ViewWrapper{c4a937f V.E...... ......I. 0,0-607,53}
01-08 10:17:58.248 29085 29085 E AndroidService: dbg2:
android.ext.Tools$ViewWrapper{2c9fe3 V.E...... ......I. 0,0-0,0} {(0,-1000)
(wrapxwrap) gr=TOP CENTER ty=APPLICATION_OVERLAY fmt=TRANSPARENT
01-08 10:17:58.248 29085 29085 E AndroidService: fl=NOT_FOCUSABLE NOT_TOUCHABLE
01-08 10:17:58.248 29085 29085 E AndroidService: bhv=DEFAULT
01-08 10:17:58.248 29085 29085 E AndroidService: fitTypes=STATUS_BARS
NAVIGATION_BARS CAPTION_BAR}
01-08 10:17:58.248 29085 29085 E AndroidService: Use 10 io.va.exposed64 instead of
io.va.exposed64
01-08 10:17:58.264 29085 29085 D Surface : lockCanvas
01-08 10:17:58.269 29085 29085 D Surface : lockCanvas
01-08 10:17:58.271 29085 29085 D Surface : lockCanvas
01-08 10:17:58.281 29085 29085 D Surface : lockCanvas
01-08 10:17:58.294 29085 29085 D Surface : lockCanvas
01-08 10:17:58.310 29085 29085 D Surface : lockCanvas
01-08 10:17:58.314 29085 29085 D Surface : lockCanvas
01-08 10:17:59.724 29085 29085 D Surface : lockCanvas
01-08 10:17:59.736 29085 29085 D Surface : lockCanvas
01-08 10:17:59.742 29085 29085 D Surface : lockCanvas
01-08 10:17:59.750 29085 29085 D Surface : lockCanvas
01-08 10:17:59.756 29085 29085 D Surface : lockCanvas
01-08 10:17:59.764 29085 29085 D Surface : lockCanvas
01-08 10:17:59.770 29085 29085 D Surface : lockCanvas
01-08 10:17:59.776 29085 29085 D Surface : lockCanvas
01-08 10:17:59.783 29085 29085 D Surface : lockCanvas
01-08 10:17:59.791 29085 29085 D Surface : lockCanvas
01-08 10:17:59.798 29085 29085 D Surface : lockCanvas
01-08 10:17:59.805 29085 29085 D Surface : lockCanvas
01-08 10:17:59.811 29085 29085 D Surface : lockCanvas
01-08 10:17:59.818 29085 29085 D Surface : lockCanvas
01-08 10:17:59.826 29085 29085 D Surface : lockCanvas
01-08 10:17:59.832 29085 29085 D Surface : lockCanvas
01-08 10:17:59.838 29085 29085 D Surface : lockCanvas
01-08 10:17:59.846 29085 29085 D Surface : lockCanvas
01-08 10:17:59.852 29085 29085 D Surface : lockCanvas
01-08 10:17:59.860 29085 29085 D Surface : lockCanvas
01-08 10:17:59.867 29085 29085 D Surface : lockCanvas
01-08 10:17:59.874 29085 29085 D Surface : lockCanvas
01-08 10:17:59.880 29085 29085 D Surface : lockCanvas
01-08 10:17:59.887 29085 29085 D Surface : lockCanvas
01-08 10:17:59.896 29085 29085 D Surface : lockCanvas
01-08 10:17:59.908 29085 29085 D Surface : lockCanvas
01-08 10:17:59.914 29085 29085 D Surface : lockCanvas
01-08 10:17:59.922 29085 29085 D Surface : lockCanvas
01-08 10:17:59.929 29085 29085 D Surface : lockCanvas
01-08 10:17:59.936 29085 29085 D Surface : lockCanvas
01-08 10:17:59.949 29085 29085 D Surface : lockCanvas
01-08 10:17:59.955 29085 29085 D Surface : lockCanvas
01-08 10:17:59.963 29085 29085 D Surface : lockCanvas
01-08 10:17:59.969 29085 29085 D Surface : lockCanvas
01-08 10:17:59.977 29085 29085 D Surface : lockCanvas
01-08 10:17:59.984 29085 29085 D Surface : lockCanvas
01-08 10:17:59.990 29085 29085 D Surface : lockCanvas
01-08 10:17:59.998 29085 29085 D Surface : lockCanvas
01-08 10:18:00.004 29085 29085 D Surface : lockCanvas
01-08 10:18:00.011 29085 29085 D Surface : lockCanvas
01-08 10:18:00.018 29085 29085 D Surface : lockCanvas
01-08 10:18:00.025 29085 29085 D Surface : lockCanvas
01-08 10:18:00.751 29085 29085 D Surface : lockCanvas
01-08 10:18:00.764 29085 29085 D Surface : lockCanvas
01-08 10:18:00.772 29085 29085 D Surface : lockCanvas
01-08 10:18:00.780 29085 29085 D Surface : lockCanvas
01-08 10:18:00.786 29085 29085 D Surface : lockCanvas
01-08 10:18:00.793 29085 29085 D Surface : lockCanvas
01-08 10:18:00.803 29085 29085 D Surface : lockCanvas
01-08 10:18:00.809 29085 29085 D Surface : lockCanvas
01-08 10:18:00.815 29085 29085 D Surface : lockCanvas
01-08 10:18:00.821 29085 29085 D Surface : lockCanvas
01-08 10:18:00.827 29085 29085 D Surface : lockCanvas
01-08 10:18:00.833 29085 29085 D Surface : lockCanvas
01-08 10:18:00.839 29085 29085 D Surface : lockCanvas
01-08 10:18:00.845 29085 29085 D Surface : lockCanvas
01-08 10:18:00.852 29085 29085 D Surface : lockCanvas
01-08 10:18:00.859 29085 29085 D Surface : lockCanvas
01-08 10:18:00.866 29085 29085 D Surface : lockCanvas
01-08 10:18:00.872 29085 29085 D Surface : lockCanvas
01-08 10:18:00.893 29085 29085 D Surface : lockCanvas
01-08 10:18:01.238 29085 29085 D Surface : lockCanvas
01-08 10:18:01.244 29085 29085 D Surface : lockCanvas
01-08 10:18:01.251 29085 29085 D Surface : lockCanvas
01-08 10:18:01.258 29085 29085 D Surface : lockCanvas
01-08 10:18:01.265 29085 29085 D Surface : lockCanvas
01-08 10:18:01.272 29085 29085 D Surface : lockCanvas
01-08 10:18:01.279 29085 29085 D Surface : lockCanvas
01-08 10:18:01.286 29085 29085 D Surface : lockCanvas
01-08 10:18:01.292 29085 29085 D Surface : lockCanvas
01-08 10:18:01.300 29085 29085 D Surface : lockCanvas
01-08 10:18:01.306 29085 29085 D Surface : lockCanvas
01-08 10:18:01.315 29085 29085 D Surface : lockCanvas
01-08 10:18:01.320 29085 29085 D Surface : lockCanvas
01-08 10:18:01.327 29085 29085 D Surface : lockCanvas
01-08 10:18:01.334 29085 29085 D Surface : lockCanvas
01-08 10:18:01.341 29085 29085 D Surface : lockCanvas
01-08 10:18:01.348 29085 29085 D Surface : lockCanvas
01-08 10:18:01.355 29085 29085 D Surface : lockCanvas
01-08 10:18:01.362 29085 29085 D Surface : lockCanvas
01-08 10:18:01.369 29085 29085 D Surface : lockCanvas
01-08 10:18:01.376 29085 29085 D Surface : lockCanvas
01-08 10:18:01.383 29085 29085 D Surface : lockCanvas
01-08 10:18:01.389 29085 29085 D Surface : lockCanvas
01-08 10:18:01.396 29085 29085 D Surface : lockCanvas
01-08 10:18:01.403 29085 29085 D Surface : lockCanvas
01-08 10:18:01.409 29085 29085 D Surface : lockCanvas
01-08 10:18:01.417 29085 29085 D Surface : lockCanvas
01-08 10:18:01.423 29085 29085 D Surface : lockCanvas
01-08 10:18:01.431 29085 29085 D Surface : lockCanvas
01-08 10:18:01.437 29085 29085 D Surface : lockCanvas
01-08 10:18:01.446 29085 29085 D Surface : lockCanvas
01-08 10:18:01.451 29085 29085 D Surface : lockCanvas
01-08 10:18:01.459 29085 29085 D Surface : lockCanvas
01-08 10:18:01.465 29085 29085 D Surface : lockCanvas
01-08 10:18:01.471 29085 29085 D Surface : lockCanvas
01-08 10:18:01.478 29085 29085 D Surface : lockCanvas
01-08 10:18:01.485 29085 29085 D Surface : lockCanvas
01-08 10:18:01.493 29085 29085 D Surface : lockCanvas
01-08 10:18:02.513 29085 29085 D Surface : lockCanvas
01-08 10:18:02.542 29085 29085 D Surface : lockCanvas
01-08 10:18:02.551 29085 29085 D Surface : lockCanvas
01-08 10:18:02.557 29085 29085 D Surface : lockCanvas
01-08 10:18:02.562 29085 29085 D Surface : lockCanvas
01-08 10:18:02.569 29085 29085 D Surface : lockCanvas
01-08 10:18:02.575 29085 29085 D Surface : lockCanvas
01-08 10:18:02.582 29085 29085 D Surface : lockCanvas
01-08 10:18:02.588 29085 29085 D Surface : lockCanvas
01-08 10:18:02.595 29085 29085 D Surface : lockCanvas
01-08 10:18:02.602 29085 29085 D Surface : lockCanvas
01-08 10:18:02.609 29085 29085 D Surface : lockCanvas
01-08 10:18:02.616 29085 29085 D Surface : lockCanvas
01-08 10:18:02.643 29085 29085 W ScrollPolicy: cannot found render thread
01-08 10:18:02.644 29085 29085 D Surface : lockCanvas
01-08 10:18:02.650 29085 29085 D Surface : lockCanvas
01-08 10:18:02.658 29085 29085 D Surface : lockCanvas
01-08 10:18:02.664 29085 29085 D Surface : lockCanvas
01-08 10:18:02.671 29085 29085 D Surface : lockCanvas
01-08 10:18:02.677 29085 29085 D Surface : lockCanvas
01-08 10:18:02.684 29085 29085 D Surface : lockCanvas
01-08 10:18:02.692 29085 29085 D Surface : lockCanvas
01-08 10:18:02.699 29085 29085 D Surface : lockCanvas
01-08 10:18:02.705 29085 29085 D Surface : lockCanvas
01-08 10:18:02.712 29085 29085 D Surface : lockCanvas
01-08 10:18:02.719 29085 29085 D Surface : lockCanvas
01-08 10:18:02.726 29085 29085 D Surface : lockCanvas
01-08 10:18:02.733 29085 29085 D Surface : lockCanvas
01-08 10:18:02.740 29085 29085 D Surface : lockCanvas
01-08 10:18:02.747 29085 29085 D Surface : lockCanvas
01-08 10:18:02.754 29085 29085 D Surface : lockCanvas
01-08 10:18:02.760 29085 29085 D Surface : lockCanvas
01-08 10:18:02.767 29085 29085 D Surface : lockCanvas
01-08 10:18:02.774 29085 29085 D Surface : lockCanvas
01-08 10:18:02.781 29085 29085 D Surface : lockCanvas
01-08 10:18:02.788 29085 29085 D Surface : lockCanvas
01-08 10:18:02.795 29085 29085 W ScrollPolicy: cannot found render thread
01-08 10:18:02.796 29085 29085 D Surface : lockCanvas
01-08 10:18:02.809 29085 29085 D Surface : lockCanvas
01-08 10:18:02.885 29085 29085 D Surface : lockCanvas
01-08 10:18:02.903 29085 29085 D Surface : lockCanvas
01-08 10:18:02.912 29085 29085 D View : [Warning] assignParent to null: this =
DecorView@54561d1[]
01-08 10:18:02.929 29085 29085 D DecorView[]: onWindowFocusChanged hasWindowFocus
true
01-08 10:18:02.933 29085 29085 D Surface : lockCanvas
01-08 10:18:02.947 29085 29085 D Surface : lockCanvas
01-08 10:18:02.958 29085 29085 D Surface : lockCanvas
01-08 10:18:02.970 29085 29085 D Surface : lockCanvas
01-08 10:18:02.985 29085 29085 D Surface : lockCanvas
01-08 10:18:02.997 29085 29085 D Surface : lockCanvas
01-08 10:18:03.008 29085 29085 D Surface : lockCanvas
01-08 10:18:03.020 29085 29085 D Surface : lockCanvas
01-08 10:18:03.032 29085 29085 D Surface : lockCanvas
01-08 10:18:03.035 29134 29134 E android-daemon: alive check pid 7312 error 2: No
such file or directory
01-08 10:18:03.035 29134 29134 E android-daemon: detach: PID - invalid
01-08 10:18:03.048 29134 29134 E android-daemon: detach: PID - invalid
01-08 10:18:03.051 29085 29085 E AndroidService: Use 10 io.va.exposed64 instead of
null
01-08 10:18:03.051 29085 29085 D IS_CTS_MODE: false
01-08 10:18:03.051 29085 29085 D MULTI_WINDOW_SWITCH_ENABLED: false
01-08 10:18:03.065 29134 29134 I android-daemon: SP T: 249
01-08 10:18:03.066 29085 29085 D Surface : lockCanvas
01-08 10:18:03.072 29134 29134 I android-daemon: SP D 7414 2
01-08 10:18:03.091 29085 29085 D Surface : lockCanvas
01-08 10:18:03.099 29085 29085 D Surface : lockCanvas
01-08 10:18:03.103 29085 29085 D Surface : lockCanvas
01-08 10:18:03.108 29085 29085 E AndroidService: getRunningAppProcesses: start
01-08 10:18:03.111 29085 29085 E AndroidService: getRunningAppProcesses: end 3
01-08 10:18:03.115 29085 29085 E AndroidService: getResized: 168x168 -> 132x132 in
0
01-08 10:18:03.116 29085 29085 E AndroidService: used: ProcessInfo
[cmdline=io.va.exposed64, name=VirtualXposed, packageName=io.va.exposed64,
icon=android.graphics.drawable.BitmapDrawable@2696cbe, pid=27630, uid=10255,
isSystem=false, isGame=false, weight=4003000, main=true, order=0, x64=true,
rss=107228, getTracer()=0, getTrace()=-1]
01-08 10:18:03.119 29134 29134 E android-daemon: detach: PID - invalid
01-08 10:18:03.124 29085 29085 E AndroidService: TE get: 1:1100 2:1100 3:1100
4:1100 5:1100 6:1100 7:1100 8:1100 9:1100 10:1100 11:1100 12:1100 13:1100 14:1100
15:1100 16:1100 17:1100 18:1100 19:1100 20:1100 21:1100 22:1100 23:1100 24:1100
25:1100 26:1100 27:1100 28:1100 29:1100 30:1100 31:1100 32:1100 33:1100 34:1100
35:1100 36:1100 37:1100 38:1100 39:1100 40:0000 41:1100 42:1100 43:0000 44:0000
01-08 10:18:03.125 29134 29134 E android-daemon: detach: PID - invalid
01-08 10:18:03.125 29134 29134 I android-daemon: package name: io.va.exposed64
01-08 10:18:03.125 29085 29085 E AndroidService: RE get: 1:1100 2:1100 3:1100
4:1100 5:1100 6:1100 7:1100 8:1100 9:1100 10:1100 11:1100 12:1100 13:1100 14:1100
15:1100 16:1100 17:1100 18:1100 19:1100
01-08 10:18:03.125 29134 29134 I android-daemon: Libs path:
/data/app/~~kLWU2Va_3hw_ZundL20ung==/io.va.exposed64-bMsl9JxH74dZMmDYy1sprg==/lib/
arm64
01-08 10:18:03.126 29085 29085 D DecorView[]: onWindowFocusChanged hasWindowFocus
false
01-08 10:18:03.128 29085 29085 D Surface : lockCanvas
01-08 10:18:03.131 29134 29134 I android-daemon: Region list 0: 66 from 2461;
143257600 from 7171403776; 6756; 146693
01-08 10:18:03.132 29134 29134 I android-daemon: Region list 1: 66 from 2461;
143257600 from 7171403776; 7215; 146693
01-08 10:18:03.137 29085 29085 D Surface : lockCanvas
01-08 10:18:03.141 29085 29085 D Surface : lockCanvas
01-08 10:18:03.156 29085 29085 D DecorView[]: onWindowFocusChanged hasWindowFocus
true
01-08 10:18:03.162 29085 29085 E AndroidService: notifyScript client: null
01-08 10:18:03.163 29085 29085 D Surface : lockCanvas
01-08 10:18:03.171 29085 29085 D Surface : lockCanvas
01-08 10:18:03.182 29085 29085 D Surface : lockCanvas
01-08 10:18:03.185 29085 29085 D View : [Warning] assignParent to null: this =
android.ext.Tools$ViewWrapper{ca2de74 V.E...... ......I. 0,0-165,55}
01-08 10:18:03.186 29085 29085 E AndroidService: dbg2:
android.ext.Tools$ViewWrapper{f1589c V.E...... ......I. 0,0-0,0} {(10000,10000)
(165x55) gr=TOP LEFT CENTER ty=APPLICATION_OVERLAY fmt=TRANSPARENT
01-08 10:18:03.186 29085 29085 E AndroidService: fl=NOT_FOCUSABLE
LAYOUT_IN_SCREEN
01-08 10:18:03.186 29085 29085 E AndroidService: bhv=DEFAULT
01-08 10:18:03.186 29085 29085 E AndroidService: fitTypes=STATUS_BARS
NAVIGATION_BARS CAPTION_BAR}
01-08 10:18:03.187 29085 29085 E AndroidService: Use 10 io.va.exposed64 instead of
io.va.exposed64
01-08 10:18:03.194 29085 29085 D View : [Warning] assignParent to null: this =
android.ext.Tools$ViewWrapper{2c9fe3 V.E...... ......I. 0,0-607,53}
01-08 10:18:03.195 29085 29085 E AndroidService: dbg2:
android.ext.Tools$ViewWrapper{2e65e2b V.E...... ......I. 0,0-0,0} {(0,-1000)
(wrapxwrap) gr=TOP CENTER ty=APPLICATION_OVERLAY fmt=TRANSPARENT
01-08 10:18:03.195 29085 29085 E AndroidService: fl=NOT_FOCUSABLE NOT_TOUCHABLE
01-08 10:18:03.195 29085 29085 E AndroidService: bhv=DEFAULT
01-08 10:18:03.195 29085 29085 E AndroidService: fitTypes=STATUS_BARS
NAVIGATION_BARS CAPTION_BAR}
01-08 10:18:03.195 29085 29085 E AndroidService: Use 10 io.va.exposed64 instead of
io.va.exposed64
01-08 10:18:03.201 29085 29085 D Surface : lockCanvas
01-08 10:18:03.210 29085 29085 D Surface : lockCanvas
01-08 10:18:03.218 29085 29085 D Surface : lockCanvas
01-08 10:18:03.221 29085 29085 D Surface : lockCanvas
01-08 10:18:03.240 29085 29085 D Surface : lockCanvas
01-08 10:18:03.253 29085 29085 D Surface : lockCanvas
01-08 10:18:03.256 29085 29085 D Surface : lockCanvas
01-08 10:18:04.731 29085 29085 D Surface : lockCanvas
01-08 10:18:04.738 29085 29085 D Surface : lockCanvas
01-08 10:18:04.745 29085 29085 D Surface : lockCanvas
01-08 10:18:04.751 29085 29085 D Surface : lockCanvas
01-08 10:18:04.760 29085 29085 D Surface : lockCanvas
01-08 10:18:04.765 29085 29085 D Surface : lockCanvas
01-08 10:18:04.772 29085 29085 D Surface : lockCanvas
01-08 10:18:04.780 29085 29085 D Surface : lockCanvas
01-08 10:18:04.790 29085 29085 D Surface : lockCanvas
01-08 10:18:04.794 29085 29085 D Surface : lockCanvas
01-08 10:18:04.800 29085 29085 D Surface : lockCanvas
01-08 10:18:04.807 29085 29085 D Surface : lockCanvas
01-08 10:18:04.815 29085 29085 D Surface : lockCanvas
01-08 10:18:04.822 29085 29085 D Surface : lockCanvas
01-08 10:18:04.829 29085 29085 D Surface : lockCanvas
01-08 10:18:04.835 29085 29085 D Surface : lockCanvas
01-08 10:18:04.843 29085 29085 D Surface : lockCanvas
01-08 10:18:04.849 29085 29085 D Surface : lockCanvas
01-08 10:18:04.856 29085 29085 D Surface : lockCanvas
01-08 10:18:04.863 29085 29085 D Surface : lockCanvas
01-08 10:18:04.869 29085 29085 D Surface : lockCanvas
01-08 10:18:04.876 29085 29085 D Surface : lockCanvas
01-08 10:18:04.883 29085 29085 D Surface : lockCanvas
01-08 10:18:04.891 29085 29085 D Surface : lockCanvas
01-08 10:18:04.898 29085 29085 D Surface : lockCanvas
01-08 10:18:04.903 29085 29085 D Surface : lockCanvas
01-08 10:18:04.910 29085 29085 D Surface : lockCanvas
01-08 10:18:04.917 29085 29085 D Surface : lockCanvas
01-08 10:18:04.926 29085 29085 D Surface : lockCanvas
01-08 10:18:04.931 29085 29085 D Surface : lockCanvas
01-08 10:18:04.939 29085 29085 D Surface : lockCanvas
01-08 10:18:04.945 29085 29085 D Surface : lockCanvas
01-08 10:18:04.953 29085 29085 D Surface : lockCanvas
01-08 10:18:04.960 29085 29085 D Surface : lockCanvas
01-08 10:18:04.966 29085 29085 D Surface : lockCanvas
01-08 10:18:04.972 29085 29085 D Surface : lockCanvas
01-08 10:18:04.979 29085 29085 D Surface : lockCanvas
01-08 10:18:04.986 29085 29085 D Surface : lockCanvas
01-08 10:18:06.484 29085 29085 D Surface : lockCanvas
01-08 10:18:06.528 29085 29085 D Surface : lockCanvas
01-08 10:18:06.557 29085 29085 D View : [Warning] assignParent to null: this =
DecorView@66aa659[]
01-08 10:18:06.583 29085 29085 D DecorView[]: onWindowFocusChanged hasWindowFocus
true
01-08 10:18:06.585 29085 29085 D Surface : lockCanvas
01-08 10:18:06.600 29085 29085 D Surface : lockCanvas
01-08 10:18:06.611 29085 29085 D Surface : lockCanvas
01-08 10:18:06.625 29085 29085 D Surface : lockCanvas
01-08 10:18:06.637 29085 29085 D Surface : lockCanvas
01-08 10:18:06.648 29085 29085 D Surface : lockCanvas
01-08 10:18:06.661 29085 29085 D Surface : lockCanvas
01-08 10:18:06.674 29085 29085 D Surface : lockCanvas
01-08 10:18:06.686 29085 29085 D Surface : lockCanvas
01-08 10:18:07.087 29085 29085 D Surface : lockCanvas
01-08 10:18:07.593 29085 29085 D Surface : lockCanvas
01-08 10:18:08.088 29085 29085 D Surface : lockCanvas
01-08 10:18:08.593 29085 29085 D Surface : lockCanvas
01-08 10:18:09.094 29085 29085 D Surface : lockCanvas
01-08 10:18:09.593 29085 29085 D Surface : lockCanvas
01-08 10:18:10.026 29085 29096 W System : A resource failed to call end.
01-08 10:18:10.026 29085 29096 W System : A resource failed to call close.
01-08 10:18:10.096 29085 29085 D Surface : lockCanvas
01-08 10:18:10.599 29085 29085 D Surface : lockCanvas
01-08 10:18:11.102 29085 29085 D Surface : lockCanvas
01-08 10:18:11.599 29085 29085 D Surface : lockCanvas
01-08 10:18:12.100 29085 29085 D Surface : lockCanvas
01-08 10:18:12.603 29085 29085 D Surface : lockCanvas
01-08 10:18:13.107 29085 29085 D Surface : lockCanvas
01-08 10:18:13.600 29085 29085 D Surface : lockCanvas
01-08 10:18:14.104 29085 29085 D Surface : lockCanvas
01-08 10:18:14.606 29085 29085 D Surface : lockCanvas
01-08 10:18:15.102 29085 29085 D Surface : lockCanvas
01-08 10:18:15.605 29085 29085 D Surface : lockCanvas
01-08 10:18:16.109 29085 29085 D Surface : lockCanvas
01-08 10:18:16.604 29085 29085 D Surface : lockCanvas
01-08 10:18:17.108 29085 29085 D Surface : lockCanvas
01-08 10:18:17.610 29085 29085 D Surface : lockCanvas
01-08 10:18:18.114 29085 29085 D Surface : lockCanvas
01-08 10:18:18.617 29085 29085 D Surface : lockCanvas
01-08 10:18:19.112 29085 29085 D Surface : lockCanvas
01-08 10:18:19.617 29085 29085 D Surface : lockCanvas
01-08 10:18:20.118 29085 29085 D Surface : lockCanvas
01-08 10:18:20.615 29085 29085 D Surface : lockCanvas
01-08 10:18:21.117 29085 29085 D Surface : lockCanvas
01-08 10:18:21.622 29085 29085 D Surface : lockCanvas
01-08 10:18:22.116 29085 29085 D Surface : lockCanvas
01-08 10:18:22.621 29085 29085 D Surface : lockCanvas
01-08 10:18:23.122 29085 29085 D Surface : lockCanvas
01-08 10:18:23.628 29085 29085 D Surface : lockCanvas
01-08 10:18:24.122 29085 29085 D Surface : lockCanvas
01-08 10:18:24.625 29085 29085 D Surface : lockCanvas
01-08 10:18:25.128 29085 29085 D Surface : lockCanvas
01-08 10:18:25.625 29085 29085 D Surface : lockCanvas
01-08 10:18:26.127 29085 29085 D Surface : lockCanvas
01-08 10:18:26.631 29085 29085 D Surface : lockCanvas
01-08 10:18:27.133 29085 29085 D Surface : lockCanvas
01-08 10:18:27.631 29085 29085 D Surface : lockCanvas
01-08 10:18:28.134 29085 29085 D Surface : lockCanvas
01-08 10:18:28.635 29085 29085 D Surface : lockCanvas
01-08 10:18:29.132 29085 29085 D Surface : lockCanvas
01-08 10:18:29.633 29085 29085 D Surface : lockCanvas
01-08 10:18:30.138 29085 29085 D Surface : lockCanvas
01-08 10:18:30.639 29085 29085 D Surface : lockCanvas
01-08 10:18:31.137 29085 29085 D Surface : lockCanvas
01-08 10:18:31.639 29085 29085 D Surface : lockCanvas
01-08 10:18:32.135 29085 29085 D Surface : lockCanvas
01-08 10:18:32.638 29085 29085 D Surface : lockCanvas
01-08 10:18:33.140 29085 29085 D Surface : lockCanvas
01-08 10:18:33.637 29085 29085 D Surface : lockCanvas
01-08 10:18:34.140 29085 29085 D Surface : lockCanvas
01-08 10:18:34.645 29085 29085 D Surface : lockCanvas
01-08 10:18:35.139 29085 29085 D Surface : lockCanvas
01-08 10:18:35.643 29085 29085 D Surface : lockCanvas
01-08 10:18:36.145 29085 29085 D Surface : lockCanvas
01-08 10:18:36.641 29085 29085 D Surface : lockCanvas
01-08 10:18:37.144 29085 29085 D Surface : lockCanvas
01-08 10:18:37.649 29085 29085 D Surface : lockCanvas
01-08 10:18:38.151 29085 29085 D Surface : lockCanvas
01-08 10:18:38.648 29085 29085 D Surface : lockCanvas
01-08 10:18:39.149 29085 29085 D Surface : lockCanvas
01-08 10:18:39.652 29085 29085 D Surface : lockCanvas
01-08 10:18:40.148 29085 29085 D Surface : lockCanvas
01-08 10:18:40.652 29085 29085 D Surface : lockCanvas
01-08 10:18:41.154 29085 29085 D Surface : lockCanvas
01-08 10:18:41.658 29085 29085 D Surface : lockCanvas
01-08 10:18:42.155 29085 29085 D Surface : lockCanvas
01-08 10:18:42.656 29085 29085 D Surface : lockCanvas
01-08 10:18:43.161 29085 29085 D Surface : lockCanvas
01-08 10:18:43.656 29085 29085 D Surface : lockCanvas
01-08 10:18:44.159 29085 29085 D Surface : lockCanvas
01-08 10:18:44.662 29085 29085 D Surface : lockCanvas
01-08 10:18:45.166 29085 29085 D Surface : lockCanvas
01-08 10:18:45.669 29085 29085 D Surface : lockCanvas
01-08 10:18:46.163 29085 29085 D Surface : lockCanvas
01-08 10:18:46.668 29085 29085 D Surface : lockCanvas
01-08 10:18:47.170 29085 29085 D Surface : lockCanvas
01-08 10:18:47.666 29085 29085 D Surface : lockCanvas
01-08 10:18:48.169 29085 29085 D Surface : lockCanvas
01-08 10:18:48.673 29085 29085 D Surface : lockCanvas
01-08 10:18:49.174 29085 29085 D Surface : lockCanvas
01-08 10:18:49.673 29085 29085 D Surface : lockCanvas
01-08 10:18:50.174 29085 29085 D Surface : lockCanvas
01-08 10:18:50.671 29085 29085 D Surface : lockCanvas
01-08 10:18:51.174 29085 29085 D Surface : lockCanvas
01-08 10:18:51.676 29085 29085 D Surface : lockCanvas
01-08 10:18:52.180 29085 29085 D Surface : lockCanvas
01-08 10:18:52.675 29085 29085 D Surface : lockCanvas
01-08 10:18:53.179 29085 29085 D Surface : lockCanvas
01-08 10:18:53.681 29085 29085 D Surface : lockCanvas
01-08 10:18:54.186 29085 29085 D Surface : lockCanvas
01-08 10:18:54.680 29085 29085 D Surface : lockCanvas
01-08 10:18:55.185 29085 29085 D Surface : lockCanvas
01-08 10:18:55.687 29085 29085 D Surface : lockCanvas
01-08 10:18:56.189 29085 29085 D Surface : lockCanvas
01-08 10:18:56.685 29085 29085 D Surface : lockCanvas
01-08 10:18:57.190 29085 29085 D Surface : lockCanvas
01-08 10:18:57.692 29085 29085 D Surface : lockCanvas
01-08 10:18:58.194 29085 29085 D Surface : lockCanvas
01-08 10:18:58.691 29085 29085 D Surface : lockCanvas
01-08 10:18:59.194 29085 29085 D Surface : lockCanvas
01-08 10:18:59.698 29085 29085 D Surface : lockCanvas
01-08 10:19:00.193 29085 29085 D Surface : lockCanvas
01-08 10:19:00.698 29085 29085 D Surface : lockCanvas
01-08 10:19:00.975 29085 29085 D Surface : lockCanvas
01-08 10:19:01.003 29085 29085 D Surface : lockCanvas
01-08 10:19:01.013 29085 29085 D View : [Warning] assignParent to null: this =
DecorView@1be2af7[]
01-08 10:19:01.020 29085 29085 D View : [Warning] assignParent to null: this =
android.ext.Tools$ViewWrapper{2e65e2b V.E...... ......I. 0,0-607,53}
01-08 10:19:01.044 29085 29085 D DecorView[]: onWindowFocusChanged hasWindowFocus
true
01-08 10:19:02.498 29085 29085 D Surface : lockCanvas
01-08 10:19:02.515 29085 29085 D Surface : lockCanvas
01-08 10:19:02.526 29085 29085 D Surface : lockCanvas
01-08 10:19:02.534 29085 29085 E AndroidService: ServiceProxy dismissDialog:
android.ext.me@6674bd0
01-08 10:19:02.536 29085 29085 D View : [Warning] assignParent to null: this =
DecorView@5f4d7c9[]
01-08 10:19:02.544 29085 29085 D View : [Warning] assignParent to null: this =
android.ext.Tools$ViewWrapper{f1589c V.E...... ......I. 0,0-165,55}
01-08 10:19:02.544 29085 29085 E AndroidService: FloatPanel pos show: false false -
1 0
01-08 10:19:02.545 29085 29085 E AndroidService: dbg2:
android.ext.Tools$ViewWrapper{1754ece V.E...... ......I. 0,0-0,0} {(74,106)
(wrapxwrap) gr=TOP LEFT CENTER ty=APPLICATION_OVERLAY fmt=TRANSPARENT
01-08 10:19:02.545 29085 29085 E AndroidService: fl=NOT_FOCUSABLE
01-08 10:19:02.545 29085 29085 E AndroidService: bhv=DEFAULT
01-08 10:19:02.545 29085 29085 E AndroidService: fitTypes=STATUS_BARS
NAVIGATION_BARS CAPTION_BAR}
01-08 10:19:02.545 29085 29085 E AndroidService: Use 10 io.va.exposed64 instead of
io.va.exposed64
01-08 10:19:02.552 29085 29085 E AndroidService: add notification
01-08 10:19:02.561 29085 29085 E AndroidService: Use 1 io.va.exposed64 instead of
com.pazhoclrbkau
01-08 10:19:02.567 29085 29085 E AndroidService: Failed startForeground 3
01-08 10:19:02.567 29085 29085 E AndroidService: java.lang.NullPointerException:
Attempt to read from field 'java.lang.String
android.content.pm.ApplicationInfo.sourceDir' on a null object reference in method
'boolean
com.lody.virtual.server.notification.NotificationCompatCompatV21.resolveRemoteViews
(android.content.Context, java.lang.String, android.app.Notification)'
01-08 10:19:02.567 29085 29085 E AndroidService: at
com.lody.virtual.server.notification.NotificationCompatCompatV21.resolveRemoteViews
(NotificationCompatCompatV21.java:45)
01-08 10:19:02.567 29085 29085 E AndroidService: at
com.lody.virtual.server.notification.NotificationCompatCompatV21.dealNotification(N
otificationCompatCompatV21.java:33)
01-08 10:19:02.567 29085 29085 E AndroidService: at
com.lody.virtual.client.ipc.VNotificationManager.dealNotification(VNotificationMana
ger.java:41)
01-08 10:19:02.567 29085 29085 E AndroidService: at
com.lody.virtual.client.hook.proxies.notification.MethodProxies$EnqueueNotification
WithTag.call(MethodProxies.java:75)
01-08 10:19:02.567 29085 29085 E AndroidService: at
com.lody.virtual.client.hook.base.MethodInvocationStub$HookInvocationHandler.invoke
(MethodInvocationStub.java:186)
01-08 10:19:02.567 29085 29085 E AndroidService: at
java.lang.reflect.Proxy.invoke(Proxy.java:1006)
01-08 10:19:02.567 29085 29085 E AndroidService: at
$Proxy10.enqueueNotificationWithTag(Unknown Source)
01-08 10:19:02.567 29085 29085 E AndroidService: at
android.app.NotificationManager.notifyAsUser(NotificationManager.java:677)
01-08 10:19:02.567 29085 29085 E AndroidService: at
android.app.NotificationManager.notify(NotificationManager.java:627)
01-08 10:19:02.567 29085 29085 E AndroidService: at
android.app.NotificationManager.notify(NotificationManager.java:603)
01-08 10:19:02.567 29085 29085 E AndroidService: at
android.ext.MainService.g(src:2492)
01-08 10:19:02.567 29085 29085 E AndroidService: at
android.ext.MainService.u(src:2409)
01-08 10:19:02.567 29085 29085 E AndroidService: at
android.ext.MainService.c(src:508)
01-08 10:19:02.567 29085 29085 E AndroidService: at
android.ext.MainService.g(src:462)
01-08 10:19:02.567 29085 29085 E AndroidService: at
android.ext.MainService.onClick(src:2607)
01-08 10:19:02.567 29085 29085 E AndroidService: at
android.view.View.performClick(View.java:7751)
01-08 10:19:02.567 29085 29085 E AndroidService: at
android.view.View.performClickInternal(View.java:7724)
01-08 10:19:02.567 29085 29085 E AndroidService: at
android.view.View.access$3700(View.java:858)
01-08 10:19:02.567 29085 29085 E AndroidService: at
android.view.View$PerformClick.run(View.java:29332)
01-08 10:19:02.567 29085 29085 E AndroidService: at
android.os.Handler.handleCallback(Handler.java:938)
01-08 10:19:02.567 29085 29085 E AndroidService: at
android.os.Handler.dispatchMessage(Handler.java:99)
01-08 10:19:02.567 29085 29085 E AndroidService: at
android.os.Looper.loopOnce(Looper.java:210)
01-08 10:19:02.567 29085 29085 E AndroidService: at
android.os.Looper.loop(Looper.java:299)
01-08 10:19:02.567 29085 29085 E AndroidService: at
android.app.ActivityThread.main(ActivityThread.java:8290)
01-08 10:19:02.567 29085 29085 E AndroidService: at
java.lang.reflect.Method.invoke(Native Method)
01-08 10:19:02.567 29085 29085 E AndroidService: at
com.android.internal.os.RuntimeInit$MethodAndArgsCaller.run(RuntimeInit.java:577)
01-08 10:19:02.567 29085 29085 E AndroidService: at
com.android.internal.os.ZygoteInit.main(ZygoteInit.java:1073)
01-08 10:19:02.567 29085 29085 E AndroidService: Suppressed:
java.lang.NullPointerException: Attempt to read from field 'java.lang.String
android.content.pm.ApplicationInfo.sourceDir' on a null object reference in method
'boolean
com.lody.virtual.server.notification.NotificationCompatCompatV21.resolveRemoteViews
(android.content.Context, java.lang.String, android.app.Notification)'
01-08 10:19:02.567 29085 29085 E AndroidService: ... 27 more
01-08 10:19:02.567 29085 29085 E AndroidService: Suppressed:
java.lang.NullPointerException: Attempt to read from field 'java.lang.String
android.content.pm.ApplicationInfo.sourceDir' on a null object reference in method
'boolean
com.lody.virtual.server.notification.NotificationCompatCompatV21.resolveRemoteViews
(android.content.Context, java.lang.String, android.app.Notification)'
01-08 10:19:02.567 29085 29085 E AndroidService: ... 27 more
01-08 10:19:02.567 29085 29085 E AndroidService: Suppressed:
java.lang.NullPointerException: Attempt to read from field 'java.lang.String
android.content.pm.ApplicationInfo.sourceDir' on a null object reference in method
'boolean
com.lody.virtual.server.notification.NotificationCompatCompatV21.resolveRemoteViews
(android.content.Context, java.lang.String, android.app.Notification)'
01-08 10:19:02.567 29085 29085 E AndroidService: ... 27 more

Sun Jan 08 10:20:35 GMT+04:00 2023


/storage/emulated/0/logcat.txt
101.1 (16142) 1-8-1616360258000-java.lang.NullPointerException: Attempt to invoke
virtual method 'int java.lang.String.length()' on a null object reference-8996 2-0-
315525600000-604F4A9A0F99D53A-6613244 0-8-1616360258000-124215800CB67E00-1574320
56173257 817 1957ff0435b on Android(ACTIVE_CODENAMES: []; BASE_OS: ; CODENAME:
REL; DEVICE_INITIAL_SDK_INT: 31; INCREMENTAL: V13.0.5.0.SLOMIXM;
MEDIA_PERFORMANCE_CLASS: 0; MIN_SUPPORTED_TARGET_SDK_INT: 23;
PREVIEW_SDK_FINGERPRINT: REL; PREVIEW_SDK_INT: 0; RELEASE: 12; RELEASE_OR_CODENAME:
12; RESOURCES_SDK_INT: 31; SDK: 31; SDK_INT: 31; SECURITY_PATCH: 2022-09-01; BOARD:
xaga; BOOTLOADER: unknown; BRAND: POCO; CPU_ABI: arm64-v8a; CPU_ABI2: ; DEVICE:
xaga; DISPLAY: SP1A.210812.016; FINGERPRINT:
POCO/xaga_global/xaga:12/SP1A.210812.016/V13.0.5.0.SLOMIXM:user/release-keys;
HARDWARE: mt6895; HOST: c3-xm-ota-bd051.bj; HW_TIMEOUT_MULTIPLIER: 1; ID:
SP1A.210812.016; IS_CONTAINER: false; IS_DEBUGGABLE: false; IS_EMULATOR: false;
IS_ENG: false; IS_MIUI: true; IS_TREBLE_ENABLED: true; IS_USER: true; IS_USERDEBUG:
false; MANUFACTURER: Xiaomi; MODEL: 22041216G; ODM_SKU: xaga;
PERMISSIONS_REVIEW_REQUIRED: true; PRODUCT: xaga_global; RADIO: unknown; SERIAL:
nwkonnu; SKU: unknown; SOC_MANUFACTURER: Mediatek; SOC_MODEL: MT6895Z/TCZA;
SUPPORTED_32_BIT_ABIS: [armeabi-v7a, armeabi]; SUPPORTED_64_BIT_ABIS: [arm64-v8a];
SUPPORTED_ABIS: [arm64-v8a, armeabi-v7a, armeabi]; TAGS: release-keys; TIME:
1664114380000; TYPE: user; UNKNOWN: unknown; USER: builder; )
io.va.exposed64
/data/user/0/io.va.exposed64/virtual/data/user/0/com.pazhoclrbkau/files

--------- beginning of main


01-08 10:19:03.135 29085 8911 E AndroidService: UsageStats compress from 3528 to
1253, sended: false
01-08 10:19:03.136 29085 29085 E AndroidService: Cannot send exception info
01-08 10:19:03.136 29085 29085 E AndroidService: java.lang.RuntimeException: Failed
sendLogBlocking
01-08 10:19:03.136 29085 29085 E AndroidService: at android.ext.ho.a(src:466)
01-08 10:19:03.136 29085 29085 E AndroidService: at
android.ext.MainService.g(src:2517)
01-08 10:19:03.136 29085 29085 E AndroidService: at
android.ext.MainService.u(src:2409)
01-08 10:19:03.136 29085 29085 E AndroidService: at
android.ext.MainService.c(src:508)
01-08 10:19:03.136 29085 29085 E AndroidService: at
android.ext.MainService.g(src:462)
01-08 10:19:03.136 29085 29085 E AndroidService: at
android.ext.MainService.onClick(src:2607)
01-08 10:19:03.136 29085 29085 E AndroidService: at
android.view.View.performClick(View.java:7751)
01-08 10:19:03.136 29085 29085 E AndroidService: at
android.view.View.performClickInternal(View.java:7724)
01-08 10:19:03.136 29085 29085 E AndroidService: at
android.view.View.access$3700(View.java:858)
01-08 10:19:03.136 29085 29085 E AndroidService: at
android.view.View$PerformClick.run(View.java:29332)
01-08 10:19:03.136 29085 29085 E AndroidService: at
android.os.Handler.handleCallback(Handler.java:938)
01-08 10:19:03.136 29085 29085 E AndroidService: at
android.os.Handler.dispatchMessage(Handler.java:99)
01-08 10:19:03.136 29085 29085 E AndroidService: at
android.os.Looper.loopOnce(Looper.java:210)
01-08 10:19:03.136 29085 29085 E AndroidService: at
android.os.Looper.loop(Looper.java:299)
01-08 10:19:03.136 29085 29085 E AndroidService: at
android.app.ActivityThread.main(ActivityThread.java:8290)
01-08 10:19:03.136 29085 29085 E AndroidService: at
java.lang.reflect.Method.invoke(Native Method)
01-08 10:19:03.136 29085 29085 E AndroidService: at
com.android.internal.os.RuntimeInit$MethodAndArgsCaller.run(RuntimeInit.java:577)
01-08 10:19:03.136 29085 29085 E AndroidService: at
com.android.internal.os.ZygoteInit.main(ZygoteInit.java:1073)
01-08 10:19:03.137 29085 29085 I Choreographer: Skipped 87 frames! The application
may be doing too much work on its main thread.
01-08 10:19:03.146 29085 29085 D Surface : lockCanvas
--------- beginning of system
01-08 10:19:03.148 29085 29085 W Looper : PerfMonitor doFrame : time=11ms
vsyncFrame=0 latency=610ms procState=-1 historyMsgCount=2 (msgIndex=2 wall=603ms
seq=34491 late=8ms h=android.view.ViewRootImpl$ViewRootHandler
