01-08 06:01:39.716 3070 3070 E ArmVmp : Match on catch block at 0xc3 in for 0xa5
01-08 06:01:39.722 3070 3070 E ArmVmp : Match on catch block at 0xc3 in for 0xa9
01-08 06:01:39.734 3070 3070 E ArmVmp : Match on catch block at 0xc3 in for 0xa9
01-08 06:01:39.742 3070 3070 E ArmVmp : Match on catch block at 0xc3 in for 0xa1
01-08 06:01:39.752 3070 3070 E ArmVmp : Match on catch block at 0xc3 in for 0xa1
01-08 06:01:39.757 3070 3070 E ArmVmp : Match on catch block at 0xc3 in for 0xa5
01-08 06:01:39.765 3070 3070 E ArmVmp : Match on catch block at 0xc3 in for 0xa5
01-08 06:01:39.771 3070 3070 E ArmVmp : Match on catch block at 0xc3 in for 0xa9
01-08 06:01:39.780 3070 3070 E ArmVmp : Match on catch block at 0xc3 in for 0xa9
01-08 06:01:39.786 3070 3070 E ArmVmp : Match on catch block at 0xc3 in for 0xa1
01-08 06:01:39.794 3070 3070 E ArmVmp : Match on catch block at 0xc3 in for 0xa1
01-08 06:01:39.800 3070 3070 E ArmVmp : Match on catch block at 0xc3 in for 0xa5
01-08 06:01:39.810 3070 3070 E ArmVmp : Match on catch block at 0xc3 in for 0xa5
01-08 06:01:39.815 3070 3070 E ArmVmp : Match on catch block at 0xc3 in for 0xa9
01-08 06:01:39.827 3070 3070 E ArmVmp : Match on catch block at 0xc3 in for 0xa9
01-08 06:01:39.832 3070 3070 E ArmVmp : Match on catch block at 0xc3 in for 0xa1
01-08 06:01:39.843 3070 3070 E ArmVmp : Match on catch block at 0xc3 in for 0xa1
01-08 06:01:39.848 3070 3070 E ArmVmp : Match on catch block at 0xc3 in for 0xa5
01-08 06:01:39.860 3070 3070 E ArmVmp : Match on catch block at 0xc3 in for 0xa5
01-08 06:01:39.867 3070 3070 E ArmVmp : Match on catch block at 0xc3 in for 0xa9
01-08 06:01:39.879 3070 3070 E ArmVmp : Match on catch block at 0xc3 in for 0xa9
01-08 06:01:39.886 3070 3070 E ArmVmp : Match on catch block at 0xc3 in for 0xa1
01-08 06:01:39.898 3070 3070 E ArmVmp : Match on catch block at 0xc3 in for 0xa1
01-08 06:01:39.906 3070 3070 E ArmVmp : Match on catch block at 0xc3 in for 0xa5
01-08 06:01:39.919 3070 3070 E ArmVmp : Match on catch block at 0xc3 in for 0xa5
01-08 06:01:39.926 3070 3070 E ArmVmp : Match on catch block at 0xc3 in for 0xa9
01-08 06:01:39.938 3070 3070 E ArmVmp : Match on catch block at 0xc3 in for 0xa9
01-08 06:01:39.947 3070 3070 E ArmVmp : Match on catch block at 0xc3 in for 0xa1
01-08 06:01:39.959 3070 3070 E ArmVmp : Match on catch block at 0xc3 in for 0xa1
01-08 06:01:39.967 3070 3070 E ArmVmp : Match on catch block at 0xc3 in for 0xa5
01-08 06:01:39.979 3070 3070 E ArmVmp : Match on catch block at 0xc3 in for 0xa5
01-08 06:01:39.987 3070 3070 E ArmVmp : Match on catch block at 0xc3 in for 0xa9
01-08 06:01:40.000 3070 3070 E ArmVmp : Match on catch block at 0xc3 in for 0xa9
01-08 06:01:40.008 3070 3070 E ArmVmp : Match on catch block at 0xc3 in for 0xa1
01-08 06:01:40.020 3070 3070 E ArmVmp : Match on catch block at 0xc3 in for 0xa1
01-08 06:01:40.028 3070 3070 E ArmVmp : Match on catch block at 0xc3 in for 0xa5
01-08 06:01:40.040 3070 3070 E ArmVmp : Match on catch block at 0xc3 in for 0xa5
01-08 06:01:40.047 3070 3070 E ArmVmp : Match on catch block at 0xc3 in for 0xa9
01-08 06:01:40.061 3070 3070 E ArmVmp : Match on catch block at 0xc3 in for 0xa9
01-08 06:01:40.069 3070 3070 E ArmVmp : Match on catch block at 0xc3 in for 0xa1
01-08 06:01:40.082 3070 3070 E ArmVmp : Match on catch block at 0xc3 in for 0xa1
01-08 06:01:40.090 3070 3070 E ArmVmp : Match on catch block at 0xc3 in for 0xa5
01-08 06:01:40.102 3070 3070 E ArmVmp : Match on catch block at 0xc3 in for 0xa5
01-08 06:01:40.110 3070 3070 E ArmVmp : Match on catch block at 0xc3 in for 0xa9
01-08 06:01:40.122 3070 3070 E ArmVmp : Match on catch block at 0xc3 in for 0xa9
01-08 06:01:40.129 3070 3070 E ArmVmp : Match on catch block at 0xc3 in for 0xa1
01-08 06:01:40.142 3070 3070 E ArmVmp : Match on catch block at 0xc3 in for 0xa1
01-08 06:01:40.149 3070 3070 E ArmVmp : Match on catch block at 0xc3 in for 0xa5
01-08 06:01:40.165 3070 3070 E ArmVmp : Match on catch block at 0xc3 in for 0xa5
01-08 06:01:40.173 3070 3070 E ArmVmp : Match on catch block at 0xc3 in for 0xa9
01-08 06:01:40.187 3070 3070 E ArmVmp : Match on catch block at 0xc3 in for 0xa9
01-08 06:01:40.195 3070 3070 E ArmVmp : Match on catch block at 0xc3 in for 0xa1
01-08 06:01:40.208 3070 3070 E ArmVmp : Match on catch block at 0xc3 in for 0xa1
01-08 06:01:40.216 3070 3070 E ArmVmp : Match on catch block at 0xc3 in for 0xa5
01-08 06:01:40.228 3070 3070 E ArmVmp : Match on catch block at 0xc3 in for 0xa5
01-08 06:01:40.235 3070 3070 E ArmVmp : Match on catch block at 0xc3 in for 0xa9
01-08 06:01:40.249 3070 3070 E ArmVmp : Match on catch block at 0xc3 in for 0xa9
01-08 06:01:40.258 3070 3070 E ArmVmp : Match on catch block at 0xc3 in for 0xa1
01-08 06:01:40.271 3070 3070 E ArmVmp : Match on catch block at 0xc3 in for 0xa1
01-08 06:01:40.279 3070 3070 E ArmVmp : Match on catch block at 0xc3 in for 0xa5
01-08 06:01:40.292 3070 3070 E ArmVmp : Match on catch block at 0xc3 in for 0xa5
01-08 06:01:40.299 3070 3070 E ArmVmp : Match on catch block at 0xc3 in for 0xa9
01-08 06:01:40.312 3070 3070 E ArmVmp : Match on catch block at 0xc3 in for 0xa9
01-08 06:01:40.319 3070 3070 E ArmVmp : Match on catch block at 0xc3 in for 0xa1
01-08 06:01:40.332 3070 3070 E ArmVmp : Match on catch block at 0xc3 in for 0xa1
01-08 06:01:40.340 3070 3070 E ArmVmp : Match on catch block at 0xc3 in for 0xa5
01-08 06:01:40.352 3070 3070 E ArmVmp : Match on catch block at 0xc3 in for 0xa5
01-08 06:01:40.359 3070 3070 E ArmVmp : Match on catch block at 0xc3 in for 0xa9
01-08 06:01:40.373 3070 3070 E ArmVmp : Match on catch block at 0xc3 in for 0xa9
01-08 06:01:40.381 3070 3070 E ArmVmp : Match on catch block at 0xc3 in for 0xa1
01-08 06:01:40.394 3070 3070 E ArmVmp : Match on catch block at 0xc3 in for 0xa1
01-08 06:01:40.402 3070 3070 E ArmVmp : Match on catch block at 0xc3 in for 0xa5
01-08 06:01:40.414 3070 3070 E ArmVmp : Match on catch block at 0xc3 in for 0xa5
01-08 06:01:40.424 3070 3070 E ArmVmp : Match on catch block at 0xc3 in for 0xa9
01-08 06:01:40.437 3070 3070 E ArmVmp : Match on catch block at 0xc3 in for 0xa9
01-08 06:01:40.445 3070 3070 E ArmVmp : Match on catch block at 0xc3 in for 0xa1
01-08 06:01:40.457 3070 3070 E ArmVmp : Match on catch block at 0xc3 in for 0xa1
01-08 06:01:40.465 3070 3070 E ArmVmp : Match on catch block at 0xc3 in for 0xa5
01-08 06:01:40.478 3070 3070 E ArmVmp : Match on catch block at 0xc3 in for 0xa5
01-08 06:01:40.485 3070 3070 E ArmVmp : Match on catch block at 0xc3 in for 0xa9
01-08 06:01:40.497 3070 3070 E ArmVmp : Match on catch block at 0xc3 in for 0xa9
01-08 06:01:40.506 3070 3070 E ArmVmp : Match on catch block at 0xc3 in for 0xa1
01-08 06:01:40.518 3070 3070 E ArmVmp : Match on catch block at 0xc3 in for 0xa1
01-08 06:01:40.526 3070 3070 E ArmVmp : Match on catch block at 0xc3 in for 0xa5
01-08 06:01:40.538 3070 3070 E ArmVmp : Match on catch block at 0xc3 in for 0xa5
01-08 06:01:40.546 3070 3070 E ArmVmp : Match on catch block at 0xc3 in for 0xa9
01-08 06:01:40.559 3070 3070 E ArmVmp : Match on catch block at 0xc3 in for 0xa9
01-08 06:01:40.567 3070 3070 E ArmVmp : Match on catch block at 0xc3 in for 0xa1
01-08 06:01:40.580 3070 3070 E ArmVmp : Match on catch block at 0xc3 in for 0xa1
01-08 06:01:40.588 3070 3070 E ArmVmp : Match on catch block at 0xc3 in for 0xa5
01-08 06:01:40.601 3070 3070 E ArmVmp : Match on catch block at 0xc3 in for 0xa5
01-08 06:01:40.608 3070 3070 E ArmVmp : Match on catch block at 0xc3 in for 0xa9
01-08 06:01:40.621 3070 3070 E ArmVmp : Match on catch block at 0xc3 in for 0xa9
01-08 06:01:40.628 3070 3070 E ArmVmp : Match on catch block at 0xc3 in for 0xa1
01-08 06:01:40.642 3070 3070 E ArmVmp : Match on catch block at 0xc3 in for 0xa1
01-08 06:01:40.649 3070 3070 E ArmVmp : Match on catch block at 0xc3 in for 0xa5
01-08 06:01:40.663 3070 3070 E ArmVmp : Match on catch block at 0xc3 in for 0xa5
01-08 06:01:40.670 3070 3070 E ArmVmp : Match on catch block at 0xc3 in for 0xa9
01-08 06:01:40.683 3070 3070 E ArmVmp : Match on catch block at 0xc3 in for 0xa9
01-08 06:01:40.690 3070 3070 E ArmVmp : Match on catch block at 0xc3 in for 0xa1
01-08 06:01:40.703 3070 3070 E ArmVmp : Match on catch block at 0xc3 in for 0xa1
01-08 06:01:40.710 3070 3070 E ArmVmp : Match on catch block at 0xc3 in for 0xa5
01-08 06:01:40.722 3070 3070 E ArmVmp : Match on catch block at 0xc3 in for 0xa5
01-08 06:01:40.730 3070 3070 E ArmVmp : Match on catch block at 0xc3 in for 0xa9
01-08 06:01:40.743 3070 3070 E ArmVmp : Match on catch block at 0xc3 in for 0xa9
01-08 06:01:40.751 3070 3070 E ArmVmp : Match on catch block at 0xc3 in for 0xa1
01-08 06:01:40.766 3070 3070 E ArmVmp : Match on catch block at 0xc3 in for 0xa1
01-08 06:01:40.773 3070 3070 E ArmVmp : Match on catch block at 0xc3 in for 0xa5
01-08 06:01:40.792 3070 3070 E ArmVmp : Match on catch block at 0xc3 in for 0xa5
01-08 06:01:40.801 3070 3070 E ArmVmp : Match on catch block at 0xc3 in for 0xa9
01-08 06:01:40.812 3070 3070 E ArmVmp : Match on catch block at 0xc3 in for 0xa9
01-08 06:01:40.817 3070 3070 E ArmVmp : Match on catch block at 0xc3 in for 0xa1
01-08 06:01:40.826 3070 3070 E ArmVmp : Match on catch block at 0xc3 in for 0xa1
01-08 06:01:40.831 3070 3070 E ArmVmp : Match on catch block at 0xc3 in for 0xa5
01-08 06:01:40.839 3070 3070 E ArmVmp : Match on catch block at 0xc3 in for 0xa5
01-08 06:01:40.844 3070 3070 E ArmVmp : Match on catch block at 0xc3 in for 0xa9
01-08 06:01:40.851 3070 3070 E ArmVmp : Match on catch block at 0xc3 in for 0xa9
01-08 06:01:40.856 3070 3070 E ArmVmp : Match on catch block at 0xc3 in for 0xa1
01-08 06:01:40.864 3070 3070 E ArmVmp : Match on catch block at 0xc3 in for 0xa1
01-08 06:01:40.869 3070 3070 E ArmVmp : Match on catch block at 0xc3 in for 0xa5
01-08 06:01:40.878 3070 3070 E ArmVmp : Match on catch block at 0xc3 in for 0xa5
01-08 06:01:40.883 3070 3070 E ArmVmp : Match on catch block at 0xc3 in for 0xa9
01-08 06:01:40.895 3070 3070 E ArmVmp : Match on catch block at 0xc3 in for 0xa9
01-08 06:01:40.903 3070 3070 E ArmVmp : Match on catch block at 0xc3 in for 0xa1
01-08 06:01:40.915 3070 3070 E ArmVmp : Match on catch block at 0xc3 in for 0xa1
01-08 06:01:40.921 3070 3070 E ArmVmp : Match on catch block at 0xc3 in for 0xa5
01-08 06:01:40.932 3070 3070 E ArmVmp : Match on catch block at 0xc3 in for 0xa5
01-08 06:01:40.939 3070 3070 E ArmVmp : Match on catch block at 0xc3 in for 0xa9
01-08 06:01:40.950 3070 3070 E ArmVmp : Match on catch block at 0xc3 in for 0xa9
01-08 06:01:40.957 3070 3070 E ArmVmp : Match on catch block at 0xc3 in for 0xa1
01-08 06:01:40.968 3070 3070 E ArmVmp : Match on catch block at 0xc3 in for 0xa1
01-08 06:01:40.975 3070 3070 E ArmVmp : Match on catch block at 0xc3 in for 0xa5
01-08 06:01:40.988 3070 3070 E ArmVmp : Match on catch block at 0xc3 in for 0xa5
01-08 06:01:40.994 3070 3070 E ArmVmp : Match on catch block at 0xc3 in for 0xa9
01-08 06:01:41.007 3070 3070 E ArmVmp : Match on catch block at 0xc3 in for 0xa9
01-08 06:01:41.014 3070 3070 E ArmVmp : Match on catch block at 0xc3 in for 0xa1
01-08 06:01:41.026 3070 3070 E ArmVmp : Match on catch block at 0xc3 in for 0xa1
01-08 06:01:41.033 3070 3070 E ArmVmp : Match on catch block at 0xc3 in for 0xa5
01-08 06:01:41.045 3070 3070 E ArmVmp : Match on catch block at 0xc3 in for 0xa5
01-08 06:01:41.052 3070 3070 E ArmVmp : Match on catch block at 0xc3 in for 0xa9
01-08 06:01:41.066 3070 3070 E ArmVmp : Match on catch block at 0xc3 in for 0xa9
01-08 06:01:41.073 3070 3070 E ArmVmp : Match on catch block at 0xc3 in for 0xa1
01-08 06:01:41.081 3070 3070 E ArmVmp : Match on catch block at 0xc3 in for 0xa1
01-08 06:01:41.087 3070 3070 E ArmVmp : Match on catch block at 0xc3 in for 0xa5
01-08 06:01:41.100 3070 3070 E ArmVmp : Match on catch block at 0xc3 in for 0xa5
01-08 06:01:41.105 3070 3070 E ArmVmp : Match on catch block at 0xc3 in for 0xa9
01-08 06:01:41.113 3070 3070 E ArmVmp : Match on catch block at 0xc3 in for 0xa9
01-08 06:01:41.119 3070 3070 E ArmVmp : Match on catch block at 0xc3 in for 0xa1
01-08 06:01:41.127 3070 3070 E ArmVmp : Match on catch block at 0xc3 in for 0xa1
01-08 06:01:41.133 3070 3070 E ArmVmp : Match on catch block at 0xc3 in for 0xa5
01-08 06:01:41.141 3070 3070 E ArmVmp : Match on catch block at 0xc3 in for 0xa5
01-08 06:01:41.147 3070 3070 E ArmVmp : Match on catch block at 0xc3 in for 0xa9
01-08 06:01:41.155 3070 3070 E ArmVmp : Match on catch block at 0xc3 in for 0xa9
01-08 06:01:41.161 3070 3070 E ArmVmp : Match on catch block at 0xc3 in for 0xa1
01-08 06:01:41.173 3070 3070 E ArmVmp : Match on catch block at 0xc3 in for 0xa1
01-08 06:01:41.178 3070 3070 E ArmVmp : Match on catch block at 0xc3 in for 0xa5
01-08 06:01:41.188 3070 3070 E ArmVmp : Match on catch block at 0xc3 in for 0xa5
01-08 06:01:41.194 3070 3070 E ArmVmp : Match on catch block at 0xc3 in for 0xa9
01-08 06:01:41.205 3070 3070 E ArmVmp : Match on catch block at 0xc3 in for 0xa9
01-08 06:01:41.210 3070 3070 E ArmVmp : Match on catch block at 0xc3 in for 0xa1
01-08 06:01:41.221 3070 3070 E ArmVmp : Match on catch block at 0xc3 in for 0xa1
01-08 06:01:41.228 3070 3070 E ArmVmp : Match on catch block at 0xc3 in for 0xa5
01-08 06:01:41.240 3070 3070 E ArmVmp : Match on catch block at 0xc3 in for 0xa5
01-08 06:01:41.247 3070 3070 E ArmVmp : Match on catch block at 0xc3 in for 0xa9
01-08 06:01:41.258 3070 3070 E ArmVmp : Match on catch block at 0xc3 in for 0xa9
01-08 06:01:41.264 3070 3070 E ArmVmp : Match on catch block at 0xc3 in for 0xa1
01-08 06:01:41.275 3070 3070 E ArmVmp : Match on catch block at 0xc3 in for 0xa1
01-08 06:01:41.284 3070 3070 E ArmVmp : Match on catch block at 0xc3 in for 0xa5
01-08 06:01:41.295 3070 3070 E ArmVmp : Match on catch block at 0xc3 in for 0xa5
01-08 06:01:41.302 3070 3070 E ArmVmp : Match on catch block at 0xc3 in for 0xa9
01-08 06:01:41.312 3070 3070 E ArmVmp : Match on catch block at 0xc3 in for 0xa9
01-08 06:01:41.319 3070 3070 E ArmVmp : Match on catch block at 0xc3 in for 0xa1
01-08 06:01:41.330 3070 3070 E ArmVmp : Match on catch block at 0xc3 in for 0xa1
01-08 06:01:41.336 3070 3070 E ArmVmp : Match on catch block at 0xc3 in for 0xa5
01-08 06:01:41.348 3070 3070 E ArmVmp : Match on catch block at 0xc3 in for 0xa5
01-08 06:01:41.353 3070 3070 E ArmVmp : Match on catch block at 0xc3 in for 0xa9
01-08 06:01:41.362 3070 3070 E ArmVmp : Match on catch block at 0xc3 in for 0xa9
01-08 06:01:41.367 3070 3070 E ArmVmp : Match on catch block at 0xc3 in for 0xa1
01-08 06:01:41.375 3070 3070 E ArmVmp : Match on catch block at 0xc3 in for 0xa1
01-08 06:01:41.380 3070 3070 E ArmVmp : Match on catch block at 0xc3 in for 0xa5
01-08 06:01:41.388 3070 3070 E ArmVmp : Match on catch block at 0xc3 in for 0xa5
01-08 06:01:41.393 3070 3070 E ArmVmp : Match on catch block at 0xc3 in for 0xa9
01-08 06:01:41.405 3070 3070 E ArmVmp : Match on catch block at 0xc3 in for 0xa9
01-08 06:01:41.412 3070 3070 E ArmVmp : Match on catch block at 0xc3 in for 0xa1
01-08 06:01:41.423 3070 3070 E ArmVmp : Match on catch block at 0xc3 in for 0xa1
01-08 06:01:41.429 3070 3070 E ArmVmp : Match on catch block at 0xc3 in for 0xa5
01-08 06:01:41.440 3070 3070 E ArmVmp : Match on catch block at 0xc3 in for 0xa5
01-08 06:01:41.447 3070 3070 E ArmVmp : Match on catch block at 0xc3 in for 0xa9
01-08 06:01:41.458 3070 3070 E ArmVmp : Match on catch block at 0xc3 in for 0xa9
01-08 06:01:41.465 3070 3070 E ArmVmp : Match on catch block at 0xc3 in for 0xa1
01-08 06:01:41.478 3070 3070 E ArmVmp : Match on catch block at 0xc3 in for 0xa9
01-08 06:01:41.483 3070 3070 E ArmVmp : Match on catch block at 0xc3 in for 0xa1
01-08 06:01:41.491 3070 3070 E ArmVmp : Match on catch block at 0xc3 in for 0xa5
01-08 06:01:41.495 3070 3070 E ArmVmp : Match on catch block at 0xc3 in for 0xa9
01-08 06:01:41.508 3070 3070 E ArmVmp : Match on catch block at 0xc3 in for 0xa1
01-08 06:01:41.513 3070 3070 E ArmVmp : Match on catch block at 0xc3 in for 0xa5
01-08 06:01:41.530 3070 3070 E ArmVmp : Match on catch block at 0xc3 in for 0xa1
01-08 06:01:41.535 3070 3070 E ArmVmp : Match on catch block at 0xc3 in for 0xa5
01-08 06:01:41.542 3070 3070 E ArmVmp : Match on catch block at 0xc3 in for 0xa5
01-08 06:01:41.548 3070 3070 E ArmVmp : Match on catch block at 0xc3 in for 0xa9
01-08 06:01:41.556 3070 3070 E ArmVmp : Match on catch block at 0xc3 in for 0xa9
01-08 06:01:41.561 3070 3070 E ArmVmp : Match on catch block at 0xc3 in for 0xa1
01-08 06:01:41.569 3070 3070 E ArmVmp : Match on catch block at 0xc3 in for 0xa1
01-08 06:01:41.573 3070 3070 E ArmVmp : Match on catch block at 0xc3 in for 0xa5
01-08 06:01:41.579 3070 3070 E ArmVmp : Match on catch block at 0xc3 in for 0xa5
01-08 06:01:41.583 3070 3070 E ArmVmp : Match on catch block at 0xc3 in for 0xa9
01-08 06:01:41.594 3070 3070 E ArmVmp : Match on catch block at 0xc3 in for 0xa9
01-08 06:01:41.599 3070 3070 E ArmVmp : Match on catch block at 0xc3 in for 0xa1
01-08 06:01:41.616 3070 3070 E ArmVmp : Match on catch block at 0xc3 in for 0xa1
01-08 06:01:41.620 3070 3070 E ArmVmp : Match on catch block at 0xc3 in for 0xa5
01-08 06:01:41.635 3070 3070 E ArmVmp : Match on catch block at 0xc3 in for 0xa9
01-08 06:01:41.640 3070 3070 E ArmVmp : Match on catch block at 0xc3 in for 0xa1
01-08 06:01:41.671 3070 3070 E ArmVmp : Match on catch block at 0xc3 in for 0xa1
01-08 06:01:41.675 3070 3070 E ArmVmp : Match on catch block at 0xc3 in for 0xa5
01-08 06:01:41.787 3070 3070 E ArmVmp : Match on catch block at 0xc3 in for 0xa5
01-08 06:01:41.791 3070 3070 E ArmVmp : Match on catch block at 0xc3 in for 0xa9
01-08 06:01:41.842 3070 3070 E ArmVmp : Match on catch block at 0xc3 in for 0xa9
01-08 06:01:41.847 3070 3070 E ArmVmp : Match on catch block at 0xc3 in for 0xa1
01-08 06:01:41.886 3070 3070 E ArmVmp : Match on catch block at 0xc3 in for 0xa5
01-08 06:01:41.891 3070 3070 E ArmVmp : Match on catch block at 0xc3 in for 0xa9
01-08 06:01:41.939 3070 3070 E ArmVmp : Match on catch block at 0xc3 in for 0xa9
01-08 06:01:41.945 3070 3070 E ArmVmp : Match on catch block at 0xc3 in for 0xa1
01-08 06:01:41.972 3070 3070 E ArmVmp : Match on catch block at 0xc3 in for 0xa9
01-08 06:01:41.977 3070 3070 E ArmVmp : Match on catch block at 0xc3 in for 0xa1
01-08 06:01:42.001 3070 3070 E ArmVmp : Match on catch block at 0xc3 in for 0xa1
01-08 06:01:42.006 3070 3070 E ArmVmp : Match on catch block at 0xc3 in for 0xa5
01-08 06:01:42.039 3070 3070 E ArmVmp : Match on catch block at 0xc3 in for 0xa1
01-08 06:01:42.045 3070 3070 E ArmVmp : Match on catch block at 0xc3 in for 0xa5
01-08 06:01:42.069 3070 3070 E ArmVmp : Match on catch block at 0xc3 in for 0xa5
01-08 06:01:42.073 3070 3070 E ArmVmp : Match on catch block at 0xc3 in for 0xa9
01-08 06:01:42.079 3070 3070 E ArmVmp : Match on catch block at 0xc3 in for 0xa9
01-08 06:01:42.086 3070 3070 E ArmVmp : Match on catch block at 0xc3 in for 0xa1
01-08 06:01:42.091 3070 3070 E ArmVmp : Match on catch block at 0xc3 in for 0xa1
01-08 06:01:42.095 3070 3070 E ArmVmp : Match on catch block at 0xc3 in for 0xa5
01-08 06:01:42.104 3070 3070 E ArmVmp : Match on catch block at 0xc3 in for 0xa5
01-08 06:01:42.108 3070 3070 E ArmVmp : Match on catch block at 0xc3 in for 0xa9
01-08 06:01:42.121 3070 3070 E ArmVmp : Match on catch block at 0xc3 in for 0xa9
01-08 06:01:42.129 3070 3070 E ArmVmp : Match on catch block at 0xc3 in for 0xa1
01-08 06:01:42.141 3070 3541 W libEGL : EGLNativeWindowType 0x7d53cb9010
disconnect failed
01-08 06:01:42.153 3070 3070 E ArmVmp : Match on catch block at 0xc3 in for 0xa1
01-08 06:01:42.158 3070 3070 E ArmVmp : Match on catch block at 0xc3 in for 0xa5
01-08 06:01:42.163 3070 3070 E ArmVmp : Match on catch block at 0xc3 in for 0xa5
01-08 06:01:42.168 3070 3070 E ArmVmp : Match on catch block at 0xc3 in for 0xa9
01-08 06:01:44.920 3070 3070 E ArmVmp : Match on catch block at 0x0a in for 0xc1
01-08 06:01:44.924 3070 3070 E ArmVmp : Match on catch block at 0x0a in for 0xc9
01-08 06:01:45.483 3070 3070 E ArmVmp : Match on catch block at 0xc3 in for 0xb5
01-08 06:01:45.488 3070 3070 E ArmVmp : Match on catch block at 0xc3 in for 0xb5
01-08 06:01:45.592 3070 3070 E ArmVmp : Match on catch block at 0xc3 in for 0xa5
01-08 06:01:45.597 3070 3070 E ArmVmp : Match on catch block at 0xc3 in for 0xa9
01-08 06:01:45.668 3070 3070 E ArmVmp : Match on catch block at 0xc3 in for 0xa1
01-08 06:01:45.672 3070 3070 E ArmVmp : Match on catch block at 0xc3 in for 0xa5
01-08 06:01:45.770 3070 3070 E ArmVmp : Match on catch block at 0xc3 in for 0xa9
01-08 06:01:45.775 3070 3070 E ArmVmp : Match on catch block at 0xc3 in for 0xa1
01-08 06:01:45.791 3070 3070 E ArmVmp : Match on catch block at 0xc3 in for 0xa1
01-08 06:01:45.798 3070 3070 E ArmVmp : Match on catch block at 0xc3 in for 0xa5
01-08 06:01:45.807 3070 3070 E ArmVmp : Match on catch block at 0xc3 in for 0xa5
01-08 06:01:45.813 3070 3070 E ArmVmp : Match on catch block at 0xc3 in for 0xa9
01-08 06:01:45.823 3070 3070 E ArmVmp : Match on catch block at 0xc3 in for 0xa9
01-08 06:01:45.829 3070 3070 E ArmVmp : Match on catch block at 0xc3 in for 0xa1
01-08 06:01:45.840 3070 3070 E ArmVmp : Match on catch block at 0xc3 in for 0xa1
01-08 06:01:45.845 3070 3070 E ArmVmp : Match on catch block at 0xc3 in for 0xa5
01-08 06:01:45.855 3070 3070 E ArmVmp : Match on catch block at 0xc3 in for 0xa5
01-08 06:01:45.859 3070 3070 E ArmVmp : Match on catch block at 0xc3 in for 0xa9
01-08 06:01:45.871 3070 3070 E ArmVmp : Match on catch block at 0xc3 in for 0xa9
01-08 06:01:45.875 3070 3070 E ArmVmp : Match on catch block at 0xc3 in for 0xa1
01-08 06:01:45.887 3070 3070 E ArmVmp : Match on catch block at 0xc3 in for 0xa1
01-08 06:01:45.892 3070 3070 E ArmVmp : Match on catch block at 0xc3 in for 0xa5
01-08 06:01:45.903 3070 3070 E ArmVmp : Match on catch block at 0xc3 in for 0xa5
01-08 06:01:45.907 3070 3070 E ArmVmp : Match on catch block at 0xc3 in for 0xa9
01-08 06:01:45.919 3070 3070 E ArmVmp : Match on catch block at 0xc3 in for 0xa9
01-08 06:01:45.923 3070 3070 E ArmVmp : Match on catch block at 0xc3 in for 0xa1
01-08 06:01:45.935 3070 3070 E ArmVmp : Match on catch block at 0xc3 in for 0xa1
01-08 06:01:45.941 3070 3070 E ArmVmp : Match on catch block at 0xc3 in for 0xa5
01-08 06:01:45.951 3070 3070 E ArmVmp : Match on catch block at 0xc3 in for 0xa5
01-08 06:01:45.956 3070 3070 E ArmVmp : Match on catch block at 0xc3 in for 0xa9
01-08 06:01:45.967 3070 3070 E ArmVmp : Match on catch block at 0xc3 in for 0xa9
01-08 06:01:45.973 3070 3070 E ArmVmp : Match on catch block at 0xc3 in for 0xa1
01-08 06:01:45.984 3070 3070 E ArmVmp : Match on catch block at 0xc3 in for 0xa1
01-08 06:01:45.989 3070 3070 E ArmVmp : Match on catch block at 0xc3 in for 0xa5
01-08 06:01:46.003 3070 3541 W libEGL : EGLNativeWindowType 0x7d53a17010
disconnect failed
01-08 06:01:46.020 3070 3070 E ArmVmp : Match on catch block at 0xc3 in for 0xa5
01-08 06:01:46.024 3070 3070 E ArmVmp : Match on catch block at 0xc3 in for 0xa9
01-08 06:01:46.037 3070 3070 E ArmVmp : Match on catch block at 0xc3 in for 0xa9
01-08 06:01:46.041 3070 3070 E ArmVmp : Match on catch block at 0xc3 in for 0xa1
01-08 06:01:46.050 3070 3070 E ArmVmp : Match on catch block at 0xc3 in for 0xa1
01-08 06:01:46.054 3070 3070 E ArmVmp : Match on catch block at 0xc3 in for 0xa5
01-08 06:01:46.065 3070 3070 E ArmVmp : Match on catch block at 0xc3 in for 0xa5
01-08 06:01:46.071 3070 3070 E ArmVmp : Match on catch block at 0xc3 in for 0xa9
01-08 06:01:46.082 3070 3070 E ArmVmp : Match on catch block at 0xc3 in for 0xa9
01-08 06:01:46.086 3070 3070 E ArmVmp : Match on catch block at 0xc3 in for 0xa1
01-08 06:01:46.098 3070 3070 E ArmVmp : Match on catch block at 0xc3 in for 0xa1
01-08 06:01:46.102 3070 3070 E ArmVmp : Match on catch block at 0xc3 in for 0xa5
01-08 06:01:46.115 3070 3070 E ArmVmp : Match on catch block at 0xc3 in for 0xa5
01-08 06:01:46.121 3070 3070 E ArmVmp : Match on catch block at 0xc3 in for 0xa9
01-08 06:01:46.229 3070 3070 E ArmVmp : Match on catch block at 0xc3 in for 0xa9
01-08 06:01:46.240 3070 3070 E ArmVmp : Match on catch block at 0xc3 in for 0xa1
01-08 06:01:46.733 3070 3070 E ArmVmp : Match on catch block at 0xc3 in for 0xa5
01-08 06:01:46.738 3070 3070 E ArmVmp : Match on catch block at 0xc3 in for 0xa9
01-08 06:01:46.919 3070 3070 W TabLayout: MODE_SCROLLABLE + GRAVITY_FILL is not
supported, GRAVITY_START will be used instead
01-08 06:01:47.057 3070 3070 W BottomSheetBehavior: BottomSheetBehavior now
supports multiple callbacks. `setBottomSheetCallback()` removes all existing
callbacks, including ones set internally by library authors, which may result in
unintended behavior. This may change in the future. Please use
`addBottomSheetCallback()` and `removeBottomSheetCallback()` instead to set your
own callbacks.
01-08 06:01:47.258 3070 3070 E ArmVmp : Match on catch block at 0xc3 in for 0xa1
01-08 06:01:47.263 3070 3070 E ArmVmp : Match on catch block at 0xc3 in for 0xa5
01-08 06:01:47.440 3070 3070 W View : requestLayout() improperly called by
com.whatsapp.WaImageView{bc1d159 VF.D..CL. ......ID 0,0-168,168 #7f0b1814
app:id/shutter} during layout: running second layout pass
01-08 06:01:47.440 3070 3070 W View : requestLayout() improperly called by
com.whatsapp.CircularProgressBar{26cf1a0 V.ED..... ......ID 0,0-168,168 #7f0b14fc
app:id/recording_progress} during layout: running second layout pass
01-08 06:01:47.440 3070 3070 W View : requestLayout() improperly called by
com.whatsapp.WaImageView{325711e VF.D..C.. ......ID 0,0-126,126 #7f0b1976
app:id/switch_camera_btn} during layout: running second layout pass
01-08 06:01:47.440 3070 3070 W View : requestLayout() improperly called by
com.whatsapp.WaImageView{a9c7dff VFED..C.. ......ID 0,0-126,126 #7f0b0b0d
app:id/gallery_btn} during layout: running second layout pass
01-08 06:01:47.440 3070 3070 W View : requestLayout() improperly called by
com.whatsapp.WaImageView{53f87cc VF.D..C.. ......ID 0,0-126,126 #7f0b0a9c
app:id/flash_btn} during layout: running second layout pass
01-08 06:01:47.440 3070 3070 W View : requestLayout() improperly called by
com.whatsapp.WaImageView{b352a15 VFED..C.. ......ID 0,0-126,126 #7f0b057f
app:id/close_camera_btn} during layout: running second layout pass
01-08 06:01:47.440 3070 3070 W View : requestLayout() improperly called by
X.4Ki{ac354b8 V.ED..... ......ID 0,5-1080,131} during layout: running second layout
pass
01-08 06:01:47.557 3070 3070 W View : requestLayout() improperly called by
com.whatsapp.WaImageView{bc1d159 VF.D..CL. ......ID 456,1711-624,1879 #7f0b1814
app:id/shutter} during layout: running second layout pass
01-08 06:01:47.558 3070 3070 W View : requestLayout() improperly called by
com.whatsapp.CircularProgressBar{26cf1a0 V.ED..... ......ID 456,1711-624,1879
#7f0b14fc app:id/recording_progress} during layout: running second layout pass
01-08 06:01:47.558 3070 3070 W View : requestLayout() improperly called by
com.whatsapp.WaImageView{325711e VF.D..C.. ......ID 934,1733-1060,1859 #7f0b1976
app:id/switch_camera_btn} during layout: running second layout pass
01-08 06:01:47.558 3070 3070 W View : requestLayout() improperly called by
com.whatsapp.WaImageView{a9c7dff VFED..C.. ......ID 20,1733-146,1859 #7f0b0b0d
app:id/gallery_btn} during layout: running second layout pass
01-08 06:01:47.558 3070 3070 W View : requestLayout() improperly called by
com.whatsapp.WaImageView{53f87cc VF.D..C.. ......I. 934,20-1060,146 #7f0b0a9c
app:id/flash_btn} during layout: running second layout pass
01-08 06:01:47.558 3070 3070 W View : requestLayout() improperly called by
com.whatsapp.WaImageView{b352a15 VFED..C.. ......I. 20,20-146,146 #7f0b057f
app:id/close_camera_btn} during layout: running second layout pass
01-08 06:01:47.569 3070 3070 E ArmVmp : Match on catch block at 0xc3 in for 0xa9
01-08 06:01:47.577 3070 3070 E ArmVmp : Match on catch block at 0xc3 in for 0xa1
01-08 06:01:47.620 3070 3541 W libEGL : EGLNativeWindowType 0x7d53a17010
disconnect failed
01-08 06:01:47.675 3070 3070 E ArmVmp : Match on catch block at 0xc3 in for 0xa9
01-08 06:01:47.681 3070 3070 E ArmVmp : Match on catch block at 0xc3 in for 0xa1
01-08 06:01:47.741 3070 3070 E ArmVmp : Match on catch block at 0xc3 in for 0xa1
01-08 06:01:47.748 3070 3070 E ArmVmp : Match on catch block at 0xc3 in for 0xa5
01-08 06:01:47.777 3070 3070 E ArmVmp : Match on catch block at 0xc3 in for 0xa5
01-08 06:01:47.786 3070 3070 E ArmVmp : Match on catch block at 0xc3 in for 0xa9
01-08 06:01:47.810 3070 3070 E ArmVmp : Match on catch block at 0xc3 in for 0xa9
01-08 06:01:47.816 3070 3070 E ArmVmp : Match on catch block at 0xc3 in for 0xa1
01-08 06:01:47.836 3070 3070 E ArmVmp : Match on catch block at 0xc3 in for 0xa1
01-08 06:01:47.843 3070 3070 E ArmVmp : Match on catch block at 0xc3 in for 0xa5
01-08 06:01:47.873 3070 3070 E ArmVmp : Match on catch block at 0xc3 in for 0xa5
01-08 06:01:47.879 3070 3070 E ArmVmp : Match on catch block at 0xc3 in for 0xa9
01-08 06:01:47.918 3070 4579 W Gralloc4: allocator 3.x is not supported
01-08 06:01:47.922 3070 4579 W Gralloc3: allocator 3.x is not supported
01-08 06:01:47.941 3070 3493 W System : A resource failed to call release.
01-08 06:01:47.941 3070 3493 W System : A resource failed to call release.
01-08 06:01:47.942 3070 3493 W System : A resource failed to call release.
01-08 06:01:48.086 3070 3541 W libEGL : EGLNativeWindowType 0x7d217bb010
disconnect failed
01-08 06:01:51.406 3070 3497 W com.whatsapp: Long monitor contention with owner
Optic-Task-Handler-Thread (6043) at void
android.hardware.camera2.impl.CameraDeviceImpl.close()(CameraDeviceImpl.java:1334)
waiters=0 in void android.hardware.camera2.impl.CameraDeviceImpl.onDeviceError(int,
android.hardware.camera2.impl.CaptureResultExtras) for 506ms
01-08 06:01:56.080 3070 3070 E ArmVmp : Match on catch block at 0x0a in for 0xc9
01-08 06:01:56.085 3070 3070 E ArmVmp : Match on catch block at 0x0a in for 0xc5
01-08 06:01:56.201 3070 3070 E ArmVmp : Match on catch block at 0xc3 in for 0xa5
01-08 06:01:56.206 3070 3070 E ArmVmp : Match on catch block at 0xc3 in for 0xa9
01-08 06:01:56.305 3070 3070 E ArmVmp : Match on catch block at 0xc3 in for 0xa1
01-08 06:01:56.311 3070 3070 E ArmVmp : Match on catch block at 0xc3 in for 0xa5
01-08 06:01:56.358 3070 3070 E ArmVmp : Match on catch block at 0xc3 in for 0xa5
01-08 06:01:56.360 3070 3541 W libEGL : EGLNativeWindowType 0x7d21c8d010
disconnect failed
01-08 06:01:56.363 3070 3070 E ArmVmp : Match on catch block at 0xc3 in for 0xa9
01-08 06:01:56.423 3070 3070 E ArmVmp : Match on catch block at 0xc3 in for 0xa5
01-08 06:01:56.428 3070 3070 E ArmVmp : Match on catch block at 0xc3 in for 0xa9
01-08 06:01:56.708 3070 3541 W libEGL : EGLNativeWindowType 0x7d53a17010
disconnect failed
01-08 06:01:56.713 3070 4579 W com.whatsapp: Long monitor contention with owner
Optic-Task-Handler-Thread (6043) at void
android.hardware.camera2.impl.CameraDeviceImpl.close()(CameraDeviceImpl.java:1334)
waiters=0 in void android.hardware.camera2.impl.CameraDeviceImpl.onDeviceError(int,
android.hardware.camera2.impl.CaptureResultExtras) for 545ms
01-08 06:01:56.720 3070 6043 E BufferQueueProducer: [SurfaceTexture-0-3070-0]
(id:bfe00000002,api:0,p:-1,c:3070) disconnect: not connected (req=1)
01-08 06:01:56.720 3070 6043 W libEGL : EGLNativeWindowType 0x7d33f40010
disconnect failed
01-08 06:01:56.906 3070 3070 E ArmVmp : Match on catch block at 0xc3 in for 0xa1
01-08 06:01:56.924 3070 3070 E ArmVmp : Match on catch block at 0xc3 in for 0xa5
01-08 06:01:56.950 3070 3070 E ArmVmp : Match on catch block at 0xc3 in for 0xa5
01-08 06:01:56.961 3070 3070 E ArmVmp : Match on catch block at 0xc3 in for 0xa9
01-08 06:01:56.980 3070 3070 E ArmVmp : Match on catch block at 0xc3 in for 0xa9
01-08 06:01:56.993 3070 3070 E ArmVmp : Match on catch block at 0xc3 in for 0xa1
01-08 06:01:57.014 3070 3070 E ArmVmp : Match on catch block at 0xc3 in for 0xa1
01-08 06:01:57.024 3070 3070 E ArmVmp : Match on catch block at 0xc3 in for 0xa5
01-08 06:01:57.041 3070 3070 E ArmVmp : Match on catch block at 0xc3 in for 0xa5
01-08 06:01:57.048 3070 3070 E ArmVmp : Match on catch block at 0xc3 in for 0xa9
01-08 06:01:57.066 3070 3070 E ArmVmp : Match on catch block at 0xc3 in for 0xa9
01-08 06:01:57.072 3070 3070 E ArmVmp : Match on catch block at 0xc3 in for 0xa1
01-08 06:01:57.085 3070 3070 E ArmVmp : Match on catch block at 0xc3 in for 0xa1
01-08 06:01:57.095 3070 3070 E ArmVmp : Match on catch block at 0xc3 in for 0xa5
01-08 06:01:57.112 3070 3070 E ArmVmp : Match on catch block at 0xc3 in for 0xa5
01-08 06:01:57.121 3070 3070 E ArmVmp : Match on catch block at 0xc3 in for 0xa9
01-08 06:01:57.148 3070 3070 E ArmVmp : Match on catch block at 0xc3 in for 0xa9
01-08 06:01:57.164 3070 3070 E ArmVmp : Match on catch block at 0xc3 in for 0xa1
01-08 06:01:57.178 3070 3070 E ArmVmp : Match on catch block at 0xc3 in for 0xa1
01-08 06:01:57.187 3070 3070 E ArmVmp : Match on catch block at 0xc3 in for 0xa5
01-08 06:01:57.208 3070 3070 E ArmVmp : Match on catch block at 0xc3 in for 0xa5
01-08 06:01:57.217 3070 3070 E ArmVmp : Match on catch block at 0xc3 in for 0xa9
01-08 06:01:57.228 3070 3070 E ArmVmp : Match on catch block at 0xc3 in for 0xa9
01-08 06:01:57.236 3070 3070 E ArmVmp : Match on catch block at 0xc3 in for 0xa1
01-08 06:01:57.261 3070 3070 E ArmVmp : Match on catch block at 0xc3 in for 0xa1
01-08 06:01:57.268 3070 3070 E ArmVmp : Match on catch block at 0xc3 in for 0xa5
01-08 06:01:57.291 3070 3070 E ArmVmp : Match on catch block at 0xc3 in for 0xa5
01-08 06:01:57.299 3070 3070 E ArmVmp : Match on catch block at 0xc3 in for 0xa9
01-08 06:01:57.412 3070 3070 E ArmVmp : Match on catch block at 0xc3 in for 0xa9
01-08 06:01:57.432 3070 3070 E ArmVmp : Match on catch block at 0xc3 in for 0xa1
01-08 06:01:57.848 3070 3070 E ArmVmp : Match on catch block at 0xc3 in for 0xa1
01-08 06:01:57.857 3070 3070 E ArmVmp : Match on catch block at 0xc3 in for 0xa5
01-08 06:01:57.869 3070 3070 E ArmVmp : Match on catch block at 0xc3 in for 0xa5
01-08 06:01:57.878 3070 3070 E ArmVmp : Match on catch block at 0xc3 in for 0xa9
01-08 06:01:57.896 3070 3070 E ArmVmp : Match on catch block at 0xc3 in for 0xa9
01-08 06:01:57.912 3070 3070 E ArmVmp : Match on catch block at 0xc3 in for 0xa1
01-08 06:01:57.928 3070 3070 E ArmVmp : Match on catch block at 0xc3 in for 0xa1
01-08 06:01:57.938 3070 3070 E ArmVmp : Match on catch block at 0xc3 in for 0xa5
01-08 06:01:57.954 3070 3070 E ArmVmp : Match on catch block at 0xc3 in for 0xa5
01-08 06:01:57.964 3070 3070 E ArmVmp : Match on catch block at 0xc3 in for 0xa9
01-08 06:01:57.973 3070 3070 E ArmVmp : Match on catch block at 0xc3 in for 0xa9
01-08 06:01:57.981 3070 3070 E ArmVmp : Match on catch block at 0xc3 in for 0xa1
01-08 06:01:57.990 3070 3070 E ArmVmp : Match on catch block at 0xc3 in for 0xa1
01-08 06:01:57.998 3070 3070 E ArmVmp : Match on catch block at 0xc3 in for 0xa5
01-08 06:01:58.007 3070 3070 E ArmVmp : Match on catch block at 0xc3 in for 0xa5
01-08 06:01:58.016 3070 3070 E ArmVmp : Match on catch block at 0xc3 in for 0xa9
01-08 06:01:58.026 3070 3070 E ArmVmp : Match on catch block at 0xc3 in for 0xa9
01-08 06:01:58.034 3070 3070 E ArmVmp : Match on catch block at 0xc3 in for 0xa1
01-08 06:01:58.045 3070 3070 E ArmVmp : Match on catch block at 0xc3 in for 0xa1
01-08 06:01:58.052 3070 3070 E ArmVmp : Match on catch block at 0xc3 in for 0xa5
01-08 06:01:58.073 3070 3070 E ArmVmp : Match on catch block at 0xc3 in for 0xa5
01-08 06:01:58.079 3070 3070 E ArmVmp : Match on catch block at 0xc3 in for 0xa9
01-08 06:01:58.087 3070 3070 E ArmVmp : Match on catch block at 0xc3 in for 0xa9
01-08 06:01:58.096 3070 3070 E ArmVmp : Match on catch block at 0xc3 in for 0xa1
01-08 06:01:58.104 3070 3070 E ArmVmp : Match on catch block at 0xc3 in for 0xa1
01-08 06:01:58.112 3070 3070 E ArmVmp : Match on catch block at 0xc3 in for 0xa5
01-08 06:01:58.437 3070 3070 E ArmVmp : Match on catch block at 0xc3 in for 0xa5
01-08 06:01:58.456 3070 3070 E ArmVmp : Match on catch block at 0xc3 in for 0xa9
01-08 06:01:58.942 3070 3070 E ArmVmp : Match on catch block at 0xc3 in for 0xa9
01-08 06:01:58.963 3070 3070 E ArmVmp : Match on catch block at 0xc3 in for 0xa1
01-08 06:01:59.294 3070 3070 E ArmVmp : Match on catch block at 0xc3 in for 0xa5
01-08 06:01:59.301 3070 3070 E ArmVmp : Match on catch block at 0xc3 in for 0xa9
01-08 06:01:59.312 3070 3070 E ArmVmp : Match on catch block at 0xc3 in for 0xa9
01-08 06:01:59.318 3070 3070 E ArmVmp : Match on catch block at 0xc3 in for 0xa1
01-08 06:01:59.432 3070 3070 E ArmVmp : Match on catch block at 0xc3 in for 0xa1
01-08 06:01:59.438 3070 3070 E ArmVmp : Match on catch block at 0xc3 in for 0xa5
01-08 06:01:59.575 3070 3070 E ArmVmp : Match on catch block at 0xc3 in for 0xa5
01-08 06:01:59.580 3070 3070 E ArmVmp : Match on catch block at 0xc3 in for 0xa9
01-08 06:01:59.592 3070 3070 E ArmVmp : Match on catch block at 0xc3 in for 0xa9
01-08 06:01:59.598 3070 3070 E ArmVmp : Match on catch block at 0xc3 in for 0xa1
01-08 06:01:59.934 3070 3070 E ArmVmp : Match on catch block at 0xc3 in for 0xa1
01-08 06:01:59.940 3070 3070 E ArmVmp : Match on catch block at 0xc3 in for 0xa5
01-08 06:02:00.242 3070 3070 E ArmVmp : Match on catch block at 0xc3 in for 0xa9
01-08 06:02:00.247 3070 3070 E ArmVmp : Match on catch block at 0xc3 in for 0xa1
01-08 06:02:00.360 3070 3070 W ViewPager: Requested offscreen page limit 0 too
small; defaulting to 1
01-08 06:02:00.371 3070 3070 E ArmVmp : Match on catch block at 0xc3 in for 0xa9
01-08 06:02:00.376 3070 3070 E ArmVmp : Match on catch block at 0xc3 in for 0xa1
01-08 06:02:00.410 3070 3070 E ArmVmp : Match on catch block at 0xc3 in for 0xa9
01-08 06:02:00.425 3070 3070 E ArmVmp : Match on catch block at 0xc3 in for 0xa1
01-08 06:02:00.467 3070 3070 E ArmVmp : Match on catch block at 0xc3 in for 0xa1
01-08 06:02:00.479 3070 3070 E ArmVmp : Match on catch block at 0xc3 in for 0xa5
01-08 06:02:00.618 3070 3070 E ArmVmp : Match on catch block at 0xc3 in for 0xa9
01-08 06:02:00.624 3070 3070 E ArmVmp : Match on catch block at 0xc3 in for 0xa1
01-08 06:02:00.652 3070 3070 E ArmVmp : Match on catch block at 0xc3 in for 0xa1
01-08 06:02:00.656 3070 3070 E ArmVmp : Match on catch block at 0xc3 in for 0xa5
01-08 06:02:00.759 3070 3070 E ArmVmp : Match on catch block at 0xc3 in for 0xa9
01-08 06:02:00.773 3070 3070 E ArmVmp : Match on catch block at 0xc3 in for 0xa1
01-08 06:02:00.901 3070 3070 E ArmVmp : Match on catch block at 0xc3 in for 0xa9
01-08 06:02:00.908 3070 3070 E ArmVmp : Match on catch block at 0xc3 in for 0xa1
01-08 06:02:00.920 3070 3070 E ArmVmp : Match on catch block at 0xc3 in for 0xa1
01-08 06:02:00.927 3070 3070 E ArmVmp : Match on catch block at 0xc3 in for 0xa5
01-08 06:02:00.983 3070 3070 E ArmVmp : Match on catch block at 0xc3 in for 0xa5
01-08 06:02:00.988 3070 3070 E ArmVmp : Match on catch block at 0xc3 in for 0xa9
01-08 06:02:01.012 3070 3070 E ArmVmp : Match on catch block at 0xc3 in for 0xa9
01-08 06:02:01.022 3070 3070 E ArmVmp : Match on catch block at 0xc3 in for 0xa1
01-08 06:02:01.035 3070 3070 E ArmVmp : Match on catch block at 0x0a in for 0xa9
01-08 06:02:01.043 3070 3070 E ArmVmp : Match on catch block at 0x0a in for 0xa1
01-08 06:02:01.046 3070 3070 E ArmVmp : Match on catch block at 0x0a in for 0xa1
01-08 06:02:01.050 3070 3070 E ArmVmp : Match on catch block at 0x0a in for 0xa1
01-08 06:02:01.056 3070 3070 E ArmVmp : Match on catch block at 0x0a in for 0xa1
01-08 06:02:01.060 3070 3070 E ArmVmp : Match on catch block at 0x0a in for 0xa1
01-08 06:02:01.063 3070 3070 E ArmVmp : Match on catch block at 0x0a in for 0xa1
01-08 06:02:01.066 3070 3070 E ArmVmp : Match on catch block at 0x0a in for 0xa1
01-08 06:02:01.070 3070 3070 E ArmVmp : Match on catch block at 0x0a in for 0xa1
01-08 06:02:01.073 3070 3070 E ArmVmp : Match on catch block at 0x0a in for 0xa1
01-08 06:02:01.076 3070 3070 E ArmVmp : Match on catch block at 0x0a in for 0xa1
01-08 06:02:01.080 3070 3070 E ArmVmp : Match on catch block at 0x0a in for 0xa1
01-08 06:02:01.092 3070 3070 E ArmVmp : Match on catch block at 0xc3 in for 0xa9
01-08 06:02:01.097 3070 3070 E ArmVmp : Match on catch block at 0xc3 in for 0xa1
01-08 06:02:01.116 3070 3070 E ArmVmp : Match on catch block at 0xc3 in for 0xa1
01-08 06:02:01.121 3070 3070 E ArmVmp : Match on catch block at 0xc3 in for 0xa5
01-08 06:02:01.135 3070 3070 E ArmVmp : Match on catch block at 0xc3 in for 0xa5
01-08 06:02:01.142 3070 3070 E ArmVmp : Match on catch block at 0xc3 in for 0xa9
01-08 06:02:01.166 3070 3070 E ArmVmp : Match on catch block at 0xc3 in for 0xa9
01-08 06:02:01.171 3070 3070 E ArmVmp : Match on catch block at 0xc3 in for 0xa1
01-08 06:02:01.187 3070 3070 E ArmVmp : Match on catch block at 0xc3 in for 0xa1
01-08 06:02:01.192 3070 3070 E ArmVmp : Match on catch block at 0xc3 in for 0xa5
01-08 06:02:01.211 3070 3070 E ArmVmp : Match on catch block at 0xc3 in for 0xa5
01-08 06:02:01.217 3070 3070 E ArmVmp : Match on catch block at 0xc3 in for 0xa9
01-08 06:02:01.235 3070 3070 E ArmVmp : Match on catch block at 0xc3 in for 0xa9
01-08 06:02:01.241 3070 3070 E ArmVmp : Match on catch block at 0xc3 in for 0xa1
01-08 06:02:01.259 3070 3070 E ArmVmp : Match on catch block at 0xc3 in for 0xa1
01-08 06:02:01.264 3070 3070 E ArmVmp : Match on catch block at 0xc3 in for 0xa5
01-08 06:02:01.280 3070 3070 E ArmVmp : Match on catch block at 0xc3 in for 0xa5
01-08 06:02:01.285 3070 3070 E ArmVmp : Match on catch block at 0xc3 in for 0xa9
01-08 06:02:01.305 3070 3070 E ArmVmp : Match on catch block at 0xc3 in for 0xa9
01-08 06:02:01.310 3070 3070 E ArmVmp : Match on catch block at 0xc3 in for 0xa1
01-08 06:02:01.337 3070 3070 E ArmVmp : Match on catch block at 0xc3 in for 0xa1
01-08 06:02:01.342 3070 3070 E ArmVmp : Match on catch block at 0xc3 in for 0xa5
01-08 06:02:01.357 3070 3070 E ArmVmp : Match on catch block at 0xc3 in for 0xa5
01-08 06:02:01.363 3070 3070 E ArmVmp : Match on catch block at 0xc3 in for 0xa9
01-08 06:02:01.373 3070 3070 E ArmVmp : Match on catch block at 0xc3 in for 0xa9
01-08 06:02:01.381 3070 3070 E ArmVmp : Match on catch block at 0xc3 in for 0xa1
01-08 06:02:01.398 3070 3070 E ArmVmp : Match on catch block at 0xc3 in for 0xa1
01-08 06:02:01.406 3070 3070 E ArmVmp : Match on catch block at 0xc3 in for 0xa5
01-08 06:02:01.416 3070 3070 E ArmVmp : Match on catch block at 0xc3 in for 0xa5
01-08 06:02:01.430 3070 3070 E ArmVmp : Match on catch block at 0xc3 in for 0xa9
01-08 06:02:01.447 3070 3070 E ArmVmp : Match on catch block at 0xc3 in for 0xa9
01-08 06:02:01.459 3070 3070 E ArmVmp : Match on catch block at 0xc3 in for 0xa1
01-08 06:02:01.485 3070 3070 E ArmVmp : Match on catch block at 0xc3 in for 0xa1
01-08 06:02:01.498 3070 3070 E ArmVmp : Match on catch block at 0xc3 in for 0xa5
01-08 06:02:01.529 3070 3070 E ArmVmp : Match on catch block at 0xc3 in for 0xa5
01-08 06:02:01.536 3070 3070 E ArmVmp : Match on catch block at 0xc3 in for 0xa9
01-08 06:02:01.563 3070 3070 E ArmVmp : Match on catch block at 0xc3 in for 0xa9
01-08 06:02:01.572 3070 3070 E ArmVmp : Match on catch block at 0xc3 in for 0xa1
01-08 06:02:01.594 3070 3070 E ArmVmp : Match on catch block at 0xc3 in for 0xa1
01-08 06:02:01.601 3070 3070 E ArmVmp : Match on catch block at 0xc3 in for 0xa5
01-08 06:02:01.626 3070 3070 E ArmVmp : Match on catch block at 0xc3 in for 0xa5
01-08 06:02:01.633 3070 3070 E ArmVmp : Match on catch block at 0xc3 in for 0xa9
01-08 06:02:01.659 3070 3070 E ArmVmp : Match on catch block at 0xc3 in for 0xa9
01-08 06:02:01.667 3070 3070 E ArmVmp : Match on catch block at 0xc3 in for 0xa1
01-08 06:02:02.618 3070 3070 E ArmVmp : Match on catch block at 0x0a in for 0xa1
01-08 06:02:02.626 3070 3070 E ArmVmp : Match on catch block at 0x0a in for 0xa1
01-08 06:02:02.629 3070 3070 E ArmVmp : Match on catch block at 0x0a in for 0xa1
01-08 06:02:02.633 3070 3070 E ArmVmp : Match on catch block at 0x0a in for 0xa1
01-08 06:02:02.637 3070 3070 E ArmVmp : Match on catch block at 0x0a in for 0xa1
01-08 06:02:02.640 3070 3070 E ArmVmp : Match on catch block at 0x0a in for 0xa1
01-08 06:02:02.644 3070 3070 E ArmVmp : Match on catch block at 0x0a in for 0xa1
01-08 06:02:02.647 3070 3070 E ArmVmp : Match on catch block at 0x0a in for 0xa1
01-08 06:02:02.652 3070 3070 E ArmVmp : Match on catch block at 0x0a in for 0xa1
01-08 06:02:02.655 3070 3070 E ArmVmp : Match on catch block at 0x0a in for 0xa1
01-08 06:02:02.658 3070 3070 E ArmVmp : Match on catch block at 0x0a in for 0xa1
01-08 06:02:02.661 3070 3070 E ArmVmp : Match on catch block at 0x0a in for 0xa1
01-08 06:02:02.665 3070 3070 E ArmVmp : Match on catch block at 0xc3 in for 0xa5
01-08 06:02:02.670 3070 3070 E ArmVmp : Match on catch block at 0xc3 in for 0xa9
01-08 06:02:02.682 3070 3070 E ArmVmp : Match on catch block at 0xc3 in for 0xa9
01-08 06:02:02.687 3070 3070 E ArmVmp : Match on catch block at 0xc3 in for 0xa1
01-08 06:02:02.778 3070 3070 E ArmVmp : Match on catch block at 0xc3 in for 0xa1
01-08 06:02:02.784 3070 3070 E ArmVmp : Match on catch block at 0xc3 in for 0xa5
01-08 06:02:02.907 3070 3070 E ArmVmp : Match on catch block at 0xc3 in for 0xa5
01-08 06:02:02.912 3070 3070 E ArmVmp : Match on catch block at 0xc3 in for 0xa9
01-08 06:02:03.029 3070 3493 W System : A resource failed to call close.
01-08 06:02:03.036 3070 3070 E ArmVmp : Match on catch block at 0xc3 in for 0xa9
01-08 06:02:03.040 3070 3070 E ArmVmp : Match on catch block at 0xc3 in for 0xa1
01-08 06:02:03.123 3070 3070 E ArmVmp : Match on catch block at 0xc3 in for 0xa1
01-08 06:02:03.131 3070 3070 E ArmVmp : Match on catch block at 0xc3 in for 0xa5
01-08 06:02:03.236 3070 3070 E ArmVmp : Match on catch block at 0xc3 in for 0xa5
01-08 06:02:03.250 3070 3070 E ArmVmp : Match on catch block at 0xc3 in for 0xa9
01-08 06:02:03.355 3070 3070 E ArmVmp : Match on catch block at 0xc3 in for 0xa9
01-08 06:02:03.371 3070 3070 E ArmVmp : Match on catch block at 0xc3 in for 0xa1
01-08 06:02:03.446 3070 3070 E ArmVmp : Match on catch block at 0xc3 in for 0xa1
01-08 06:02:03.454 3070 3070 E ArmVmp : Match on catch block at 0xc3 in for 0xa5
01-08 06:02:03.526 3070 3070 E ArmVmp : Match on catch block at 0xc3 in for 0xa5
01-08 06:02:03.534 3070 3070 E ArmVmp : Match on catch block at 0xc3 in for 0xa9
01-08 06:02:03.606 3070 3070 E ArmVmp : Match on catch block at 0xc3 in for 0xa9
01-08 06:02:03.618 3070 3070 E ArmVmp : Match on catch block at 0xc3 in for 0xa1
01-08 06:02:03.745 3070 3070 E ArmVmp : Match on catch block at 0xc3 in for 0xa1
01-08 06:02:03.761 3070 3070 E ArmVmp : Match on catch block at 0xc3 in for 0xa5
01-08 06:02:03.889 3070 3070 E ArmVmp : Match on catch block at 0xc3 in for 0xa5
01-08 06:02:03.901 3070 3070 E ArmVmp : Match on catch block at 0xc3 in for 0xa9
01-08 06:02:03.922 3070 3070 E ArmVmp : Match on catch block at 0xc3 in for 0xa9
01-08 06:02:03.935 3070 3070 E ArmVmp : Match on catch block at 0xc3 in for 0xa1
01-08 06:02:06.288 3070 3070 E ArmVmp : Match on catch block at 0xc3 in for 0xa5
01-08 06:02:06.294 3070 3070 E ArmVmp : Match on catch block at 0xc3 in for 0xa9
01-08 06:02:06.374 3070 3070 E RecyclerView: No layout manager attached; skipping
layout
01-08 06:02:06.376 3070 3070 E ArmVmp : Match on catch block at 0xc3 in for 0xa5
01-08 06:02:06.381 3070 3070 E ArmVmp : Match on catch block at 0xc3 in for 0xa9
01-08 06:02:06.400 3070 3070 E ArmVmp : Match on catch block at 0xc3 in for 0xa9
01-08 06:02:06.406 3070 3070 E ArmVmp : Match on catch block at 0xc3 in for 0xa1
01-08 06:02:06.592 3070 3070 E ArmVmp : Match on catch block at 0xc3 in for 0xa1
01-08 06:02:06.596 3070 3070 E ArmVmp : Match on catch block at 0xc3 in for 0xa5
01-08 06:02:06.609 3070 3070 E ArmVmp : Match on catch block at 0xc3 in for 0xa5
01-08 06:02:06.614 3070 3070 E ArmVmp : Match on catch block at 0xc3 in for 0xa9
01-08 06:02:06.638 3070 3070 E ArmVmp : Match on catch block at 0xc3 in for 0xa9
01-08 06:02:06.642 3070 3070 E ArmVmp : Match on catch block at 0xc3 in for 0xa1
01-08 06:02:06.652 3070 3070 E ArmVmp : Match on catch block at 0xc3 in for 0xa1
01-08 06:02:06.657 3070 3070 E ArmVmp : Match on catch block at 0xc3 in for 0xa5
01-08 06:02:06.666 3070 3070 E ArmVmp : Match on catch block at 0xc3 in for 0xa5
01-08 06:02:06.672 3070 3070 E ArmVmp : Match on catch block at 0xc3 in for 0xa9
01-08 06:02:06.815 3070 3070 E ArmVmp : Match on catch block at 0xc3 in for 0xa9
01-08 06:02:06.824 3070 3070 E ArmVmp : Match on catch block at 0xc3 in for 0xa1
01-08 06:02:06.836 3070 3070 E ArmVmp : Match on catch block at 0xc3 in for 0xa1
01-08 06:02:06.846 3070 3070 E ArmVmp : Match on catch block at 0xc3 in for 0xa5
01-08 06:02:07.349 3070 3070 E ArmVmp : Match on catch block at 0xc3 in for 0xa5
01-08 06:02:07.367 3070 3070 E ArmVmp : Match on catch block at 0xc3 in for 0xa9
01-08 06:02:07.851 3070 3070 E ArmVmp : Match on catch block at 0xc3 in for 0xa9
01-08 06:02:07.861 3070 3070 E ArmVmp : Match on catch block at 0xc3 in for 0xa1
01-08 06:02:08.356 3070 3070 E ArmVmp : Match on catch block at 0xc3 in for 0xa1
01-08 06:02:08.372 3070 3070 E ArmVmp : Match on catch block at 0xc3 in for 0xa5
01-08 06:02:08.856 3070 3070 E ArmVmp : Match on catch block at 0xc3 in for 0xa5
01-08 06:02:08.865 3070 3070 E ArmVmp : Match on catch block at 0xc3 in for 0xa9
01-08 06:02:09.344 3070 3070 E ArmVmp : Match on catch block at 0xc3 in for 0xa1
01-08 06:02:09.349 3070 3070 E ArmVmp : Match on catch block at 0xc3 in for 0xa5
01-08 06:02:09.392 3070 3070 E ArmVmp : Match on catch block at 0xc3 in for 0xa5
01-08 06:02:09.398 3070 3070 E ArmVmp : Match on catch block at 0xc3 in for 0xa9
01-08 06:02:09.464 3070 3070 E ArmVmp : Match on catch block at 0xc3 in for 0xa9
01-08 06:02:09.468 3070 3070 E ArmVmp : Match on catch block at 0xc3 in for 0xa1
01-08 06:02:09.492 3070 3070 E ArmVmp : Match on catch block at 0x0a in for 0xa9
01-08 06:02:09.498 3070 3070 E ArmVmp : Match on catch block at 0x0a in for 0xa9
01-08 06:02:09.502 3070 3070 E ArmVmp : Match on catch block at 0x0a in for 0xa9
01-08 06:02:09.505 3070 3070 E ArmVmp : Match on catch block at 0x0a in for 0xa9
