01-08 14:19:52.322 3070 3070 E ArmVmp : Match on catch block at 0xc3 in for 0xa5
01-08 14:19:52.327 3070 3070 E ArmVmp : Match on catch block at 0xc3 in for 0xa9
01-08 14:19:52.329 3070 3070 E ArmVmp : Match on catch block at 0xc3 in for 0xa9
01-08 14:19:52.351 3070 15250 W MediaPlayer: Use of stream types is deprecated for
operations other than volume control
01-08 14:19:52.351 3070 15250 W MediaPlayer: See the documentation of
setAudioStreamType() for what to use instead with android.media.AudioAttributes to
qualify your playback use case
01-08 14:19:52.444 3070 3496 W MediaPlayerNative: info/warning (10973, 0)
01-08 14:19:52.484 3070 3070 E ArmVmp : Match on catch block at 0xc3 in for 0xa5
01-08 14:19:52.489 3070 3070 E ArmVmp : Match on catch block at 0xc3 in for 0xa9
01-08 14:19:52.492 3070 3070 E ArmVmp : Match on catch block at 0xc3 in for 0xa9
01-08 14:19:52.526 3070 3070 E ArmVmp : Match on catch block at 0xc3 in for 0xa1
01-08 14:19:52.530 3070 3070 E ArmVmp : Match on catch block at 0xc3 in for 0xa5
01-08 14:19:52.533 3070 3070 E ArmVmp : Match on catch block at 0xc3 in for 0xa5
01-08 14:19:52.551 3070 3070 E ArmVmp : Match on catch block at 0xc3 in for 0xa9
01-08 14:19:52.555 3070 3070 E ArmVmp : Match on catch block at 0xc3 in for 0xa1
01-08 14:19:52.558 3070 3070 E ArmVmp : Match on catch block at 0xc3 in for 0xa1
01-08 14:19:52.564 3070 3070 E ArmVmp : Match on catch block at 0xc3 in for 0xa5
01-08 14:19:52.569 3070 3070 E ArmVmp : Match on catch block at 0xc3 in for 0xa9
01-08 14:19:52.572 3070 3070 E ArmVmp : Match on catch block at 0xc3 in for 0xa9
01-08 14:19:52.595 3070 3070 E ArmVmp : Match on catch block at 0xc3 in for 0xa1
01-08 14:19:52.604 3070 3070 E ArmVmp : Match on catch block at 0xc3 in for 0xa5
01-08 14:19:52.607 3070 3070 E ArmVmp : Match on catch block at 0xc3 in for 0xa5
01-08 14:19:52.660 3070 3070 E ArmVmp : Match on catch block at 0xc3 in for 0xa9
01-08 14:19:52.664 3070 3070 E ArmVmp : Match on catch block at 0xc3 in for 0xa1
01-08 14:19:52.666 3070 3070 E ArmVmp : Match on catch block at 0xc3 in for 0xa1
01-08 14:19:52.725 3070 3070 E ArmVmp : Match on catch block at 0xc3 in for 0xa5
01-08 14:19:52.731 3070 3070 E ArmVmp : Match on catch block at 0xc3 in for 0xa9
01-08 14:19:52.733 3070 3070 E ArmVmp : Match on catch block at 0xc3 in for 0xa9
01-08 14:19:52.790 3070 3070 E ArmVmp : Match on catch block at 0xc3 in for 0xa1
01-08 14:19:52.794 3070 3070 E ArmVmp : Match on catch block at 0xc3 in for 0xa5
01-08 14:19:52.797 3070 3070 E ArmVmp : Match on catch block at 0xc3 in for 0xa5
01-08 14:19:52.855 3070 3070 E ArmVmp : Match on catch block at 0xc3 in for 0xa9
01-08 14:19:52.859 3070 3070 E ArmVmp : Match on catch block at 0xc3 in for 0xa1
01-08 14:19:52.862 3070 3070 E ArmVmp : Match on catch block at 0xc3 in for 0xa1
01-08 14:19:52.920 3070 3070 E ArmVmp : Match on catch block at 0xc3 in for 0xa5
01-08 14:19:52.924 3070 3070 E ArmVmp : Match on catch block at 0xc3 in for 0xa9
01-08 14:19:52.926 3070 3070 E ArmVmp : Match on catch block at 0xc3 in for 0xa9
01-08 14:19:52.987 3070 3070 E ArmVmp : Match on catch block at 0xc3 in for 0xa1
01-08 14:19:52.994 3070 3070 E ArmVmp : Match on catch block at 0xc3 in for 0xa5
01-08 14:19:52.999 3070 3070 E ArmVmp : Match on catch block at 0xc3 in for 0xa5
01-08 14:19:53.051 3070 3070 E ArmVmp : Match on catch block at 0xc3 in for 0xa9
01-08 14:19:53.060 3070 3070 E ArmVmp : Match on catch block at 0xc3 in for 0xa1
01-08 14:19:53.065 3070 3070 E ArmVmp : Match on catch block at 0xc3 in for 0xa1
01-08 14:19:53.084 3070 3070 E ArmVmp : Match on catch block at 0xc3 in for 0xa5
01-08 14:19:53.092 3070 3070 E ArmVmp : Match on catch block at 0xc3 in for 0xa9
01-08 14:19:53.097 3070 3070 E ArmVmp : Match on catch block at 0xc3 in for 0xa9
01-08 14:19:53.149 3070 3070 E ArmVmp : Match on catch block at 0xc3 in for 0xa1
01-08 14:19:53.157 3070 3070 E ArmVmp : Match on catch block at 0xc3 in for 0xa5
01-08 14:19:53.162 3070 3070 E ArmVmp : Match on catch block at 0xc3 in for 0xa5
01-08 14:19:53.214 3070 3070 E ArmVmp : Match on catch block at 0xc3 in for 0xa9
01-08 14:19:53.222 3070 3070 E ArmVmp : Match on catch block at 0xc3 in for 0xa1
01-08 14:19:53.232 3070 3070 E ArmVmp : Match on catch block at 0xc3 in for 0xa1
01-08 14:19:53.279 3070 3070 E ArmVmp : Match on catch block at 0xc3 in for 0xa5
01-08 14:19:53.287 3070 3070 E ArmVmp : Match on catch block at 0xc3 in for 0xa9
01-08 14:19:53.293 3070 3070 E ArmVmp : Match on catch block at 0xc3 in for 0xa9
01-08 14:19:53.344 3070 3070 E ArmVmp : Match on catch block at 0xc3 in for 0xa1
01-08 14:19:53.353 3070 3070 E ArmVmp : Match on catch block at 0xc3 in for 0xa5
01-08 14:19:53.359 3070 3070 E ArmVmp : Match on catch block at 0xc3 in for 0xa5
01-08 14:19:53.409 3070 3070 E ArmVmp : Match on catch block at 0xc3 in for 0xa9
01-08 14:19:53.416 3070 3070 E ArmVmp : Match on catch block at 0xc3 in for 0xa1
01-08 14:19:53.423 3070 3070 E ArmVmp : Match on catch block at 0xc3 in for 0xa1
01-08 14:19:53.473 3070 3070 E ArmVmp : Match on catch block at 0xc3 in for 0xa5
01-08 14:19:53.481 3070 3070 E ArmVmp : Match on catch block at 0xc3 in for 0xa9
01-08 14:19:53.487 3070 3070 E ArmVmp : Match on catch block at 0xc3 in for 0xa9
01-08 14:19:53.538 3070 3070 E ArmVmp : Match on catch block at 0xc3 in for 0xa1
01-08 14:19:53.550 3070 3070 E ArmVmp : Match on catch block at 0xc3 in for 0xa5
01-08 14:19:53.556 3070 3070 E ArmVmp : Match on catch block at 0xc3 in for 0xa5
01-08 14:19:53.571 3070 3070 E ArmVmp : Match on catch block at 0xc3 in for 0xa9
01-08 14:19:53.578 3070 3070 E ArmVmp : Match on catch block at 0xc3 in for 0xa1
01-08 14:19:53.583 3070 3070 E ArmVmp : Match on catch block at 0xc3 in for 0xa1
01-08 14:19:53.619 3070 3070 E ArmVmp : Match on catch block at 0xc3 in for 0xa5
01-08 14:19:53.638 3070 3070 E ArmVmp : Match on catch block at 0xc3 in for 0xa9
01-08 14:19:53.644 3070 3070 E ArmVmp : Match on catch block at 0xc3 in for 0xa9
01-08 14:19:53.684 3070 3070 E ArmVmp : Match on catch block at 0xc3 in for 0xa1
01-08 14:19:53.692 3070 3070 E ArmVmp : Match on catch block at 0xc3 in for 0xa5
01-08 14:19:53.698 3070 3070 E ArmVmp : Match on catch block at 0xc3 in for 0xa5
01-08 14:19:53.749 3070 3070 E ArmVmp : Match on catch block at 0xc3 in for 0xa9
01-08 14:19:53.758 3070 3070 E ArmVmp : Match on catch block at 0xc3 in for 0xa1
01-08 14:19:53.764 3070 3070 E ArmVmp : Match on catch block at 0xc3 in for 0xa1
01-08 14:19:53.814 3070 3070 E ArmVmp : Match on catch block at 0xc3 in for 0xa5
01-08 14:19:53.822 3070 3070 E ArmVmp : Match on catch block at 0xc3 in for 0xa9
01-08 14:19:53.828 3070 3070 E ArmVmp : Match on catch block at 0xc3 in for 0xa9
01-08 14:19:53.879 3070 3070 E ArmVmp : Match on catch block at 0xc3 in for 0xa1
01-08 14:19:53.886 3070 3070 E ArmVmp : Match on catch block at 0xc3 in for 0xa5
01-08 14:19:53.891 3070 3070 E ArmVmp : Match on catch block at 0xc3 in for 0xa5
01-08 14:19:53.944 3070 3070 E ArmVmp : Match on catch block at 0xc3 in for 0xa9
01-08 14:19:53.952 3070 3070 E ArmVmp : Match on catch block at 0xc3 in for 0xa1
01-08 14:19:53.959 3070 3070 E ArmVmp : Match on catch block at 0xc3 in for 0xa1
01-08 14:19:54.008 3070 3070 E ArmVmp : Match on catch block at 0xc3 in for 0xa5
01-08 14:19:54.016 3070 3070 E ArmVmp : Match on catch block at 0xc3 in for 0xa9
01-08 14:19:54.021 3070 3070 E ArmVmp : Match on catch block at 0xc3 in for 0xa9
01-08 14:19:54.073 3070 3070 E ArmVmp : Match on catch block at 0xc3 in for 0xa1
01-08 14:19:54.081 3070 3070 E ArmVmp : Match on catch block at 0xc3 in for 0xa5
01-08 14:19:54.087 3070 3070 E ArmVmp : Match on catch block at 0xc3 in for 0xa5
01-08 14:19:54.139 3070 3070 E ArmVmp : Match on catch block at 0xc3 in for 0xa9
01-08 14:19:54.147 3070 3070 E ArmVmp : Match on catch block at 0xc3 in for 0xa1
01-08 14:19:54.153 3070 3070 E ArmVmp : Match on catch block at 0xc3 in for 0xa1
01-08 14:19:54.170 3070 3070 E ArmVmp : Match on catch block at 0xc3 in for 0xa5
01-08 14:19:54.178 3070 3070 E ArmVmp : Match on catch block at 0xc3 in for 0xa9
01-08 14:19:54.183 3070 3070 E ArmVmp : Match on catch block at 0xc3 in for 0xa9
01-08 14:19:54.195 3070 3070 E ArmVmp : Match on catch block at 0xc3 in for 0xa1
01-08 14:19:54.203 3070 3070 E ArmVmp : Match on catch block at 0xc3 in for 0xa5
01-08 14:19:54.209 3070 3070 E ArmVmp : Match on catch block at 0xc3 in for 0xa5
01-08 14:19:54.221 3070 3070 E ArmVmp : Match on catch block at 0xc3 in for 0xa9
01-08 14:19:54.232 3070 3070 E ArmVmp : Match on catch block at 0xc3 in for 0xa1
01-08 14:19:54.240 3070 3070 E ArmVmp : Match on catch block at 0xc3 in for 0xa1
01-08 14:19:54.253 3070 3070 E ArmVmp : Match on catch block at 0xc3 in for 0xa5
01-08 14:19:54.261 3070 3070 E ArmVmp : Match on catch block at 0xc3 in for 0xa9
01-08 14:19:54.269 3070 3070 E ArmVmp : Match on catch block at 0xc3 in for 0xa9
01-08 14:19:54.291 3070 3070 E ArmVmp : Match on catch block at 0xc3 in for 0xa5
01-08 14:19:54.305 3070 3070 E ArmVmp : Match on catch block at 0xc3 in for 0xa9
01-08 14:19:54.313 3070 3070 E ArmVmp : Match on catch block at 0xc3 in for 0xa9
01-08 14:19:54.614 3070 3070 E ArmVmp : Match on catch block at 0xc3 in for 0xa1
01-08 14:19:54.622 3070 3070 E ArmVmp : Match on catch block at 0xc3 in for 0xa5
01-08 14:19:54.628 3070 3070 E ArmVmp : Match on catch block at 0xc3 in for 0xa5
01-08 14:19:54.688 3070 3070 E ArmVmp : Match on catch block at 0xc3 in for 0xa1
01-08 14:19:54.696 3070 3070 E ArmVmp : Match on catch block at 0xc3 in for 0xa5
01-08 14:19:54.702 3070 3070 E ArmVmp : Match on catch block at 0xc3 in for 0xa5
01-08 14:19:54.739 3070 3070 E ArmVmp : Match on catch block at 0xc3 in for 0xa9
01-08 14:19:54.747 3070 3070 E ArmVmp : Match on catch block at 0xc3 in for 0xa1
01-08 14:19:54.753 3070 3070 E ArmVmp : Match on catch block at 0xc3 in for 0xa1
01-08 14:19:54.820 3070 3070 E ArmVmp : Match on catch block at 0xc3 in for 0xa1
01-08 14:19:54.827 3070 3070 E ArmVmp : Match on catch block at 0xc3 in for 0xa5
01-08 14:19:54.832 3070 3070 E ArmVmp : Match on catch block at 0xc3 in for 0xa5
01-08 14:19:54.883 3070 3070 E ArmVmp : Match on catch block at 0xc3 in for 0xa9
01-08 14:19:54.893 3070 3070 E ArmVmp : Match on catch block at 0xc3 in for 0xa1
01-08 14:19:54.898 3070 3070 E ArmVmp : Match on catch block at 0xc3 in for 0xa1
01-08 14:19:54.947 3070 3070 E ArmVmp : Match on catch block at 0xc3 in for 0xa5
01-08 14:19:54.955 3070 3070 E ArmVmp : Match on catch block at 0xc3 in for 0xa9
01-08 14:19:54.961 3070 3070 E ArmVmp : Match on catch block at 0xc3 in for 0xa9
01-08 14:19:55.014 3070 3070 E ArmVmp : Match on catch block at 0xc3 in for 0xa1
01-08 14:19:55.022 3070 3070 E ArmVmp : Match on catch block at 0xc3 in for 0xa5
01-08 14:19:55.028 3070 3070 E ArmVmp : Match on catch block at 0xc3 in for 0xa5
01-08 14:19:55.114 3070 3070 E ArmVmp : Match on catch block at 0xc3 in for 0xa9
01-08 14:19:55.124 3070 3070 E ArmVmp : Match on catch block at 0xc3 in for 0xa1
01-08 14:19:55.129 3070 3070 E ArmVmp : Match on catch block at 0xc3 in for 0xa1
01-08 14:19:55.161 3070 3070 E ArmVmp : Match on catch block at 0xc3 in for 0xa5
01-08 14:19:55.169 3070 3070 E ArmVmp : Match on catch block at 0xc3 in for 0xa9
01-08 14:19:55.175 3070 3070 E ArmVmp : Match on catch block at 0xc3 in for 0xa9
01-08 14:19:55.193 3070 3070 E ArmVmp : Match on catch block at 0xc3 in for 0xa1
01-08 14:19:55.201 3070 3070 E ArmVmp : Match on catch block at 0xc3 in for 0xa5
01-08 14:19:55.207 3070 3070 E ArmVmp : Match on catch block at 0xc3 in for 0xa5
01-08 14:19:55.259 3070 3070 E ArmVmp : Match on catch block at 0xc3 in for 0xa9
01-08 14:19:55.268 3070 3070 E ArmVmp : Match on catch block at 0xc3 in for 0xa1
01-08 14:19:55.273 3070 3070 E ArmVmp : Match on catch block at 0xc3 in for 0xa1
01-08 14:19:55.323 3070 3070 E ArmVmp : Match on catch block at 0xc3 in for 0xa5
01-08 14:19:55.332 3070 3070 E ArmVmp : Match on catch block at 0xc3 in for 0xa9
01-08 14:19:55.338 3070 3070 E ArmVmp : Match on catch block at 0xc3 in for 0xa9
01-08 14:19:55.387 3070 3070 E ArmVmp : Match on catch block at 0xc3 in for 0xa1
01-08 14:19:55.394 3070 3070 E ArmVmp : Match on catch block at 0xc3 in for 0xa5
01-08 14:19:55.401 3070 3070 E ArmVmp : Match on catch block at 0xc3 in for 0xa5
01-08 14:19:55.468 3070 3070 E ArmVmp : Match on catch block at 0xc3 in for 0xa9
01-08 14:19:55.477 3070 3070 E ArmVmp : Match on catch block at 0xc3 in for 0xa1
01-08 14:19:55.483 3070 3070 E ArmVmp : Match on catch block at 0xc3 in for 0xa1
01-08 14:19:55.533 3070 3070 E ArmVmp : Match on catch block at 0xc3 in for 0xa5
01-08 14:19:55.541 3070 3070 E ArmVmp : Match on catch block at 0xc3 in for 0xa9
01-08 14:19:55.546 3070 3070 E ArmVmp : Match on catch block at 0xc3 in for 0xa9
01-08 14:19:55.599 3070 3070 E ArmVmp : Match on catch block at 0xc3 in for 0xa1
01-08 14:19:55.606 3070 3070 E ArmVmp : Match on catch block at 0xc3 in for 0xa5
01-08 14:19:55.612 3070 3070 E ArmVmp : Match on catch block at 0xc3 in for 0xa5
01-08 14:19:55.663 3070 3070 E ArmVmp : Match on catch block at 0xc3 in for 0xa9
01-08 14:19:55.671 3070 3070 E ArmVmp : Match on catch block at 0xc3 in for 0xa1
01-08 14:19:55.677 3070 3070 E ArmVmp : Match on catch block at 0xc3 in for 0xa1
01-08 14:19:55.695 3070 3070 E ArmVmp : Match on catch block at 0xc3 in for 0xa5
01-08 14:19:55.702 3070 3070 E ArmVmp : Match on catch block at 0xc3 in for 0xa9
01-08 14:19:55.708 3070 3070 E ArmVmp : Match on catch block at 0xc3 in for 0xa9
01-08 14:19:55.728 3070 3070 E ArmVmp : Match on catch block at 0xc3 in for 0xa1
01-08 14:19:55.737 3070 3070 E ArmVmp : Match on catch block at 0xc3 in for 0xa5
01-08 14:19:55.742 3070 3070 E ArmVmp : Match on catch block at 0xc3 in for 0xa5
01-08 14:19:55.792 3070 3070 E ArmVmp : Match on catch block at 0xc3 in for 0xa9
01-08 14:19:55.801 3070 3070 E ArmVmp : Match on catch block at 0xc3 in for 0xa1
01-08 14:19:55.807 3070 3070 E ArmVmp : Match on catch block at 0xc3 in for 0xa1
01-08 14:19:55.858 3070 3070 E ArmVmp : Match on catch block at 0xc3 in for 0xa5
01-08 14:19:55.866 3070 3070 E ArmVmp : Match on catch block at 0xc3 in for 0xa9
01-08 14:19:55.873 3070 3070 E ArmVmp : Match on catch block at 0xc3 in for 0xa9
01-08 14:19:55.922 3070 3070 E ArmVmp : Match on catch block at 0xc3 in for 0xa1
01-08 14:19:55.934 3070 3070 E ArmVmp : Match on catch block at 0xc3 in for 0xa5
01-08 14:19:55.940 3070 3070 E ArmVmp : Match on catch block at 0xc3 in for 0xa5
01-08 14:19:55.987 3070 3070 E ArmVmp : Match on catch block at 0xc3 in for 0xa9
01-08 14:19:55.995 3070 3070 E ArmVmp : Match on catch block at 0xc3 in for 0xa1
01-08 14:19:56.002 3070 3070 E ArmVmp : Match on catch block at 0xc3 in for 0xa1
01-08 14:19:56.052 3070 3070 E ArmVmp : Match on catch block at 0xc3 in for 0xa5
01-08 14:19:56.062 3070 3070 E ArmVmp : Match on catch block at 0xc3 in for 0xa9
01-08 14:19:56.068 3070 3070 E ArmVmp : Match on catch block at 0xc3 in for 0xa9
01-08 14:19:56.116 3070 3070 E ArmVmp : Match on catch block at 0xc3 in for 0xa1
01-08 14:19:56.125 3070 3070 E ArmVmp : Match on catch block at 0xc3 in for 0xa5
01-08 14:19:56.130 3070 3070 E ArmVmp : Match on catch block at 0xc3 in for 0xa5
01-08 14:19:56.197 3070 3070 E ArmVmp : Match on catch block at 0xc3 in for 0xa9
01-08 14:19:56.205 3070 3070 E ArmVmp : Match on catch block at 0xc3 in for 0xa1
01-08 14:19:56.210 3070 3070 E ArmVmp : Match on catch block at 0xc3 in for 0xa1
01-08 14:19:56.230 3070 3070 E ArmVmp : Match on catch block at 0xc3 in for 0xa5
01-08 14:19:56.238 3070 3070 E ArmVmp : Match on catch block at 0xc3 in for 0xa9
01-08 14:19:56.243 3070 3070 E ArmVmp : Match on catch block at 0xc3 in for 0xa9
01-08 14:19:56.262 3070 3070 E ArmVmp : Match on catch block at 0xc3 in for 0xa1
01-08 14:19:56.272 3070 3070 E ArmVmp : Match on catch block at 0xc3 in for 0xa5
01-08 14:19:56.277 3070 3070 E ArmVmp : Match on catch block at 0xc3 in for 0xa5
01-08 14:19:56.295 3070 3070 E ArmVmp : Match on catch block at 0xc3 in for 0xa9
01-08 14:19:56.303 3070 3070 E ArmVmp : Match on catch block at 0xc3 in for 0xa1
01-08 14:19:56.308 3070 3070 E ArmVmp : Match on catch block at 0xc3 in for 0xa1
01-08 14:19:56.319 3070 3070 E ArmVmp : Match on catch block at 0xc3 in for 0xa5
01-08 14:19:56.329 3070 3070 E ArmVmp : Match on catch block at 0xc3 in for 0xa9
01-08 14:19:56.334 3070 3070 E ArmVmp : Match on catch block at 0xc3 in for 0xa9
01-08 14:19:56.346 3070 3070 E ArmVmp : Match on catch block at 0xc3 in for 0xa1
01-08 14:19:56.356 3070 3070 E ArmVmp : Match on catch block at 0xc3 in for 0xa5
01-08 14:19:56.363 3070 3070 E ArmVmp : Match on catch block at 0xc3 in for 0xa5
01-08 14:19:56.391 3070 3070 E ArmVmp : Match on catch block at 0xc3 in for 0xa9
01-08 14:19:56.399 3070 3070 E ArmVmp : Match on catch block at 0xc3 in for 0xa1
01-08 14:19:56.405 3070 3070 E ArmVmp : Match on catch block at 0xc3 in for 0xa1
01-08 14:19:56.420 3070 3070 E ArmVmp : Match on catch block at 0xc3 in for 0xa5
01-08 14:19:56.430 3070 3070 E ArmVmp : Match on catch block at 0xc3 in for 0xa9
01-08 14:19:56.436 3070 3070 E ArmVmp : Match on catch block at 0xc3 in for 0xa9
01-08 14:19:56.489 3070 3070 E ArmVmp : Match on catch block at 0xc3 in for 0xa1
01-08 14:19:56.497 3070 3070 E ArmVmp : Match on catch block at 0xc3 in for 0xa5
01-08 14:19:56.504 3070 3070 E ArmVmp : Match on catch block at 0xc3 in for 0xa5
01-08 14:19:56.554 3070 3070 E ArmVmp : Match on catch block at 0xc3 in for 0xa9
01-08 14:19:56.562 3070 3070 E ArmVmp : Match on catch block at 0xc3 in for 0xa1
01-08 14:19:56.568 3070 3070 E ArmVmp : Match on catch block at 0xc3 in for 0xa1
01-08 14:19:56.619 3070 3070 E ArmVmp : Match on catch block at 0xc3 in for 0xa5
01-08 14:19:56.626 3070 3070 E ArmVmp : Match on catch block at 0xc3 in for 0xa9
01-08 14:19:56.632 3070 3070 E ArmVmp : Match on catch block at 0xc3 in for 0xa9
01-08 14:19:56.700 3070 3070 E ArmVmp : Match on catch block at 0xc3 in for 0xa1
01-08 14:19:56.707 3070 3070 E ArmVmp : Match on catch block at 0xc3 in for 0xa5
01-08 14:19:56.712 3070 3070 E ArmVmp : Match on catch block at 0xc3 in for 0xa5
01-08 14:19:56.732 3070 3070 E ArmVmp : Match on catch block at 0xc3 in for 0xa9
01-08 14:19:56.739 3070 3070 E ArmVmp : Match on catch block at 0xc3 in for 0xa1
01-08 14:19:56.744 3070 3070 E ArmVmp : Match on catch block at 0xc3 in for 0xa1
01-08 14:19:56.764 3070 3070 E ArmVmp : Match on catch block at 0xc3 in for 0xa5
01-08 14:19:56.772 3070 3070 E ArmVmp : Match on catch block at 0xc3 in for 0xa9
01-08 14:19:56.777 3070 3070 E ArmVmp : Match on catch block at 0xc3 in for 0xa9
01-08 14:19:56.829 3070 3070 E ArmVmp : Match on catch block at 0xc3 in for 0xa1
01-08 14:19:56.837 3070 3070 E ArmVmp : Match on catch block at 0xc3 in for 0xa5
01-08 14:19:56.843 3070 3070 E ArmVmp : Match on catch block at 0xc3 in for 0xa5
01-08 14:19:56.894 3070 3070 E ArmVmp : Match on catch block at 0xc3 in for 0xa9
01-08 14:19:56.902 3070 3070 E ArmVmp : Match on catch block at 0xc3 in for 0xa1
01-08 14:19:56.911 3070 3070 E ArmVmp : Match on catch block at 0xc3 in for 0xa1
01-08 14:19:56.958 3070 3070 E ArmVmp : Match on catch block at 0xc3 in for 0xa5
01-08 14:19:56.969 3070 3070 E ArmVmp : Match on catch block at 0xc3 in for 0xa9
01-08 14:19:56.973 3070 3070 E ArmVmp : Match on catch block at 0xc3 in for 0xa9
01-08 14:19:57.024 3070 3070 E ArmVmp : Match on catch block at 0xc3 in for 0xa5
01-08 14:19:57.028 3070 3070 E ArmVmp : Match on catch block at 0xc3 in for 0xa9
01-08 14:19:57.032 3070 3070 E ArmVmp : Match on catch block at 0xc3 in for 0xa9
01-08 14:19:57.073 3070 3070 E ArmVmp : Match on catch block at 0xc3 in for 0xa1
01-08 14:19:57.078 3070 3070 E ArmVmp : Match on catch block at 0xc3 in for 0xa5
01-08 14:19:57.081 3070 3070 E ArmVmp : Match on catch block at 0xc3 in for 0xa5
01-08 14:19:57.102 3070 3541 E FrameEvents: updateAcquireFence: Did not find
frame.
01-08 14:19:57.105 3070 3541 E BufferQueueProducer: [ImageReader-92x92f1u256m2-
3070-3](id:bfe0000000b,api:0,p:-1,c:3070) disconnect: not connected (req=1)
01-08 14:19:57.105 3070 3541 W libEGL : EGLNativeWindowType 0x7d48d8c010
disconnect failed
01-08 14:19:57.146 3070 3070 E ArmVmp : Match on catch block at 0xc3 in for 0xa9
01-08 14:19:57.151 3070 3070 E ArmVmp : Match on catch block at 0xc3 in for 0xa1
01-08 14:19:57.158 3070 3070 E ArmVmp : Match on catch block at 0xc3 in for 0xa1
01-08 14:19:57.576 3070 3070 W ResourceType: Bad XML block: header size 18254 or
total size 169478669 is larger than data size 380
01-08 14:19:57.585 3070 3070 W ResourceType: Bad XML block: header size 18254 or
total size 169478669 is larger than data size 633
01-08 14:19:57.612 3070 3070 W ResourceType: Bad XML block: header size 18254 or
total size 169478669 is larger than data size 677
01-08 14:19:57.619 3070 3070 W ResourceType: Bad XML block: header size 18254 or
total size 169478669 is larger than data size 248
01-08 14:19:57.631 3070 3070 W ResourceType: Bad XML block: header size 18254 or
total size 169478669 is larger than data size 571
01-08 14:19:57.644 3070 3070 W ResourceType: Bad XML block: header size 18254 or
total size 169478669 is larger than data size 333
01-08 14:19:57.651 3070 3070 W ResourceType: Bad XML block: header size 18254 or
total size 169478669 is larger than data size 650
01-08 14:19:57.661 3070 3070 W ResourceType: Bad XML block: header size 18254 or
total size 169478669 is larger than data size 1150
01-08 14:19:57.668 3070 3070 W ResourceType: Bad XML block: header size 18254 or
total size 169478669 is larger than data size 491
01-08 14:19:57.677 3070 3070 W ResourceType: Bad XML block: header size 18254 or
total size 169478669 is larger than data size 1150
01-08 14:19:57.685 3070 3070 W ResourceType: Bad XML block: header size 18254 or
total size 169478669 is larger than data size 659
01-08 14:19:57.692 3070 3070 W ResourceType: Bad XML block: header size 18254 or
total size 169478669 is larger than data size 593
01-08 14:19:57.803 3070 3070 W ResourceType: Bad XML block: header size 18254 or
total size 169478669 is larger than data size 473
01-08 14:19:57.812 3070 3070 W ResourceType: Bad XML block: header size 18254 or
total size 169478669 is larger than data size 510
01-08 14:19:57.874 3070 3070 W SQLiteLog: (28) double-quoted string literal: "59"
01-08 14:19:57.875 3070 3070 W SQLiteLog: (28) double-quoted string literal: "59"
01-08 14:19:58.368 3070 3070 W ResourceType: Bad XML block: header size 18254 or
total size 169478669 is larger than data size 473
01-08 14:19:58.455 3070 3070 E ArmVmp : Match on catch block at 0xc3 in for 0xa1
01-08 14:19:58.459 3070 3070 E ArmVmp : Match on catch block at 0xc3 in for 0xa5
01-08 14:19:58.462 3070 3070 E ArmVmp : Match on catch block at 0xc3 in for 0xa5
01-08 14:19:58.546 3070 3070 W View : requestLayout() improperly called by
android.widget.Space{9cdb7c1 I.ED..... ......I. 32,95-43,106 #7f0b00ba
app:id/action_tile_spacing} during layout: running second layout pass
01-08 14:19:58.546 3070 3070 W View : requestLayout() improperly called by
android.widget.Space{7bd0efd I.ED..... ......I. 32,95-43,106 #7f0b00ba
app:id/action_tile_spacing} during layout: running second layout pass
01-08 14:19:58.546 3070 3070 W View : requestLayout() improperly called by
android.widget.Space{4509df9 I.ED..... ......I. 32,95-43,106 #7f0b00ba
app:id/action_tile_spacing} during layout: running second layout pass
01-08 14:19:58.629 3070 3070 E ArmVmp : Match on catch block at 0xc3 in for 0xa1
01-08 14:19:58.635 3070 3070 E ArmVmp : Match on catch block at 0xc3 in for 0xa5
01-08 14:19:58.638 3070 3070 E ArmVmp : Match on catch block at 0xc3 in for 0xa5
01-08 14:19:58.687 3070 3070 E ArmVmp : Match on catch block at 0xc3 in for 0xa5
01-08 14:19:58.693 3070 3070 E ArmVmp : Match on catch block at 0xc3 in for 0xa9
01-08 14:19:58.697 3070 3070 E ArmVmp : Match on catch block at 0xc3 in for 0xa9
01-08 14:19:58.903 3070 3070 E ArmVmp : Match on catch block at 0xc3 in for 0xa1
01-08 14:19:58.909 3070 3070 E ArmVmp : Match on catch block at 0xc3 in for 0xa5
01-08 14:19:58.912 3070 3070 E ArmVmp : Match on catch block at 0xc3 in for 0xa5
01-08 14:19:58.963 3070 3070 E ArmVmp : Match on catch block at 0xc3 in for 0xa5
01-08 14:19:58.968 3070 3070 E ArmVmp : Match on catch block at 0xc3 in for 0xa9
01-08 14:19:58.971 3070 3070 E ArmVmp : Match on catch block at 0xc3 in for 0xa9
01-08 14:19:59.091 3070 3070 E ArmVmp : Match on catch block at 0xc3 in for 0xa9
01-08 14:19:59.101 3070 3070 E ArmVmp : Match on catch block at 0xc3 in for 0xa1
01-08 14:19:59.105 3070 3070 E ArmVmp : Match on catch block at 0xc3 in for 0xa1
01-08 14:19:59.141 3070 3541 W libEGL : EGLNativeWindowType 0x7d7707c010
disconnect failed
01-08 14:19:59.153 3070 3070 E ArmVmp : Match on catch block at 0xc3 in for 0xa5
01-08 14:19:59.158 3070 3070 E ArmVmp : Match on catch block at 0xc3 in for 0xa9
01-08 14:19:59.161 3070 3070 E ArmVmp : Match on catch block at 0xc3 in for 0xa9
01-08 14:20:01.235 3070 3070 W View : requestLayout() improperly called by
com.whatsapp.TextEmojiLabel{a2e8644 VFED..C.. ......ID 0,0-533,86 #7f0b06ab
app:id/conversation_contact_name} during layout: running second layout pass
01-08 14:20:02.412 3070 3070 W View : requestLayout() improperly called by
com.whatsapp.TextEmojiLabel{a2e8644 VFED..C.. ......ID 0,0-533,86 #7f0b06ab
app:id/conversation_contact_name} during layout: running second layout pass
01-08 14:20:07.155 3070 3070 W View : requestLayout() improperly called by
com.whatsapp.TextEmojiLabel{a2e8644 VFED..C.. ......ID 0,0-533,86 #7f0b06ab
app:id/conversation_contact_name} during layout: running second layout pass
01-08 14:20:16.978 3070 3070 E ArmVmp : Match on catch block at 0x0a in for 0xc5
01-08 14:20:16.984 3070 3070 E ArmVmp : Match on catch block at 0x0a in for 0xc1
01-08 14:20:17.050 3070 3070 E ArmVmp : Match on catch block at 0xc3 in for 0xa9
01-08 14:20:17.054 3070 3070 E ArmVmp : Match on catch block at 0xc3 in for 0xa1
01-08 14:20:17.090 3070 3541 E FrameEvents: updateAcquireFence: Did not find
frame.
01-08 14:20:17.090 3070 3541 E BufferQueueProducer: [ImageReader-92x92f1u256m2-
3070-4](id:bfe0000000c,api:0,p:-1,c:3070) disconnect: not connected (req=1)
01-08 14:20:17.090 3070 3541 W libEGL : EGLNativeWindowType 0x7d68cec010
disconnect failed
01-08 14:20:17.118 3070 3070 E ArmVmp : Match on catch block at 0xc3 in for 0xa5
01-08 14:20:17.122 3070 3070 E ArmVmp : Match on catch block at 0xc3 in for 0xa9
01-08 14:20:17.153 3070 3070 E ArmVmp : Match on catch block at 0xc3 in for 0xa1
01-08 14:20:17.158 3070 3070 E ArmVmp : Match on catch block at 0xc3 in for 0xa5
01-08 14:20:17.497 3070 3070 E ArmVmp : Match on catch block at 0xc3 in for 0xa1
01-08 14:20:17.504 3070 3070 E ArmVmp : Match on catch block at 0xc3 in for 0xa5
01-08 14:20:17.525 3070 3070 E ArmVmp : Match on catch block at 0xc3 in for 0xa1
01-08 14:20:17.532 3070 3070 E ArmVmp : Match on catch block at 0xc3 in for 0xa5
01-08 14:20:17.553 3070 3070 E ArmVmp : Match on catch block at 0xc3 in for 0xa1
01-08 14:20:17.558 3070 3070 E ArmVmp : Match on catch block at 0xc3 in for 0xa5
01-08 14:20:17.654 3070 3541 W libEGL : EGLNativeWindowType 0x7d318f7010
disconnect failed
01-08 14:20:17.689 3070 3070 E ArmVmp : Match on catch block at 0xc3 in for 0xa1
01-08 14:20:17.693 3070 3070 E ArmVmp : Match on catch block at 0xc3 in for 0xa5
01-08 14:20:17.700 3070 3070 E ViewRootImpl: sendUserActionEvent() mView
returned.
01-08 14:20:17.754 3070 3070 E ArmVmp : Match on catch block at 0xc3 in for 0xa9
01-08 14:20:17.759 3070 3070 E ArmVmp : Match on catch block at 0xc3 in for 0xa1
01-08 14:20:17.772 3070 3070 E ArmVmp : Match on catch block at 0xc3 in for 0xa9
01-08 14:20:17.777 3070 3070 E ArmVmp : Match on catch block at 0xc3 in for 0xa1
01-08 14:20:17.803 3070 3070 E ArmVmp : Match on catch block at 0xc3 in for 0xa9
01-08 14:20:17.807 3070 3070 E ArmVmp : Match on catch block at 0xc3 in for 0xa1
01-08 14:20:17.819 3070 3070 E ArmVmp : Match on catch block at 0xc3 in for 0xa9
01-08 14:20:17.823 3070 3070 E ArmVmp : Match on catch block at 0xc3 in for 0xa1
01-08 14:20:17.835 3070 3070 E ArmVmp : Match on catch block at 0xc3 in for 0xa9
01-08 14:20:17.839 3070 3070 E ArmVmp : Match on catch block at 0xc3 in for 0xa1
01-08 14:20:17.852 3070 3070 E ArmVmp : Match on catch block at 0xc3 in for 0xa9
01-08 14:20:17.856 3070 3070 E ArmVmp : Match on catch block at 0xc3 in for 0xa1
01-08 14:20:17.868 3070 3070 E ArmVmp : Match on catch block at 0xc3 in for 0xa9
01-08 14:20:17.874 3070 3070 E ArmVmp : Match on catch block at 0xc3 in for 0xa1
01-08 14:20:17.884 3070 3070 E ArmVmp : Match on catch block at 0xc3 in for 0xa9
01-08 14:20:17.888 3070 3070 E ArmVmp : Match on catch block at 0xc3 in for 0xa1
01-08 14:20:17.901 3070 3070 E ArmVmp : Match on catch block at 0xc3 in for 0xa9
01-08 14:20:17.905 3070 3070 E ArmVmp : Match on catch block at 0xc3 in for 0xa1
01-08 14:20:17.917 3070 3070 E ArmVmp : Match on catch block at 0xc3 in for 0xa9
01-08 14:20:17.921 3070 3070 E ArmVmp : Match on catch block at 0xc3 in for 0xa1
01-08 14:20:17.933 3070 3070 E ArmVmp : Match on catch block at 0xc3 in for 0xa9
01-08 14:20:17.938 3070 3070 E ArmVmp : Match on catch block at 0xc3 in for 0xa1
01-08 14:20:17.950 3070 3070 E ArmVmp : Match on catch block at 0xc3 in for 0xa9
01-08 14:20:17.955 3070 3070 E ArmVmp : Match on catch block at 0xc3 in for 0xa1
01-08 14:20:17.966 3070 3070 E ArmVmp : Match on catch block at 0xc3 in for 0xa9
01-08 14:20:17.971 3070 3070 E ArmVmp : Match on catch block at 0xc3 in for 0xa1
01-08 14:20:17.983 3070 3070 E ArmVmp : Match on catch block at 0xc3 in for 0xa9
01-08 14:20:17.987 3070 3070 E ArmVmp : Match on catch block at 0xc3 in for 0xa1
01-08 14:20:17.997 3070 3070 E ArmVmp : Match on catch block at 0xc3 in for 0xa9
01-08 14:20:18.002 3070 3070 E ArmVmp : Match on catch block at 0xc3 in for 0xa1
01-08 14:20:18.014 3070 3070 E ArmVmp : Match on catch block at 0xc3 in for 0xa9
01-08 14:20:18.018 3070 3070 E ArmVmp : Match on catch block at 0xc3 in for 0xa1
01-08 14:20:18.031 3070 3070 E ArmVmp : Match on catch block at 0xc3 in for 0xa9
01-08 14:20:18.035 3070 3070 E ArmVmp : Match on catch block at 0xc3 in for 0xa1
01-08 14:20:18.047 3070 3070 E ArmVmp : Match on catch block at 0xc3 in for 0xa9
01-08 14:20:18.052 3070 3070 E ArmVmp : Match on catch block at 0xc3 in for 0xa1
01-08 14:20:18.061 3070 3070 E ArmVmp : Match on catch block at 0xc3 in for 0xa9
01-08 14:20:18.066 3070 3070 E ArmVmp : Match on catch block at 0xc3 in for 0xa1
01-08 14:20:18.078 3070 3070 E ArmVmp : Match on catch block at 0xc3 in for 0xa9
01-08 14:20:18.083 3070 3070 E ArmVmp : Match on catch block at 0xc3 in for 0xa1
01-08 14:20:18.096 3070 3070 E ArmVmp : Match on catch block at 0xc3 in for 0xa9
01-08 14:20:18.101 3070 3070 E ArmVmp : Match on catch block at 0xc3 in for 0xa1
01-08 14:20:18.113 3070 3070 E ArmVmp : Match on catch block at 0xc3 in for 0xa9
01-08 14:20:18.118 3070 3070 E ArmVmp : Match on catch block at 0xc3 in for 0xa1
01-08 14:20:18.129 3070 3070 E ArmVmp : Match on catch block at 0xc3 in for 0xa9
01-08 14:20:18.135 3070 3070 E ArmVmp : Match on catch block at 0xc3 in for 0xa1
01-08 14:20:18.194 3070 3070 E ArmVmp : Match on catch block at 0xc3 in for 0xa9
01-08 14:20:18.202 3070 3070 E ArmVmp : Match on catch block at 0xc3 in for 0xa1
01-08 14:20:18.227 3070 3070 E ArmVmp : Match on catch block at 0xc3 in for 0xa9
01-08 14:20:18.238 3070 3070 E ArmVmp : Match on catch block at 0xc3 in for 0xa1
01-08 14:20:18.260 3070 3070 E ArmVmp : Match on catch block at 0xc3 in for 0xa9
01-08 14:20:18.267 3070 3070 E ArmVmp : Match on catch block at 0xc3 in for 0xa1
01-08 14:20:18.324 3070 3070 E ArmVmp : Match on catch block at 0xc3 in for 0xa9
01-08 14:20:18.331 3070 3070 E ArmVmp : Match on catch block at 0xc3 in for 0xa1
01-08 14:20:18.388 3070 3070 E ArmVmp : Match on catch block at 0xc3 in for 0xa9
01-08 14:20:18.396 3070 3070 E ArmVmp : Match on catch block at 0xc3 in for 0xa1
01-08 14:20:18.453 3070 3070 E ArmVmp : Match on catch block at 0xc3 in for 0xa9
01-08 14:20:18.460 3070 3070 E ArmVmp : Match on catch block at 0xc3 in for 0xa1
01-08 14:20:18.518 3070 3070 E ArmVmp : Match on catch block at 0xc3 in for 0xa9
01-08 14:20:18.525 3070 3070 E ArmVmp : Match on catch block at 0xc3 in for 0xa1
01-08 14:20:18.582 3070 3070 E ArmVmp : Match on catch block at 0xc3 in for 0xa9
01-08 14:20:18.589 3070 3070 E ArmVmp : Match on catch block at 0xc3 in for 0xa1
01-08 14:20:18.664 3070 3070 E ArmVmp : Match on catch block at 0xc3 in for 0xa9
01-08 14:20:18.671 3070 3070 E ArmVmp : Match on catch block at 0xc3 in for 0xa1
01-08 14:20:18.728 3070 3070 E ArmVmp : Match on catch block at 0xc3 in for 0xa9
01-08 14:20:18.735 3070 3070 E ArmVmp : Match on catch block at 0xc3 in for 0xa1
01-08 14:20:18.761 3070 3070 E ArmVmp : Match on catch block at 0xc3 in for 0xa9
01-08 14:20:18.771 3070 3070 E ArmVmp : Match on catch block at 0xc3 in for 0xa1
01-08 14:20:18.793 3070 3070 E ArmVmp : Match on catch block at 0xc3 in for 0xa9
01-08 14:20:18.800 3070 3070 E ArmVmp : Match on catch block at 0xc3 in for 0xa1
01-08 14:20:18.858 3070 3070 E ArmVmp : Match on catch block at 0xc3 in for 0xa9
01-08 14:20:18.865 3070 3070 E ArmVmp : Match on catch block at 0xc3 in for 0xa1
01-08 14:20:18.922 3070 3070 E ArmVmp : Match on catch block at 0xc3 in for 0xa9
01-08 14:20:18.929 3070 3070 E ArmVmp : Match on catch block at 0xc3 in for 0xa1
01-08 14:20:18.987 3070 3070 E ArmVmp : Match on catch block at 0xc3 in for 0xa9
01-08 14:20:18.994 3070 3070 E ArmVmp : Match on catch block at 0xc3 in for 0xa1
01-08 14:20:19.052 3070 3070 E ArmVmp : Match on catch block at 0xc3 in for 0xa5
01-08 14:20:19.059 3070 3070 E ArmVmp : Match on catch block at 0xc3 in for 0xa9
01-08 14:20:19.106 3070 3070 E ArmVmp : Match on catch block at 0xc3 in for 0xa9
01-08 14:20:19.111 3070 3070 E ArmVmp : Match on catch block at 0xc3 in for 0xa1
01-08 14:20:19.122 3070 3070 E ArmVmp : Match on catch block at 0xc3 in for 0xa5
01-08 14:20:19.128 3070 3070 E ArmVmp : Match on catch block at 0xc3 in for 0xa9
01-08 14:20:19.141 3070 3070 E ArmVmp : Match on catch block at 0xc3 in for 0xa1
01-08 14:20:19.147 3070 3070 E ArmVmp : Match on catch block at 0xc3 in for 0xa5
01-08 14:20:19.156 3070 3070 E ArmVmp : Match on catch block at 0xc3 in for 0xa9
01-08 14:20:19.161 3070 3070 E ArmVmp : Match on catch block at 0xc3 in for 0xa1
01-08 14:20:19.170 3070 3070 E ArmVmp : Match on catch block at 0xc3 in for 0xa5
01-08 14:20:19.174 3070 3070 E ArmVmp : Match on catch block at 0xc3 in for 0xa9
01-08 14:20:19.184 3070 3070 E ArmVmp : Match on catch block at 0xc3 in for 0xa1
01-08 14:20:19.189 3070 3070 E ArmVmp : Match on catch block at 0xc3 in for 0xa5
01-08 14:20:19.204 3070 3070 E ArmVmp : Match on catch block at 0xc3 in for 0xa9
01-08 14:20:19.211 3070 3070 E ArmVmp : Match on catch block at 0xc3 in for 0xa1
01-08 14:20:19.221 3070 3070 E ArmVmp : Match on catch block at 0xc3 in for 0xa5
01-08 14:20:19.226 3070 3070 E ArmVmp : Match on catch block at 0xc3 in for 0xa9
01-08 14:20:19.236 3070 3070 E ArmVmp : Match on catch block at 0xc3 in for 0xa1
01-08 14:20:19.241 3070 3070 E ArmVmp : Match on catch block at 0xc3 in for 0xa5
01-08 14:20:19.255 3070 3070 E ArmVmp : Match on catch block at 0xc3 in for 0xa9
01-08 14:20:19.259 3070 3070 E ArmVmp : Match on catch block at 0xc3 in for 0xa1
01-08 14:20:19.269 3070 3070 E ArmVmp : Match on catch block at 0xc3 in for 0xa5
01-08 14:20:19.273 3070 3070 E ArmVmp : Match on catch block at 0xc3 in for 0xa9
01-08 14:20:19.287 3070 3070 E ArmVmp : Match on catch block at 0xc3 in for 0xa1
01-08 14:20:19.292 3070 3070 E ArmVmp : Match on catch block at 0xc3 in for 0xa5
01-08 14:20:19.302 3070 3070 E ArmVmp : Match on catch block at 0xc3 in for 0xa9
01-08 14:20:19.308 3070 3070 E ArmVmp : Match on catch block at 0xc3 in for 0xa1
01-08 14:20:19.317 3070 3070 E ArmVmp : Match on catch block at 0xc3 in for 0xa5
01-08 14:20:19.322 3070 3070 E ArmVmp : Match on catch block at 0xc3 in for 0xa9
01-08 14:20:19.331 3070 3070 E ArmVmp : Match on catch block at 0xc3 in for 0xa1
01-08 14:20:19.336 3070 3070 E ArmVmp : Match on catch block at 0xc3 in for 0xa5
01-08 14:20:19.348 3070 3070 E ArmVmp : Match on catch block at 0xc3 in for 0xa9
01-08 14:20:19.356 3070 3070 E ArmVmp : Match on catch block at 0xc3 in for 0xa1
01-08 14:20:19.368 3070 3070 E ArmVmp : Match on catch block at 0xc3 in for 0xa5
01-08 14:20:19.373 3070 3070 E ArmVmp : Match on catch block at 0xc3 in for 0xa9
01-08 14:20:19.384 3070 3070 E ArmVmp : Match on catch block at 0xc3 in for 0xa1
01-08 14:20:19.389 3070 3070 E ArmVmp : Match on catch block at 0xc3 in for 0xa5
01-08 14:20:19.399 3070 3070 E ArmVmp : Match on catch block at 0xc3 in for 0xa9
01-08 14:20:19.403 3070 3070 E ArmVmp : Match on catch block at 0xc3 in for 0xa1
01-08 14:20:19.412 3070 3070 E ArmVmp : Match on catch block at 0xc3 in for 0xa5
01-08 14:20:19.416 3070 3070 E ArmVmp : Match on catch block at 0xc3 in for 0xa9
01-08 14:20:19.431 3070 3070 E ArmVmp : Match on catch block at 0xc3 in for 0xa1
01-08 14:20:19.436 3070 3070 E ArmVmp : Match on catch block at 0xc3 in for 0xa5
01-08 14:20:19.494 3070 3070 E ArmVmp : Match on catch block at 0xc3 in for 0xa5
01-08 14:20:19.499 3070 3070 E ArmVmp : Match on catch block at 0xc3 in for 0xa9
01-08 14:20:19.513 3070 3070 E ArmVmp : Match on catch block at 0xc3 in for 0xa1
01-08 14:20:19.523 3070 3070 E ArmVmp : Match on catch block at 0xc3 in for 0xa5
01-08 14:20:19.541 3070 3070 E ArmVmp : Match on catch block at 0xc3 in for 0xa9
01-08 14:20:19.547 3070 3070 E ArmVmp : Match on catch block at 0xc3 in for 0xa1
01-08 14:20:19.566 3070 3070 E ArmVmp : Match on catch block at 0xc3 in for 0xa1
01-08 14:20:19.575 3070 3070 E ArmVmp : Match on catch block at 0xc3 in for 0xa5
01-08 14:20:19.589 3070 3070 E ArmVmp : Match on catch block at 0xc3 in for 0xa1
01-08 14:20:19.593 3070 3070 E ArmVmp : Match on catch block at 0xc3 in for 0xa5
01-08 14:20:19.602 3070 3070 E ArmVmp : Match on catch block at 0xc3 in for 0xa5
01-08 14:20:19.611 3070 3070 E ArmVmp : Match on catch block at 0xc3 in for 0xa9
01-08 14:20:19.618 3070 3070 E ArmVmp : Match on catch block at 0xc3 in for 0xa9
01-08 14:20:19.624 3070 3070 E ArmVmp : Match on catch block at 0xc3 in for 0xa1
01-08 14:20:19.634 3070 3070 E ArmVmp : Match on catch block at 0xc3 in for 0xa1
01-08 14:20:19.640 3070 3070 E ArmVmp : Match on catch block at 0xc3 in for 0xa5
01-08 14:20:19.651 3070 3070 E ArmVmp : Match on catch block at 0xc3 in for 0xa5
01-08 14:20:19.656 3070 3070 E ArmVmp : Match on catch block at 0xc3 in for 0xa9
01-08 14:20:19.666 3070 3070 E ArmVmp : Match on catch block at 0xc3 in for 0xa9
01-08 14:20:19.672 3070 3070 E ArmVmp : Match on catch block at 0xc3 in for 0xa1
01-08 14:20:19.682 3070 3070 E ArmVmp : Match on catch block at 0xc3 in for 0xa1
01-08 14:20:19.688 3070 3070 E ArmVmp : Match on catch block at 0xc3 in for 0xa5
01-08 14:20:19.699 3070 3070 E ArmVmp : Match on catch block at 0xc3 in for 0xa5
01-08 14:20:19.704 3070 3070 E ArmVmp : Match on catch block at 0xc3 in for 0xa9
01-08 14:20:19.714 3070 3070 E ArmVmp : Match on catch block at 0xc3 in for 0xa9
01-08 14:20:19.719 3070 3070 E ArmVmp : Match on catch block at 0xc3 in for 0xa1
01-08 14:20:19.730 3070 3070 E ArmVmp : Match on catch block at 0xc3 in for 0xa1
01-08 14:20:19.735 3070 3070 E ArmVmp : Match on catch block at 0xc3 in for 0xa5
01-08 14:20:19.762 3070 3070 E ArmVmp : Match on catch block at 0xc3 in for 0xa5
01-08 14:20:19.768 3070 3070 E ArmVmp : Match on catch block at 0xc3 in for 0xa9
01-08 14:20:19.779 3070 3070 E ArmVmp : Match on catch block at 0xc3 in for 0xa9
01-08 14:20:19.786 3070 3070 E ArmVmp : Match on catch block at 0xc3 in for 0xa1
01-08 14:20:19.843 3070 3070 E ArmVmp : Match on catch block at 0xc3 in for 0xa1
01-08 14:20:19.847 3070 3070 E ArmVmp : Match on catch block at 0xc3 in for 0xa5
01-08 14:20:19.892 3070 3070 E ArmVmp : Match on catch block at 0xc3 in for 0xa5
01-08 14:20:19.896 3070 3070 E ArmVmp : Match on catch block at 0xc3 in for 0xa9
01-08 14:20:19.973 3070 3070 E ArmVmp : Match on catch block at 0xc3 in for 0xa9
01-08 14:20:19.978 3070 3070 E ArmVmp : Match on catch block at 0xc3 in for 0xa1
01-08 14:20:20.020 3070 3070 E ArmVmp : Match on catch block at 0xc3 in for 0xa1
01-08 14:20:20.025 3070 3070 E ArmVmp : Match on catch block at 0xc3 in for 0xa5
01-08 14:20:20.036 3070 3070 E ArmVmp : Match on catch block at 0xc3 in for 0xa5
01-08 14:20:20.044 3070 3070 E ArmVmp : Match on catch block at 0xc3 in for 0xa9
01-08 14:20:20.055 3070 3070 E ArmVmp : Match on catch block at 0xc3 in for 0xa9
01-08 14:20:20.062 3070 3070 E ArmVmp : Match on catch block at 0xc3 in for 0xa1
01-08 14:20:20.069 3070 3070 E ArmVmp : Match on catch block at 0xc3 in for 0xa1
01-08 14:20:20.076 3070 3070 E ArmVmp : Match on catch block at 0xc3 in for 0xa5
01-08 14:20:20.087 3070 3070 E ArmVmp : Match on catch block at 0xc3 in for 0xa5
01-08 14:20:20.091 3070 3070 E ArmVmp : Match on catch block at 0xc3 in for 0xa9
01-08 14:20:20.103 3070 3070 E ArmVmp : Match on catch block at 0xc3 in for 0xa9
01-08 14:20:20.108 3070 3070 E ArmVmp : Match on catch block at 0xc3 in for 0xa1
01-08 14:20:20.119 3070 3070 E ArmVmp : Match on catch block at 0xc3 in for 0xa1
01-08 14:20:20.124 3070 3070 E ArmVmp : Match on catch block at 0xc3 in for 0xa5
01-08 14:20:20.136 3070 3070 E ArmVmp : Match on catch block at 0xc3 in for 0xa5
01-08 14:20:20.141 3070 3070 E ArmVmp : Match on catch block at 0xc3 in for 0xa9
01-08 14:20:20.152 3070 3070 E ArmVmp : Match on catch block at 0xc3 in for 0xa9
01-08 14:20:20.156 3070 3070 E ArmVmp : Match on catch block at 0xc3 in for 0xa1
01-08 14:20:20.168 3070 3070 E ArmVmp : Match on catch block at 0xc3 in for 0xa1
01-08 14:20:20.172 3070 3070 E ArmVmp : Match on catch block at 0xc3 in for 0xa5
01-08 14:20:20.184 3070 3070 E ArmVmp : Match on catch block at 0xc3 in for 0xa5
01-08 14:20:20.189 3070 3070 E ArmVmp : Match on catch block at 0xc3 in for 0xa9
01-08 14:20:20.200 3070 3070 E ArmVmp : Match on catch block at 0xc3 in for 0xa9
01-08 14:20:20.205 3070 3070 E ArmVmp : Match on catch block at 0xc3 in for 0xa1
01-08 14:20:20.216 3070 3070 E ArmVmp : Match on catch block at 0xc3 in for 0xa1
01-08 14:20:20.221 3070 3070 E ArmVmp : Match on catch block at 0xc3 in for 0xa5
01-08 14:20:20.233 3070 3070 E ArmVmp : Match on catch block at 0xc3 in for 0xa5
01-08 14:20:20.237 3070 3070 E ArmVmp : Match on catch block at 0xc3 in for 0xa9
01-08 14:20:20.249 3070 3070 E ArmVmp : Match on catch block at 0xc3 in for 0xa9
01-08 14:20:20.254 3070 3070 E ArmVmp : Match on catch block at 0xc3 in for 0xa1
01-08 14:20:20.265 3070 3070 E ArmVmp : Match on catch block at 0xc3 in for 0xa1
01-08 14:20:20.269 3070 3070 E ArmVmp : Match on catch block at 0xc3 in for 0xa5
01-08 14:20:20.281 3070 3070 E ArmVmp : Match on catch block at 0xc3 in for 0xa5
01-08 14:20:20.285 3070 3070 E ArmVmp : Match on catch block at 0xc3 in for 0xa9
01-08 14:20:20.297 3070 3070 E ArmVmp : Match on catch block at 0xc3 in for 0xa9
01-08 14:20:20.301 3070 3070 E ArmVmp : Match on catch block at 0xc3 in for 0xa1
01-08 14:20:20.345 3070 3070 E ArmVmp : Match on catch block at 0xc3 in for 0xa1
01-08 14:20:20.349 3070 3070 E ArmVmp : Match on catch block at 0xc3 in for 0xa5
01-08 14:20:20.410 3070 3070 E ArmVmp : Match on catch block at 0xc3 in for 0xa5
01-08 14:20:20.416 3070 3070 E ArmVmp : Match on catch block at 0xc3 in for 0xa9
01-08 14:20:20.491 3070 3070 E ArmVmp : Match on catch block at 0xc3 in for 0xa9
01-08 14:20:20.498 3070 3070 E ArmVmp : Match on catch block at 0xc3 in for 0xa1
01-08 14:20:20.556 3070 3070 E ArmVmp : Match on catch block at 0xc3 in for 0xa1
01-08 14:20:20.562 3070 3070 E ArmVmp : Match on catch block at 0xc3 in for 0xa5
01-08 14:20:20.621 3070 3070 E ArmVmp : Match on catch block at 0xc3 in for 0xa5
01-08 14:20:20.628 3070 3070 E ArmVmp : Match on catch block at 0xc3 in for 0xa9
01-08 14:20:20.686 3070 3070 E ArmVmp : Match on catch block at 0xc3 in for 0xa5
01-08 14:20:20.693 3070 3070 E ArmVmp : Match on catch block at 0xc3 in for 0xa9
01-08 14:20:20.751 3070 3070 E ArmVmp : Match on catch block at 0xc3 in for 0xa9
01-08 14:20:20.758 3070 3070 E ArmVmp : Match on catch block at 0xc3 in for 0xa1
01-08 14:20:20.800 3070 3070 E ArmVmp : Match on catch block at 0xc3 in for 0xa1
01-08 14:20:20.808 3070 3070 E ArmVmp : Match on catch block at 0xc3 in for 0xa5
01-08 14:20:20.832 3070 3070 E ArmVmp : Match on catch block at 0xc3 in for 0xa5
01-08 14:20:20.839 3070 3070 E ArmVmp : Match on catch block at 0xc3 in for 0xa9
01-08 14:20:20.898 3070 3070 E ArmVmp : Match on catch block at 0xc3 in for 0xa9
01-08 14:20:20.905 3070 3070 E ArmVmp : Match on catch block at 0xc3 in for 0xa1
01-08 14:20:20.962 3070 3070 E ArmVmp : Match on catch block at 0xc3 in for 0xa1
01-08 14:20:20.969 3070 3070 E ArmVmp : Match on catch block at 0xc3 in for 0xa5
01-08 14:20:21.027 3070 3070 E ArmVmp : Match on catch block at 0xc3 in for 0xa5
01-08 14:20:21.034 3070 3070 E ArmVmp : Match on catch block at 0xc3 in for 0xa9
01-08 14:20:21.092 3070 3070 E ArmVmp : Match on catch block at 0xc3 in for 0xa9
01-08 14:20:21.099 3070 3070 E ArmVmp : Match on catch block at 0xc3 in for 0xa1
01-08 14:20:21.157 3070 3070 E ArmVmp : Match on catch block at 0xc3 in for 0xa1
01-08 14:20:21.164 3070 3070 E ArmVmp : Match on catch block at 0xc3 in for 0xa5
01-08 14:20:21.222 3070 3070 E ArmVmp : Match on catch block at 0xc3 in for 0xa5
01-08 14:20:21.228 3070 3070 E ArmVmp : Match on catch block at 0xc3 in for 0xa9
01-08 14:20:21.286 3070 3070 E ArmVmp : Match on catch block at 0xc3 in for 0xa9
01-08 14:20:21.293 3070 3070 E ArmVmp : Match on catch block at 0xc3 in for 0xa1
01-08 14:20:21.319 3070 3070 E ArmVmp : Match on catch block at 0xc3 in for 0xa1
01-08 14:20:21.326 3070 3070 E ArmVmp : Match on catch block at 0xc3 in for 0xa5
01-08 14:20:21.351 3070 3070 E ArmVmp : Match on catch block at 0xc3 in for 0xa5
01-08 14:20:21.358 3070 3070 E ArmVmp : Match on catch block at 0xc3 in for 0xa9
01-08 14:20:21.416 3070 3070 E ArmVmp : Match on catch block at 0xc3 in for 0xa9
01-08 14:20:21.423 3070 3070 E ArmVmp : Match on catch block at 0xc3 in for 0xa1
01-08 14:20:21.498 3070 3070 E ArmVmp : Match on catch block at 0xc3 in for 0xa1
01-08 14:20:21.505 3070 3070 E ArmVmp : Match on catch block at 0xc3 in for 0xa5
01-08 14:20:21.562 3070 3070 E ArmVmp : Match on catch block at 0xc3 in for 0xa5
01-08 14:20:21.569 3070 3070 E ArmVmp : Match on catch block at 0xc3 in for 0xa9
01-08 14:20:21.627 3070 3070 E ArmVmp : Match on catch block at 0xc3 in for 0xa9
01-08 14:20:21.633 3070 3070 E ArmVmp : Match on catch block at 0xc3 in for 0xa1
01-08 14:20:21.693 3070 3070 E ArmVmp : Match on catch block at 0xc3 in for 0xa5
01-08 14:20:21.701 3070 3070 E ArmVmp : Match on catch block at 0xc3 in for 0xa9
01-08 14:20:21.755 3070 3070 E ArmVmp : Match on catch block at 0xc3 in for 0xa1
01-08 14:20:21.762 3070 3070 E ArmVmp : Match on catch block at 0xc3 in for 0xa5
01-08 14:20:21.820 3070 3070 E ArmVmp : Match on catch block at 0xc3 in for 0xa9
01-08 14:20:21.825 3070 3070 E ArmVmp : Match on catch block at 0xc3 in for 0xa1
01-08 14:20:21.865 3070 3070 E ArmVmp : Match on catch block at 0xc3 in for 0xa1
01-08 14:20:21.870 3070 3070 E ArmVmp : Match on catch block at 0xc3 in for 0xa5
01-08 14:20:22.034 3070 3070 E ArmVmp : Match on catch block at 0xc3 in for 0xa9
01-08 14:20:22.039 3070 3070 E ArmVmp : Match on catch block at 0xc3 in for 0xa1
01-08 14:20:22.090 3070 3070 E ArmVmp : Match on catch block at 0xc3 in for 0xa1
01-08 14:20:22.096 3070 3070 E ArmVmp : Match on catch block at 0xc3 in for 0xa5
01-08 14:20:22.178 3070 3070 E ArmVmp : Match on catch block at 0xc3 in for 0xa9
01-08 14:20:22.184 3070 3070 E ArmVmp : Match on catch block at 0xc3 in for 0xa1
01-08 14:20:22.251 3070 3070 E ArmVmp : Match on catch block at 0xc3 in for 0xa9
01-08 14:20:22.257 3070 3070 E ArmVmp : Match on catch block at 0xc3 in for 0xa1
01-08 14:20:22.316 3070 3070 E ArmVmp : Match on catch block at 0xc3 in for 0xa1
01-08 14:20:22.321 3070 3070 E ArmVmp : Match on catch block at 0xc3 in for 0xa5
01-08 14:20:22.410 3070 3541 W libEGL : EGLNativeWindowType 0x7d772b9010
disconnect failed
01-08 14:20:22.421 3070 3070 E ArmVmp : Match on catch block at 0xc3 in for 0xa1
01-08 14:20:22.426 3070 3070 E ArmVmp : Match on catch block at 0xc3 in for 0xa5
01-08 14:20:22.980 3070 3541 W libEGL : EGLNativeWindowType 0x7d8ecfd010
disconnect failed
01-08 14:20:23.005 3070 3541 W libEGL : EGLNativeWindowType 0x7d8ecfd010
disconnect failed
01-08 14:20:23.037 3070 3541 W libEGL : EGLNativeWindowType 0x7d8ecfd010
disconnect failed
01-08 14:20:23.064 3070 3541 W libEGL : EGLNativeWindowType 0x7d8ecfd010
disconnect failed
01-08 14:20:23.116 3070 3541 W libEGL : EGLNativeWindowType 0x7d8ecfd010
disconnect failed
01-08 14:20:23.188 3070 3541 W libEGL : EGLNativeWindowType 0x7d8ecfd010
disconnect failed
01-08 14:20:23.232 3070 3541 W libEGL : EGLNativeWindowType 0x7d8ecfd010
disconnect failed
01-08 14:20:23.267 3070 3541 W libEGL : EGLNativeWindowType 0x7d8ecfd010
disconnect failed
01-08 14:20:24.251 3070 3541 W libEGL : EGLNativeWindowType 0x7d8ecfd010
disconnect failed
01-08 14:20:25.485 3070 3541 W libEGL : EGLNativeWindowType 0x7d68bd6010
disconnect failed
01-08 14:20:31.311 3070 3493 W System : A resource failed to call release.
01-08 14:37:53.644 3070 3070 W Choreographer: Frame time is 0.041742 ms in the
future! Check that graphics HAL is generating vsync timestamps using the correct
timebase.
01-08 14:37:53.651 3070 3525 E SQLiteDatabase: Error inserting transferred=1
media_job_uuid=ddc14460-730a-4756-902b-e6680888527c transcoded=0 gif_attribution=0
first_scan_length=6939 direct_path=/v/t62.7118-
24/12089656_186772744521649_1365816085076756526_n.enc?ccb=11-
4&oh=01_AdSV70uaswTcUI3yHeUZl8DUjgJxEMWHi5tzwPtL2ic-oA&oe=65C3B078&_nc_sid=5e03e0
