01-08 17:03:10.420 11202 11202 E ArmVmp : Match on catch block at 0xc3 in for 0xa5
01-08 17:03:10.430 11202 11202 E ArmVmp : Match on catch block at 0xc3 in for 0xa9
01-08 17:03:10.437 11202 11202 E ArmVmp : Match on catch block at 0xc3 in for 0xa1
01-08 17:03:10.442 11202 11202 E ArmVmp : Match on catch block at 0xc3 in for 0xa1
01-08 17:03:10.452 11202 11202 E ArmVmp : Match on catch block at 0xc3 in for 0xa5
01-08 17:03:10.460 11202 11202 E ArmVmp : Match on catch block at 0xc3 in for 0xa9
01-08 17:03:10.465 11202 11202 E ArmVmp : Match on catch block at 0xc3 in for 0xa9
01-08 17:03:10.475 11202 11202 E ArmVmp : Match on catch block at 0xc3 in for 0xa1
01-08 17:03:10.482 11202 11202 E ArmVmp : Match on catch block at 0xc3 in for 0xa5
01-08 17:03:10.487 11202 11202 E ArmVmp : Match on catch block at 0xc3 in for 0xa5
01-08 17:03:10.497 11202 11202 E ArmVmp : Match on catch block at 0xc3 in for 0xa9
01-08 17:03:10.505 11202 11202 E ArmVmp : Match on catch block at 0xc3 in for 0xa1
01-08 17:03:10.510 11202 11202 E ArmVmp : Match on catch block at 0xc3 in for 0xa1
01-08 17:03:10.523 11202 11202 E ArmVmp : Match on catch block at 0xc3 in for 0xa5
01-08 17:03:10.530 11202 11202 E ArmVmp : Match on catch block at 0xc3 in for 0xa9
01-08 17:03:10.535 11202 11202 E ArmVmp : Match on catch block at 0xc3 in for 0xa9
01-08 17:03:10.545 11202 11202 E ArmVmp : Match on catch block at 0xc3 in for 0xa1
01-08 17:03:10.553 11202 11202 E ArmVmp : Match on catch block at 0xc3 in for 0xa5
01-08 17:03:10.558 11202 11202 E ArmVmp : Match on catch block at 0xc3 in for 0xa5
01-08 17:03:10.570 11202 11202 E ArmVmp : Match on catch block at 0xc3 in for 0xa9
01-08 17:03:10.577 11202 11202 E ArmVmp : Match on catch block at 0xc3 in for 0xa1
01-08 17:03:10.581 11202 11202 E ArmVmp : Match on catch block at 0xc3 in for 0xa1
01-08 17:03:10.591 11202 11202 E ArmVmp : Match on catch block at 0xc3 in for 0xa5
01-08 17:03:10.598 11202 11202 E ArmVmp : Match on catch block at 0xc3 in for 0xa9
01-08 17:03:10.605 11202 11202 E ArmVmp : Match on catch block at 0xc3 in for 0xa9
01-08 17:03:10.614 11202 11202 E ArmVmp : Match on catch block at 0xc3 in for 0xa1
01-08 17:03:10.623 11202 11202 E ArmVmp : Match on catch block at 0xc3 in for 0xa5
01-08 17:03:10.628 11202 11202 E ArmVmp : Match on catch block at 0xc3 in for 0xa5
01-08 17:03:10.640 11202 11202 E ArmVmp : Match on catch block at 0xc3 in for 0xa9
01-08 17:03:10.650 11202 11202 E ArmVmp : Match on catch block at 0xc3 in for 0xa1
01-08 17:03:10.655 11202 11202 E ArmVmp : Match on catch block at 0xc3 in for 0xa1
01-08 17:03:10.665 11202 11202 E ArmVmp : Match on catch block at 0xc3 in for 0xa5
01-08 17:03:10.673 11202 11202 E ArmVmp : Match on catch block at 0xc3 in for 0xa9
01-08 17:03:10.678 11202 11202 E ArmVmp : Match on catch block at 0xc3 in for 0xa9
01-08 17:03:10.688 11202 11202 E ArmVmp : Match on catch block at 0xc3 in for 0xa1
01-08 17:03:10.697 11202 11202 E ArmVmp : Match on catch block at 0xc3 in for 0xa5
01-08 17:03:10.705 11202 11202 E ArmVmp : Match on catch block at 0xc3 in for 0xa5
01-08 17:03:10.715 11202 11202 E ArmVmp : Match on catch block at 0xc3 in for 0xa9
01-08 17:03:10.724 11202 11202 E ArmVmp : Match on catch block at 0xc3 in for 0xa1
01-08 17:03:10.729 11202 11202 E ArmVmp : Match on catch block at 0xc3 in for 0xa1
01-08 17:03:10.739 11202 11202 E ArmVmp : Match on catch block at 0xc3 in for 0xa5
01-08 17:03:10.747 11202 11202 E ArmVmp : Match on catch block at 0xc3 in for 0xa9
01-08 17:03:10.753 11202 11202 E ArmVmp : Match on catch block at 0xc3 in for 0xa9
01-08 17:03:10.766 11202 11202 E ArmVmp : Match on catch block at 0xc3 in for 0xa1
01-08 17:03:10.774 11202 11202 E ArmVmp : Match on catch block at 0xc3 in for 0xa5
01-08 17:03:10.779 11202 11202 E ArmVmp : Match on catch block at 0xc3 in for 0xa5
01-08 17:03:10.792 11202 11202 E ArmVmp : Match on catch block at 0xc3 in for 0xa9
01-08 17:03:10.801 11202 11202 E ArmVmp : Match on catch block at 0xc3 in for 0xa1
01-08 17:03:10.807 11202 11202 E ArmVmp : Match on catch block at 0xc3 in for 0xa1
01-08 17:03:10.818 11202 11202 E ArmVmp : Match on catch block at 0xc3 in for 0xa5
01-08 17:03:10.826 11202 11202 E ArmVmp : Match on catch block at 0xc3 in for 0xa9
01-08 17:03:10.832 11202 11202 E ArmVmp : Match on catch block at 0xc3 in for 0xa9
01-08 17:03:10.842 11202 11202 E ArmVmp : Match on catch block at 0xc3 in for 0xa1
01-08 17:03:10.851 11202 11202 E ArmVmp : Match on catch block at 0xc3 in for 0xa5
01-08 17:03:10.856 11202 11202 E ArmVmp : Match on catch block at 0xc3 in for 0xa5
01-08 17:03:10.867 11202 11202 E ArmVmp : Match on catch block at 0xc3 in for 0xa9
01-08 17:03:10.875 11202 11202 E ArmVmp : Match on catch block at 0xc3 in for 0xa1
01-08 17:03:10.881 11202 11202 E ArmVmp : Match on catch block at 0xc3 in for 0xa1
01-08 17:03:10.891 11202 11202 E ArmVmp : Match on catch block at 0xc3 in for 0xa5
01-08 17:03:10.899 11202 11202 E ArmVmp : Match on catch block at 0xc3 in for 0xa9
01-08 17:03:10.904 11202 11202 E ArmVmp : Match on catch block at 0xc3 in for 0xa9
01-08 17:03:10.914 11202 11202 E ArmVmp : Match on catch block at 0xc3 in for 0xa1
01-08 17:03:10.921 11202 11202 E ArmVmp : Match on catch block at 0xc3 in for 0xa5
01-08 17:03:10.927 11202 11202 E ArmVmp : Match on catch block at 0xc3 in for 0xa5
01-08 17:03:10.937 11202 11202 E ArmVmp : Match on catch block at 0xc3 in for 0xa9
01-08 17:03:10.946 11202 11202 E ArmVmp : Match on catch block at 0xc3 in for 0xa1
01-08 17:03:10.951 11202 11202 E ArmVmp : Match on catch block at 0xc3 in for 0xa1
01-08 17:03:10.961 11202 11202 E ArmVmp : Match on catch block at 0xc3 in for 0xa5
01-08 17:03:10.969 11202 11202 E ArmVmp : Match on catch block at 0xc3 in for 0xa9
01-08 17:03:10.974 11202 11202 E ArmVmp : Match on catch block at 0xc3 in for 0xa9
01-08 17:03:10.984 11202 11202 E ArmVmp : Match on catch block at 0xc3 in for 0xa1
01-08 17:03:10.992 11202 11202 E ArmVmp : Match on catch block at 0xc3 in for 0xa5
01-08 17:03:10.998 11202 11202 E ArmVmp : Match on catch block at 0xc3 in for 0xa5
01-08 17:03:11.008 11202 11202 E ArmVmp : Match on catch block at 0xc3 in for 0xa9
01-08 17:03:11.015 11202 11202 E ArmVmp : Match on catch block at 0xc3 in for 0xa1
01-08 17:03:11.020 11202 11202 E ArmVmp : Match on catch block at 0xc3 in for 0xa1
01-08 17:03:11.033 11202 11202 E ArmVmp : Match on catch block at 0xc3 in for 0xa5
01-08 17:03:11.040 11202 11202 E ArmVmp : Match on catch block at 0xc3 in for 0xa9
01-08 17:03:11.046 11202 11202 E ArmVmp : Match on catch block at 0xc3 in for 0xa9
01-08 17:03:11.057 11202 11202 E ArmVmp : Match on catch block at 0xc3 in for 0xa1
01-08 17:03:11.065 11202 11202 E ArmVmp : Match on catch block at 0xc3 in for 0xa5
01-08 17:03:11.069 11202 11202 E ArmVmp : Match on catch block at 0xc3 in for 0xa5
01-08 17:03:11.078 11202 11202 E ArmVmp : Match on catch block at 0xc3 in for 0xa9
01-08 17:03:11.086 11202 11202 E ArmVmp : Match on catch block at 0xc3 in for 0xa1
01-08 17:03:11.092 11202 11202 E ArmVmp : Match on catch block at 0xc3 in for 0xa1
01-08 17:03:11.101 11202 11202 E ArmVmp : Match on catch block at 0xc3 in for 0xa5
01-08 17:03:11.110 11202 11202 E ArmVmp : Match on catch block at 0xc3 in for 0xa9
01-08 17:03:11.116 11202 11202 E ArmVmp : Match on catch block at 0xc3 in for 0xa9
01-08 17:03:11.127 11202 11202 E ArmVmp : Match on catch block at 0xc3 in for 0xa1
01-08 17:03:11.135 11202 11202 E ArmVmp : Match on catch block at 0xc3 in for 0xa5
01-08 17:03:11.141 11202 11202 E ArmVmp : Match on catch block at 0xc3 in for 0xa5
01-08 17:03:11.154 11202 11202 E ArmVmp : Match on catch block at 0xc3 in for 0xa9
01-08 17:03:11.162 11202 11202 E ArmVmp : Match on catch block at 0xc3 in for 0xa1
01-08 17:03:11.170 11202 11202 E ArmVmp : Match on catch block at 0xc3 in for 0xa1
01-08 17:03:11.179 11202 11202 E ArmVmp : Match on catch block at 0xc3 in for 0xa5
01-08 17:03:11.190 11202 11202 E ArmVmp : Match on catch block at 0xc3 in for 0xa9
01-08 17:03:11.195 11202 11202 E ArmVmp : Match on catch block at 0xc3 in for 0xa9
01-08 17:03:11.204 11202 11202 E ArmVmp : Match on catch block at 0xc3 in for 0xa1
01-08 17:03:11.212 11202 11202 E ArmVmp : Match on catch block at 0xc3 in for 0xa5
01-08 17:03:11.217 11202 11202 E ArmVmp : Match on catch block at 0xc3 in for 0xa5
01-08 17:03:11.226 11202 11202 E ArmVmp : Match on catch block at 0xc3 in for 0xa9
01-08 17:03:11.235 11202 11202 E ArmVmp : Match on catch block at 0xc3 in for 0xa1
01-08 17:03:11.240 11202 11202 E ArmVmp : Match on catch block at 0xc3 in for 0xa1
01-08 17:03:11.251 11202 11202 E ArmVmp : Match on catch block at 0xc3 in for 0xa5
01-08 17:03:11.259 11202 11202 E ArmVmp : Match on catch block at 0xc3 in for 0xa9
01-08 17:03:11.264 11202 11202 E ArmVmp : Match on catch block at 0xc3 in for 0xa9
01-08 17:03:11.276 11202 11202 E ArmVmp : Match on catch block at 0xc3 in for 0xa1
01-08 17:03:11.286 11202 11202 E ArmVmp : Match on catch block at 0xc3 in for 0xa5
01-08 17:03:11.290 11202 11202 E ArmVmp : Match on catch block at 0xc3 in for 0xa5
01-08 17:03:11.299 11202 11202 E ArmVmp : Match on catch block at 0xc3 in for 0xa9
01-08 17:03:11.306 11202 11202 E ArmVmp : Match on catch block at 0xc3 in for 0xa1
01-08 17:03:11.311 11202 11202 E ArmVmp : Match on catch block at 0xc3 in for 0xa1
01-08 17:03:11.320 11202 11202 E ArmVmp : Match on catch block at 0xc3 in for 0xa5
01-08 17:03:11.329 11202 11202 E ArmVmp : Match on catch block at 0xc3 in for 0xa9
01-08 17:03:11.337 11202 11202 E ArmVmp : Match on catch block at 0xc3 in for 0xa9
01-08 17:03:11.345 11202 11202 E ArmVmp : Match on catch block at 0xc3 in for 0xa1
01-08 17:03:11.352 11202 11202 E ArmVmp : Match on catch block at 0xc3 in for 0xa5
01-08 17:03:11.358 11202 11202 E ArmVmp : Match on catch block at 0xc3 in for 0xa5
01-08 17:03:11.369 11202 11202 E ArmVmp : Match on catch block at 0xc3 in for 0xa9
01-08 17:03:11.377 11202 11202 E ArmVmp : Match on catch block at 0xc3 in for 0xa1
01-08 17:03:11.384 11202 11202 E ArmVmp : Match on catch block at 0xc3 in for 0xa1
01-08 17:03:11.395 11202 11202 E ArmVmp : Match on catch block at 0xc3 in for 0xa5
01-08 17:03:11.403 11202 11202 E ArmVmp : Match on catch block at 0xc3 in for 0xa9
01-08 17:03:11.408 11202 11202 E ArmVmp : Match on catch block at 0xc3 in for 0xa9
01-08 17:03:11.417 11202 11202 E ArmVmp : Match on catch block at 0xc3 in for 0xa1
01-08 17:03:11.425 11202 11202 E ArmVmp : Match on catch block at 0xc3 in for 0xa5
01-08 17:03:11.430 11202 11202 E ArmVmp : Match on catch block at 0xc3 in for 0xa5
01-08 17:03:11.439 11202 11202 E ArmVmp : Match on catch block at 0xc3 in for 0xa9
01-08 17:03:11.446 11202 11202 E ArmVmp : Match on catch block at 0xc3 in for 0xa1
01-08 17:03:11.451 11202 11202 E ArmVmp : Match on catch block at 0xc3 in for 0xa1
01-08 17:03:11.462 11202 11202 E ArmVmp : Match on catch block at 0xc3 in for 0xa5
01-08 17:03:11.469 11202 11202 E ArmVmp : Match on catch block at 0xc3 in for 0xa9
01-08 17:03:11.474 11202 11202 E ArmVmp : Match on catch block at 0xc3 in for 0xa9
01-08 17:03:11.483 11202 11202 E ArmVmp : Match on catch block at 0xc3 in for 0xa1
01-08 17:03:11.490 11202 11202 E ArmVmp : Match on catch block at 0xc3 in for 0xa5
01-08 17:03:11.496 11202 11202 E ArmVmp : Match on catch block at 0xc3 in for 0xa5
01-08 17:03:11.505 11202 11202 E ArmVmp : Match on catch block at 0xc3 in for 0xa9
01-08 17:03:11.512 11202 11202 E ArmVmp : Match on catch block at 0xc3 in for 0xa1
01-08 17:03:11.517 11202 11202 E ArmVmp : Match on catch block at 0xc3 in for 0xa1
01-08 17:03:11.527 11202 11202 E ArmVmp : Match on catch block at 0xc3 in for 0xa5
01-08 17:03:11.534 11202 11202 E ArmVmp : Match on catch block at 0xc3 in for 0xa9
01-08 17:03:11.538 11202 11202 E ArmVmp : Match on catch block at 0xc3 in for 0xa9
01-08 17:03:11.549 11202 11202 E ArmVmp : Match on catch block at 0xc3 in for 0xa1
01-08 17:03:11.556 11202 11202 E ArmVmp : Match on catch block at 0xc3 in for 0xa5
01-08 17:03:11.561 11202 11202 E ArmVmp : Match on catch block at 0xc3 in for 0xa5
01-08 17:03:11.570 11202 11202 E ArmVmp : Match on catch block at 0xc3 in for 0xa9
01-08 17:03:11.578 11202 11202 E ArmVmp : Match on catch block at 0xc3 in for 0xa1
01-08 17:03:11.583 11202 11202 E ArmVmp : Match on catch block at 0xc3 in for 0xa1
01-08 17:03:11.593 11202 11202 E ArmVmp : Match on catch block at 0xc3 in for 0xa5
01-08 17:03:11.601 11202 11202 E ArmVmp : Match on catch block at 0xc3 in for 0xa9
01-08 17:03:11.609 11202 11202 E ArmVmp : Match on catch block at 0xc3 in for 0xa9
01-08 17:03:11.618 11202 11202 E ArmVmp : Match on catch block at 0xc3 in for 0xa1
01-08 17:03:11.626 11202 11202 E ArmVmp : Match on catch block at 0xc3 in for 0xa5
01-08 17:03:11.631 11202 11202 E ArmVmp : Match on catch block at 0xc3 in for 0xa5
01-08 17:03:11.641 11202 11202 E ArmVmp : Match on catch block at 0xc3 in for 0xa9
01-08 17:03:11.648 11202 11202 E ArmVmp : Match on catch block at 0xc3 in for 0xa1
01-08 17:03:11.653 11202 11202 E ArmVmp : Match on catch block at 0xc3 in for 0xa1
01-08 17:03:11.663 11202 11202 E ArmVmp : Match on catch block at 0xc3 in for 0xa5
01-08 17:03:11.670 11202 11202 E ArmVmp : Match on catch block at 0xc3 in for 0xa9
01-08 17:03:11.677 11202 11202 E ArmVmp : Match on catch block at 0xc3 in for 0xa9
01-08 17:03:11.689 11202 11202 E ArmVmp : Match on catch block at 0xc3 in for 0xa1
01-08 17:03:11.695 11202 11202 E ArmVmp : Match on catch block at 0xc3 in for 0xa5
01-08 17:03:11.700 11202 11202 E ArmVmp : Match on catch block at 0xc3 in for 0xa5
01-08 17:03:11.709 11202 11202 E ArmVmp : Match on catch block at 0xc3 in for 0xa9
01-08 17:03:11.717 11202 11202 E ArmVmp : Match on catch block at 0xc3 in for 0xa1
01-08 17:03:11.722 11202 11202 E ArmVmp : Match on catch block at 0xc3 in for 0xa1
01-08 17:03:11.733 11202 11202 E ArmVmp : Match on catch block at 0xc3 in for 0xa5
01-08 17:03:11.740 11202 11202 E ArmVmp : Match on catch block at 0xc3 in for 0xa9
01-08 17:03:11.745 11202 11202 E ArmVmp : Match on catch block at 0xc3 in for 0xa9
01-08 17:03:11.756 11202 11202 E ArmVmp : Match on catch block at 0xc3 in for 0xa1
01-08 17:03:11.764 11202 11202 E ArmVmp : Match on catch block at 0xc3 in for 0xa5
01-08 17:03:11.771 11202 11202 E ArmVmp : Match on catch block at 0xc3 in for 0xa5
01-08 17:03:11.782 11202 11202 E ArmVmp : Match on catch block at 0xc3 in for 0xa9
01-08 17:03:11.791 11202 11202 E ArmVmp : Match on catch block at 0xc3 in for 0xa1
01-08 17:03:11.797 11202 11202 E ArmVmp : Match on catch block at 0xc3 in for 0xa1
01-08 17:03:11.807 11202 11202 E ArmVmp : Match on catch block at 0xc3 in for 0xa5
01-08 17:03:11.815 11202 11202 E ArmVmp : Match on catch block at 0xc3 in for 0xa9
01-08 17:03:11.821 11202 11202 E ArmVmp : Match on catch block at 0xc3 in for 0xa9
01-08 17:03:11.831 11202 11202 E ArmVmp : Match on catch block at 0xc3 in for 0xa1
01-08 17:03:11.839 11202 11202 E ArmVmp : Match on catch block at 0xc3 in for 0xa5
01-08 17:03:11.845 11202 11202 E ArmVmp : Match on catch block at 0xc3 in for 0xa5
01-08 17:03:11.854 11202 11202 E ArmVmp : Match on catch block at 0xc3 in for 0xa9
01-08 17:03:11.863 11202 11202 E ArmVmp : Match on catch block at 0xc3 in for 0xa1
01-08 17:03:11.873 11202 11202 E ArmVmp : Match on catch block at 0xc3 in for 0xa1
01-08 17:03:11.883 11202 11202 E ArmVmp : Match on catch block at 0xc3 in for 0xa5
01-08 17:03:11.892 11202 11202 E ArmVmp : Match on catch block at 0xc3 in for 0xa9
01-08 17:03:11.897 11202 11202 E ArmVmp : Match on catch block at 0xc3 in for 0xa9
01-08 17:03:11.909 11202 11202 E ArmVmp : Match on catch block at 0xc3 in for 0xa1
01-08 17:03:11.917 11202 11202 E ArmVmp : Match on catch block at 0xc3 in for 0xa5
01-08 17:03:11.923 11202 11202 E ArmVmp : Match on catch block at 0xc3 in for 0xa5
01-08 17:03:11.935 11202 11202 E ArmVmp : Match on catch block at 0xc3 in for 0xa9
01-08 17:03:11.943 11202 11202 E ArmVmp : Match on catch block at 0xc3 in for 0xa1
01-08 17:03:11.950 11202 11202 E ArmVmp : Match on catch block at 0xc3 in for 0xa1
01-08 17:03:11.959 11202 11202 E ArmVmp : Match on catch block at 0xc3 in for 0xa5
01-08 17:03:11.968 11202 11202 E ArmVmp : Match on catch block at 0xc3 in for 0xa9
01-08 17:03:11.973 11202 11202 E ArmVmp : Match on catch block at 0xc3 in for 0xa9
01-08 17:03:11.984 11202 11202 E ArmVmp : Match on catch block at 0xc3 in for 0xa1
01-08 17:03:11.995 11202 11202 E ArmVmp : Match on catch block at 0xc3 in for 0xa5
01-08 17:03:12.001 11202 11202 E ArmVmp : Match on catch block at 0xc3 in for 0xa5
01-08 17:03:12.013 11202 11202 E ArmVmp : Match on catch block at 0xc3 in for 0xa9
01-08 17:03:12.021 11202 11202 E ArmVmp : Match on catch block at 0xc3 in for 0xa1
01-08 17:03:12.028 11202 11202 E ArmVmp : Match on catch block at 0xc3 in for 0xa1
01-08 17:03:12.038 11202 11202 E ArmVmp : Match on catch block at 0xc3 in for 0xa5
01-08 17:03:12.045 11202 11202 E ArmVmp : Match on catch block at 0xc3 in for 0xa9
01-08 17:03:12.051 11202 11202 E ArmVmp : Match on catch block at 0xc3 in for 0xa9
01-08 17:03:12.061 11202 11202 E ArmVmp : Match on catch block at 0xc3 in for 0xa1
01-08 17:03:12.070 11202 11202 E ArmVmp : Match on catch block at 0xc3 in for 0xa5
01-08 17:03:12.075 11202 11202 E ArmVmp : Match on catch block at 0xc3 in for 0xa5
01-08 17:03:12.085 11202 11202 E ArmVmp : Match on catch block at 0xc3 in for 0xa9
01-08 17:03:12.094 11202 11202 E ArmVmp : Match on catch block at 0xc3 in for 0xa1
01-08 17:03:12.100 11202 11202 E ArmVmp : Match on catch block at 0xc3 in for 0xa1
01-08 17:03:12.111 11202 11202 E ArmVmp : Match on catch block at 0xc3 in for 0xa5
01-08 17:03:12.118 11202 11202 E ArmVmp : Match on catch block at 0xc3 in for 0xa9
01-08 17:03:12.124 11202 11202 E ArmVmp : Match on catch block at 0xc3 in for 0xa9
01-08 17:03:12.135 11202 11202 E ArmVmp : Match on catch block at 0xc3 in for 0xa1
01-08 17:03:12.144 11202 11202 E ArmVmp : Match on catch block at 0xc3 in for 0xa5
01-08 17:03:12.149 11202 11202 E ArmVmp : Match on catch block at 0xc3 in for 0xa5
01-08 17:03:12.160 11202 11202 E ArmVmp : Match on catch block at 0xc3 in for 0xa9
01-08 17:03:12.168 11202 11202 E ArmVmp : Match on catch block at 0xc3 in for 0xa1
01-08 17:03:12.174 11202 11202 E ArmVmp : Match on catch block at 0xc3 in for 0xa1
01-08 17:03:12.185 11202 11202 E ArmVmp : Match on catch block at 0xc3 in for 0xa5
01-08 17:03:12.198 11202 11202 E ArmVmp : Match on catch block at 0xc3 in for 0xa9
01-08 17:03:12.204 11202 11202 E ArmVmp : Match on catch block at 0xc3 in for 0xa9
01-08 17:03:12.217 11202 11202 E ArmVmp : Match on catch block at 0xc3 in for 0xa1
01-08 17:03:12.229 11202 11202 E ArmVmp : Match on catch block at 0xc3 in for 0xa5
01-08 17:03:12.239 11202 11202 E ArmVmp : Match on catch block at 0xc3 in for 0xa5
01-08 17:03:12.256 11202 11202 E ArmVmp : Match on catch block at 0xc3 in for 0xa9
01-08 17:03:12.267 11202 11202 E ArmVmp : Match on catch block at 0xc3 in for 0xa1
01-08 17:03:12.273 11202 11202 E ArmVmp : Match on catch block at 0xc3 in for 0xa1
01-08 17:03:12.286 11202 11202 E ArmVmp : Match on catch block at 0xc3 in for 0xa5
01-08 17:03:12.295 11202 11202 E ArmVmp : Match on catch block at 0xc3 in for 0xa9
01-08 17:03:12.302 11202 11202 E ArmVmp : Match on catch block at 0xc3 in for 0xa9
01-08 17:03:12.312 11202 11202 E ArmVmp : Match on catch block at 0xc3 in for 0xa1
01-08 17:03:12.322 11202 11202 E ArmVmp : Match on catch block at 0xc3 in for 0xa5
01-08 17:03:12.332 11202 11202 E ArmVmp : Match on catch block at 0xc3 in for 0xa5
01-08 17:03:12.350 11202 11202 E ArmVmp : Match on catch block at 0xc3 in for 0xa9
01-08 17:03:12.359 11202 11202 E ArmVmp : Match on catch block at 0xc3 in for 0xa1
01-08 17:03:12.372 11202 11202 E ArmVmp : Match on catch block at 0xc3 in for 0xa1
01-08 17:03:12.389 11202 11202 E ArmVmp : Match on catch block at 0xc3 in for 0xa5
01-08 17:03:12.407 11202 11202 E ArmVmp : Match on catch block at 0xc3 in for 0xa9
01-08 17:03:12.428 11202 11202 E ArmVmp : Match on catch block at 0xc3 in for 0xa9
01-08 17:03:12.443 11202 11202 E ArmVmp : Match on catch block at 0xc3 in for 0xa1
01-08 17:03:12.452 11202 11202 E ArmVmp : Match on catch block at 0xc3 in for 0xa5
01-08 17:03:12.472 11202 11202 E ArmVmp : Match on catch block at 0xc3 in for 0xa5
01-08 17:03:12.495 11202 11202 E ArmVmp : Match on catch block at 0xc3 in for 0xa9
01-08 17:03:12.514 11202 11202 E ArmVmp : Match on catch block at 0xc3 in for 0xa1
01-08 17:03:12.520 11202 11202 E ArmVmp : Match on catch block at 0xc3 in for 0xa1
01-08 17:03:12.547 11202 11202 E ArmVmp : Match on catch block at 0xc3 in for 0xa5
01-08 17:03:12.558 11202 11202 E ArmVmp : Match on catch block at 0xc3 in for 0xa9
01-08 17:03:12.567 11202 11202 E ArmVmp : Match on catch block at 0xc3 in for 0xa9
01-08 17:03:12.940 11202 11202 E ArmVmp : Match on catch block at 0xc3 in for 0xa9
01-08 17:03:12.950 11202 11202 E ArmVmp : Match on catch block at 0xc3 in for 0xa1
01-08 17:03:12.957 11202 11202 E ArmVmp : Match on catch block at 0xc3 in for 0xa1
01-08 17:03:13.051 11202 11202 E ArmVmp : Match on catch block at 0xc3 in for 0xa5
01-08 17:03:13.059 11202 11202 E ArmVmp : Match on catch block at 0xc3 in for 0xa9
01-08 17:03:13.065 11202 11202 E ArmVmp : Match on catch block at 0xc3 in for 0xa9
01-08 17:03:13.077 11202 11202 E ArmVmp : Match on catch block at 0xc3 in for 0xa1
01-08 17:03:13.089 11202 11202 E ArmVmp : Match on catch block at 0xc3 in for 0xa5
01-08 17:03:13.095 11202 11202 E ArmVmp : Match on catch block at 0xc3 in for 0xa5
01-08 17:03:13.110 11202 11202 E ArmVmp : Match on catch block at 0xc3 in for 0xa9
01-08 17:03:13.119 11202 11202 E ArmVmp : Match on catch block at 0xc3 in for 0xa1
01-08 17:03:13.126 11202 11202 E ArmVmp : Match on catch block at 0xc3 in for 0xa1
01-08 17:03:13.139 11202 11202 E ArmVmp : Match on catch block at 0xc3 in for 0xa5
01-08 17:03:13.148 11202 11202 E ArmVmp : Match on catch block at 0xc3 in for 0xa9
01-08 17:03:13.155 11202 11202 E ArmVmp : Match on catch block at 0xc3 in for 0xa9
01-08 17:03:13.166 11202 11202 E ArmVmp : Match on catch block at 0xc3 in for 0xa1
01-08 17:03:13.177 11202 11202 E ArmVmp : Match on catch block at 0xc3 in for 0xa5
01-08 17:03:13.185 11202 11202 E ArmVmp : Match on catch block at 0xc3 in for 0xa5
01-08 17:03:13.198 11202 11202 E ArmVmp : Match on catch block at 0xc3 in for 0xa9
01-08 17:03:13.209 11202 11202 E ArmVmp : Match on catch block at 0xc3 in for 0xa1
01-08 17:03:13.215 11202 11202 E ArmVmp : Match on catch block at 0xc3 in for 0xa1
01-08 17:03:13.227 11202 11202 E ArmVmp : Match on catch block at 0xc3 in for 0xa5
01-08 17:03:13.237 11202 11202 E ArmVmp : Match on catch block at 0xc3 in for 0xa9
01-08 17:03:13.250 11202 11202 E ArmVmp : Match on catch block at 0xc3 in for 0xa9
01-08 17:03:13.260 11202 11202 E ArmVmp : Match on catch block at 0xc3 in for 0xa1
01-08 17:03:13.270 11202 11202 E ArmVmp : Match on catch block at 0xc3 in for 0xa5
01-08 17:03:13.276 11202 11202 E ArmVmp : Match on catch block at 0xc3 in for 0xa5
01-08 17:03:13.285 11202 11202 E ArmVmp : Match on catch block at 0xc3 in for 0xa9
01-08 17:03:13.293 11202 11202 E ArmVmp : Match on catch block at 0xc3 in for 0xa1
01-08 17:03:13.298 11202 11202 E ArmVmp : Match on catch block at 0xc3 in for 0xa1
01-08 17:03:13.310 11202 11202 E ArmVmp : Match on catch block at 0xc3 in for 0xa5
01-08 17:03:13.318 11202 11202 E ArmVmp : Match on catch block at 0xc3 in for 0xa9
01-08 17:03:13.328 11202 11202 E ArmVmp : Match on catch block at 0xc3 in for 0xa9
01-08 17:03:13.341 11202 11202 E ArmVmp : Match on catch block at 0xc3 in for 0xa1
01-08 17:03:13.351 11202 11202 E ArmVmp : Match on catch block at 0xc3 in for 0xa5
01-08 17:03:13.355 11202 11202 E ArmVmp : Match on catch block at 0xc3 in for 0xa5
01-08 17:03:13.363 11202 11202 E ArmVmp : Match on catch block at 0xc3 in for 0xa1
01-08 17:03:13.370 11202 11202 E ArmVmp : Match on catch block at 0xc3 in for 0xa5
01-08 17:03:13.375 11202 11202 E ArmVmp : Match on catch block at 0xc3 in for 0xa5
01-08 17:03:13.385 11202 11202 E ArmVmp : Match on catch block at 0xc3 in for 0xa9
01-08 17:03:13.391 11202 11202 E ArmVmp : Match on catch block at 0xc3 in for 0xa1
01-08 17:03:13.396 11202 11202 E ArmVmp : Match on catch block at 0xc3 in for 0xa1
01-08 17:03:13.406 11202 11202 E ArmVmp : Match on catch block at 0xc3 in for 0xa5
01-08 17:03:13.418 11202 11202 E ArmVmp : Match on catch block at 0xc3 in for 0xa9
01-08 17:03:13.424 11202 11202 E ArmVmp : Match on catch block at 0xc3 in for 0xa9
01-08 17:03:13.462 11202 11202 E ArmVmp : Match on catch block at 0xc3 in for 0xa9
01-08 17:03:13.469 11202 11202 E ArmVmp : Match on catch block at 0xc3 in for 0xa1
01-08 17:03:13.472 11202 11202 E ArmVmp : Match on catch block at 0xc3 in for 0xa1
01-08 17:03:13.515 11202 11202 E ArmVmp : Match on catch block at 0xc3 in for 0xa5
01-08 17:03:13.522 11202 11202 E ArmVmp : Match on catch block at 0xc3 in for 0xa9
01-08 17:03:13.526 11202 11202 E ArmVmp : Match on catch block at 0xc3 in for 0xa9
01-08 17:03:13.565 11202 11202 E ArmVmp : Match on catch block at 0xc3 in for 0xa1
01-08 17:03:13.570 11202 11202 E ArmVmp : Match on catch block at 0xc3 in for 0xa5
01-08 17:03:13.574 11202 11202 E ArmVmp : Match on catch block at 0xc3 in for 0xa5
01-08 17:03:13.684 11202 11202 E ArmVmp : Match on catch block at 0xc3 in for 0xa9
01-08 17:03:13.692 11202 11202 E ArmVmp : Match on catch block at 0xc3 in for 0xa1
01-08 17:03:13.699 11202 11202 E ArmVmp : Match on catch block at 0xc3 in for 0xa1
01-08 17:03:13.742 11202 11202 E ArmVmp : Match on catch block at 0xc3 in for 0xa1
01-08 17:03:13.750 11202 11202 E ArmVmp : Match on catch block at 0xc3 in for 0xa5
01-08 17:03:13.758 11202 11202 E ArmVmp : Match on catch block at 0xc3 in for 0xa5
01-08 17:03:13.808 11202 11202 E ArmVmp : Match on catch block at 0xc3 in for 0xa5
01-08 17:03:13.816 11202 11202 E ArmVmp : Match on catch block at 0xc3 in for 0xa9
01-08 17:03:13.821 11202 11202 E ArmVmp : Match on catch block at 0xc3 in for 0xa9
01-08 17:03:13.850 11202 11202 E ArmVmp : Match on catch block at 0xc3 in for 0xa1
01-08 17:03:13.856 11202 11202 E ArmVmp : Match on catch block at 0xc3 in for 0xa5
01-08 17:03:13.859 11202 11202 E ArmVmp : Match on catch block at 0xc3 in for 0xa5
01-08 17:03:13.884 11202 11202 E ArmVmp : Match on catch block at 0xc3 in for 0xa9
01-08 17:03:13.889 11202 11202 E ArmVmp : Match on catch block at 0xc3 in for 0xa1
01-08 17:03:13.892 11202 11202 E ArmVmp : Match on catch block at 0xc3 in for 0xa1
01-08 17:03:13.917 11202 11202 E ArmVmp : Match on catch block at 0xc3 in for 0xa1
01-08 17:03:13.922 11202 11202 E ArmVmp : Match on catch block at 0xc3 in for 0xa5
01-08 17:03:13.926 11202 11202 E ArmVmp : Match on catch block at 0xc3 in for 0xa5
01-08 17:03:13.949 11202 11202 E ArmVmp : Match on catch block at 0xc3 in for 0xa9
01-08 17:03:13.955 11202 11202 E ArmVmp : Match on catch block at 0xc3 in for 0xa1
01-08 17:03:13.959 11202 11202 E ArmVmp : Match on catch block at 0xc3 in for 0xa1
01-08 17:03:13.972 11202 11202 E ArmVmp : Match on catch block at 0xc3 in for 0xa5
01-08 17:03:13.977 11202 11202 E ArmVmp : Match on catch block at 0xc3 in for 0xa9
01-08 17:03:13.980 11202 11202 E ArmVmp : Match on catch block at 0xc3 in for 0xa9
01-08 17:03:13.989 11202 11202 E ArmVmp : Match on catch block at 0xc3 in for 0xa1
01-08 17:03:13.995 11202 11202 E ArmVmp : Match on catch block at 0xc3 in for 0xa5
01-08 17:03:13.999 11202 11202 E ArmVmp : Match on catch block at 0xc3 in for 0xa5
01-08 17:03:14.015 11202 11613 W libEGL : EGLNativeWindowType 0x7d2209c010
disconnect failed
01-08 17:03:14.028 11202 11202 E ArmVmp : Match on catch block at 0xc3 in for 0xa9
01-08 17:03:14.032 11202 11202 E ArmVmp : Match on catch block at 0xc3 in for 0xa1
01-08 17:03:14.036 11202 11202 E ArmVmp : Match on catch block at 0xc3 in for 0xa1
01-08 17:03:18.051 11202 11613 W libEGL : EGLNativeWindowType 0x7d2204f010
disconnect failed
01-08 17:38:29.161 11202 11613 W libEGL : EGLNativeWindowType 0x7d5452e010
disconnect failed
01-08 17:38:38.262 11202 11214 W com.whatsapp: Reducing the number of considered
missed Gc histogram windows from 132 to 100
01-08 17:54:28.502 11202 11613 W libEGL : EGLNativeWindowType 0x7d64df7010
disconnect failed
01-08 19:42:50.913 11202 11613 W libEGL : EGLNativeWindowType 0x7d54531010
disconnect failed
01-08 19:42:53.521 11202 11214 W com.whatsapp: Reducing the number of considered
missed Gc histogram windows from 287 to 100
01-08 19:42:54.715 11202 11707 E BitmapFactory: Unable to decode stream:
java.io.FileNotFoundException:
/storage/emulated/0/Android/media/com.whatsapp/WhatsApp/Media/.Links/
ef724b20f53de177a80a183be6cfa925: open failed: ENOENT (No such file or directory)
01-08 19:42:56.530 11202 24739 E SQLiteDatabase: Error inserting dirty_version=-1
version=0 lt_hash=null collection_name=critical_unblock_low
01-08 19:42:56.530 11202 24739 E SQLiteDatabase:
android.database.sqlite.SQLiteConstraintException: UNIQUE constraint failed:
collection_versions.collection_name (code 1555 SQLITE_CONSTRAINT_PRIMARYKEY[1555])
01-08 19:42:56.530 11202 24739 E SQLiteDatabase: at
android.database.sqlite.SQLiteConnection.nativeExecuteForLastInsertedRowId(Native
Method)
01-08 19:42:56.530 11202 24739 E SQLiteDatabase: at
android.database.sqlite.SQLiteConnection.executeForLastInsertedRowId(SQLiteConnecti
on.java:1217)
01-08 19:42:56.530 11202 24739 E SQLiteDatabase: at
android.database.sqlite.SQLiteSession.executeForLastInsertedRowId(SQLiteSession.jav
a:790)
01-08 19:42:56.530 11202 24739 E SQLiteDatabase: at
android.database.sqlite.SQLiteStatement.executeInsert(SQLiteStatement.java:88)
01-08 19:42:56.530 11202 24739 E SQLiteDatabase: at
android.database.sqlite.SQLiteDatabase.insertWithOnConflict(SQLiteDatabase.java:221
9)
01-08 19:42:56.530 11202 24739 E SQLiteDatabase: at
android.database.sqlite.SQLiteDatabase.insert(SQLiteDatabase.java:2088)
01-08 19:42:56.530 11202 24739 E SQLiteDatabase: at X.2tm.A08(Unknown
Source:6)
01-08 19:42:56.530 11202 24739 E SQLiteDatabase: at X.2sR.A03(Unknown
Source:39)
01-08 19:42:56.530 11202 24739 E SQLiteDatabase: at X.2sR.A05(Unknown
Source:14)
01-08 19:42:56.530 11202 24739 E SQLiteDatabase: at X.3eA.run(Unknown
Source:2101)
01-08 19:42:56.530 11202 24739 E SQLiteDatabase: at
java.util.concurrent.ThreadPoolExecutor.runWorker(ThreadPoolExecutor.java:1167)
01-08 19:42:56.530 11202 24739 E SQLiteDatabase: at
java.util.concurrent.ThreadPoolExecutor$Worker.run(ThreadPoolExecutor.java:641)
01-08 19:42:56.530 11202 24739 E SQLiteDatabase: at X.3gH.run(Unknown
Source:1548)
01-08 19:42:56.530 11202 24739 E SQLiteDatabase: at
java.lang.Thread.run(Thread.java:923)
01-08 19:42:57.983 11202 11247 E SQLiteDatabase: Error inserting transferred=0
media_job_uuid=c0971be2-8e44-4fba-a198-5f3eb5ddf957 transcoded=0 gif_attribution=0
first_scan_length=0 direct_path=/v/t62.7161-
24/26620042_903913514592251_7103363980467276348_n.enc?ccb=11-4&oh=01_AdQW2ByqbGJK1-
RdwI7tvwbEk2NU5LQ713JUQyAwrVUO9w&oe=65C3C0B8&_nc_sid=5e03e0
thumbnail_height_width_ratio=1.7777778 is_animated_sticker=0
file_hash=BD/Ik2lnfISvAgPSPPcLXo+3DgUu6/5krK+BmJFXDKU= file_path=null file_size=0
partial_media_hash=null face_x=0 face_y=0 height=1024 trim_to=0
media_key_timestamp=1704745168000 message_url=https://mmg.whatsapp.net/v/t62.7161-
24/26620042_903913514592251_7103363980467276348_n.enc?ccb=11-4&oh=01_AdQW2ByqbGJK1-
RdwI7tvwbEk2NU5LQ713JUQyAwrVUO9w&oe=65C3C0B8&_nc_sid=5e03e0&mms3=true
media_caption=null trim_from=0 mime_type=video/mp4 partial_media_enc_hash=null
width=576 original_file_hash=null has_streaming_sidecar=1
autotransfer_retry_enabled=0 media_upload_handle=null message_row_id=93777
multicast_id=null enc_file_hash=IRO5Cgbj2PNia2cJP6nSKI60A6cT/RGCngkXw6vpxXU=
mute_video=0 page_count=0 first_scan_sidecar=null suspicious_content=0
file_length=2570954 media_name=null media_duration=11 chat_row_id=105
media_key=[B@f23a20b
01-08 19:42:57.983 11202 11247 E SQLiteDatabase:
android.database.sqlite.SQLiteConstraintException: UNIQUE constraint failed:
message_media.message_row_id (code 1555 SQLITE_CONSTRAINT_PRIMARYKEY[1555])
01-08 19:42:57.983 11202 11247 E SQLiteDatabase: at
android.database.sqlite.SQLiteConnection.nativeExecuteForLastInsertedRowId(Native
Method)
01-08 19:42:57.983 11202 11247 E SQLiteDatabase: at
android.database.sqlite.SQLiteConnection.executeForLastInsertedRowId(SQLiteConnecti
on.java:1217)
01-08 19:42:57.983 11202 11247 E SQLiteDatabase: at
android.database.sqlite.SQLiteSession.executeForLastInsertedRowId(SQLiteSession.jav
a:790)
01-08 19:42:57.983 11202 11247 E SQLiteDatabase: at
android.database.sqlite.SQLiteStatement.executeInsert(SQLiteStatement.java:88)
01-08 19:42:57.983 11202 11247 E SQLiteDatabase: at
android.database.sqlite.SQLiteDatabase.insertWithOnConflict(SQLiteDatabase.java:221
9)
01-08 19:42:57.983 11202 11247 E SQLiteDatabase: at
android.database.sqlite.SQLiteDatabase.insert(SQLiteDatabase.java:2088)
01-08 19:42:57.983 11202 11247 E SQLiteDatabase: at X.2tm.A08(Unknown
Source:6)
01-08 19:42:57.983 11202 11247 E SQLiteDatabase: at X.35Y.A07(Unknown
Source:212)
01-08 19:42:57.983 11202 11247 E SQLiteDatabase: at X.3QF.A14(Unknown
Source:470)
01-08 19:42:57.983 11202 11247 E SQLiteDatabase: at X.3gU.run(Unknown
Source:982)
01-08 19:42:57.983 11202 11247 E SQLiteDatabase: at
android.os.Handler.handleCallback(Handler.java:938)
01-08 19:42:57.983 11202 11247 E SQLiteDatabase: at
android.os.Handler.dispatchMessage(Handler.java:99)
01-08 19:42:57.983 11202 11247 E SQLiteDatabase: at
X.0zq.dispatchMessage(Unknown Source:4)
01-08 19:42:57.983 11202 11247 E SQLiteDatabase: at
android.os.Looper.loop(Looper.java:246)
01-08 19:42:57.983 11202 11247 E SQLiteDatabase: at
android.os.HandlerThread.run(HandlerThread.java:67)
01-08 19:43:00.051 11202 11202 E ArmVmp : Match on catch block at 0x0a in for 0xc1
01-08 19:43:00.098 11202 11202 E ArmVmp : Match on catch block at 0x0a in for 0xc9
01-08 19:43:01.363 11202 11202 E ArmVmp : Match on catch block at 0xc3 in for 0xb9
01-08 19:43:01.390 11202 11202 E ArmVmp : Match on catch block at 0xc3 in for 0xb9
01-08 19:43:01.398 11202 11202 E ArmVmp : Match on catch block at 0xc3 in for 0xb9
01-08 19:43:01.494 11202 11247 E SQLiteDatabase: Error inserting transferred=0
media_job_uuid=c0971be2-8e44-4fba-a198-5f3eb5ddf957 transcoded=0 gif_attribution=0
first_scan_length=0 direct_path=/v/t62.7161-
24/26620042_903913514592251_7103363980467276348_n.enc?ccb=11-4&oh=01_AdQW2ByqbGJK1-
RdwI7tvwbEk2NU5LQ713JUQyAwrVUO9w&oe=65C3C0B8&_nc_sid=5e03e0
thumbnail_height_width_ratio=1.7777778 is_animated_sticker=0
file_hash=BD/Ik2lnfISvAgPSPPcLXo+3DgUu6/5krK+BmJFXDKU= file_path=null file_size=0
partial_media_hash=null face_x=0 face_y=0 height=1024 trim_to=0
media_key_timestamp=1704745168000 message_url=https://mmg.whatsapp.net/v/t62.7161-
24/26620042_903913514592251_7103363980467276348_n.enc?ccb=11-4&oh=01_AdQW2ByqbGJK1-
RdwI7tvwbEk2NU5LQ713JUQyAwrVUO9w&oe=65C3C0B8&_nc_sid=5e03e0&mms3=true
media_caption=null trim_from=0 mime_type=video/mp4 partial_media_enc_hash=null
width=576 original_file_hash=null has_streaming_sidecar=1
autotransfer_retry_enabled=0 media_upload_handle=null message_row_id=93777
multicast_id=null enc_file_hash=IRO5Cgbj2PNia2cJP6nSKI60A6cT/RGCngkXw6vpxXU=
mute_video=0 page_count=0 first_scan_sidecar=null suspicious_content=0
file_length=2570954 media_name=null media_duration=11 chat_row_id=105
media_key=[B@f23a20b
01-08 19:43:01.494 11202 11247 E SQLiteDatabase:
android.database.sqlite.SQLiteConstraintException: UNIQUE constraint failed:
message_media.message_row_id (code 1555 SQLITE_CONSTRAINT_PRIMARYKEY[1555])
01-08 19:43:01.494 11202 11247 E SQLiteDatabase: at
android.database.sqlite.SQLiteConnection.nativeExecuteForLastInsertedRowId(Native
Method)
01-08 19:43:01.494 11202 11247 E SQLiteDatabase: at
android.database.sqlite.SQLiteConnection.executeForLastInsertedRowId(SQLiteConnecti
on.java:1217)
01-08 19:43:01.494 11202 11247 E SQLiteDatabase: at
android.database.sqlite.SQLiteSession.executeForLastInsertedRowId(SQLiteSession.jav
a:790)
01-08 19:43:01.494 11202 11247 E SQLiteDatabase: at
android.database.sqlite.SQLiteStatement.executeInsert(SQLiteStatement.java:88)
01-08 19:43:01.494 11202 11247 E SQLiteDatabase: at
android.database.sqlite.SQLiteDatabase.insertWithOnConflict(SQLiteDatabase.java:221
9)
01-08 19:43:01.494 11202 11247 E SQLiteDatabase: at
android.database.sqlite.SQLiteDatabase.insert(SQLiteDatabase.java:2088)
01-08 19:43:01.494 11202 11247 E SQLiteDatabase: at X.2tm.A08(Unknown
Source:6)
01-08 19:43:01.494 11202 11247 E SQLiteDatabase: at X.35Y.A07(Unknown
Source:212)
01-08 19:43:01.494 11202 11247 E SQLiteDatabase: at X.3QF.A14(Unknown
Source:470)
01-08 19:43:01.494 11202 11247 E SQLiteDatabase: at X.3gU.run(Unknown
Source:982)
01-08 19:43:01.494 11202 11247 E SQLiteDatabase: at
android.os.Handler.handleCallback(Handler.java:938)
01-08 19:43:01.494 11202 11247 E SQLiteDatabase: at
android.os.Handler.dispatchMessage(Handler.java:99)
01-08 19:43:01.494 11202 11247 E SQLiteDatabase: at
X.0zq.dispatchMessage(Unknown Source:4)
01-08 19:43:01.494 11202 11247 E SQLiteDatabase: at
android.os.Looper.loop(Looper.java:246)
01-08 19:43:01.494 11202 11247 E SQLiteDatabase: at
android.os.HandlerThread.run(HandlerThread.java:67)
01-08 19:43:01.769 11202 11202 E ArmVmp : Match on catch block at 0xc3 in for 0xa1
01-08 19:43:01.775 11202 11202 E ArmVmp : Match on catch block at 0xc3 in for 0xa5
01-08 19:43:01.783 11202 11202 E ArmVmp : Match on catch block at 0xc3 in for 0xa5
01-08 19:43:02.774 11202 11202 E ArmVmp : Match on catch block at 0x0a in for 0xc5
01-08 19:43:02.779 11202 11202 E ArmVmp : Match on catch block at 0x0a in for 0xc1
01-08 19:43:02.966 11202 11202 E ArmVmp : Match on catch block at 0xc3 in for 0xa9
01-08 19:43:02.972 11202 11202 E ArmVmp : Match on catch block at 0xc3 in for 0xa1
01-08 19:43:02.979 11202 11202 E ArmVmp : Match on catch block at 0xc3 in for 0xa1
01-08 19:43:03.585 11202 11202 E ArmVmp : Match on catch block at 0xc3 in for 0xb1
01-08 19:43:03.592 11202 11202 E ArmVmp : Match on catch block at 0xc3 in for 0xb1
01-08 19:43:03.600 11202 11202 E ArmVmp : Match on catch block at 0xc3 in for 0xb1
01-08 19:43:03.759 11202 11202 E ArmVmp : Match on catch block at 0xc3 in for 0xa5
01-08 19:43:03.765 11202 11202 E ArmVmp : Match on catch block at 0xc3 in for 0xa9
01-08 19:43:03.770 11202 11202 E ArmVmp : Match on catch block at 0xc3 in for 0xa9
01-08 19:43:04.342 11202 11202 E ArmVmp : Match on catch block at 0xc3 in for 0xa5
01-08 19:43:04.353 11202 11202 E ArmVmp : Match on catch block at 0xc3 in for 0xa9
01-08 19:43:04.359 11202 11202 E ArmVmp : Match on catch block at 0xc3 in for 0xa9
01-08 19:43:04.520 11202 11613 W libEGL : EGLNativeWindowType 0x7d547f9010
disconnect failed
01-08 19:43:04.558 11202 11202 E ArmVmp : Match on catch block at 0xc3 in for 0xa1
01-08 19:43:04.569 11202 11202 E ArmVmp : Match on catch block at 0xc3 in for 0xa5
01-08 19:43:04.575 11202 11202 E ArmVmp : Match on catch block at 0xc3 in for 0xa5
01-08 19:43:05.290 11202 11202 E ArmVmp : Match on catch block at 0xc3 in for 0xa9
01-08 19:43:05.301 11202 11202 E ArmVmp : Match on catch block at 0xc3 in for 0xa1
01-08 19:43:05.308 11202 11202 E ArmVmp : Match on catch block at 0xc3 in for 0xa1
01-08 19:43:05.550 11202 11613 W libEGL : EGLNativeWindowType 0x7d54531010
disconnect failed
01-08 19:43:05.570 11202 11202 E ArmVmp : Match on catch block at 0xc3 in for 0xa5
01-08 19:43:05.580 11202 11202 E ArmVmp : Match on catch block at 0xc3 in for 0xa9
01-08 19:43:05.586 11202 11202 E ArmVmp : Match on catch block at 0xc3 in for 0xa9
01-08 19:43:05.739 11202 11202 E ArmVmp : Match on catch block at 0xc3 in for 0xa9
01-08 19:43:05.749 11202 11202 E ArmVmp : Match on catch block at 0xc3 in for 0xa1
01-08 19:43:05.755 11202 11202 E ArmVmp : Match on catch block at 0xc3 in for 0xa1
01-08 19:43:06.173 11202 11202 E ArmVmp : Match on catch block at 0xc3 in for 0xa9
01-08 19:43:06.179 11202 11202 E ArmVmp : Match on catch block at 0xc3 in for 0xa1
01-08 19:43:06.183 11202 11202 E ArmVmp : Match on catch block at 0xc3 in for 0xa1
01-08 19:43:06.246 11202 11202 E ArmVmp : Match on catch block at 0xc3 in for 0xa9
01-08 19:43:06.254 11202 11202 E ArmVmp : Match on catch block at 0xc3 in for 0xa1
01-08 19:43:06.257 11202 11202 E ArmVmp : Match on catch block at 0xc3 in for 0xa1
01-08 19:43:06.398 11202 11202 E ArmVmp : Match on catch block at 0xc3 in for 0xa5
01-08 19:43:06.405 11202 11202 E ArmVmp : Match on catch block at 0xc3 in for 0xa9
01-08 19:43:06.409 11202 11202 E ArmVmp : Match on catch block at 0xc3 in for 0xa9
01-08 19:43:06.471 11202 11202 E ArmVmp : Match on catch block at 0xc3 in for 0xa5
01-08 19:43:06.477 11202 11202 E ArmVmp : Match on catch block at 0xc3 in for 0xa9
01-08 19:43:06.482 11202 11202 E ArmVmp : Match on catch block at 0xc3 in for 0xa9
01-08 19:43:06.716 11202 11613 W libEGL : EGLNativeWindowType 0x7d64dcd010
disconnect failed
01-08 19:43:06.766 11202 11613 W libEGL : EGLNativeWindowType 0x7d64dcd010
disconnect failed
01-08 19:43:06.794 11202 11613 W libEGL : EGLNativeWindowType 0x7d64dcd010
disconnect failed
01-08 19:43:06.812 11202 11613 W libEGL : EGLNativeWindowType 0x7d49516010
disconnect failed
01-08 19:43:06.825 11202 11202 E ArmVmp : Match on catch block at 0xc3 in for 0xa5
01-08 19:43:06.830 11202 11202 E ArmVmp : Match on catch block at 0xc3 in for 0xa9
01-08 19:43:06.833 11202 11202 E ArmVmp : Match on catch block at 0xc3 in for 0xa9
01-08 19:43:07.054 11202 11613 W libEGL : EGLNativeWindowType 0x7d64dcd010
disconnect failed
01-08 19:43:08.571 11202 11613 W libEGL : EGLNativeWindowType 0x7d64dcd010
disconnect failed
01-08 19:43:11.533 11202 11613 W libEGL : EGLNativeWindowType 0x7d64dfc010
disconnect failed
01-08 19:43:39.761 11202 13918 W com.whatsapp: Long monitor contention with owner
WhatsApp Worker #24 (21486) at void X.3GC.A01(X.31B)(:-1) waiters=0 in void
X.3fp.run() for 258ms
01-08 19:46:57.838 11202 11613 W libEGL : EGLNativeWindowType 0x7d38c4d010
disconnect failed
01-08 20:28:04.704 11202 11214 W com.whatsapp: Reducing the number of considered
missed Gc histogram windows from 140 to 100
01-08 21:17:42.293 11202 11214 W com.whatsapp: Reducing the number of considered
missed Gc histogram windows from 222 to 100
01-08 21:46:57.134 11202 13767 W SQLiteLog: (28) double-quoted string literal:
"B2D9BA9E80FDEF2025DD63179B832D94"
01-08 21:46:57.134 11202 13767 W SQLiteLog: (28) double-quoted string literal:
"D19C9D40359B383A0B32E849E1658C89"
01-08 21:46:57.134 11202 13767 W SQLiteLog: (28) double-quoted string literal:
"3A36C70121628230DDD5"
01-08 21:46:57.134 11202 13767 W SQLiteLog: (28) double-quoted string literal:
"3AC7124E5C51DB8C96D6"
01-08 21:46:57.134 11202 13767 W SQLiteLog: (28) double-quoted string literal:
"3A4B23EB3F7B0D06372B"
01-08 21:46:57.134 11202 13767 W SQLiteLog: (28) double-quoted string literal:
"3ABDA4F4F86E76C5BEBD"
01-08 21:46:57.134 11202 13767 W SQLiteLog: (28) double-quoted string literal:
"3AB568DBCC52CF5935E7"
01-08 21:46:57.134 11202 13767 W SQLiteLog: (28) double-quoted string literal:
"3A727ADA64CE4F7FA717"
01-08 21:46:57.134 11202 13767 W SQLiteLog: (28) double-quoted string literal:
"3AD55995358F941C489C"
01-08 21:46:57.134 11202 13767 W SQLiteLog: (28) double-quoted string literal:
"3A4CA458D819BDBF956E"
01-08 21:46:57.134 11202 13767 W SQLiteLog: (28) double-quoted string literal:
"3ABAB89C98C6B1384130"
01-08 21:46:57.134 11202 13767 W SQLiteLog: (28) double-quoted string literal:
"3A4B59489705EC7F7D0E"
01-08 21:46:57.134 11202 13767 W SQLiteLog: (28) double-quoted string literal:
"3A4B2E4E1D611DAAD57E"
01-08 21:46:57.134 11202 13767 W SQLiteLog: (28) double-quoted string literal:
"3A8B3187F3D25A618AF8"
01-08 21:46:57.134 11202 13767 W SQLiteLog: (28) double-quoted string literal:
"3A33E691B930C5FCFFA4"
01-08 21:46:57.134 11202 13767 W SQLiteLog: (28) double-quoted string literal:
"3AD6A05F684512462851"
01-08 21:46:57.134 11202 13767 W SQLiteLog: (28) double-quoted string literal:
"3A5C012BE802A44B0564"
01-08 21:46:57.134 11202 13767 W SQLiteLog: (28) double-quoted string literal:
"3A8BD721E195E4C1DE86"
01-08 21:46:57.134 11202 13767 W SQLiteLog: (28) double-quoted string literal:
"3A4C63F89232BCD60411"
01-08 21:46:57.134 11202 13767 W SQLiteLog: (28) double-quoted string literal:
"3AB656376A2A9AE8307B"
01-08 21:46:57.134 11202 13767 W SQLiteLog: (28) double-quoted string literal:
"3A8B448FB8E590B9EF69"
01-08 21:46:57.134 11202 13767 W SQLiteLog: (28) double-quoted string literal:
"3A0BA6A4FDF9D535D602"
01-08 21:46:57.134 11202 13767 W SQLiteLog: (28) double-quoted string literal:
"3A1DE841F626712FEFA1"
01-08 21:46:57.134 11202 13767 W SQLiteLog: (28) double-quoted string literal:
"3AC20D29FC68B434FCE2"
01-08 21:46:57.134 11202 13767 W SQLiteLog: (28) double-quoted string literal:
"3AC7CF256CE6510C9600"
01-08 21:46:57.134 11202 13767 W SQLiteLog: (28) double-quoted string literal:
"3A35B98AF0A1C6FE8299"
01-08 21:46:57.134 11202 13767 W SQLiteLog: (28) double-quoted string literal:
"3AD2E8702020A9F1E4FC"
01-08 21:46:57.134 11202 13767 W SQLiteLog: (28) double-quoted string literal:
"3A6CF1F70DBAE5E8FE7A"
01-08 21:46:57.134 11202 13767 W SQLiteLog: (28) double-quoted string literal:
"3ABA155D7101465E2AFA"
01-08 21:46:57.134 11202 13767 W SQLiteLog: (28) double-quoted string literal:
"3A9468E36AB7A9D3EF05"
01-08 21:46:57.134 11202 13767 W SQLiteLog: (28) double-quoted string literal:
"3AB9762FBF4C8081DA0C"
01-08 21:46:57.134 11202 13767 W SQLiteLog: (28) double-quoted string literal:
"3A03B5145A3FEEC3238B"
01-08 21:46:57.134 11202 13767 W SQLiteLog: (28) double-quoted string literal:
"3AA1164A06356BD20727"
01-08 21:46:57.134 11202 13767 W SQLiteLog: (28) double-quoted string literal:
"3AD0D09DF745EA7E9168"
01-08 21:46:57.134 11202 13767 W SQLiteLog: (28) double-quoted string literal:
"3AD4DD374C7950A76132"
01-08 21:46:57.134 11202 13767 W SQLiteLog: (28) double-quoted string literal:
"3A3E6091938E76F61F1F"
01-08 21:46:57.134 11202 13767 W SQLiteLog: (28) double-quoted string literal:
"3A9D8074F890B48DAFE8"
01-08 21:46:57.134 11202 13767 W SQLiteLog: (28) double-quoted string literal:
"3A3DEC1FC95E27057438"
01-08 21:46:57.134 11202 13767 W SQLiteLog: (28) double-quoted string literal:
"3A6DFE4E07B38256DA72"
01-08 21:46:57.134 11202 13767 W SQLiteLog: (28) double-quoted string literal:
"3A17C3200277FA2F7A38"
01-08 21:46:57.134 11202 13767 W SQLiteLog: (28) double-quoted string literal:
"3AD280A4F12C199CD77D"
01-08 21:46:57.134 11202 13767 W SQLiteLog: (28) double-quoted string literal:
"3AE1E9ECD3CD15FF1061"
01-08 21:46:57.134 11202 13767 W SQLiteLog: (28) double-quoted string literal:
"3A649D75B433898A3602"
01-08 21:46:57.134 11202 13767 W SQLiteLog: (28) double-quoted string literal:
"3AC44D39961008D37F9E"
01-08 21:46:57.134 11202 13767 W SQLiteLog: (28) double-quoted string literal:
"3A104EC56244B7108540"
01-08 21:46:57.134 11202 13767 W SQLiteLog: (28) double-quoted string literal:
"3A1250E221DC678C768A"
01-08 21:46:57.134 11202 13767 W SQLiteLog: (28) double-quoted string literal:
"3A06FD156F030AF585C8"
01-08 21:46:57.134 11202 13767 W SQLiteLog: (28) double-quoted string literal:
"3AD0EC32539C5871EA6B"
01-08 21:46:57.134 11202 13767 W SQLiteLog: (28) double-quoted string literal:
"3ABFBB4464F7DB6C1136"
01-08 21:46:57.134 11202 13767 W SQLiteLog: (28) double-quoted string literal:
"3AFAC48BA0CF8136155A"
01-08 21:46:57.134 11202 13767 W SQLiteLog: (28) double-quoted string literal:
"3A6D2179954825C708FE"
01-08 21:46:57.134 11202 13767 W SQLiteLog: (28) double-quoted string literal:
"3ACD4C662B346A0ADE93"
01-08 22:15:23.561 11202 11214 W com.whatsapp: Reducing the number of considered
missed Gc histogram windows from 114 to 100
01-08 22:31:13.124 11202 11613 W libEGL : EGLNativeWindowType 0x7d5465b010
disconnect failed
01-08 22:31:13.176 11202 11613 W libEGL : EGLNativeWindowType 0x7d5465b010
disconnect failed
01-08 22:31:13.215 11202 11613 W libEGL : EGLNativeWindowType 0x7d5465b010
disconnect failed
01-08 22:31:13.259 11202 11613 W libEGL : EGLNativeWindowType 0x7d5465b010
disconnect failed
01-08 22:31:13.304 11202 11613 W libEGL : EGLNativeWindowType 0x7d5465b010
disconnect failed
01-08 22:31:13.345 11202 11613 W libEGL : EGLNativeWindowType 0x7d5465b010
disconnect failed
01-08 22:31:13.388 11202 11613 W libEGL : EGLNativeWindowType 0x7d5465b010
disconnect failed
01-08 22:31:13.429 11202 11613 W libEGL : EGLNativeWindowType 0x7d5465b010
disconnect failed
01-08 22:31:14.383 11202 11613 W libEGL : EGLNativeWindowType 0x7d5465b010
disconnect failed
01-08 22:32:00.393 11202 11613 W libEGL : EGLNativeWindowType 0x7d22476010
disconnect failed
01-08 22:43:44.085 11202 11202 E ArmVmp : Match on catch block at 0x0a in for 0xc9
01-08 22:43:44.091 11202 11202 E ArmVmp : Match on catch block at 0x0a in for 0xc5
01-08 22:43:44.734 11202 11202 E ArmVmp : Match on catch block at 0xc3 in for 0xb9
01-08 22:43:44.749 11202 11202 E ArmVmp : Match on catch block at 0xc3 in for 0xb9
01-08 22:43:44.756 11202 11202 E ArmVmp : Match on catch block at 0xc3 in for 0xb9
01-08 22:43:45.047 11202 11202 E ArmVmp : Match on catch block at 0xc3 in for 0xa5
01-08 22:43:45.055 11202 11202 E ArmVmp : Match on catch block at 0xc3 in for 0xa9
01-08 22:43:45.061 11202 11202 E ArmVmp : Match on catch block at 0xc3 in for 0xa9
01-08 22:43:45.155 11202 11613 W libEGL : EGLNativeWindowType 0x7deda4f010
disconnect failed
01-08 22:43:45.165 11202 11202 E ArmVmp : Match on catch block at 0xc3 in for 0xa5
01-08 22:43:45.180 11202 11202 E ArmVmp : Match on catch block at 0xc3 in for 0xa9
01-08 22:43:45.186 11202 11202 E ArmVmp : Match on catch block at 0xc3 in for 0xa9
01-08 22:43:45.328 11202 11202 E ArmVmp : Match on catch block at 0xc3 in for 0xa1
01-08 22:43:45.341 11202 11202 E ArmVmp : Match on catch block at 0xc3 in for 0xa5
01-08 22:43:45.351 11202 11202 E ArmVmp : Match on catch block at 0xc3 in for 0xa5
