01-08 11:52:39.859 3070 3070 E ArmVmp : Match on catch block at 0xc3 in for 0xa5
01-08 11:52:39.968 3070 3070 E ArmVmp : Match on catch block at 0xc3 in for 0xa1
01-08 11:52:39.973 3070 3070 E ArmVmp : Match on catch block at 0xc3 in for 0xa5
01-08 11:52:40.008 3070 3070 E ArmVmp : Match on catch block at 0xc3 in for 0xa9
01-08 11:52:40.015 3070 3070 E ArmVmp : Match on catch block at 0xc3 in for 0xa1
01-08 11:52:40.024 3070 3070 E ArmVmp : Match on catch block at 0xc3 in for 0xa9
01-08 11:52:40.031 3070 3070 E ArmVmp : Match on catch block at 0xc3 in for 0xa1
01-08 11:52:40.050 3070 3070 E ArmVmp : Match on catch block at 0xc3 in for 0xa9
01-08 11:52:40.060 3070 3070 E ArmVmp : Match on catch block at 0xc3 in for 0xa1
01-08 11:52:40.078 3070 3070 E ArmVmp : Match on catch block at 0xc3 in for 0xa1
01-08 11:52:40.082 3070 3070 E ArmVmp : Match on catch block at 0xc3 in for 0xa5
01-08 11:52:40.102 3070 3070 E ArmVmp : Match on catch block at 0xc3 in for 0xa1
01-08 11:52:40.113 3070 3070 E ArmVmp : Match on catch block at 0xc3 in for 0xa5
01-08 11:52:40.137 3070 3070 E ArmVmp : Match on catch block at 0xc3 in for 0xa9
01-08 11:52:40.144 3070 3070 E ArmVmp : Match on catch block at 0xc3 in for 0xa1
01-08 11:52:40.156 3070 3070 E ArmVmp : Match on catch block at 0xc3 in for 0xa9
01-08 11:52:40.160 3070 3621 W MediaPlayer: Use of stream types is deprecated for
operations other than volume control
01-08 11:52:40.160 3070 3621 W MediaPlayer: See the documentation of
setAudioStreamType() for what to use instead with android.media.AudioAttributes to
qualify your playback use case
01-08 11:52:40.166 3070 3070 E ArmVmp : Match on catch block at 0xc3 in for 0xa1
01-08 11:52:40.187 3070 3070 E ArmVmp : Match on catch block at 0xc3 in for 0xa5
01-08 11:52:40.192 3070 3070 E ArmVmp : Match on catch block at 0xc3 in for 0xa9
01-08 11:52:40.211 3070 3070 E ArmVmp : Match on catch block at 0xc3 in for 0xa9
01-08 11:52:40.216 3070 3070 E ArmVmp : Match on catch block at 0xc3 in for 0xa1
01-08 11:52:40.217 3070 3497 W MediaPlayerNative: info/warning (10973, 0)
01-08 11:52:40.441 3070 3070 E ArmVmp : Match on catch block at 0xc3 in for 0xa1
01-08 11:52:40.445 3070 3070 E ArmVmp : Match on catch block at 0xc3 in for 0xa5
01-08 11:52:40.604 3070 3070 E ArmVmp : Match on catch block at 0xc3 in for 0xa5
01-08 11:52:40.614 3070 3070 E ArmVmp : Match on catch block at 0xc3 in for 0xa9
01-08 11:52:40.684 3070 3070 E ArmVmp : Match on catch block at 0xc3 in for 0xa9
01-08 11:52:40.688 3070 3070 E ArmVmp : Match on catch block at 0xc3 in for 0xa1
01-08 11:52:40.726 3070 3070 E ArmVmp : Match on catch block at 0xc3 in for 0xa9
01-08 11:52:40.731 3070 3070 E ArmVmp : Match on catch block at 0xc3 in for 0xa1
01-08 11:52:40.808 3070 3070 E ArmVmp : Match on catch block at 0xc3 in for 0xa1
01-08 11:52:40.815 3070 3070 E ArmVmp : Match on catch block at 0xc3 in for 0xa5
01-08 11:52:40.843 3070 3070 E ArmVmp : Match on catch block at 0xc3 in for 0xa1
01-08 11:52:40.848 3070 3070 E ArmVmp : Match on catch block at 0xc3 in for 0xa5
01-08 11:52:40.858 3070 3070 E ArmVmp : Match on catch block at 0xc3 in for 0xa1
01-08 11:52:40.863 3070 3070 E ArmVmp : Match on catch block at 0xc3 in for 0xa5
01-08 11:52:40.871 3070 3070 E ArmVmp : Match on catch block at 0xc3 in for 0xa1
01-08 11:52:40.878 3070 3070 E ArmVmp : Match on catch block at 0xc3 in for 0xa5
01-08 11:52:40.888 3070 3070 E ArmVmp : Match on catch block at 0xc3 in for 0xa1
01-08 11:52:40.892 3070 3070 E ArmVmp : Match on catch block at 0xc3 in for 0xa5
01-08 11:52:40.912 3070 3070 E ArmVmp : Match on catch block at 0xc3 in for 0xa5
01-08 11:52:40.917 3070 3070 E ArmVmp : Match on catch block at 0xc3 in for 0xa9
01-08 11:52:40.928 3070 3070 E ArmVmp : Match on catch block at 0xc3 in for 0xa5
01-08 11:52:40.933 3070 3070 E ArmVmp : Match on catch block at 0xc3 in for 0xa9
01-08 11:52:40.944 3070 3070 E ArmVmp : Match on catch block at 0xc3 in for 0xa5
01-08 11:52:40.949 3070 3070 E ArmVmp : Match on catch block at 0xc3 in for 0xa9
01-08 11:52:40.960 3070 3070 E ArmVmp : Match on catch block at 0xc3 in for 0xa5
01-08 11:52:40.966 3070 3070 E ArmVmp : Match on catch block at 0xc3 in for 0xa9
01-08 11:52:40.977 3070 3070 E ArmVmp : Match on catch block at 0xc3 in for 0xa5
01-08 11:52:40.982 3070 3070 E ArmVmp : Match on catch block at 0xc3 in for 0xa9
01-08 11:52:40.993 3070 3070 E ArmVmp : Match on catch block at 0xc3 in for 0xa5
01-08 11:52:40.998 3070 3070 E ArmVmp : Match on catch block at 0xc3 in for 0xa9
01-08 11:52:41.009 3070 3070 E ArmVmp : Match on catch block at 0xc3 in for 0xa5
01-08 11:52:41.018 3070 3070 E ArmVmp : Match on catch block at 0xc3 in for 0xa9
01-08 11:52:41.032 3070 3070 E ArmVmp : Match on catch block at 0xc3 in for 0xa5
01-08 11:52:41.040 3070 3070 E ArmVmp : Match on catch block at 0xc3 in for 0xa9
01-08 11:52:41.053 3070 3070 E ArmVmp : Match on catch block at 0xc3 in for 0xa5
01-08 11:52:41.058 3070 3070 E ArmVmp : Match on catch block at 0xc3 in for 0xa9
01-08 11:52:41.070 3070 3070 E ArmVmp : Match on catch block at 0xc3 in for 0xa5
01-08 11:52:41.080 3070 3070 E ArmVmp : Match on catch block at 0xc3 in for 0xa9
01-08 11:52:41.086 3070 3070 E ArmVmp : Match on catch block at 0xc3 in for 0xa5
01-08 11:52:41.092 3070 3070 E ArmVmp : Match on catch block at 0xc3 in for 0xa9
01-08 11:52:41.102 3070 3070 E ArmVmp : Match on catch block at 0xc3 in for 0xa5
01-08 11:52:41.111 3070 3070 E ArmVmp : Match on catch block at 0xc3 in for 0xa9
01-08 11:52:41.128 3070 3070 E ArmVmp : Match on catch block at 0xc3 in for 0xa1
01-08 11:52:41.133 3070 3070 E ArmVmp : Match on catch block at 0xc3 in for 0xa5
01-08 11:52:41.149 3070 3070 E ArmVmp : Match on catch block at 0xc3 in for 0xa9
01-08 11:52:41.154 3070 3070 E ArmVmp : Match on catch block at 0xc3 in for 0xa1
01-08 11:52:41.163 3070 3070 E ArmVmp : Match on catch block at 0xc3 in for 0xa9
01-08 11:52:41.168 3070 3070 E ArmVmp : Match on catch block at 0xc3 in for 0xa1
01-08 11:52:41.204 3070 3541 W libEGL : EGLNativeWindowType 0x7d8e433010
disconnect failed
01-08 11:52:41.294 3070 3070 E ArmVmp : Match on catch block at 0xc3 in for 0xa9
01-08 11:52:41.301 3070 3070 E ArmVmp : Match on catch block at 0xc3 in for 0xa1
01-08 11:52:41.393 3070 3070 E ArmVmp : Match on catch block at 0xc3 in for 0xa1
01-08 11:52:41.401 3070 3070 E ArmVmp : Match on catch block at 0xc3 in for 0xa5
01-08 11:52:41.550 3070 3070 E ArmVmp : Match on catch block at 0xc3 in for 0xa5
01-08 11:52:41.557 3070 3070 E ArmVmp : Match on catch block at 0xc3 in for 0xa9
01-08 11:52:41.679 3070 3070 E ArmVmp : Match on catch block at 0xc3 in for 0xa9
01-08 11:52:41.683 3070 3070 E ArmVmp : Match on catch block at 0xc3 in for 0xa1
01-08 11:52:41.805 3070 3070 E ArmVmp : Match on catch block at 0xc3 in for 0xa1
01-08 11:52:41.811 3070 3070 E ArmVmp : Match on catch block at 0xc3 in for 0xa5
01-08 11:52:42.018 3070 3070 E ArmVmp : Match on catch block at 0xc3 in for 0xa5
01-08 11:52:42.026 3070 3070 E ArmVmp : Match on catch block at 0xc3 in for 0xa9
01-08 11:52:42.086 3070 3070 E ArmVmp : Match on catch block at 0xc3 in for 0xa5
01-08 11:52:42.090 3070 3070 E ArmVmp : Match on catch block at 0xc3 in for 0xa9
01-08 11:52:42.103 3070 3070 W IInputConnectionWrapper: getExtractedText on
inactive InputConnection
01-08 11:52:42.124 3070 3070 E ArmVmp : Match on catch block at 0xc3 in for 0xa1
01-08 11:52:42.132 3070 3070 E ArmVmp : Match on catch block at 0xc3 in for 0xa5
01-08 11:52:42.142 3070 3070 E ArmVmp : Match on catch block at 0xc3 in for 0xa1
01-08 11:52:42.149 3070 3070 E ArmVmp : Match on catch block at 0xc3 in for 0xa5
01-08 11:52:42.237 3070 3070 E ArmVmp : Match on catch block at 0xc3 in for 0xa1
01-08 11:52:42.242 3070 3070 E ArmVmp : Match on catch block at 0xc3 in for 0xa5
01-08 11:52:42.269 3070 3070 E ArmVmp : Match on catch block at 0xc3 in for 0xa9
01-08 11:52:42.273 3070 3070 E ArmVmp : Match on catch block at 0xc3 in for 0xa1
01-08 11:52:42.287 3070 3070 E ArmVmp : Match on catch block at 0xc3 in for 0xa9
01-08 11:52:42.294 3070 3070 E ArmVmp : Match on catch block at 0xc3 in for 0xa1
01-08 11:52:42.308 3070 3070 E ArmVmp : Match on catch block at 0xc3 in for 0xa9
01-08 11:52:42.313 3070 3070 E ArmVmp : Match on catch block at 0xc3 in for 0xa1
01-08 11:52:42.381 3070 3070 E ArmVmp : Match on catch block at 0xc3 in for 0xa9
01-08 11:52:42.385 3070 3070 E ArmVmp : Match on catch block at 0xc3 in for 0xa1
01-08 11:52:42.392 3070 3070 E ArmVmp : Match on catch block at 0xc3 in for 0xa9
01-08 11:52:42.397 3070 3070 E ArmVmp : Match on catch block at 0xc3 in for 0xa1
01-08 11:52:42.578 3070 3070 E ArmVmp : Match on catch block at 0xc3 in for 0xa9
01-08 11:52:42.601 3070 3070 E ArmVmp : Match on catch block at 0xc3 in for 0xa1
01-08 11:52:42.810 3070 3070 E ArmVmp : Match on catch block at 0xc3 in for 0xa5
01-08 11:52:42.818 3070 3070 E ArmVmp : Match on catch block at 0xc3 in for 0xa9
01-08 11:52:42.834 3070 3070 E ArmVmp : Match on catch block at 0xc3 in for 0xa5
01-08 11:52:42.838 3070 3621 W MediaPlayer: Use of stream types is deprecated for
operations other than volume control
01-08 11:52:42.838 3070 3621 W MediaPlayer: See the documentation of
setAudioStreamType() for what to use instead with android.media.AudioAttributes to
qualify your playback use case
01-08 11:52:42.842 3070 3070 E ArmVmp : Match on catch block at 0xc3 in for 0xa9
01-08 11:52:42.887 3070 10868 W MediaPlayerNative: info/warning (10973, 0)
01-08 11:52:43.077 3070 3070 E ArmVmp : Match on catch block at 0xc3 in for 0xa5
01-08 11:52:43.082 3070 3070 E ArmVmp : Match on catch block at 0xc3 in for 0xa9
01-08 11:52:43.107 3070 3070 E ArmVmp : Match on catch block at 0xc3 in for 0xa5
01-08 11:52:43.113 3070 3070 E ArmVmp : Match on catch block at 0xc3 in for 0xa9
01-08 11:52:43.139 3070 3070 E ArmVmp : Match on catch block at 0xc3 in for 0xa1
01-08 11:52:43.147 3070 3070 E ArmVmp : Match on catch block at 0xc3 in for 0xa5
01-08 11:52:43.161 3070 3070 E ArmVmp : Match on catch block at 0xc3 in for 0xa1
01-08 11:52:43.167 3070 3070 E ArmVmp : Match on catch block at 0xc3 in for 0xa5
01-08 11:52:43.176 3070 3070 E ArmVmp : Match on catch block at 0xc3 in for 0xa1
01-08 11:52:43.182 3070 3070 E ArmVmp : Match on catch block at 0xc3 in for 0xa5
01-08 11:52:43.192 3070 3070 E ArmVmp : Match on catch block at 0xc3 in for 0xa1
01-08 11:52:43.218 3070 3070 E ArmVmp : Match on catch block at 0xc3 in for 0xa5
01-08 11:52:43.251 3070 3541 W libEGL : EGLNativeWindowType 0x7d8e433010
disconnect failed
01-08 11:52:43.287 3070 3070 E ArmVmp : Match on catch block at 0xc3 in for 0xa1
01-08 11:52:43.292 3070 3070 E ArmVmp : Match on catch block at 0xc3 in for 0xa5
01-08 11:52:43.389 3070 3070 E ArmVmp : Match on catch block at 0xc3 in for 0xa9
01-08 11:52:43.396 3070 3070 E ArmVmp : Match on catch block at 0xc3 in for 0xa1
01-08 11:52:43.535 3070 3070 E ArmVmp : Match on catch block at 0xc3 in for 0xa5
01-08 11:52:43.541 3070 3070 E ArmVmp : Match on catch block at 0xc3 in for 0xa9
01-08 11:52:43.578 3070 3070 E ArmVmp : Match on catch block at 0xc3 in for 0xa5
01-08 11:52:43.586 3070 3070 E ArmVmp : Match on catch block at 0xc3 in for 0xa9
01-08 11:52:43.645 3070 3070 E ArmVmp : Match on catch block at 0xc3 in for 0xa9
01-08 11:52:43.652 3070 3070 E ArmVmp : Match on catch block at 0xc3 in for 0xa1
01-08 11:52:43.830 3070 3070 E ArmVmp : Match on catch block at 0xc3 in for 0xa9
01-08 11:52:43.836 3070 3070 E ArmVmp : Match on catch block at 0xc3 in for 0xa1
01-08 11:52:43.884 3070 3621 W MediaPlayer: Use of stream types is deprecated for
operations other than volume control
01-08 11:52:43.884 3070 3621 W MediaPlayer: See the documentation of
setAudioStreamType() for what to use instead with android.media.AudioAttributes to
qualify your playback use case
01-08 11:52:43.907 3070 3070 E ArmVmp : Match on catch block at 0xc3 in for 0xa1
01-08 11:52:43.916 3070 3070 E ArmVmp : Match on catch block at 0xc3 in for 0xa5
01-08 11:52:43.959 3070 3497 W MediaPlayerNative: info/warning (10973, 0)
01-08 11:52:44.025 3070 3070 E ArmVmp : Match on catch block at 0xc3 in for 0xa9
01-08 11:52:44.029 3070 3070 E ArmVmp : Match on catch block at 0xc3 in for 0xa1
01-08 11:52:44.070 3070 3070 E ArmVmp : Match on catch block at 0xc3 in for 0xa1
01-08 11:52:44.086 3070 3070 E ArmVmp : Match on catch block at 0xc3 in for 0xa5
01-08 11:52:44.197 3070 3070 E ArmVmp : Match on catch block at 0xc3 in for 0xa9
01-08 11:52:44.203 3070 3070 E ArmVmp : Match on catch block at 0xc3 in for 0xa1
01-08 11:52:44.223 3070 3070 E ArmVmp : Match on catch block at 0xc3 in for 0xa5
01-08 11:52:44.228 3070 3070 E ArmVmp : Match on catch block at 0xc3 in for 0xa9
01-08 11:52:44.247 3070 3070 E ArmVmp : Match on catch block at 0xc3 in for 0xa9
01-08 11:52:44.257 3070 3070 E ArmVmp : Match on catch block at 0xc3 in for 0xa1
01-08 11:52:44.333 3070 3070 E ArmVmp : Match on catch block at 0xc3 in for 0xa9
01-08 11:52:44.338 3070 3070 E ArmVmp : Match on catch block at 0xc3 in for 0xa1
01-08 11:52:44.356 3070 3070 E ArmVmp : Match on catch block at 0xc3 in for 0xa9
01-08 11:52:44.369 3070 3070 E ArmVmp : Match on catch block at 0xc3 in for 0xa1
01-08 11:52:44.389 3070 3070 E ArmVmp : Match on catch block at 0xc3 in for 0xa9
01-08 11:52:44.401 3070 3070 E ArmVmp : Match on catch block at 0xc3 in for 0xa1
01-08 11:52:44.440 3070 3070 E ArmVmp : Match on catch block at 0xc3 in for 0xa9
01-08 11:52:44.456 3070 3070 E ArmVmp : Match on catch block at 0xc3 in for 0xa1
01-08 11:52:44.481 3070 3070 E ArmVmp : Match on catch block at 0xc3 in for 0xa9
01-08 11:52:44.494 3070 3070 E ArmVmp : Match on catch block at 0xc3 in for 0xa1
01-08 11:52:44.515 3070 3070 E ArmVmp : Match on catch block at 0xc3 in for 0xa9
01-08 11:52:44.525 3070 3070 E ArmVmp : Match on catch block at 0xc3 in for 0xa1
01-08 11:52:44.538 3070 3070 E ArmVmp : Match on catch block at 0xc3 in for 0xa9
01-08 11:52:44.552 3070 3070 E ArmVmp : Match on catch block at 0xc3 in for 0xa1
01-08 11:52:44.562 3070 3070 E ArmVmp : Match on catch block at 0xc3 in for 0xa9
01-08 11:52:44.574 3070 3070 E ArmVmp : Match on catch block at 0xc3 in for 0xa1
01-08 11:52:44.606 3070 3070 E ArmVmp : Match on catch block at 0xc3 in for 0xa9
01-08 11:52:44.616 3070 3070 E ArmVmp : Match on catch block at 0xc3 in for 0xa1
01-08 11:52:44.633 3070 3070 E ArmVmp : Match on catch block at 0xc3 in for 0xa9
01-08 11:52:44.637 3070 3070 E ArmVmp : Match on catch block at 0xc3 in for 0xa1
01-08 11:52:44.656 3070 3070 E ArmVmp : Match on catch block at 0xc3 in for 0xa9
01-08 11:52:44.657 3070 3525 E SQLiteDatabase: Error inserting transferred=1
media_job_uuid=d7a81768-e467-4826-8fb7-c2d2306a582a transcoded=0 gif_attribution=0
first_scan_length=0 direct_path=/v/t62.7117-
24/32345373_245440188582235_3783484594279307665_n.enc?ccb=11-
4&oh=01_AdSVCMkAZXHlPjcZyn87Mk0E-XFX2zOEob5bEoIYEwljog&oe=65C39088&_nc_sid=5e03e0
thumbnail_height_width_ratio=0.0 is_animated_sticker=0
file_hash=+6jl6Zgt5shILck+OG6hvVE43c9P8PKvve8VysSVL3Y= file_path=Media/WhatsApp
Voice Notes/202402/PTT-20240108-WA0005.opus file_size=14829 partial_media_hash=null
face_x=0 face_y=0 height=0 trim_to=0 media_key_timestamp=1704725556000
message_url=https://mmg.whatsapp.net/v/t62.7117-
24/32345373_245440188582235_3783484594279307665_n.enc?ccb=11-
4&oh=01_AdSVCMkAZXHlPjcZyn87Mk0E-
XFX2zOEob5bEoIYEwljog&oe=65C39088&_nc_sid=5e03e0&mms3=true media_caption=null
trim_from=0 mime_type=audio/ogg; codecs=opus partial_media_enc_hash=null width=0
original_file_hash=null has_streaming_sidecar=0 autotransfer_retry_enabled=1
media_upload_handle=null message_row_id=93733 multicast_id=null
enc_file_hash=d5T523gFwIMtTibY4M8Tpgk25aABXqaqrOIjOb5Xz0s= mute_video=0
page_count=0 first_scan_sidecar=null suspicious_content=0 file_length=14829
media_name=null media_duration=6 chat_row_id=99 media_key=[B@84fac95
01-08 11:52:44.657 3070 3525 E SQLiteDatabase:
android.database.sqlite.SQLiteConstraintException: UNIQUE constraint failed:
message_media.message_row_id (code 1555 SQLITE_CONSTRAINT_PRIMARYKEY[1555])
01-08 11:52:44.657 3070 3525 E SQLiteDatabase: at
android.database.sqlite.SQLiteConnection.nativeExecuteForLastInsertedRowId(Native
Method)
01-08 11:52:44.657 3070 3525 E SQLiteDatabase: at
android.database.sqlite.SQLiteConnection.executeForLastInsertedRowId(SQLiteConnecti
on.java:1217)
01-08 11:52:44.657 3070 3525 E SQLiteDatabase: at
android.database.sqlite.SQLiteSession.executeForLastInsertedRowId(SQLiteSession.jav
a:790)
01-08 11:52:44.657 3070 3525 E SQLiteDatabase: at
android.database.sqlite.SQLiteStatement.executeInsert(SQLiteStatement.java:88)
01-08 11:52:44.657 3070 3525 E SQLiteDatabase: at
android.database.sqlite.SQLiteDatabase.insertWithOnConflict(SQLiteDatabase.java:221
9)
01-08 11:52:44.657 3070 3525 E SQLiteDatabase: at
android.database.sqlite.SQLiteDatabase.insert(SQLiteDatabase.java:2088)
01-08 11:52:44.657 3070 3525 E SQLiteDatabase: at X.2tm.A08(Unknown
Source:6)
01-08 11:52:44.657 3070 3525 E SQLiteDatabase: at X.35Y.A07(Unknown
Source:212)
01-08 11:52:44.657 3070 3525 E SQLiteDatabase: at X.3QF.A14(Unknown
Source:470)
01-08 11:52:44.657 3070 3525 E SQLiteDatabase: at X.3gU.run(Unknown
Source:982)
01-08 11:52:44.657 3070 3525 E SQLiteDatabase: at
android.os.Handler.handleCallback(Handler.java:938)
01-08 11:52:44.657 3070 3525 E SQLiteDatabase: at
android.os.Handler.dispatchMessage(Handler.java:99)
01-08 11:52:44.657 3070 3525 E SQLiteDatabase: at
X.0zq.dispatchMessage(Unknown Source:4)
01-08 11:52:44.657 3070 3525 E SQLiteDatabase: at
android.os.Looper.loop(Looper.java:246)
01-08 11:52:44.657 3070 3525 E SQLiteDatabase: at
android.os.HandlerThread.run(HandlerThread.java:67)
01-08 11:52:44.663 3070 3070 E ArmVmp : Match on catch block at 0xc3 in for 0xa1
01-08 11:52:44.701 3070 3070 E ArmVmp : Match on catch block at 0xc3 in for 0xa1
01-08 11:52:44.709 3070 3070 E ArmVmp : Match on catch block at 0xc3 in for 0xa5
01-08 11:52:44.720 3070 3070 E ArmVmp : Match on catch block at 0xc3 in for 0xa1
01-08 11:52:44.726 3070 3070 E ArmVmp : Match on catch block at 0xc3 in for 0xa5
01-08 11:52:44.884 3070 3070 E ArmVmp : Match on catch block at 0xc3 in for 0xa9
01-08 11:52:44.895 3070 3070 E ArmVmp : Match on catch block at 0xc3 in for 0xa1
01-08 11:52:45.207 3070 3070 E ArmVmp : Match on catch block at 0xc3 in for 0xa1
01-08 11:52:45.215 3070 3070 E ArmVmp : Match on catch block at 0xc3 in for 0xa5
01-08 11:52:45.303 3070 3070 E ArmVmp : Match on catch block at 0xc3 in for 0xa1
01-08 11:52:45.308 3070 3070 E ArmVmp : Match on catch block at 0xc3 in for 0xa5
01-08 11:52:45.322 3070 3541 W libEGL : EGLNativeWindowType 0x7d8e433010
disconnect failed
01-08 11:52:45.349 3070 3070 W IInputConnectionWrapper: getExtractedText on
inactive InputConnection
01-08 11:52:45.366 3070 3070 E ArmVmp : Match on catch block at 0xc3 in for 0xa5
01-08 11:52:45.374 3070 3070 E ArmVmp : Match on catch block at 0xc3 in for 0xa9
01-08 11:52:45.419 3070 3070 E ArmVmp : Match on catch block at 0xc3 in for 0xa1
01-08 11:52:45.425 3070 3070 E ArmVmp : Match on catch block at 0xc3 in for 0xa5
01-08 11:52:45.524 3070 3070 E ArmVmp : Match on catch block at 0xc3 in for 0xa9
01-08 11:52:45.530 3070 3070 E ArmVmp : Match on catch block at 0xc3 in for 0xa1
01-08 11:52:45.571 3070 3070 E ArmVmp : Match on catch block at 0xc3 in for 0xa1
01-08 11:52:45.578 3070 3070 E ArmVmp : Match on catch block at 0xc3 in for 0xa5
01-08 11:52:45.610 3070 3070 E ArmVmp : Match on catch block at 0xc3 in for 0xa1
01-08 11:52:45.617 3070 3070 E ArmVmp : Match on catch block at 0xc3 in for 0xa5
01-08 11:52:45.634 3070 3070 E ArmVmp : Match on catch block at 0xc3 in for 0xa1
01-08 11:52:45.641 3070 3070 E ArmVmp : Match on catch block at 0xc3 in for 0xa5
01-08 11:52:45.793 3070 3070 E ArmVmp : Match on catch block at 0xc3 in for 0xa1
01-08 11:52:45.807 3070 3070 E ArmVmp : Match on catch block at 0xc3 in for 0xa5
01-08 11:52:45.954 3070 3070 E ArmVmp : Match on catch block at 0xc3 in for 0xa5
01-08 11:52:45.964 3070 3070 E ArmVmp : Match on catch block at 0xc3 in for 0xa9
01-08 11:52:45.987 3070 3070 W AudioManager: Use of stream types is deprecated
for operations other than volume control
01-08 11:52:45.987 3070 3070 W AudioManager: See the documentation of
requestAudioFocus() for what to use instead with android.media.AudioAttributes to
qualify your playback use case
01-08 11:52:46.011 3070 3525 E SQLiteDatabase: Error inserting transferred=1
media_job_uuid=d7a81768-e467-4826-8fb7-c2d2306a582a transcoded=0 gif_attribution=0
first_scan_length=0 direct_path=/v/t62.7117-
24/32345373_245440188582235_3783484594279307665_n.enc?ccb=11-
4&oh=01_AdSVCMkAZXHlPjcZyn87Mk0E-XFX2zOEob5bEoIYEwljog&oe=65C39088&_nc_sid=5e03e0
thumbnail_height_width_ratio=0.0 is_animated_sticker=0
file_hash=+6jl6Zgt5shILck+OG6hvVE43c9P8PKvve8VysSVL3Y= file_path=Media/WhatsApp
Voice Notes/202402/PTT-20240108-WA0005.opus file_size=14829 partial_media_hash=null
face_x=0 face_y=0 height=0 trim_to=0 media_key_timestamp=1704725556000
message_url=https://mmg.whatsapp.net/v/t62.7117-
24/32345373_245440188582235_3783484594279307665_n.enc?ccb=11-
4&oh=01_AdSVCMkAZXHlPjcZyn87Mk0E-
XFX2zOEob5bEoIYEwljog&oe=65C39088&_nc_sid=5e03e0&mms3=true media_caption=null
trim_from=0 mime_type=audio/ogg; codecs=opus partial_media_enc_hash=null width=0
original_file_hash=null has_streaming_sidecar=0 autotransfer_retry_enabled=1
media_upload_handle=null message_row_id=93733 multicast_id=null
enc_file_hash=d5T523gFwIMtTibY4M8Tpgk25aABXqaqrOIjOb5Xz0s= mute_video=0
page_count=0 first_scan_sidecar=null suspicious_content=0 file_length=14829
media_name=PTT-20240108-WA0005.opus media_duration=6 chat_row_id=99
media_key=[B@84fac95
01-08 11:52:46.011 3070 3525 E SQLiteDatabase:
android.database.sqlite.SQLiteConstraintException: UNIQUE constraint failed:
message_media.message_row_id (code 1555 SQLITE_CONSTRAINT_PRIMARYKEY[1555])
01-08 11:52:46.011 3070 3525 E SQLiteDatabase: at
android.database.sqlite.SQLiteConnection.nativeExecuteForLastInsertedRowId(Native
Method)
01-08 11:52:46.011 3070 3525 E SQLiteDatabase: at
android.database.sqlite.SQLiteConnection.executeForLastInsertedRowId(SQLiteConnecti
on.java:1217)
01-08 11:52:46.011 3070 3525 E SQLiteDatabase: at
android.database.sqlite.SQLiteSession.executeForLastInsertedRowId(SQLiteSession.jav
a:790)
01-08 11:52:46.011 3070 3525 E SQLiteDatabase: at
android.database.sqlite.SQLiteStatement.executeInsert(SQLiteStatement.java:88)
01-08 11:52:46.011 3070 3525 E SQLiteDatabase: at
android.database.sqlite.SQLiteDatabase.insertWithOnConflict(SQLiteDatabase.java:221
9)
01-08 11:52:46.011 3070 3525 E SQLiteDatabase: at
android.database.sqlite.SQLiteDatabase.insert(SQLiteDatabase.java:2088)
01-08 11:52:46.011 3070 3525 E SQLiteDatabase: at X.2tm.A08(Unknown
Source:6)
01-08 11:52:46.011 3070 3525 E SQLiteDatabase: at X.35Y.A07(Unknown
Source:212)
01-08 11:52:46.011 3070 3525 E SQLiteDatabase: at X.3QF.A14(Unknown
Source:470)
01-08 11:52:46.011 3070 3525 E SQLiteDatabase: at X.31e.A03(Unknown
Source:174)
01-08 11:52:46.011 3070 3525 E SQLiteDatabase: at X.3g7.run(Unknown
Source:1017)
01-08 11:52:46.011 3070 3525 E SQLiteDatabase: at
android.os.Handler.handleCallback(Handler.java:938)
01-08 11:52:46.011 3070 3525 E SQLiteDatabase: at
android.os.Handler.dispatchMessage(Handler.java:99)
01-08 11:52:46.011 3070 3525 E SQLiteDatabase: at
X.0zq.dispatchMessage(Unknown Source:4)
01-08 11:52:46.011 3070 3525 E SQLiteDatabase: at
android.os.Looper.loop(Looper.java:246)
01-08 11:52:46.011 3070 3525 E SQLiteDatabase: at
android.os.HandlerThread.run(HandlerThread.java:67)
01-08 11:52:46.077 3070 3070 E ArmVmp : Match on catch block at 0xc3 in for 0xa9
01-08 11:52:46.082 3070 3070 E ArmVmp : Match on catch block at 0xc3 in for 0xa1
01-08 11:52:46.107 3070 3070 E ArmVmp : Match on catch block at 0xc3 in for 0xa9
01-08 11:52:46.116 3070 3070 E ArmVmp : Match on catch block at 0xc3 in for 0xa1
01-08 11:52:46.200 3070 3070 E ArmVmp : Match on catch block at 0xc3 in for 0xa9
01-08 11:52:46.212 3070 3070 E ArmVmp : Match on catch block at 0xc3 in for 0xa1
01-08 11:52:46.237 3070 3070 E ArmVmp : Match on catch block at 0xc3 in for 0xa9
01-08 11:52:46.250 3070 3070 E ArmVmp : Match on catch block at 0xc3 in for 0xa1
01-08 11:52:46.266 3070 3070 E ArmVmp : Match on catch block at 0xc3 in for 0xa9
01-08 11:52:46.278 3070 3070 E ArmVmp : Match on catch block at 0xc3 in for 0xa1
01-08 11:52:46.299 3070 3070 E ArmVmp : Match on catch block at 0xc3 in for 0xa9
01-08 11:52:46.310 3070 3070 E ArmVmp : Match on catch block at 0xc3 in for 0xa1
01-08 11:52:46.331 3070 3070 E ArmVmp : Match on catch block at 0xc3 in for 0xa9
01-08 11:52:46.342 3070 3070 E ArmVmp : Match on catch block at 0xc3 in for 0xa1
01-08 11:52:46.385 3070 3070 E ArmVmp : Match on catch block at 0xc3 in for 0xa9
01-08 11:52:46.396 3070 3070 E ArmVmp : Match on catch block at 0xc3 in for 0xa1
01-08 11:52:46.483 3070 3621 W MediaPlayer: Use of stream types is deprecated for
operations other than volume control
01-08 11:52:46.483 3070 3621 W MediaPlayer: See the documentation of
setAudioStreamType() for what to use instead with android.media.AudioAttributes to
qualify your playback use case
01-08 11:52:46.486 3070 3526 E SQLiteDatabase: Error inserting transferred=1
media_job_uuid=d7a81768-e467-4826-8fb7-c2d2306a582a transcoded=0 gif_attribution=0
first_scan_length=0 direct_path=/v/t62.7117-
24/32345373_245440188582235_3783484594279307665_n.enc?ccb=11-
4&oh=01_AdSVCMkAZXHlPjcZyn87Mk0E-XFX2zOEob5bEoIYEwljog&oe=65C39088&_nc_sid=5e03e0
thumbnail_height_width_ratio=0.0 is_animated_sticker=0
file_hash=+6jl6Zgt5shILck+OG6hvVE43c9P8PKvve8VysSVL3Y= file_path=Media/WhatsApp
Voice Notes/202402/PTT-20240108-WA0005.opus file_size=14829 partial_media_hash=null
face_x=0 face_y=0 height=0 trim_to=0 media_key_timestamp=1704725556000
message_url=https://mmg.whatsapp.net/v/t62.7117-
24/32345373_245440188582235_3783484594279307665_n.enc?ccb=11-
4&oh=01_AdSVCMkAZXHlPjcZyn87Mk0E-
XFX2zOEob5bEoIYEwljog&oe=65C39088&_nc_sid=5e03e0&mms3=true media_caption=null
trim_from=0 mime_type=audio/ogg; codecs=opus partial_media_enc_hash=null width=0
original_file_hash=null has_streaming_sidecar=0 autotransfer_retry_enabled=1
media_upload_handle=null message_row_id=93733 multicast_id=null
enc_file_hash=d5T523gFwIMtTibY4M8Tpgk25aABXqaqrOIjOb5Xz0s= mute_video=0
page_count=0 first_scan_sidecar=null suspicious_content=0 file_length=14829
media_name=PTT-20240108-WA0005.opus media_duration=6 chat_row_id=99
media_key=[B@84fac95
01-08 11:52:46.486 3070 3526 E SQLiteDatabase:
android.database.sqlite.SQLiteConstraintException: UNIQUE constraint failed:
message_media.message_row_id (code 1555 SQLITE_CONSTRAINT_PRIMARYKEY[1555])
01-08 11:52:46.486 3070 3526 E SQLiteDatabase: at
android.database.sqlite.SQLiteConnection.nativeExecuteForLastInsertedRowId(Native
Method)
01-08 11:52:46.486 3070 3526 E SQLiteDatabase: at
android.database.sqlite.SQLiteConnection.executeForLastInsertedRowId(SQLiteConnecti
on.java:1217)
01-08 11:52:46.486 3070 3526 E SQLiteDatabase: at
android.database.sqlite.SQLiteSession.executeForLastInsertedRowId(SQLiteSession.jav
a:790)
01-08 11:52:46.486 3070 3526 E SQLiteDatabase: at
android.database.sqlite.SQLiteStatement.executeInsert(SQLiteStatement.java:88)
01-08 11:52:46.486 3070 3526 E SQLiteDatabase: at
android.database.sqlite.SQLiteDatabase.insertWithOnConflict(SQLiteDatabase.java:221
9)
01-08 11:52:46.486 3070 3526 E SQLiteDatabase: at
android.database.sqlite.SQLiteDatabase.insert(SQLiteDatabase.java:2088)
01-08 11:52:46.486 3070 3526 E SQLiteDatabase: at X.2tm.A08(Unknown
Source:6)
01-08 11:52:46.486 3070 3526 E SQLiteDatabase: at X.35Y.A07(Unknown
Source:212)
01-08 11:52:46.486 3070 3526 E SQLiteDatabase: at X.3QF.A14(Unknown
Source:470)
01-08 11:52:46.486 3070 3526 E SQLiteDatabase: at X.31e.A03(Unknown
Source:174)
01-08 11:52:46.486 3070 3526 E SQLiteDatabase: at X.3Uz.A07(Unknown
Source:381)
01-08 11:52:46.486 3070 3526 E SQLiteDatabase: at X.3Uz.A02(Unknown
Source:692)
01-08 11:52:46.486 3070 3526 E SQLiteDatabase: at X.3eS.run(Unknown
Source:4041)
01-08 11:52:46.486 3070 3526 E SQLiteDatabase: at
android.os.Handler.handleCallback(Handler.java:938)
01-08 11:52:46.486 3070 3526 E SQLiteDatabase: at
android.os.Handler.dispatchMessage(Handler.java:99)
01-08 11:52:46.486 3070 3526 E SQLiteDatabase: at
X.0zr.dispatchMessage(Unknown Source:4)
01-08 11:52:46.486 3070 3526 E SQLiteDatabase: at
android.os.Looper.loop(Looper.java:246)
01-08 11:52:46.486 3070 3526 E SQLiteDatabase: at
android.os.HandlerThread.run(HandlerThread.java:67)
01-08 11:52:46.530 3070 3497 W MediaPlayerNative: info/warning (10973, 0)
01-08 11:52:46.541 3070 3070 E ArmVmp : Match on catch block at 0xc3 in for 0xa1
01-08 11:52:46.550 3070 3070 E ArmVmp : Match on catch block at 0xc3 in for 0xa5
01-08 11:52:46.635 3070 3070 E ArmVmp : Match on catch block at 0xc3 in for 0xa5
01-08 11:52:46.646 3070 3070 E ArmVmp : Match on catch block at 0xc3 in for 0xa9
01-08 11:52:46.664 3070 3070 E ArmVmp : Match on catch block at 0xc3 in for 0xa5
01-08 11:52:46.677 3070 3070 E ArmVmp : Match on catch block at 0xc3 in for 0xa9
01-08 11:52:46.710 3070 3070 E ArmVmp : Match on catch block at 0xc3 in for 0xa5
01-08 11:52:46.718 3070 3070 E ArmVmp : Match on catch block at 0xc3 in for 0xa9
01-08 11:52:46.737 3070 3070 E ArmVmp : Match on catch block at 0xc3 in for 0xa5
01-08 11:52:46.750 3070 3070 E ArmVmp : Match on catch block at 0xc3 in for 0xa9
01-08 11:52:46.764 3070 3070 E ArmVmp : Match on catch block at 0xc3 in for 0xa5
01-08 11:52:46.775 3070 3070 E ArmVmp : Match on catch block at 0xc3 in for 0xa9
01-08 11:52:46.783 3070 3070 E ArmVmp : Match on catch block at 0xc3 in for 0xa5
01-08 11:52:46.799 3070 3070 E ArmVmp : Match on catch block at 0xc3 in for 0xa9
01-08 11:52:46.812 3070 3070 E ArmVmp : Match on catch block at 0xc3 in for 0xa5
01-08 11:52:46.818 3070 3070 E ArmVmp : Match on catch block at 0xc3 in for 0xa9
01-08 11:52:46.828 3070 3070 E ArmVmp : Match on catch block at 0xc3 in for 0xa5
01-08 11:52:46.834 3070 3070 E ArmVmp : Match on catch block at 0xc3 in for 0xa9
01-08 11:52:46.842 3070 3070 E MediaPlayerNative: internal/external state
mismatch corrected
01-08 11:52:46.844 3070 3070 E ArmVmp : Match on catch block at 0xc3 in for 0xa5
01-08 11:52:46.852 3070 3070 E ArmVmp : Match on catch block at 0xc3 in for 0xa9
01-08 11:52:46.883 3070 3070 E ArmVmp : Match on catch block at 0xc3 in for 0xa5
01-08 11:52:46.889 3070 3070 E ArmVmp : Match on catch block at 0xc3 in for 0xa9
01-08 11:52:46.933 3070 3070 E ArmVmp : Match on catch block at 0xc3 in for 0xa5
01-08 11:52:46.940 3070 3070 E ArmVmp : Match on catch block at 0xc3 in for 0xa9
01-08 11:52:46.981 3070 3070 E ArmVmp : Match on catch block at 0xc3 in for 0xa5
01-08 11:52:46.990 3070 3070 E ArmVmp : Match on catch block at 0xc3 in for 0xa9
01-08 11:52:47.047 3070 3070 E ArmVmp : Match on catch block at 0xc3 in for 0xa5
01-08 11:52:47.060 3070 3070 E ArmVmp : Match on catch block at 0xc3 in for 0xa9
01-08 11:52:47.097 3070 3070 E ArmVmp : Match on catch block at 0xc3 in for 0xa9
01-08 11:52:47.110 3070 3070 E ArmVmp : Match on catch block at 0xc3 in for 0xa1
01-08 11:52:47.145 3070 3070 E ArmVmp : Match on catch block at 0xc3 in for 0xa9
01-08 11:52:47.155 3070 3070 E ArmVmp : Match on catch block at 0xc3 in for 0xa1
01-08 11:52:47.169 3070 3070 E ArmVmp : Match on catch block at 0xc3 in for 0xa9
01-08 11:52:47.180 3070 3070 E ArmVmp : Match on catch block at 0xc3 in for 0xa1
01-08 11:52:47.196 3070 3070 E ArmVmp : Match on catch block at 0xc3 in for 0xa9
01-08 11:52:47.209 3070 3070 E ArmVmp : Match on catch block at 0xc3 in for 0xa1
01-08 11:52:47.259 3070 3070 E ArmVmp : Match on catch block at 0xc3 in for 0xa9
01-08 11:52:47.268 3070 3070 E ArmVmp : Match on catch block at 0xc3 in for 0xa1
01-08 11:52:47.298 3070 3541 W libEGL : EGLNativeWindowType 0x7d8e433010
disconnect failed
01-08 11:52:47.412 3070 3070 E ArmVmp : Match on catch block at 0xc3 in for 0xa5
01-08 11:52:47.424 3070 3070 E ArmVmp : Match on catch block at 0xc3 in for 0xa9
01-08 11:52:47.469 3070 3070 E ArmVmp : Match on catch block at 0xc3 in for 0xa5
01-08 11:52:47.484 3070 3070 E ArmVmp : Match on catch block at 0xc3 in for 0xa9
01-08 11:52:47.525 3070 3070 E ArmVmp : Match on catch block at 0xc3 in for 0xa5
01-08 11:52:47.535 3070 3070 E ArmVmp : Match on catch block at 0xc3 in for 0xa9
01-08 11:52:47.586 3070 3070 E ArmVmp : Match on catch block at 0xc3 in for 0xa5
01-08 11:52:47.599 3070 3070 E ArmVmp : Match on catch block at 0xc3 in for 0xa9
01-08 11:52:47.663 3070 3070 E ArmVmp : Match on catch block at 0xc3 in for 0xa5
01-08 11:52:47.680 3070 3070 E ArmVmp : Match on catch block at 0xc3 in for 0xa9
01-08 11:52:47.736 3070 3070 E ArmVmp : Match on catch block at 0xc3 in for 0xa5
01-08 11:52:47.755 3070 3070 E ArmVmp : Match on catch block at 0xc3 in for 0xa9
01-08 11:52:47.815 3070 3070 E ArmVmp : Match on catch block at 0xc3 in for 0xa5
01-08 11:52:47.829 3070 3070 E ArmVmp : Match on catch block at 0xc3 in for 0xa9
01-08 11:52:47.894 3070 3070 E ArmVmp : Match on catch block at 0xc3 in for 0xa5
01-08 11:52:47.909 3070 3070 E ArmVmp : Match on catch block at 0xc3 in for 0xa9
01-08 11:52:47.942 3070 3070 E ArmVmp : Match on catch block at 0xc3 in for 0xa5
01-08 11:52:47.956 3070 3070 E ArmVmp : Match on catch block at 0xc3 in for 0xa9
01-08 11:52:47.974 3070 3070 E ArmVmp : Match on catch block at 0xc3 in for 0xa5
01-08 11:52:47.988 3070 3070 E ArmVmp : Match on catch block at 0xc3 in for 0xa9
01-08 11:52:48.021 3070 3070 E ArmVmp : Match on catch block at 0xc3 in for 0xa5
01-08 11:52:48.035 3070 3070 E ArmVmp : Match on catch block at 0xc3 in for 0xa9
01-08 11:52:48.071 3070 3070 E ArmVmp : Match on catch block at 0xc3 in for 0xa5
01-08 11:52:48.081 3070 3070 E ArmVmp : Match on catch block at 0xc3 in for 0xa9
01-08 11:52:48.128 3070 3070 E ArmVmp : Match on catch block at 0xc3 in for 0xa9
01-08 11:52:48.137 3070 3070 E ArmVmp : Match on catch block at 0xc3 in for 0xa1
01-08 11:52:48.187 3070 3070 E ArmVmp : Match on catch block at 0xc3 in for 0xa9
01-08 11:52:48.197 3070 3070 E ArmVmp : Match on catch block at 0xc3 in for 0xa1
01-08 11:52:48.236 3070 3070 E ArmVmp : Match on catch block at 0xc3 in for 0xa9
01-08 11:52:48.244 3070 3070 E ArmVmp : Match on catch block at 0xc3 in for 0xa1
01-08 11:52:48.284 3070 3070 E ArmVmp : Match on catch block at 0xc3 in for 0xa9
01-08 11:52:48.292 3070 3070 E ArmVmp : Match on catch block at 0xc3 in for 0xa1
01-08 11:52:48.350 3070 3070 E ArmVmp : Match on catch block at 0xc3 in for 0xa9
01-08 11:52:48.360 3070 3070 E ArmVmp : Match on catch block at 0xc3 in for 0xa1
01-08 11:52:48.399 3070 3070 E ArmVmp : Match on catch block at 0xc3 in for 0xa9
01-08 11:52:48.409 3070 3070 E ArmVmp : Match on catch block at 0xc3 in for 0xa1
01-08 11:52:48.451 3070 3070 E ArmVmp : Match on catch block at 0xc3 in for 0xa9
01-08 11:52:48.463 3070 3070 E ArmVmp : Match on catch block at 0xc3 in for 0xa1
01-08 11:52:48.480 3070 3070 E ArmVmp : Match on catch block at 0xc3 in for 0xa9
01-08 11:52:48.491 3070 3070 E ArmVmp : Match on catch block at 0xc3 in for 0xa1
01-08 11:52:48.519 3070 3621 W MediaPlayer: Use of stream types is deprecated for
operations other than volume control
01-08 11:52:48.519 3070 3621 W MediaPlayer: See the documentation of
setAudioStreamType() for what to use instead with android.media.AudioAttributes to
qualify your playback use case
01-08 11:52:48.562 3070 6804 W MediaPlayerNative: info/warning (10973, 0)
01-08 11:52:48.583 3070 3070 E ArmVmp : Match on catch block at 0xc3 in for 0xa5
01-08 11:52:48.589 3070 3070 E ArmVmp : Match on catch block at 0xc3 in for 0xa9
01-08 11:52:48.615 3070 3070 E ArmVmp : Match on catch block at 0xc3 in for 0xa9
01-08 11:52:48.621 3070 3070 E ArmVmp : Match on catch block at 0xc3 in for 0xa1
01-08 11:52:48.678 3070 3070 E ArmVmp : Match on catch block at 0xc3 in for 0xa1
01-08 11:52:48.683 3070 3070 E ArmVmp : Match on catch block at 0xc3 in for 0xa5
01-08 11:52:48.695 3070 3070 E ArmVmp : Match on catch block at 0xc3 in for 0xa1
01-08 11:52:48.700 3070 3070 E ArmVmp : Match on catch block at 0xc3 in for 0xa5
01-08 11:52:48.756 3070 3070 E ArmVmp : Match on catch block at 0xc3 in for 0xa1
01-08 11:52:48.764 3070 3070 E ArmVmp : Match on catch block at 0xc3 in for 0xa5
01-08 11:52:48.805 3070 3070 E ArmVmp : Match on catch block at 0xc3 in for 0xa1
01-08 11:52:48.812 3070 3070 E ArmVmp : Match on catch block at 0xc3 in for 0xa5
01-08 11:52:48.856 3070 3070 E ArmVmp : Match on catch block at 0xc3 in for 0xa1
01-08 11:52:48.864 3070 3070 E ArmVmp : Match on catch block at 0xc3 in for 0xa5
01-08 11:52:48.919 3070 3070 E ArmVmp : Match on catch block at 0xc3 in for 0xa1
01-08 11:52:48.927 3070 3070 E ArmVmp : Match on catch block at 0xc3 in for 0xa5
01-08 11:52:48.968 3070 3070 E ArmVmp : Match on catch block at 0xc3 in for 0xa1
01-08 11:52:48.978 3070 3070 E ArmVmp : Match on catch block at 0xc3 in for 0xa5
01-08 11:52:49.009 3070 3070 E ArmVmp : Match on catch block at 0xc3 in for 0xa5
01-08 11:52:49.016 3070 3070 E ArmVmp : Match on catch block at 0xc3 in for 0xa9
01-08 11:52:49.031 3070 3070 E ArmVmp : Match on catch block at 0xc3 in for 0xa5
01-08 11:52:49.038 3070 3070 E ArmVmp : Match on catch block at 0xc3 in for 0xa9
01-08 11:52:49.066 3070 3070 E ArmVmp : Match on catch block at 0xc3 in for 0xa5
01-08 11:52:49.074 3070 3070 E ArmVmp : Match on catch block at 0xc3 in for 0xa9
01-08 11:52:49.087 3070 3070 E ArmVmp : Match on catch block at 0xc3 in for 0xa5
01-08 11:52:49.098 3070 3070 E ArmVmp : Match on catch block at 0xc3 in for 0xa9
01-08 11:52:49.114 3070 3525 E SQLiteDatabase: Error inserting transferred=1
media_job_uuid=25a17d61-6ca1-4c72-8268-e166fcd6d1e3 transcoded=0 gif_attribution=0
first_scan_length=0 direct_path=/v/t62.7117-
24/11329137_1097954534542347_7801279983035126372_n.enc?ccb=11-
4&oh=01_AdSUoQdoNsKuq4PS_WH5bRmqb5Qs2gzdKY39-ynt0DVmnw&oe=65C3671E&_nc_sid=5e03e0
thumbnail_height_width_ratio=0.0 is_animated_sticker=0
file_hash=L4Vg42Y0yZsfu+1UuK9BR5mZOJu2K1F+ERl9v6TkvXM= file_path=Media/WhatsApp
Voice Notes/202402/PTT-20240108-WA0006.opus file_size=6848 partial_media_hash=null
face_x=0 face_y=0 height=0 trim_to=0 media_key_timestamp=1704725565000
message_url=https://mmg.whatsapp.net/v/t62.7117-
24/11329137_1097954534542347_7801279983035126372_n.enc?ccb=11-
4&oh=01_AdSUoQdoNsKuq4PS_WH5bRmqb5Qs2gzdKY39-
ynt0DVmnw&oe=65C3671E&_nc_sid=5e03e0&mms3=true media_caption=null trim_from=0
mime_type=audio/ogg; codecs=opus partial_media_enc_hash=null width=0
original_file_hash=null has_streaming_sidecar=0 autotransfer_retry_enabled=1
media_upload_handle=null message_row_id=93735 multicast_id=null
enc_file_hash=Fcve/4uQIcNt1GbOjDia6KNN4/sFwr4yDZpeYvSxCFk= mute_video=0
page_count=0 first_scan_sidecar=null suspicious_content=0 file_length=6848
media_name=null media_duration=2 chat_row_id=99 media_key=[B@e78c778
01-08 11:52:49.114 3070 3525 E SQLiteDatabase:
android.database.sqlite.SQLiteConstraintException: UNIQUE constraint failed:
message_media.message_row_id (code 1555 SQLITE_CONSTRAINT_PRIMARYKEY[1555])
01-08 11:52:49.114 3070 3525 E SQLiteDatabase: at
android.database.sqlite.SQLiteConnection.nativeExecuteForLastInsertedRowId(Native
Method)
01-08 11:52:49.114 3070 3525 E SQLiteDatabase: at
android.database.sqlite.SQLiteConnection.executeForLastInsertedRowId(SQLiteConnecti
on.java:1217)
01-08 11:52:49.114 3070 3525 E SQLiteDatabase: at
android.database.sqlite.SQLiteSession.executeForLastInsertedRowId(SQLiteSession.jav
a:790)
01-08 11:52:49.114 3070 3525 E SQLiteDatabase: at
android.database.sqlite.SQLiteStatement.executeInsert(SQLiteStatement.java:88)
01-08 11:52:49.114 3070 3525 E SQLiteDatabase: at
android.database.sqlite.SQLiteDatabase.insertWithOnConflict(SQLiteDatabase.java:221
9)
01-08 11:52:49.114 3070 3525 E SQLiteDatabase: at
android.database.sqlite.SQLiteDatabase.insert(SQLiteDatabase.java:2088)
01-08 11:52:49.114 3070 3525 E SQLiteDatabase: at X.2tm.A08(Unknown
Source:6)
01-08 11:52:49.114 3070 3525 E SQLiteDatabase: at X.35Y.A07(Unknown
Source:212)
01-08 11:52:49.114 3070 3525 E SQLiteDatabase: at X.3QF.A14(Unknown
Source:470)
01-08 11:52:49.114 3070 3525 E SQLiteDatabase: at X.3gU.run(Unknown
Source:982)
01-08 11:52:49.114 3070 3525 E SQLiteDatabase: at
android.os.Handler.handleCallback(Handler.java:938)
01-08 11:52:49.114 3070 3525 E SQLiteDatabase: at
android.os.Handler.dispatchMessage(Handler.java:99)
01-08 11:52:49.114 3070 3525 E SQLiteDatabase: at
X.0zq.dispatchMessage(Unknown Source:4)
01-08 11:52:49.114 3070 3525 E SQLiteDatabase: at
android.os.Looper.loop(Looper.java:246)
01-08 11:52:49.114 3070 3525 E SQLiteDatabase: at
android.os.HandlerThread.run(HandlerThread.java:67)
01-08 11:52:49.116 3070 3070 E ArmVmp : Match on catch block at 0xc3 in for 0xa5
01-08 11:52:49.124 3070 3070 E ArmVmp : Match on catch block at 0xc3 in for 0xa9
01-08 11:52:49.167 3070 3070 E ArmVmp : Match on catch block at 0xc3 in for 0xa5
01-08 11:52:49.175 3070 3070 E ArmVmp : Match on catch block at 0xc3 in for 0xa9
01-08 11:52:49.212 3070 3070 E ArmVmp : Match on catch block at 0xc3 in for 0xa9
01-08 11:52:49.222 3070 3070 E ArmVmp : Match on catch block at 0xc3 in for 0xa1
01-08 11:52:49.261 3070 3070 E ArmVmp : Match on catch block at 0xc3 in for 0xa1
01-08 11:52:49.272 3070 3070 E ArmVmp : Match on catch block at 0xc3 in for 0xa5
01-08 11:52:49.305 3070 3541 W libEGL : EGLNativeWindowType 0x7d8e433010
disconnect failed
01-08 11:52:49.371 3070 3070 E ArmVmp : Match on catch block at 0xc3 in for 0xa1
01-08 11:52:49.383 3070 3070 E ArmVmp : Match on catch block at 0xc3 in for 0xa5
01-08 11:52:49.500 3070 3070 E ArmVmp : Match on catch block at 0xc3 in for 0xa9
01-08 11:52:49.517 3070 3070 E ArmVmp : Match on catch block at 0xc3 in for 0xa1
01-08 11:52:49.583 3070 3070 E ArmVmp : Match on catch block at 0xc3 in for 0xa9
01-08 11:52:49.601 3070 3070 E ArmVmp : Match on catch block at 0xc3 in for 0xa1
01-08 11:52:49.654 3070 3070 E ArmVmp : Match on catch block at 0xc3 in for 0xa9
01-08 11:52:49.677 3070 3070 E ArmVmp : Match on catch block at 0xc3 in for 0xa1
01-08 11:52:49.731 3070 3070 E ArmVmp : Match on catch block at 0xc3 in for 0xa9
01-08 11:52:49.740 3070 3070 E ArmVmp : Match on catch block at 0xc3 in for 0xa1
01-08 11:52:49.794 3070 3070 E ArmVmp : Match on catch block at 0xc3 in for 0xa9
01-08 11:52:49.805 3070 3070 E ArmVmp : Match on catch block at 0xc3 in for 0xa1
01-08 11:52:49.861 3070 3070 E ArmVmp : Match on catch block at 0xc3 in for 0xa9
01-08 11:52:49.880 3070 3070 E ArmVmp : Match on catch block at 0xc3 in for 0xa1
01-08 11:52:49.935 3070 3070 E ArmVmp : Match on catch block at 0xc3 in for 0xa9
01-08 11:52:49.943 3070 3070 E ArmVmp : Match on catch block at 0xc3 in for 0xa1
01-08 11:52:49.980 3070 3070 E ArmVmp : Match on catch block at 0xc3 in for 0xa9
01-08 11:52:49.988 3070 3070 E ArmVmp : Match on catch block at 0xc3 in for 0xa1
01-08 11:52:50.025 3070 3070 E ArmVmp : Match on catch block at 0xc3 in for 0xa9
01-08 11:52:50.039 3070 3070 E ArmVmp : Match on catch block at 0xc3 in for 0xa1
01-08 11:52:50.077 3070 3070 E ArmVmp : Match on catch block at 0xc3 in for 0xa9
01-08 11:52:50.084 3070 3070 E ArmVmp : Match on catch block at 0xc3 in for 0xa1
01-08 11:52:50.109 3070 3070 E ArmVmp : Match on catch block at 0xc3 in for 0xa9
01-08 11:52:50.117 3070 3070 E ArmVmp : Match on catch block at 0xc3 in for 0xa1
01-08 11:52:50.156 3070 3070 E ArmVmp : Match on catch block at 0xc3 in for 0xa9
01-08 11:52:50.170 3070 3070 E ArmVmp : Match on catch block at 0xc3 in for 0xa1
01-08 11:52:50.213 3070 3070 E ArmVmp : Match on catch block at 0xc3 in for 0xa1
01-08 11:52:50.222 3070 3070 E ArmVmp : Match on catch block at 0xc3 in for 0xa5
01-08 11:52:50.270 3070 3070 E ArmVmp : Match on catch block at 0xc3 in for 0xa1
01-08 11:52:50.279 3070 3070 E ArmVmp : Match on catch block at 0xc3 in for 0xa5
01-08 11:52:50.319 3070 3070 E ArmVmp : Match on catch block at 0xc3 in for 0xa1
01-08 11:52:50.326 3070 3070 E ArmVmp : Match on catch block at 0xc3 in for 0xa5
01-08 11:52:50.384 3070 3070 E ArmVmp : Match on catch block at 0xc3 in for 0xa1
01-08 11:52:50.391 3070 3070 E ArmVmp : Match on catch block at 0xc3 in for 0xa5
01-08 11:52:50.434 3070 3070 E ArmVmp : Match on catch block at 0xc3 in for 0xa1
01-08 11:52:50.442 3070 3070 E ArmVmp : Match on catch block at 0xc3 in for 0xa5
01-08 11:52:50.482 3070 3070 E ArmVmp : Match on catch block at 0xc3 in for 0xa1
01-08 11:52:50.490 3070 3070 E ArmVmp : Match on catch block at 0xc3 in for 0xa5
01-08 11:52:50.531 3070 3070 E ArmVmp : Match on catch block at 0xc3 in for 0xa1
01-08 11:52:50.539 3070 3070 E ArmVmp : Match on catch block at 0xc3 in for 0xa5
01-08 11:52:50.582 3070 3070 E ArmVmp : Match on catch block at 0xc3 in for 0xa1
01-08 11:52:50.589 3070 3070 E ArmVmp : Match on catch block at 0xc3 in for 0xa5
01-08 11:52:50.612 3070 3070 E ArmVmp : Match on catch block at 0xc3 in for 0xa1
01-08 11:52:50.620 3070 3070 E ArmVmp : Match on catch block at 0xc3 in for 0xa5
01-08 11:52:50.661 3070 3070 E ArmVmp : Match on catch block at 0xc3 in for 0xa1
01-08 11:52:50.671 3070 3070 E ArmVmp : Match on catch block at 0xc3 in for 0xa5
01-08 11:52:50.710 3070 3070 E ArmVmp : Match on catch block at 0xc3 in for 0xa1
01-08 11:52:50.717 3070 3070 E ArmVmp : Match on catch block at 0xc3 in for 0xa5
01-08 11:52:50.759 3070 3070 E ArmVmp : Match on catch block at 0xc3 in for 0xa1
01-08 11:52:50.767 3070 3070 E ArmVmp : Match on catch block at 0xc3 in for 0xa5
01-08 11:52:50.781 3070 3070 E ArmVmp : Match on catch block at 0xc3 in for 0xa1
01-08 11:52:50.791 3070 3070 E ArmVmp : Match on catch block at 0xc3 in for 0xa5
01-08 11:52:50.808 3070 3070 E ArmVmp : Match on catch block at 0xc3 in for 0xa1
01-08 11:52:50.820 3070 3070 E ArmVmp : Match on catch block at 0xc3 in for 0xa5
01-08 11:52:50.835 3070 3070 E ArmVmp : Match on catch block at 0xc3 in for 0xa1
01-08 11:52:50.845 3070 3070 E ArmVmp : Match on catch block at 0xc3 in for 0xa5
01-08 11:52:50.856 3070 3070 E ArmVmp : Match on catch block at 0xc3 in for 0xa1
01-08 11:52:50.867 3070 3070 E ArmVmp : Match on catch block at 0xc3 in for 0xa5
01-08 11:52:50.877 3070 3070 E ArmVmp : Match on catch block at 0xc3 in for 0xa1
01-08 11:52:50.885 3070 3070 E ArmVmp : Match on catch block at 0xc3 in for 0xa5
01-08 11:52:50.897 3070 3070 E ArmVmp : Match on catch block at 0xc3 in for 0xa1
01-08 11:52:50.905 3070 3070 E ArmVmp : Match on catch block at 0xc3 in for 0xa5
01-08 11:52:50.922 3070 3070 E ArmVmp : Match on catch block at 0xc3 in for 0xa1
01-08 11:52:50.931 3070 3070 E ArmVmp : Match on catch block at 0xc3 in for 0xa5
01-08 11:52:50.940 3070 3070 E ArmVmp : Match on catch block at 0xc3 in for 0xa1
01-08 11:52:50.948 3070 3070 E ArmVmp : Match on catch block at 0xc3 in for 0xa5
01-08 11:52:50.959 3070 3070 E ArmVmp : Match on catch block at 0xc3 in for 0xa1
01-08 11:52:50.967 3070 3070 E ArmVmp : Match on catch block at 0xc3 in for 0xa5
01-08 11:52:50.977 3070 3070 E ArmVmp : Match on catch block at 0xc3 in for 0xa1
01-08 11:52:50.988 3070 3070 E ArmVmp : Match on catch block at 0xc3 in for 0xa5
01-08 11:52:51.005 3070 3070 E ArmVmp : Match on catch block at 0xc3 in for 0xa1
01-08 11:52:51.012 3070 3070 E ArmVmp : Match on catch block at 0xc3 in for 0xa5
01-08 11:52:51.020 3070 3070 E ArmVmp : Match on catch block at 0xc3 in for 0xa1
01-08 11:52:51.031 3070 3070 E ArmVmp : Match on catch block at 0xc3 in for 0xa5
01-08 11:52:51.052 3070 3070 E ArmVmp : Match on catch block at 0xc3 in for 0xa1
01-08 11:52:51.059 3070 3070 E ArmVmp : Match on catch block at 0xc3 in for 0xa5
01-08 11:52:51.085 3070 3070 E ArmVmp : Match on catch block at 0xc3 in for 0xa1
01-08 11:52:51.094 3070 3070 E ArmVmp : Match on catch block at 0xc3 in for 0xa5
01-08 11:52:51.117 3070 3070 E ArmVmp : Match on catch block at 0xc3 in for 0xa1
01-08 11:52:51.125 3070 3070 E ArmVmp : Match on catch block at 0xc3 in for 0xa5
01-08 11:52:51.166 3070 3070 E ArmVmp : Match on catch block at 0xc3 in for 0xa1
01-08 11:52:51.175 3070 3070 E ArmVmp : Match on catch block at 0xc3 in for 0xa5
01-08 11:52:51.222 3070 3070 E ArmVmp : Match on catch block at 0xc3 in for 0xa5
01-08 11:52:51.230 3070 3070 E ArmVmp : Match on catch block at 0xc3 in for 0xa9
01-08 11:52:51.280 3070 3070 E ArmVmp : Match on catch block at 0xc3 in for 0xa5
01-08 11:52:51.287 3070 3070 E ArmVmp : Match on catch block at 0xc3 in for 0xa9
01-08 11:52:51.330 3070 3070 E ArmVmp : Match on catch block at 0xc3 in for 0xa5
01-08 11:52:51.336 3070 3070 E ArmVmp : Match on catch block at 0xc3 in for 0xa9
01-08 11:52:51.358 3070 3541 W libEGL : EGLNativeWindowType 0x7d8e433010
disconnect failed
01-08 11:52:51.475 3070 3070 E ArmVmp : Match on catch block at 0xc3 in for 0xa1
01-08 11:52:51.498 3070 3070 E ArmVmp : Match on catch block at 0xc3 in for 0xa5
01-08 11:52:51.558 3070 3070 E ArmVmp : Match on catch block at 0xc3 in for 0xa1
01-08 11:52:51.571 3070 3070 E ArmVmp : Match on catch block at 0xc3 in for 0xa5
01-08 11:52:51.622 3070 3070 E ArmVmp : Match on catch block at 0xc3 in for 0xa1
01-08 11:52:51.639 3070 3070 E ArmVmp : Match on catch block at 0xc3 in for 0xa5
01-08 11:52:51.682 3070 3070 E ArmVmp : Match on catch block at 0xc3 in for 0xa1
01-08 11:52:51.695 3070 3070 E ArmVmp : Match on catch block at 0xc3 in for 0xa5
01-08 11:52:51.755 3070 3070 E ArmVmp : Match on catch block at 0xc3 in for 0xa1
01-08 11:52:51.764 3070 3070 E ArmVmp : Match on catch block at 0xc3 in for 0xa5
01-08 11:52:51.822 3070 3070 E ArmVmp : Match on catch block at 0xc3 in for 0xa1
01-08 11:52:51.834 3070 3070 E ArmVmp : Match on catch block at 0xc3 in for 0xa5
01-08 11:52:51.886 3070 3070 E ArmVmp : Match on catch block at 0xc3 in for 0xa1
01-08 11:52:51.896 3070 3070 E ArmVmp : Match on catch block at 0xc3 in for 0xa5
