01-08 11:54:29.549 3070 3070 E ArmVmp : Match on catch block at 0xc3 in for 0xa1
01-08 11:54:29.665 3070 3541 W libEGL : EGLNativeWindowType 0x7d68fb5010
disconnect failed
01-08 11:54:29.787 3070 3541 W libEGL : EGLNativeWindowType 0x7d217a3010
disconnect failed
01-08 11:54:31.246 3070 3541 W libEGL : EGLNativeWindowType 0x7d217a3010
disconnect failed
01-08 11:54:31.804 3070 3070 E ArmVmp : Match on catch block at 0x0a in for 0xc1
01-08 11:54:31.809 3070 3070 E ArmVmp : Match on catch block at 0x0a in for 0xc9
01-08 11:54:32.217 3070 3070 W View : requestLayout() improperly called by
X.4rg{507df6d V.E....L. ......ID 0,379-1080,1542} during layout: running second
layout pass
01-08 11:54:32.217 3070 3070 W View : requestLayout() improperly called by
android.widget.LinearLayout{6500569 V.E...... ......ID 38,109-740,1150 #7f0b0e50
app:id/main_layout} during layout: running second layout pass
01-08 11:54:32.217 3070 3070 W View : requestLayout() improperly called by
com.whatsapp.conversation.conversationrow.ConversationRowImage$RowImageView{d784c33
VFED..CL. ......ID 11,11-691,963 #7f0b0c84 app:id/image} during layout: running
second layout pass
01-08 11:54:32.224 3070 3070 E ArmVmp : Match on catch block at 0xc3 in for 0xb1
01-08 11:54:32.231 3070 3070 E ArmVmp : Match on catch block at 0xc3 in for 0xb1
01-08 11:54:32.305 3070 3070 E ArmVmp : Match on catch block at 0xc3 in for 0xa5
01-08 11:54:32.310 3070 3070 E ArmVmp : Match on catch block at 0xc3 in for 0xa9
01-08 11:54:32.367 3070 3070 W View : requestLayout() improperly called by
X.4rg{507df6d V.E....L. .......D 0,379-1080,1542} during second layout pass:
posting in next frame
01-08 11:54:32.368 3070 3070 W View : requestLayout() improperly called by
android.widget.LinearLayout{6500569 V.E...... .......D 38,109-740,1150 #7f0b0e50
app:id/main_layout} during second layout pass: posting in next frame
01-08 11:54:32.385 3070 3070 E ArmVmp : Match on catch block at 0xc3 in for 0xa1
01-08 11:54:32.392 3070 3070 E ArmVmp : Match on catch block at 0xc3 in for 0xa5
01-08 11:54:32.504 3070 3070 E ArmVmp : Match on catch block at 0xc3 in for 0xa1
01-08 11:54:32.510 3070 3070 E ArmVmp : Match on catch block at 0xc3 in for 0xa5
01-08 11:54:32.540 3070 3070 E ArmVmp : Match on catch block at 0xc3 in for 0xa5
01-08 11:54:32.546 3070 3070 E ArmVmp : Match on catch block at 0xc3 in for 0xa9
01-08 11:54:32.560 3070 3070 E ArmVmp : Match on catch block at 0xc3 in for 0xa9
01-08 11:54:32.570 3070 3070 E ArmVmp : Match on catch block at 0xc3 in for 0xa1
01-08 11:54:32.664 3070 3070 E ArmVmp : Match on catch block at 0xc3 in for 0xa1
01-08 11:54:32.669 3070 3070 E ArmVmp : Match on catch block at 0xc3 in for 0xa5
01-08 11:54:32.680 3070 3070 E ArmVmp : Match on catch block at 0xc3 in for 0xa5
01-08 11:54:32.686 3070 3070 E ArmVmp : Match on catch block at 0xc3 in for 0xa9
01-08 11:54:32.700 3070 3070 E ArmVmp : Match on catch block at 0xc3 in for 0xa9
01-08 11:54:32.705 3070 3070 E ArmVmp : Match on catch block at 0xc3 in for 0xa1
01-08 11:54:32.714 3070 3070 E ArmVmp : Match on catch block at 0xc3 in for 0xa1
01-08 11:54:32.718 3070 3070 E ArmVmp : Match on catch block at 0xc3 in for 0xa5
01-08 11:54:32.748 3070 3541 W libEGL : EGLNativeWindowType 0x7d8e0d2010
disconnect failed
01-08 11:54:32.759 3070 3070 E ArmVmp : Match on catch block at 0xc3 in for 0xa5
01-08 11:54:32.764 3070 3070 E ArmVmp : Match on catch block at 0xc3 in for 0xa9
01-08 11:54:32.779 3070 3070 E ArmVmp : Match on catch block at 0xc3 in for 0xa9
01-08 11:54:32.784 3070 3070 E ArmVmp : Match on catch block at 0xc3 in for 0xa1
01-08 11:54:32.806 3070 3070 E ArmVmp : Match on catch block at 0xc3 in for 0xa1
01-08 11:54:32.810 3070 3070 E ArmVmp : Match on catch block at 0xc3 in for 0xa5
01-08 11:54:32.826 3070 3070 E ArmVmp : Match on catch block at 0xc3 in for 0xa5
01-08 11:54:32.830 3070 3070 E ArmVmp : Match on catch block at 0xc3 in for 0xa9
01-08 11:54:32.842 3070 3070 E ArmVmp : Match on catch block at 0xc3 in for 0xa9
01-08 11:54:32.846 3070 3070 E ArmVmp : Match on catch block at 0xc3 in for 0xa1
01-08 11:54:32.858 3070 3070 E ArmVmp : Match on catch block at 0xc3 in for 0xa1
01-08 11:54:32.862 3070 3070 E ArmVmp : Match on catch block at 0xc3 in for 0xa5
01-08 11:54:32.874 3070 3070 E ArmVmp : Match on catch block at 0xc3 in for 0xa5
01-08 11:54:32.878 3070 3070 E ArmVmp : Match on catch block at 0xc3 in for 0xa9
01-08 11:54:32.891 3070 3070 E ArmVmp : Match on catch block at 0xc3 in for 0xa9
01-08 11:54:32.896 3070 3070 E ArmVmp : Match on catch block at 0xc3 in for 0xa1
01-08 11:54:32.908 3070 3070 E ArmVmp : Match on catch block at 0xc3 in for 0xa1
01-08 11:54:32.912 3070 3070 E ArmVmp : Match on catch block at 0xc3 in for 0xa5
01-08 11:54:32.923 3070 3070 E ArmVmp : Match on catch block at 0xc3 in for 0xa5
01-08 11:54:32.928 3070 3070 E ArmVmp : Match on catch block at 0xc3 in for 0xa9
01-08 11:54:32.940 3070 3070 E ArmVmp : Match on catch block at 0xc3 in for 0xa9
01-08 11:54:32.945 3070 3070 E ArmVmp : Match on catch block at 0xc3 in for 0xa1
01-08 11:54:32.956 3070 3070 E ArmVmp : Match on catch block at 0xc3 in for 0xa1
01-08 11:54:32.960 3070 3070 E ArmVmp : Match on catch block at 0xc3 in for 0xa5
01-08 11:54:32.974 3070 3070 E ArmVmp : Match on catch block at 0xc3 in for 0xa5
01-08 11:54:32.979 3070 3070 E ArmVmp : Match on catch block at 0xc3 in for 0xa9
01-08 11:54:33.262 3070 3541 W libEGL : EGLNativeWindowType 0x7d217a3010
disconnect failed
01-08 11:54:33.482 3070 3070 E ArmVmp : Match on catch block at 0xc3 in for 0xa5
01-08 11:54:33.491 3070 3070 E ArmVmp : Match on catch block at 0xc3 in for 0xa9
01-08 11:54:33.986 3070 3070 E ArmVmp : Match on catch block at 0xc3 in for 0xa9
01-08 11:54:34.004 3070 3070 E ArmVmp : Match on catch block at 0xc3 in for 0xa1
01-08 11:54:34.145 3070 3070 E ArmVmp : Match on catch block at 0xc3 in for 0xa1
01-08 11:54:34.162 3070 3070 E ArmVmp : Match on catch block at 0xc3 in for 0xa5
01-08 11:54:34.177 3070 3070 E ArmVmp : Match on catch block at 0xc3 in for 0xa5
01-08 11:54:34.190 3070 3070 E ArmVmp : Match on catch block at 0xc3 in for 0xa9
01-08 11:54:34.207 3070 3070 E ArmVmp : Match on catch block at 0xc3 in for 0xa9
01-08 11:54:34.216 3070 3070 E ArmVmp : Match on catch block at 0xc3 in for 0xa1
01-08 11:54:34.229 3070 3070 E ArmVmp : Match on catch block at 0xc3 in for 0xa1
01-08 11:54:34.240 3070 3070 E ArmVmp : Match on catch block at 0xc3 in for 0xa5
01-08 11:54:34.257 3070 3070 E ArmVmp : Match on catch block at 0xc3 in for 0xa5
01-08 11:54:34.265 3070 3070 E ArmVmp : Match on catch block at 0xc3 in for 0xa9
01-08 11:54:34.282 3070 3070 E ArmVmp : Match on catch block at 0xc3 in for 0xa9
01-08 11:54:34.292 3070 3070 E ArmVmp : Match on catch block at 0xc3 in for 0xa1
01-08 11:54:34.307 3070 3070 E ArmVmp : Match on catch block at 0xc3 in for 0xa1
01-08 11:54:34.319 3070 3070 E ArmVmp : Match on catch block at 0xc3 in for 0xa5
01-08 11:54:34.337 3070 3070 E ArmVmp : Match on catch block at 0xc3 in for 0xa5
01-08 11:54:34.347 3070 3070 E ArmVmp : Match on catch block at 0xc3 in for 0xa9
01-08 11:54:34.359 3070 3070 E ArmVmp : Match on catch block at 0xc3 in for 0xa9
01-08 11:54:34.366 3070 3070 E ArmVmp : Match on catch block at 0xc3 in for 0xa1
01-08 11:54:34.377 3070 3070 E ArmVmp : Match on catch block at 0xc3 in for 0xa1
01-08 11:54:34.387 3070 3070 E ArmVmp : Match on catch block at 0xc3 in for 0xa5
01-08 11:54:34.404 3070 3070 E ArmVmp : Match on catch block at 0xc3 in for 0xa5
01-08 11:54:34.413 3070 3070 E ArmVmp : Match on catch block at 0xc3 in for 0xa9
01-08 11:54:34.468 3070 3070 E ArmVmp : Match on catch block at 0xc3 in for 0xa9
01-08 11:54:34.476 3070 3070 E ArmVmp : Match on catch block at 0xc3 in for 0xa1
01-08 11:54:34.978 3070 3070 E ArmVmp : Match on catch block at 0xc3 in for 0xa9
01-08 11:54:34.987 3070 3070 E ArmVmp : Match on catch block at 0xc3 in for 0xa1
01-08 11:54:35.289 3070 3541 W libEGL : EGLNativeWindowType 0x7d217a3010
disconnect failed
01-08 11:54:35.496 3070 3070 E ArmVmp : Match on catch block at 0xc3 in for 0xa9
01-08 11:54:35.507 3070 3070 E ArmVmp : Match on catch block at 0xc3 in for 0xa1
01-08 11:54:35.784 3070 3070 E ArmVmp : Match on catch block at 0xc3 in for 0xa1
01-08 11:54:35.789 3070 3070 E ArmVmp : Match on catch block at 0xc3 in for 0xa5
01-08 11:54:35.814 3070 3541 E FrameEvents: updateAcquireFence: Did not find
frame.
01-08 11:54:35.816 3070 3541 E BufferQueueProducer: [ImageReader-680x952f1u256m2-
3070-1](id:bfe00000009,api:0,p:-1,c:3070) disconnect: not connected (req=1)
01-08 11:54:35.816 3070 3541 W libEGL : EGLNativeWindowType 0x7d31df6010
disconnect failed
01-08 11:54:36.100 3070 3070 E ArmVmp : Match on catch block at 0xc3 in for 0xa9
01-08 11:54:36.105 3070 3070 E ArmVmp : Match on catch block at 0xc3 in for 0xa1
01-08 11:54:36.269 3070 3070 E ArmVmp : Match on catch block at 0xc3 in for 0xa9
01-08 11:54:36.278 3070 3070 E ArmVmp : Match on catch block at 0xc3 in for 0xa1
01-08 11:54:37.325 3070 3541 W libEGL : EGLNativeWindowType 0x7d217a3010
disconnect failed
01-08 11:54:38.079 3070 3541 W libEGL : EGLNativeWindowType 0x7d31df6010
disconnect failed
01-08 11:54:38.115 3070 3070 E ArmVmp : Match on catch block at 0xc3 in for 0xa1
01-08 11:54:38.115 3070 3541 W libEGL : EGLNativeWindowType 0x7d68ff6010
disconnect failed
01-08 11:54:38.121 3070 3070 E ArmVmp : Match on catch block at 0xc3 in for 0xa5
01-08 11:54:38.162 3070 3070 E ArmVmp : Match on catch block at 0xc3 in for 0xa5
01-08 11:54:38.169 3070 3070 E ArmVmp : Match on catch block at 0xc3 in for 0xa9
01-08 11:54:38.222 3070 3070 E ArmVmp : Match on catch block at 0xc3 in for 0xa9
01-08 11:54:38.235 3070 3070 E ArmVmp : Match on catch block at 0xc3 in for 0xa1
01-08 11:54:38.250 3070 3070 E ArmVmp : Match on catch block at 0xc3 in for 0xa1
01-08 11:54:38.258 3070 3070 E ArmVmp : Match on catch block at 0xc3 in for 0xa5
01-08 11:54:38.273 3070 3070 E ArmVmp : Match on catch block at 0xc3 in for 0xa5
01-08 11:54:38.281 3070 3070 E ArmVmp : Match on catch block at 0xc3 in for 0xa9
01-08 11:54:38.329 3070 3070 E ArmVmp : Match on catch block at 0xc3 in for 0xa9
01-08 11:54:38.344 3070 3070 E ArmVmp : Match on catch block at 0xc3 in for 0xa1
01-08 11:54:38.370 3070 3070 E ArmVmp : Match on catch block at 0xc3 in for 0xa1
01-08 11:54:38.379 3070 3070 E ArmVmp : Match on catch block at 0xc3 in for 0xa5
01-08 11:54:38.404 3070 3070 E ArmVmp : Match on catch block at 0xc3 in for 0xa5
01-08 11:54:38.412 3070 3070 E ArmVmp : Match on catch block at 0xc3 in for 0xa9
01-08 11:54:38.443 3070 3070 E ArmVmp : Match on catch block at 0xc3 in for 0xa9
01-08 11:54:38.452 3070 3070 E ArmVmp : Match on catch block at 0xc3 in for 0xa1
01-08 11:54:38.480 3070 3070 E ArmVmp : Match on catch block at 0xc3 in for 0xa1
01-08 11:54:38.490 3070 3070 E ArmVmp : Match on catch block at 0xc3 in for 0xa5
01-08 11:54:40.356 3070 3541 W libEGL : EGLNativeWindowType 0x7d217a3010
disconnect failed
01-08 11:54:40.381 3070 3541 W libEGL : EGLNativeWindowType 0x7d217a3010
disconnect failed
01-08 11:54:40.429 3070 3541 W libEGL : EGLNativeWindowType 0x7d217a3010
disconnect failed
01-08 11:54:40.525 3070 3541 W libEGL : EGLNativeWindowType 0x7d217a3010
disconnect failed
01-08 11:54:40.550 3070 3070 E ArmVmp : Match on catch block at 0xc3 in for 0xa1
01-08 11:54:40.556 3070 3070 E ArmVmp : Match on catch block at 0xc3 in for 0xa5
01-08 11:54:40.588 3070 3541 W libEGL : EGLNativeWindowType 0x7d217a3010
disconnect failed
01-08 11:54:40.599 3070 3070 E ArmVmp : Match on catch block at 0xc3 in for 0xa9
01-08 11:54:40.606 3070 3070 E ArmVmp : Match on catch block at 0xc3 in for 0xa1
01-08 11:54:40.640 3070 3541 W libEGL : EGLNativeWindowType 0x7d217a3010
disconnect failed
01-08 11:54:40.649 3070 3070 E ArmVmp : Match on catch block at 0xc3 in for 0xa5
01-08 11:54:40.656 3070 3070 E ArmVmp : Match on catch block at 0xc3 in for 0xa9
01-08 11:54:40.681 3070 3070 E ArmVmp : Match on catch block at 0xc3 in for 0xa9
01-08 11:54:40.686 3070 3070 E ArmVmp : Match on catch block at 0xc3 in for 0xa1
01-08 11:54:40.700 3070 3070 E ArmVmp : Match on catch block at 0xc3 in for 0xa1
01-08 11:54:40.704 3070 3070 E ArmVmp : Match on catch block at 0xc3 in for 0xa5
01-08 11:54:40.716 3070 3070 E ArmVmp : Match on catch block at 0xc3 in for 0xa5
01-08 11:54:40.725 3070 3070 E ArmVmp : Match on catch block at 0xc3 in for 0xa9
01-08 11:54:40.736 3070 3070 E ArmVmp : Match on catch block at 0xc3 in for 0xa9
01-08 11:54:40.740 3070 3070 E ArmVmp : Match on catch block at 0xc3 in for 0xa1
01-08 11:54:40.773 3070 3070 E ArmVmp : Match on catch block at 0xc3 in for 0xa1
01-08 11:54:40.777 3070 3070 E ArmVmp : Match on catch block at 0xc3 in for 0xa5
01-08 11:54:40.790 3070 3070 E ArmVmp : Match on catch block at 0xc3 in for 0xa5
01-08 11:54:40.795 3070 3070 E ArmVmp : Match on catch block at 0xc3 in for 0xa9
01-08 11:54:40.810 3070 3070 E ArmVmp : Match on catch block at 0xc3 in for 0xa9
01-08 11:54:40.814 3070 3070 E ArmVmp : Match on catch block at 0xc3 in for 0xa1
01-08 11:54:40.827 3070 3070 E ArmVmp : Match on catch block at 0xc3 in for 0xa1
01-08 11:54:40.832 3070 3070 E ArmVmp : Match on catch block at 0xc3 in for 0xa5
01-08 11:54:40.867 3070 3070 E ArmVmp : Match on catch block at 0xc3 in for 0xa5
01-08 11:54:40.872 3070 3070 E ArmVmp : Match on catch block at 0xc3 in for 0xa9
01-08 11:54:40.885 3070 3070 E ArmVmp : Match on catch block at 0xc3 in for 0xa9
01-08 11:54:40.894 3070 3070 E ArmVmp : Match on catch block at 0xc3 in for 0xa1
01-08 11:54:41.587 3070 3541 W libEGL : EGLNativeWindowType 0x7d217a3010
disconnect failed
01-08 11:54:42.238 3070 3070 E ArmVmp : Match on catch block at 0xc3 in for 0xa5
01-08 11:54:42.244 3070 3070 E ArmVmp : Match on catch block at 0xc3 in for 0xa9
01-08 11:54:42.251 3070 3070 E ArmVmp : Match on catch block at 0xc3 in for 0xa9
01-08 11:54:42.255 3070 3070 E ArmVmp : Match on catch block at 0xc3 in for 0xa1
01-08 11:54:42.546 3070 3070 E ArmVmp : Match on catch block at 0xc3 in for 0xa1
01-08 11:54:42.551 3070 3070 E ArmVmp : Match on catch block at 0xc3 in for 0xa5
01-08 11:54:42.568 3070 3070 E ArmVmp : Match on catch block at 0xc3 in for 0xa5
01-08 11:54:42.574 3070 3070 E ArmVmp : Match on catch block at 0xc3 in for 0xa9
01-08 11:54:42.601 3070 3070 E ArmVmp : Match on catch block at 0xc3 in for 0xa9
01-08 11:54:42.606 3070 3070 E ArmVmp : Match on catch block at 0xc3 in for 0xa1
01-08 11:54:42.731 3070 3541 W libEGL : EGLNativeWindowType 0x7d31df6010
disconnect failed
01-08 11:54:42.764 3070 3070 E ArmVmp : Match on catch block at 0xc3 in for 0xa5
01-08 11:54:42.768 3070 3070 E ArmVmp : Match on catch block at 0xc3 in for 0xa9
01-08 11:54:42.775 3070 3070 E ViewRootImpl: sendUserActionEvent() mView
returned.
01-08 11:54:42.812 3070 3070 E ArmVmp : Match on catch block at 0xc3 in for 0xa5
01-08 11:54:42.816 3070 3070 E ArmVmp : Match on catch block at 0xc3 in for 0xa9
01-08 11:54:43.033 3070 3070 E ArmVmp : Match on catch block at 0xc3 in for 0xa1
01-08 11:54:43.039 3070 3070 E ArmVmp : Match on catch block at 0xc3 in for 0xa5
01-08 11:54:43.052 3070 3070 E ArmVmp : Match on catch block at 0xc3 in for 0xa9
01-08 11:54:43.061 3070 3070 E ArmVmp : Match on catch block at 0xc3 in for 0xa1
01-08 11:54:43.082 3070 3070 E ArmVmp : Match on catch block at 0xc3 in for 0xa1
01-08 11:54:43.088 3070 3070 E ArmVmp : Match on catch block at 0xc3 in for 0xa5
01-08 11:54:43.096 3070 3070 E ArmVmp : Match on catch block at 0xc3 in for 0xa9
01-08 11:54:43.101 3070 3070 E ArmVmp : Match on catch block at 0xc3 in for 0xa1
01-08 11:54:43.177 3070 3070 E ArmVmp : Match on catch block at 0xc3 in for 0xa5
01-08 11:54:43.183 3070 3070 E ArmVmp : Match on catch block at 0xc3 in for 0xa9
01-08 11:54:43.323 3070 3070 E ArmVmp : Match on catch block at 0xc3 in for 0xa9
01-08 11:54:43.327 3070 3070 E ArmVmp : Match on catch block at 0xc3 in for 0xa1
01-08 11:54:43.523 3070 3070 E ArmVmp : Match on catch block at 0xc3 in for 0xa9
01-08 11:54:43.528 3070 3070 E ArmVmp : Match on catch block at 0xc3 in for 0xa1
01-08 11:54:43.691 3070 3070 E ArmVmp : Match on catch block at 0xc3 in for 0xa1
01-08 11:54:43.698 3070 3070 E ArmVmp : Match on catch block at 0xc3 in for 0xa5
01-08 11:54:43.724 3070 3070 E ArmVmp : Match on catch block at 0xc3 in for 0xa9
01-08 11:54:43.729 3070 3070 E ArmVmp : Match on catch block at 0xc3 in for 0xa1
01-08 11:54:43.747 3070 3541 W libEGL : EGLNativeWindowType 0x7d217a3010
disconnect failed
01-08 11:54:43.805 3070 3070 E ArmVmp : Match on catch block at 0xc3 in for 0xa5
01-08 11:54:43.810 3070 3070 E ArmVmp : Match on catch block at 0xc3 in for 0xa9
01-08 11:54:43.856 3070 3070 E ArmVmp : Match on catch block at 0xc3 in for 0xa5
01-08 11:54:43.864 3070 3070 E ArmVmp : Match on catch block at 0xc3 in for 0xa9
01-08 11:54:43.885 3070 3070 E ArmVmp : Match on catch block at 0xc3 in for 0xa9
01-08 11:54:43.890 3070 3070 E ArmVmp : Match on catch block at 0xc3 in for 0xa1
01-08 11:54:43.909 3070 3070 E ArmVmp : Match on catch block at 0xc3 in for 0xa1
01-08 11:54:43.915 3070 3070 E ArmVmp : Match on catch block at 0xc3 in for 0xa5
01-08 11:54:43.933 3070 3070 E ArmVmp : Match on catch block at 0xc3 in for 0xa5
01-08 11:54:43.943 3070 3070 E ArmVmp : Match on catch block at 0xc3 in for 0xa9
01-08 11:54:43.961 3070 3070 E ArmVmp : Match on catch block at 0xc3 in for 0xa9
01-08 11:54:43.966 3070 3070 E ArmVmp : Match on catch block at 0xc3 in for 0xa1
01-08 11:54:43.982 3070 3070 E ArmVmp : Match on catch block at 0xc3 in for 0xa1
01-08 11:54:43.986 3070 3070 E ArmVmp : Match on catch block at 0xc3 in for 0xa5
01-08 11:54:44.008 3070 3070 E ArmVmp : Match on catch block at 0xc3 in for 0xa5
01-08 11:54:44.014 3070 3070 E ArmVmp : Match on catch block at 0xc3 in for 0xa9
01-08 11:54:44.030 3070 3070 E ArmVmp : Match on catch block at 0xc3 in for 0xa9
01-08 11:54:44.035 3070 3070 E ArmVmp : Match on catch block at 0xc3 in for 0xa1
01-08 11:54:44.070 3070 3070 E ArmVmp : Match on catch block at 0xc3 in for 0xa1
01-08 11:54:44.075 3070 3070 E ArmVmp : Match on catch block at 0xc3 in for 0xa5
01-08 11:54:44.100 3070 3070 E ArmVmp : Match on catch block at 0xc3 in for 0xa1
01-08 11:54:44.106 3070 3070 E ArmVmp : Match on catch block at 0xc3 in for 0xa5
01-08 11:54:44.129 3070 3070 E ArmVmp : Match on catch block at 0xc3 in for 0xa5
01-08 11:54:44.137 3070 3070 E ArmVmp : Match on catch block at 0xc3 in for 0xa9
01-08 11:54:44.572 3070 3070 E ArmVmp : Match on catch block at 0xc3 in for 0xa9
01-08 11:54:44.579 3070 3070 E ArmVmp : Match on catch block at 0xc3 in for 0xa1
01-08 11:54:44.723 3070 3070 E ArmVmp : Match on catch block at 0xc3 in for 0xa1
01-08 11:54:44.729 3070 3070 E ArmVmp : Match on catch block at 0xc3 in for 0xa5
01-08 11:54:44.739 3070 3070 E ArmVmp : Match on catch block at 0xc3 in for 0xa9
01-08 11:54:44.746 3070 3070 E ArmVmp : Match on catch block at 0xc3 in for 0xa1
01-08 11:54:44.767 3070 3070 E ArmVmp : Match on catch block at 0xc3 in for 0xa9
01-08 11:54:44.773 3070 3070 E ArmVmp : Match on catch block at 0xc3 in for 0xa1
01-08 11:54:44.789 3070 3070 E ArmVmp : Match on catch block at 0xc3 in for 0xa5
01-08 11:54:44.795 3070 3070 E ArmVmp : Match on catch block at 0xc3 in for 0xa9
01-08 11:54:44.804 3070 3070 E ArmVmp : Match on catch block at 0xc3 in for 0xa9
01-08 11:54:44.812 3070 3070 E ArmVmp : Match on catch block at 0xc3 in for 0xa1
01-08 11:54:44.848 3070 3070 E ArmVmp : Match on catch block at 0xc3 in for 0xa1
01-08 11:54:44.854 3070 3070 E ArmVmp : Match on catch block at 0xc3 in for 0xa5
01-08 11:54:44.862 3070 3070 E ArmVmp : Match on catch block at 0xc3 in for 0xa5
01-08 11:54:44.871 3070 3070 E ArmVmp : Match on catch block at 0xc3 in for 0xa9
01-08 11:54:44.881 3070 3070 E ArmVmp : Match on catch block at 0xc3 in for 0xa9
01-08 11:54:44.887 3070 3070 E ArmVmp : Match on catch block at 0xc3 in for 0xa1
01-08 11:54:44.898 3070 3070 E ArmVmp : Match on catch block at 0xc3 in for 0xa1
01-08 11:54:44.904 3070 3070 E ArmVmp : Match on catch block at 0xc3 in for 0xa5
01-08 11:54:44.914 3070 3070 E ArmVmp : Match on catch block at 0xc3 in for 0xa5
01-08 11:54:44.921 3070 3070 E ArmVmp : Match on catch block at 0xc3 in for 0xa9
01-08 11:54:44.930 3070 3070 E ArmVmp : Match on catch block at 0xc3 in for 0xa9
01-08 11:54:44.937 3070 3070 E ArmVmp : Match on catch block at 0xc3 in for 0xa1
01-08 11:54:44.946 3070 3070 E ArmVmp : Match on catch block at 0xc3 in for 0xa1
01-08 11:54:44.957 3070 3070 E ArmVmp : Match on catch block at 0xc3 in for 0xa5
01-08 11:54:44.966 3070 3070 E ArmVmp : Match on catch block at 0xc3 in for 0xa5
01-08 11:54:44.971 3070 3070 E ArmVmp : Match on catch block at 0xc3 in for 0xa9
01-08 11:54:44.979 3070 3070 E ArmVmp : Match on catch block at 0xc3 in for 0xa9
01-08 11:54:44.989 3070 3070 E ArmVmp : Match on catch block at 0xc3 in for 0xa1
01-08 11:54:44.997 3070 3070 E ArmVmp : Match on catch block at 0xc3 in for 0xa1
01-08 11:54:45.009 3070 3070 E ArmVmp : Match on catch block at 0xc3 in for 0xa5
01-08 11:54:45.066 3070 3070 E ArmVmp : Match on catch block at 0xc3 in for 0xa9
01-08 11:54:45.071 3070 3070 E ArmVmp : Match on catch block at 0xc3 in for 0xa1
01-08 11:54:45.081 3070 3070 E ArmVmp : Match on catch block at 0xc3 in for 0xa1
01-08 11:54:45.093 3070 3070 E ArmVmp : Match on catch block at 0xc3 in for 0xa5
01-08 11:54:45.104 3070 3070 E ArmVmp : Match on catch block at 0xc3 in for 0xa5
01-08 11:54:45.114 3070 3070 E ArmVmp : Match on catch block at 0xc3 in for 0xa9
01-08 11:54:45.122 3070 3070 E ArmVmp : Match on catch block at 0xc3 in for 0xa9
01-08 11:54:45.131 3070 3070 E ArmVmp : Match on catch block at 0xc3 in for 0xa1
01-08 11:54:45.143 3070 3070 E ArmVmp : Match on catch block at 0xc3 in for 0xa1
01-08 11:54:45.155 3070 3070 E ArmVmp : Match on catch block at 0xc3 in for 0xa5
01-08 11:54:45.170 3070 3070 E ArmVmp : Match on catch block at 0xc3 in for 0xa9
01-08 11:54:45.176 3070 3070 E ArmVmp : Match on catch block at 0xc3 in for 0xa1
01-08 11:54:45.190 3070 3070 E ArmVmp : Match on catch block at 0xc3 in for 0xa5
01-08 11:54:45.195 3070 3070 E ArmVmp : Match on catch block at 0xc3 in for 0xa9
01-08 11:54:45.214 3070 3070 E ArmVmp : Match on catch block at 0xc3 in for 0xa1
01-08 11:54:45.219 3070 3070 E ArmVmp : Match on catch block at 0xc3 in for 0xa5
01-08 11:54:45.233 3070 3070 E ArmVmp : Match on catch block at 0xc3 in for 0xa9
01-08 11:54:45.245 3070 3070 E ArmVmp : Match on catch block at 0xc3 in for 0xa1
01-08 11:54:45.297 3070 3070 E ArmVmp : Match on catch block at 0xc3 in for 0xa5
01-08 11:54:45.303 3070 3070 E ArmVmp : Match on catch block at 0xc3 in for 0xa9
01-08 11:54:45.329 3070 3070 E ArmVmp : Match on catch block at 0xc3 in for 0xa1
01-08 11:54:45.334 3070 3070 E ArmVmp : Match on catch block at 0xc3 in for 0xa5
01-08 11:54:45.377 3070 3070 E ArmVmp : Match on catch block at 0xc3 in for 0xa1
01-08 11:54:45.384 3070 3070 E ArmVmp : Match on catch block at 0xc3 in for 0xa5
01-08 11:54:45.411 3070 3070 E ArmVmp : Match on catch block at 0xc3 in for 0xa9
01-08 11:54:45.416 3070 3070 E ArmVmp : Match on catch block at 0xc3 in for 0xa1
01-08 11:54:45.440 3070 3070 E ArmVmp : Match on catch block at 0xc3 in for 0xa9
01-08 11:54:45.446 3070 3070 E ArmVmp : Match on catch block at 0xc3 in for 0xa1
01-08 11:54:45.491 3070 3070 E ArmVmp : Match on catch block at 0xc3 in for 0xa5
01-08 11:54:45.495 3070 3070 E ArmVmp : Match on catch block at 0xc3 in for 0xa9
01-08 11:54:45.510 3070 3070 E ArmVmp : Match on catch block at 0xc3 in for 0xa9
01-08 11:54:45.517 3070 3070 E ArmVmp : Match on catch block at 0xc3 in for 0xa1
01-08 11:54:45.528 3070 3070 E ArmVmp : Match on catch block at 0xc3 in for 0xa1
01-08 11:54:45.534 3070 3070 E ArmVmp : Match on catch block at 0xc3 in for 0xa5
01-08 11:54:45.542 3070 3070 E ArmVmp : Match on catch block at 0xc3 in for 0xa5
01-08 11:54:45.548 3070 3070 E ArmVmp : Match on catch block at 0xc3 in for 0xa9
01-08 11:54:45.556 3070 3070 E ArmVmp : Match on catch block at 0xc3 in for 0xa9
01-08 11:54:45.561 3070 3070 E ArmVmp : Match on catch block at 0xc3 in for 0xa1
01-08 11:54:45.573 3070 3070 E ArmVmp : Match on catch block at 0xc3 in for 0xa1
01-08 11:54:45.579 3070 3070 E ArmVmp : Match on catch block at 0xc3 in for 0xa5
01-08 11:54:45.622 3070 3070 E ArmVmp : Match on catch block at 0xc3 in for 0xa1
01-08 11:54:45.627 3070 3070 E ArmVmp : Match on catch block at 0xc3 in for 0xa5
01-08 11:54:45.641 3070 3070 E ArmVmp : Match on catch block at 0xc3 in for 0xa5
01-08 11:54:45.647 3070 3070 E ArmVmp : Match on catch block at 0xc3 in for 0xa9
01-08 11:54:45.667 3070 3541 W libEGL : EGLNativeWindowType 0x7cc1f52010
disconnect failed
01-08 11:54:45.692 3070 3070 E ArmVmp : Match on catch block at 0xc3 in for 0xa1
01-08 11:54:45.699 3070 3070 E ArmVmp : Match on catch block at 0xc3 in for 0xa5
01-08 11:54:45.720 3070 3070 E ArmVmp : Match on catch block at 0xc3 in for 0xa1
01-08 11:54:45.725 3070 3070 E ArmVmp : Match on catch block at 0xc3 in for 0xa5
01-08 11:54:45.734 3070 3070 E ArmVmp : Match on catch block at 0xc3 in for 0xa5
01-08 11:54:45.739 3070 3070 E ArmVmp : Match on catch block at 0xc3 in for 0xa9
01-08 11:54:45.756 3070 3070 E ArmVmp : Match on catch block at 0xc3 in for 0xa9
01-08 11:54:45.762 3070 3070 E ArmVmp : Match on catch block at 0xc3 in for 0xa1
01-08 11:54:45.772 3070 3070 E ArmVmp : Match on catch block at 0xc3 in for 0xa1
01-08 11:54:45.778 3070 3070 E ArmVmp : Match on catch block at 0xc3 in for 0xa5
01-08 11:54:45.789 3070 3070 E ArmVmp : Match on catch block at 0xc3 in for 0xa5
01-08 11:54:45.798 3070 3070 E ArmVmp : Match on catch block at 0xc3 in for 0xa9
01-08 11:54:45.808 3070 3070 E ArmVmp : Match on catch block at 0xc3 in for 0xa9
01-08 11:54:45.814 3070 3070 E ArmVmp : Match on catch block at 0xc3 in for 0xa1
01-08 11:54:45.821 3070 3070 E ArmVmp : Match on catch block at 0xc3 in for 0xa1
01-08 11:54:45.826 3070 3070 E ArmVmp : Match on catch block at 0xc3 in for 0xa5
01-08 11:54:46.029 3070 3070 E ArmVmp : Match on catch block at 0xc3 in for 0xa1
01-08 11:54:46.042 3070 3070 E ArmVmp : Match on catch block at 0xc3 in for 0xa5
01-08 11:54:46.059 3070 3070 E ArmVmp : Match on catch block at 0xc3 in for 0xa9
01-08 11:54:46.065 3070 3070 E ArmVmp : Match on catch block at 0xc3 in for 0xa1
01-08 11:54:46.080 3070 3070 E ArmVmp : Match on catch block at 0xc3 in for 0xa5
01-08 11:54:46.087 3070 3070 E ArmVmp : Match on catch block at 0xc3 in for 0xa9
01-08 11:54:46.099 3070 3070 E ArmVmp : Match on catch block at 0xc3 in for 0xa5
01-08 11:54:46.104 3070 3070 E ArmVmp : Match on catch block at 0xc3 in for 0xa9
01-08 11:54:46.127 3070 3070 E ArmVmp : Match on catch block at 0xc3 in for 0xa1
01-08 11:54:46.133 3070 3070 E ArmVmp : Match on catch block at 0xc3 in for 0xa5
01-08 11:54:46.157 3070 3070 E ArmVmp : Match on catch block at 0xc3 in for 0xa5
01-08 11:54:46.162 3070 3070 E ArmVmp : Match on catch block at 0xc3 in for 0xa9
01-08 11:54:46.208 3070 3070 E ArmVmp : Match on catch block at 0xc3 in for 0xa5
01-08 11:54:46.214 3070 3070 E ArmVmp : Match on catch block at 0xc3 in for 0xa9
01-08 11:54:46.240 3070 3070 E ArmVmp : Match on catch block at 0xc3 in for 0xa1
01-08 11:54:46.246 3070 3070 E ArmVmp : Match on catch block at 0xc3 in for 0xa5
01-08 11:54:46.273 3070 3070 E ArmVmp : Match on catch block at 0xc3 in for 0xa5
01-08 11:54:46.282 3070 3070 E ArmVmp : Match on catch block at 0xc3 in for 0xa9
01-08 11:54:46.352 3070 3070 E ArmVmp : Match on catch block at 0xc3 in for 0xa1
01-08 11:54:46.359 3070 3070 E ArmVmp : Match on catch block at 0xc3 in for 0xa5
01-08 11:54:46.409 3070 3070 E ArmVmp : Match on catch block at 0xc3 in for 0xa5
01-08 11:54:46.414 3070 3070 E ArmVmp : Match on catch block at 0xc3 in for 0xa9
01-08 11:54:46.427 3070 3070 E ArmVmp : Match on catch block at 0xc3 in for 0xa1
01-08 11:54:46.434 3070 3070 E ArmVmp : Match on catch block at 0xc3 in for 0xa5
01-08 11:54:46.447 3070 3070 E ArmVmp : Match on catch block at 0xc3 in for 0xa9
01-08 11:54:46.454 3070 3070 E ArmVmp : Match on catch block at 0xc3 in for 0xa1
01-08 11:54:46.469 3070 3070 E ArmVmp : Match on catch block at 0xc3 in for 0xa5
01-08 11:54:46.475 3070 3070 E ArmVmp : Match on catch block at 0xc3 in for 0xa9
01-08 11:54:46.483 3070 3070 E ArmVmp : Match on catch block at 0xc3 in for 0xa1
01-08 11:54:46.491 3070 3070 E ArmVmp : Match on catch block at 0xc3 in for 0xa5
01-08 11:54:46.507 3070 3070 E ArmVmp : Match on catch block at 0xc3 in for 0xa9
01-08 11:54:46.513 3070 3070 E ArmVmp : Match on catch block at 0xc3 in for 0xa1
01-08 11:54:46.524 3070 3070 E ArmVmp : Match on catch block at 0xc3 in for 0xa5
01-08 11:54:46.530 3070 3070 E ArmVmp : Match on catch block at 0xc3 in for 0xa9
01-08 11:54:46.552 3070 3070 E ArmVmp : Match on catch block at 0xc3 in for 0xa1
01-08 11:54:46.559 3070 3070 E ArmVmp : Match on catch block at 0xc3 in for 0xa5
01-08 11:54:46.567 3070 3070 E ArmVmp : Match on catch block at 0xc3 in for 0xa9
01-08 11:54:46.578 3070 3070 E ArmVmp : Match on catch block at 0xc3 in for 0xa1
01-08 11:54:46.589 3070 3070 E ArmVmp : Match on catch block at 0xc3 in for 0xa5
01-08 11:54:46.596 3070 3070 E ArmVmp : Match on catch block at 0xc3 in for 0xa9
01-08 11:54:46.607 3070 3070 E ArmVmp : Match on catch block at 0xc3 in for 0xa1
01-08 11:54:46.614 3070 3070 E ArmVmp : Match on catch block at 0xc3 in for 0xa5
01-08 11:54:46.637 3070 3070 E ArmVmp : Match on catch block at 0xc3 in for 0xa9
01-08 11:54:46.643 3070 3070 E ArmVmp : Match on catch block at 0xc3 in for 0xa1
01-08 11:54:46.653 3070 3070 E ArmVmp : Match on catch block at 0xc3 in for 0xa5
01-08 11:54:46.661 3070 3070 E ArmVmp : Match on catch block at 0xc3 in for 0xa9
01-08 11:54:46.671 3070 3070 E ArmVmp : Match on catch block at 0xc3 in for 0xa1
01-08 11:54:46.677 3070 3070 E ArmVmp : Match on catch block at 0xc3 in for 0xa5
01-08 11:54:46.696 3070 3070 E ArmVmp : Match on catch block at 0xc3 in for 0xa9
01-08 11:54:46.703 3070 3070 E ArmVmp : Match on catch block at 0xc3 in for 0xa1
01-08 11:54:46.712 3070 3070 E ArmVmp : Match on catch block at 0xc3 in for 0xa5
01-08 11:54:46.719 3070 3070 E ArmVmp : Match on catch block at 0xc3 in for 0xa9
01-08 11:54:46.731 3070 3070 E ArmVmp : Match on catch block at 0xc3 in for 0xa1
01-08 11:54:46.739 3070 3070 E ArmVmp : Match on catch block at 0xc3 in for 0xa5
01-08 11:54:46.750 3070 3070 E ArmVmp : Match on catch block at 0xc3 in for 0xa9
01-08 11:54:46.758 3070 3070 E ArmVmp : Match on catch block at 0xc3 in for 0xa1
01-08 11:54:46.779 3070 3070 E ArmVmp : Match on catch block at 0xc3 in for 0xa5
01-08 11:54:46.785 3070 3070 E ArmVmp : Match on catch block at 0xc3 in for 0xa9
01-08 11:54:46.795 3070 3070 E ArmVmp : Match on catch block at 0xc3 in for 0xa1
01-08 11:54:46.806 3070 3070 E ArmVmp : Match on catch block at 0xc3 in for 0xa5
01-08 11:54:46.815 3070 3070 E ArmVmp : Match on catch block at 0xc3 in for 0xa9
01-08 11:54:46.823 3070 3070 E ArmVmp : Match on catch block at 0xc3 in for 0xa1
01-08 11:54:46.832 3070 3070 E ArmVmp : Match on catch block at 0xc3 in for 0xa5
01-08 11:54:46.839 3070 3070 E ArmVmp : Match on catch block at 0xc3 in for 0xa9
01-08 11:54:46.858 3070 3070 E ArmVmp : Match on catch block at 0xc3 in for 0xa1
01-08 11:54:46.865 3070 3070 E ArmVmp : Match on catch block at 0xc3 in for 0xa5
01-08 11:54:46.874 3070 3070 E ArmVmp : Match on catch block at 0xc3 in for 0xa9
01-08 11:54:46.883 3070 3070 E ArmVmp : Match on catch block at 0xc3 in for 0xa1
01-08 11:54:46.892 3070 3070 E ArmVmp : Match on catch block at 0xc3 in for 0xa5
01-08 11:54:46.899 3070 3070 E ArmVmp : Match on catch block at 0xc3 in for 0xa9
01-08 11:54:46.915 3070 3070 E ArmVmp : Match on catch block at 0xc3 in for 0xa1
01-08 11:54:46.920 3070 3070 E ArmVmp : Match on catch block at 0xc3 in for 0xa5
01-08 11:54:46.939 3070 3070 E ArmVmp : Match on catch block at 0xc3 in for 0xa9
01-08 11:54:46.948 3070 3070 E ArmVmp : Match on catch block at 0xc3 in for 0xa1
01-08 11:54:46.964 3070 3070 E ArmVmp : Match on catch block at 0xc3 in for 0xa5
01-08 11:54:46.969 3070 3070 E ArmVmp : Match on catch block at 0xc3 in for 0xa9
01-08 11:54:46.981 3070 3070 E ArmVmp : Match on catch block at 0xc3 in for 0xa1
01-08 11:54:46.986 3070 3070 E ArmVmp : Match on catch block at 0xc3 in for 0xa5
01-08 11:54:46.999 3070 3070 E ArmVmp : Match on catch block at 0xc3 in for 0xa9
01-08 11:54:47.005 3070 3070 E ArmVmp : Match on catch block at 0xc3 in for 0xa1
01-08 11:54:47.020 3070 3070 E ArmVmp : Match on catch block at 0xc3 in for 0xa5
01-08 11:54:47.028 3070 3070 E ArmVmp : Match on catch block at 0xc3 in for 0xa9
01-08 11:54:47.036 3070 3070 E ArmVmp : Match on catch block at 0xc3 in for 0xa1
01-08 11:54:47.042 3070 3070 E ArmVmp : Match on catch block at 0xc3 in for 0xa5
01-08 11:54:47.059 3070 3070 E ArmVmp : Match on catch block at 0xc3 in for 0xa1
01-08 11:54:47.065 3070 3070 E ArmVmp : Match on catch block at 0xc3 in for 0xa5
01-08 11:54:47.202 3070 3070 E ArmVmp : Match on catch block at 0xc3 in for 0xa5
01-08 11:54:47.208 3070 3070 E ArmVmp : Match on catch block at 0xc3 in for 0xa9
01-08 11:54:47.474 3070 3070 E ArmVmp : Match on catch block at 0xc3 in for 0xa9
01-08 11:54:47.480 3070 3070 E ArmVmp : Match on catch block at 0xc3 in for 0xa1
01-08 11:54:47.490 3070 3070 E ArmVmp : Match on catch block at 0xc3 in for 0xa1
01-08 11:54:47.496 3070 3070 E ArmVmp : Match on catch block at 0xc3 in for 0xa5
01-08 11:54:47.507 3070 3070 E ArmVmp : Match on catch block at 0xc3 in for 0xa5
01-08 11:54:47.515 3070 3070 E ArmVmp : Match on catch block at 0xc3 in for 0xa9
01-08 11:54:47.523 3070 3070 E ArmVmp : Match on catch block at 0xc3 in for 0xa9
01-08 11:54:47.529 3070 3070 E ArmVmp : Match on catch block at 0xc3 in for 0xa1
01-08 11:54:47.540 3070 3070 E ArmVmp : Match on catch block at 0xc3 in for 0xa1
01-08 11:54:47.545 3070 3070 E ArmVmp : Match on catch block at 0xc3 in for 0xa5
01-08 11:54:47.558 3070 3070 E ArmVmp : Match on catch block at 0xc3 in for 0xa5
01-08 11:54:47.563 3070 3070 E ArmVmp : Match on catch block at 0xc3 in for 0xa9
01-08 11:54:47.575 3070 3070 E ArmVmp : Match on catch block at 0xc3 in for 0xa9
01-08 11:54:47.580 3070 3070 E ArmVmp : Match on catch block at 0xc3 in for 0xa1
01-08 11:54:47.591 3070 3070 E ArmVmp : Match on catch block at 0xc3 in for 0xa1
01-08 11:54:47.599 3070 3070 E ArmVmp : Match on catch block at 0xc3 in for 0xa5
01-08 11:54:47.607 3070 3070 E ArmVmp : Match on catch block at 0xc3 in for 0xa5
01-08 11:54:47.615 3070 3070 E ArmVmp : Match on catch block at 0xc3 in for 0xa9
01-08 11:54:47.623 3070 3070 E ArmVmp : Match on catch block at 0xc3 in for 0xa9
01-08 11:54:47.633 3070 3070 E ArmVmp : Match on catch block at 0xc3 in for 0xa1
01-08 11:54:47.643 3070 3070 E ArmVmp : Match on catch block at 0xc3 in for 0xa5
01-08 11:54:47.650 3070 3070 E ArmVmp : Match on catch block at 0xc3 in for 0xa9
01-08 11:54:47.656 3070 3070 E ArmVmp : Match on catch block at 0xc3 in for 0xa9
01-08 11:54:47.663 3070 3070 E ArmVmp : Match on catch block at 0xc3 in for 0xa1
01-08 11:54:47.674 3070 3070 E ArmVmp : Match on catch block at 0xc3 in for 0xa1
01-08 11:54:47.680 3070 3070 E ArmVmp : Match on catch block at 0xc3 in for 0xa5
01-08 11:54:47.688 3070 3070 E ArmVmp : Match on catch block at 0xc3 in for 0xa5
01-08 11:54:47.696 3070 3070 E ArmVmp : Match on catch block at 0xc3 in for 0xa9
01-08 11:54:47.712 3070 3070 W AudioManager: Use of stream types is deprecated
for operations other than volume control
01-08 11:54:47.712 3070 3070 W AudioManager: See the documentation of
requestAudioFocus() for what to use instead with android.media.AudioAttributes to
qualify your playback use case
01-08 11:54:47.849 3070 3070 E ArmVmp : Match on catch block at 0xc3 in for 0xa9
01-08 11:54:47.859 3070 3070 E ArmVmp : Match on catch block at 0xc3 in for 0xa1
01-08 11:54:47.887 3070 3070 E ArmVmp : Match on catch block at 0xc3 in for 0xa5
01-08 11:54:47.892 3070 3070 E ArmVmp : Match on catch block at 0xc3 in for 0xa9
01-08 11:54:47.899 3070 3070 E ArmVmp : Match on catch block at 0xc3 in for 0xa9
01-08 11:54:47.908 3070 3070 E ArmVmp : Match on catch block at 0xc3 in for 0xa1
01-08 11:54:47.920 3070 3070 E ArmVmp : Match on catch block at 0xc3 in for 0xa1
01-08 11:54:47.926 3070 3070 E ArmVmp : Match on catch block at 0xc3 in for 0xa5
01-08 11:54:47.932 3070 3070 E ArmVmp : Match on catch block at 0xc3 in for 0xa5
01-08 11:54:47.943 3070 3070 E ArmVmp : Match on catch block at 0xc3 in for 0xa9
01-08 11:54:47.953 3070 3070 E ArmVmp : Match on catch block at 0xc3 in for 0xa9
01-08 11:54:47.959 3070 3070 E ArmVmp : Match on catch block at 0xc3 in for 0xa1
01-08 11:54:47.966 3070 3070 E ArmVmp : Match on catch block at 0xc3 in for 0xa1
01-08 11:54:47.974 3070 3070 E ArmVmp : Match on catch block at 0xc3 in for 0xa5
01-08 11:54:47.989 3070 3070 E ArmVmp : Match on catch block at 0xc3 in for 0xa5
01-08 11:54:48.001 3070 3070 E ArmVmp : Match on catch block at 0xc3 in for 0xa9
01-08 11:54:48.012 3070 3070 E ArmVmp : Match on catch block at 0xc3 in for 0xa9
01-08 11:54:48.018 3070 3070 E ArmVmp : Match on catch block at 0xc3 in for 0xa1
01-08 11:54:48.029 3070 3070 E ArmVmp : Match on catch block at 0xc3 in for 0xa1
01-08 11:54:48.036 3070 3070 E ArmVmp : Match on catch block at 0xc3 in for 0xa5
01-08 11:54:48.045 3070 3070 E ArmVmp : Match on catch block at 0xc3 in for 0xa5
01-08 11:54:48.052 3070 3070 E ArmVmp : Match on catch block at 0xc3 in for 0xa9
01-08 11:54:48.061 3070 3070 E ArmVmp : Match on catch block at 0xc3 in for 0xa9
01-08 11:54:48.068 3070 3070 E ArmVmp : Match on catch block at 0xc3 in for 0xa1
01-08 11:54:48.081 3070 3070 E ArmVmp : Match on catch block at 0xc3 in for 0xa1
01-08 11:54:48.087 3070 3070 E ArmVmp : Match on catch block at 0xc3 in for 0xa5
01-08 11:54:48.099 3070 3070 E ArmVmp : Match on catch block at 0xc3 in for 0xa5
01-08 11:54:48.109 3070 3070 E ArmVmp : Match on catch block at 0xc3 in for 0xa9
01-08 11:54:48.126 3070 3070 E ArmVmp : Match on catch block at 0xc3 in for 0xa9
01-08 11:54:48.132 3070 3070 E ArmVmp : Match on catch block at 0xc3 in for 0xa1
01-08 11:54:48.142 3070 3070 E ArmVmp : Match on catch block at 0xc3 in for 0xa1
01-08 11:54:48.147 3070 3070 E ArmVmp : Match on catch block at 0xc3 in for 0xa5
01-08 11:54:48.159 3070 3070 E ArmVmp : Match on catch block at 0xc3 in for 0xa5
01-08 11:54:48.166 3070 3070 E ArmVmp : Match on catch block at 0xc3 in for 0xa9
01-08 11:54:48.175 3070 3070 E ArmVmp : Match on catch block at 0xc3 in for 0xa9
01-08 11:54:48.180 3070 3070 E ArmVmp : Match on catch block at 0xc3 in for 0xa1
01-08 11:54:48.191 3070 3070 E ArmVmp : Match on catch block at 0xc3 in for 0xa1
01-08 11:54:48.199 3070 3070 E ArmVmp : Match on catch block at 0xc3 in for 0xa5
01-08 11:54:48.209 3070 3070 E ArmVmp : Match on catch block at 0xc3 in for 0xa5
01-08 11:54:48.216 3070 3070 E ArmVmp : Match on catch block at 0xc3 in for 0xa9
01-08 11:54:48.225 3070 3070 E ArmVmp : Match on catch block at 0xc3 in for 0xa9
01-08 11:54:48.231 3070 3070 E ArmVmp : Match on catch block at 0xc3 in for 0xa1
01-08 11:54:48.240 3070 3070 E ArmVmp : Match on catch block at 0xc3 in for 0xa1
01-08 11:54:48.245 3070 3070 E ArmVmp : Match on catch block at 0xc3 in for 0xa5
01-08 11:54:48.256 3070 3070 E ArmVmp : Match on catch block at 0xc3 in for 0xa5
01-08 11:54:48.261 3070 3070 E ArmVmp : Match on catch block at 0xc3 in for 0xa9
01-08 11:54:48.272 3070 3070 E ArmVmp : Match on catch block at 0xc3 in for 0xa9
01-08 11:54:48.278 3070 3070 E ArmVmp : Match on catch block at 0xc3 in for 0xa1
01-08 11:54:48.288 3070 3070 E ArmVmp : Match on catch block at 0xc3 in for 0xa1
01-08 11:54:48.296 3070 3070 E ArmVmp : Match on catch block at 0xc3 in for 0xa5
01-08 11:54:48.304 3070 3070 E ArmVmp : Match on catch block at 0xc3 in for 0xa5
01-08 11:54:48.310 3070 3070 E ArmVmp : Match on catch block at 0xc3 in for 0xa9
01-08 11:54:48.337 3070 3070 E ArmVmp : Match on catch block at 0xc3 in for 0xa9
01-08 11:54:48.343 3070 3070 E ArmVmp : Match on catch block at 0xc3 in for 0xa1
01-08 11:54:48.353 3070 3070 E ArmVmp : Match on catch block at 0xc3 in for 0xa1
01-08 11:54:48.360 3070 3070 E ArmVmp : Match on catch block at 0xc3 in for 0xa5
01-08 11:54:48.386 3070 3070 E ArmVmp : Match on catch block at 0xc3 in for 0xa5
01-08 11:54:48.392 3070 3070 E ArmVmp : Match on catch block at 0xc3 in for 0xa9
01-08 11:54:48.434 3070 3070 E ArmVmp : Match on catch block at 0xc3 in for 0xa9
01-08 11:54:48.444 3070 3070 E ArmVmp : Match on catch block at 0xc3 in for 0xa1
01-08 11:54:48.484 3070 3070 E ArmVmp : Match on catch block at 0xc3 in for 0xa1
01-08 11:54:48.493 3070 3070 E ArmVmp : Match on catch block at 0xc3 in for 0xa5
01-08 11:54:48.530 3070 3070 E ArmVmp : Match on catch block at 0xc3 in for 0xa9
01-08 11:54:48.540 3070 3070 E ArmVmp : Match on catch block at 0xc3 in for 0xa1
01-08 11:54:48.564 3070 3070 E ArmVmp : Match on catch block at 0xc3 in for 0xa1
01-08 11:54:48.572 3070 3070 E ArmVmp : Match on catch block at 0xc3 in for 0xa5
01-08 11:54:48.613 3070 3070 E ArmVmp : Match on catch block at 0xc3 in for 0xa1
01-08 11:54:48.621 3070 3070 E ArmVmp : Match on catch block at 0xc3 in for 0xa5
01-08 11:54:48.629 3070 3070 E ArmVmp : Match on catch block at 0xc3 in for 0xa5
01-08 11:54:48.639 3070 3070 E ArmVmp : Match on catch block at 0xc3 in for 0xa9
01-08 11:54:48.652 3070 3070 E ArmVmp : Match on catch block at 0xc3 in for 0xa9
01-08 11:54:48.659 3070 3070 E ArmVmp : Match on catch block at 0xc3 in for 0xa1
01-08 11:54:48.855 3070 3070 E ArmVmp : Match on catch block at 0xc3 in for 0xa1
01-08 11:54:48.860 3070 3070 E ArmVmp : Match on catch block at 0xc3 in for 0xa5
01-08 11:54:49.197 3070 3070 E ArmVmp : Match on catch block at 0xc3 in for 0xa5
01-08 11:54:49.206 3070 3070 E ArmVmp : Match on catch block at 0xc3 in for 0xa9
01-08 11:54:49.487 3070 3070 E ArmVmp : Match on catch block at 0xc3 in for 0xa1
01-08 11:54:49.498 3070 3070 E ArmVmp : Match on catch block at 0xc3 in for 0xa5
01-08 11:54:49.559 3070 3070 E ArmVmp : Match on catch block at 0xc3 in for 0xa9
01-08 11:54:49.572 3070 3070 E ArmVmp : Match on catch block at 0xc3 in for 0xa1
01-08 11:54:49.854 3070 3541 W libEGL : EGLNativeWindowType 0x7d68ff6010
disconnect failed
01-08 11:54:49.866 3070 3070 E ArmVmp : Match on catch block at 0xc3 in for 0xa1
01-08 11:54:49.872 3070 3070 E ArmVmp : Match on catch block at 0xc3 in for 0xa5
01-08 11:54:50.062 3070 3493 W System : A resource failed to call release.
01-08 11:54:53.156 3070 3541 W libEGL : EGLNativeWindowType 0x7cc188e010
disconnect failed
01-08 11:55:27.318 3070 3541 W libEGL : EGLNativeWindowType 0x7d68f03010
disconnect failed
01-08 11:55:42.101 3070 3491 W com.whatsapp: Suspending all threads took: 7.314ms
01-08 12:45:30.507 3070 3623 E BitmapFactory: Unable to decode stream:
java.io.FileNotFoundException:
/storage/emulated/0/Android/media/com.whatsapp/WhatsApp/Media/.Links/
cce7828494c07315ded89a4c6f04b9d2: open failed: ENOENT (No such file or directory)
01-08 12:45:32.235 3070 3491 W com.whatsapp: Reducing the number of considered
missed Gc histogram windows from 184 to 100
01-08 12:45:33.737 3070 3525 E SQLiteDatabase: Error inserting transferred=1
media_job_uuid=d34b02c8-653c-4c90-a91c-64bf8954dc93 transcoded=0 gif_attribution=0
first_scan_length=0
direct_path=/m1/v/t24/An_Ho9DshTzOcwcvS4ghU77KuCv_JO4BrA1K1lUEkdHk0fAVGNC5kZ_0XWfGJ
y2N6cO28PeJqcCAYESD29IBhQoILClF1DBaGbb1DumK0vY5aoQ81RcFteowp6tUoYy5lg?ccb=10-
5&oh=01_AdTnsSIR0Z3mq44r6x3xcj6eUelRdQHA5VxefXrryQV6Lg&oe=65C39592&_nc_sid=5e03e0
thumbnail_height_width_ratio=1.25 is_animated_sticker=0
file_hash=JjkWR3EJ5spZaC+MlNmomtDwWflFNJREL9JxCK8fB/c= file_path=Media/WhatsApp
Images/IMG-20240108-WA0010 file_size=411844 partial_media_hash=null face_x=550
face_y=473 height=1350 trim_to=0 media_key_timestamp=0 message_url=null
media_caption=null trim_from=0 mime_type=image/jpeg partial_media_enc_hash=null
width=1080 original_file_hash=null has_streaming_sidecar=0
autotransfer_retry_enabled=1 media_upload_handle=null message_row_id=93746
multicast_id=null enc_file_hash=null mute_video=0 page_count=0
first_scan_sidecar=null suspicious_content=0 file_length=411844 media_name=null
media_duration=0 chat_row_id=392 media_key=null
01-08 12:45:33.737 3070 3525 E SQLiteDatabase:
android.database.sqlite.SQLiteConstraintException: UNIQUE constraint failed:
message_media.message_row_id (code 1555 SQLITE_CONSTRAINT_PRIMARYKEY[1555])
01-08 12:45:33.737 3070 3525 E SQLiteDatabase: at
android.database.sqlite.SQLiteConnection.nativeExecuteForLastInsertedRowId(Native
Method)
01-08 12:45:33.737 3070 3525 E SQLiteDatabase: at
android.database.sqlite.SQLiteConnection.executeForLastInsertedRowId(SQLiteConnecti
on.java:1217)
01-08 12:45:33.737 3070 3525 E SQLiteDatabase: at
android.database.sqlite.SQLiteSession.executeForLastInsertedRowId(SQLiteSession.jav
a:790)
01-08 12:45:33.737 3070 3525 E SQLiteDatabase: at
android.database.sqlite.SQLiteStatement.executeInsert(SQLiteStatement.java:88)
01-08 12:45:33.737 3070 3525 E SQLiteDatabase: at
android.database.sqlite.SQLiteDatabase.insertWithOnConflict(SQLiteDatabase.java:221
9)
01-08 12:45:33.737 3070 3525 E SQLiteDatabase: at
android.database.sqlite.SQLiteDatabase.insert(SQLiteDatabase.java:2088)
01-08 12:45:33.737 3070 3525 E SQLiteDatabase: at X.2tm.A08(Unknown
Source:6)
01-08 12:45:33.737 3070 3525 E SQLiteDatabase: at X.35Y.A07(Unknown
Source:212)
01-08 12:45:33.737 3070 3525 E SQLiteDatabase: at X.3QF.A14(Unknown
Source:470)
01-08 12:45:33.737 3070 3525 E SQLiteDatabase: at X.3gU.run(Unknown
Source:982)
01-08 12:45:33.737 3070 3525 E SQLiteDatabase: at
android.os.Handler.handleCallback(Handler.java:938)
01-08 12:45:33.737 3070 3525 E SQLiteDatabase: at
android.os.Handler.dispatchMessage(Handler.java:99)
01-08 12:45:33.737 3070 3525 E SQLiteDatabase: at
X.0zq.dispatchMessage(Unknown Source:4)
01-08 12:45:33.737 3070 3525 E SQLiteDatabase: at
android.os.Looper.loop(Looper.java:246)
01-08 12:45:33.737 3070 3525 E SQLiteDatabase: at
android.os.HandlerThread.run(HandlerThread.java:67)
01-08 12:45:34.346 3070 3541 W libEGL : EGLNativeWindowType 0x7d68ba1010
disconnect failed
01-08 12:45:34.407 3070 3541 W libEGL : EGLNativeWindowType 0x7d68ba1010
disconnect failed
01-08 12:45:34.455 3070 3541 W libEGL : EGLNativeWindowType 0x7d68ba1010
disconnect failed
01-08 12:45:34.520 3070 3541 W libEGL : EGLNativeWindowType 0x7d68ba1010
disconnect failed
01-08 12:45:34.563 3070 3541 W libEGL : EGLNativeWindowType 0x7d68ba1010
disconnect failed
01-08 12:45:34.611 3070 3541 W libEGL : EGLNativeWindowType 0x7d68ba1010
disconnect failed
01-08 12:45:34.653 3070 3541 W libEGL : EGLNativeWindowType 0x7d68ba1010
disconnect failed
01-08 12:45:35.596 3070 3541 W libEGL : EGLNativeWindowType 0x7d68ba1010
disconnect failed
01-08 12:45:38.212 3070 3541 W libEGL : EGLNativeWindowType 0x7d68ba1010
disconnect failed
01-08 12:45:38.262 3070 3541 W libEGL : EGLNativeWindowType 0x7d68ba1010
disconnect failed
01-08 12:45:38.306 3070 3541 W libEGL : EGLNativeWindowType 0x7d68ba1010
disconnect failed
01-08 12:45:38.352 3070 3541 W libEGL : EGLNativeWindowType 0x7d68ba1010
disconnect failed
01-08 12:45:38.398 3070 3541 W libEGL : EGLNativeWindowType 0x7d68ba1010
disconnect failed
01-08 12:45:38.441 3070 3541 W libEGL : EGLNativeWindowType 0x7d68ba1010
disconnect failed
01-08 12:45:38.496 3070 3541 W libEGL : EGLNativeWindowType 0x7d68ba1010
disconnect failed
01-08 12:45:38.544 3070 3541 W libEGL : EGLNativeWindowType 0x7d68ba1010
disconnect failed
01-08 12:45:39.490 3070 3541 W libEGL : EGLNativeWindowType 0x7d68ba1010
disconnect failed
01-08 12:45:42.013 3070 3541 W libEGL : EGLNativeWindowType 0x7d490b0010
disconnect failed
01-08 13:34:53.662 3070 3525 E SQLiteDatabase: Error inserting transferred=1
media_job_uuid=d16f790b-745c-4706-9c82-5b08cf2c684f transcoded=0 gif_attribution=0
first_scan_length=1894 direct_path=/o1/v/t62.7118-24/f1/m233/up-oil-image-77116e78-
0d94-4287-b0e3-9df1c50ad3ee?ccb=9-
4&oh=01_AdTZh8jwrQnLb9BtPgm_zeBBEcutg93MVz5j6nfs3QtnYw&oe=65C3AB7F&_nc_sid=000000
thumbnail_height_width_ratio=0.5 is_animated_sticker=0
file_hash=zVKunxI7bAD7mgxNhf0qUfMdRitJc7W5rVAuV7a71gI=
file_path=Media/.Statuses/b6028989daa641ab9af2d2906a2779f8.jpg file_size=11195
partial_media_hash=null face_x=0 face_y=0 height=354 trim_to=0
media_key_timestamp=1704730269000
message_url=https://mmg.whatsapp.net/o1/v/t62.7118-24/f1/m233/up-oil-image-
77116e78-0d94-4287-b0e3-9df1c50ad3ee?ccb=9-
4&oh=01_AdTZh8jwrQnLb9BtPgm_zeBBEcutg93MVz5j6nfs3QtnYw&oe=65C3AB7F&_nc_sid=000000&m
ms3=true media_caption=null trim_from=0 mime_type=image/jpeg
partial_media_enc_hash=null width=720 original_file_hash=null
has_streaming_sidecar=1 autotransfer_retry_enabled=1 media_upload_handle=null
message_row_id=93747 multicast_id=null
enc_file_hash=80aRG+Pls/IXNtAaNu7lpgmVdh/U0P+TkOwbLqDMtPI= mute_video=0
page_count=0 first_scan_sidecar=[B@a2878bb suspicious_content=0 file_length=11195
media_name=null media_duration=0 chat_row_id=105 media_key=[B@3a691d8
01-08 13:34:53.662 3070 3525 E SQLiteDatabase:
android.database.sqlite.SQLiteConstraintException: UNIQUE constraint failed:
message_media.message_row_id (code 1555 SQLITE_CONSTRAINT_PRIMARYKEY[1555])
01-08 13:34:53.662 3070 3525 E SQLiteDatabase: at
android.database.sqlite.SQLiteConnection.nativeExecuteForLastInsertedRowId(Native
Method)
01-08 13:34:53.662 3070 3525 E SQLiteDatabase: at
android.database.sqlite.SQLiteConnection.executeForLastInsertedRowId(SQLiteConnecti
on.java:1217)
01-08 13:34:53.662 3070 3525 E SQLiteDatabase: at
android.database.sqlite.SQLiteSession.executeForLastInsertedRowId(SQLiteSession.jav
a:790)
01-08 13:34:53.662 3070 3525 E SQLiteDatabase: at
android.database.sqlite.SQLiteStatement.executeInsert(SQLiteStatement.java:88)
01-08 13:34:53.662 3070 3525 E SQLiteDatabase: at
android.database.sqlite.SQLiteDatabase.insertWithOnConflict(SQLiteDatabase.java:221
9)
01-08 13:34:53.662 3070 3525 E SQLiteDatabase: at
