01-08 11:52:51.961 3070 3070 E ArmVmp : Match on catch block at 0xc3 in for 0xa1
01-08 11:52:51.972 3070 3070 E ArmVmp : Match on catch block at 0xc3 in for 0xa5
01-08 11:52:52.011 3070 3070 E ArmVmp : Match on catch block at 0xc3 in for 0xa1
01-08 11:52:52.023 3070 3070 E ArmVmp : Match on catch block at 0xc3 in for 0xa5
01-08 11:52:52.060 3070 3070 E ArmVmp : Match on catch block at 0xc3 in for 0xa1
01-08 11:52:52.068 3070 3070 E ArmVmp : Match on catch block at 0xc3 in for 0xa5
01-08 11:52:52.125 3070 3070 E ArmVmp : Match on catch block at 0xc3 in for 0xa1
01-08 11:52:52.132 3070 3070 E ArmVmp : Match on catch block at 0xc3 in for 0xa5
01-08 11:52:52.158 3070 3070 E ArmVmp : Match on catch block at 0xc3 in for 0xa1
01-08 11:52:52.169 3070 3070 E ArmVmp : Match on catch block at 0xc3 in for 0xa5
01-08 11:52:52.191 3070 3070 E ArmVmp : Match on catch block at 0xc3 in for 0xa1
01-08 11:52:52.199 3070 3070 E ArmVmp : Match on catch block at 0xc3 in for 0xa5
01-08 11:52:52.248 3070 3070 E ArmVmp : Match on catch block at 0xc3 in for 0xa5
01-08 11:52:52.256 3070 3070 E ArmVmp : Match on catch block at 0xc3 in for 0xa9
01-08 11:52:52.306 3070 3070 E ArmVmp : Match on catch block at 0xc3 in for 0xa5
01-08 11:52:52.315 3070 3070 E ArmVmp : Match on catch block at 0xc3 in for 0xa9
01-08 11:52:52.354 3070 3070 E ArmVmp : Match on catch block at 0xc3 in for 0xa5
01-08 11:52:52.362 3070 3070 E ArmVmp : Match on catch block at 0xc3 in for 0xa9
01-08 11:52:52.564 3070 3070 E ArmVmp : Match on catch block at 0xc3 in for 0xa9
01-08 11:52:52.569 3070 3070 E ArmVmp : Match on catch block at 0xc3 in for 0xa1
01-08 11:52:52.606 3070 3070 W AudioManager: Use of stream types is deprecated
for operations other than volume control
01-08 11:52:52.606 3070 3070 W AudioManager: See the documentation of
requestAudioFocus() for what to use instead with android.media.AudioAttributes to
qualify your playback use case
01-08 11:52:52.623 3070 3525 E SQLiteDatabase: Error inserting transferred=1
media_job_uuid=25a17d61-6ca1-4c72-8268-e166fcd6d1e3 transcoded=0 gif_attribution=0
first_scan_length=0 direct_path=/v/t62.7117-
24/11329137_1097954534542347_7801279983035126372_n.enc?ccb=11-
4&oh=01_AdSUoQdoNsKuq4PS_WH5bRmqb5Qs2gzdKY39-ynt0DVmnw&oe=65C3671E&_nc_sid=5e03e0
thumbnail_height_width_ratio=0.0 is_animated_sticker=0
file_hash=L4Vg42Y0yZsfu+1UuK9BR5mZOJu2K1F+ERl9v6TkvXM= file_path=Media/WhatsApp
Voice Notes/202402/PTT-20240108-WA0006.opus file_size=6848 partial_media_hash=null
face_x=0 face_y=0 height=0 trim_to=0 media_key_timestamp=1704725565000
message_url=https://mmg.whatsapp.net/v/t62.7117-
24/11329137_1097954534542347_7801279983035126372_n.enc?ccb=11-
4&oh=01_AdSUoQdoNsKuq4PS_WH5bRmqb5Qs2gzdKY39-
ynt0DVmnw&oe=65C3671E&_nc_sid=5e03e0&mms3=true media_caption=null trim_from=0
mime_type=audio/ogg; codecs=opus partial_media_enc_hash=null width=0
original_file_hash=null has_streaming_sidecar=0 autotransfer_retry_enabled=1
media_upload_handle=null message_row_id=93735 multicast_id=null
enc_file_hash=Fcve/4uQIcNt1GbOjDia6KNN4/sFwr4yDZpeYvSxCFk= mute_video=0
page_count=0 first_scan_sidecar=null suspicious_content=0 file_length=6848
media_name=PTT-20240108-WA0006.opus media_duration=2 chat_row_id=99
media_key=[B@e78c778
01-08 11:52:52.623 3070 3525 E SQLiteDatabase:
android.database.sqlite.SQLiteConstraintException: UNIQUE constraint failed:
message_media.message_row_id (code 1555 SQLITE_CONSTRAINT_PRIMARYKEY[1555])
01-08 11:52:52.623 3070 3525 E SQLiteDatabase: at
android.database.sqlite.SQLiteConnection.nativeExecuteForLastInsertedRowId(Native
Method)
01-08 11:52:52.623 3070 3525 E SQLiteDatabase: at
android.database.sqlite.SQLiteConnection.executeForLastInsertedRowId(SQLiteConnecti
on.java:1217)
01-08 11:52:52.623 3070 3525 E SQLiteDatabase: at
android.database.sqlite.SQLiteSession.executeForLastInsertedRowId(SQLiteSession.jav
a:790)
01-08 11:52:52.623 3070 3525 E SQLiteDatabase: at
android.database.sqlite.SQLiteStatement.executeInsert(SQLiteStatement.java:88)
01-08 11:52:52.623 3070 3525 E SQLiteDatabase: at
android.database.sqlite.SQLiteDatabase.insertWithOnConflict(SQLiteDatabase.java:221
9)
01-08 11:52:52.623 3070 3525 E SQLiteDatabase: at
android.database.sqlite.SQLiteDatabase.insert(SQLiteDatabase.java:2088)
01-08 11:52:52.623 3070 3525 E SQLiteDatabase: at X.2tm.A08(Unknown
Source:6)
01-08 11:52:52.623 3070 3525 E SQLiteDatabase: at X.35Y.A07(Unknown
Source:212)
01-08 11:52:52.623 3070 3525 E SQLiteDatabase: at X.3QF.A14(Unknown
Source:470)
01-08 11:52:52.623 3070 3525 E SQLiteDatabase: at X.31e.A03(Unknown
Source:174)
01-08 11:52:52.623 3070 3525 E SQLiteDatabase: at X.3g7.run(Unknown
Source:1017)
01-08 11:52:52.623 3070 3525 E SQLiteDatabase: at
android.os.Handler.handleCallback(Handler.java:938)
01-08 11:52:52.623 3070 3525 E SQLiteDatabase: at
android.os.Handler.dispatchMessage(Handler.java:99)
01-08 11:52:52.623 3070 3525 E SQLiteDatabase: at
X.0zq.dispatchMessage(Unknown Source:4)
01-08 11:52:52.623 3070 3525 E SQLiteDatabase: at
android.os.Looper.loop(Looper.java:246)
01-08 11:52:52.623 3070 3525 E SQLiteDatabase: at
android.os.HandlerThread.run(HandlerThread.java:67)
01-08 11:52:52.676 3070 3070 E ArmVmp : Match on catch block at 0xc3 in for 0xa5
01-08 11:52:52.683 3070 3070 E ArmVmp : Match on catch block at 0xc3 in for 0xa9
01-08 11:52:52.706 3070 3070 E ArmVmp : Match on catch block at 0xc3 in for 0xa5
01-08 11:52:52.711 3070 3070 E ArmVmp : Match on catch block at 0xc3 in for 0xa9
01-08 11:52:52.768 3070 3070 E ArmVmp : Match on catch block at 0xc3 in for 0xa5
01-08 11:52:52.775 3070 3070 E ArmVmp : Match on catch block at 0xc3 in for 0xa9
01-08 11:52:52.806 3070 3070 E ArmVmp : Match on catch block at 0xc3 in for 0xa9
01-08 11:52:52.819 3070 3070 E ArmVmp : Match on catch block at 0xc3 in for 0xa1
01-08 11:52:52.840 3070 3070 E ArmVmp : Match on catch block at 0xc3 in for 0xa9
01-08 11:52:52.854 3070 3070 E ArmVmp : Match on catch block at 0xc3 in for 0xa1
01-08 11:52:52.873 3070 3070 E ArmVmp : Match on catch block at 0xc3 in for 0xa9
01-08 11:52:52.886 3070 3070 E ArmVmp : Match on catch block at 0xc3 in for 0xa1
01-08 11:52:52.900 3070 3070 E ArmVmp : Match on catch block at 0xc3 in for 0xa9
01-08 11:52:52.912 3070 3070 E ArmVmp : Match on catch block at 0xc3 in for 0xa1
01-08 11:52:52.924 3070 3070 E ArmVmp : Match on catch block at 0xc3 in for 0xa9
01-08 11:52:52.932 3070 3070 E ArmVmp : Match on catch block at 0xc3 in for 0xa1
01-08 11:52:52.942 3070 3070 E ArmVmp : Match on catch block at 0xc3 in for 0xa9
01-08 11:52:52.949 3070 3070 E ArmVmp : Match on catch block at 0xc3 in for 0xa1
01-08 11:52:52.970 3070 3070 E ArmVmp : Match on catch block at 0xc3 in for 0xa9
01-08 11:52:52.975 3070 3070 E ArmVmp : Match on catch block at 0xc3 in for 0xa1
01-08 11:52:53.005 3070 3070 E ArmVmp : Match on catch block at 0xc3 in for 0xa9
01-08 11:52:53.011 3070 3070 E ArmVmp : Match on catch block at 0xc3 in for 0xa1
01-08 11:52:53.055 3070 3070 E ArmVmp : Match on catch block at 0xc3 in for 0xa9
01-08 11:52:53.063 3070 3070 E ArmVmp : Match on catch block at 0xc3 in for 0xa1
01-08 11:52:53.104 3070 3070 E ArmVmp : Match on catch block at 0xc3 in for 0xa9
01-08 11:52:53.111 3070 3070 E ArmVmp : Match on catch block at 0xc3 in for 0xa1
01-08 11:52:53.153 3070 3070 E ArmVmp : Match on catch block at 0xc3 in for 0xa9
01-08 11:52:53.160 3070 3070 E ArmVmp : Match on catch block at 0xc3 in for 0xa1
01-08 11:52:53.207 3070 3070 E ArmVmp : Match on catch block at 0xc3 in for 0xa9
01-08 11:52:53.215 3070 3070 E ArmVmp : Match on catch block at 0xc3 in for 0xa1
01-08 11:52:53.234 3070 3070 E ArmVmp : Match on catch block at 0xc3 in for 0xa9
01-08 11:52:53.249 3070 3070 E ArmVmp : Match on catch block at 0xc3 in for 0xa1
01-08 11:52:53.386 3070 3070 E ArmVmp : Match on catch block at 0xc3 in for 0xa1
01-08 11:52:53.400 3070 3070 E ArmVmp : Match on catch block at 0xc3 in for 0xa5
01-08 11:52:53.422 3070 3541 W libEGL : EGLNativeWindowType 0x7d8e433010
disconnect failed
01-08 11:52:53.542 3070 3070 E ArmVmp : Match on catch block at 0xc3 in for 0xa9
01-08 11:52:53.554 3070 3070 E ArmVmp : Match on catch block at 0xc3 in for 0xa1
01-08 11:52:53.622 3070 3070 E ArmVmp : Match on catch block at 0xc3 in for 0xa9
01-08 11:52:53.634 3070 3070 E ArmVmp : Match on catch block at 0xc3 in for 0xa1
01-08 11:52:53.684 3070 3526 E SQLiteDatabase: Error inserting transferred=1
media_job_uuid=25a17d61-6ca1-4c72-8268-e166fcd6d1e3 transcoded=0 gif_attribution=0
first_scan_length=0 direct_path=/v/t62.7117-
24/11329137_1097954534542347_7801279983035126372_n.enc?ccb=11-
4&oh=01_AdSUoQdoNsKuq4PS_WH5bRmqb5Qs2gzdKY39-ynt0DVmnw&oe=65C3671E&_nc_sid=5e03e0
thumbnail_height_width_ratio=0.0 is_animated_sticker=0
file_hash=L4Vg42Y0yZsfu+1UuK9BR5mZOJu2K1F+ERl9v6TkvXM= file_path=Media/WhatsApp
Voice Notes/202402/PTT-20240108-WA0006.opus file_size=6848 partial_media_hash=null
face_x=0 face_y=0 height=0 trim_to=0 media_key_timestamp=1704725565000
message_url=https://mmg.whatsapp.net/v/t62.7117-
24/11329137_1097954534542347_7801279983035126372_n.enc?ccb=11-
4&oh=01_AdSUoQdoNsKuq4PS_WH5bRmqb5Qs2gzdKY39-
ynt0DVmnw&oe=65C3671E&_nc_sid=5e03e0&mms3=true media_caption=null trim_from=0
mime_type=audio/ogg; codecs=opus partial_media_enc_hash=null width=0
original_file_hash=null has_streaming_sidecar=0 autotransfer_retry_enabled=1
media_upload_handle=null message_row_id=93735 multicast_id=null
enc_file_hash=Fcve/4uQIcNt1GbOjDia6KNN4/sFwr4yDZpeYvSxCFk= mute_video=0
page_count=0 first_scan_sidecar=null suspicious_content=0 file_length=6848
media_name=PTT-20240108-WA0006.opus media_duration=2 chat_row_id=99
media_key=[B@e78c778
01-08 11:52:53.684 3070 3526 E SQLiteDatabase:
android.database.sqlite.SQLiteConstraintException: UNIQUE constraint failed:
message_media.message_row_id (code 1555 SQLITE_CONSTRAINT_PRIMARYKEY[1555])
01-08 11:52:53.684 3070 3526 E SQLiteDatabase: at
android.database.sqlite.SQLiteConnection.nativeExecuteForLastInsertedRowId(Native
Method)
01-08 11:52:53.684 3070 3526 E SQLiteDatabase: at
android.database.sqlite.SQLiteConnection.executeForLastInsertedRowId(SQLiteConnecti
on.java:1217)
01-08 11:52:53.684 3070 3526 E SQLiteDatabase: at
android.database.sqlite.SQLiteSession.executeForLastInsertedRowId(SQLiteSession.jav
a:790)
01-08 11:52:53.684 3070 3526 E SQLiteDatabase: at
android.database.sqlite.SQLiteStatement.executeInsert(SQLiteStatement.java:88)
01-08 11:52:53.684 3070 3526 E SQLiteDatabase: at
android.database.sqlite.SQLiteDatabase.insertWithOnConflict(SQLiteDatabase.java:221
9)
01-08 11:52:53.684 3070 3526 E SQLiteDatabase: at
android.database.sqlite.SQLiteDatabase.insert(SQLiteDatabase.java:2088)
01-08 11:52:53.684 3070 3526 E SQLiteDatabase: at X.2tm.A08(Unknown
Source:6)
01-08 11:52:53.684 3070 3526 E SQLiteDatabase: at X.35Y.A07(Unknown
Source:212)
01-08 11:52:53.684 3070 3526 E SQLiteDatabase: at X.3QF.A14(Unknown
Source:470)
01-08 11:52:53.684 3070 3526 E SQLiteDatabase: at X.31e.A03(Unknown
Source:174)
01-08 11:52:53.684 3070 3526 E SQLiteDatabase: at X.3Uz.A07(Unknown
Source:381)
01-08 11:52:53.684 3070 3526 E SQLiteDatabase: at X.3Uz.A02(Unknown
Source:692)
01-08 11:52:53.684 3070 3526 E SQLiteDatabase: at X.3eS.run(Unknown
Source:4041)
01-08 11:52:53.684 3070 3526 E SQLiteDatabase: at
android.os.Handler.handleCallback(Handler.java:938)
01-08 11:52:53.684 3070 3526 E SQLiteDatabase: at
android.os.Handler.dispatchMessage(Handler.java:99)
01-08 11:52:53.684 3070 3526 E SQLiteDatabase: at
X.0zr.dispatchMessage(Unknown Source:4)
01-08 11:52:53.684 3070 3526 E SQLiteDatabase: at
android.os.Looper.loop(Looper.java:246)
01-08 11:52:53.684 3070 3526 E SQLiteDatabase: at
android.os.HandlerThread.run(HandlerThread.java:67)
01-08 11:52:53.727 3070 3070 E ArmVmp : Match on catch block at 0xc3 in for 0xa9
01-08 11:52:53.738 3070 3070 E ArmVmp : Match on catch block at 0xc3 in for 0xa1
01-08 11:52:53.786 3070 3070 E ArmVmp : Match on catch block at 0xc3 in for 0xa9
01-08 11:52:53.800 3070 3070 E ArmVmp : Match on catch block at 0xc3 in for 0xa1
01-08 11:52:53.910 3070 3070 E ArmVmp : Match on catch block at 0xc3 in for 0xa9
01-08 11:52:53.930 3070 3070 E ArmVmp : Match on catch block at 0xc3 in for 0xa1
01-08 11:52:53.983 3070 3070 E ArmVmp : Match on catch block at 0xc3 in for 0xa9
01-08 11:52:53.992 3070 3070 E ArmVmp : Match on catch block at 0xc3 in for 0xa1
01-08 11:52:54.031 3070 3070 E ArmVmp : Match on catch block at 0xc3 in for 0xa9
01-08 11:52:54.040 3070 3070 E ArmVmp : Match on catch block at 0xc3 in for 0xa1
01-08 11:52:54.076 3070 3070 E ArmVmp : Match on catch block at 0xc3 in for 0xa9
01-08 11:52:54.085 3070 3070 E ArmVmp : Match on catch block at 0xc3 in for 0xa1
01-08 11:52:54.115 3070 3070 E ArmVmp : Match on catch block at 0xc3 in for 0xa9
01-08 11:52:54.122 3070 3070 E ArmVmp : Match on catch block at 0xc3 in for 0xa1
01-08 11:52:54.133 3070 3070 E ArmVmp : Match on catch block at 0xc3 in for 0xa9
01-08 11:52:54.138 3070 3070 E ArmVmp : Match on catch block at 0xc3 in for 0xa1
01-08 11:52:54.191 3070 3070 E ArmVmp : Match on catch block at 0xc3 in for 0xa9
01-08 11:52:54.196 3070 3070 E ArmVmp : Match on catch block at 0xc3 in for 0xa1
01-08 11:52:54.242 3070 3070 E ArmVmp : Match on catch block at 0xc3 in for 0xa9
01-08 11:52:54.249 3070 3070 E ArmVmp : Match on catch block at 0xc3 in for 0xa1
01-08 11:52:54.299 3070 3070 E ArmVmp : Match on catch block at 0xc3 in for 0xa1
01-08 11:52:54.307 3070 3070 E ArmVmp : Match on catch block at 0xc3 in for 0xa5
01-08 11:52:54.321 3070 3070 E ArmVmp : Match on catch block at 0xc3 in for 0xa1
01-08 11:52:54.328 3070 3070 E ArmVmp : Match on catch block at 0xc3 in for 0xa5
01-08 11:52:54.355 3070 3070 E ArmVmp : Match on catch block at 0xc3 in for 0xa1
01-08 11:52:54.366 3070 3070 E ArmVmp : Match on catch block at 0xc3 in for 0xa5
01-08 11:52:54.406 3070 3070 E ArmVmp : Match on catch block at 0xc3 in for 0xa1
01-08 11:52:54.415 3070 3070 E ArmVmp : Match on catch block at 0xc3 in for 0xa5
01-08 11:52:54.455 3070 3070 E ArmVmp : Match on catch block at 0xc3 in for 0xa1
01-08 11:52:54.464 3070 3070 E ArmVmp : Match on catch block at 0xc3 in for 0xa5
01-08 11:52:54.506 3070 3070 E ArmVmp : Match on catch block at 0xc3 in for 0xa1
01-08 11:52:54.515 3070 3070 E ArmVmp : Match on catch block at 0xc3 in for 0xa5
01-08 11:52:54.569 3070 3070 E ArmVmp : Match on catch block at 0xc3 in for 0xa1
01-08 11:52:54.576 3070 3070 E ArmVmp : Match on catch block at 0xc3 in for 0xa5
01-08 11:52:54.619 3070 3070 E ArmVmp : Match on catch block at 0xc3 in for 0xa1
01-08 11:52:54.627 3070 3070 E ArmVmp : Match on catch block at 0xc3 in for 0xa5
01-08 11:52:54.666 3070 3070 E ArmVmp : Match on catch block at 0xc3 in for 0xa1
01-08 11:52:54.673 3070 3070 E ArmVmp : Match on catch block at 0xc3 in for 0xa5
01-08 11:52:54.715 3070 3070 E ArmVmp : Match on catch block at 0xc3 in for 0xa1
01-08 11:52:54.723 3070 3070 E ArmVmp : Match on catch block at 0xc3 in for 0xa5
01-08 11:52:54.765 3070 3070 E ArmVmp : Match on catch block at 0xc3 in for 0xa1
01-08 11:52:54.771 3070 3070 E ArmVmp : Match on catch block at 0xc3 in for 0xa5
01-08 11:52:54.831 3070 3070 E ArmVmp : Match on catch block at 0xc3 in for 0xa1
01-08 11:52:54.852 3070 3070 E ArmVmp : Match on catch block at 0xc3 in for 0xa5
01-08 11:52:54.869 3070 3070 E ArmVmp : Match on catch block at 0xc3 in for 0xa1
01-08 11:52:54.878 3070 3070 E ArmVmp : Match on catch block at 0xc3 in for 0xa5
01-08 11:52:54.892 3070 3070 E ArmVmp : Match on catch block at 0xc3 in for 0xa1
01-08 11:52:54.910 3070 3070 E ArmVmp : Match on catch block at 0xc3 in for 0xa5
01-08 11:52:54.944 3070 3070 E ArmVmp : Match on catch block at 0xc3 in for 0xa1
01-08 11:52:54.951 3070 3070 E ArmVmp : Match on catch block at 0xc3 in for 0xa5
01-08 11:52:55.000 3070 3070 E ArmVmp : Match on catch block at 0xc3 in for 0xa9
01-08 11:52:55.007 3070 3070 E ArmVmp : Match on catch block at 0xc3 in for 0xa1
01-08 11:52:55.022 3070 3070 E ArmVmp : Match on catch block at 0xc3 in for 0xa9
01-08 11:52:55.030 3070 3070 E ArmVmp : Match on catch block at 0xc3 in for 0xa1
01-08 11:52:55.383 3070 3541 W libEGL : EGLNativeWindowType 0x7d8e433010
disconnect failed
01-08 11:52:55.405 3070 3070 E ArmVmp : Match on catch block at 0xc3 in for 0xa1
01-08 11:52:55.414 3070 3070 E ArmVmp : Match on catch block at 0xc3 in for 0xa5
01-08 11:52:55.849 3070 3070 E ArmVmp : Match on catch block at 0xc3 in for 0xa1
01-08 11:52:55.862 3070 3070 E ArmVmp : Match on catch block at 0xc3 in for 0xa5
01-08 11:52:55.901 3070 3070 E ArmVmp : Match on catch block at 0xc3 in for 0xa1
01-08 11:52:55.912 3070 3070 E ArmVmp : Match on catch block at 0xc3 in for 0xa5
01-08 11:52:55.974 3070 3070 E ArmVmp : Match on catch block at 0xc3 in for 0xa1
01-08 11:52:55.986 3070 3070 E ArmVmp : Match on catch block at 0xc3 in for 0xa5
01-08 11:52:56.491 3070 3070 E ArmVmp : Match on catch block at 0xc3 in for 0xa1
01-08 11:52:56.508 3070 3070 E ArmVmp : Match on catch block at 0xc3 in for 0xa5
01-08 11:52:56.647 3070 3070 W SoundPool: Use of stream types is deprecated for
operations other than volume control
01-08 11:52:56.647 3070 3070 W SoundPool: See the documentation of SoundPool()
for what to use instead with android.media.AudioAttributes to qualify your playback
use case
01-08 11:52:56.731 3070 3070 W AudioManager: Use of stream types is deprecated
for operations other than volume control
01-08 11:52:56.731 3070 3070 W AudioManager: See the documentation of
requestAudioFocus() for what to use instead with android.media.AudioAttributes to
qualify your playback use case
01-08 11:52:57.054 3070 3070 W libOpenSLES: Conversion from OpenSL ES positional
channel mask 0x4 to Android mask 0 loses channels
01-08 11:52:57.231 3070 3070 E ArmVmp : Match on catch block at 0xc3 in for 0xa1
01-08 11:52:57.238 3070 3070 E ArmVmp : Match on catch block at 0xc3 in for 0xa5
01-08 11:52:57.265 3070 3070 E ArmVmp : Match on catch block at 0xc3 in for 0xa1
01-08 11:52:57.271 3070 3070 E ArmVmp : Match on catch block at 0xc3 in for 0xa5
01-08 11:52:57.279 3070 3070 E ArmVmp : Match on catch block at 0xc3 in for 0xa1
01-08 11:52:57.285 3070 3070 E ArmVmp : Match on catch block at 0xc3 in for 0xa5
01-08 11:52:57.295 3070 3070 E ArmVmp : Match on catch block at 0xc3 in for 0xa1
01-08 11:52:57.300 3070 3070 E ArmVmp : Match on catch block at 0xc3 in for 0xa5
01-08 11:52:57.310 3070 3070 E ArmVmp : Match on catch block at 0xc3 in for 0xa1
01-08 11:52:57.316 3070 3070 E ArmVmp : Match on catch block at 0xc3 in for 0xa5
01-08 11:52:57.324 3070 3070 E ArmVmp : Match on catch block at 0xc3 in for 0xa1
01-08 11:52:57.329 3070 3070 E ArmVmp : Match on catch block at 0xc3 in for 0xa5
01-08 11:52:57.418 3070 3070 W AudioRecord: restoreRecord_l(1745): dead
IAudioRecord, creating a new one from start()
01-08 11:52:57.599 3070 3070 E ArmVmp : Match on catch block at 0xc3 in for 0xa5
01-08 11:52:57.613 3070 3070 E ArmVmp : Match on catch block at 0xc3 in for 0xa9
01-08 11:52:57.674 3070 3541 W libEGL : EGLNativeWindowType 0x7d8e433010
disconnect failed
01-08 11:52:57.768 3070 3070 E ArmVmp : Match on catch block at 0xc3 in for 0xa9
01-08 11:52:57.780 3070 3070 E ArmVmp : Match on catch block at 0xc3 in for 0xa1
01-08 11:52:57.936 3070 3070 E ArmVmp : Match on catch block at 0xc3 in for 0xa5
01-08 11:52:57.952 3070 3070 E ArmVmp : Match on catch block at 0xc3 in for 0xa9
01-08 11:52:57.981 3070 3070 W IInputConnectionWrapper: requestCursorAnchorInfo
on inactive InputConnection
01-08 11:52:57.984 3070 3070 E ArmVmp : Match on catch block at 0xc3 in for 0xa5
01-08 11:52:57.996 3070 3070 E ArmVmp : Match on catch block at 0xc3 in for 0xa9
01-08 11:52:58.031 3070 3070 E ArmVmp : Match on catch block at 0xc3 in for 0xa1
01-08 11:52:58.037 3070 3070 E ArmVmp : Match on catch block at 0xc3 in for 0xa5
01-08 11:52:58.061 3070 3070 E ArmVmp : Match on catch block at 0xc3 in for 0xa1
01-08 11:52:58.067 3070 3070 E ArmVmp : Match on catch block at 0xc3 in for 0xa5
01-08 11:52:58.086 3070 3070 E ArmVmp : Match on catch block at 0xc3 in for 0xa1
01-08 11:52:58.092 3070 3070 E ArmVmp : Match on catch block at 0xc3 in for 0xa5
01-08 11:52:58.113 3070 3070 E ArmVmp : Match on catch block at 0xc3 in for 0xa1
01-08 11:52:58.121 3070 3070 E ArmVmp : Match on catch block at 0xc3 in for 0xa5
01-08 11:52:58.138 3070 3070 E ArmVmp : Match on catch block at 0xc3 in for 0xa1
01-08 11:52:58.147 3070 3070 E ArmVmp : Match on catch block at 0xc3 in for 0xa5
01-08 11:52:58.168 3070 3070 E ArmVmp : Match on catch block at 0xc3 in for 0xa1
01-08 11:52:58.175 3070 3070 E ArmVmp : Match on catch block at 0xc3 in for 0xa5
01-08 11:52:58.191 3070 3070 E ArmVmp : Match on catch block at 0xc3 in for 0xa1
01-08 11:52:58.196 3070 3070 E ArmVmp : Match on catch block at 0xc3 in for 0xa5
01-08 11:52:58.214 3070 3070 E ArmVmp : Match on catch block at 0xc3 in for 0xa1
01-08 11:52:58.221 3070 3070 E ArmVmp : Match on catch block at 0xc3 in for 0xa5
01-08 11:52:58.244 3070 3070 E ArmVmp : Match on catch block at 0xc3 in for 0xa1
01-08 11:52:58.251 3070 3070 E ArmVmp : Match on catch block at 0xc3 in for 0xa5
01-08 11:52:58.271 3070 3070 E ArmVmp : Match on catch block at 0xc3 in for 0xa1
01-08 11:52:58.277 3070 3070 E ArmVmp : Match on catch block at 0xc3 in for 0xa5
01-08 11:52:58.306 3070 3070 E ArmVmp : Match on catch block at 0xc3 in for 0xa1
01-08 11:52:58.314 3070 3070 E ArmVmp : Match on catch block at 0xc3 in for 0xa5
01-08 11:52:58.330 3070 3070 E ArmVmp : Match on catch block at 0xc3 in for 0xa1
01-08 11:52:58.336 3070 3070 E ArmVmp : Match on catch block at 0xc3 in for 0xa5
01-08 11:52:58.352 3070 3070 E ArmVmp : Match on catch block at 0xc3 in for 0xa1
01-08 11:52:58.358 3070 3070 E ArmVmp : Match on catch block at 0xc3 in for 0xa5
01-08 11:52:58.367 3070 3070 E ArmVmp : Match on catch block at 0xc3 in for 0xa1
01-08 11:52:58.372 3070 3070 E ArmVmp : Match on catch block at 0xc3 in for 0xa5
01-08 11:52:58.383 3070 3070 E ArmVmp : Match on catch block at 0xc3 in for 0xa1
01-08 11:52:58.390 3070 3070 E ArmVmp : Match on catch block at 0xc3 in for 0xa5
01-08 11:52:58.401 3070 3070 E ArmVmp : Match on catch block at 0xc3 in for 0xa1
01-08 11:52:58.406 3070 3070 E ArmVmp : Match on catch block at 0xc3 in for 0xa5
01-08 11:52:58.414 3070 3070 E ArmVmp : Match on catch block at 0xc3 in for 0xa1
01-08 11:52:58.424 3070 3070 E ArmVmp : Match on catch block at 0xc3 in for 0xa5
01-08 11:52:58.440 3070 3070 E ArmVmp : Match on catch block at 0xc3 in for 0xa1
01-08 11:52:58.452 3070 3070 E ArmVmp : Match on catch block at 0xc3 in for 0xa5
01-08 11:52:58.474 3070 3070 E ArmVmp : Match on catch block at 0xc3 in for 0xa1
01-08 11:52:58.489 3070 3070 E ArmVmp : Match on catch block at 0xc3 in for 0xa5
01-08 11:52:58.501 3070 3070 E ArmVmp : Match on catch block at 0xc3 in for 0xa1
01-08 11:52:58.513 3070 3070 E ArmVmp : Match on catch block at 0xc3 in for 0xa5
01-08 11:52:58.523 3070 3070 E ArmVmp : Match on catch block at 0xc3 in for 0xa1
01-08 11:52:58.537 3070 3070 E ArmVmp : Match on catch block at 0xc3 in for 0xa5
01-08 11:52:58.553 3070 3070 E ArmVmp : Match on catch block at 0xc3 in for 0xa1
01-08 11:52:58.562 3070 3070 E ArmVmp : Match on catch block at 0xc3 in for 0xa5
01-08 11:52:58.590 3070 3070 E ArmVmp : Match on catch block at 0xc3 in for 0xa5
01-08 11:52:58.598 3070 3070 E ArmVmp : Match on catch block at 0xc3 in for 0xa9
01-08 11:52:58.610 3070 3070 E ArmVmp : Match on catch block at 0xc3 in for 0xa5
01-08 11:52:58.619 3070 3070 E ArmVmp : Match on catch block at 0xc3 in for 0xa9
01-08 11:52:58.632 3070 3070 E ArmVmp : Match on catch block at 0xc3 in for 0xa5
01-08 11:52:58.642 3070 3070 E ArmVmp : Match on catch block at 0xc3 in for 0xa9
01-08 11:52:58.658 3070 3070 E ArmVmp : Match on catch block at 0xc3 in for 0xa9
01-08 11:52:58.666 3070 3070 E ArmVmp : Match on catch block at 0xc3 in for 0xa1
01-08 11:52:58.678 3070 3070 E ArmVmp : Match on catch block at 0xc3 in for 0xa9
01-08 11:52:58.690 3070 3070 E ArmVmp : Match on catch block at 0xc3 in for 0xa1
01-08 11:52:58.702 3070 3070 E ArmVmp : Match on catch block at 0xc3 in for 0xa9
01-08 11:52:58.712 3070 3070 E ArmVmp : Match on catch block at 0xc3 in for 0xa1
01-08 11:52:58.732 3070 3070 E ArmVmp : Match on catch block at 0xc3 in for 0xa1
01-08 11:52:58.739 3070 3070 E ArmVmp : Match on catch block at 0xc3 in for 0xa5
01-08 11:52:58.754 3070 3070 E ArmVmp : Match on catch block at 0xc3 in for 0xa1
01-08 11:52:58.763 3070 3070 E ArmVmp : Match on catch block at 0xc3 in for 0xa5
01-08 11:52:58.780 3070 3070 E ArmVmp : Match on catch block at 0xc3 in for 0xa1
01-08 11:52:58.793 3070 3070 E ArmVmp : Match on catch block at 0xc3 in for 0xa5
01-08 11:52:58.809 3070 3070 E ArmVmp : Match on catch block at 0xc3 in for 0xa5
01-08 11:52:58.821 3070 3070 E ArmVmp : Match on catch block at 0xc3 in for 0xa9
01-08 11:52:58.833 3070 3070 E ArmVmp : Match on catch block at 0xc3 in for 0xa5
01-08 11:52:58.842 3070 3070 E ArmVmp : Match on catch block at 0xc3 in for 0xa9
01-08 11:52:58.855 3070 3070 E ArmVmp : Match on catch block at 0xc3 in for 0xa5
01-08 11:52:58.865 3070 3070 E ArmVmp : Match on catch block at 0xc3 in for 0xa9
01-08 11:52:58.881 3070 3070 E ArmVmp : Match on catch block at 0xc3 in for 0xa9
01-08 11:52:58.889 3070 3070 E ArmVmp : Match on catch block at 0xc3 in for 0xa1
01-08 11:52:58.900 3070 3070 E ArmVmp : Match on catch block at 0xc3 in for 0xa9
01-08 11:52:58.907 3070 3070 E ArmVmp : Match on catch block at 0xc3 in for 0xa1
01-08 11:52:58.919 3070 3070 E ArmVmp : Match on catch block at 0xc3 in for 0xa9
01-08 11:52:58.928 3070 3070 E ArmVmp : Match on catch block at 0xc3 in for 0xa1
01-08 11:52:58.942 3070 3070 E ArmVmp : Match on catch block at 0xc3 in for 0xa1
01-08 11:52:58.951 3070 3070 E ArmVmp : Match on catch block at 0xc3 in for 0xa5
01-08 11:52:58.968 3070 3070 E ArmVmp : Match on catch block at 0xc3 in for 0xa1
01-08 11:52:58.977 3070 3070 E ArmVmp : Match on catch block at 0xc3 in for 0xa5
01-08 11:52:58.991 3070 3070 E ArmVmp : Match on catch block at 0xc3 in for 0xa1
01-08 11:52:59.001 3070 3070 E ArmVmp : Match on catch block at 0xc3 in for 0xa5
01-08 11:52:59.020 3070 3070 E ArmVmp : Match on catch block at 0xc3 in for 0xa9
01-08 11:52:59.032 3070 3070 E ArmVmp : Match on catch block at 0xc3 in for 0xa1
01-08 11:52:59.042 3070 3070 E ArmVmp : Match on catch block at 0xc3 in for 0xa9
01-08 11:52:59.050 3070 3070 E ArmVmp : Match on catch block at 0xc3 in for 0xa1
01-08 11:52:59.061 3070 3070 E ArmVmp : Match on catch block at 0xc3 in for 0xa9
01-08 11:52:59.070 3070 3070 E ArmVmp : Match on catch block at 0xc3 in for 0xa1
01-08 11:52:59.085 3070 3070 E ArmVmp : Match on catch block at 0xc3 in for 0xa1
01-08 11:52:59.100 3070 3070 E ArmVmp : Match on catch block at 0xc3 in for 0xa5
01-08 11:52:59.113 3070 3070 E ArmVmp : Match on catch block at 0xc3 in for 0xa1
01-08 11:52:59.121 3070 3070 E ArmVmp : Match on catch block at 0xc3 in for 0xa5
01-08 11:52:59.132 3070 3070 E ArmVmp : Match on catch block at 0xc3 in for 0xa1
01-08 11:52:59.150 3070 3070 E ArmVmp : Match on catch block at 0xc3 in for 0xa5
01-08 11:52:59.168 3070 3070 E ArmVmp : Match on catch block at 0xc3 in for 0xa5
01-08 11:52:59.178 3070 3070 E ArmVmp : Match on catch block at 0xc3 in for 0xa9
01-08 11:52:59.268 3070 3070 E ArmVmp : Match on catch block at 0xc3 in for 0xa9
01-08 11:52:59.273 3070 3070 E ArmVmp : Match on catch block at 0xc3 in for 0xa1
01-08 11:52:59.296 3070 3070 E ArmVmp : Match on catch block at 0xc3 in for 0xa9
01-08 11:52:59.301 3070 3070 E ArmVmp : Match on catch block at 0xc3 in for 0xa1
01-08 11:52:59.332 3070 3070 E ArmVmp : Match on catch block at 0xc3 in for 0xa1
01-08 11:52:59.338 3070 3070 E ArmVmp : Match on catch block at 0xc3 in for 0xa5
01-08 11:52:59.350 3070 3070 E ArmVmp : Match on catch block at 0xc3 in for 0xa1
01-08 11:52:59.356 3070 3070 E ArmVmp : Match on catch block at 0xc3 in for 0xa5
01-08 11:52:59.370 3070 3070 E ArmVmp : Match on catch block at 0xc3 in for 0xa1
01-08 11:52:59.377 3070 3070 E ArmVmp : Match on catch block at 0xc3 in for 0xa5
01-08 11:52:59.395 3070 3070 E ArmVmp : Match on catch block at 0xc3 in for 0xa5
01-08 11:52:59.403 3070 3070 E ArmVmp : Match on catch block at 0xc3 in for 0xa9
01-08 11:52:59.422 3070 3541 W libEGL : EGLNativeWindowType 0x7d8e433010
disconnect failed
01-08 11:52:59.435 3070 3070 E ArmVmp : Match on catch block at 0xc3 in for 0xa5
01-08 11:52:59.442 3070 3070 E ArmVmp : Match on catch block at 0xc3 in for 0xa9
01-08 11:52:59.485 3070 3070 E ArmVmp : Match on catch block at 0xc3 in for 0xa9
01-08 11:52:59.493 3070 3070 E ArmVmp : Match on catch block at 0xc3 in for 0xa1
01-08 11:52:59.592 3070 3070 E ArmVmp : Match on catch block at 0xc3 in for 0xa5
01-08 11:52:59.606 3070 3070 E ArmVmp : Match on catch block at 0xc3 in for 0xa9
01-08 11:52:59.720 3070 3070 E ArmVmp : Match on catch block at 0xc3 in for 0xa9
01-08 11:52:59.735 3070 3070 E ArmVmp : Match on catch block at 0xc3 in for 0xa1
01-08 11:52:59.787 3070 3070 E ArmVmp : Match on catch block at 0xc3 in for 0xa9
01-08 11:52:59.799 3070 3070 E ArmVmp : Match on catch block at 0xc3 in for 0xa1
01-08 11:52:59.837 3070 3070 E ArmVmp : Match on catch block at 0xc3 in for 0xa9
01-08 11:52:59.850 3070 3070 E ArmVmp : Match on catch block at 0xc3 in for 0xa1
01-08 11:52:59.896 3070 3070 E ArmVmp : Match on catch block at 0xc3 in for 0xa9
01-08 11:52:59.906 3070 3070 E ArmVmp : Match on catch block at 0xc3 in for 0xa1
01-08 11:52:59.943 3070 3070 E ArmVmp : Match on catch block at 0xc3 in for 0xa9
01-08 11:52:59.950 3070 3525 E SQLiteDatabase: Error inserting transferred=1
media_job_uuid=26b723d1-0857-47a1-9294-8240c0d998f3 transcoded=0 gif_attribution=0
first_scan_length=0 direct_path=/v/t62.7117-
24/35496899_343808918399730_944355627857071841_n.enc?ccb=11-
4&oh=01_AdQ6LrlNKNsBjLaStkuUnfiex7_ohI6mrC1f7_CwKaJQpw&oe=65C37E91&_nc_sid=5e03e0
thumbnail_height_width_ratio=0.0 is_animated_sticker=0
file_hash=UfjueaoVSJfBsj4EYzGOAzZYF26btOJOwpI4fWlO0y0= file_path=Media/WhatsApp
Voice Notes/202402/PTT-20240108-WA0007.opus file_size=4665 partial_media_hash=null
face_x=0 face_y=0 height=0 trim_to=0 media_key_timestamp=1704725577000
message_url=https://mmg.whatsapp.net/v/t62.7117-
24/35496899_343808918399730_944355627857071841_n.enc?ccb=11-
4&oh=01_AdQ6LrlNKNsBjLaStkuUnfiex7_ohI6mrC1f7_CwKaJQpw&oe=65C37E91&_nc_sid=5e03e0&m
ms3=true media_caption=null trim_from=0 mime_type=audio/ogg; codecs=opus
partial_media_enc_hash=null width=0 original_file_hash=null has_streaming_sidecar=0
autotransfer_retry_enabled=1 media_upload_handle=null message_row_id=93736
multicast_id=null enc_file_hash=71QWJOD3JhCJR3rLIPTiuP+/Xn45U9YQWvfDeMiAoj8=
mute_video=0 page_count=0 first_scan_sidecar=null suspicious_content=0
file_length=4665 media_name=null media_duration=2 chat_row_id=99
media_key=[B@b5d2dc0
01-08 11:52:59.950 3070 3525 E SQLiteDatabase:
android.database.sqlite.SQLiteConstraintException: UNIQUE constraint failed:
message_media.message_row_id (code 1555 SQLITE_CONSTRAINT_PRIMARYKEY[1555])
01-08 11:52:59.950 3070 3525 E SQLiteDatabase: at
android.database.sqlite.SQLiteConnection.nativeExecuteForLastInsertedRowId(Native
Method)
01-08 11:52:59.950 3070 3525 E SQLiteDatabase: at
android.database.sqlite.SQLiteConnection.executeForLastInsertedRowId(SQLiteConnecti
on.java:1217)
01-08 11:52:59.950 3070 3525 E SQLiteDatabase: at
android.database.sqlite.SQLiteSession.executeForLastInsertedRowId(SQLiteSession.jav
a:790)
01-08 11:52:59.950 3070 3525 E SQLiteDatabase: at
android.database.sqlite.SQLiteStatement.executeInsert(SQLiteStatement.java:88)
01-08 11:52:59.950 3070 3525 E SQLiteDatabase: at
android.database.sqlite.SQLiteDatabase.insertWithOnConflict(SQLiteDatabase.java:221
9)
01-08 11:52:59.950 3070 3525 E SQLiteDatabase: at
android.database.sqlite.SQLiteDatabase.insert(SQLiteDatabase.java:2088)
01-08 11:52:59.950 3070 3525 E SQLiteDatabase: at X.2tm.A08(Unknown
Source:6)
01-08 11:52:59.950 3070 3525 E SQLiteDatabase: at X.35Y.A07(Unknown
Source:212)
01-08 11:52:59.950 3070 3525 E SQLiteDatabase: at X.3QF.A14(Unknown
Source:470)
01-08 11:52:59.950 3070 3525 E SQLiteDatabase: at X.3gU.run(Unknown
Source:982)
01-08 11:52:59.950 3070 3525 E SQLiteDatabase: at
android.os.Handler.handleCallback(Handler.java:938)
01-08 11:52:59.950 3070 3525 E SQLiteDatabase: at
android.os.Handler.dispatchMessage(Handler.java:99)
01-08 11:52:59.950 3070 3525 E SQLiteDatabase: at
X.0zq.dispatchMessage(Unknown Source:4)
01-08 11:52:59.950 3070 3525 E SQLiteDatabase: at
android.os.Looper.loop(Looper.java:246)
01-08 11:52:59.950 3070 3525 E SQLiteDatabase: at
android.os.HandlerThread.run(HandlerThread.java:67)
01-08 11:52:59.964 3070 3070 E ArmVmp : Match on catch block at 0xc3 in for 0xa1
01-08 11:53:00.004 3070 3070 E ArmVmp : Match on catch block at 0xc3 in for 0xa9
01-08 11:53:00.020 3070 3070 E ArmVmp : Match on catch block at 0xc3 in for 0xa1
01-08 11:53:00.094 3070 3070 E ArmVmp : Match on catch block at 0xc3 in for 0xa5
01-08 11:53:00.106 3070 3070 E ArmVmp : Match on catch block at 0xc3 in for 0xa9
01-08 11:53:00.159 3070 3070 E ArmVmp : Match on catch block at 0xc3 in for 0xa5
01-08 11:53:00.174 3070 3070 E ArmVmp : Match on catch block at 0xc3 in for 0xa9
01-08 11:53:00.269 3070 3070 E ArmVmp : Match on catch block at 0xc3 in for 0xa5
01-08 11:53:00.284 3070 3070 E ArmVmp : Match on catch block at 0xc3 in for 0xa9
01-08 11:53:00.332 3070 3070 E ArmVmp : Match on catch block at 0xc3 in for 0xa5
01-08 11:53:00.339 3070 3070 E ArmVmp : Match on catch block at 0xc3 in for 0xa9
01-08 11:53:00.354 3070 3070 E ArmVmp : Match on catch block at 0xc3 in for 0xa5
01-08 11:53:00.361 3070 3070 E ArmVmp : Match on catch block at 0xc3 in for 0xa9
01-08 11:53:00.372 3070 3070 E ArmVmp : Match on catch block at 0xc3 in for 0xa5
01-08 11:53:00.380 3070 3070 E ArmVmp : Match on catch block at 0xc3 in for 0xa9
01-08 11:53:00.398 3070 3070 E ArmVmp : Match on catch block at 0xc3 in for 0xa5
01-08 11:53:00.404 3070 3070 E ArmVmp : Match on catch block at 0xc3 in for 0xa9
01-08 11:53:00.420 3070 3070 E ArmVmp : Match on catch block at 0xc3 in for 0xa5
01-08 11:53:00.429 3070 3070 E ArmVmp : Match on catch block at 0xc3 in for 0xa9
01-08 11:53:00.437 3070 3070 E ArmVmp : Match on catch block at 0xc3 in for 0xa5
01-08 11:53:00.443 3070 3070 E ArmVmp : Match on catch block at 0xc3 in for 0xa9
01-08 11:53:00.453 3070 3070 E ArmVmp : Match on catch block at 0xc3 in for 0xa5
01-08 11:53:00.459 3070 3070 E ArmVmp : Match on catch block at 0xc3 in for 0xa9
01-08 11:53:00.472 3070 3070 E ArmVmp : Match on catch block at 0xc3 in for 0xa5
01-08 11:53:00.480 3070 3070 E ArmVmp : Match on catch block at 0xc3 in for 0xa9
01-08 11:53:00.489 3070 3070 E ArmVmp : Match on catch block at 0xc3 in for 0xa5
01-08 11:53:00.496 3070 3070 E ArmVmp : Match on catch block at 0xc3 in for 0xa9
01-08 11:53:00.504 3070 3070 E ArmVmp : Match on catch block at 0xc3 in for 0xa5
01-08 11:53:00.510 3070 3070 E ArmVmp : Match on catch block at 0xc3 in for 0xa9
01-08 11:53:00.518 3070 3070 E ArmVmp : Match on catch block at 0xc3 in for 0xa5
01-08 11:53:00.525 3070 3070 E ArmVmp : Match on catch block at 0xc3 in for 0xa9
01-08 11:53:00.534 3070 3070 E ArmVmp : Match on catch block at 0xc3 in for 0xa5
01-08 11:53:00.540 3070 3070 E ArmVmp : Match on catch block at 0xc3 in for 0xa9
01-08 11:53:00.551 3070 3070 E ArmVmp : Match on catch block at 0xc3 in for 0xa5
01-08 11:53:00.560 3070 3070 E ArmVmp : Match on catch block at 0xc3 in for 0xa9
01-08 11:53:00.571 3070 3070 E ArmVmp : Match on catch block at 0xc3 in for 0xa5
01-08 11:53:00.579 3070 3070 E ArmVmp : Match on catch block at 0xc3 in for 0xa9
01-08 11:53:00.587 3070 3070 E ArmVmp : Match on catch block at 0xc3 in for 0xa5
01-08 11:53:00.594 3070 3070 E ArmVmp : Match on catch block at 0xc3 in for 0xa9
01-08 11:53:00.603 3070 3070 E ArmVmp : Match on catch block at 0xc3 in for 0xa5
01-08 11:53:00.611 3070 3070 E ArmVmp : Match on catch block at 0xc3 in for 0xa9
01-08 11:53:00.619 3070 3070 E ArmVmp : Match on catch block at 0xc3 in for 0xa5
01-08 11:53:00.626 3070 3070 E ArmVmp : Match on catch block at 0xc3 in for 0xa9
01-08 11:53:00.634 3070 3070 E ArmVmp : Match on catch block at 0xc3 in for 0xa5
01-08 11:53:00.640 3070 3070 E ArmVmp : Match on catch block at 0xc3 in for 0xa9
01-08 11:53:00.650 3070 3070 E ArmVmp : Match on catch block at 0xc3 in for 0xa5
01-08 11:53:00.656 3070 3070 E ArmVmp : Match on catch block at 0xc3 in for 0xa9
01-08 11:53:00.667 3070 3070 E ArmVmp : Match on catch block at 0xc3 in for 0xa5
01-08 11:53:00.672 3070 3070 E ArmVmp : Match on catch block at 0xc3 in for 0xa9
01-08 11:53:00.683 3070 3070 E ArmVmp : Match on catch block at 0xc3 in for 0xa5
01-08 11:53:00.688 3070 3070 E ArmVmp : Match on catch block at 0xc3 in for 0xa9
01-08 11:53:00.699 3070 3070 E ArmVmp : Match on catch block at 0xc3 in for 0xa5
01-08 11:53:00.704 3070 3070 E ArmVmp : Match on catch block at 0xc3 in for 0xa9
01-08 11:53:00.715 3070 3070 E ArmVmp : Match on catch block at 0xc3 in for 0xa5
01-08 11:53:00.723 3070 3070 E ArmVmp : Match on catch block at 0xc3 in for 0xa9
01-08 11:53:00.735 3070 3070 E ArmVmp : Match on catch block at 0xc3 in for 0xa5
01-08 11:53:00.742 3070 3070 E ArmVmp : Match on catch block at 0xc3 in for 0xa9
01-08 11:53:00.752 3070 3070 E ArmVmp : Match on catch block at 0xc3 in for 0xa5
01-08 11:53:00.758 3070 3070 E ArmVmp : Match on catch block at 0xc3 in for 0xa9
01-08 11:53:00.768 3070 3070 E ArmVmp : Match on catch block at 0xc3 in for 0xa5
01-08 11:53:00.774 3070 3070 E ArmVmp : Match on catch block at 0xc3 in for 0xa9
01-08 11:53:00.785 3070 3070 E ArmVmp : Match on catch block at 0xc3 in for 0xa5
01-08 11:53:00.791 3070 3070 E ArmVmp : Match on catch block at 0xc3 in for 0xa9
01-08 11:53:00.801 3070 3070 E ArmVmp : Match on catch block at 0xc3 in for 0xa5
01-08 11:53:00.808 3070 3070 E ArmVmp : Match on catch block at 0xc3 in for 0xa9
01-08 11:53:00.817 3070 3070 E ArmVmp : Match on catch block at 0xc3 in for 0xa5
01-08 11:53:00.822 3070 3070 E ArmVmp : Match on catch block at 0xc3 in for 0xa9
01-08 11:53:00.833 3070 3070 E ArmVmp : Match on catch block at 0xc3 in for 0xa5
01-08 11:53:00.840 3070 3070 E ArmVmp : Match on catch block at 0xc3 in for 0xa9
01-08 11:53:00.851 3070 3070 E ArmVmp : Match on catch block at 0xc3 in for 0xa5
01-08 11:53:00.858 3070 3070 E ArmVmp : Match on catch block at 0xc3 in for 0xa9
01-08 11:53:00.867 3070 3070 E ArmVmp : Match on catch block at 0xc3 in for 0xa5
01-08 11:53:00.873 3070 3070 E ArmVmp : Match on catch block at 0xc3 in for 0xa9
01-08 11:53:00.882 3070 3070 E ArmVmp : Match on catch block at 0xc3 in for 0xa5
01-08 11:53:00.888 3070 3070 E ArmVmp : Match on catch block at 0xc3 in for 0xa9
01-08 11:53:00.898 3070 3070 E ArmVmp : Match on catch block at 0xc3 in for 0xa5
01-08 11:53:00.904 3070 3070 E ArmVmp : Match on catch block at 0xc3 in for 0xa9
01-08 11:53:00.915 3070 3070 E ArmVmp : Match on catch block at 0xc3 in for 0xa5
01-08 11:53:00.920 3070 3070 E ArmVmp : Match on catch block at 0xc3 in for 0xa9
01-08 11:53:00.931 3070 3070 E ArmVmp : Match on catch block at 0xc3 in for 0xa5
01-08 11:53:00.936 3070 3070 E ArmVmp : Match on catch block at 0xc3 in for 0xa9
01-08 11:53:00.947 3070 3070 E ArmVmp : Match on catch block at 0xc3 in for 0xa5
01-08 11:53:00.954 3070 3070 E ArmVmp : Match on catch block at 0xc3 in for 0xa9
01-08 11:53:00.963 3070 3070 E ArmVmp : Match on catch block at 0xc3 in for 0xa5
01-08 11:53:00.970 3070 3070 E ArmVmp : Match on catch block at 0xc3 in for 0xa9
01-08 11:53:00.979 3070 3070 E ArmVmp : Match on catch block at 0xc3 in for 0xa5
01-08 11:53:00.986 3070 3070 E ArmVmp : Match on catch block at 0xc3 in for 0xa9
01-08 11:53:00.996 3070 3070 E ArmVmp : Match on catch block at 0xc3 in for 0xa5
01-08 11:53:01.002 3070 3070 E ArmVmp : Match on catch block at 0xc3 in for 0xa9
01-08 11:53:01.012 3070 3070 E ArmVmp : Match on catch block at 0xc3 in for 0xa5
01-08 11:53:01.018 3070 3070 E ArmVmp : Match on catch block at 0xc3 in for 0xa9
01-08 11:53:01.028 3070 3070 E ArmVmp : Match on catch block at 0xc3 in for 0xa5
01-08 11:53:01.034 3070 3070 E ArmVmp : Match on catch block at 0xc3 in for 0xa9
01-08 11:53:01.044 3070 3070 E ArmVmp : Match on catch block at 0xc3 in for 0xa5
01-08 11:53:01.050 3070 3070 E ArmVmp : Match on catch block at 0xc3 in for 0xa9
01-08 11:53:01.061 3070 3070 E ArmVmp : Match on catch block at 0xc3 in for 0xa5
01-08 11:53:01.067 3070 3070 E ArmVmp : Match on catch block at 0xc3 in for 0xa9
01-08 11:53:01.077 3070 3070 E ArmVmp : Match on catch block at 0xc3 in for 0xa5
01-08 11:53:01.082 3070 3070 E ArmVmp : Match on catch block at 0xc3 in for 0xa9
01-08 11:53:01.093 3070 3070 E ArmVmp : Match on catch block at 0xc3 in for 0xa5
01-08 11:53:01.099 3070 3070 E ArmVmp : Match on catch block at 0xc3 in for 0xa9
01-08 11:53:01.109 3070 3070 E ArmVmp : Match on catch block at 0xc3 in for 0xa5
01-08 11:53:01.115 3070 3070 E ArmVmp : Match on catch block at 0xc3 in for 0xa9
01-08 11:53:01.126 3070 3070 E ArmVmp : Match on catch block at 0xc3 in for 0xa5
01-08 11:53:01.132 3070 3070 E ArmVmp : Match on catch block at 0xc3 in for 0xa9
01-08 11:53:01.142 3070 3070 E ArmVmp : Match on catch block at 0xc3 in for 0xa5
01-08 11:53:01.149 3070 3070 E ArmVmp : Match on catch block at 0xc3 in for 0xa9
01-08 11:53:01.158 3070 3070 E ArmVmp : Match on catch block at 0xc3 in for 0xa5
01-08 11:53:01.164 3070 3070 E ArmVmp : Match on catch block at 0xc3 in for 0xa9
01-08 11:53:01.175 3070 3070 E ArmVmp : Match on catch block at 0xc3 in for 0xa5
01-08 11:53:01.186 3070 3070 E ArmVmp : Match on catch block at 0xc3 in for 0xa9
01-08 11:53:01.196 3070 3070 E ArmVmp : Match on catch block at 0xc3 in for 0xa5
01-08 11:53:01.201 3070 3070 E ArmVmp : Match on catch block at 0xc3 in for 0xa9
01-08 11:53:01.213 3070 3070 E ArmVmp : Match on catch block at 0xc3 in for 0xa5
01-08 11:53:01.218 3070 3070 E ArmVmp : Match on catch block at 0xc3 in for 0xa9
01-08 11:53:01.231 3070 3070 E ArmVmp : Match on catch block at 0xc3 in for 0xa5
01-08 11:53:01.237 3070 3070 E ArmVmp : Match on catch block at 0xc3 in for 0xa9
01-08 11:53:01.246 3070 3070 E ArmVmp : Match on catch block at 0xc3 in for 0xa5
01-08 11:53:01.252 3070 3070 E ArmVmp : Match on catch block at 0xc3 in for 0xa9
01-08 11:53:01.262 3070 3070 E ArmVmp : Match on catch block at 0xc3 in for 0xa5
01-08 11:53:01.271 3070 3070 E ArmVmp : Match on catch block at 0xc3 in for 0xa9
01-08 11:53:01.279 3070 3070 E ArmVmp : Match on catch block at 0xc3 in for 0xa5
01-08 11:53:01.284 3070 3070 E ArmVmp : Match on catch block at 0xc3 in for 0xa9
01-08 11:53:01.297 3070 3070 E ArmVmp : Match on catch block at 0xc3 in for 0xa5
01-08 11:53:01.302 3070 3070 E ArmVmp : Match on catch block at 0xc3 in for 0xa9
01-08 11:53:01.313 3070 3070 E ArmVmp : Match on catch block at 0xc3 in for 0xa5
01-08 11:53:01.318 3070 3070 E ArmVmp : Match on catch block at 0xc3 in for 0xa9
01-08 11:53:01.327 3070 3070 E ArmVmp : Match on catch block at 0xc3 in for 0xa5
01-08 11:53:01.334 3070 3070 E ArmVmp : Match on catch block at 0xc3 in for 0xa9
01-08 11:53:01.343 3070 3070 E ArmVmp : Match on catch block at 0xc3 in for 0xa5
01-08 11:53:01.348 3070 3070 E ArmVmp : Match on catch block at 0xc3 in for 0xa9
01-08 11:53:01.358 3070 3070 E ArmVmp : Match on catch block at 0xc3 in for 0xa5
01-08 11:53:01.364 3070 3070 E ArmVmp : Match on catch block at 0xc3 in for 0xa9
01-08 11:53:01.373 3070 3070 E ArmVmp : Match on catch block at 0xc3 in for 0xa5
01-08 11:53:01.378 3070 3070 E ArmVmp : Match on catch block at 0xc3 in for 0xa9
01-08 11:53:01.388 3070 3070 E ArmVmp : Match on catch block at 0xc3 in for 0xa5
01-08 11:53:01.394 3070 3070 E ArmVmp : Match on catch block at 0xc3 in for 0xa9
01-08 11:53:01.403 3070 3070 E ArmVmp : Match on catch block at 0xc3 in for 0xa5
01-08 11:53:01.410 3070 3070 E ArmVmp : Match on catch block at 0xc3 in for 0xa9
01-08 11:53:01.434 3070 3541 W libEGL : EGLNativeWindowType 0x7d8e433010
disconnect failed
01-08 11:53:01.448 3070 3070 E ArmVmp : Match on catch block at 0xc3 in for 0xa5
01-08 11:53:01.456 3070 3070 E ArmVmp : Match on catch block at 0xc3 in for 0xa9
01-08 11:53:01.496 3070 3070 E ArmVmp : Match on catch block at 0xc3 in for 0xa5
01-08 11:53:01.503 3070 3070 E ArmVmp : Match on catch block at 0xc3 in for 0xa9
01-08 11:53:01.590 3070 3070 E ArmVmp : Match on catch block at 0xc3 in for 0xa5
01-08 11:53:01.607 3070 3070 E ArmVmp : Match on catch block at 0xc3 in for 0xa9
01-08 11:53:01.652 3070 3070 E ArmVmp : Match on catch block at 0xc3 in for 0xa5
01-08 11:53:01.671 3070 3070 E ArmVmp : Match on catch block at 0xc3 in for 0xa9
01-08 11:53:01.710 3070 3070 E ArmVmp : Match on catch block at 0xc3 in for 0xa5
01-08 11:53:01.725 3070 3070 E ArmVmp : Match on catch block at 0xc3 in for 0xa9
01-08 11:53:01.772 3070 3070 E ArmVmp : Match on catch block at 0xc3 in for 0xa5
01-08 11:53:01.784 3070 3070 E ArmVmp : Match on catch block at 0xc3 in for 0xa9
01-08 11:53:01.821 3070 3070 E ArmVmp : Match on catch block at 0xc3 in for 0xa5
01-08 11:53:01.834 3070 3070 E ArmVmp : Match on catch block at 0xc3 in for 0xa9
01-08 11:53:01.882 3070 3070 E ArmVmp : Match on catch block at 0xc3 in for 0xa5
01-08 11:53:01.898 3070 3070 E ArmVmp : Match on catch block at 0xc3 in for 0xa9
01-08 11:53:01.935 3070 3070 E ArmVmp : Match on catch block at 0xc3 in for 0xa5
01-08 11:53:01.950 3070 3070 E ArmVmp : Match on catch block at 0xc3 in for 0xa9
01-08 11:53:02.001 3070 3070 E ArmVmp : Match on catch block at 0xc3 in for 0xa5
01-08 11:53:02.015 3070 3070 E ArmVmp : Match on catch block at 0xc3 in for 0xa9
01-08 11:53:02.054 3070 3070 E ArmVmp : Match on catch block at 0xc3 in for 0xa5
01-08 11:53:02.066 3070 3070 E ArmVmp : Match on catch block at 0xc3 in for 0xa9
01-08 11:53:02.108 3070 3070 E ArmVmp : Match on catch block at 0xc3 in for 0xa5
01-08 11:53:02.119 3070 3070 E ArmVmp : Match on catch block at 0xc3 in for 0xa9
01-08 11:53:02.157 3070 3070 E ArmVmp : Match on catch block at 0xc3 in for 0xa5
01-08 11:53:02.167 3070 3070 E ArmVmp : Match on catch block at 0xc3 in for 0xa9
01-08 11:53:02.184 3070 3070 E ArmVmp : Match on catch block at 0xc3 in for 0xa5
01-08 11:53:02.196 3070 3070 E ArmVmp : Match on catch block at 0xc3 in for 0xa9
01-08 11:53:02.207 3070 3070 E ArmVmp : Match on catch block at 0xc3 in for 0xa5
01-08 11:53:02.218 3070 3070 E ArmVmp : Match on catch block at 0xc3 in for 0xa9
01-08 11:53:02.234 3070 3070 E ArmVmp : Match on catch block at 0xc3 in for 0xa5
01-08 11:53:02.245 3070 3070 E ArmVmp : Match on catch block at 0xc3 in for 0xa9
01-08 11:53:02.256 3070 3070 E ArmVmp : Match on catch block at 0xc3 in for 0xa5
01-08 11:53:02.265 3070 3070 E ArmVmp : Match on catch block at 0xc3 in for 0xa9
01-08 11:53:02.276 3070 3070 E ArmVmp : Match on catch block at 0xc3 in for 0xa5
01-08 11:53:02.286 3070 3070 E ArmVmp : Match on catch block at 0xc3 in for 0xa9
01-08 11:53:02.298 3070 3070 E ArmVmp : Match on catch block at 0xc3 in for 0xa5
01-08 11:53:02.308 3070 3070 E ArmVmp : Match on catch block at 0xc3 in for 0xa9
01-08 11:53:02.319 3070 3070 E ArmVmp : Match on catch block at 0xc3 in for 0xa5
01-08 11:53:02.328 3070 3070 E ArmVmp : Match on catch block at 0xc3 in for 0xa9
01-08 11:53:02.341 3070 3070 E ArmVmp : Match on catch block at 0xc3 in for 0xa5
01-08 11:53:02.349 3070 3070 E ArmVmp : Match on catch block at 0xc3 in for 0xa9
01-08 11:53:02.359 3070 3070 E ArmVmp : Match on catch block at 0xc3 in for 0xa5
01-08 11:53:02.368 3070 3070 E ArmVmp : Match on catch block at 0xc3 in for 0xa9
01-08 11:53:02.377 3070 3070 E ArmVmp : Match on catch block at 0xc3 in for 0xa5
01-08 11:53:02.386 3070 3070 E ArmVmp : Match on catch block at 0xc3 in for 0xa9
01-08 11:53:02.395 3070 3070 E ArmVmp : Match on catch block at 0xc3 in for 0xa5
01-08 11:53:02.403 3070 3070 E ArmVmp : Match on catch block at 0xc3 in for 0xa9
01-08 11:53:02.413 3070 3070 E ArmVmp : Match on catch block at 0xc3 in for 0xa5
01-08 11:53:02.421 3070 3070 E ArmVmp : Match on catch block at 0xc3 in for 0xa9
01-08 11:53:02.436 3070 3070 E ArmVmp : Match on catch block at 0xc3 in for 0xa5
01-08 11:53:02.444 3070 3070 E ArmVmp : Match on catch block at 0xc3 in for 0xa9
01-08 11:53:02.456 3070 3070 E ArmVmp : Match on catch block at 0xc3 in for 0xa5
01-08 11:53:02.465 3070 3070 E ArmVmp : Match on catch block at 0xc3 in for 0xa9
01-08 11:53:02.480 3070 3070 E ArmVmp : Match on catch block at 0xc3 in for 0xa5
01-08 11:53:02.491 3070 3070 E ArmVmp : Match on catch block at 0xc3 in for 0xa9
01-08 11:53:02.501 3070 3070 E ArmVmp : Match on catch block at 0xc3 in for 0xa5
01-08 11:53:02.511 3070 3070 E ArmVmp : Match on catch block at 0xc3 in for 0xa9
01-08 11:53:02.522 3070 3070 E ArmVmp : Match on catch block at 0xc3 in for 0xa5
01-08 11:53:02.532 3070 3070 E ArmVmp : Match on catch block at 0xc3 in for 0xa9
01-08 11:53:02.542 3070 3070 E ArmVmp : Match on catch block at 0xc3 in for 0xa5
01-08 11:53:02.555 3070 3070 E ArmVmp : Match on catch block at 0xc3 in for 0xa9
01-08 11:53:02.569 3070 3070 E ArmVmp : Match on catch block at 0xc3 in for 0xa5
01-08 11:53:02.578 3070 3070 E ArmVmp : Match on catch block at 0xc3 in for 0xa9
01-08 11:53:02.600 3070 3070 E ArmVmp : Match on catch block at 0xc3 in for 0xa5
01-08 11:53:02.610 3070 3070 E ArmVmp : Match on catch block at 0xc3 in for 0xa9
01-08 11:53:02.622 3070 3070 E ArmVmp : Match on catch block at 0xc3 in for 0xa5
01-08 11:53:02.632 3070 3070 E ArmVmp : Match on catch block at 0xc3 in for 0xa9
01-08 11:53:02.643 3070 3070 E ArmVmp : Match on catch block at 0xc3 in for 0xa5
01-08 11:53:02.657 3070 3070 E ArmVmp : Match on catch block at 0xc3 in for 0xa9
01-08 11:53:02.673 3070 3070 E ArmVmp : Match on catch block at 0xc3 in for 0xa5
01-08 11:53:02.683 3070 3070 E ArmVmp : Match on catch block at 0xc3 in for 0xa9
01-08 11:53:02.695 3070 3070 E ArmVmp : Match on catch block at 0xc3 in for 0xa5
