01-08 06:02:09.509 3070 3070 E ArmVmp : Match on catch block at 0x0a in for 0xa9
01-08 06:02:09.513 3070 3070 E ArmVmp : Match on catch block at 0x0a in for 0xa9
01-08 06:02:09.518 3070 3070 E ArmVmp : Match on catch block at 0x0a in for 0xa9
01-08 06:02:09.521 3070 3070 E ArmVmp : Match on catch block at 0x0a in for 0xa9
01-08 06:02:09.525 3070 3070 E ArmVmp : Match on catch block at 0x0a in for 0xa9
01-08 06:02:09.530 3070 3070 E ArmVmp : Match on catch block at 0x0a in for 0xa9
01-08 06:02:09.534 3070 3070 E ArmVmp : Match on catch block at 0x0a in for 0xa9
01-08 06:02:09.538 3070 3070 E ArmVmp : Match on catch block at 0x0a in for 0xa9
01-08 06:02:09.561 3070 3070 E ArmVmp : Match on catch block at 0xc3 in for 0xa1
01-08 06:02:09.568 3070 3070 E ArmVmp : Match on catch block at 0xc3 in for 0xa5
01-08 06:02:09.586 3070 3070 E ArmVmp : Match on catch block at 0xc3 in for 0xa5
01-08 06:02:09.593 3070 3070 E ArmVmp : Match on catch block at 0xc3 in for 0xa9
01-08 06:02:09.608 3070 3070 E ArmVmp : Match on catch block at 0xc3 in for 0xa9
01-08 06:02:09.614 3070 3070 E ArmVmp : Match on catch block at 0xc3 in for 0xa1
01-08 06:02:09.627 3070 3070 E ArmVmp : Match on catch block at 0xc3 in for 0xa1
01-08 06:02:09.632 3070 3070 E ArmVmp : Match on catch block at 0xc3 in for 0xa5
01-08 06:02:09.646 3070 3070 E ArmVmp : Match on catch block at 0xc3 in for 0xa5
01-08 06:02:09.652 3070 3070 E ArmVmp : Match on catch block at 0xc3 in for 0xa9
01-08 06:02:09.670 3070 3070 E ArmVmp : Match on catch block at 0x0a in for 0xa5
01-08 06:02:09.673 3070 3070 E ArmVmp : Match on catch block at 0x0a in for 0xa5
01-08 06:02:09.676 3070 3070 E ArmVmp : Match on catch block at 0x0a in for 0xa5
01-08 06:02:09.678 3070 3070 E ArmVmp : Match on catch block at 0x0a in for 0xa5
01-08 06:02:09.682 3070 3070 E ArmVmp : Match on catch block at 0x0a in for 0xa5
01-08 06:02:09.684 3070 3070 E ArmVmp : Match on catch block at 0x0a in for 0xa5
01-08 06:02:09.688 3070 3070 E ArmVmp : Match on catch block at 0x0a in for 0xa5
01-08 06:02:09.691 3070 3070 E ArmVmp : Match on catch block at 0x0a in for 0xa5
01-08 06:02:09.694 3070 3070 E ArmVmp : Match on catch block at 0x0a in for 0xa5
01-08 06:02:09.696 3070 3070 E ArmVmp : Match on catch block at 0x0a in for 0xa5
01-08 06:02:09.698 3070 3070 E ArmVmp : Match on catch block at 0x0a in for 0xa5
01-08 06:02:09.699 3070 3070 E ArmVmp : Match on catch block at 0x0a in for 0xa5
01-08 06:02:09.701 3070 3070 E ArmVmp : Match on catch block at 0x0a in for 0xa5
01-08 06:02:09.702 3070 3070 E ArmVmp : Match on catch block at 0x0a in for 0xa5
01-08 06:02:09.704 3070 3070 E ArmVmp : Match on catch block at 0x0a in for 0xa5
01-08 06:02:09.707 3070 3070 E ArmVmp : Match on catch block at 0x0a in for 0xa5
01-08 06:02:09.709 3070 3070 E ArmVmp : Match on catch block at 0x0a in for 0xa5
01-08 06:02:09.710 3070 3070 E ArmVmp : Match on catch block at 0x0a in for 0xa5
01-08 06:02:09.712 3070 3070 E ArmVmp : Match on catch block at 0x0a in for 0xa5
01-08 06:02:09.713 3070 3070 E ArmVmp : Match on catch block at 0x0a in for 0xa5
01-08 06:02:09.726 3070 3070 E ArmVmp : Match on catch block at 0xc3 in for 0xa1
01-08 06:02:09.731 3070 3070 E ArmVmp : Match on catch block at 0xc3 in for 0xa5
01-08 06:02:09.745 3070 3070 E ArmVmp : Match on catch block at 0xc3 in for 0xa5
01-08 06:02:09.750 3070 3070 E ArmVmp : Match on catch block at 0xc3 in for 0xa9
01-08 06:02:09.777 3070 3070 E ArmVmp : Match on catch block at 0xc3 in for 0xa9
01-08 06:02:09.782 3070 3070 E ArmVmp : Match on catch block at 0xc3 in for 0xa1
01-08 06:02:09.801 3070 3070 E ArmVmp : Match on catch block at 0xc3 in for 0xa1
01-08 06:02:09.806 3070 3070 E ArmVmp : Match on catch block at 0xc3 in for 0xa5
01-08 06:02:09.830 3070 3070 E ArmVmp : Match on catch block at 0xc3 in for 0xa9
01-08 06:02:09.835 3070 3070 E ArmVmp : Match on catch block at 0xc3 in for 0xa1
01-08 06:02:09.880 3070 3070 E ArmVmp : Match on catch block at 0xc3 in for 0xa1
01-08 06:02:09.884 3070 3070 E ArmVmp : Match on catch block at 0xc3 in for 0xa5
01-08 06:02:09.896 3070 3070 E ArmVmp : Match on catch block at 0xc3 in for 0xa5
01-08 06:02:09.901 3070 3070 E ArmVmp : Match on catch block at 0xc3 in for 0xa9
01-08 06:02:09.979 3070 3070 E ArmVmp : Match on catch block at 0xc3 in for 0xa9
01-08 06:02:09.986 3070 3070 E ArmVmp : Match on catch block at 0xc3 in for 0xa1
01-08 06:02:10.010 3070 3070 E ArmVmp : Match on catch block at 0xc3 in for 0xa1
01-08 06:02:10.017 3070 3070 E ArmVmp : Match on catch block at 0xc3 in for 0xa5
01-08 06:02:10.108 3070 3070 E ArmVmp : Match on catch block at 0xc3 in for 0xa5
01-08 06:02:10.117 3070 3070 E ArmVmp : Match on catch block at 0xc3 in for 0xa9
01-08 06:02:10.142 3070 3070 E ArmVmp : Match on catch block at 0xc3 in for 0xa9
01-08 06:02:10.151 3070 3070 E ArmVmp : Match on catch block at 0xc3 in for 0xa1
01-08 06:02:10.210 3070 3070 E ArmVmp : Match on catch block at 0xc3 in for 0xa1
01-08 06:02:10.218 3070 3070 E ArmVmp : Match on catch block at 0xc3 in for 0xa5
01-08 06:02:10.269 3070 3070 E ArmVmp : Match on catch block at 0xc3 in for 0xa5
01-08 06:02:10.276 3070 3070 E ArmVmp : Match on catch block at 0xc3 in for 0xa9
01-08 06:02:10.302 3070 3070 E ArmVmp : Match on catch block at 0xc3 in for 0xa9
01-08 06:02:10.309 3070 3070 E ArmVmp : Match on catch block at 0xc3 in for 0xa1
01-08 06:02:10.334 3070 3070 E ArmVmp : Match on catch block at 0xc3 in for 0xa1
01-08 06:02:10.342 3070 3070 E ArmVmp : Match on catch block at 0xc3 in for 0xa5
01-08 06:02:10.370 3070 3070 E ArmVmp : Match on catch block at 0xc3 in for 0xa5
01-08 06:02:10.377 3070 3070 E ArmVmp : Match on catch block at 0xc3 in for 0xa9
01-08 06:02:10.399 3070 3070 E ArmVmp : Match on catch block at 0xc3 in for 0xa9
01-08 06:02:10.407 3070 3070 E ArmVmp : Match on catch block at 0xc3 in for 0xa1
01-08 06:02:10.432 3070 3070 E ArmVmp : Match on catch block at 0xc3 in for 0xa1
01-08 06:02:10.439 3070 3070 E ArmVmp : Match on catch block at 0xc3 in for 0xa5
01-08 06:02:10.496 3070 3070 E ArmVmp : Match on catch block at 0xc3 in for 0xa5
01-08 06:02:10.503 3070 3070 E ArmVmp : Match on catch block at 0xc3 in for 0xa9
01-08 06:02:10.531 3070 3070 E ArmVmp : Match on catch block at 0xc3 in for 0xa9
01-08 06:02:10.537 3070 3070 E ArmVmp : Match on catch block at 0xc3 in for 0xa1
01-08 06:02:10.561 3070 3070 E ArmVmp : Match on catch block at 0xc3 in for 0xa1
01-08 06:02:10.568 3070 3070 E ArmVmp : Match on catch block at 0xc3 in for 0xa5
01-08 06:02:10.626 3070 3070 E ArmVmp : Match on catch block at 0xc3 in for 0xa5
01-08 06:02:10.632 3070 3070 E ArmVmp : Match on catch block at 0xc3 in for 0xa9
01-08 06:02:10.659 3070 3070 E ArmVmp : Match on catch block at 0xc3 in for 0xa9
01-08 06:02:10.665 3070 3070 E ArmVmp : Match on catch block at 0xc3 in for 0xa1
01-08 06:02:10.692 3070 3070 E ArmVmp : Match on catch block at 0xc3 in for 0xa1
01-08 06:02:10.699 3070 3070 E ArmVmp : Match on catch block at 0xc3 in for 0xa5
01-08 06:02:10.726 3070 3070 E ArmVmp : Match on catch block at 0xc3 in for 0xa5
01-08 06:02:10.732 3070 3070 E ArmVmp : Match on catch block at 0xc3 in for 0xa9
01-08 06:02:10.757 3070 3070 E ArmVmp : Match on catch block at 0xc3 in for 0xa9
01-08 06:02:10.764 3070 3070 E ArmVmp : Match on catch block at 0xc3 in for 0xa1
01-08 06:02:10.789 3070 3070 E ArmVmp : Match on catch block at 0xc3 in for 0xa1
01-08 06:02:10.796 3070 3070 E ArmVmp : Match on catch block at 0xc3 in for 0xa5
01-08 06:02:10.854 3070 3070 E ArmVmp : Match on catch block at 0xc3 in for 0xa5
01-08 06:02:10.862 3070 3070 E ArmVmp : Match on catch block at 0xc3 in for 0xa9
01-08 06:02:10.920 3070 3070 E ArmVmp : Match on catch block at 0xc3 in for 0xa9
01-08 06:02:10.927 3070 3070 E ArmVmp : Match on catch block at 0xc3 in for 0xa1
01-08 06:02:10.953 3070 3070 E ArmVmp : Match on catch block at 0xc3 in for 0xa1
01-08 06:02:10.961 3070 3070 E ArmVmp : Match on catch block at 0xc3 in for 0xa5
01-08 06:02:10.986 3070 3070 E ArmVmp : Match on catch block at 0xc3 in for 0xa5
01-08 06:02:10.993 3070 3070 E ArmVmp : Match on catch block at 0xc3 in for 0xa9
01-08 06:02:11.051 3070 3070 E ArmVmp : Match on catch block at 0xc3 in for 0xa9
01-08 06:02:11.058 3070 3070 E ArmVmp : Match on catch block at 0xc3 in for 0xa1
01-08 06:02:11.115 3070 3070 E ArmVmp : Match on catch block at 0xc3 in for 0xa1
01-08 06:02:11.123 3070 3070 E ArmVmp : Match on catch block at 0xc3 in for 0xa5
01-08 06:02:11.164 3070 3070 E ArmVmp : Match on catch block at 0xc3 in for 0xa5
01-08 06:02:11.171 3070 3070 E ArmVmp : Match on catch block at 0xc3 in for 0xa9
01-08 06:02:11.197 3070 3070 E ArmVmp : Match on catch block at 0xc3 in for 0xa9
01-08 06:02:11.204 3070 3070 E ArmVmp : Match on catch block at 0xc3 in for 0xa1
01-08 06:02:11.261 3070 3070 E ArmVmp : Match on catch block at 0xc3 in for 0xa1
01-08 06:02:11.268 3070 3070 E ArmVmp : Match on catch block at 0xc3 in for 0xa5
01-08 06:02:11.294 3070 3070 E ArmVmp : Match on catch block at 0xc3 in for 0xa5
01-08 06:02:11.301 3070 3070 E ArmVmp : Match on catch block at 0xc3 in for 0xa9
01-08 06:02:11.358 3070 3070 E ArmVmp : Match on catch block at 0xc3 in for 0xa9
01-08 06:02:11.364 3070 3070 E ArmVmp : Match on catch block at 0xc3 in for 0xa1
01-08 06:02:11.389 3070 3070 E ArmVmp : Match on catch block at 0xc3 in for 0xa1
01-08 06:02:11.395 3070 3070 E ArmVmp : Match on catch block at 0xc3 in for 0xa5
01-08 06:02:11.421 3070 3070 E ArmVmp : Match on catch block at 0xc3 in for 0xa5
01-08 06:02:11.428 3070 3070 E ArmVmp : Match on catch block at 0xc3 in for 0xa9
01-08 06:02:11.486 3070 3070 E ArmVmp : Match on catch block at 0xc3 in for 0xa9
01-08 06:02:11.493 3070 3070 E ArmVmp : Match on catch block at 0xc3 in for 0xa1
01-08 06:02:11.518 3070 3070 E ArmVmp : Match on catch block at 0xc3 in for 0xa1
01-08 06:02:11.525 3070 3070 E ArmVmp : Match on catch block at 0xc3 in for 0xa5
01-08 06:02:11.587 3070 3070 E ArmVmp : Match on catch block at 0xc3 in for 0xa5
01-08 06:02:11.594 3070 3070 E ArmVmp : Match on catch block at 0xc3 in for 0xa9
01-08 06:02:11.620 3070 3070 E ArmVmp : Match on catch block at 0xc3 in for 0xa9
01-08 06:02:11.629 3070 3070 E ArmVmp : Match on catch block at 0xc3 in for 0xa1
01-08 06:02:11.654 3070 3070 E ArmVmp : Match on catch block at 0xc3 in for 0xa1
01-08 06:02:11.663 3070 3070 E ArmVmp : Match on catch block at 0xc3 in for 0xa5
01-08 06:02:11.718 3070 3070 E ArmVmp : Match on catch block at 0xc3 in for 0xa5
01-08 06:02:11.728 3070 3070 E ArmVmp : Match on catch block at 0xc3 in for 0xa9
01-08 06:02:11.780 3070 3070 E ArmVmp : Match on catch block at 0xc3 in for 0xa9
01-08 06:02:11.787 3070 3070 E ArmVmp : Match on catch block at 0xc3 in for 0xa1
01-08 06:02:11.814 3070 3070 E ArmVmp : Match on catch block at 0xc3 in for 0xa1
01-08 06:02:11.823 3070 3070 E ArmVmp : Match on catch block at 0xc3 in for 0xa5
01-08 06:02:11.860 3070 3070 E ArmVmp : Match on catch block at 0xc3 in for 0xa5
01-08 06:02:11.867 3070 3070 E ArmVmp : Match on catch block at 0xc3 in for 0xa9
01-08 06:02:11.925 3070 3070 E ArmVmp : Match on catch block at 0xc3 in for 0xa9
01-08 06:02:11.933 3070 3070 E ArmVmp : Match on catch block at 0xc3 in for 0xa1
01-08 06:02:11.997 3070 3070 E ArmVmp : Match on catch block at 0xc3 in for 0xa1
01-08 06:02:12.010 3070 3070 E ArmVmp : Match on catch block at 0xc3 in for 0xa5
01-08 06:02:12.044 3070 3070 E ArmVmp : Match on catch block at 0xc3 in for 0xa5
01-08 06:02:12.053 3070 3070 E ArmVmp : Match on catch block at 0xc3 in for 0xa9
01-08 06:02:12.084 3070 3070 E ArmVmp : Match on catch block at 0xc3 in for 0xa9
01-08 06:02:12.094 3070 3070 E ArmVmp : Match on catch block at 0xc3 in for 0xa1
01-08 06:02:12.141 3070 3070 E ArmVmp : Match on catch block at 0xc3 in for 0xa1
01-08 06:02:12.151 3070 3070 E ArmVmp : Match on catch block at 0xc3 in for 0xa5
01-08 06:02:12.173 3070 3070 E ArmVmp : Match on catch block at 0xc3 in for 0xa5
01-08 06:02:12.182 3070 3070 E ArmVmp : Match on catch block at 0xc3 in for 0xa9
01-08 06:02:12.238 3070 3070 E ArmVmp : Match on catch block at 0xc3 in for 0xa9
01-08 06:02:12.247 3070 3070 E ArmVmp : Match on catch block at 0xc3 in for 0xa1
01-08 06:02:12.270 3070 3070 E ArmVmp : Match on catch block at 0xc3 in for 0xa1
01-08 06:02:12.280 3070 3070 E ArmVmp : Match on catch block at 0xc3 in for 0xa5
01-08 06:02:12.335 3070 3070 E ArmVmp : Match on catch block at 0xc3 in for 0xa5
01-08 06:02:12.344 3070 3070 E ArmVmp : Match on catch block at 0xc3 in for 0xa9
01-08 06:02:12.399 3070 3070 E ArmVmp : Match on catch block at 0xc3 in for 0xa9
01-08 06:02:12.408 3070 3070 E ArmVmp : Match on catch block at 0xc3 in for 0xa1
01-08 06:02:12.433 3070 3070 E ArmVmp : Match on catch block at 0xc3 in for 0xa1
01-08 06:02:12.440 3070 3070 E ArmVmp : Match on catch block at 0xc3 in for 0xa5
01-08 06:02:12.464 3070 3070 E ArmVmp : Match on catch block at 0xc3 in for 0xa9
01-08 06:02:12.471 3070 3070 E ArmVmp : Match on catch block at 0xc3 in for 0xa1
01-08 06:02:12.544 3070 3070 E ArmVmp : Match on catch block at 0xc3 in for 0xa1
01-08 06:02:12.551 3070 3070 E ArmVmp : Match on catch block at 0xc3 in for 0xa5
01-08 06:02:12.561 3070 3070 E ArmVmp : Match on catch block at 0xc3 in for 0xa5
01-08 06:02:12.569 3070 3070 E ArmVmp : Match on catch block at 0xc3 in for 0xa9
01-08 06:02:12.580 3070 3070 E ArmVmp : Match on catch block at 0xc3 in for 0xa9
01-08 06:02:12.585 3070 3070 E ArmVmp : Match on catch block at 0xc3 in for 0xa1
01-08 06:02:12.593 3070 3070 E ArmVmp : Match on catch block at 0xc3 in for 0xa1
01-08 06:02:12.602 3070 3070 E ArmVmp : Match on catch block at 0xc3 in for 0xa5
01-08 06:02:12.612 3070 3070 E ArmVmp : Match on catch block at 0xc3 in for 0xa5
01-08 06:02:12.618 3070 3070 E ArmVmp : Match on catch block at 0xc3 in for 0xa9
01-08 06:02:12.627 3070 3070 E ArmVmp : Match on catch block at 0xc3 in for 0xa9
01-08 06:02:12.633 3070 3070 E ArmVmp : Match on catch block at 0xc3 in for 0xa1
01-08 06:02:12.641 3070 3070 E ArmVmp : Match on catch block at 0xc3 in for 0xa1
01-08 06:02:12.646 3070 3070 E ArmVmp : Match on catch block at 0xc3 in for 0xa5
01-08 06:02:12.652 3070 3070 E ArmVmp : Match on catch block at 0x0a in for 0xa1
01-08 06:02:12.657 3070 3070 E ArmVmp : Match on catch block at 0xc3 in for 0xa5
01-08 06:02:12.662 3070 3070 E ArmVmp : Match on catch block at 0xc3 in for 0xa9
01-08 06:02:12.668 3070 3070 E ArmVmp : Match on catch block at 0x0a in for 0xa5
01-08 06:02:12.669 3070 3070 E ArmVmp : Match on catch block at 0x0a in for 0xa5
01-08 06:02:12.674 3070 3070 E ArmVmp : Match on catch block at 0xc3 in for 0xa9
01-08 06:02:12.682 3070 3070 E ArmVmp : Match on catch block at 0xc3 in for 0xa1
01-08 06:02:12.687 3070 3070 E ArmVmp : Match on catch block at 0x0a in for 0xa9
01-08 06:02:12.691 3070 3070 E ArmVmp : Match on catch block at 0xc3 in for 0xa1
01-08 06:02:12.699 3070 3070 E ArmVmp : Match on catch block at 0xc3 in for 0xa5
01-08 06:02:12.708 3070 3070 E ArmVmp : Match on catch block at 0xc3 in for 0xa5
01-08 06:02:12.717 3070 3070 E ArmVmp : Match on catch block at 0xc3 in for 0xa9
01-08 06:02:12.725 3070 3070 E ArmVmp : Match on catch block at 0xc3 in for 0xa9
01-08 06:02:12.730 3070 3070 E ArmVmp : Match on catch block at 0xc3 in for 0xa1
01-08 06:02:12.738 3070 3070 E ArmVmp : Match on catch block at 0xc3 in for 0xa1
01-08 06:02:12.743 3070 3070 E ArmVmp : Match on catch block at 0xc3 in for 0xa5
01-08 06:02:12.755 3070 3070 E ArmVmp : Match on catch block at 0xc3 in for 0xa5
01-08 06:02:12.760 3070 3070 E ArmVmp : Match on catch block at 0xc3 in for 0xa9
01-08 06:02:12.771 3070 3070 E ArmVmp : Match on catch block at 0xc3 in for 0xa9
01-08 06:02:12.777 3070 3070 E ArmVmp : Match on catch block at 0xc3 in for 0xa1
01-08 06:02:12.788 3070 3070 E ArmVmp : Match on catch block at 0xc3 in for 0xa1
01-08 06:02:12.796 3070 3070 E ArmVmp : Match on catch block at 0xc3 in for 0xa5
01-08 06:02:12.804 3070 3070 E ArmVmp : Match on catch block at 0xc3 in for 0xa5
01-08 06:02:12.809 3070 3070 E ArmVmp : Match on catch block at 0xc3 in for 0xa9
01-08 06:02:12.814 3070 3070 E ArmVmp : Match on catch block at 0x0a in for 0xa5
01-08 06:02:12.820 3070 3070 E ArmVmp : Match on catch block at 0xc3 in for 0xa9
01-08 06:02:12.825 3070 3070 E ArmVmp : Match on catch block at 0xc3 in for 0xa1
01-08 06:02:12.831 3070 3070 E ArmVmp : Match on catch block at 0x0a in for 0xa9
01-08 06:02:12.837 3070 3070 E ArmVmp : Match on catch block at 0xc3 in for 0xa1
01-08 06:02:12.842 3070 3070 E ArmVmp : Match on catch block at 0xc3 in for 0xa5
01-08 06:02:12.853 3070 3070 E ArmVmp : Match on catch block at 0xc3 in for 0xa5
01-08 06:02:12.861 3070 3070 E ArmVmp : Match on catch block at 0xc3 in for 0xa9
01-08 06:02:12.870 3070 3070 E ArmVmp : Match on catch block at 0xc3 in for 0xa9
01-08 06:02:12.875 3070 3070 E ArmVmp : Match on catch block at 0xc3 in for 0xa1
01-08 06:02:12.885 3070 3070 E ArmVmp : Match on catch block at 0xc3 in for 0xa1
01-08 06:02:12.890 3070 3070 E ArmVmp : Match on catch block at 0xc3 in for 0xa5
01-08 06:02:12.896 3070 3070 E ArmVmp : Match on catch block at 0x0a in for 0xa1
01-08 06:02:12.901 3070 3070 E ArmVmp : Match on catch block at 0xc3 in for 0xa5
01-08 06:02:12.905 3070 3070 E ArmVmp : Match on catch block at 0xc3 in for 0xa9
01-08 06:02:12.912 3070 3070 E ArmVmp : Match on catch block at 0x0a in for 0xa5
01-08 06:02:12.917 3070 3070 E ArmVmp : Match on catch block at 0xc3 in for 0xa9
01-08 06:02:12.925 3070 3070 E ArmVmp : Match on catch block at 0xc3 in for 0xa1
01-08 06:02:12.935 3070 3070 E ArmVmp : Match on catch block at 0xc3 in for 0xa1
01-08 06:02:12.940 3070 3070 E ArmVmp : Match on catch block at 0xc3 in for 0xa5
01-08 06:02:12.950 3070 3070 E ArmVmp : Match on catch block at 0xc3 in for 0xa5
01-08 06:02:12.955 3070 3070 E ArmVmp : Match on catch block at 0xc3 in for 0xa9
01-08 06:02:12.965 3070 3070 E ArmVmp : Match on catch block at 0xc3 in for 0xa9
01-08 06:02:12.973 3070 3070 E ArmVmp : Match on catch block at 0xc3 in for 0xa1
01-08 06:02:12.982 3070 3070 E ArmVmp : Match on catch block at 0xc3 in for 0xa1
01-08 06:02:12.989 3070 3070 E ArmVmp : Match on catch block at 0xc3 in for 0xa5
01-08 06:02:12.998 3070 3070 E ArmVmp : Match on catch block at 0xc3 in for 0xa5
01-08 06:02:13.006 3070 3070 E ArmVmp : Match on catch block at 0xc3 in for 0xa9
01-08 06:02:13.020 3070 3070 E ArmVmp : Match on catch block at 0xc3 in for 0xa9
01-08 06:02:13.025 3070 3070 E ArmVmp : Match on catch block at 0xc3 in for 0xa1
01-08 06:02:13.034 3070 3070 E ArmVmp : Match on catch block at 0xc3 in for 0xa1
01-08 06:02:13.039 3070 3070 E ArmVmp : Match on catch block at 0xc3 in for 0xa5
01-08 06:02:13.045 3070 3070 E ArmVmp : Match on catch block at 0xc3 in for 0xa5
01-08 06:02:13.051 3070 3070 E ArmVmp : Match on catch block at 0xc3 in for 0xa9
01-08 06:02:13.062 3070 3070 E ArmVmp : Match on catch block at 0xc3 in for 0xa9
01-08 06:02:13.068 3070 3070 E ArmVmp : Match on catch block at 0xc3 in for 0xa1
01-08 06:02:13.079 3070 3070 E ArmVmp : Match on catch block at 0xc3 in for 0xa1
01-08 06:02:13.084 3070 3070 E ArmVmp : Match on catch block at 0xc3 in for 0xa5
01-08 06:02:13.144 3070 3070 E ArmVmp : Match on catch block at 0xc3 in for 0xa5
01-08 06:02:13.149 3070 3070 E ArmVmp : Match on catch block at 0xc3 in for 0xa9
01-08 06:02:13.163 3070 3070 E ArmVmp : Match on catch block at 0xc3 in for 0xa9
01-08 06:02:13.170 3070 3070 E ArmVmp : Match on catch block at 0xc3 in for 0xa1
01-08 06:02:13.240 3070 3070 E ArmVmp : Match on catch block at 0xc3 in for 0xa1
01-08 06:02:13.245 3070 3070 E ArmVmp : Match on catch block at 0xc3 in for 0xa5
01-08 06:02:13.304 3070 3070 E ArmVmp : Match on catch block at 0xc3 in for 0xa5
01-08 06:02:13.308 3070 3070 E ArmVmp : Match on catch block at 0xc3 in for 0xa9
01-08 06:02:13.369 3070 3070 E ArmVmp : Match on catch block at 0xc3 in for 0xa9
01-08 06:02:13.373 3070 3070 E ArmVmp : Match on catch block at 0xc3 in for 0xa1
01-08 06:02:13.434 3070 3070 E ArmVmp : Match on catch block at 0xc3 in for 0xa1
01-08 06:02:13.439 3070 3070 E ArmVmp : Match on catch block at 0xc3 in for 0xa5
01-08 06:02:13.499 3070 3070 E ArmVmp : Match on catch block at 0xc3 in for 0xa5
01-08 06:02:13.503 3070 3070 E ArmVmp : Match on catch block at 0xc3 in for 0xa9
01-08 06:02:13.566 3070 3070 E ArmVmp : Match on catch block at 0xc3 in for 0xa9
01-08 06:02:13.574 3070 3070 E ArmVmp : Match on catch block at 0xc3 in for 0xa1
01-08 06:02:13.630 3070 3070 E ArmVmp : Match on catch block at 0xc3 in for 0xa1
01-08 06:02:13.638 3070 3070 E ArmVmp : Match on catch block at 0xc3 in for 0xa5
01-08 06:02:13.699 3070 3070 E ArmVmp : Match on catch block at 0xc3 in for 0xa5
01-08 06:02:13.712 3070 3070 E ArmVmp : Match on catch block at 0xc3 in for 0xa9
01-08 06:02:13.780 3070 3070 E ArmVmp : Match on catch block at 0xc3 in for 0xa9
01-08 06:02:13.796 3070 3070 E ArmVmp : Match on catch block at 0xc3 in for 0xa1
01-08 06:02:13.836 3070 3070 E ArmVmp : Match on catch block at 0xc3 in for 0xa1
01-08 06:02:13.850 3070 3070 E ArmVmp : Match on catch block at 0xc3 in for 0xa5
01-08 06:02:13.876 3070 3070 E ArmVmp : Match on catch block at 0xc3 in for 0xa5
01-08 06:02:13.885 3070 3070 E ArmVmp : Match on catch block at 0xc3 in for 0xa9
01-08 06:02:13.940 3070 3070 E ArmVmp : Match on catch block at 0xc3 in for 0xa9
01-08 06:02:13.947 3070 3070 E ArmVmp : Match on catch block at 0xc3 in for 0xa1
01-08 06:02:13.974 3070 3070 E ArmVmp : Match on catch block at 0xc3 in for 0xa1
01-08 06:02:13.982 3070 3070 E ArmVmp : Match on catch block at 0xc3 in for 0xa5
01-08 06:02:14.004 3070 3070 E ArmVmp : Match on catch block at 0xc3 in for 0xa5
01-08 06:02:14.013 3070 3070 E ArmVmp : Match on catch block at 0xc3 in for 0xa9
01-08 06:02:14.069 3070 3070 E ArmVmp : Match on catch block at 0xc3 in for 0xa9
01-08 06:02:14.076 3070 3070 E ArmVmp : Match on catch block at 0xc3 in for 0xa1
01-08 06:02:14.134 3070 3070 E ArmVmp : Match on catch block at 0xc3 in for 0xa1
01-08 06:02:14.143 3070 3070 E ArmVmp : Match on catch block at 0xc3 in for 0xa5
01-08 06:02:14.217 3070 3070 E ArmVmp : Match on catch block at 0xc3 in for 0xa5
01-08 06:02:14.225 3070 3070 E ArmVmp : Match on catch block at 0xc3 in for 0xa9
01-08 06:02:14.283 3070 3070 E ArmVmp : Match on catch block at 0xc3 in for 0xa9
01-08 06:02:14.296 3070 3070 E ArmVmp : Match on catch block at 0xc3 in for 0xa1
01-08 06:02:14.346 3070 3070 E ArmVmp : Match on catch block at 0xc3 in for 0xa1
01-08 06:02:14.353 3070 3070 E ArmVmp : Match on catch block at 0xc3 in for 0xa5
01-08 06:02:14.411 3070 3070 E ArmVmp : Match on catch block at 0xc3 in for 0xa5
01-08 06:02:14.420 3070 3070 E ArmVmp : Match on catch block at 0xc3 in for 0xa9
01-08 06:02:14.474 3070 3070 E ArmVmp : Match on catch block at 0xc3 in for 0xa9
01-08 06:02:14.482 3070 3070 E ArmVmp : Match on catch block at 0xc3 in for 0xa1
01-08 06:02:14.544 3070 3070 E ArmVmp : Match on catch block at 0xc3 in for 0xa1
01-08 06:02:14.560 3070 3070 E ArmVmp : Match on catch block at 0xc3 in for 0xa5
01-08 06:02:14.610 3070 3070 E ArmVmp : Match on catch block at 0xc3 in for 0xa5
01-08 06:02:14.623 3070 3070 E ArmVmp : Match on catch block at 0xc3 in for 0xa9
01-08 06:02:14.676 3070 3070 E ArmVmp : Match on catch block at 0xc3 in for 0xa9
01-08 06:02:14.691 3070 3070 E ArmVmp : Match on catch block at 0xc3 in for 0xa1
01-08 06:02:14.737 3070 3070 E ArmVmp : Match on catch block at 0xc3 in for 0xa1
01-08 06:02:14.748 3070 3070 E ArmVmp : Match on catch block at 0xc3 in for 0xa5
01-08 06:02:14.820 3070 3070 E ArmVmp : Match on catch block at 0xc3 in for 0xa5
01-08 06:02:14.832 3070 3070 E ArmVmp : Match on catch block at 0xc3 in for 0xa9
01-08 06:02:14.883 3070 3070 E ArmVmp : Match on catch block at 0xc3 in for 0xa9
01-08 06:02:14.889 3070 3070 E ArmVmp : Match on catch block at 0xc3 in for 0xa1
01-08 06:02:14.948 3070 3070 E ArmVmp : Match on catch block at 0xc3 in for 0xa1
01-08 06:02:14.955 3070 3070 E ArmVmp : Match on catch block at 0xc3 in for 0xa5
01-08 06:02:15.012 3070 3070 E ArmVmp : Match on catch block at 0xc3 in for 0xa5
01-08 06:02:15.020 3070 3070 E ArmVmp : Match on catch block at 0xc3 in for 0xa9
01-08 06:02:15.077 3070 3070 E ArmVmp : Match on catch block at 0xc3 in for 0xa9
01-08 06:02:15.084 3070 3070 E ArmVmp : Match on catch block at 0xc3 in for 0xa1
01-08 06:02:15.142 3070 3070 E ArmVmp : Match on catch block at 0xc3 in for 0xa1
01-08 06:02:15.149 3070 3070 E ArmVmp : Match on catch block at 0xc3 in for 0xa5
01-08 06:02:15.206 3070 3070 E ArmVmp : Match on catch block at 0xc3 in for 0xa5
01-08 06:02:15.213 3070 3070 E ArmVmp : Match on catch block at 0xc3 in for 0xa9
01-08 06:02:15.271 3070 3070 E ArmVmp : Match on catch block at 0xc3 in for 0xa9
01-08 06:02:15.278 3070 3070 E ArmVmp : Match on catch block at 0xc3 in for 0xa1
01-08 06:02:15.352 3070 3070 E ArmVmp : Match on catch block at 0xc3 in for 0xa1
01-08 06:02:15.359 3070 3070 E ArmVmp : Match on catch block at 0xc3 in for 0xa5
01-08 06:02:15.418 3070 3070 E ArmVmp : Match on catch block at 0xc3 in for 0xa5
01-08 06:02:15.424 3070 3070 E ArmVmp : Match on catch block at 0xc3 in for 0xa9
01-08 06:02:15.488 3070 3070 E ArmVmp : Match on catch block at 0xc3 in for 0xa9
01-08 06:02:15.505 3070 3070 E ArmVmp : Match on catch block at 0xc3 in for 0xa1
01-08 06:02:15.548 3070 3070 E ArmVmp : Match on catch block at 0xc3 in for 0xa1
01-08 06:02:15.555 3070 3070 E ArmVmp : Match on catch block at 0xc3 in for 0xa5
01-08 06:02:15.611 3070 3070 E ArmVmp : Match on catch block at 0xc3 in for 0xa9
01-08 06:02:15.616 3070 3070 E ArmVmp : Match on catch block at 0xc3 in for 0xa1
01-08 06:02:15.659 3070 3070 E ArmVmp : Match on catch block at 0xc3 in for 0xa1
01-08 06:02:15.663 3070 3070 E ArmVmp : Match on catch block at 0xc3 in for 0xa5
01-08 06:02:15.756 3070 3070 E ArmVmp : Match on catch block at 0xc3 in for 0xa1
01-08 06:02:15.763 3070 3070 E ArmVmp : Match on catch block at 0xc3 in for 0xa5
01-08 06:02:15.812 3070 3070 E ArmVmp : Match on catch block at 0xc3 in for 0xb1
01-08 06:02:15.909 3070 3070 E ArmVmp : Match on catch block at 0xc3 in for 0xa5
01-08 06:02:15.914 3070 3070 E ArmVmp : Match on catch block at 0xc3 in for 0xa9
01-08 06:02:15.951 3070 3070 E ArmVmp : Match on catch block at 0xc3 in for 0xa1
01-08 06:02:15.975 3070 3070 E ArmVmp : Match on catch block at 0xc3 in for 0xa9
01-08 06:02:15.980 3070 3070 E ArmVmp : Match on catch block at 0xc3 in for 0xa1
01-08 06:02:16.017 3070 3070 E ArmVmp : Match on catch block at 0xc3 in for 0xa5
01-08 06:02:16.048 3070 3070 E ArmVmp : Match on catch block at 0xc3 in for 0xa9
01-08 06:02:16.058 3070 3070 E ArmVmp : Match on catch block at 0xc3 in for 0xa1
01-08 06:02:16.097 3070 3070 E ArmVmp : Match on catch block at 0xc3 in for 0xa5
01-08 06:02:16.128 3070 3070 E ArmVmp : Match on catch block at 0xc3 in for 0xa9
01-08 06:02:16.135 3070 3070 E ArmVmp : Match on catch block at 0xc3 in for 0xa1
01-08 06:02:16.171 3070 3070 E ArmVmp : Match on catch block at 0xc3 in for 0xa5
01-08 06:02:16.209 3070 3070 E ArmVmp : Match on catch block at 0xc3 in for 0xa9
01-08 06:02:16.214 3070 3070 E ArmVmp : Match on catch block at 0xc3 in for 0xa1
01-08 06:02:16.252 3070 3070 E ArmVmp : Match on catch block at 0xc3 in for 0xa5
01-08 06:02:16.292 3070 3070 E ArmVmp : Match on catch block at 0xc3 in for 0xa9
01-08 06:02:16.297 3070 3070 E ArmVmp : Match on catch block at 0xc3 in for 0xa1
01-08 06:02:16.331 3070 3070 E ArmVmp : Match on catch block at 0xc3 in for 0xa5
01-08 06:02:16.372 3070 3070 E ArmVmp : Match on catch block at 0xc3 in for 0xa9
01-08 06:02:16.378 3070 3070 E ArmVmp : Match on catch block at 0xc3 in for 0xa1
01-08 06:02:16.411 3070 3070 E ArmVmp : Match on catch block at 0xc3 in for 0xa5
01-08 06:02:16.454 3070 3070 E ArmVmp : Match on catch block at 0xc3 in for 0xa9
01-08 06:02:16.460 3070 3070 E ArmVmp : Match on catch block at 0xc3 in for 0xa1
01-08 06:02:16.495 3070 3070 E ArmVmp : Match on catch block at 0xc3 in for 0xa5
01-08 06:02:16.537 3070 3070 E ArmVmp : Match on catch block at 0xc3 in for 0xa9
01-08 06:02:16.546 3070 3070 E ArmVmp : Match on catch block at 0xc3 in for 0xa1
01-08 06:02:16.587 3070 3070 E ArmVmp : Match on catch block at 0xc3 in for 0xa5
01-08 06:02:16.616 3070 3070 E ArmVmp : Match on catch block at 0xc3 in for 0xa9
01-08 06:02:16.631 3070 3070 E ArmVmp : Match on catch block at 0xc3 in for 0xa1
01-08 06:02:16.664 3070 3070 E ArmVmp : Match on catch block at 0xc3 in for 0xa5
01-08 06:02:16.698 3070 3070 E ArmVmp : Match on catch block at 0xc3 in for 0xa9
01-08 06:02:16.705 3070 3070 E ArmVmp : Match on catch block at 0xc3 in for 0xa1
01-08 06:02:16.743 3070 3070 E ArmVmp : Match on catch block at 0xc3 in for 0xa5
01-08 06:02:16.779 3070 3070 E ArmVmp : Match on catch block at 0xc3 in for 0xa9
01-08 06:02:16.786 3070 3070 E ArmVmp : Match on catch block at 0xc3 in for 0xa1
01-08 06:02:16.826 3070 3070 E ArmVmp : Match on catch block at 0xc3 in for 0xa5
01-08 06:02:16.860 3070 3070 E ArmVmp : Match on catch block at 0xc3 in for 0xa9
01-08 06:02:16.868 3070 3070 E ArmVmp : Match on catch block at 0xc3 in for 0xa1
01-08 06:02:16.901 3070 3070 E ArmVmp : Match on catch block at 0xc3 in for 0xa5
01-08 06:02:16.925 3070 3070 E ArmVmp : Match on catch block at 0xc3 in for 0xa9
01-08 06:02:16.930 3070 3070 E ArmVmp : Match on catch block at 0xc3 in for 0xa1
01-08 06:02:16.963 3070 3070 E ArmVmp : Match on catch block at 0xc3 in for 0xa5
01-08 06:02:17.007 3070 3070 E ArmVmp : Match on catch block at 0xc3 in for 0xa9
01-08 06:02:17.016 3070 3070 E ArmVmp : Match on catch block at 0xc3 in for 0xa1
01-08 06:02:17.050 3070 3070 E ArmVmp : Match on catch block at 0xc3 in for 0xa5
01-08 06:02:17.088 3070 3070 E ArmVmp : Match on catch block at 0xc3 in for 0xa9
01-08 06:02:17.094 3070 3070 E ArmVmp : Match on catch block at 0xc3 in for 0xa1
01-08 06:02:17.128 3070 3070 E ArmVmp : Match on catch block at 0xc3 in for 0xa5
01-08 06:02:17.169 3070 3070 E ArmVmp : Match on catch block at 0xc3 in for 0xa9
01-08 06:02:17.174 3070 3070 E ArmVmp : Match on catch block at 0xc3 in for 0xa1
01-08 06:02:17.208 3070 3070 E ArmVmp : Match on catch block at 0xc3 in for 0xa5
01-08 06:02:17.250 3070 3070 E ArmVmp : Match on catch block at 0xc3 in for 0xa9
01-08 06:02:17.264 3070 3070 E ArmVmp : Match on catch block at 0xc3 in for 0xa1
01-08 06:02:17.298 3070 3070 E ArmVmp : Match on catch block at 0xc3 in for 0xa5
01-08 06:02:17.332 3070 3070 E ArmVmp : Match on catch block at 0xc3 in for 0xa9
01-08 06:02:17.338 3070 3070 E ArmVmp : Match on catch block at 0xc3 in for 0xa1
01-08 06:02:17.372 3070 3070 E ArmVmp : Match on catch block at 0xc3 in for 0xa5
01-08 06:02:17.397 3070 3070 E ArmVmp : Match on catch block at 0xc3 in for 0xa9
01-08 06:02:17.402 3070 3070 E ArmVmp : Match on catch block at 0xc3 in for 0xa1
01-08 06:02:17.435 3070 3070 E ArmVmp : Match on catch block at 0xc3 in for 0xa5
01-08 06:02:17.478 3070 3070 E ArmVmp : Match on catch block at 0xc3 in for 0xa9
01-08 06:02:17.483 3070 3070 E ArmVmp : Match on catch block at 0xc3 in for 0xa1
01-08 06:02:17.516 3070 3070 E ArmVmp : Match on catch block at 0xc3 in for 0xa5
01-08 06:02:17.576 3070 3070 E ArmVmp : Match on catch block at 0xc3 in for 0xa9
01-08 06:02:17.582 3070 3070 E ArmVmp : Match on catch block at 0xc3 in for 0xa1
01-08 06:02:17.616 3070 3070 E ArmVmp : Match on catch block at 0xc3 in for 0xa5
01-08 06:02:17.641 3070 3070 E ArmVmp : Match on catch block at 0xc3 in for 0xa9
01-08 06:02:17.645 3070 3070 E ArmVmp : Match on catch block at 0xc3 in for 0xa1
01-08 06:02:17.680 3070 3070 E ArmVmp : Match on catch block at 0xc3 in for 0xa5
01-08 06:02:17.703 3070 3541 W libEGL : EGLNativeWindowType 0x7d342ca010
disconnect failed
01-08 06:02:17.757 3070 3070 E ArmVmp : Match on catch block at 0xc3 in for 0xa5
01-08 06:02:17.763 3070 3070 E ArmVmp : Match on catch block at 0xc3 in for 0xa9
01-08 06:02:17.802 3070 3070 E ArmVmp : Match on catch block at 0xc3 in for 0xa1
01-08 06:02:17.882 3070 3070 E ArmVmp : Match on catch block at 0xc3 in for 0xa9
01-08 06:02:17.888 3070 3070 E ArmVmp : Match on catch block at 0xc3 in for 0xa1
01-08 06:02:17.902 3070 3070 E ArmVmp : Match on catch block at 0xc3 in for 0xa1
01-08 06:02:17.908 3070 3070 E ArmVmp : Match on catch block at 0xc3 in for 0xa5
01-08 06:02:17.936 3070 3525 E SQLiteDatabase: Error inserting transferred=0
media_job_uuid=3163f4c2-992c-4e72-85e2-ce20f80fad88 transcoded=1 gif_attribution=0
first_scan_length=0 direct_path=null thumbnail_height_width_ratio=1.0
is_animated_sticker=0 file_hash=BjRaGoMrhV0gaL5Okuup4wvfWq1H3d16z4jDzm1NDlY=
file_path=/data/user/0/com.whatsapp/files/Stickers/BjRaGoMrhV0gaL5Okuup4wvfWq1H3d16
z4jDzm1NDlY=.webp file_size=69890 partial_media_hash=null face_x=0 face_y=0
height=64 trim_to=0 media_key_timestamp=0 message_url=null media_caption=null
trim_from=0 mime_type=image/webp partial_media_enc_hash=null width=64
original_file_hash=null has_streaming_sidecar=0 autotransfer_retry_enabled=1
media_upload_handle=null message_row_id=93663 multicast_id=null enc_file_hash=null
mute_video=0 page_count=0 first_scan_sidecar=null suspicious_content=0
file_length=69890 media_name=BjRaGoMrhV0gaL5Okuup4wvfWq1H3d16z4jDzm1NDlY=.webp
media_duration=0 chat_row_id=437 media_key=null
01-08 06:02:17.936 3070 3525 E SQLiteDatabase:
android.database.sqlite.SQLiteConstraintException: UNIQUE constraint failed:
message_media.message_row_id (code 1555 SQLITE_CONSTRAINT_PRIMARYKEY[1555])
01-08 06:02:17.936 3070 3525 E SQLiteDatabase: at
android.database.sqlite.SQLiteConnection.nativeExecuteForLastInsertedRowId(Native
Method)
01-08 06:02:17.936 3070 3525 E SQLiteDatabase: at
android.database.sqlite.SQLiteConnection.executeForLastInsertedRowId(SQLiteConnecti
on.java:1217)
01-08 06:02:17.936 3070 3525 E SQLiteDatabase: at
android.database.sqlite.SQLiteSession.executeForLastInsertedRowId(SQLiteSession.jav
a:790)
01-08 06:02:17.936 3070 3525 E SQLiteDatabase: at
android.database.sqlite.SQLiteStatement.executeInsert(SQLiteStatement.java:88)
01-08 06:02:17.936 3070 3525 E SQLiteDatabase: at
android.database.sqlite.SQLiteDatabase.insertWithOnConflict(SQLiteDatabase.java:221
9)
01-08 06:02:17.936 3070 3525 E SQLiteDatabase: at
android.database.sqlite.SQLiteDatabase.insert(SQLiteDatabase.java:2088)
01-08 06:02:17.936 3070 3525 E SQLiteDatabase: at X.2tm.A08(Unknown
Source:6)
01-08 06:02:17.936 3070 3525 E SQLiteDatabase: at X.35Y.A07(Unknown
Source:212)
01-08 06:02:17.936 3070 3525 E SQLiteDatabase: at X.3QF.A14(Unknown
Source:470)
01-08 06:02:17.936 3070 3525 E SQLiteDatabase: at X.3gU.run(Unknown
Source:982)
01-08 06:02:17.936 3070 3525 E SQLiteDatabase: at
android.os.Handler.handleCallback(Handler.java:938)
01-08 06:02:17.936 3070 3525 E SQLiteDatabase: at
android.os.Handler.dispatchMessage(Handler.java:99)
01-08 06:02:17.936 3070 3525 E SQLiteDatabase: at
X.0zq.dispatchMessage(Unknown Source:4)
01-08 06:02:17.936 3070 3525 E SQLiteDatabase: at
android.os.Looper.loop(Looper.java:246)
01-08 06:02:17.936 3070 3525 E SQLiteDatabase: at
android.os.HandlerThread.run(HandlerThread.java:67)
01-08 06:02:17.992 3070 3070 E ArmVmp : Match on catch block at 0xc3 in for 0xa1
01-08 06:02:17.998 3070 3070 E ArmVmp : Match on catch block at 0xc3 in for 0xa5
01-08 06:02:18.035 3070 3070 E ArmVmp : Match on catch block at 0xc3 in for 0xa5
01-08 06:02:18.040 3070 3070 E ArmVmp : Match on catch block at 0xc3 in for 0xa9
01-08 06:02:18.074 3070 3070 E ArmVmp : Match on catch block at 0xc3 in for 0xa5
01-08 06:02:18.079 3070 3070 E ArmVmp : Match on catch block at 0xc3 in for 0xa9
01-08 06:02:18.097 3070 3070 E ArmVmp : Match on catch block at 0xc3 in for 0xa1
01-08 06:02:18.104 3070 3070 E ArmVmp : Match on catch block at 0xc3 in for 0xa5
01-08 06:02:18.130 3070 3070 E ArmVmp : Match on catch block at 0xc3 in for 0xa5
01-08 06:02:18.135 3070 3070 E ArmVmp : Match on catch block at 0xc3 in for 0xa9
01-08 06:02:18.146 3070 3070 E ArmVmp : Match on catch block at 0x0a in for 0xa5
01-08 06:02:18.148 3070 3070 E ArmVmp : Match on catch block at 0x0a in for 0xa5
01-08 06:02:18.150 3070 3070 E ArmVmp : Match on catch block at 0x0a in for 0xa5
01-08 06:02:18.152 3070 3070 E ArmVmp : Match on catch block at 0x0a in for 0xa5
01-08 06:02:18.154 3070 3070 E ArmVmp : Match on catch block at 0x0a in for 0xa5
01-08 06:02:18.158 3070 3070 E ArmVmp : Match on catch block at 0x0a in for 0xa5
01-08 06:02:18.160 3070 3070 E ArmVmp : Match on catch block at 0x0a in for 0xa5
01-08 06:02:18.163 3070 3070 E ArmVmp : Match on catch block at 0x0a in for 0xa5
01-08 06:02:18.166 3070 3070 E ArmVmp : Match on catch block at 0x0a in for 0xa5
01-08 06:02:18.169 3070 3070 E ArmVmp : Match on catch block at 0x0a in for 0xa5
01-08 06:02:18.172 3070 3070 E ArmVmp : Match on catch block at 0x0a in for 0xa5
01-08 06:02:18.174 3070 3070 E ArmVmp : Match on catch block at 0x0a in for 0xa5
01-08 06:02:18.179 3070 3070 E ArmVmp : Match on catch block at 0xc3 in for 0xa9
01-08 06:02:18.183 3070 3070 E ArmVmp : Match on catch block at 0xc3 in for 0xa1
01-08 06:02:18.195 3070 3070 E ArmVmp : Match on catch block at 0xc3 in for 0xa1
01-08 06:02:18.200 3070 3070 E ArmVmp : Match on catch block at 0xc3 in for 0xa5
01-08 06:02:18.216 3070 3070 E ArmVmp : Match on catch block at 0xc3 in for 0xa5
01-08 06:02:18.221 3070 3070 E ArmVmp : Match on catch block at 0xc3 in for 0xa9
01-08 06:02:18.238 3070 3070 E ArmVmp : Match on catch block at 0xc3 in for 0xa9
01-08 06:02:18.242 3070 3070 E ArmVmp : Match on catch block at 0xc3 in for 0xa1
01-08 06:02:18.260 3070 3070 E ArmVmp : Match on catch block at 0xc3 in for 0xa1
01-08 06:02:18.266 3070 3070 E ArmVmp : Match on catch block at 0xc3 in for 0xa5
01-08 06:02:18.283 3070 3070 E ArmVmp : Match on catch block at 0xc3 in for 0xa5
01-08 06:02:18.289 3070 3070 E ArmVmp : Match on catch block at 0xc3 in for 0xa9
01-08 06:02:18.298 3070 3070 E ArmVmp : Match on catch block at 0xc3 in for 0xa9
01-08 06:02:18.305 3070 3070 E ArmVmp : Match on catch block at 0xc3 in for 0xa1
01-08 06:02:18.314 3070 3070 E ArmVmp : Match on catch block at 0xc3 in for 0xa1
01-08 06:02:18.318 3070 3070 E ArmVmp : Match on catch block at 0xc3 in for 0xa5
01-08 06:02:18.326 3070 3070 E ArmVmp : Match on catch block at 0xc3 in for 0xa5
01-08 06:02:18.330 3070 3070 E ArmVmp : Match on catch block at 0xc3 in for 0xa9
01-08 06:02:18.341 3070 3070 E ArmVmp : Match on catch block at 0xc3 in for 0xa9
01-08 06:02:18.346 3070 3070 E ArmVmp : Match on catch block at 0xc3 in for 0xa1
01-08 06:02:18.356 3070 3070 E ArmVmp : Match on catch block at 0xc3 in for 0xa1
01-08 06:02:18.361 3070 3070 E ArmVmp : Match on catch block at 0xc3 in for 0xa5
01-08 06:02:18.372 3070 3070 E ArmVmp : Match on catch block at 0xc3 in for 0xa5
01-08 06:02:18.377 3070 3070 E ArmVmp : Match on catch block at 0xc3 in for 0xa9
01-08 06:02:18.389 3070 3070 E ArmVmp : Match on catch block at 0xc3 in for 0xa9
01-08 06:02:18.394 3070 3070 E ArmVmp : Match on catch block at 0xc3 in for 0xa1
01-08 06:02:18.405 3070 3070 E ArmVmp : Match on catch block at 0xc3 in for 0xa1
01-08 06:02:18.411 3070 3070 E ArmVmp : Match on catch block at 0xc3 in for 0xa5
01-08 06:02:18.421 3070 3070 E ArmVmp : Match on catch block at 0xc3 in for 0xa5
01-08 06:02:18.428 3070 3070 E ArmVmp : Match on catch block at 0xc3 in for 0xa9
01-08 06:02:18.437 3070 3070 E ArmVmp : Match on catch block at 0xc3 in for 0xa9
01-08 06:02:18.443 3070 3070 E ArmVmp : Match on catch block at 0xc3 in for 0xa1
01-08 06:02:18.453 3070 3070 E ArmVmp : Match on catch block at 0xc3 in for 0xa1
01-08 06:02:18.459 3070 3070 E ArmVmp : Match on catch block at 0xc3 in for 0xa5
01-08 06:02:18.470 3070 3070 E ArmVmp : Match on catch block at 0xc3 in for 0xa5
01-08 06:02:18.476 3070 3070 E ArmVmp : Match on catch block at 0xc3 in for 0xa9
01-08 06:02:18.486 3070 3070 E ArmVmp : Match on catch block at 0xc3 in for 0xa9
01-08 06:02:18.492 3070 3070 E ArmVmp : Match on catch block at 0xc3 in for 0xa1
01-08 06:02:18.506 3070 3070 E ArmVmp : Match on catch block at 0xc3 in for 0xa1
01-08 06:02:18.513 3070 3070 E ArmVmp : Match on catch block at 0xc3 in for 0xa5
01-08 06:02:18.522 3070 3070 E ArmVmp : Match on catch block at 0xc3 in for 0xa5
01-08 06:02:18.528 3070 3070 E ArmVmp : Match on catch block at 0xc3 in for 0xa9
01-08 06:02:18.536 3070 3070 E ArmVmp : Match on catch block at 0xc3 in for 0xa9
01-08 06:02:18.542 3070 3070 E ArmVmp : Match on catch block at 0xc3 in for 0xa1
01-08 06:02:18.551 3070 3070 E ArmVmp : Match on catch block at 0xc3 in for 0xa1
01-08 06:02:18.556 3070 3070 E ArmVmp : Match on catch block at 0xc3 in for 0xa5
01-08 06:02:18.567 3070 3070 E ArmVmp : Match on catch block at 0xc3 in for 0xa5
01-08 06:02:18.573 3070 3070 E ArmVmp : Match on catch block at 0xc3 in for 0xa9
01-08 06:02:18.583 3070 3070 E ArmVmp : Match on catch block at 0xc3 in for 0xa9
01-08 06:02:18.588 3070 3070 E ArmVmp : Match on catch block at 0xc3 in for 0xa1
01-08 06:02:18.600 3070 3070 E ArmVmp : Match on catch block at 0xc3 in for 0xa1
01-08 06:02:18.605 3070 3070 E ArmVmp : Match on catch block at 0xc3 in for 0xa5
01-08 06:02:18.717 3070 3070 E ArmVmp : Match on catch block at 0xc3 in for 0xa5
01-08 06:02:18.728 3070 3070 E ArmVmp : Match on catch block at 0xc3 in for 0xa9
01-08 06:02:18.813 3070 3070 E ArmVmp : Match on catch block at 0xc3 in for 0xa9
01-08 06:02:18.828 3070 3070 E ArmVmp : Match on catch block at 0xc3 in for 0xa1
01-08 06:02:18.909 3070 3070 E ArmVmp : Match on catch block at 0xc3 in for 0xa5
01-08 06:02:18.919 3070 3070 E ArmVmp : Match on catch block at 0xc3 in for 0xa9
01-08 06:02:18.933 3070 3525 E SQLiteDatabase: Error inserting transferred=1
media_job_uuid=3163f4c2-992c-4e72-85e2-ce20f80fad88 transcoded=1 gif_attribution=0
first_scan_length=0 direct_path=/v/t62.15575-
24/17617723_882373897008354_6435072936896899563_n.enc?ccb=11-
4&oh=01_AdRjyLsut5r9fQJglflZ5TKNM8O0-ag-382jYDxDmzVOLQ&oe=65C317CF&_nc_sid=5e03e0
thumbnail_height_width_ratio=1.0 is_animated_sticker=0
file_hash=BjRaGoMrhV0gaL5Okuup4wvfWq1H3d16z4jDzm1NDlY= file_path=Media/WhatsApp
Stickers/STK-20231229-WA0033.webp file_size=69890 partial_media_hash=null face_x=0
face_y=0 height=64 trim_to=0 media_key_timestamp=1704704537930
message_url=https://mmg.whatsapp.net/v/t62.15575-
24/17617723_882373897008354_6435072936896899563_n.enc?ccb=11-
4&oh=01_AdRjyLsut5r9fQJglflZ5TKNM8O0-ag-
382jYDxDmzVOLQ&oe=65C317CF&_nc_sid=5e03e0&mms3=true media_caption=null trim_from=0
mime_type=image/webp partial_media_enc_hash=null width=64 original_file_hash=null
has_streaming_sidecar=0 autotransfer_retry_enabled=0 media_upload_handle=null
message_row_id=93663 multicast_id=null
enc_file_hash=RZpXfrXysvytUnm55EoU95LKFfEd439NNlRHjFLgLG0= mute_video=0
page_count=0 first_scan_sidecar=null suspicious_content=0 file_length=69890
media_name=BjRaGoMrhV0gaL5Okuup4wvfWq1H3d16z4jDzm1NDlY=.webp media_duration=0
chat_row_id=437 media_key=[B@c510440
01-08 06:02:18.933 3070 3525 E SQLiteDatabase:
android.database.sqlite.SQLiteConstraintException: UNIQUE constraint failed:
message_media.message_row_id (code 1555 SQLITE_CONSTRAINT_PRIMARYKEY[1555])
01-08 06:02:18.933 3070 3525 E SQLiteDatabase: at
android.database.sqlite.SQLiteConnection.nativeExecuteForLastInsertedRowId(Native
Method)
01-08 06:02:18.933 3070 3525 E SQLiteDatabase: at
android.database.sqlite.SQLiteConnection.executeForLastInsertedRowId(SQLiteConnecti
on.java:1217)
01-08 06:02:18.933 3070 3525 E SQLiteDatabase: at
android.database.sqlite.SQLiteSession.executeForLastInsertedRowId(SQLiteSession.jav
a:790)
01-08 06:02:18.933 3070 3525 E SQLiteDatabase: at
android.database.sqlite.SQLiteStatement.executeInsert(SQLiteStatement.java:88)
01-08 06:02:18.933 3070 3525 E SQLiteDatabase: at
android.database.sqlite.SQLiteDatabase.insertWithOnConflict(SQLiteDatabase.java:221
9)
01-08 06:02:18.933 3070 3525 E SQLiteDatabase: at
android.database.sqlite.SQLiteDatabase.insert(SQLiteDatabase.java:2088)
01-08 06:02:18.933 3070 3525 E SQLiteDatabase: at X.2tm.A08(Unknown
Source:6)
01-08 06:02:18.933 3070 3525 E SQLiteDatabase: at X.35Y.A07(Unknown
Source:212)
01-08 06:02:18.933 3070 3525 E SQLiteDatabase: at X.3QF.A14(Unknown
Source:470)
01-08 06:02:18.933 3070 3525 E SQLiteDatabase: at X.3gU.run(Unknown
Source:982)
01-08 06:02:18.933 3070 3525 E SQLiteDatabase: at
android.os.Handler.handleCallback(Handler.java:938)
01-08 06:02:18.933 3070 3525 E SQLiteDatabase: at
android.os.Handler.dispatchMessage(Handler.java:99)
01-08 06:02:18.933 3070 3525 E SQLiteDatabase: at
X.0zq.dispatchMessage(Unknown Source:4)
01-08 06:02:18.933 3070 3525 E SQLiteDatabase: at
android.os.Looper.loop(Looper.java:246)
01-08 06:02:18.933 3070 3525 E SQLiteDatabase: at
android.os.HandlerThread.run(HandlerThread.java:67)
01-08 06:02:19.012 3070 3070 E ArmVmp : Match on catch block at 0xc3 in for 0xa1
01-08 06:02:19.021 3070 3070 E ArmVmp : Match on catch block at 0xc3 in for 0xa5
01-08 06:02:19.034 3070 3070 E ArmVmp : Match on catch block at 0xc3 in for 0xa5
01-08 06:02:19.042 3070 3070 E ArmVmp : Match on catch block at 0xc3 in for 0xa9
01-08 06:02:19.135 3070 3070 E ArmVmp : Match on catch block at 0xc3 in for 0xa1
01-08 06:02:19.143 3070 3070 E ArmVmp : Match on catch block at 0xc3 in for 0xa5
01-08 06:02:19.225 3070 3070 E ArmVmp : Match on catch block at 0xc3 in for 0xa9
01-08 06:02:19.229 3070 3070 E ArmVmp : Match on catch block at 0xc3 in for 0xa1
01-08 06:02:19.264 3070 3070 E ArmVmp : Match on catch block at 0xc3 in for 0xa1
01-08 06:02:19.270 3070 3070 E ArmVmp : Match on catch block at 0xc3 in for 0xa5
01-08 06:02:19.307 3070 3070 E ArmVmp : Match on catch block at 0xc3 in for 0xa5
01-08 06:02:19.311 3070 3070 E ArmVmp : Match on catch block at 0xc3 in for 0xa9
01-08 06:02:19.379 3070 3070 E ArmVmp : Match on catch block at 0xc3 in for 0xa9
01-08 06:02:19.385 3070 3070 E ArmVmp : Match on catch block at 0xc3 in for 0xa1
01-08 06:02:19.404 3070 5960 W MediaPlayer: Use of stream types is deprecated for
operations other than volume control
01-08 06:02:19.404 3070 5960 W MediaPlayer: See the documentation of
setAudioStreamType() for what to use instead with android.media.AudioAttributes to
qualify your playback use case
01-08 06:02:19.429 3070 3070 E ArmVmp : Match on catch block at 0xc3 in for 0xa1
01-08 06:02:19.434 3070 3070 E ArmVmp : Match on catch block at 0xc3 in for 0xa5
01-08 06:02:19.436 3070 3582 W MediaPlayerNative: info/warning (10973, 0)
01-08 06:02:19.479 3070 3070 E ArmVmp : Match on catch block at 0xc3 in for 0xa9
01-08 06:02:19.485 3070 3070 E ArmVmp : Match on catch block at 0xc3 in for 0xa1
01-08 06:02:19.527 3070 3070 E ArmVmp : Match on catch block at 0xc3 in for 0xa1
01-08 06:02:19.532 3070 3070 E ArmVmp : Match on catch block at 0xc3 in for 0xa5
01-08 06:02:19.552 3070 3070 E ArmVmp : Match on catch block at 0xc3 in for 0xa9
01-08 06:02:19.559 3070 3070 E ArmVmp : Match on catch block at 0xc3 in for 0xa1
01-08 06:02:19.575 3070 3070 E ArmVmp : Match on catch block at 0xc3 in for 0xa1
01-08 06:02:19.579 3070 3070 E ArmVmp : Match on catch block at 0xc3 in for 0xa5
01-08 06:02:20.131 3070 3070 E ArmVmp : Match on catch block at 0xc3 in for 0xa5
01-08 06:02:20.137 3070 3070 E ArmVmp : Match on catch block at 0xc3 in for 0xa9
01-08 06:02:20.190 3070 3070 E ArmVmp : Match on catch block at 0xc3 in for 0xa1
01-08 06:02:20.196 3070 3070 E ArmVmp : Match on catch block at 0xc3 in for 0xa5
01-08 06:02:20.457 3070 3541 W libEGL : EGLNativeWindowType 0x7d21c8d010
disconnect failed
01-08 06:02:20.470 3070 3070 E ArmVmp : Match on catch block at 0xc3 in for 0xa9
01-08 06:02:20.474 3070 3070 E ArmVmp : Match on catch block at 0xc3 in for 0xa1
01-08 06:02:38.071 3070 3541 W libEGL : EGLNativeWindowType 0x7d53dc2010
disconnect failed
01-08 06:02:40.388 3070 3541 E FrameEvents: updateAcquireFence: Did not find
frame.
01-08 06:02:40.389 3070 3541 E BufferQueueProducer: [ImageReader-136x136f1u256m2-
3070-0](id:bfe00000008,api:0,p:-1,c:3070) disconnect: not connected (req=1)
01-08 06:02:40.390 3070 3541 W libEGL : EGLNativeWindowType 0x7d68fce010
disconnect failed
01-08 06:02:40.992 3070 3541 W libEGL : EGLNativeWindowType 0x7d5402c010
disconnect failed
01-08 06:02:43.733 3070 3070 E ArmVmp : Match on catch block at 0x0a in for 0xc5
01-08 06:02:43.738 3070 3070 E ArmVmp : Match on catch block at 0x0a in for 0xc1
01-08 06:02:44.215 3070 3070 E ArmVmp : Match on catch block at 0xc3 in for 0xb5
01-08 06:02:44.219 3070 3070 E ArmVmp : Match on catch block at 0xc3 in for 0xb5
01-08 06:02:44.223 3070 3070 E ArmVmp : Match on catch block at 0xc3 in for 0xb5
01-08 06:02:44.288 3070 3070 E ArmVmp : Match on catch block at 0xc3 in for 0xa9
01-08 06:02:44.294 3070 3070 E ArmVmp : Match on catch block at 0xc3 in for 0xa1
01-08 06:02:44.297 3070 3070 E ArmVmp : Match on catch block at 0xc3 in for 0xa1
01-08 06:02:44.368 3070 3070 E ArmVmp : Match on catch block at 0xc3 in for 0xa1
01-08 06:02:44.373 3070 3070 E ArmVmp : Match on catch block at 0xc3 in for 0xa5
01-08 06:02:44.378 3070 3070 E ArmVmp : Match on catch block at 0xc3 in for 0xa5
01-08 06:02:44.461 3070 3070 E ArmVmp : Match on catch block at 0xc3 in for 0xa9
01-08 06:02:44.465 3070 3070 E ArmVmp : Match on catch block at 0xc3 in for 0xa1
01-08 06:02:44.468 3070 3070 E ArmVmp : Match on catch block at 0xc3 in for 0xa1
01-08 06:02:44.487 3070 3070 E ArmVmp : Match on catch block at 0xc3 in for 0xa9
01-08 06:02:44.493 3070 3070 E ArmVmp : Match on catch block at 0xc3 in for 0xa1
01-08 06:02:44.497 3070 3070 E ArmVmp : Match on catch block at 0xc3 in for 0xa1
01-08 06:02:44.597 3070 3070 E ArmVmp : Match on catch block at 0xc3 in for 0xa9
01-08 06:02:44.602 3070 3070 E ArmVmp : Match on catch block at 0xc3 in for 0xa1
01-08 06:02:44.605 3070 3070 E ArmVmp : Match on catch block at 0xc3 in for 0xa1
01-08 06:02:44.615 3070 3070 E ArmVmp : Match on catch block at 0xc3 in for 0xa5
01-08 06:02:44.623 3070 3070 E ArmVmp : Match on catch block at 0xc3 in for 0xa9
01-08 06:02:44.627 3070 3070 E ArmVmp : Match on catch block at 0xc3 in for 0xa9
