01-08 05:58:58.519 3070 3070 E ArmVmp : Match on catch block at 0xc3 in for 0xa5
01-08 05:58:58.529 3070 3070 E ArmVmp : Match on catch block at 0xc3 in for 0xa5
01-08 05:58:58.534 3070 3070 E ArmVmp : Match on catch block at 0xc3 in for 0xa9
01-08 05:58:58.545 3070 3070 E ArmVmp : Match on catch block at 0xc3 in for 0xa9
01-08 05:58:58.550 3070 3070 E ArmVmp : Match on catch block at 0xc3 in for 0xa1
01-08 05:58:58.561 3070 3070 E ArmVmp : Match on catch block at 0xc3 in for 0xa1
01-08 05:58:58.565 3070 3070 E ArmVmp : Match on catch block at 0xc3 in for 0xa5
01-08 05:58:58.834 3070 3070 E ArmVmp : Match on catch block at 0xc3 in for 0xa1
01-08 05:58:58.839 3070 3070 E ArmVmp : Match on catch block at 0xc3 in for 0xa5
01-08 05:58:59.294 3070 3070 E ArmVmp : Match on catch block at 0xc3 in for 0xa1
01-08 05:58:59.301 3070 3070 E ArmVmp : Match on catch block at 0xc3 in for 0xa5
01-08 05:58:59.582 3070 3541 W libEGL : EGLNativeWindowType 0x7d48d12010
disconnect failed
01-08 05:58:59.596 3070 3070 E ArmVmp : Match on catch block at 0xc3 in for 0xa5
01-08 05:58:59.601 3070 3070 E ArmVmp : Match on catch block at 0xc3 in for 0xa9
01-08 05:59:00.315 3070 3070 E ArmVmp : Match on catch block at 0x0a in for
0x175
01-08 05:59:00.478 3070 3541 W libEGL : EGLNativeWindowType 0x7d68a67010
disconnect failed
01-08 05:59:02.031 3070 3541 W libEGL : EGLNativeWindowType 0x7d68a67010
disconnect failed
01-08 05:59:02.144 3070 3541 W libEGL : EGLNativeWindowType 0x7d68a67010
disconnect failed
01-08 05:59:03.417 3070 3070 W Choreographer: Frame time is 0.042301 ms in the
future! Check that graphics HAL is generating vsync timestamps using the correct
timebase.
01-08 05:59:03.484 3070 3541 W libEGL : EGLNativeWindowType 0x7d68e7a010
disconnect failed
01-08 05:59:08.715 3070 3541 W libEGL : EGLNativeWindowType 0x7d53b03010
disconnect failed
01-08 05:59:08.751 3070 3541 W libEGL : EGLNativeWindowType 0x7d53dfc010
disconnect failed
01-08 05:59:09.569 3070 3541 W libEGL : EGLNativeWindowType 0x7d48e03010
disconnect failed
01-08 05:59:11.320 3070 3541 W libEGL : EGLNativeWindowType 0x7d53b03010
disconnect failed
01-08 05:59:11.350 3070 3541 W libEGL : EGLNativeWindowType 0x7d53dfc010
disconnect failed
01-08 05:59:11.480 3070 3541 W libEGL : EGLNativeWindowType 0x7d48e03010
disconnect failed
01-08 05:59:13.584 3070 3541 W libEGL : EGLNativeWindowType 0x7d68a67010
disconnect failed
01-08 05:59:13.741 3070 3541 W libEGL : EGLNativeWindowType 0x7d68a67010
disconnect failed
01-08 05:59:13.861 3070 3070 W IInputConnectionWrapper: requestCursorAnchorInfo
on inactive InputConnection
01-08 05:59:15.104 3070 3541 W libEGL : EGLNativeWindowType 0x7d68a67010
disconnect failed
01-08 05:59:15.659 3070 3493 W System : A resource failed to call release.
01-08 05:59:15.659 3070 3493 W System : A resource failed to call release.
01-08 05:59:15.671 3070 3493 W System : A resource failed to call release.
01-08 05:59:15.671 3070 3493 W System : A resource failed to call release.
01-08 05:59:15.671 3070 3493 W System : A resource failed to call release.
01-08 05:59:16.325 3070 3070 E ArmVmp : Match on catch block at 0x0a in for 0xc5
01-08 05:59:16.330 3070 3070 E ArmVmp : Match on catch block at 0x0a in for 0xc1
01-08 05:59:16.634 3070 3070 E ArmVmp : Match on catch block at 0xc3 in for 0xb9
01-08 05:59:16.639 3070 3070 E ArmVmp : Match on catch block at 0xc3 in for 0xb9
01-08 05:59:16.697 3070 3541 W libEGL : EGLNativeWindowType 0x7d68e7a010
disconnect failed
01-08 05:59:16.790 3070 3070 E ArmVmp : Match on catch block at 0xc3 in for 0xa5
01-08 05:59:16.794 3070 3070 E ArmVmp : Match on catch block at 0xc3 in for 0xa9
01-08 05:59:16.833 3070 3070 E ArmVmp : Match on catch block at 0xc3 in for 0xa1
01-08 05:59:16.838 3070 3070 E ArmVmp : Match on catch block at 0xc3 in for 0xa5
01-08 05:59:17.247 3070 3070 E ArmVmp : Match on catch block at 0xc3 in for 0xa5
01-08 05:59:17.251 3070 3070 E ArmVmp : Match on catch block at 0xc3 in for 0xa9
01-08 05:59:17.280 3070 3541 W libEGL : EGLNativeWindowType 0x7d53dfc010
disconnect failed
01-08 05:59:17.298 3070 3541 W libEGL : EGLNativeWindowType 0x7d53f55010
disconnect failed
01-08 05:59:17.320 3070 3070 E ArmVmp : Match on catch block at 0xc3 in for 0xa1
01-08 05:59:17.324 3070 3070 E ArmVmp : Match on catch block at 0xc3 in for 0xa5
01-08 05:59:17.339 3070 3070 E ArmVmp : Match on catch block at 0xc3 in for 0xa5
01-08 05:59:17.342 3070 3070 E ArmVmp : Match on catch block at 0xc3 in for 0xa9
01-08 05:59:17.349 3070 3070 E ArmVmp : Match on catch block at 0xc3 in for 0xa9
01-08 05:59:17.352 3070 3070 E ArmVmp : Match on catch block at 0xc3 in for 0xa1
01-08 05:59:17.365 3070 3070 E ArmVmp : Match on catch block at 0xc3 in for 0xa1
01-08 05:59:17.368 3070 3070 E ArmVmp : Match on catch block at 0xc3 in for 0xa5
01-08 05:59:17.379 3070 3070 E ArmVmp : Match on catch block at 0xc3 in for 0xa5
01-08 05:59:17.382 3070 3070 E ArmVmp : Match on catch block at 0xc3 in for 0xa9
01-08 05:59:17.404 3070 3070 E ArmVmp : Match on catch block at 0xc3 in for 0xa9
01-08 05:59:17.408 3070 3070 E ArmVmp : Match on catch block at 0xc3 in for 0xa1
01-08 05:59:17.428 3070 3070 E ArmVmp : Match on catch block at 0xc3 in for 0xa1
01-08 05:59:17.431 3070 3070 E ArmVmp : Match on catch block at 0xc3 in for 0xa5
01-08 05:59:17.444 3070 3070 E ArmVmp : Match on catch block at 0xc3 in for 0xa5
01-08 05:59:17.448 3070 3070 E ArmVmp : Match on catch block at 0xc3 in for 0xa9
01-08 05:59:17.460 3070 3070 E ArmVmp : Match on catch block at 0xc3 in for 0xa9
01-08 05:59:17.463 3070 3070 E ArmVmp : Match on catch block at 0xc3 in for 0xa1
01-08 05:59:17.476 3070 3070 E ArmVmp : Match on catch block at 0xc3 in for 0xa1
01-08 05:59:17.480 3070 3070 E ArmVmp : Match on catch block at 0xc3 in for 0xa5
01-08 05:59:17.493 3070 3070 E ArmVmp : Match on catch block at 0xc3 in for 0xa5
01-08 05:59:17.496 3070 3070 E ArmVmp : Match on catch block at 0xc3 in for 0xa9
01-08 05:59:17.509 3070 3070 E ArmVmp : Match on catch block at 0xc3 in for 0xa9
01-08 05:59:17.512 3070 3070 E ArmVmp : Match on catch block at 0xc3 in for 0xa1
01-08 05:59:17.525 3070 3070 E ArmVmp : Match on catch block at 0xc3 in for 0xa1
01-08 05:59:17.529 3070 3070 E ArmVmp : Match on catch block at 0xc3 in for 0xa5
01-08 05:59:17.541 3070 3070 E ArmVmp : Match on catch block at 0xc3 in for 0xa5
01-08 05:59:17.544 3070 3070 E ArmVmp : Match on catch block at 0xc3 in for 0xa9
01-08 05:59:17.558 3070 3070 E ArmVmp : Match on catch block at 0xc3 in for 0xa9
01-08 05:59:17.561 3070 3070 E ArmVmp : Match on catch block at 0xc3 in for 0xa1
01-08 05:59:17.573 3070 3070 E ArmVmp : Match on catch block at 0xc3 in for 0xa1
01-08 05:59:17.577 3070 3070 E ArmVmp : Match on catch block at 0xc3 in for 0xa5
01-08 05:59:17.590 3070 3070 E ArmVmp : Match on catch block at 0xc3 in for 0xa5
01-08 05:59:17.593 3070 3070 E ArmVmp : Match on catch block at 0xc3 in for 0xa9
01-08 05:59:17.606 3070 3070 E ArmVmp : Match on catch block at 0xc3 in for 0xa9
01-08 05:59:17.609 3070 3070 E ArmVmp : Match on catch block at 0xc3 in for 0xa1
01-08 05:59:17.622 3070 3070 E ArmVmp : Match on catch block at 0xc3 in for 0xa1
01-08 05:59:17.625 3070 3070 E ArmVmp : Match on catch block at 0xc3 in for 0xa5
01-08 05:59:17.638 3070 3070 E ArmVmp : Match on catch block at 0xc3 in for 0xa5
01-08 05:59:17.641 3070 3070 E ArmVmp : Match on catch block at 0xc3 in for 0xa9
01-08 05:59:17.719 3070 3070 E ArmVmp : Match on catch block at 0xc3 in for 0xa9
01-08 05:59:17.722 3070 3070 E ArmVmp : Match on catch block at 0xc3 in for 0xa1
01-08 05:59:18.230 3070 3070 E ArmVmp : Match on catch block at 0xc3 in for 0xa1
01-08 05:59:18.245 3070 3070 E ArmVmp : Match on catch block at 0xc3 in for 0xa5
01-08 05:59:18.426 3070 3070 E ArmVmp : Match on catch block at 0xc3 in for 0xa5
01-08 05:59:18.443 3070 3070 E ArmVmp : Match on catch block at 0xc3 in for 0xa9
01-08 05:59:18.464 3070 3070 E ArmVmp : Match on catch block at 0xc3 in for 0xa9
01-08 05:59:18.479 3070 3070 E ArmVmp : Match on catch block at 0xc3 in for 0xa1
01-08 05:59:18.499 3070 3070 E ArmVmp : Match on catch block at 0xc3 in for 0xa1
01-08 05:59:18.512 3070 3070 E ArmVmp : Match on catch block at 0xc3 in for 0xa5
01-08 05:59:18.533 3070 3070 E ArmVmp : Match on catch block at 0xc3 in for 0xa5
01-08 05:59:18.546 3070 3070 E ArmVmp : Match on catch block at 0xc3 in for 0xa9
01-08 05:59:18.561 3070 3070 E ArmVmp : Match on catch block at 0xc3 in for 0xa9
01-08 05:59:18.569 3070 3070 E ArmVmp : Match on catch block at 0xc3 in for 0xa1
01-08 05:59:18.580 3070 3070 E ArmVmp : Match on catch block at 0xc3 in for 0xa1
01-08 05:59:18.586 3070 3070 E ArmVmp : Match on catch block at 0xc3 in for 0xa5
01-08 05:59:18.596 3070 3070 E ArmVmp : Match on catch block at 0xc3 in for 0xa9
01-08 05:59:18.602 3070 3070 E ArmVmp : Match on catch block at 0xc3 in for 0xa1
01-08 05:59:18.611 3070 3070 E ArmVmp : Match on catch block at 0xc3 in for 0xa1
01-08 05:59:18.615 3070 3070 E ArmVmp : Match on catch block at 0xc3 in for 0xa5
01-08 05:59:18.630 3070 3070 E ArmVmp : Match on catch block at 0xc3 in for 0xa5
01-08 05:59:18.636 3070 3070 E ArmVmp : Match on catch block at 0xc3 in for 0xa9
01-08 05:59:18.649 3070 3070 E ArmVmp : Match on catch block at 0xc3 in for 0xa9
01-08 05:59:18.655 3070 3070 E ArmVmp : Match on catch block at 0xc3 in for 0xa1
01-08 05:59:18.663 3070 3070 E ArmVmp : Match on catch block at 0xc3 in for 0xa5
01-08 05:59:18.667 3070 3070 E ArmVmp : Match on catch block at 0xc3 in for 0xa9
01-08 05:59:18.681 3070 3070 E ArmVmp : Match on catch block at 0xc3 in for 0xa9
01-08 05:59:18.684 3070 3070 E ArmVmp : Match on catch block at 0xc3 in for 0xa1
01-08 05:59:18.695 3070 3070 E ArmVmp : Match on catch block at 0xc3 in for 0xa1
01-08 05:59:18.700 3070 3070 E ArmVmp : Match on catch block at 0xc3 in for 0xa5
01-08 05:59:18.729 3070 3070 E ArmVmp : Match on catch block at 0xc3 in for 0xa5
01-08 05:59:18.733 3070 3070 E ArmVmp : Match on catch block at 0xc3 in for 0xa9
01-08 05:59:18.848 3070 3070 E ArmVmp : Match on catch block at 0xc3 in for 0xa9
01-08 05:59:18.851 3070 3070 E ArmVmp : Match on catch block at 0xc3 in for 0xa1
01-08 05:59:18.878 3070 3070 E ArmVmp : Match on catch block at 0xc3 in for 0xa1
01-08 05:59:18.882 3070 3070 E ArmVmp : Match on catch block at 0xc3 in for 0xa5
01-08 05:59:18.910 3070 3070 E ArmVmp : Match on catch block at 0xc3 in for 0xa5
01-08 05:59:18.911 3070 3541 W libEGL : EGLNativeWindowType 0x7d53add010
disconnect failed
01-08 05:59:18.914 3070 3070 E ArmVmp : Match on catch block at 0xc3 in for 0xa9
01-08 05:59:19.228 3070 3070 E ArmVmp : Match on catch block at 0xc3 in for 0xa9
01-08 05:59:19.234 3070 3070 E ArmVmp : Match on catch block at 0xc3 in for 0xa1
01-08 05:59:19.733 3070 3070 E ArmVmp : Match on catch block at 0xc3 in for 0xa9
01-08 05:59:19.740 3070 3070 E ArmVmp : Match on catch block at 0xc3 in for 0xa1
01-08 05:59:20.109 3070 3070 E ArmVmp : Match on catch block at 0xc3 in for 0xa9
01-08 05:59:20.115 3070 3070 E ArmVmp : Match on catch block at 0xc3 in for 0xa1
01-08 05:59:20.149 3070 3070 E ArmVmp : Match on catch block at 0xc3 in for 0xa9
01-08 05:59:20.153 3070 3070 E ArmVmp : Match on catch block at 0xc3 in for 0xa1
01-08 05:59:20.171 3070 3070 E ArmVmp : Match on catch block at 0xc3 in for 0xa1
01-08 05:59:20.176 3070 3070 E ArmVmp : Match on catch block at 0xc3 in for 0xa5
01-08 05:59:20.187 3070 3070 E ArmVmp : Match on catch block at 0xc3 in for 0xa5
01-08 05:59:20.191 3070 3070 E ArmVmp : Match on catch block at 0xc3 in for 0xa9
01-08 05:59:20.202 3070 3070 E ArmVmp : Match on catch block at 0xc3 in for 0xa9
01-08 05:59:20.205 3070 3070 E ArmVmp : Match on catch block at 0xc3 in for 0xa1
01-08 05:59:20.219 3070 3070 E ArmVmp : Match on catch block at 0xc3 in for 0xa1
01-08 05:59:20.223 3070 3070 E ArmVmp : Match on catch block at 0xc3 in for 0xa5
01-08 05:59:20.238 3070 3070 E ArmVmp : Match on catch block at 0xc3 in for 0xa5
01-08 05:59:20.242 3070 3070 E ArmVmp : Match on catch block at 0xc3 in for 0xa9
01-08 05:59:20.253 3070 3070 E ArmVmp : Match on catch block at 0xc3 in for 0xa9
01-08 05:59:20.258 3070 3070 E ArmVmp : Match on catch block at 0xc3 in for 0xa1
01-08 05:59:20.269 3070 3070 E ArmVmp : Match on catch block at 0xc3 in for 0xa1
01-08 05:59:20.272 3070 3070 E ArmVmp : Match on catch block at 0xc3 in for 0xa5
01-08 05:59:20.285 3070 3070 E ArmVmp : Match on catch block at 0xc3 in for 0xa5
01-08 05:59:20.294 3070 3070 E ArmVmp : Match on catch block at 0xc3 in for 0xa9
01-08 05:59:20.302 3070 3070 E ArmVmp : Match on catch block at 0xc3 in for 0xa9
01-08 05:59:20.307 3070 3070 E ArmVmp : Match on catch block at 0xc3 in for 0xa1
01-08 05:59:20.446 3070 3070 E ArmVmp : Match on catch block at 0xc3 in for 0xa1
01-08 05:59:20.453 3070 3070 E ArmVmp : Match on catch block at 0xc3 in for 0xa5
01-08 05:59:20.464 3070 3070 E ArmVmp : Match on catch block at 0xc3 in for 0xa5
01-08 05:59:20.472 3070 3070 E ArmVmp : Match on catch block at 0xc3 in for 0xa9
01-08 05:59:20.483 3070 3070 E ArmVmp : Match on catch block at 0xc3 in for 0xa9
01-08 05:59:20.489 3070 3070 E ArmVmp : Match on catch block at 0xc3 in for 0xa1
01-08 05:59:20.499 3070 3070 E ArmVmp : Match on catch block at 0xc3 in for 0xa1
01-08 05:59:20.505 3070 3070 E ArmVmp : Match on catch block at 0xc3 in for 0xa5
01-08 05:59:20.511 3070 3070 E ArmVmp : Match on catch block at 0xc3 in for 0xa5
01-08 05:59:20.520 3070 3070 E ArmVmp : Match on catch block at 0xc3 in for 0xa9
01-08 05:59:20.530 3070 3070 E ArmVmp : Match on catch block at 0xc3 in for 0xa9
01-08 05:59:20.539 3070 3070 E ArmVmp : Match on catch block at 0xc3 in for 0xa1
01-08 05:59:20.552 3070 3070 E ArmVmp : Match on catch block at 0xc3 in for 0xa5
01-08 05:59:20.556 3070 3070 E ArmVmp : Match on catch block at 0xc3 in for 0xa9
01-08 05:59:20.569 3070 3070 E ArmVmp : Match on catch block at 0xc3 in for 0xa9
01-08 05:59:20.575 3070 3070 E ArmVmp : Match on catch block at 0xc3 in for 0xa1
01-08 05:59:20.594 3070 3070 E ArmVmp : Match on catch block at 0xc3 in for 0xa1
01-08 05:59:20.599 3070 3070 E ArmVmp : Match on catch block at 0xc3 in for 0xa5
01-08 05:59:20.614 3070 3070 E ArmVmp : Match on catch block at 0xc3 in for 0xa5
01-08 05:59:20.620 3070 3070 E ArmVmp : Match on catch block at 0xc3 in for 0xa9
01-08 05:59:20.629 3070 3070 E ArmVmp : Match on catch block at 0xc3 in for 0xa9
01-08 05:59:20.633 3070 3070 E ArmVmp : Match on catch block at 0xc3 in for 0xa1
01-08 05:59:20.641 3070 3070 E ArmVmp : Match on catch block at 0xc3 in for 0xa1
01-08 05:59:20.648 3070 3070 E ArmVmp : Match on catch block at 0xc3 in for 0xa5
01-08 05:59:20.660 3070 3070 E ArmVmp : Match on catch block at 0xc3 in for 0xa5
01-08 05:59:20.669 3070 3070 E ArmVmp : Match on catch block at 0xc3 in for 0xa9
01-08 05:59:20.682 3070 3070 E ArmVmp : Match on catch block at 0xc3 in for 0xa9
01-08 05:59:20.689 3070 3070 E ArmVmp : Match on catch block at 0xc3 in for 0xa1
01-08 05:59:20.705 3070 3070 E ArmVmp : Match on catch block at 0xc3 in for 0xa1
01-08 05:59:20.712 3070 3070 E ArmVmp : Match on catch block at 0xc3 in for 0xa5
01-08 05:59:20.838 3070 3070 E ArmVmp : Match on catch block at 0xc3 in for 0xa1
01-08 05:59:20.844 3070 3070 E ArmVmp : Match on catch block at 0xc3 in for 0xa5
01-08 05:59:20.866 3070 3070 E ArmVmp : Match on catch block at 0xc3 in for 0xa5
01-08 05:59:20.877 3070 3070 E ArmVmp : Match on catch block at 0xc3 in for 0xa9
01-08 05:59:20.924 3070 3070 E ArmVmp : Match on catch block at 0xc3 in for 0xa9
01-08 05:59:20.929 3070 3070 E ArmVmp : Match on catch block at 0xc3 in for 0xa1
01-08 05:59:20.967 3070 3070 E ArmVmp : Match on catch block at 0xc3 in for 0xa1
01-08 05:59:20.972 3070 3070 E ArmVmp : Match on catch block at 0xc3 in for 0xa5
01-08 05:59:21.044 3070 3070 E ArmVmp : Match on catch block at 0xc3 in for 0xa9
01-08 05:59:21.050 3070 3070 E ArmVmp : Match on catch block at 0xc3 in for 0xa1
01-08 05:59:21.532 3070 3070 E ArmVmp : Match on catch block at 0xc3 in for 0xa1
01-08 05:59:21.538 3070 3070 E ArmVmp : Match on catch block at 0xc3 in for 0xa5
01-08 05:59:21.708 3070 3070 E ArmVmp : Match on catch block at 0xc3 in for 0xa9
01-08 05:59:21.712 3070 3070 E ArmVmp : Match on catch block at 0xc3 in for 0xa1
01-08 05:59:21.842 3070 3070 E ArmVmp : Match on catch block at 0xc3 in for 0xa5
01-08 05:59:21.848 3070 3070 E ArmVmp : Match on catch block at 0xc3 in for 0xa9
01-08 05:59:22.097 3070 3070 E ArmVmp : Match on catch block at 0xc3 in for 0xa1
01-08 05:59:22.101 3070 3070 E ArmVmp : Match on catch block at 0xc3 in for 0xa5
01-08 05:59:22.291 3070 3070 E ArmVmp : Match on catch block at 0xc3 in for 0xa9
01-08 05:59:22.295 3070 3070 E ArmVmp : Match on catch block at 0xc3 in for 0xa1
01-08 05:59:22.518 3070 3070 E ArmVmp : Match on catch block at 0xc3 in for 0xa1
01-08 05:59:22.525 3070 3070 E ArmVmp : Match on catch block at 0xc3 in for 0xa5
01-08 05:59:22.536 3070 3070 E ArmVmp : Match on catch block at 0xc3 in for 0xa5
01-08 05:59:22.551 3070 3070 E ArmVmp : Match on catch block at 0xc3 in for 0xa9
01-08 05:59:22.567 3070 3070 E ArmVmp : Match on catch block at 0xc3 in for 0xa9
01-08 05:59:22.574 3070 3070 E ArmVmp : Match on catch block at 0xc3 in for 0xa1
01-08 05:59:22.593 3070 3070 E ArmVmp : Match on catch block at 0xc3 in for 0xa1
01-08 05:59:22.606 3070 3070 E ArmVmp : Match on catch block at 0xc3 in for 0xa5
01-08 05:59:22.623 3070 3070 E ArmVmp : Match on catch block at 0xc3 in for 0xa5
01-08 05:59:22.629 3070 3070 E ArmVmp : Match on catch block at 0xc3 in for 0xa9
01-08 05:59:22.646 3070 3070 E ArmVmp : Match on catch block at 0xc3 in for 0xa9
01-08 05:59:22.654 3070 3070 E ArmVmp : Match on catch block at 0xc3 in for 0xa1
01-08 05:59:22.671 3070 3070 E ArmVmp : Match on catch block at 0xc3 in for 0xa1
01-08 05:59:22.677 3070 3070 E ArmVmp : Match on catch block at 0xc3 in for 0xa5
01-08 05:59:22.692 3070 3070 E ArmVmp : Match on catch block at 0xc3 in for 0xa9
01-08 05:59:22.697 3070 3070 E ArmVmp : Match on catch block at 0xc3 in for 0xa1
01-08 05:59:22.714 3070 3070 E ArmVmp : Match on catch block at 0xc3 in for 0xa1
01-08 05:59:22.720 3070 3070 E ArmVmp : Match on catch block at 0xc3 in for 0xa5
01-08 05:59:22.730 3070 3070 E ArmVmp : Match on catch block at 0xc3 in for 0xa5
01-08 05:59:22.734 3070 3070 E ArmVmp : Match on catch block at 0xc3 in for 0xa9
01-08 05:59:22.746 3070 3070 E ArmVmp : Match on catch block at 0xc3 in for 0xa9
01-08 05:59:22.749 3070 3070 E ArmVmp : Match on catch block at 0xc3 in for 0xa1
01-08 05:59:22.762 3070 3070 E ArmVmp : Match on catch block at 0xc3 in for 0xa1
01-08 05:59:22.765 3070 3070 E ArmVmp : Match on catch block at 0xc3 in for 0xa5
01-08 05:59:22.813 3070 3070 E ArmVmp : Match on catch block at 0xc3 in for 0xa5
01-08 05:59:22.817 3070 3070 E ArmVmp : Match on catch block at 0xc3 in for 0xa9
01-08 05:59:22.825 3070 3070 W IInputConnectionWrapper: getExtractedText on
inactive InputConnection
01-08 05:59:22.868 3070 3070 E ArmVmp : Match on catch block at 0xc3 in for 0xa9
01-08 05:59:22.871 3070 3070 E ArmVmp : Match on catch block at 0xc3 in for 0xa1
01-08 05:59:22.883 3070 3070 E ArmVmp : Match on catch block at 0xc3 in for 0xa1
01-08 05:59:22.888 3070 3070 E ArmVmp : Match on catch block at 0xc3 in for 0xa5
01-08 05:59:22.907 3070 3070 E ArmVmp : Match on catch block at 0xc3 in for 0xa5
01-08 05:59:22.911 3070 3070 E ArmVmp : Match on catch block at 0xc3 in for 0xa9
01-08 05:59:22.930 3070 3070 E ArmVmp : Match on catch block at 0xc3 in for 0xa5
01-08 05:59:22.935 3070 3070 E ArmVmp : Match on catch block at 0xc3 in for 0xa9
01-08 05:59:22.971 3070 3070 E ArmVmp : Match on catch block at 0xc3 in for 0xa5
01-08 05:59:22.976 3070 3070 E ArmVmp : Match on catch block at 0xc3 in for 0xa9
01-08 05:59:22.986 3070 3070 E ArmVmp : Match on catch block at 0xc3 in for 0xa9
01-08 05:59:22.993 3070 3070 E ArmVmp : Match on catch block at 0xc3 in for 0xa1
01-08 05:59:23.007 3070 3070 E ArmVmp : Match on catch block at 0xc3 in for 0xa1
01-08 05:59:23.011 3070 3070 E ArmVmp : Match on catch block at 0xc3 in for 0xa5
01-08 05:59:23.021 3070 3070 E ArmVmp : Match on catch block at 0xc3 in for 0xa5
01-08 05:59:23.025 3070 3070 E ArmVmp : Match on catch block at 0xc3 in for 0xa9
01-08 05:59:23.271 3070 3070 E ArmVmp : Match on catch block at 0xc3 in for 0xa1
01-08 05:59:23.277 3070 3070 E ArmVmp : Match on catch block at 0xc3 in for 0xa5
01-08 05:59:23.308 3070 3567 W MediaPlayer: Use of stream types is deprecated for
operations other than volume control
01-08 05:59:23.308 3070 3567 W MediaPlayer: See the documentation of
setAudioStreamType() for what to use instead with android.media.AudioAttributes to
qualify your playback use case
01-08 05:59:23.353 3070 3070 E ArmVmp : Match on catch block at 0xc3 in for 0xa1
01-08 05:59:23.358 3070 3070 E ArmVmp : Match on catch block at 0xc3 in for 0xa5
01-08 05:59:23.377 3070 3070 E ArmVmp : Match on catch block at 0xc3 in for 0xa9
01-08 05:59:23.383 3070 3070 E ArmVmp : Match on catch block at 0xc3 in for 0xa1
01-08 05:59:23.429 3070 3496 W MediaPlayerNative: info/warning (10973, 0)
01-08 05:59:23.880 3070 3070 E ArmVmp : Match on catch block at 0xc3 in for 0xa1
01-08 05:59:23.886 3070 3070 E ArmVmp : Match on catch block at 0xc3 in for 0xa5
01-08 05:59:24.382 3070 3070 E ArmVmp : Match on catch block at 0xc3 in for 0xa5
01-08 05:59:24.388 3070 3070 E ArmVmp : Match on catch block at 0xc3 in for 0xa9
01-08 05:59:24.888 3070 3070 E ArmVmp : Match on catch block at 0xc3 in for 0xa9
01-08 05:59:24.894 3070 3070 E ArmVmp : Match on catch block at 0xc3 in for 0xa1
01-08 05:59:24.921 3070 3070 E ArmVmp : Match on catch block at 0xc3 in for 0xa1
01-08 05:59:24.926 3070 3070 E ArmVmp : Match on catch block at 0xc3 in for 0xa5
01-08 05:59:24.939 3070 3070 E ArmVmp : Match on catch block at 0xc3 in for 0xa5
01-08 05:59:24.949 3070 3070 E ArmVmp : Match on catch block at 0xc3 in for 0xa9
01-08 05:59:24.959 3070 3070 E ArmVmp : Match on catch block at 0xc3 in for 0xa9
01-08 05:59:24.966 3070 3070 E ArmVmp : Match on catch block at 0xc3 in for 0xa1
01-08 05:59:24.978 3070 3070 E ArmVmp : Match on catch block at 0xc3 in for 0xa1
01-08 05:59:24.987 3070 3070 E ArmVmp : Match on catch block at 0xc3 in for 0xa5
01-08 05:59:25.004 3070 3070 E ArmVmp : Match on catch block at 0xc3 in for 0xa5
01-08 05:59:25.010 3070 3070 E ArmVmp : Match on catch block at 0xc3 in for 0xa9
01-08 05:59:25.021 3070 3070 E ArmVmp : Match on catch block at 0xc3 in for 0xa9
01-08 05:59:25.030 3070 3070 E ArmVmp : Match on catch block at 0xc3 in for 0xa1
01-08 05:59:25.045 3070 3070 E ArmVmp : Match on catch block at 0xc3 in for 0xa1
01-08 05:59:25.054 3070 3070 E ArmVmp : Match on catch block at 0xc3 in for 0xa5
01-08 05:59:25.067 3070 3070 E ArmVmp : Match on catch block at 0xc3 in for 0xa5
01-08 05:59:25.075 3070 3070 E ArmVmp : Match on catch block at 0xc3 in for 0xa9
01-08 05:59:25.087 3070 3070 E ArmVmp : Match on catch block at 0xc3 in for 0xa9
01-08 05:59:25.096 3070 3070 E ArmVmp : Match on catch block at 0xc3 in for 0xa1
01-08 05:59:25.110 3070 3070 E ArmVmp : Match on catch block at 0xc3 in for 0xa1
01-08 05:59:25.119 3070 3070 E ArmVmp : Match on catch block at 0xc3 in for 0xa5
01-08 05:59:25.133 3070 3070 E ArmVmp : Match on catch block at 0xc3 in for 0xa5
01-08 05:59:25.140 3070 3070 E ArmVmp : Match on catch block at 0xc3 in for 0xa9
01-08 05:59:25.151 3070 3070 E ArmVmp : Match on catch block at 0xc3 in for 0xa9
01-08 05:59:25.157 3070 3070 E ArmVmp : Match on catch block at 0xc3 in for 0xa1
01-08 05:59:25.173 3070 3070 E ArmVmp : Match on catch block at 0xc3 in for 0xa1
01-08 05:59:25.186 3070 3070 E ArmVmp : Match on catch block at 0xc3 in for 0xa5
01-08 05:59:25.378 3070 3070 E ArmVmp : Match on catch block at 0xc3 in for 0xa5
01-08 05:59:25.384 3070 3070 E ArmVmp : Match on catch block at 0xc3 in for 0xa9
01-08 05:59:25.878 3070 3070 E ArmVmp : Match on catch block at 0xc3 in for 0xa9
01-08 05:59:25.882 3070 3070 E ArmVmp : Match on catch block at 0xc3 in for 0xa1
01-08 05:59:26.383 3070 3070 E ArmVmp : Match on catch block at 0xc3 in for 0xa1
01-08 05:59:26.391 3070 3070 E ArmVmp : Match on catch block at 0xc3 in for 0xa5
01-08 05:59:26.496 3070 3070 E ArmVmp : Match on catch block at 0xc3 in for 0xa5
01-08 05:59:26.503 3070 3070 E ArmVmp : Match on catch block at 0xc3 in for 0xa9
01-08 05:59:26.540 3070 3070 E ArmVmp : Match on catch block at 0xc3 in for 0xa5
01-08 05:59:26.552 3070 3070 E ArmVmp : Match on catch block at 0xc3 in for 0xa9
01-08 05:59:26.568 3070 3070 E ArmVmp : Match on catch block at 0xc3 in for 0xa9
01-08 05:59:26.576 3070 3070 E ArmVmp : Match on catch block at 0xc3 in for 0xa1
01-08 05:59:26.596 3070 3070 E ArmVmp : Match on catch block at 0xc3 in for 0xa1
01-08 05:59:26.610 3070 3070 E ArmVmp : Match on catch block at 0xc3 in for 0xa5
01-08 05:59:26.630 3070 3070 E ArmVmp : Match on catch block at 0xc3 in for 0xa5
01-08 05:59:26.637 3070 3070 E ArmVmp : Match on catch block at 0xc3 in for 0xa9
01-08 05:59:26.659 3070 3070 E ArmVmp : Match on catch block at 0xc3 in for 0xa9
01-08 05:59:26.663 3070 3070 E ArmVmp : Match on catch block at 0xc3 in for 0xa1
01-08 05:59:26.679 3070 3070 E ArmVmp : Match on catch block at 0xc3 in for 0xa1
01-08 05:59:26.685 3070 3070 E ArmVmp : Match on catch block at 0xc3 in for 0xa5
01-08 05:59:26.692 3070 3070 E ArmVmp : Match on catch block at 0xc3 in for 0xa5
01-08 05:59:26.698 3070 3070 E ArmVmp : Match on catch block at 0xc3 in for 0xa9
01-08 05:59:26.723 3070 3070 E ArmVmp : Match on catch block at 0xc3 in for 0xa1
01-08 05:59:26.731 3070 3070 E ArmVmp : Match on catch block at 0xc3 in for 0xa5
01-08 05:59:26.980 3070 3070 E ArmVmp : Match on catch block at 0xc3 in for 0xa9
01-08 05:59:26.986 3070 3070 E ArmVmp : Match on catch block at 0xc3 in for 0xa1
01-08 05:59:27.194 3070 3070 E ArmVmp : Match on catch block at 0xc3 in for 0xa5
01-08 05:59:27.203 3070 3070 E ArmVmp : Match on catch block at 0xc3 in for 0xa9
01-08 05:59:27.693 3070 3070 E ArmVmp : Match on catch block at 0xc3 in for 0xa9
01-08 05:59:27.698 3070 3070 E ArmVmp : Match on catch block at 0xc3 in for 0xa1
01-08 05:59:27.726 3070 3070 E ArmVmp : Match on catch block at 0xc3 in for 0xa5
01-08 05:59:27.730 3070 3070 E ArmVmp : Match on catch block at 0xc3 in for 0xa9
01-08 05:59:28.228 3070 3070 E ArmVmp : Match on catch block at 0xc3 in for 0xa9
01-08 05:59:28.235 3070 3070 E ArmVmp : Match on catch block at 0xc3 in for 0xa1
01-08 05:59:28.275 3070 3070 E ArmVmp : Match on catch block at 0xc3 in for 0xa5
01-08 05:59:28.280 3070 3070 E ArmVmp : Match on catch block at 0xc3 in for 0xa9
01-08 05:59:28.778 3070 3070 E ArmVmp : Match on catch block at 0xc3 in for 0xa9
01-08 05:59:28.783 3070 3070 E ArmVmp : Match on catch block at 0xc3 in for 0xa1
01-08 05:59:28.810 3070 3070 E ArmVmp : Match on catch block at 0xc3 in for 0xa5
01-08 05:59:28.813 3070 3070 E ArmVmp : Match on catch block at 0xc3 in for 0xa9
01-08 05:59:29.037 3070 3070 E ArmVmp : Match on catch block at 0xc3 in for 0xa1
01-08 05:59:29.045 3070 3070 E ArmVmp : Match on catch block at 0xc3 in for 0xa5
01-08 05:59:29.182 3070 3070 E ArmVmp : Match on catch block at 0xc3 in for 0xa9
01-08 05:59:29.186 3070 3070 E ArmVmp : Match on catch block at 0xc3 in for 0xa1
01-08 05:59:29.344 3070 3070 E ArmVmp : Match on catch block at 0xc3 in for 0xa5
01-08 05:59:29.350 3070 3070 E ArmVmp : Match on catch block at 0xc3 in for 0xa9
01-08 05:59:29.522 3070 3070 E ArmVmp : Match on catch block at 0xc3 in for 0xa1
01-08 05:59:29.526 3070 3070 E ArmVmp : Match on catch block at 0xc3 in for 0xa5
01-08 05:59:29.652 3070 3070 E ArmVmp : Match on catch block at 0xc3 in for 0xa9
01-08 05:59:29.656 3070 3070 E ArmVmp : Match on catch block at 0xc3 in for 0xa1
01-08 05:59:30.154 3070 3070 E ArmVmp : Match on catch block at 0xc3 in for 0xa1
01-08 05:59:30.161 3070 3070 E ArmVmp : Match on catch block at 0xc3 in for 0xa5
01-08 05:59:30.541 3070 3070 E ArmVmp : Match on catch block at 0xc3 in for 0xa1
01-08 05:59:30.546 3070 3070 E ArmVmp : Match on catch block at 0xc3 in for 0xa5
01-08 05:59:31.051 3070 3070 E ArmVmp : Match on catch block at 0xc3 in for 0xa5
01-08 05:59:31.064 3070 3070 E ArmVmp : Match on catch block at 0xc3 in for 0xa9
01-08 05:59:31.224 3070 3070 E ArmVmp : Match on catch block at 0xc3 in for 0xa1
01-08 05:59:31.228 3070 3070 E ArmVmp : Match on catch block at 0xc3 in for 0xa5
01-08 05:59:31.370 3070 3070 E ArmVmp : Match on catch block at 0xc3 in for 0xa9
01-08 05:59:31.375 3070 3070 E ArmVmp : Match on catch block at 0xc3 in for 0xa1
01-08 05:59:31.483 3070 3070 E ArmVmp : Match on catch block at 0xc3 in for 0xa5
01-08 05:59:31.490 3070 3070 E ArmVmp : Match on catch block at 0xc3 in for 0xa9
01-08 05:59:31.580 3070 3070 E ArmVmp : Match on catch block at 0xc3 in for 0xa1
01-08 05:59:31.584 3070 3070 E ArmVmp : Match on catch block at 0xc3 in for 0xa5
01-08 05:59:31.823 3070 3070 E ArmVmp : Match on catch block at 0xc3 in for 0xa9
01-08 05:59:31.826 3070 3070 E ArmVmp : Match on catch block at 0xc3 in for 0xa1
01-08 05:59:31.887 3070 3070 E ArmVmp : Match on catch block at 0xc3 in for 0xa1
01-08 05:59:31.891 3070 3070 E ArmVmp : Match on catch block at 0xc3 in for 0xa5
01-08 05:59:31.935 3070 3070 W IInputConnectionWrapper: getExtractedText on
inactive InputConnection
01-08 05:59:31.968 3070 3070 E ArmVmp : Match on catch block at 0xc3 in for 0xa9
01-08 05:59:31.972 3070 3070 E ArmVmp : Match on catch block at 0xc3 in for 0xa1
01-08 05:59:31.982 3070 3070 E ArmVmp : Match on catch block at 0xc3 in for 0xa1
01-08 05:59:31.986 3070 3070 E ArmVmp : Match on catch block at 0xc3 in for 0xa5
01-08 05:59:32.002 3070 3070 E ArmVmp : Match on catch block at 0xc3 in for 0xa5
01-08 05:59:32.006 3070 3070 E ArmVmp : Match on catch block at 0xc3 in for 0xa9
01-08 05:59:32.016 3070 3070 E ArmVmp : Match on catch block at 0xc3 in for 0xa9
01-08 05:59:32.022 3070 3070 E ArmVmp : Match on catch block at 0xc3 in for 0xa1
01-08 05:59:32.041 3070 3070 E ArmVmp : Match on catch block at 0xc3 in for 0xa1
01-08 05:59:32.049 3070 3070 E ArmVmp : Match on catch block at 0xc3 in for 0xa5
01-08 05:59:32.069 3070 3070 E ArmVmp : Match on catch block at 0xc3 in for 0xa5
01-08 05:59:32.072 3070 3070 E ArmVmp : Match on catch block at 0xc3 in for 0xa9
01-08 05:59:32.092 3070 3070 E ArmVmp : Match on catch block at 0xc3 in for 0xa9
01-08 05:59:32.095 3070 3070 E ArmVmp : Match on catch block at 0xc3 in for 0xa1
01-08 05:59:32.374 3070 3070 E ArmVmp : Match on catch block at 0xc3 in for 0xa1
01-08 05:59:32.381 3070 3070 E ArmVmp : Match on catch block at 0xc3 in for 0xa5
01-08 05:59:32.445 3070 3070 E ArmVmp : Match on catch block at 0xc3 in for 0xa5
01-08 05:59:32.448 3070 3070 E ArmVmp : Match on catch block at 0xc3 in for 0xa9
01-08 05:59:32.466 3070 3070 E ArmVmp : Match on catch block at 0xc3 in for 0xa5
01-08 05:59:32.470 3070 3070 E ArmVmp : Match on catch block at 0xc3 in for 0xa9
01-08 05:59:32.487 3070 3070 E ArmVmp : Match on catch block at 0xc3 in for 0xa9
01-08 05:59:32.492 3070 3070 E ArmVmp : Match on catch block at 0xc3 in for 0xa1
01-08 05:59:32.503 3070 3070 E ArmVmp : Match on catch block at 0xc3 in for 0xa1
01-08 05:59:32.507 3070 3070 E ArmVmp : Match on catch block at 0xc3 in for 0xa5
01-08 05:59:32.523 3070 3070 E ArmVmp : Match on catch block at 0xc3 in for 0xa5
01-08 05:59:32.527 3070 3070 E ArmVmp : Match on catch block at 0xc3 in for 0xa9
01-08 05:59:32.542 3070 3070 E ArmVmp : Match on catch block at 0xc3 in for 0xa9
01-08 05:59:32.545 3070 3567 W MediaPlayer: Use of stream types is deprecated for
operations other than volume control
01-08 05:59:32.545 3070 3567 W MediaPlayer: See the documentation of
setAudioStreamType() for what to use instead with android.media.AudioAttributes to
qualify your playback use case
01-08 05:59:32.545 3070 3070 E ArmVmp : Match on catch block at 0xc3 in for 0xa1
01-08 05:59:32.558 3070 3070 E ArmVmp : Match on catch block at 0xc3 in for 0xa1
01-08 05:59:32.562 3070 3070 E ArmVmp : Match on catch block at 0xc3 in for 0xa5
01-08 05:59:32.574 3070 3070 E ArmVmp : Match on catch block at 0xc3 in for 0xa5
01-08 05:59:32.579 3070 3070 E ArmVmp : Match on catch block at 0xc3 in for 0xa9
01-08 05:59:32.588 3070 3070 E ArmVmp : Match on catch block at 0xc3 in for 0xa9
01-08 05:59:32.597 3070 3070 E ArmVmp : Match on catch block at 0xc3 in for 0xa1
01-08 05:59:32.603 3070 3070 E ArmVmp : Match on catch block at 0xc3 in for 0xa1
01-08 05:59:32.608 3070 3070 E ArmVmp : Match on catch block at 0xc3 in for 0xa5
01-08 05:59:32.611 3070 3496 W MediaPlayerNative: info/warning (10973, 0)
01-08 05:59:32.618 3070 3070 E ArmVmp : Match on catch block at 0xc3 in for 0xa5
01-08 05:59:32.622 3070 3070 E ArmVmp : Match on catch block at 0xc3 in for 0xa9
01-08 05:59:32.679 3070 3070 E ArmVmp : Match on catch block at 0xc3 in for 0xa1
01-08 05:59:32.682 3070 3070 E ArmVmp : Match on catch block at 0xc3 in for 0xa5
01-08 05:59:32.732 3070 3070 E ArmVmp : Match on catch block at 0xc3 in for 0xa9
01-08 05:59:32.736 3070 3070 E ArmVmp : Match on catch block at 0xc3 in for 0xa1
01-08 05:59:33.086 3070 3070 E ArmVmp : Match on catch block at 0xc3 in for 0xa5
01-08 05:59:33.089 3070 3070 E ArmVmp : Match on catch block at 0xc3 in for 0xa9
01-08 05:59:33.231 3070 3070 E ArmVmp : Match on catch block at 0xc3 in for 0xa1
01-08 05:59:33.235 3070 3070 E ArmVmp : Match on catch block at 0xc3 in for 0xa5
01-08 05:59:33.475 3070 3070 E ArmVmp : Match on catch block at 0xc3 in for 0xa9
01-08 05:59:33.479 3070 3070 E ArmVmp : Match on catch block at 0xc3 in for 0xa1
01-08 05:59:33.621 3070 3070 E ArmVmp : Match on catch block at 0xc3 in for 0xa5
01-08 05:59:33.625 3070 3070 E ArmVmp : Match on catch block at 0xc3 in for 0xa9
01-08 05:59:33.814 3070 3070 E ArmVmp : Match on catch block at 0xc3 in for 0xa1
01-08 05:59:33.818 3070 3070 E ArmVmp : Match on catch block at 0xc3 in for 0xa5
01-08 05:59:34.024 3070 3070 E ArmVmp : Match on catch block at 0xc3 in for 0xa9
01-08 05:59:34.028 3070 3070 E ArmVmp : Match on catch block at 0xc3 in for 0xa1
01-08 05:59:34.122 3070 3070 E ArmVmp : Match on catch block at 0xc3 in for 0xa1
01-08 05:59:34.127 3070 3070 E ArmVmp : Match on catch block at 0xc3 in for 0xa5
01-08 05:59:34.139 3070 3070 E ArmVmp : Match on catch block at 0xc3 in for 0xa5
01-08 05:59:34.147 3070 3070 E ArmVmp : Match on catch block at 0xc3 in for 0xa9
01-08 05:59:34.155 3070 3070 E ArmVmp : Match on catch block at 0xc3 in for 0xa9
01-08 05:59:34.161 3070 3070 E ArmVmp : Match on catch block at 0xc3 in for 0xa1
01-08 05:59:34.171 3070 3070 E ArmVmp : Match on catch block at 0xc3 in for 0xa1
01-08 05:59:34.180 3070 3070 E ArmVmp : Match on catch block at 0xc3 in for 0xa5
01-08 05:59:34.193 3070 3070 E ArmVmp : Match on catch block at 0xc3 in for 0xa9
01-08 05:59:34.199 3070 3070 E ArmVmp : Match on catch block at 0xc3 in for 0xa1
01-08 05:59:34.208 3070 3070 E ArmVmp : Match on catch block at 0xc3 in for 0xa1
01-08 05:59:34.213 3070 3070 E ArmVmp : Match on catch block at 0xc3 in for 0xa5
01-08 05:59:34.220 3070 3070 E ArmVmp : Match on catch block at 0xc3 in for 0xa5
01-08 05:59:34.227 3070 3070 E ArmVmp : Match on catch block at 0xc3 in for 0xa9
01-08 05:59:34.239 3070 3070 E ArmVmp : Match on catch block at 0xc3 in for 0xa9
01-08 05:59:34.244 3070 3070 E ArmVmp : Match on catch block at 0xc3 in for 0xa1
01-08 05:59:34.254 3070 3070 E ArmVmp : Match on catch block at 0xc3 in for 0xa1
01-08 05:59:34.258 3070 3070 E ArmVmp : Match on catch block at 0xc3 in for 0xa5
01-08 05:59:34.268 3070 3070 E ArmVmp : Match on catch block at 0xc3 in for 0xa5
01-08 05:59:34.272 3070 3070 E ArmVmp : Match on catch block at 0xc3 in for 0xa9
01-08 05:59:34.285 3070 3070 E ArmVmp : Match on catch block at 0xc3 in for 0xa9
01-08 05:59:34.289 3070 3070 E ArmVmp : Match on catch block at 0xc3 in for 0xa1
01-08 05:59:34.301 3070 3070 E ArmVmp : Match on catch block at 0xc3 in for 0xa1
01-08 05:59:34.306 3070 3070 E ArmVmp : Match on catch block at 0xc3 in for 0xa5
01-08 05:59:34.318 3070 3070 E ArmVmp : Match on catch block at 0xc3 in for 0xa5
01-08 05:59:34.323 3070 3070 E ArmVmp : Match on catch block at 0xc3 in for 0xa9
01-08 05:59:34.331 3070 3070 E ArmVmp : Match on catch block at 0xc3 in for 0xa9
01-08 05:59:34.337 3070 3070 E ArmVmp : Match on catch block at 0xc3 in for 0xa1
01-08 05:59:34.348 3070 3070 E ArmVmp : Match on catch block at 0xc3 in for 0xa1
01-08 05:59:34.356 3070 3070 E ArmVmp : Match on catch block at 0xc3 in for 0xa5
01-08 05:59:34.365 3070 3070 E ArmVmp : Match on catch block at 0xc3 in for 0xa5
01-08 05:59:34.370 3070 3070 E ArmVmp : Match on catch block at 0xc3 in for 0xa9
01-08 05:59:34.382 3070 3070 E ArmVmp : Match on catch block at 0xc3 in for 0xa9
01-08 05:59:34.387 3070 3070 E ArmVmp : Match on catch block at 0xc3 in for 0xa1
01-08 05:59:34.705 3070 3070 E ArmVmp : Match on catch block at 0xc3 in for 0xa1
01-08 05:59:34.710 3070 3070 E ArmVmp : Match on catch block at 0xc3 in for 0xa5
01-08 05:59:34.758 3070 3070 E ArmVmp : Match on catch block at 0xc3 in for 0xa5
01-08 05:59:34.762 3070 3070 E ArmVmp : Match on catch block at 0xc3 in for 0xa9
01-08 05:59:34.794 3070 3070 E ArmVmp : Match on catch block at 0xc3 in for 0xa9
01-08 05:59:34.798 3070 3070 E ArmVmp : Match on catch block at 0xc3 in for 0xa1
01-08 05:59:34.813 3070 3070 E ArmVmp : Match on catch block at 0xc3 in for 0xa1
01-08 05:59:34.822 3070 3070 E ArmVmp : Match on catch block at 0xc3 in for 0xa5
01-08 05:59:35.208 3070 3070 E ArmVmp : Match on catch block at 0xc3 in for 0xa5
01-08 05:59:35.212 3070 3070 E ArmVmp : Match on catch block at 0xc3 in for 0xa9
01-08 05:59:35.696 3070 3070 E ArmVmp : Match on catch block at 0xc3 in for 0xa9
01-08 05:59:35.702 3070 3070 E ArmVmp : Match on catch block at 0xc3 in for 0xa1
01-08 05:59:36.206 3070 3070 E ArmVmp : Match on catch block at 0xc3 in for 0xa1
01-08 05:59:36.219 3070 3070 E ArmVmp : Match on catch block at 0xc3 in for 0xa5
01-08 05:59:36.400 3070 3070 E ArmVmp : Match on catch block at 0xc3 in for 0xa5
01-08 05:59:36.413 3070 3070 E ArmVmp : Match on catch block at 0xc3 in for 0xa9
01-08 05:59:36.431 3070 3070 E ArmVmp : Match on catch block at 0xc3 in for 0xa9
01-08 05:59:36.451 3070 3070 E ArmVmp : Match on catch block at 0xc3 in for 0xa1
01-08 05:59:36.471 3070 3070 E ArmVmp : Match on catch block at 0xc3 in for 0xa1
01-08 05:59:36.480 3070 3070 E ArmVmp : Match on catch block at 0xc3 in for 0xa5
01-08 05:59:36.497 3070 3070 E ArmVmp : Match on catch block at 0xc3 in for 0xa5
01-08 05:59:36.508 3070 3070 E ArmVmp : Match on catch block at 0xc3 in for 0xa9
01-08 05:59:36.529 3070 3070 E ArmVmp : Match on catch block at 0xc3 in for 0xa9
01-08 05:59:36.536 3070 3070 E ArmVmp : Match on catch block at 0xc3 in for 0xa1
01-08 05:59:36.550 3070 3070 E ArmVmp : Match on catch block at 0xc3 in for 0xa1
01-08 05:59:36.558 3070 3070 E ArmVmp : Match on catch block at 0xc3 in for 0xa5
01-08 05:59:36.577 3070 3070 E ArmVmp : Match on catch block at 0xc3 in for 0xa5
01-08 05:59:36.584 3070 3070 E ArmVmp : Match on catch block at 0xc3 in for 0xa9
01-08 05:59:36.594 3070 3070 E ArmVmp : Match on catch block at 0xc3 in for 0xa9
01-08 05:59:36.601 3070 3070 E ArmVmp : Match on catch block at 0xc3 in for 0xa1
01-08 05:59:36.614 3070 3070 E ArmVmp : Match on catch block at 0xc3 in for 0xa1
01-08 05:59:36.621 3070 3070 E ArmVmp : Match on catch block at 0xc3 in for 0xa5
01-08 05:59:36.630 3070 3070 E ArmVmp : Match on catch block at 0xc3 in for 0xa5
01-08 05:59:36.636 3070 3070 E ArmVmp : Match on catch block at 0xc3 in for 0xa9
01-08 05:59:36.645 3070 3070 E ArmVmp : Match on catch block at 0xc3 in for 0xa9
01-08 05:59:36.650 3070 3070 E ArmVmp : Match on catch block at 0xc3 in for 0xa1
01-08 05:59:36.706 3070 3070 E ArmVmp : Match on catch block at 0xc3 in for 0xa1
01-08 05:59:36.718 3070 3070 E ArmVmp : Match on catch block at 0xc3 in for 0xa5
01-08 05:59:37.217 3070 3070 E ArmVmp : Match on catch block at 0xc3 in for 0xa5
01-08 05:59:37.230 3070 3070 E ArmVmp : Match on catch block at 0xc3 in for 0xa9
01-08 05:59:37.700 3070 3070 E ArmVmp : Match on catch block at 0xc3 in for 0xa9
01-08 05:59:37.705 3070 3070 E ArmVmp : Match on catch block at 0xc3 in for 0xa1
01-08 05:59:38.221 3070 3070 E ArmVmp : Match on catch block at 0xc3 in for 0xa1
01-08 05:59:38.233 3070 3070 E ArmVmp : Match on catch block at 0xc3 in for 0xa5
01-08 05:59:38.703 3070 3070 E ArmVmp : Match on catch block at 0xc3 in for 0xa5
01-08 05:59:38.709 3070 3070 E ArmVmp : Match on catch block at 0xc3 in for 0xa9
01-08 05:59:39.210 3070 3070 E ArmVmp : Match on catch block at 0xc3 in for 0xa9
01-08 05:59:39.216 3070 3070 E ArmVmp : Match on catch block at 0xc3 in for 0xa1
01-08 05:59:39.703 3070 3070 E ArmVmp : Match on catch block at 0xc3 in for 0xa5
01-08 05:59:39.707 3070 3070 E ArmVmp : Match on catch block at 0xc3 in for 0xa9
01-08 05:59:40.220 3070 3070 E ArmVmp : Match on catch block at 0xc3 in for 0xa9
01-08 05:59:40.235 3070 3070 E ArmVmp : Match on catch block at 0xc3 in for 0xa1
01-08 05:59:40.716 3070 3070 E ArmVmp : Match on catch block at 0xc3 in for 0xa1
01-08 05:59:40.722 3070 3070 E ArmVmp : Match on catch block at 0xc3 in for 0xa5
01-08 05:59:40.832 3070 3070 E ArmVmp : Match on catch block at 0xc3 in for 0xa9
01-08 05:59:40.836 3070 3070 E ArmVmp : Match on catch block at 0xc3 in for 0xa1
01-08 05:59:41.009 3070 3070 E ArmVmp : Match on catch block at 0xc3 in for 0xa5
01-08 05:59:41.015 3070 3070 E ArmVmp : Match on catch block at 0xc3 in for 0xa9
01-08 05:59:41.186 3070 3070 E ArmVmp : Match on catch block at 0xc3 in for 0xa1
01-08 05:59:41.191 3070 3070 E ArmVmp : Match on catch block at 0xc3 in for 0xa5
01-08 05:59:41.397 3070 3070 E ArmVmp : Match on catch block at 0xc3 in for 0xa9
01-08 05:59:41.401 3070 3070 E ArmVmp : Match on catch block at 0xc3 in for 0xa1
01-08 05:59:41.899 3070 3070 E ArmVmp : Match on catch block at 0xc3 in for 0xa1
01-08 05:59:41.903 3070 3070 E ArmVmp : Match on catch block at 0xc3 in for 0xa5
01-08 05:59:41.947 3070 3070 E ArmVmp : Match on catch block at 0xc3 in for 0xa9
01-08 05:59:41.952 3070 3070 E ArmVmp : Match on catch block at 0xc3 in for 0xa1
01-08 05:59:42.207 3070 3070 E ArmVmp : Match on catch block at 0xc3 in for 0xa5
01-08 05:59:42.211 3070 3070 E ArmVmp : Match on catch block at 0xc3 in for 0xa9
01-08 05:59:42.416 3070 3070 E ArmVmp : Match on catch block at 0xc3 in for 0xa1
01-08 05:59:42.421 3070 3070 E ArmVmp : Match on catch block at 0xc3 in for 0xa5
01-08 05:59:42.724 3070 3070 E ArmVmp : Match on catch block at 0xc3 in for 0xa9
01-08 05:59:42.730 3070 3070 E ArmVmp : Match on catch block at 0xc3 in for 0xa1
01-08 05:59:42.903 3070 3070 E ArmVmp : Match on catch block at 0xc3 in for 0xa5
01-08 05:59:42.908 3070 3070 E ArmVmp : Match on catch block at 0xc3 in for 0xa9
01-08 05:59:42.999 3070 3070 E ArmVmp : Match on catch block at 0xc3 in for 0xa1
01-08 05:59:43.004 3070 3070 E ArmVmp : Match on catch block at 0xc3 in for 0xa5
01-08 05:59:43.356 3070 3070 E ArmVmp : Match on catch block at 0xc3 in for 0xa9
01-08 05:59:43.362 3070 3070 E ArmVmp : Match on catch block at 0xc3 in for 0xa1
01-08 05:59:43.601 3070 3070 E ArmVmp : Match on catch block at 0xc3 in for 0xa5
01-08 05:59:43.605 3070 3070 E ArmVmp : Match on catch block at 0xc3 in for 0xa9
01-08 05:59:43.825 3070 3070 E ArmVmp : Match on catch block at 0xc3 in for 0xa1
01-08 05:59:43.835 3070 3070 E ArmVmp : Match on catch block at 0xc3 in for 0xa5
01-08 05:59:44.052 3070 3070 E ArmVmp : Match on catch block at 0xc3 in for 0xa9
01-08 05:59:44.057 3070 3070 E ArmVmp : Match on catch block at 0xc3 in for 0xa1
01-08 05:59:44.133 3070 3070 E ArmVmp : Match on catch block at 0xc3 in for 0xa5
01-08 05:59:44.137 3070 3070 E ArmVmp : Match on catch block at 0xc3 in for 0xa9
01-08 05:59:44.362 3070 3070 E ArmVmp : Match on catch block at 0xc3 in for 0xa1
01-08 05:59:44.367 3070 3070 E ArmVmp : Match on catch block at 0xc3 in for 0xa5
01-08 05:59:44.457 3070 3070 E ArmVmp : Match on catch block at 0xc3 in for 0xa9
01-08 05:59:44.462 3070 3070 E ArmVmp : Match on catch block at 0xc3 in for 0xa1
01-08 05:59:44.944 3070 3070 E ArmVmp : Match on catch block at 0xc3 in for 0xa1
01-08 05:59:44.953 3070 3070 E ArmVmp : Match on catch block at 0xc3 in for 0xa5
01-08 05:59:44.974 3070 3070 E ArmVmp : Match on catch block at 0xc3 in for 0xa9
01-08 05:59:44.979 3070 3070 E ArmVmp : Match on catch block at 0xc3 in for 0xa1
01-08 05:59:45.237 3070 3070 E ArmVmp : Match on catch block at 0xc3 in for 0xa5
01-08 05:59:45.242 3070 3070 E ArmVmp : Match on catch block at 0xc3 in for 0xa9
01-08 05:59:45.252 3070 3070 E ArmVmp : Match on catch block at 0xc3 in for 0xa9
01-08 05:59:45.259 3070 3070 E ArmVmp : Match on catch block at 0xc3 in for 0xa1
01-08 05:59:45.428 3070 3070 E ArmVmp : Match on catch block at 0xc3 in for 0xa5
01-08 05:59:45.433 3070 3070 E ArmVmp : Match on catch block at 0xc3 in for 0xa9
01-08 05:59:45.590 3070 3070 E ArmVmp : Match on catch block at 0xc3 in for 0xa1
01-08 05:59:45.596 3070 3070 E ArmVmp : Match on catch block at 0xc3 in for 0xa5
01-08 05:59:45.800 3070 3070 E ArmVmp : Match on catch block at 0xc3 in for 0xa9
01-08 05:59:45.804 3070 3070 E ArmVmp : Match on catch block at 0xc3 in for 0xa1
01-08 05:59:45.915 3070 3070 E ArmVmp : Match on catch block at 0xc3 in for 0xa5
01-08 05:59:45.923 3070 3070 E ArmVmp : Match on catch block at 0xc3 in for 0xa9
01-08 05:59:46.416 3070 3070 E ArmVmp : Match on catch block at 0xc3 in for 0xa1
01-08 05:59:46.423 3070 3070 E ArmVmp : Match on catch block at 0xc3 in for 0xa5
01-08 05:59:46.449 3070 3070 E ArmVmp : Match on catch block at 0xc3 in for 0xa5
01-08 05:59:46.454 3070 3070 E ArmVmp : Match on catch block at 0xc3 in for 0xa9
01-08 05:59:46.506 3070 3070 E ArmVmp : Match on catch block at 0xc3 in for 0xa9
01-08 05:59:46.509 3070 3070 E ArmVmp : Match on catch block at 0xc3 in for 0xa1
01-08 05:59:46.519 3070 3070 W IInputConnectionWrapper: getExtractedText on
inactive InputConnection
01-08 05:59:46.562 3070 3070 E ArmVmp : Match on catch block at 0xc3 in for 0xa1
01-08 05:59:46.565 3070 3070 E ArmVmp : Match on catch block at 0xc3 in for 0xa5
01-08 05:59:46.585 3070 3070 E ArmVmp : Match on catch block at 0xc3 in for 0xa5
01-08 05:59:46.590 3070 3070 E ArmVmp : Match on catch block at 0xc3 in for 0xa9
01-08 05:59:46.613 3070 3070 E ArmVmp : Match on catch block at 0xc3 in for 0xa9
01-08 05:59:46.618 3070 3070 E ArmVmp : Match on catch block at 0xc3 in for 0xa1
01-08 05:59:46.626 3070 3070 E ArmVmp : Match on catch block at 0xc3 in for 0xa1
01-08 05:59:46.632 3070 3070 E ArmVmp : Match on catch block at 0xc3 in for 0xa5
01-08 05:59:46.643 3070 3070 E ArmVmp : Match on catch block at 0xc3 in for 0xa5
01-08 05:59:46.649 3070 3070 E ArmVmp : Match on catch block at 0xc3 in for 0xa9
01-08 05:59:46.660 3070 3070 E ArmVmp : Match on catch block at 0xc3 in for 0xa9
01-08 05:59:46.665 3070 3070 E ArmVmp : Match on catch block at 0xc3 in for 0xa1
01-08 05:59:46.677 3070 3070 E ArmVmp : Match on catch block at 0xc3 in for 0xa1
01-08 05:59:46.682 3070 3070 E ArmVmp : Match on catch block at 0xc3 in for 0xa5
01-08 05:59:46.969 3070 3070 E ArmVmp : Match on catch block at 0xc3 in for 0xa5
01-08 05:59:46.981 3070 3070 E ArmVmp : Match on catch block at 0xc3 in for 0xa9
01-08 05:59:47.009 3070 3070 E ArmVmp : Match on catch block at 0xc3 in for 0xa9
01-08 05:59:47.014 3070 3567 W MediaPlayer: Use of stream types is deprecated for
operations other than volume control
01-08 05:59:47.014 3070 3567 W MediaPlayer: See the documentation of
setAudioStreamType() for what to use instead with android.media.AudioAttributes to
qualify your playback use case
01-08 05:59:47.022 3070 3070 E ArmVmp : Match on catch block at 0xc3 in for 0xa1
01-08 05:59:47.030 3070 3070 E ArmVmp : Match on catch block at 0xc3 in for 0xa1
01-08 05:59:47.040 3070 3070 E ArmVmp : Match on catch block at 0xc3 in for 0xa5
01-08 05:59:47.064 3070 3582 W MediaPlayerNative: info/warning (10973, 0)
01-08 05:59:47.115 3070 3070 E ArmVmp : Match on catch block at 0xc3 in for 0xa9
01-08 05:59:47.123 3070 3070 E ArmVmp : Match on catch block at 0xc3 in for 0xa1
01-08 05:59:47.286 3070 3070 E ArmVmp : Match on catch block at 0xc3 in for 0xa1
01-08 05:59:47.289 3070 3070 E ArmVmp : Match on catch block at 0xc3 in for 0xa5
01-08 05:59:47.799 3070 3070 E ArmVmp : Match on catch block at 0xc3 in for 0xa5
01-08 05:59:47.803 3070 3070 E ArmVmp : Match on catch block at 0xc3 in for 0xa9
01-08 05:59:47.814 3070 3070 W IInputConnectionWrapper: requestCursorAnchorInfo
on inactive InputConnection
01-08 05:59:47.831 3070 3070 E ArmVmp : Match on catch block at 0xc3 in for 0xa1
01-08 05:59:47.835 3070 3070 E ArmVmp : Match on catch block at 0xc3 in for 0xa5
01-08 05:59:47.941 3070 3541 W libEGL : EGLNativeWindowType 0x7d53add010
disconnect failed
01-08 05:59:47.956 3070 3070 E ArmVmp : Match on catch block at 0xc3 in for 0xa5
01-08 05:59:47.962 3070 3070 E ArmVmp : Match on catch block at 0xc3 in for 0xa9
01-08 05:59:52.304 3070 3541 W libEGL : EGLNativeWindowType 0x7d78893010
disconnect failed
01-08 05:59:52.336 3070 3070 E ViewRootImpl: sendUserActionEvent() mView
returned.
01-08 05:59:56.158 3070 3541 W libEGL : EGLNativeWindowType 0x7d53a96010
disconnect failed
01-08 06:01:33.478 3070 3070 E ArmVmp : Match on catch block at 0x0a in for 0xc5
01-08 06:01:33.483 3070 3070 E ArmVmp : Match on catch block at 0x0a in for 0xc1
01-08 06:01:33.886 3070 3070 E ArmVmp : Match on catch block at 0xc3 in for 0xb5
01-08 06:01:33.893 3070 3070 E ArmVmp : Match on catch block at 0xc3 in for 0xb5
01-08 06:01:34.093 3070 3070 E ArmVmp : Match on catch block at 0xc3 in for 0xa1
01-08 06:01:34.098 3070 3070 E ArmVmp : Match on catch block at 0xc3 in for 0xa5
01-08 06:01:34.244 3070 3070 E ArmVmp : Match on catch block at 0xc3 in for 0xa9
01-08 06:01:34.249 3070 3070 E ArmVmp : Match on catch block at 0xc3 in for 0xa1
01-08 06:01:34.298 3070 3070 E ArmVmp : Match on catch block at 0xc3 in for 0xa5
