01-08 15:58:27.205 11202 11202 W System.err:
01-08 15:58:27.205 11202 11202 W System.err: at
android.app.ActivityThread.main(ActivityThread.java:8653)
01-08 15:58:27.205 11202 11202 W System.err:
01-08 15:58:27.205 11202 11202 W System.err: at
java.lang.reflect.Method.invoke(Native Method)
01-08 15:58:27.205 11202 11202 W System.err:
01-08 15:58:27.206 11202 11202 W System.err: at
com.android.internal.os.RuntimeInit$MethodAndArgsCaller.run(RuntimeInit.java:602)
01-08 15:58:27.206 11202 11202 W System.err:
01-08 15:58:27.206 11202 11202 W System.err: at
com.android.internal.os.ZygoteInit.main(ZygoteInit.java:1130)
01-08 15:58:27.206 11202 11202 W System.err:
01-08 15:58:27.950 11202 11202 E RecyclerView: No adapter attached; skipping layout
01-08 15:58:28.155 11202 11613 W Gralloc3: mapper 3.x is not supported
01-08 15:58:28.206 11202 11202 W LOTTIE : Animation contains merge paths but they
are disabled.
01-08 15:58:28.468 11202 11202 E RecyclerView: No adapter attached; skipping layout
01-08 15:58:28.555 11202 11202 E ArmVmp : Match on catch block at 0x0a in for 0xd9
01-08 15:58:28.584 11202 11613 W libEGL : EGLNativeWindowType 0x7d65626010
disconnect failed
01-08 15:58:28.677 11202 11239 W com.whatsapp: Verification of void X.3e2.run()
took 109.557ms (35524.75 bytecodes/s) (101616B approximate peak alloc)
01-08 15:58:29.625 11202 11202 E ArmVmp : Match on catch block at 0x5b in for 0x89
01-08 15:58:29.689 11202 11202 E ArmVmp : Match on catch block at 0x5b in for 0x85
01-08 15:58:29.720 11202 11202 E ArmVmp : Match on catch block at 0x5b in for 0x89
01-08 15:58:34.128 11202 11613 W libEGL : EGLNativeWindowType 0x7d54372010
disconnect failed
01-08 15:58:37.928 11202 11202 W BottomSheetBehavior: BottomSheetBehavior now
supports multiple callbacks. `setBottomSheetCallback()` removes all existing
callbacks, including ones set internally by library authors, which may result in
unintended behavior. This may change in the future. Please use
`addBottomSheetCallback()` and `removeBottomSheetCallback()` instead to set your
own callbacks.
01-08 15:58:37.928 11202 11202 W BottomSheetBehavior: BottomSheetBehavior now
supports multiple callbacks. `setBottomSheetCallback()` removes all existing
callbacks, including ones set internally by library authors, which may result in
unintended behavior. This may change in the future. Please use
`addBottomSheetCallback()` and `removeBottomSheetCallback()` instead to set your
own callbacks.
01-08 15:58:38.075 11202 11202 W BottomSheetBehavior: BottomSheetBehavior now
supports multiple callbacks. `setBottomSheetCallback()` removes all existing
callbacks, including ones set internally by library authors, which may result in
unintended behavior. This may change in the future. Please use
`addBottomSheetCallback()` and `removeBottomSheetCallback()` instead to set your
own callbacks.
01-08 15:58:38.075 11202 11202 W BottomSheetBehavior: BottomSheetBehavior now
supports multiple callbacks. `setBottomSheetCallback()` removes all existing
callbacks, including ones set internally by library authors, which may result in
unintended behavior. This may change in the future. Please use
`addBottomSheetCallback()` and `removeBottomSheetCallback()` instead to set your
own callbacks.
01-08 15:58:38.159 11202 11796 W AudioCapabilities: Unsupported mime audio/x-ima
01-08 15:58:38.159 11202 11796 W VideoCapabilities: Unsupported mime video/mp43
01-08 15:58:38.160 11202 11796 W VideoCapabilities: Unsupported mime video/wvc1
01-08 15:58:38.160 11202 11796 W VideoCapabilities: Unsupported mime video/x-ms-wmv
01-08 15:58:38.161 11202 11796 W AudioCapabilities: Unsupported mime audio/x-ms-wma
01-08 15:58:38.161 11202 11796 W VideoCapabilities: Unsupported mime video/x-ms-
wmv7
01-08 15:58:38.161 11202 11796 W VideoCapabilities: Unsupported mime video/x-ms-
wmv8
01-08 15:58:38.162 11202 11796 W AudioCapabilities: Unsupported mime audio/x-ima
01-08 15:58:38.162 11202 11796 W AudioCapabilities: Unsupported mime audio/mpeg-L1
01-08 15:58:38.163 11202 11796 W AudioCapabilities: Unsupported mime audio/mpeg-L2
01-08 15:58:38.163 11202 11796 W VideoCapabilities: Unsupported mime video/wvc1
01-08 15:58:38.168 11202 11613 W libEGL : EGLNativeWindowType 0x7d38a77010
disconnect failed
01-08 15:58:38.170 11202 11202 E RecyclerView: No adapter attached; skipping layout
01-08 15:58:38.178 11202 11796 W VideoCapabilities: Unsupported mime video/wvc1
01-08 15:58:38.181 11202 11796 W VideoCapabilities: Unsupported mime video/avc-wfd
01-08 15:58:38.184 11202 11796 W VideoCapabilities: Unrecognized profile/level 1/32
for video/mp4v-es
01-08 15:58:38.184 11202 11796 W VideoCapabilities: Unrecognized profile/level
32768/2 for video/mp4v-es
01-08 15:58:38.184 11202 11796 W VideoCapabilities: Unrecognized profile/level
32768/64 for video/mp4v-es
01-08 15:58:38.224 11202 11613 W libEGL : EGLNativeWindowType 0x7d65741010
disconnect failed
01-08 15:58:38.264 11202 11801 W ACodec : [OMX.Exynos.avc.dec] setting
HDRStaticInfo failed even though codec advertises support
01-08 15:58:38.269 11202 11801 W ACodec : [OMX.Exynos.avc.dec] getting
HDRStaticInfo failed even though codec advertises support
01-08 15:58:38.347 11202 11801 W Gralloc4: allocator 3.x is not supported
01-08 15:58:38.349 11202 11801 W Gralloc3: allocator 3.x is not supported
01-08 15:58:38.371 11202 11801 W ACodec : [OMX.Exynos.avc.dec] getting
HDRStaticInfo failed even though codec advertises support
01-08 15:58:38.409 11202 11801 W ACodec : [OMX.Exynos.avc.dec] getting
HDRStaticInfo failed even though codec advertises support
01-08 15:58:38.520 11202 11812 W Codec2Client: query -- param skipped: index =
1107298332.
01-08 15:58:38.520 11202 11812 W CCodec : This behavior is subject to change. It
is recommended that app developers double check whether the requested max input
size is in reasonable range.
01-08 15:58:38.534 11202 11812 W Codec2Client: query -- param skipped: index =
1342179345.
01-08 15:58:38.534 11202 11812 W Codec2Client: query -- param skipped: index =
2415921170.
01-08 15:58:38.534 11202 11812 W Codec2Client: query -- param skipped: index =
1610614798.
01-08 15:58:38.545 11202 11812 E FMQ : grantorIdx must be less than 3
01-08 15:58:38.545 11202 11812 E FMQ : grantorIdx must be less than 3
01-08 15:58:38.560 11202 11812 E ion : ioctl c0044901 failed with code -1:
Invalid argument
01-08 15:58:38.567 11202 11812 E FMQ : grantorIdx must be less than 3
01-08 15:58:38.583 11202 11802 E FMQ : grantorIdx must be less than 3
01-08 15:58:41.696 11202 11255 W linker : Warning:
"/data/user_de/0/com.google.android.gms/app_chimera/m/00000140/CronetDynamite.apk!/
lib/arm64-v8a/libcronet.119.0.6045.31.so" unused DT entry: unknown processor-
specific (type 0x70000001 arg 0x0) (ignoring)
01-08 15:58:41.729 11202 11255 E hy : Exception fetching LoggerImpl class
01-08 15:58:41.729 11202 11255 E hy : java.lang.ClassNotFoundException: Didn't
find class "com.google.net.cronet.telemetry.CronetLoggerImpl" on path:
DexPathList[[zip file
"/data/user_de/0/com.google.android.gms/app_chimera/m/00000140/CronetDynamite.apk"]
,nativeLibraryDirectories=[/data/user_de/0/com.google.android.gms/app_chimera/m/
00000140/CronetDynamite.apk!/lib/arm64-v8a, /system/lib64]]
01-08 15:58:41.729 11202 11255 E hy : at
dalvik.system.BaseDexClassLoader.findClass(BaseDexClassLoader.java:207)
01-08 15:58:41.729 11202 11255 E hy : at
dalvik.system.DelegateLastClassLoader.loadClass(DelegateLastClassLoader.java:137)
01-08 15:58:41.729 11202 11255 E hy : at
java.lang.ClassLoader.loadClass(ClassLoader.java:312)
01-08 15:58:41.729 11202 11255 E hy : at
org.chromium.net.impl.CronetUrlRequestContext.<init>(:com.google.android.gms.dynami
te_cronetdynamite@[email protected] (150400-0):90)
01-08 15:58:41.729 11202 11255 E hy : at
org.chromium.net.impl.NativeCronetEngineBuilderImpl.build(:com.google.android.gms.d
ynamite_cronetdynamite@[email protected] (150400-0):14)
01-08 15:58:41.729 11202 11255 E hy : at
org.chromium.net.CronetEngine$Builder.build(Unknown Source:2)
01-08 15:58:41.729 11202 11255 E hy : at X.7Oe.A02(Unknown Source:216)
01-08 15:58:41.729 11202 11255 E hy : at X.7Oe.A03(Unknown Source:38)
01-08 15:58:41.729 11202 11255 E hy : at X.30w.A02(Unknown Source:24)
01-08 15:58:41.729 11202 11255 E hy : at X.2qX.A00(Unknown Source:8)
01-08 15:58:41.729 11202 11255 E hy : at X.3fx.run(Unknown Source:2257)
01-08 15:58:41.729 11202 11255 E hy : at
java.util.concurrent.ThreadPoolExecutor.runWorker(ThreadPoolExecutor.java:1167)
01-08 15:58:41.729 11202 11255 E hy : at
java.util.concurrent.ThreadPoolExecutor$Worker.run(ThreadPoolExecutor.java:641)
01-08 15:58:41.729 11202 11255 E hy : at X.3gH.run(Unknown Source:1548)
01-08 15:58:41.729 11202 11255 E hy : at
java.lang.Thread.run(Thread.java:923)
01-08 15:58:41.766 11202 11832 W chromium:
[0108/155841.766699:WARNING:dns_config_service_android.cc(81)] Failed to read
DnsConfig.
01-08 15:58:41.784 11202 11833 E chromium:
[0108/155841.784209:ERROR:cronet_context.cc(156)] Invalid QUIC hint
host: .whatsapp.com
01-08 15:58:41.784 11202 11833 E chromium:
[0108/155841.784459:ERROR:cronet_context.cc(156)] Invalid QUIC hint
host: .cdninstagram.com
01-08 15:58:41.784 11202 11833 E chromium:
[0108/155841.784563:ERROR:cronet_context.cc(156)] Invalid QUIC hint
host: .fbcdn.net
01-08 15:58:41.784 11202 11833 E chromium:
[0108/155841.784628:ERROR:cronet_context.cc(156)] Invalid QUIC hint
host: .facebook.com
01-08 15:58:41.784 11202 11833 E chromium:
[0108/155841.784704:ERROR:cronet_context.cc(156)] Invalid QUIC hint
host: .instagram.com
01-08 15:58:41.784 11202 11833 E chromium:
[0108/155841.784778:ERROR:cronet_context.cc(156)] Invalid QUIC hint
host: .whatsapp.net
01-08 15:58:42.805 11202 11247 E SQLiteDatabase: Error inserting transferred=0
media_job_uuid=598ffa02-c61a-4973-9480-f2272dccc2e8 transcoded=0 gif_attribution=0
first_scan_length=0 direct_path=/v/t62.7161-
24/25992215_738971064798118_757252651467363289_n.enc?ccb=11-
4&oh=01_AdSYwjCaU8jxtJp1ILlYRhe0azuYYixlywGYI33NJQUQPw&oe=65C3B2D4&_nc_sid=5e03e0
thumbnail_height_width_ratio=1.7777778 is_animated_sticker=0
file_hash=ap3fh6E0SeHBcph1QsXcUKB2/WS9IKxPzrXIfqXUX48= file_path=null file_size=0
partial_media_hash=null face_x=0 face_y=0 height=1024 trim_to=0
media_key_timestamp=1704738825000 message_url=https://mmg.whatsapp.net/v/t62.7161-
24/25992215_738971064798118_757252651467363289_n.enc?ccb=11-
4&oh=01_AdSYwjCaU8jxtJp1ILlYRhe0azuYYixlywGYI33NJQUQPw&oe=65C3B2D4&_nc_sid=5e03e0&m
ms3=true media_caption=null trim_from=0 mime_type=video/mp4
partial_media_enc_hash=null width=576 original_file_hash=null
has_streaming_sidecar=1 autotransfer_retry_enabled=1 media_upload_handle=null
message_row_id=93766 multicast_id=null
enc_file_hash=ji3bmyNgSOam8O55FMOp73nkTxgbdoDM1ms5qrCmq2w= mute_video=0
page_count=0 first_scan_sidecar=null suspicious_content=0 file_length=2675797
media_name=null media_duration=19 chat_row_id=105 media_key=[B@cd9ff64
01-08 15:58:42.805 11202 11247 E SQLiteDatabase:
android.database.sqlite.SQLiteConstraintException: UNIQUE constraint failed:
message_media.message_row_id (code 1555 SQLITE_CONSTRAINT_PRIMARYKEY[1555])
01-08 15:58:42.805 11202 11247 E SQLiteDatabase: at
android.database.sqlite.SQLiteConnection.nativeExecuteForLastInsertedRowId(Native
Method)
01-08 15:58:42.805 11202 11247 E SQLiteDatabase: at
android.database.sqlite.SQLiteConnection.executeForLastInsertedRowId(SQLiteConnecti
on.java:1217)
01-08 15:58:42.805 11202 11247 E SQLiteDatabase: at
android.database.sqlite.SQLiteSession.executeForLastInsertedRowId(SQLiteSession.jav
a:790)
01-08 15:58:42.805 11202 11247 E SQLiteDatabase: at
android.database.sqlite.SQLiteStatement.executeInsert(SQLiteStatement.java:88)
01-08 15:58:42.805 11202 11247 E SQLiteDatabase: at
android.database.sqlite.SQLiteDatabase.insertWithOnConflict(SQLiteDatabase.java:221
9)
01-08 15:58:42.805 11202 11247 E SQLiteDatabase: at
android.database.sqlite.SQLiteDatabase.insert(SQLiteDatabase.java:2088)
01-08 15:58:42.805 11202 11247 E SQLiteDatabase: at X.2tm.A08(Unknown
Source:6)
01-08 15:58:42.805 11202 11247 E SQLiteDatabase: at X.35Y.A07(Unknown
Source:212)
01-08 15:58:42.805 11202 11247 E SQLiteDatabase: at X.3QF.A14(Unknown
Source:470)
01-08 15:58:42.805 11202 11247 E SQLiteDatabase: at X.3gU.run(Unknown
Source:982)
01-08 15:58:42.805 11202 11247 E SQLiteDatabase: at
android.os.Handler.handleCallback(Handler.java:938)
01-08 15:58:42.805 11202 11247 E SQLiteDatabase: at
android.os.Handler.dispatchMessage(Handler.java:99)
01-08 15:58:42.805 11202 11247 E SQLiteDatabase: at
X.0zq.dispatchMessage(Unknown Source:4)
01-08 15:58:42.805 11202 11247 E SQLiteDatabase: at
android.os.Looper.loop(Looper.java:246)
01-08 15:58:42.805 11202 11247 E SQLiteDatabase: at
android.os.HandlerThread.run(HandlerThread.java:67)
01-08 15:58:42.853 11202 11812 W Codec2Client: query -- param skipped: index =
1342179345.
01-08 15:58:42.853 11202 11812 W Codec2Client: query -- param skipped: index =
2415921170.
01-08 15:58:42.853 11202 11812 W Codec2Client: query -- param skipped: index =
1610614798.
01-08 15:58:44.316 11202 11613 W libEGL : EGLNativeWindowType 0x7d38a77010
disconnect failed
01-08 15:58:44.366 11202 11202 E ViewRootImpl: sendUserActionEvent() mView
returned.
01-08 15:58:45.403 11202 11613 W libEGL : EGLNativeWindowType 0x7d65741010
disconnect failed
01-08 15:58:54.815 11202 11216 W System : A resource failed to call release.
01-08 16:06:29.205 11202 13921 W LibraryVersion: Failed to get app version for
libraryName: firebase-iid
01-08 16:23:33.915 11202 11613 W libEGL : EGLNativeWindowType 0x7dedb01010
disconnect failed
01-08 16:55:04.116 11202 11202 W com.whatsapp: Verification of void
X.5pH.A1Z(android.os.Bundle) took 129.885ms (78014.71 bytecodes/s) (247928B
approximate peak alloc)
01-08 16:55:04.492 11202 24924 E linker : library ""
("/apex/com.android.vndk.v30/lib64") needed or dlopened by
"/apex/com.android.vndk.v30/lib64/libRS_internal.so" is not accessible for the
namespace: [name="rs", ld_library_paths="",
default_library_paths="/apex/com.android.vndk.v30/lib64:/vendor/lib64",
permitted_paths="/odm/lib64:/vendor/lib64:/system/vendor/lib64:/data"]
01-08 16:55:04.493 11202 24924 E RenderScript: Failed loading RS driver: dlopen
failed: library "" needed or dlopened by
"/apex/com.android.vndk.v30/lib64/libRS_internal.so" is not accessible for the
namespace "rs"
01-08 16:55:04.493 11202 24924 E RenderScript: Failed to load runtime , loading
default
01-08 16:55:05.030 11202 11202 E ArmVmp : Match on catch block at 0x0a in for 0xc9
01-08 16:55:05.036 11202 11202 E ArmVmp : Match on catch block at 0x0a in for 0xc9
01-08 16:55:05.707 11202 11202 E ArmVmp : Match on catch block at 0xc3 in for 0xb9
01-08 16:55:05.716 11202 11202 E ArmVmp : Match on catch block at 0xc3 in for 0xb5
01-08 16:55:05.721 11202 11202 E ArmVmp : Match on catch block at 0xc3 in for 0xb5
01-08 16:55:05.847 11202 11202 E ArmVmp : Match on catch block at 0xc3 in for 0xa1
01-08 16:55:05.852 11202 11202 E ArmVmp : Match on catch block at 0xc3 in for 0xa9
01-08 16:55:05.856 11202 11202 E ArmVmp : Match on catch block at 0xc3 in for 0xa9
01-08 16:55:05.950 11202 11202 E ArmVmp : Match on catch block at 0xc3 in for 0xa9
01-08 16:55:05.956 11202 11202 E ArmVmp : Match on catch block at 0xc3 in for 0xa1
01-08 16:55:05.959 11202 11202 E ArmVmp : Match on catch block at 0xc3 in for 0xa1
01-08 16:55:06.044 11202 11202 E ArmVmp : Match on catch block at 0xc3 in for 0xa9
01-08 16:55:06.050 11202 11202 E ArmVmp : Match on catch block at 0xc3 in for 0xa1
01-08 16:55:06.054 11202 11202 E ArmVmp : Match on catch block at 0xc3 in for 0xa1
01-08 16:55:06.085 11202 11202 E ArmVmp : Match on catch block at 0xc3 in for 0xa5
01-08 16:55:06.092 11202 11202 E ArmVmp : Match on catch block at 0xc3 in for 0xa9
01-08 16:55:06.099 11202 11202 E ArmVmp : Match on catch block at 0xc3 in for 0xa9
01-08 16:55:06.127 11202 11202 E ArmVmp : Match on catch block at 0xc3 in for 0xa1
01-08 16:55:06.133 11202 11202 E ArmVmp : Match on catch block at 0xc3 in for 0xa5
01-08 16:55:06.137 11202 11202 E ArmVmp : Match on catch block at 0xc3 in for 0xa5
01-08 16:55:06.172 11202 11202 E ArmVmp : Match on catch block at 0xc3 in for 0xa5
01-08 16:55:06.182 11202 11202 E ArmVmp : Match on catch block at 0xc3 in for 0xa9
01-08 16:55:06.187 11202 11202 E ArmVmp : Match on catch block at 0xc3 in for 0xa9
01-08 16:55:06.242 11202 11202 E ArmVmp : Match on catch block at 0xc3 in for 0xa1
01-08 16:55:06.253 11202 11202 E ArmVmp : Match on catch block at 0xc3 in for 0xa5
01-08 16:55:06.260 11202 11202 E ArmVmp : Match on catch block at 0xc3 in for 0xa5
01-08 16:55:06.267 11202 11202 E ArmVmp : Match on catch block at 0xc3 in for 0xa9
01-08 16:55:06.273 11202 11202 E ArmVmp : Match on catch block at 0xc3 in for 0xa1
01-08 16:55:06.279 11202 11202 E ArmVmp : Match on catch block at 0xc3 in for 0xa1
01-08 16:55:06.296 11202 11613 W libEGL : EGLNativeWindowType 0x7dedb01010
disconnect failed
01-08 16:55:06.323 11202 11202 E ArmVmp : Match on catch block at 0xc3 in for 0xa5
01-08 16:55:06.334 11202 11202 E ArmVmp : Match on catch block at 0xc3 in for 0xa9
01-08 16:55:06.338 11202 11202 E ArmVmp : Match on catch block at 0xc3 in for 0xa9
01-08 16:55:06.367 11202 11202 E ArmVmp : Match on catch block at 0xc3 in for 0xa1
01-08 16:55:06.374 11202 11202 E ArmVmp : Match on catch block at 0xc3 in for 0xa5
01-08 16:55:06.381 11202 11202 E ArmVmp : Match on catch block at 0xc3 in for 0xa5
01-08 16:55:06.539 11202 11202 E ArmVmp : Match on catch block at 0xc3 in for 0xa5
01-08 16:55:06.549 11202 11202 E ArmVmp : Match on catch block at 0xc3 in for 0xa9
01-08 16:55:06.552 11202 11202 E ArmVmp : Match on catch block at 0xc3 in for 0xa9
01-08 16:55:06.567 11202 11202 E ArmVmp : Match on catch block at 0xc3 in for 0xa1
01-08 16:55:06.576 11202 11202 E ArmVmp : Match on catch block at 0xc3 in for 0xa5
01-08 16:55:06.582 11202 11202 E ArmVmp : Match on catch block at 0xc3 in for 0xa5
01-08 16:55:07.015 11202 11202 E ArmVmp : Match on catch block at 0xc3 in for 0xa9
01-08 16:55:07.024 11202 11202 E ArmVmp : Match on catch block at 0xc3 in for 0xa1
01-08 16:55:07.035 11202 11202 E ArmVmp : Match on catch block at 0xc3 in for 0xa1
01-08 16:55:07.458 11202 11202 E ArmVmp : Match on catch block at 0xc3 in for 0xa9
01-08 16:55:07.475 11202 11202 E ArmVmp : Match on catch block at 0xc3 in for 0xa1
01-08 16:55:07.483 11202 11202 E ArmVmp : Match on catch block at 0xc3 in for 0xa1
01-08 16:55:07.531 11202 11202 E ArmVmp : Match on catch block at 0xc3 in for 0xa5
01-08 16:55:07.533 11202 11613 W libEGL : EGLNativeWindowType 0x7d546ba010
disconnect failed
01-08 16:55:07.543 11202 11202 E ArmVmp : Match on catch block at 0xc3 in for 0xa9
01-08 16:55:07.548 11202 11202 E ArmVmp : Match on catch block at 0xc3 in for 0xa9
01-08 16:55:07.614 11202 11202 E ArmVmp : Match on catch block at 0xc3 in for 0xa1
01-08 16:55:07.623 11202 11202 E ArmVmp : Match on catch block at 0xc3 in for 0xa5
01-08 16:55:07.630 11202 11202 E ArmVmp : Match on catch block at 0xc3 in for 0xa5
01-08 16:55:08.192 11202 11202 E ArmVmp : Match on catch block at 0xc3 in for 0xa1
01-08 16:55:08.199 11202 11202 E ArmVmp : Match on catch block at 0xc3 in for 0xa5
01-08 16:55:08.213 11202 11202 E ArmVmp : Match on catch block at 0xc3 in for 0xa5
01-08 16:55:08.273 11202 11202 E ArmVmp : Match on catch block at 0xc3 in for 0xa5
01-08 16:55:08.279 11202 11202 E ArmVmp : Match on catch block at 0xc3 in for 0xa9
01-08 16:55:08.285 11202 11202 E ArmVmp : Match on catch block at 0xc3 in for 0xa9
01-08 16:55:08.311 11202 11202 E ArmVmp : Match on catch block at 0xc3 in for 0xa5
01-08 16:55:08.316 11202 11202 E ArmVmp : Match on catch block at 0xc3 in for 0xa9
01-08 16:55:08.322 11202 11202 E ArmVmp : Match on catch block at 0xc3 in for 0xa9
01-08 16:55:08.335 11202 11202 E ArmVmp : Match on catch block at 0xc3 in for 0xa1
01-08 16:55:08.341 11202 11202 E ArmVmp : Match on catch block at 0xc3 in for 0xa5
01-08 16:55:08.346 11202 11202 E ArmVmp : Match on catch block at 0xc3 in for 0xa5
01-08 16:55:08.358 11202 11202 E ArmVmp : Match on catch block at 0xc3 in for 0xa9
01-08 16:55:08.365 11202 11202 E ArmVmp : Match on catch block at 0xc3 in for 0xa1
01-08 16:55:08.370 11202 11202 E ArmVmp : Match on catch block at 0xc3 in for 0xa1
01-08 16:55:08.604 11202 11202 E ArmVmp : Match on catch block at 0xc3 in for 0xa1
01-08 16:55:08.611 11202 11202 E ArmVmp : Match on catch block at 0xc3 in for 0xa5
01-08 16:55:08.616 11202 11202 E ArmVmp : Match on catch block at 0xc3 in for 0xa5
01-08 16:55:08.663 11202 11202 E ArmVmp : Match on catch block at 0xc3 in for 0xa5
01-08 16:55:08.674 11202 11202 E ArmVmp : Match on catch block at 0xc3 in for 0xa9
01-08 16:55:08.680 11202 11202 E ArmVmp : Match on catch block at 0xc3 in for 0xa9
01-08 16:55:08.890 11202 11202 E ArmVmp : Match on catch block at 0xc3 in for 0xa5
01-08 16:55:08.901 11202 11202 E ArmVmp : Match on catch block at 0xc3 in for 0xa9
01-08 16:55:08.908 11202 11202 E ArmVmp : Match on catch block at 0xc3 in for 0xa9
01-08 16:55:09.160 11202 11202 E ArmVmp : Match on catch block at 0xc3 in for 0xa5
01-08 16:55:09.167 11202 11202 E ArmVmp : Match on catch block at 0xc3 in for 0xa9
01-08 16:55:09.173 11202 11202 E ArmVmp : Match on catch block at 0xc3 in for 0xa9
01-08 16:55:09.245 11202 11202 W IInputConnectionWrapper: getExtractedText on
inactive InputConnection
01-08 16:55:09.289 11202 11202 E ArmVmp : Match on catch block at 0xc3 in for 0xa1
01-08 16:55:09.301 11202 11202 E ArmVmp : Match on catch block at 0xc3 in for 0xa5
01-08 16:55:09.327 11202 11202 E ArmVmp : Match on catch block at 0xc3 in for 0xa1
01-08 16:55:09.335 11202 11202 E ArmVmp : Match on catch block at 0xc3 in for 0xa5
01-08 16:55:09.355 11202 11202 E ArmVmp : Match on catch block at 0xc3 in for 0xa1
01-08 16:55:09.360 11202 11202 E ArmVmp : Match on catch block at 0xc3 in for 0xa5
01-08 16:55:09.460 11202 11202 W SoundPool: Use of stream types is deprecated for
operations other than volume control
01-08 16:55:09.460 11202 11202 W SoundPool: See the documentation of SoundPool()
for what to use instead with android.media.AudioAttributes to qualify your playback
use case
01-08 16:55:09.533 11202 11202 W AudioManager: Use of stream types is deprecated
for operations other than volume control
01-08 16:55:09.533 11202 11202 W AudioManager: See the documentation of
requestAudioFocus() for what to use instead with android.media.AudioAttributes to
qualify your playback use case
01-08 16:55:09.760 11202 11202 W libOpenSLES: Conversion from OpenSL ES positional
channel mask 0x4 to Android mask 0 loses channels
01-08 16:55:10.078 11202 25015 W LOTTIE : Unknown shape type rd
01-08 16:55:10.095 11202 11202 E ArmVmp : Match on catch block at 0xc3 in for 0xa1
01-08 16:55:10.104 11202 11202 E ArmVmp : Match on catch block at 0xc3 in for 0xa5
01-08 16:55:10.163 11202 11613 W libEGL : EGLNativeWindowType 0x7d49988010
disconnect failed
01-08 16:55:10.362 11202 11202 E ArmVmp : Match on catch block at 0xc3 in for 0xa1
01-08 16:55:10.372 11202 11202 E ArmVmp : Match on catch block at 0xc3 in for 0xa5
01-08 16:55:10.453 11202 11202 E ArmVmp : Match on catch block at 0xc3 in for 0xa1
01-08 16:55:10.462 11202 11202 E ArmVmp : Match on catch block at 0xc3 in for 0xa5
01-08 16:55:10.516 11202 11613 W libEGL : EGLNativeWindowType 0x7d49988010
disconnect failed
01-08 16:55:10.614 11202 11202 E ArmVmp : Match on catch block at 0xc3 in for 0xa1
01-08 16:55:10.623 11202 11202 E ArmVmp : Match on catch block at 0xc3 in for 0xa5
01-08 16:55:10.655 11202 11202 E ArmVmp : Match on catch block at 0xc3 in for 0xa1
01-08 16:55:10.670 11202 11202 E ArmVmp : Match on catch block at 0xc3 in for 0xa5
01-08 16:55:10.926 11202 11613 W libEGL : EGLNativeWindowType 0x7d49988010
disconnect failed
01-08 16:55:10.989 11202 11202 E ArmVmp : Match on catch block at 0xc3 in for 0xa9
01-08 16:55:10.998 11202 11202 E ArmVmp : Match on catch block at 0xc3 in for 0xa1
01-08 16:55:11.018 11202 11202 E ArmVmp : Match on catch block at 0xc3 in for 0xa9
01-08 16:55:11.029 11202 11202 E ArmVmp : Match on catch block at 0xc3 in for 0xa1
01-08 16:55:11.041 11202 24912 W MediaPlayer: Use of stream types is deprecated for
operations other than volume control
01-08 16:55:11.041 11202 24912 W MediaPlayer: See the documentation of
setAudioStreamType() for what to use instead with android.media.AudioAttributes to
qualify your playback use case
01-08 16:55:11.128 11202 11202 E ArmVmp : Match on catch block at 0xc3 in for 0xa9
01-08 16:55:11.141 11202 11202 E ArmVmp : Match on catch block at 0xc3 in for 0xa1
01-08 16:55:11.187 11202 11202 E ArmVmp : Match on catch block at 0xc3 in for 0xa9
01-08 16:55:11.202 11202 11202 E ArmVmp : Match on catch block at 0xc3 in for 0xa1
01-08 16:55:11.285 11202 25023 W MediaPlayerNative: info/warning (10973, 0)
01-08 16:55:11.354 11202 11202 E ArmVmp : Match on catch block at 0xc3 in for 0xa1
01-08 16:55:11.365 11202 11202 E ArmVmp : Match on catch block at 0xc3 in for 0xa5
01-08 16:55:11.472 11202 11202 E ArmVmp : Match on catch block at 0xc3 in for 0xa9
01-08 16:55:11.485 11202 11202 E ArmVmp : Match on catch block at 0xc3 in for 0xa1
01-08 16:55:11.565 11202 11202 E ArmVmp : Match on catch block at 0xc3 in for 0xa5
01-08 16:55:11.586 11202 11202 E ArmVmp : Match on catch block at 0xc3 in for 0xa9
01-08 16:55:11.625 11202 11202 E ArmVmp : Match on catch block at 0xc3 in for 0xa5
01-08 16:55:11.640 11202 11202 E ArmVmp : Match on catch block at 0xc3 in for 0xa9
01-08 16:55:11.684 11202 11202 E ArmVmp : Match on catch block at 0xc3 in for 0xa5
01-08 16:55:11.696 11202 11202 E ArmVmp : Match on catch block at 0xc3 in for 0xa9
01-08 16:55:11.746 11202 11613 W libEGL : EGLNativeWindowType 0x7d49753010
disconnect failed
01-08 16:55:11.951 11202 11202 E ArmVmp : Match on catch block at 0xc3 in for 0xa1
01-08 16:55:11.967 11202 11202 E ArmVmp : Match on catch block at 0xc3 in for 0xa5
01-08 16:55:12.112 11202 11613 W libEGL : EGLNativeWindowType 0x7d49753010
disconnect failed
01-08 16:55:12.169 11202 11613 W libEGL : EGLNativeWindowType 0x7d49753010
disconnect failed
01-08 16:55:12.215 11202 11613 W libEGL : EGLNativeWindowType 0x7d49753010
disconnect failed
01-08 16:55:12.275 11202 11613 W libEGL : EGLNativeWindowType 0x7d49753010
disconnect failed
01-08 16:55:12.351 11202 11613 W libEGL : EGLNativeWindowType 0x7d49753010
disconnect failed
01-08 16:55:12.428 11202 11613 W libEGL : EGLNativeWindowType 0x7d49753010
disconnect failed
01-08 16:55:12.481 11202 11202 E ArmVmp : Match on catch block at 0xc3 in for 0xa9
01-08 16:55:12.491 11202 11202 E ArmVmp : Match on catch block at 0xc3 in for 0xa1
01-08 16:55:12.781 11202 11202 E ArmVmp : Match on catch block at 0xc3 in for 0xa9
01-08 16:55:12.790 11202 11202 E ArmVmp : Match on catch block at 0xc3 in for 0xa1
01-08 16:55:12.803 11202 11202 E ArmVmp : Match on catch block at 0xc3 in for 0xa9
01-08 16:55:12.814 11202 11202 E ArmVmp : Match on catch block at 0xc3 in for 0xa1
01-08 16:55:12.826 11202 11202 E ArmVmp : Match on catch block at 0xc3 in for 0xa9
01-08 16:55:12.835 11202 11202 E ArmVmp : Match on catch block at 0xc3 in for 0xa1
01-08 16:55:12.848 11202 11202 E ArmVmp : Match on catch block at 0xc3 in for 0xa9
01-08 16:55:12.856 11202 11202 E ArmVmp : Match on catch block at 0xc3 in for 0xa1
01-08 16:55:12.868 11202 11202 E ArmVmp : Match on catch block at 0xc3 in for 0xa9
01-08 16:55:12.878 11202 11202 E ArmVmp : Match on catch block at 0xc3 in for 0xa1
01-08 16:55:12.900 11202 11202 E ArmVmp : Match on catch block at 0xc3 in for 0xa9
01-08 16:55:12.911 11202 11202 E ArmVmp : Match on catch block at 0xc3 in for 0xa1
01-08 16:55:12.930 11202 11202 E ArmVmp : Match on catch block at 0xc3 in for 0xa9
01-08 16:55:12.938 11202 11202 E ArmVmp : Match on catch block at 0xc3 in for 0xa1
01-08 16:55:12.952 11202 11202 E ArmVmp : Match on catch block at 0xc3 in for 0xa9
01-08 16:55:12.971 11202 11202 E ArmVmp : Match on catch block at 0xc3 in for 0xa1
01-08 16:55:12.982 11202 11202 E ArmVmp : Match on catch block at 0xc3 in for 0xa9
01-08 16:55:12.991 11202 11202 E ArmVmp : Match on catch block at 0xc3 in for 0xa1
01-08 16:55:13.008 11202 11202 E ArmVmp : Match on catch block at 0xc3 in for 0xa9
01-08 16:55:13.017 11202 11202 E ArmVmp : Match on catch block at 0xc3 in for 0xa1
01-08 16:55:13.028 11202 11202 E ArmVmp : Match on catch block at 0xc3 in for 0xa9
01-08 16:55:13.037 11202 11202 E ArmVmp : Match on catch block at 0xc3 in for 0xa1
01-08 16:55:13.286 11202 11613 W libEGL : EGLNativeWindowType 0x7d49753010
disconnect failed
01-08 16:55:13.478 11202 11202 E ArmVmp : Match on catch block at 0xc3 in for 0xa5
01-08 16:55:13.490 11202 11202 E ArmVmp : Match on catch block at 0xc3 in for 0xa9
01-08 16:55:13.976 11202 11202 E ArmVmp : Match on catch block at 0xc3 in for 0xa5
01-08 16:55:13.985 11202 11202 E ArmVmp : Match on catch block at 0xc3 in for 0xa9
01-08 16:55:14.483 11202 11202 E ArmVmp : Match on catch block at 0xc3 in for 0xa5
01-08 16:55:14.503 11202 11202 E ArmVmp : Match on catch block at 0xc3 in for 0xa9
01-08 16:55:14.967 11202 11202 E ArmVmp : Match on catch block at 0xc3 in for 0xa5
01-08 16:55:14.982 11202 11202 E ArmVmp : Match on catch block at 0xc3 in for 0xa9
01-08 16:55:15.307 11202 11613 W libEGL : EGLNativeWindowType 0x7d49753010
disconnect failed
01-08 16:55:15.486 11202 11202 E ArmVmp : Match on catch block at 0xc3 in for 0xa1
01-08 16:55:15.496 11202 11202 E ArmVmp : Match on catch block at 0xc3 in for 0xa5
01-08 16:55:15.986 11202 11202 E ArmVmp : Match on catch block at 0xc3 in for 0xa1
01-08 16:55:15.995 11202 11202 E ArmVmp : Match on catch block at 0xc3 in for 0xa5
01-08 16:55:16.486 11202 11202 E ArmVmp : Match on catch block at 0xc3 in for 0xa1
01-08 16:55:16.493 11202 11202 E ArmVmp : Match on catch block at 0xc3 in for 0xa5
01-08 16:55:16.883 11202 11202 E ArmVmp : Match on catch block at 0xc3 in for 0xa9
01-08 16:55:16.892 11202 11202 E ArmVmp : Match on catch block at 0xc3 in for 0xa1
01-08 16:55:16.908 11202 11202 E ArmVmp : Match on catch block at 0xc3 in for 0xa9
01-08 16:55:16.920 11202 11202 E ArmVmp : Match on catch block at 0xc3 in for 0xa1
01-08 16:55:16.978 11202 11202 E ArmVmp : Match on catch block at 0xc3 in for 0xa9
01-08 16:55:16.990 11202 11202 E ArmVmp : Match on catch block at 0xc3 in for 0xa1
01-08 16:55:17.326 11202 11613 W libEGL : EGLNativeWindowType 0x7d49753010
disconnect failed
01-08 16:55:17.497 11202 11202 E ArmVmp : Match on catch block at 0xc3 in for 0xa5
01-08 16:55:17.511 11202 11202 E ArmVmp : Match on catch block at 0xc3 in for 0xa9
01-08 16:55:17.576 11202 11613 W libEGL : EGLNativeWindowType 0x7d49753010
disconnect failed
01-08 16:55:17.621 11202 11613 W libEGL : EGLNativeWindowType 0x7d49753010
disconnect failed
01-08 16:55:17.669 11202 11613 W libEGL : EGLNativeWindowType 0x7d49753010
disconnect failed
01-08 16:55:17.717 11202 11613 W libEGL : EGLNativeWindowType 0x7d49753010
disconnect failed
01-08 16:55:17.778 11202 11613 W libEGL : EGLNativeWindowType 0x7d49753010
disconnect failed
01-08 16:55:17.826 11202 11613 W libEGL : EGLNativeWindowType 0x7d49753010
disconnect failed
01-08 16:55:17.871 11202 11613 W libEGL : EGLNativeWindowType 0x7d49753010
disconnect failed
01-08 16:55:17.996 11202 11202 E ArmVmp : Match on catch block at 0xc3 in for 0xa9
01-08 16:55:18.003 11202 11202 E ArmVmp : Match on catch block at 0xc3 in for 0xa1
01-08 16:55:18.470 11202 11202 E ArmVmp : Match on catch block at 0xc3 in for 0xa9
01-08 16:55:18.485 11202 11202 E ArmVmp : Match on catch block at 0xc3 in for 0xa1
01-08 16:55:18.498 11202 11202 E ArmVmp : Match on catch block at 0xc3 in for 0xa9
01-08 16:55:18.507 11202 11202 E ArmVmp : Match on catch block at 0xc3 in for 0xa1
01-08 16:55:18.521 11202 11202 E ArmVmp : Match on catch block at 0xc3 in for 0xa9
01-08 16:55:18.531 11202 11202 E ArmVmp : Match on catch block at 0xc3 in for 0xa1
01-08 16:55:18.548 11202 11202 E ArmVmp : Match on catch block at 0xc3 in for 0xa9
01-08 16:55:18.556 11202 11202 E ArmVmp : Match on catch block at 0xc3 in for 0xa1
01-08 16:55:18.566 11202 11202 E ArmVmp : Match on catch block at 0xc3 in for 0xa9
01-08 16:55:18.574 11202 11202 E ArmVmp : Match on catch block at 0xc3 in for 0xa1
01-08 16:55:18.586 11202 11202 E ArmVmp : Match on catch block at 0xc3 in for 0xa9
01-08 16:55:18.597 11202 11202 E ArmVmp : Match on catch block at 0xc3 in for 0xa1
01-08 16:55:18.615 11202 11202 E ArmVmp : Match on catch block at 0xc3 in for 0xa9
01-08 16:55:18.623 11202 11202 E ArmVmp : Match on catch block at 0xc3 in for 0xa1
01-08 16:55:18.634 11202 11202 E ArmVmp : Match on catch block at 0xc3 in for 0xa9
01-08 16:55:18.644 11202 11202 E ArmVmp : Match on catch block at 0xc3 in for 0xa1
01-08 16:55:18.662 11202 11202 E ArmVmp : Match on catch block at 0xc3 in for 0xa9
01-08 16:55:18.670 11202 11202 E ArmVmp : Match on catch block at 0xc3 in for 0xa1
01-08 16:55:18.680 11202 11202 E ArmVmp : Match on catch block at 0xc3 in for 0xa9
01-08 16:55:18.689 11202 11202 E ArmVmp : Match on catch block at 0xc3 in for 0xa1
01-08 16:55:18.701 11202 11202 E ArmVmp : Match on catch block at 0xc3 in for 0xa9
01-08 16:55:18.710 11202 11202 E ArmVmp : Match on catch block at 0xc3 in for 0xa1
01-08 16:55:18.730 11202 11202 E ArmVmp : Match on catch block at 0xc3 in for 0xa9
01-08 16:55:18.737 11202 11202 E ArmVmp : Match on catch block at 0xc3 in for 0xa1
01-08 16:55:19.010 11202 11202 E ArmVmp : Match on catch block at 0xc3 in for 0xa9
01-08 16:55:19.029 11202 11202 E ArmVmp : Match on catch block at 0xc3 in for 0xa1
01-08 16:55:19.342 11202 11613 W libEGL : EGLNativeWindowType 0x7d49753010
disconnect failed
01-08 16:55:19.502 11202 11202 E ArmVmp : Match on catch block at 0xc3 in for 0xa9
01-08 16:55:19.514 11202 11202 E ArmVmp : Match on catch block at 0xc3 in for 0xa1
01-08 16:55:20.005 11202 11202 E ArmVmp : Match on catch block at 0xc3 in for 0xa9
01-08 16:55:20.014 11202 11202 E ArmVmp : Match on catch block at 0xc3 in for 0xa1
01-08 16:55:20.511 11202 11202 E ArmVmp : Match on catch block at 0xc3 in for 0xa9
01-08 16:55:20.526 11202 11202 E ArmVmp : Match on catch block at 0xc3 in for 0xa1
01-08 16:55:21.017 11202 11202 E ArmVmp : Match on catch block at 0xc3 in for 0xa9
01-08 16:55:21.038 11202 11202 E ArmVmp : Match on catch block at 0xc3 in for 0xa1
01-08 16:55:21.513 11202 11202 E ArmVmp : Match on catch block at 0xc3 in for 0xa9
01-08 16:55:21.520 11202 11202 E ArmVmp : Match on catch block at 0xc3 in for 0xa1
01-08 16:55:22.022 11202 11202 E ArmVmp : Match on catch block at 0xc3 in for 0xa9
01-08 16:55:22.042 11202 11202 E ArmVmp : Match on catch block at 0xc3 in for 0xa1
01-08 16:55:22.199 11202 11202 E ArmVmp : Match on catch block at 0xc3 in for 0xa9
01-08 16:55:22.208 11202 11202 E ArmVmp : Match on catch block at 0xc3 in for 0xa1
01-08 16:55:22.220 11202 11202 E ArmVmp : Match on catch block at 0xc3 in for 0xa9
01-08 16:55:22.229 11202 11202 E ArmVmp : Match on catch block at 0xc3 in for 0xa1
01-08 16:55:22.525 11202 11202 E ArmVmp : Match on catch block at 0xc3 in for 0xa9
01-08 16:55:22.545 11202 11202 E ArmVmp : Match on catch block at 0xc3 in for 0xa1
01-08 16:55:23.027 11202 11202 E ArmVmp : Match on catch block at 0xc3 in for 0xa9
01-08 16:55:23.044 11202 11202 E ArmVmp : Match on catch block at 0xc3 in for 0xa1
01-08 16:55:23.517 11202 11202 E ArmVmp : Match on catch block at 0xc3 in for 0xa9
01-08 16:55:23.536 11202 11202 E ArmVmp : Match on catch block at 0xc3 in for 0xa1
01-08 16:55:23.793 11202 11202 E ArmVmp : Match on catch block at 0xc3 in for 0xa9
01-08 16:55:23.814 11202 11202 E ArmVmp : Match on catch block at 0xc3 in for 0xa1
01-08 16:55:23.834 11202 11202 E ArmVmp : Match on catch block at 0xc3 in for 0xa9
01-08 16:55:23.850 11202 11202 E ArmVmp : Match on catch block at 0xc3 in for 0xa1
01-08 16:55:23.869 11202 11202 E ArmVmp : Match on catch block at 0xc3 in for 0xa9
01-08 16:55:23.879 11202 11202 E ArmVmp : Match on catch block at 0xc3 in for 0xa1
01-08 16:55:23.894 11202 11202 E ArmVmp : Match on catch block at 0xc3 in for 0xa9
01-08 16:55:23.903 11202 11202 E ArmVmp : Match on catch block at 0xc3 in for 0xa1
01-08 16:55:23.916 11202 11202 E ArmVmp : Match on catch block at 0xc3 in for 0xa9
01-08 16:55:23.926 11202 11202 E ArmVmp : Match on catch block at 0xc3 in for 0xa1
01-08 16:55:23.938 11202 11202 E ArmVmp : Match on catch block at 0xc3 in for 0xa9
01-08 16:55:23.949 11202 11202 E ArmVmp : Match on catch block at 0xc3 in for 0xa1
01-08 16:55:23.965 11202 11202 E ArmVmp : Match on catch block at 0xc3 in for 0xa9
01-08 16:55:23.975 11202 11202 E ArmVmp : Match on catch block at 0xc3 in for 0xa1
01-08 16:55:23.991 11202 11202 E ArmVmp : Match on catch block at 0xc3 in for 0xa9
01-08 16:55:24.001 11202 11202 E ArmVmp : Match on catch block at 0xc3 in for 0xa1
01-08 16:55:24.015 11202 11202 E ArmVmp : Match on catch block at 0xc3 in for 0xa9
01-08 16:55:24.024 11202 11202 E ArmVmp : Match on catch block at 0xc3 in for 0xa1
01-08 16:55:24.036 11202 11202 E ArmVmp : Match on catch block at 0xc3 in for 0xa9
01-08 16:55:24.046 11202 11202 E ArmVmp : Match on catch block at 0xc3 in for 0xa1
01-08 16:55:24.554 11202 11202 E ArmVmp : Match on catch block at 0xc3 in for 0xa9
01-08 16:55:24.562 11202 11202 E ArmVmp : Match on catch block at 0xc3 in for 0xa1
01-08 16:55:25.057 11202 11202 E ArmVmp : Match on catch block at 0xc3 in for 0xa9
01-08 16:55:25.078 11202 11202 E ArmVmp : Match on catch block at 0xc3 in for 0xa1
01-08 16:55:25.560 11202 11202 E ArmVmp : Match on catch block at 0xc3 in for 0xa9
01-08 16:55:25.581 11202 11202 E ArmVmp : Match on catch block at 0xc3 in for 0xa1
01-08 16:55:26.047 11202 11202 E ArmVmp : Match on catch block at 0xc3 in for 0xa9
01-08 16:55:26.067 11202 11202 E ArmVmp : Match on catch block at 0xc3 in for 0xa1
01-08 16:55:26.551 11202 11202 E ArmVmp : Match on catch block at 0xc3 in for 0xa9
01-08 16:55:26.570 11202 11202 E ArmVmp : Match on catch block at 0xc3 in for 0xa1
01-08 16:55:27.098 11202 11202 E ArmVmp : Match on catch block at 0xc3 in for 0xa1
01-08 16:55:27.107 11202 11202 E ArmVmp : Match on catch block at 0xc3 in for 0xa5
01-08 16:55:27.132 11202 11202 E ArmVmp : Match on catch block at 0xc3 in for 0xa1
01-08 16:55:27.140 11202 11202 E ArmVmp : Match on catch block at 0xc3 in for 0xa5
01-08 16:55:27.647 11202 11202 E ArmVmp : Match on catch block at 0xc3 in for 0xa1
01-08 16:55:27.657 11202 11202 E ArmVmp : Match on catch block at 0xc3 in for 0xa5
01-08 16:55:27.676 11202 11202 W Choreographer: Frame time is 0.022418 ms in the
future! Check that graphics HAL is generating vsync timestamps using the correct
timebase.
01-08 16:55:27.755 11202 11613 W libEGL : EGLNativeWindowType 0x7d54661010
disconnect failed
01-08 16:55:27.803 11202 11613 W libEGL : EGLNativeWindowType 0x7d54661010
disconnect failed
01-08 16:55:27.843 11202 11613 W libEGL : EGLNativeWindowType 0x7d54661010
disconnect failed
01-08 16:55:27.893 11202 11613 W libEGL : EGLNativeWindowType 0x7d54661010
disconnect failed
01-08 16:55:27.938 11202 11613 W libEGL : EGLNativeWindowType 0x7d54661010
disconnect failed
01-08 16:55:27.985 11202 11613 W libEGL : EGLNativeWindowType 0x7d54661010
disconnect failed
01-08 16:55:28.024 11202 11613 W libEGL : EGLNativeWindowType 0x7d54661010
disconnect failed
01-08 16:55:28.069 11202 11613 W libEGL : EGLNativeWindowType 0x7d54661010
disconnect failed
01-08 16:55:28.153 11202 11202 E ArmVmp : Match on catch block at 0xc3 in for 0xa5
01-08 16:55:28.162 11202 11202 E ArmVmp : Match on catch block at 0xc3 in for 0xa9
01-08 16:55:28.655 11202 11202 E ArmVmp : Match on catch block at 0xc3 in for 0xa5
01-08 16:55:28.674 11202 11202 E ArmVmp : Match on catch block at 0xc3 in for 0xa9
01-08 16:55:28.698 11202 11202 E ArmVmp : Match on catch block at 0xc3 in for 0xa5
01-08 16:55:28.708 11202 11202 E ArmVmp : Match on catch block at 0xc3 in for 0xa9
01-08 16:55:28.719 11202 11202 E ArmVmp : Match on catch block at 0xc3 in for 0xa5
01-08 16:55:28.730 11202 11202 E ArmVmp : Match on catch block at 0xc3 in for 0xa9
01-08 16:55:28.746 11202 11202 E ArmVmp : Match on catch block at 0xc3 in for 0xa5
01-08 16:55:28.755 11202 11202 E ArmVmp : Match on catch block at 0xc3 in for 0xa9
01-08 16:55:28.769 11202 11202 E ArmVmp : Match on catch block at 0xc3 in for 0xa5
01-08 16:55:28.780 11202 11202 E ArmVmp : Match on catch block at 0xc3 in for 0xa9
01-08 16:55:28.797 11202 11202 E ArmVmp : Match on catch block at 0xc3 in for 0xa5
01-08 16:55:28.807 11202 11202 E ArmVmp : Match on catch block at 0xc3 in for 0xa9
01-08 16:55:28.819 11202 11202 E ArmVmp : Match on catch block at 0xc3 in for 0xa5
01-08 16:55:28.828 11202 11202 E ArmVmp : Match on catch block at 0xc3 in for 0xa9
01-08 16:55:28.845 11202 11202 E ArmVmp : Match on catch block at 0xc3 in for 0xa5
01-08 16:55:28.853 11202 11202 E ArmVmp : Match on catch block at 0xc3 in for 0xa9
01-08 16:55:28.864 11202 11202 E ArmVmp : Match on catch block at 0xc3 in for 0xa5
01-08 16:55:28.872 11202 11202 E ArmVmp : Match on catch block at 0xc3 in for 0xa9
01-08 16:55:28.883 11202 11202 E ArmVmp : Match on catch block at 0xc3 in for 0xa5
01-08 16:55:28.891 11202 11202 E ArmVmp : Match on catch block at 0xc3 in for 0xa9
01-08 16:55:28.911 11202 11202 E ArmVmp : Match on catch block at 0xc3 in for 0xa5
01-08 16:55:28.921 11202 11202 E ArmVmp : Match on catch block at 0xc3 in for 0xa9
01-08 16:55:28.930 11202 11202 E ArmVmp : Match on catch block at 0xc3 in for 0xa5
01-08 16:55:28.938 11202 11202 E ArmVmp : Match on catch block at 0xc3 in for 0xa9
01-08 16:55:28.949 11202 11202 E ArmVmp : Match on catch block at 0xc3 in for 0xa5
01-08 16:55:28.957 11202 11202 E ArmVmp : Match on catch block at 0xc3 in for 0xa9
01-08 16:55:29.029 11202 11613 W libEGL : EGLNativeWindowType 0x7d54661010
disconnect failed
01-08 16:55:29.139 11202 11202 E ArmVmp : Match on catch block at 0xc3 in for 0xa5
01-08 16:55:29.162 11202 11202 E ArmVmp : Match on catch block at 0xc3 in for 0xa9
01-08 16:55:29.637 11202 11202 E ArmVmp : Match on catch block at 0xc3 in for 0xa5
01-08 16:55:29.646 11202 11202 E ArmVmp : Match on catch block at 0xc3 in for 0xa9
01-08 16:55:30.161 11202 11202 E ArmVmp : Match on catch block at 0xc3 in for 0xa5
01-08 16:55:30.182 11202 11202 E ArmVmp : Match on catch block at 0xc3 in for 0xa9
01-08 16:55:30.647 11202 11202 E ArmVmp : Match on catch block at 0xc3 in for 0xa5
01-08 16:55:30.660 11202 11202 E ArmVmp : Match on catch block at 0xc3 in for 0xa9
01-08 16:55:31.156 11202 11202 E ArmVmp : Match on catch block at 0xc3 in for 0xa5
01-08 16:55:31.174 11202 11202 E ArmVmp : Match on catch block at 0xc3 in for 0xa9
01-08 16:55:31.652 11202 11202 E ArmVmp : Match on catch block at 0xc3 in for 0xa5
01-08 16:55:31.671 11202 11202 E ArmVmp : Match on catch block at 0xc3 in for 0xa9
01-08 16:55:32.166 11202 11202 E ArmVmp : Match on catch block at 0xc3 in for 0xa5
01-08 16:55:32.184 11202 11202 E ArmVmp : Match on catch block at 0xc3 in for 0xa9
01-08 16:55:32.412 11202 11202 E ArmVmp : Match on catch block at 0xc3 in for 0xa5
01-08 16:55:32.421 11202 11202 E ArmVmp : Match on catch block at 0xc3 in for 0xa9
01-08 16:55:32.434 11202 11202 E ArmVmp : Match on catch block at 0xc3 in for 0xa5
01-08 16:55:32.443 11202 11202 E ArmVmp : Match on catch block at 0xc3 in for 0xa9
01-08 16:55:32.662 11202 11202 E ArmVmp : Match on catch block at 0xc3 in for 0xa5
01-08 16:55:32.683 11202 11202 E ArmVmp : Match on catch block at 0xc3 in for 0xa9
01-08 16:55:33.159 11202 11202 E ArmVmp : Match on catch block at 0xc3 in for 0xa5
01-08 16:55:33.168 11202 11202 E ArmVmp : Match on catch block at 0xc3 in for 0xa9
01-08 16:55:33.668 11202 11202 E ArmVmp : Match on catch block at 0xc3 in for 0xa5
01-08 16:55:33.687 11202 11202 E ArmVmp : Match on catch block at 0xc3 in for 0xa9
01-08 16:55:33.898 11202 11202 E ArmVmp : Match on catch block at 0xc3 in for 0xa9
01-08 16:55:33.907 11202 11202 E ArmVmp : Match on catch block at 0xc3 in for 0xa1
01-08 16:55:33.934 11202 11202 E ArmVmp : Match on catch block at 0xc3 in for 0xa9
01-08 16:55:33.947 11202 11202 E ArmVmp : Match on catch block at 0xc3 in for 0xa1
01-08 16:55:34.172 11202 11202 E ArmVmp : Match on catch block at 0xc3 in for 0xa9
01-08 16:55:34.190 11202 11202 E ArmVmp : Match on catch block at 0xc3 in for 0xa1
01-08 16:55:34.548 11202 11613 W libEGL : EGLNativeWindowType 0x7d54661010
disconnect failed
01-08 16:55:34.593 11202 11613 W libEGL : EGLNativeWindowType 0x7d54661010
disconnect failed
01-08 16:55:34.636 11202 11613 W libEGL : EGLNativeWindowType 0x7d54661010
disconnect failed
01-08 16:55:34.688 11202 11613 W libEGL : EGLNativeWindowType 0x7d54661010
disconnect failed
01-08 16:55:34.735 11202 11613 W libEGL : EGLNativeWindowType 0x7d54661010
disconnect failed
01-08 16:55:34.780 11202 11613 W libEGL : EGLNativeWindowType 0x7d54661010
disconnect failed
01-08 16:55:34.787 11202 11202 E ArmVmp : Match on catch block at 0xc3 in for 0xa9
01-08 16:55:34.795 11202 11202 E ArmVmp : Match on catch block at 0xc3 in for 0xa1
01-08 16:55:34.853 11202 11613 W libEGL : EGLNativeWindowType 0x7d54661010
disconnect failed
01-08 16:55:34.902 11202 11613 W libEGL : EGLNativeWindowType 0x7d54661010
disconnect failed
01-08 16:55:35.256 11202 11202 E ArmVmp : Match on catch block at 0xc3 in for 0xa1
01-08 16:55:35.270 11202 11202 E ArmVmp : Match on catch block at 0xc3 in for 0xa5
01-08 16:55:35.450 11202 11202 E ArmVmp : Match on catch block at 0xc3 in for 0xa1
01-08 16:55:35.468 11202 11202 E ArmVmp : Match on catch block at 0xc3 in for 0xa5
01-08 16:55:35.480 11202 11202 E ArmVmp : Match on catch block at 0xc3 in for 0xa1
01-08 16:55:35.491 11202 11202 E ArmVmp : Match on catch block at 0xc3 in for 0xa5
01-08 16:55:35.514 11202 11202 E ArmVmp : Match on catch block at 0xc3 in for 0xa1
01-08 16:55:35.526 11202 11202 E ArmVmp : Match on catch block at 0xc3 in for 0xa5
01-08 16:55:35.548 11202 11202 E ArmVmp : Match on catch block at 0xc3 in for 0xa1
01-08 16:55:35.562 11202 11202 E ArmVmp : Match on catch block at 0xc3 in for 0xa5
01-08 16:55:35.576 11202 11202 E ArmVmp : Match on catch block at 0xc3 in for 0xa1
01-08 16:55:35.588 11202 11202 E ArmVmp : Match on catch block at 0xc3 in for 0xa5
01-08 16:55:35.607 11202 11202 E ArmVmp : Match on catch block at 0xc3 in for 0xa1
01-08 16:55:35.616 11202 11202 E ArmVmp : Match on catch block at 0xc3 in for 0xa5
01-08 16:55:35.629 11202 11202 E ArmVmp : Match on catch block at 0xc3 in for 0xa1
01-08 16:55:35.638 11202 11202 E ArmVmp : Match on catch block at 0xc3 in for 0xa5
01-08 16:55:35.658 11202 11202 E ArmVmp : Match on catch block at 0xc3 in for 0xa1
01-08 16:55:35.669 11202 11202 E ArmVmp : Match on catch block at 0xc3 in for 0xa5
01-08 16:55:35.688 11202 11202 E ArmVmp : Match on catch block at 0xc3 in for 0xa1
01-08 16:55:35.696 11202 11202 E ArmVmp : Match on catch block at 0xc3 in for 0xa5
01-08 16:55:35.706 11202 11202 E ArmVmp : Match on catch block at 0xc3 in for 0xa1
01-08 16:55:35.714 11202 11202 E ArmVmp : Match on catch block at 0xc3 in for 0xa5
01-08 16:55:35.753 11202 11202 E ArmVmp : Match on catch block at 0xc3 in for 0xa1
01-08 16:55:35.766 11202 11202 E ArmVmp : Match on catch block at 0xc3 in for 0xa5
01-08 16:55:35.852 11202 11613 W libEGL : EGLNativeWindowType 0x7d54661010
disconnect failed
01-08 16:55:36.255 11202 11202 E ArmVmp : Match on catch block at 0xc3 in for 0xa1
01-08 16:55:36.279 11202 11202 E ArmVmp : Match on catch block at 0xc3 in for 0xa5
01-08 16:55:36.760 11202 11202 E ArmVmp : Match on catch block at 0xc3 in for 0xa1
01-08 16:55:36.783 11202 11202 E ArmVmp : Match on catch block at 0xc3 in for 0xa5
01-08 16:55:37.262 11202 11202 E ArmVmp : Match on catch block at 0xc3 in for 0xa1
01-08 16:55:37.282 11202 11202 E ArmVmp : Match on catch block at 0xc3 in for 0xa5
01-08 16:55:37.766 11202 11202 E ArmVmp : Match on catch block at 0xc3 in for 0xa1
01-08 16:55:37.785 11202 11202 E ArmVmp : Match on catch block at 0xc3 in for 0xa5
01-08 16:55:38.268 11202 11202 E ArmVmp : Match on catch block at 0xc3 in for 0xa1
01-08 16:55:38.287 11202 11202 E ArmVmp : Match on catch block at 0xc3 in for 0xa5
01-08 16:55:38.766 11202 11202 E ArmVmp : Match on catch block at 0xc3 in for 0xa1
01-08 16:55:38.774 11202 11202 E ArmVmp : Match on catch block at 0xc3 in for 0xa5
01-08 16:55:39.274 11202 11202 E ArmVmp : Match on catch block at 0xc3 in for 0xa1
01-08 16:55:39.290 11202 11202 E ArmVmp : Match on catch block at 0xc3 in for 0xa5
01-08 16:55:39.781 11202 11202 E ArmVmp : Match on catch block at 0xc3 in for 0xa1
01-08 16:55:39.801 11202 11202 E ArmVmp : Match on catch block at 0xc3 in for 0xa5
01-08 16:55:40.266 11202 11202 E ArmVmp : Match on catch block at 0xc3 in for 0xa1
01-08 16:55:40.285 11202 11202 E ArmVmp : Match on catch block at 0xc3 in for 0xa5
01-08 16:55:40.770 11202 11202 E ArmVmp : Match on catch block at 0xc3 in for 0xa1
01-08 16:55:40.787 11202 11202 E ArmVmp : Match on catch block at 0xc3 in for 0xa5
01-08 16:55:41.273 11202 11202 E ArmVmp : Match on catch block at 0xc3 in for 0xa1
01-08 16:55:41.289 11202 11202 E ArmVmp : Match on catch block at 0xc3 in for 0xa5
01-08 16:55:41.777 11202 11202 E ArmVmp : Match on catch block at 0xc3 in for 0xa1
01-08 16:55:41.795 11202 11202 E ArmVmp : Match on catch block at 0xc3 in for 0xa5
01-08 16:55:42.274 11202 11202 E ArmVmp : Match on catch block at 0xc3 in for 0xa1
01-08 16:55:42.283 11202 11202 E ArmVmp : Match on catch block at 0xc3 in for 0xa5
01-08 16:55:42.781 11202 11202 E ArmVmp : Match on catch block at 0xc3 in for 0xa1
01-08 16:55:42.802 11202 11202 E ArmVmp : Match on catch block at 0xc3 in for 0xa5
01-08 16:55:43.268 11202 11202 E ArmVmp : Match on catch block at 0xc3 in for 0xa1
01-08 16:55:43.277 11202 11202 E ArmVmp : Match on catch block at 0xc3 in for 0xa5
01-08 16:55:43.785 11202 11202 E ArmVmp : Match on catch block at 0xc3 in for 0xa1
01-08 16:55:43.794 11202 11202 E ArmVmp : Match on catch block at 0xc3 in for 0xa5
