01-08 11:53:17.486 3070 3070 E ArmVmp : Match on catch block at 0xc3 in for 0xa9
01-08 11:53:17.493 3070 3070 E ArmVmp : Match on catch block at 0xc3 in for 0xa9
01-08 11:53:17.499 3070 3070 E ArmVmp : Match on catch block at 0xc3 in for 0xa1
01-08 11:53:17.508 3070 3070 E ArmVmp : Match on catch block at 0xc3 in for 0xa1
01-08 11:53:17.513 3070 3070 E ArmVmp : Match on catch block at 0xc3 in for 0xa5
01-08 11:53:17.525 3070 3070 E ArmVmp : Match on catch block at 0xc3 in for 0xa5
01-08 11:53:17.530 3070 3070 E ArmVmp : Match on catch block at 0xc3 in for 0xa9
01-08 11:53:17.540 3070 3070 E ArmVmp : Match on catch block at 0xc3 in for 0xa9
01-08 11:53:17.546 3070 3070 E ArmVmp : Match on catch block at 0xc3 in for 0xa1
01-08 11:53:17.557 3070 3070 E ArmVmp : Match on catch block at 0xc3 in for 0xa1
01-08 11:53:17.562 3070 3070 E ArmVmp : Match on catch block at 0xc3 in for 0xa5
01-08 11:53:17.572 3070 3070 E ArmVmp : Match on catch block at 0xc3 in for 0xa5
01-08 11:53:17.577 3070 3070 E ArmVmp : Match on catch block at 0xc3 in for 0xa9
01-08 11:53:17.589 3070 3070 E ArmVmp : Match on catch block at 0xc3 in for 0xa9
01-08 11:53:17.594 3070 3070 E ArmVmp : Match on catch block at 0xc3 in for 0xa1
01-08 11:53:17.605 3070 3070 E ArmVmp : Match on catch block at 0xc3 in for 0xa1
01-08 11:53:17.610 3070 3070 E ArmVmp : Match on catch block at 0xc3 in for 0xa5
01-08 11:53:17.621 3070 3070 E ArmVmp : Match on catch block at 0xc3 in for 0xa5
01-08 11:53:17.632 3070 3070 E ArmVmp : Match on catch block at 0xc3 in for 0xa9
01-08 11:53:17.649 3070 3070 E ArmVmp : Match on catch block at 0xc3 in for 0xa9
01-08 11:53:17.655 3070 3070 E ArmVmp : Match on catch block at 0xc3 in for 0xa1
01-08 11:53:17.665 3070 3070 E ArmVmp : Match on catch block at 0xc3 in for 0xa1
01-08 11:53:17.671 3070 3070 E ArmVmp : Match on catch block at 0xc3 in for 0xa5
01-08 11:53:17.680 3070 3070 E ArmVmp : Match on catch block at 0xc3 in for 0xa5
01-08 11:53:17.687 3070 3070 E ArmVmp : Match on catch block at 0xc3 in for 0xa9
01-08 11:53:17.696 3070 3070 E ArmVmp : Match on catch block at 0xc3 in for 0xa9
01-08 11:53:17.702 3070 3070 E ArmVmp : Match on catch block at 0xc3 in for 0xa1
01-08 11:53:17.713 3070 3070 E ArmVmp : Match on catch block at 0xc3 in for 0xa1
01-08 11:53:17.719 3070 3070 E ArmVmp : Match on catch block at 0xc3 in for 0xa5
01-08 11:53:17.730 3070 3070 E ArmVmp : Match on catch block at 0xc3 in for 0xa5
01-08 11:53:17.738 3070 3070 E ArmVmp : Match on catch block at 0xc3 in for 0xa9
01-08 11:53:17.746 3070 3070 E ArmVmp : Match on catch block at 0xc3 in for 0xa9
01-08 11:53:17.752 3070 3070 E ArmVmp : Match on catch block at 0xc3 in for 0xa1
01-08 11:53:17.764 3070 3070 E ArmVmp : Match on catch block at 0xc3 in for 0xa1
01-08 11:53:17.772 3070 3070 E ArmVmp : Match on catch block at 0xc3 in for 0xa5
01-08 11:53:17.780 3070 3070 E ArmVmp : Match on catch block at 0xc3 in for 0xa5
01-08 11:53:17.788 3070 3070 E ArmVmp : Match on catch block at 0xc3 in for 0xa9
01-08 11:53:17.795 3070 3070 E ArmVmp : Match on catch block at 0xc3 in for 0xa9
01-08 11:53:17.802 3070 3070 E ArmVmp : Match on catch block at 0xc3 in for 0xa1
01-08 11:53:17.811 3070 3070 E ArmVmp : Match on catch block at 0xc3 in for 0xa1
01-08 11:53:17.820 3070 3070 E ArmVmp : Match on catch block at 0xc3 in for 0xa5
01-08 11:53:17.829 3070 3070 E ArmVmp : Match on catch block at 0xc3 in for 0xa9
01-08 11:53:17.837 3070 3070 E ArmVmp : Match on catch block at 0xc3 in for 0xa1
01-08 11:53:17.844 3070 3070 E ArmVmp : Match on catch block at 0xc3 in for 0xa1
01-08 11:53:17.849 3070 3070 E ArmVmp : Match on catch block at 0xc3 in for 0xa5
01-08 11:53:17.858 3070 3070 E ArmVmp : Match on catch block at 0xc3 in for 0xa5
01-08 11:53:17.862 3070 3070 E ArmVmp : Match on catch block at 0xc3 in for 0xa9
01-08 11:53:18.077 3070 3070 E ArmVmp : Match on catch block at 0xc3 in for 0xa9
01-08 11:53:18.089 3070 3070 E ArmVmp : Match on catch block at 0xc3 in for 0xa1
01-08 11:53:18.142 3070 3070 E ArmVmp : Match on catch block at 0xc3 in for 0xa1
01-08 11:53:18.153 3070 3070 E ArmVmp : Match on catch block at 0xc3 in for 0xa5
01-08 11:53:18.188 3070 3070 E ArmVmp : Match on catch block at 0xc3 in for 0xa1
01-08 11:53:18.193 3070 3070 E ArmVmp : Match on catch block at 0xc3 in for 0xa5
01-08 11:53:18.214 3070 3070 E ArmVmp : Match on catch block at 0xc3 in for 0xa5
01-08 11:53:18.220 3070 3070 E ArmVmp : Match on catch block at 0xc3 in for 0xa9
01-08 11:53:18.231 3070 3070 E ArmVmp : Match on catch block at 0xc3 in for 0xa9
01-08 11:53:18.237 3070 3070 E ArmVmp : Match on catch block at 0xc3 in for 0xa1
01-08 11:53:18.257 3070 3070 E ArmVmp : Match on catch block at 0xc3 in for 0xa1
01-08 11:53:18.262 3070 3070 E ArmVmp : Match on catch block at 0xc3 in for 0xa5
01-08 11:53:18.349 3070 3070 E ArmVmp : Match on catch block at 0xc3 in for 0xa9
01-08 11:53:18.356 3070 3070 E ArmVmp : Match on catch block at 0xc3 in for 0xa1
01-08 11:53:18.383 3070 3070 E ArmVmp : Match on catch block at 0xc3 in for 0xa9
01-08 11:53:18.388 3070 3070 E ArmVmp : Match on catch block at 0xc3 in for 0xa1
01-08 11:53:18.418 3070 3070 E ArmVmp : Match on catch block at 0xc3 in for 0xa5
01-08 11:53:18.422 3070 3070 E ArmVmp : Match on catch block at 0xc3 in for 0xa9
01-08 11:53:18.430 3070 3070 E ArmVmp : Match on catch block at 0xc3 in for 0xa1
01-08 11:53:18.439 3070 3070 E ArmVmp : Match on catch block at 0xc3 in for 0xa5
01-08 11:53:18.446 3070 3070 E ArmVmp : Match on catch block at 0xc3 in for 0xa9
01-08 11:53:18.451 3070 3070 E ArmVmp : Match on catch block at 0xc3 in for 0xa1
01-08 11:53:18.461 3070 3070 E ArmVmp : Match on catch block at 0xc3 in for 0xa5
01-08 11:53:18.467 3070 3070 E ArmVmp : Match on catch block at 0xc3 in for 0xa9
01-08 11:53:18.475 3070 3070 E ArmVmp : Match on catch block at 0xc3 in for 0xa1
01-08 11:53:18.481 3070 3070 E ArmVmp : Match on catch block at 0xc3 in for 0xa5
01-08 11:53:18.489 3070 3070 E ArmVmp : Match on catch block at 0xc3 in for 0xa9
01-08 11:53:18.495 3070 3070 E ArmVmp : Match on catch block at 0xc3 in for 0xa1
01-08 11:53:18.507 3070 3070 E ArmVmp : Match on catch block at 0xc3 in for 0xa5
01-08 11:53:18.516 3070 3070 E ArmVmp : Match on catch block at 0xc3 in for 0xa9
01-08 11:53:18.527 3070 3070 E ArmVmp : Match on catch block at 0xc3 in for 0xa1
01-08 11:53:18.534 3070 3070 E ArmVmp : Match on catch block at 0xc3 in for 0xa5
01-08 11:53:18.545 3070 3070 E ArmVmp : Match on catch block at 0xc3 in for 0xa9
01-08 11:53:18.552 3070 3070 E ArmVmp : Match on catch block at 0xc3 in for 0xa1
01-08 11:53:18.561 3070 3070 E ArmVmp : Match on catch block at 0xc3 in for 0xa5
01-08 11:53:18.568 3070 3070 E ArmVmp : Match on catch block at 0xc3 in for 0xa9
01-08 11:53:18.581 3070 3070 E ArmVmp : Match on catch block at 0xc3 in for 0xa1
01-08 11:53:18.591 3070 3070 E ArmVmp : Match on catch block at 0xc3 in for 0xa5
01-08 11:53:18.600 3070 3070 E ArmVmp : Match on catch block at 0xc3 in for 0xa1
01-08 11:53:18.612 3070 3070 E ArmVmp : Match on catch block at 0xc3 in for 0xa5
01-08 11:53:18.620 3070 3070 E ArmVmp : Match on catch block at 0xc3 in for 0xa5
01-08 11:53:18.625 3070 3070 E ArmVmp : Match on catch block at 0xc3 in for 0xa9
01-08 11:53:18.631 3070 3070 E ArmVmp : Match on catch block at 0xc3 in for 0xa9
01-08 11:53:18.641 3070 3070 E ArmVmp : Match on catch block at 0xc3 in for 0xa1
01-08 11:53:18.662 3070 3070 E ArmVmp : Match on catch block at 0xc3 in for 0xa1
01-08 11:53:18.666 3070 3070 E ArmVmp : Match on catch block at 0xc3 in for 0xa5
01-08 11:53:18.678 3070 3070 E ArmVmp : Match on catch block at 0xc3 in for 0xa5
01-08 11:53:18.682 3070 3070 E ArmVmp : Match on catch block at 0xc3 in for 0xa9
01-08 11:53:18.694 3070 3070 E ArmVmp : Match on catch block at 0xc3 in for 0xa9
01-08 11:53:18.699 3070 3070 E ArmVmp : Match on catch block at 0xc3 in for 0xa1
01-08 11:53:18.711 3070 3070 E ArmVmp : Match on catch block at 0xc3 in for 0xa1
01-08 11:53:18.715 3070 3070 E ArmVmp : Match on catch block at 0xc3 in for 0xa5
01-08 11:53:18.726 3070 3070 E ArmVmp : Match on catch block at 0xc3 in for 0xa5
01-08 11:53:18.731 3070 3070 E ArmVmp : Match on catch block at 0xc3 in for 0xa9
01-08 11:53:18.743 3070 3070 E ArmVmp : Match on catch block at 0xc3 in for 0xa9
01-08 11:53:18.748 3070 3070 E ArmVmp : Match on catch block at 0xc3 in for 0xa1
01-08 11:53:18.759 3070 3070 E ArmVmp : Match on catch block at 0xc3 in for 0xa1
01-08 11:53:18.765 3070 3070 E ArmVmp : Match on catch block at 0xc3 in for 0xa5
01-08 11:53:18.776 3070 3070 E ArmVmp : Match on catch block at 0xc3 in for 0xa5
01-08 11:53:18.784 3070 3070 E ArmVmp : Match on catch block at 0xc3 in for 0xa9
01-08 11:53:18.793 3070 3070 E ArmVmp : Match on catch block at 0xc3 in for 0xa9
01-08 11:53:18.802 3070 3070 E ArmVmp : Match on catch block at 0xc3 in for 0xa1
01-08 11:53:18.824 3070 3070 E ArmVmp : Match on catch block at 0xc3 in for 0xa1
01-08 11:53:18.829 3070 3070 E ArmVmp : Match on catch block at 0xc3 in for 0xa5
01-08 11:53:18.841 3070 3070 E ArmVmp : Match on catch block at 0xc3 in for 0xa5
01-08 11:53:18.846 3070 3070 E ArmVmp : Match on catch block at 0xc3 in for 0xa9
01-08 11:53:18.857 3070 3070 E ArmVmp : Match on catch block at 0xc3 in for 0xa9
01-08 11:53:18.862 3070 3070 E ArmVmp : Match on catch block at 0xc3 in for 0xa1
01-08 11:53:18.874 3070 3070 E ArmVmp : Match on catch block at 0xc3 in for 0xa1
01-08 11:53:18.878 3070 3070 E ArmVmp : Match on catch block at 0xc3 in for 0xa5
01-08 11:53:18.890 3070 3070 E ArmVmp : Match on catch block at 0xc3 in for 0xa5
01-08 11:53:18.896 3070 3070 E ArmVmp : Match on catch block at 0xc3 in for 0xa9
01-08 11:53:18.907 3070 3070 E ArmVmp : Match on catch block at 0xc3 in for 0xa9
01-08 11:53:18.912 3070 3070 E ArmVmp : Match on catch block at 0xc3 in for 0xa1
01-08 11:53:18.923 3070 3070 E ArmVmp : Match on catch block at 0xc3 in for 0xa1
01-08 11:53:18.928 3070 3070 E ArmVmp : Match on catch block at 0xc3 in for 0xa5
01-08 11:53:18.939 3070 3070 E ArmVmp : Match on catch block at 0xc3 in for 0xa5
01-08 11:53:18.945 3070 3070 E ArmVmp : Match on catch block at 0xc3 in for 0xa9
01-08 11:53:18.957 3070 3070 E ArmVmp : Match on catch block at 0xc3 in for 0xa9
01-08 11:53:18.963 3070 3070 E ArmVmp : Match on catch block at 0xc3 in for 0xa1
01-08 11:53:18.975 3070 3070 E ArmVmp : Match on catch block at 0xc3 in for 0xa1
01-08 11:53:18.985 3070 3070 E ArmVmp : Match on catch block at 0xc3 in for 0xa5
01-08 11:53:19.005 3070 3070 E ArmVmp : Match on catch block at 0xc3 in for 0xa5
01-08 11:53:19.012 3070 3070 E ArmVmp : Match on catch block at 0xc3 in for 0xa9
01-08 11:53:19.023 3070 3070 E ArmVmp : Match on catch block at 0xc3 in for 0xa9
01-08 11:53:19.032 3070 3070 E ArmVmp : Match on catch block at 0xc3 in for 0xa1
01-08 11:53:19.055 3070 3070 E ArmVmp : Match on catch block at 0xc3 in for 0xa1
01-08 11:53:19.064 3070 3070 E ArmVmp : Match on catch block at 0xc3 in for 0xa5
01-08 11:53:19.074 3070 3070 E ArmVmp : Match on catch block at 0xc3 in for 0xa5
01-08 11:53:19.084 3070 3070 E ArmVmp : Match on catch block at 0xc3 in for 0xa9
01-08 11:53:19.104 3070 3070 E ArmVmp : Match on catch block at 0xc3 in for 0xa9
01-08 11:53:19.111 3070 3070 E ArmVmp : Match on catch block at 0xc3 in for 0xa1
01-08 11:53:19.121 3070 3070 E ArmVmp : Match on catch block at 0xc3 in for 0xa1
01-08 11:53:19.129 3070 3070 E ArmVmp : Match on catch block at 0xc3 in for 0xa5
01-08 11:53:19.151 3070 3070 E ArmVmp : Match on catch block at 0xc3 in for 0xa5
01-08 11:53:19.156 3070 3070 E ArmVmp : Match on catch block at 0xc3 in for 0xa9
01-08 11:53:19.167 3070 3070 E ArmVmp : Match on catch block at 0xc3 in for 0xa9
01-08 11:53:19.174 3070 3070 E ArmVmp : Match on catch block at 0xc3 in for 0xa1
01-08 11:53:19.183 3070 3070 E ArmVmp : Match on catch block at 0xc3 in for 0xa1
01-08 11:53:19.190 3070 3070 E ArmVmp : Match on catch block at 0xc3 in for 0xa5
01-08 11:53:19.199 3070 3070 E ArmVmp : Match on catch block at 0xc3 in for 0xa5
01-08 11:53:19.204 3070 3070 E ArmVmp : Match on catch block at 0xc3 in for 0xa9
01-08 11:53:19.215 3070 3070 E ArmVmp : Match on catch block at 0xc3 in for 0xa9
01-08 11:53:19.220 3070 3070 E ArmVmp : Match on catch block at 0xc3 in for 0xa1
01-08 11:53:19.231 3070 3070 E ArmVmp : Match on catch block at 0xc3 in for 0xa1
01-08 11:53:19.237 3070 3070 E ArmVmp : Match on catch block at 0xc3 in for 0xa5
01-08 11:53:19.247 3070 3070 E ArmVmp : Match on catch block at 0xc3 in for 0xa5
01-08 11:53:19.254 3070 3070 E ArmVmp : Match on catch block at 0xc3 in for 0xa9
01-08 11:53:19.264 3070 3070 E ArmVmp : Match on catch block at 0xc3 in for 0xa9
01-08 11:53:19.272 3070 3070 E ArmVmp : Match on catch block at 0xc3 in for 0xa1
01-08 11:53:19.280 3070 3070 E ArmVmp : Match on catch block at 0xc3 in for 0xa5
01-08 11:53:19.287 3070 3070 E ArmVmp : Match on catch block at 0xc3 in for 0xa9
01-08 11:53:19.296 3070 3070 E ArmVmp : Match on catch block at 0xc3 in for 0xa9
01-08 11:53:19.302 3070 3070 E ArmVmp : Match on catch block at 0xc3 in for 0xa1
01-08 11:53:19.312 3070 3070 E ArmVmp : Match on catch block at 0xc3 in for 0xa1
01-08 11:53:19.318 3070 3070 E ArmVmp : Match on catch block at 0xc3 in for 0xa5
01-08 11:53:19.328 3070 3070 E ArmVmp : Match on catch block at 0xc3 in for 0xa5
01-08 11:53:19.333 3070 3070 E ArmVmp : Match on catch block at 0xc3 in for 0xa9
01-08 11:53:19.345 3070 3070 E ArmVmp : Match on catch block at 0xc3 in for 0xa9
01-08 11:53:19.352 3070 3070 E ArmVmp : Match on catch block at 0xc3 in for 0xa1
01-08 11:53:19.364 3070 3525 E SQLiteDatabase: Error inserting transferred=1
media_job_uuid=4673fb24-3606-43e9-a443-1c97e83638f0 transcoded=0 gif_attribution=0
first_scan_length=0 direct_path=/v/t62.7117-
24/25073808_1332539920728994_3265820897018210018_n.enc?ccb=11-
4&oh=01_AdT0O6JlL190WOIYiAJjD0DwbDLqSOJoNGoBwQ7ZOQr1zg&oe=65C37CB9&_nc_sid=5e03e0
thumbnail_height_width_ratio=0.0 is_animated_sticker=0
file_hash=ftfY8z+zhZxANvAkUA5n341p3SJCIujHBWEwzy9jvcM= file_path=Media/WhatsApp
Voice Notes/202402/PTT-20240108-WA0008.opus file_size=0 partial_media_hash=null
face_x=0 face_y=0 height=0 trim_to=0 media_key_timestamp=1704725579763
message_url=https://mmg.whatsapp.net/v/t62.7117-
24/25073808_1332539920728994_3265820897018210018_n.enc?ccb=11-
4&oh=01_AdT0O6JlL190WOIYiAJjD0DwbDLqSOJoNGoBwQ7ZOQr1zg&oe=65C37CB9&_nc_sid=5e03e0&m
ms3=true media_caption=null trim_from=0 mime_type=audio/ogg; codecs=opus
partial_media_enc_hash=null width=0 original_file_hash=null has_streaming_sidecar=0
autotransfer_retry_enabled=0 media_upload_handle=null message_row_id=93737
multicast_id=null enc_file_hash=RqAj8IJf8i9ySQ/xJPTbOOW54SUlGQLAFEZ7mCiR14o=
mute_video=0 page_count=0 first_scan_sidecar=null suspicious_content=0
file_length=47639 media_name=b6576a69001e4ecf984e5b42ef5b1e1a.opus
media_duration=20 chat_row_id=99 media_key=[B@1cbf8e1
01-08 11:53:19.364 3070 3525 E SQLiteDatabase:
android.database.sqlite.SQLiteConstraintException: UNIQUE constraint failed:
message_media.message_row_id (code 1555 SQLITE_CONSTRAINT_PRIMARYKEY[1555])
01-08 11:53:19.364 3070 3525 E SQLiteDatabase: at
android.database.sqlite.SQLiteConnection.nativeExecuteForLastInsertedRowId(Native
Method)
01-08 11:53:19.364 3070 3525 E SQLiteDatabase: at
android.database.sqlite.SQLiteConnection.executeForLastInsertedRowId(SQLiteConnecti
on.java:1217)
01-08 11:53:19.364 3070 3525 E SQLiteDatabase: at
android.database.sqlite.SQLiteSession.executeForLastInsertedRowId(SQLiteSession.jav
a:790)
01-08 11:53:19.364 3070 3525 E SQLiteDatabase: at
android.database.sqlite.SQLiteStatement.executeInsert(SQLiteStatement.java:88)
01-08 11:53:19.364 3070 3525 E SQLiteDatabase: at
android.database.sqlite.SQLiteDatabase.insertWithOnConflict(SQLiteDatabase.java:221
9)
01-08 11:53:19.364 3070 3525 E SQLiteDatabase: at
android.database.sqlite.SQLiteDatabase.insert(SQLiteDatabase.java:2088)
01-08 11:53:19.364 3070 3525 E SQLiteDatabase: at X.2tm.A08(Unknown
Source:6)
01-08 11:53:19.364 3070 3525 E SQLiteDatabase: at X.35Y.A07(Unknown
Source:212)
01-08 11:53:19.364 3070 3525 E SQLiteDatabase: at X.3QF.A14(Unknown
Source:470)
01-08 11:53:19.364 3070 3525 E SQLiteDatabase: at X.3gU.run(Unknown
Source:982)
01-08 11:53:19.364 3070 3525 E SQLiteDatabase: at
android.os.Handler.handleCallback(Handler.java:938)
01-08 11:53:19.364 3070 3525 E SQLiteDatabase: at
android.os.Handler.dispatchMessage(Handler.java:99)
01-08 11:53:19.364 3070 3525 E SQLiteDatabase: at
X.0zq.dispatchMessage(Unknown Source:4)
01-08 11:53:19.364 3070 3525 E SQLiteDatabase: at
android.os.Looper.loop(Looper.java:246)
01-08 11:53:19.364 3070 3525 E SQLiteDatabase: at
android.os.HandlerThread.run(HandlerThread.java:67)
01-08 11:53:19.367 3070 3070 E ArmVmp : Match on catch block at 0xc3 in for 0xa1
01-08 11:53:19.372 3070 3070 E ArmVmp : Match on catch block at 0xc3 in for 0xa5
01-08 11:53:19.386 3070 3070 W AudioManager: Use of stream types is deprecated
for operations other than volume control
01-08 11:53:19.386 3070 3070 W AudioManager: See the documentation of
requestAudioFocus() for what to use instead with android.media.AudioAttributes to
qualify your playback use case
01-08 11:53:19.401 3070 3525 E SQLiteDatabase: Error inserting transferred=1
media_job_uuid=26b723d1-0857-47a1-9294-8240c0d998f3 transcoded=0 gif_attribution=0
first_scan_length=0 direct_path=/v/t62.7117-
24/35496899_343808918399730_944355627857071841_n.enc?ccb=11-
4&oh=01_AdQ6LrlNKNsBjLaStkuUnfiex7_ohI6mrC1f7_CwKaJQpw&oe=65C37E91&_nc_sid=5e03e0
thumbnail_height_width_ratio=0.0 is_animated_sticker=0
file_hash=UfjueaoVSJfBsj4EYzGOAzZYF26btOJOwpI4fWlO0y0= file_path=Media/WhatsApp
Voice Notes/202402/PTT-20240108-WA0007.opus file_size=4665 partial_media_hash=null
face_x=0 face_y=0 height=0 trim_to=0 media_key_timestamp=1704725577000
message_url=https://mmg.whatsapp.net/v/t62.7117-
24/35496899_343808918399730_944355627857071841_n.enc?ccb=11-
4&oh=01_AdQ6LrlNKNsBjLaStkuUnfiex7_ohI6mrC1f7_CwKaJQpw&oe=65C37E91&_nc_sid=5e03e0&m
ms3=true media_caption=null trim_from=0 mime_type=audio/ogg; codecs=opus
partial_media_enc_hash=null width=0 original_file_hash=null has_streaming_sidecar=0
autotransfer_retry_enabled=1 media_upload_handle=null message_row_id=93736
multicast_id=null enc_file_hash=71QWJOD3JhCJR3rLIPTiuP+/Xn45U9YQWvfDeMiAoj8=
mute_video=0 page_count=0 first_scan_sidecar=null suspicious_content=0
file_length=4665 media_name=PTT-20240108-WA0007.opus media_duration=2
chat_row_id=99 media_key=[B@b5d2dc0
01-08 11:53:19.401 3070 3525 E SQLiteDatabase:
android.database.sqlite.SQLiteConstraintException: UNIQUE constraint failed:
message_media.message_row_id (code 1555 SQLITE_CONSTRAINT_PRIMARYKEY[1555])
01-08 11:53:19.401 3070 3525 E SQLiteDatabase: at
android.database.sqlite.SQLiteConnection.nativeExecuteForLastInsertedRowId(Native
Method)
01-08 11:53:19.401 3070 3525 E SQLiteDatabase: at
android.database.sqlite.SQLiteConnection.executeForLastInsertedRowId(SQLiteConnecti
on.java:1217)
01-08 11:53:19.401 3070 3525 E SQLiteDatabase: at
android.database.sqlite.SQLiteSession.executeForLastInsertedRowId(SQLiteSession.jav
a:790)
01-08 11:53:19.401 3070 3525 E SQLiteDatabase: at
android.database.sqlite.SQLiteStatement.executeInsert(SQLiteStatement.java:88)
01-08 11:53:19.401 3070 3525 E SQLiteDatabase: at
android.database.sqlite.SQLiteDatabase.insertWithOnConflict(SQLiteDatabase.java:221
9)
01-08 11:53:19.401 3070 3525 E SQLiteDatabase: at
android.database.sqlite.SQLiteDatabase.insert(SQLiteDatabase.java:2088)
01-08 11:53:19.401 3070 3525 E SQLiteDatabase: at X.2tm.A08(Unknown
Source:6)
01-08 11:53:19.401 3070 3525 E SQLiteDatabase: at X.35Y.A07(Unknown
Source:212)
01-08 11:53:19.401 3070 3525 E SQLiteDatabase: at X.3QF.A14(Unknown
Source:470)
01-08 11:53:19.401 3070 3525 E SQLiteDatabase: at X.31e.A03(Unknown
Source:174)
01-08 11:53:19.401 3070 3525 E SQLiteDatabase: at X.3g7.run(Unknown
Source:1017)
01-08 11:53:19.401 3070 3525 E SQLiteDatabase: at
android.os.Handler.handleCallback(Handler.java:938)
01-08 11:53:19.401 3070 3525 E SQLiteDatabase: at
android.os.Handler.dispatchMessage(Handler.java:99)
01-08 11:53:19.401 3070 3525 E SQLiteDatabase: at
X.0zq.dispatchMessage(Unknown Source:4)
01-08 11:53:19.401 3070 3525 E SQLiteDatabase: at
android.os.Looper.loop(Looper.java:246)
01-08 11:53:19.401 3070 3525 E SQLiteDatabase: at
android.os.HandlerThread.run(HandlerThread.java:67)
01-08 11:53:19.517 3070 3070 E ArmVmp : Match on catch block at 0xc3 in for 0xa9
01-08 11:53:19.521 3070 3070 E ArmVmp : Match on catch block at 0xc3 in for 0xa1
01-08 11:53:19.564 3070 3070 E ArmVmp : Match on catch block at 0xc3 in for 0xa9
01-08 11:53:19.569 3070 3070 E ArmVmp : Match on catch block at 0xc3 in for 0xa1
01-08 11:53:19.589 3070 3070 E ArmVmp : Match on catch block at 0xc3 in for 0xa5
01-08 11:53:19.596 3070 3070 E ArmVmp : Match on catch block at 0xc3 in for 0xa9
01-08 11:53:19.609 3070 3070 E ArmVmp : Match on catch block at 0xc3 in for 0xa5
01-08 11:53:19.614 3070 3070 E ArmVmp : Match on catch block at 0xc3 in for 0xa9
01-08 11:53:19.623 3070 3070 E ArmVmp : Match on catch block at 0xc3 in for 0xa9
01-08 11:53:19.629 3070 3070 E ArmVmp : Match on catch block at 0xc3 in for 0xa1
01-08 11:53:19.637 3070 3070 E ArmVmp : Match on catch block at 0xc3 in for 0xa1
01-08 11:53:19.642 3070 3070 E ArmVmp : Match on catch block at 0xc3 in for 0xa5
01-08 11:53:19.654 3070 3070 E ArmVmp : Match on catch block at 0xc3 in for 0xa5
01-08 11:53:19.659 3070 3070 E ArmVmp : Match on catch block at 0xc3 in for 0xa9
01-08 11:53:19.670 3070 3070 E ArmVmp : Match on catch block at 0xc3 in for 0xa9
01-08 11:53:19.677 3070 3070 E ArmVmp : Match on catch block at 0xc3 in for 0xa1
01-08 11:53:19.685 3070 3070 E ArmVmp : Match on catch block at 0xc3 in for 0xa1
01-08 11:53:19.691 3070 3070 E ArmVmp : Match on catch block at 0xc3 in for 0xa5
01-08 11:53:19.701 3070 3070 E ArmVmp : Match on catch block at 0xc3 in for 0xa5
01-08 11:53:19.706 3070 3070 E ArmVmp : Match on catch block at 0xc3 in for 0xa9
01-08 11:53:19.719 3070 3070 E ArmVmp : Match on catch block at 0xc3 in for 0xa9
01-08 11:53:19.726 3070 3070 E ArmVmp : Match on catch block at 0xc3 in for 0xa1
01-08 11:53:19.735 3070 3070 E ArmVmp : Match on catch block at 0xc3 in for 0xa1
01-08 11:53:19.742 3070 3070 E ArmVmp : Match on catch block at 0xc3 in for 0xa5
01-08 11:53:19.752 3070 3070 E ArmVmp : Match on catch block at 0xc3 in for 0xa5
01-08 11:53:19.759 3070 3070 E ArmVmp : Match on catch block at 0xc3 in for 0xa9
01-08 11:53:19.768 3070 3070 E ArmVmp : Match on catch block at 0xc3 in for 0xa9
01-08 11:53:19.774 3070 3070 E ArmVmp : Match on catch block at 0xc3 in for 0xa1
01-08 11:53:19.784 3070 3070 E ArmVmp : Match on catch block at 0xc3 in for 0xa1
01-08 11:53:19.789 3070 3070 E ArmVmp : Match on catch block at 0xc3 in for 0xa5
01-08 11:53:19.798 3070 3526 E SQLiteDatabase: Error inserting transferred=1
media_job_uuid=26b723d1-0857-47a1-9294-8240c0d998f3 transcoded=0 gif_attribution=0
first_scan_length=0 direct_path=/v/t62.7117-
24/35496899_343808918399730_944355627857071841_n.enc?ccb=11-
4&oh=01_AdQ6LrlNKNsBjLaStkuUnfiex7_ohI6mrC1f7_CwKaJQpw&oe=65C37E91&_nc_sid=5e03e0
thumbnail_height_width_ratio=0.0 is_animated_sticker=0
file_hash=UfjueaoVSJfBsj4EYzGOAzZYF26btOJOwpI4fWlO0y0= file_path=Media/WhatsApp
Voice Notes/202402/PTT-20240108-WA0007.opus file_size=4665 partial_media_hash=null
face_x=0 face_y=0 height=0 trim_to=0 media_key_timestamp=1704725577000
message_url=https://mmg.whatsapp.net/v/t62.7117-
24/35496899_343808918399730_944355627857071841_n.enc?ccb=11-
4&oh=01_AdQ6LrlNKNsBjLaStkuUnfiex7_ohI6mrC1f7_CwKaJQpw&oe=65C37E91&_nc_sid=5e03e0&m
ms3=true media_caption=null trim_from=0 mime_type=audio/ogg; codecs=opus
partial_media_enc_hash=null width=0 original_file_hash=null has_streaming_sidecar=0
autotransfer_retry_enabled=1 media_upload_handle=null message_row_id=93736
multicast_id=null enc_file_hash=71QWJOD3JhCJR3rLIPTiuP+/Xn45U9YQWvfDeMiAoj8=
mute_video=0 page_count=0 first_scan_sidecar=null suspicious_content=0
file_length=4665 media_name=PTT-20240108-WA0007.opus media_duration=2
chat_row_id=99 media_key=[B@b5d2dc0
01-08 11:53:19.798 3070 3526 E SQLiteDatabase:
android.database.sqlite.SQLiteConstraintException: UNIQUE constraint failed:
message_media.message_row_id (code 1555 SQLITE_CONSTRAINT_PRIMARYKEY[1555])
01-08 11:53:19.798 3070 3526 E SQLiteDatabase: at
android.database.sqlite.SQLiteConnection.nativeExecuteForLastInsertedRowId(Native
Method)
01-08 11:53:19.798 3070 3526 E SQLiteDatabase: at
android.database.sqlite.SQLiteConnection.executeForLastInsertedRowId(SQLiteConnecti
on.java:1217)
01-08 11:53:19.798 3070 3526 E SQLiteDatabase: at
android.database.sqlite.SQLiteSession.executeForLastInsertedRowId(SQLiteSession.jav
a:790)
01-08 11:53:19.798 3070 3526 E SQLiteDatabase: at
android.database.sqlite.SQLiteStatement.executeInsert(SQLiteStatement.java:88)
01-08 11:53:19.798 3070 3526 E SQLiteDatabase: at
android.database.sqlite.SQLiteDatabase.insertWithOnConflict(SQLiteDatabase.java:221
9)
01-08 11:53:19.798 3070 3526 E SQLiteDatabase: at
android.database.sqlite.SQLiteDatabase.insert(SQLiteDatabase.java:2088)
01-08 11:53:19.798 3070 3526 E SQLiteDatabase: at X.2tm.A08(Unknown
Source:6)
01-08 11:53:19.798 3070 3526 E SQLiteDatabase: at X.35Y.A07(Unknown
Source:212)
01-08 11:53:19.798 3070 3526 E SQLiteDatabase: at X.3QF.A14(Unknown
Source:470)
01-08 11:53:19.798 3070 3526 E SQLiteDatabase: at X.31e.A03(Unknown
Source:174)
01-08 11:53:19.798 3070 3526 E SQLiteDatabase: at X.3Uz.A07(Unknown
Source:381)
01-08 11:53:19.798 3070 3526 E SQLiteDatabase: at X.3Uz.A02(Unknown
Source:692)
01-08 11:53:19.798 3070 3526 E SQLiteDatabase: at X.3eS.run(Unknown
Source:4041)
01-08 11:53:19.798 3070 3526 E SQLiteDatabase: at
android.os.Handler.handleCallback(Handler.java:938)
01-08 11:53:19.798 3070 3526 E SQLiteDatabase: at
android.os.Handler.dispatchMessage(Handler.java:99)
01-08 11:53:19.798 3070 3526 E SQLiteDatabase: at
X.0zr.dispatchMessage(Unknown Source:4)
01-08 11:53:19.798 3070 3526 E SQLiteDatabase: at
android.os.Looper.loop(Looper.java:246)
01-08 11:53:19.798 3070 3526 E SQLiteDatabase: at
android.os.HandlerThread.run(HandlerThread.java:67)
01-08 11:53:19.808 3070 3070 E ArmVmp : Match on catch block at 0xc3 in for 0xa9
01-08 11:53:19.813 3070 3070 E ArmVmp : Match on catch block at 0xc3 in for 0xa1
01-08 11:53:19.837 3070 3070 E ArmVmp : Match on catch block at 0xc3 in for 0xa1
01-08 11:53:19.842 3070 3070 E ArmVmp : Match on catch block at 0xc3 in for 0xa5
01-08 11:53:19.882 3070 3070 E ArmVmp : Match on catch block at 0xc3 in for 0xa5
01-08 11:53:19.888 3070 3070 E ArmVmp : Match on catch block at 0xc3 in for 0xa9
01-08 11:53:19.931 3070 3070 E ArmVmp : Match on catch block at 0xc3 in for 0xa9
01-08 11:53:19.941 3070 3070 E ArmVmp : Match on catch block at 0xc3 in for 0xa1
01-08 11:53:19.979 3070 3070 E ArmVmp : Match on catch block at 0xc3 in for 0xa1
01-08 11:53:19.986 3070 3070 E ArmVmp : Match on catch block at 0xc3 in for 0xa5
01-08 11:53:20.033 3070 3070 E ArmVmp : Match on catch block at 0xc3 in for 0xa1
01-08 11:53:20.038 3070 3070 E ArmVmp : Match on catch block at 0xc3 in for 0xa5
01-08 11:53:20.049 3070 3070 E ArmVmp : Match on catch block at 0xc3 in for 0xa5
01-08 11:53:20.055 3070 3070 E ArmVmp : Match on catch block at 0xc3 in for 0xa9
01-08 11:53:20.083 3070 3621 W MediaPlayer: Use of stream types is deprecated for
operations other than volume control
01-08 11:53:20.083 3070 3621 W MediaPlayer: See the documentation of
setAudioStreamType() for what to use instead with android.media.AudioAttributes to
qualify your playback use case
01-08 11:53:20.092 3070 3070 E ArmVmp : Match on catch block at 0xc3 in for 0xa1
01-08 11:53:20.099 3070 3070 E ArmVmp : Match on catch block at 0xc3 in for 0xa5
01-08 11:53:20.108 3070 3070 E ArmVmp : Match on catch block at 0xc3 in for 0xa5
01-08 11:53:20.117 3070 3070 E ArmVmp : Match on catch block at 0xc3 in for 0xa9
01-08 11:53:20.125 3070 13579 W MediaPlayerNative: info/warning (10973, 0)
01-08 11:53:20.157 3070 3070 E ArmVmp : Match on catch block at 0xc3 in for 0xa5
01-08 11:53:20.163 3070 3070 E ArmVmp : Match on catch block at 0xc3 in for 0xa9
01-08 11:53:20.223 3070 3070 E ArmVmp : Match on catch block at 0xc3 in for 0xa9
01-08 11:53:20.232 3070 3070 E ArmVmp : Match on catch block at 0xc3 in for 0xa1
01-08 11:53:20.273 3070 3070 E ArmVmp : Match on catch block at 0xc3 in for 0xa1
01-08 11:53:20.282 3070 3070 E ArmVmp : Match on catch block at 0xc3 in for 0xa5
01-08 11:53:20.322 3070 3070 E ArmVmp : Match on catch block at 0xc3 in for 0xa5
01-08 11:53:20.329 3070 3070 E ArmVmp : Match on catch block at 0xc3 in for 0xa9
01-08 11:53:20.371 3070 3070 E ArmVmp : Match on catch block at 0xc3 in for 0xa9
01-08 11:53:20.380 3070 3070 E ArmVmp : Match on catch block at 0xc3 in for 0xa1
01-08 11:53:20.421 3070 3070 E ArmVmp : Match on catch block at 0xc3 in for 0xa1
01-08 11:53:20.429 3070 3070 E ArmVmp : Match on catch block at 0xc3 in for 0xa5
01-08 11:53:20.486 3070 3070 E ArmVmp : Match on catch block at 0xc3 in for 0xa5
01-08 11:53:20.494 3070 3070 E ArmVmp : Match on catch block at 0xc3 in for 0xa9
01-08 11:53:20.535 3070 3070 E ArmVmp : Match on catch block at 0xc3 in for 0xa9
01-08 11:53:20.546 3070 3070 E ArmVmp : Match on catch block at 0xc3 in for 0xa1
01-08 11:53:20.619 3070 3070 E ArmVmp : Match on catch block at 0xc3 in for 0xa9
01-08 11:53:20.627 3070 3070 E ArmVmp : Match on catch block at 0xc3 in for 0xa1
01-08 11:53:20.744 3070 3070 E ArmVmp : Match on catch block at 0xc3 in for 0xa9
01-08 11:53:20.753 3070 3070 E ArmVmp : Match on catch block at 0xc3 in for 0xa1
01-08 11:53:20.849 3070 3070 E ArmVmp : Match on catch block at 0xc3 in for 0xa9
01-08 11:53:20.861 3070 3070 E ArmVmp : Match on catch block at 0xc3 in for 0xa1
01-08 11:53:20.974 3070 3070 E ArmVmp : Match on catch block at 0xc3 in for 0xa1
01-08 11:53:20.985 3070 3070 E ArmVmp : Match on catch block at 0xc3 in for 0xa5
01-08 11:53:21.039 3070 3070 E ArmVmp : Match on catch block at 0xc3 in for 0xa5
01-08 11:53:21.053 3070 3070 E ArmVmp : Match on catch block at 0xc3 in for 0xa9
01-08 11:53:21.099 3070 3070 E ArmVmp : Match on catch block at 0xc3 in for 0xa9
01-08 11:53:21.120 3070 3070 E ArmVmp : Match on catch block at 0xc3 in for 0xa1
01-08 11:53:21.168 3070 3070 E ArmVmp : Match on catch block at 0xc3 in for 0xa1
01-08 11:53:21.179 3070 3070 E ArmVmp : Match on catch block at 0xc3 in for 0xa5
01-08 11:53:21.199 3070 3070 E ArmVmp : Match on catch block at 0xc3 in for 0xa5
01-08 11:53:21.211 3070 3070 E ArmVmp : Match on catch block at 0xc3 in for 0xa9
01-08 11:53:21.267 3070 3070 E ArmVmp : Match on catch block at 0xc3 in for 0xa9
01-08 11:53:21.282 3070 3070 E ArmVmp : Match on catch block at 0xc3 in for 0xa1
01-08 11:53:21.333 3070 3070 E ArmVmp : Match on catch block at 0xc3 in for 0xa1
01-08 11:53:21.344 3070 3070 E ArmVmp : Match on catch block at 0xc3 in for 0xa5
01-08 11:53:21.405 3070 3070 E ArmVmp : Match on catch block at 0xc3 in for 0xa5
01-08 11:53:21.416 3070 3070 E ArmVmp : Match on catch block at 0xc3 in for 0xa9
01-08 11:53:21.494 3070 3541 W libEGL : EGLNativeWindowType 0x7d8e3b9010
disconnect failed
01-08 11:53:21.540 3070 3541 W libEGL : EGLNativeWindowType 0x7d8e3b9010
disconnect failed
01-08 11:53:21.548 3070 3070 E ArmVmp : Match on catch block at 0xc3 in for 0xa9
01-08 11:53:21.557 3070 3070 E ArmVmp : Match on catch block at 0xc3 in for 0xa1
01-08 11:53:21.630 3070 3541 W libEGL : EGLNativeWindowType 0x7d8e3b9010
disconnect failed
01-08 11:53:21.700 3070 3541 W libEGL : EGLNativeWindowType 0x7d8e3b9010
disconnect failed
01-08 11:53:21.708 3070 3070 E ArmVmp : Match on catch block at 0xc3 in for 0xa5
01-08 11:53:21.719 3070 3070 E ArmVmp : Match on catch block at 0xc3 in for 0xa9
01-08 11:53:21.790 3070 3541 W libEGL : EGLNativeWindowType 0x7d8e3b9010
disconnect failed
01-08 11:53:21.858 3070 3541 W libEGL : EGLNativeWindowType 0x7d8e3b9010
disconnect failed
01-08 11:53:21.863 3070 3070 E ArmVmp : Match on catch block at 0xc3 in for 0xa9
01-08 11:53:21.877 3070 3070 E ArmVmp : Match on catch block at 0xc3 in for 0xa1
01-08 11:53:22.309 3070 3070 E ArmVmp : Match on catch block at 0xc3 in for 0xa1
01-08 11:53:22.317 3070 3070 E ArmVmp : Match on catch block at 0xc3 in for 0xa5
01-08 11:53:22.573 3070 3070 E ArmVmp : Match on catch block at 0xc3 in for 0xa5
01-08 11:53:22.590 3070 3070 E ArmVmp : Match on catch block at 0xc3 in for 0xa9
01-08 11:53:22.614 3070 3070 E ArmVmp : Match on catch block at 0xc3 in for 0xa9
01-08 11:53:22.631 3070 3070 E ArmVmp : Match on catch block at 0xc3 in for 0xa1
01-08 11:53:22.650 3070 3070 E ArmVmp : Match on catch block at 0xc3 in for 0xa1
01-08 11:53:22.664 3070 3070 E ArmVmp : Match on catch block at 0xc3 in for 0xa5
01-08 11:53:22.681 3070 3070 E ArmVmp : Match on catch block at 0xc3 in for 0xa5
01-08 11:53:22.692 3070 3070 E ArmVmp : Match on catch block at 0xc3 in for 0xa9
01-08 11:53:22.719 3070 3541 W libEGL : EGLNativeWindowType 0x7d8e3b9010
disconnect failed
01-08 11:53:22.732 3070 3070 E ArmVmp : Match on catch block at 0xc3 in for 0xa9
01-08 11:53:22.741 3070 3070 E ArmVmp : Match on catch block at 0xc3 in for 0xa1
01-08 11:53:22.804 3070 3070 E ArmVmp : Match on catch block at 0xc3 in for 0xa1
01-08 11:53:22.814 3070 3070 E ArmVmp : Match on catch block at 0xc3 in for 0xa5
01-08 11:53:22.899 3070 3070 E ArmVmp : Match on catch block at 0xc3 in for 0xa1
01-08 11:53:22.913 3070 3070 E ArmVmp : Match on catch block at 0xc3 in for 0xa5
01-08 11:53:23.366 3070 3070 E ArmVmp : Match on catch block at 0xc3 in for 0xa9
01-08 11:53:23.376 3070 3070 E ArmVmp : Match on catch block at 0xc3 in for 0xa1
01-08 11:53:23.398 3070 3070 E ArmVmp : Match on catch block at 0xc3 in for 0xa1
01-08 11:53:23.410 3070 3070 E ArmVmp : Match on catch block at 0xc3 in for 0xa5
01-08 11:53:23.432 3070 3070 E ArmVmp : Match on catch block at 0xc3 in for 0xa5
01-08 11:53:23.447 3070 3070 E ArmVmp : Match on catch block at 0xc3 in for 0xa9
01-08 11:53:23.465 3070 3070 E ArmVmp : Match on catch block at 0xc3 in for 0xa9
01-08 11:53:23.476 3070 3070 E ArmVmp : Match on catch block at 0xc3 in for 0xa1
01-08 11:53:23.486 3070 3070 E ArmVmp : Match on catch block at 0xc3 in for 0xa1
01-08 11:53:23.496 3070 3070 E ArmVmp : Match on catch block at 0xc3 in for 0xa5
01-08 11:53:23.514 3070 3070 E ArmVmp : Match on catch block at 0xc3 in for 0xa5
01-08 11:53:23.523 3070 3070 E ArmVmp : Match on catch block at 0xc3 in for 0xa9
01-08 11:53:23.534 3070 3070 E ArmVmp : Match on catch block at 0xc3 in for 0xa9
01-08 11:53:23.546 3070 3070 E ArmVmp : Match on catch block at 0xc3 in for 0xa1
01-08 11:53:23.563 3070 3070 E ArmVmp : Match on catch block at 0xc3 in for 0xa1
01-08 11:53:23.573 3070 3070 E ArmVmp : Match on catch block at 0xc3 in for 0xa5
01-08 11:53:23.588 3070 3070 E ArmVmp : Match on catch block at 0xc3 in for 0xa5
01-08 11:53:23.598 3070 3070 E ArmVmp : Match on catch block at 0xc3 in for 0xa9
01-08 11:53:23.612 3070 3070 E ArmVmp : Match on catch block at 0xc3 in for 0xa9
01-08 11:53:23.623 3070 3070 E ArmVmp : Match on catch block at 0xc3 in for 0xa1
01-08 11:53:23.638 3070 3070 E ArmVmp : Match on catch block at 0xc3 in for 0xa1
01-08 11:53:23.648 3070 3070 E ArmVmp : Match on catch block at 0xc3 in for 0xa5
01-08 11:53:23.664 3070 3070 E ArmVmp : Match on catch block at 0xc3 in for 0xa5
01-08 11:53:23.674 3070 3070 E ArmVmp : Match on catch block at 0xc3 in for 0xa9
01-08 11:53:23.942 3070 3070 E ArmVmp : Match on catch block at 0xc3 in for 0xa9
01-08 11:53:23.962 3070 3070 E ArmVmp : Match on catch block at 0xc3 in for 0xa1
01-08 11:53:24.447 3070 3070 E ArmVmp : Match on catch block at 0xc3 in for 0xa1
01-08 11:53:24.467 3070 3070 E ArmVmp : Match on catch block at 0xc3 in for 0xa5
01-08 11:53:24.757 3070 3541 W libEGL : EGLNativeWindowType 0x7d8e3b9010
disconnect failed
01-08 11:53:24.965 3070 3070 E ArmVmp : Match on catch block at 0xc3 in for 0xa1
01-08 11:53:24.982 3070 3070 E ArmVmp : Match on catch block at 0xc3 in for 0xa5
01-08 11:53:25.026 3070 3070 E ArmVmp : Match on catch block at 0xc3 in for 0xa5
01-08 11:53:25.038 3070 3070 E ArmVmp : Match on catch block at 0xc3 in for 0xa9
01-08 11:53:25.075 3070 3070 E ArmVmp : Match on catch block at 0xc3 in for 0xa9
01-08 11:53:25.086 3070 3070 E ArmVmp : Match on catch block at 0xc3 in for 0xa1
01-08 11:53:25.124 3070 3070 E ArmVmp : Match on catch block at 0xc3 in for 0xa1
01-08 11:53:25.135 3070 3070 E ArmVmp : Match on catch block at 0xc3 in for 0xa5
01-08 11:53:25.171 3070 3070 E ArmVmp : Match on catch block at 0xc3 in for 0xa5
01-08 11:53:25.184 3070 3070 E ArmVmp : Match on catch block at 0xc3 in for 0xa9
01-08 11:53:25.221 3070 3070 E ArmVmp : Match on catch block at 0xc3 in for 0xa9
01-08 11:53:25.233 3070 3070 E ArmVmp : Match on catch block at 0xc3 in for 0xa1
01-08 11:53:25.266 3070 3070 E ArmVmp : Match on catch block at 0xc3 in for 0xa1
01-08 11:53:25.276 3070 3070 E ArmVmp : Match on catch block at 0xc3 in for 0xa5
01-08 11:53:25.451 3070 3070 E ArmVmp : Match on catch block at 0xc3 in for 0xa5
01-08 11:53:25.459 3070 3070 E ArmVmp : Match on catch block at 0xc3 in for 0xa9
01-08 11:53:25.962 3070 3070 E ArmVmp : Match on catch block at 0xc3 in for 0xa9
01-08 11:53:25.980 3070 3070 E ArmVmp : Match on catch block at 0xc3 in for 0xa1
01-08 11:53:26.469 3070 3070 E ArmVmp : Match on catch block at 0xc3 in for 0xa1
01-08 11:53:26.484 3070 3070 E ArmVmp : Match on catch block at 0xc3 in for 0xa5
01-08 11:53:26.804 3070 3541 W libEGL : EGLNativeWindowType 0x7d8e3b9010
disconnect failed
01-08 11:53:26.972 3070 3070 E ArmVmp : Match on catch block at 0xc3 in for 0xa5
01-08 11:53:26.988 3070 3070 E ArmVmp : Match on catch block at 0xc3 in for 0xa9
01-08 11:53:27.476 3070 3070 E ArmVmp : Match on catch block at 0xc3 in for 0xa9
01-08 11:53:27.496 3070 3070 E ArmVmp : Match on catch block at 0xc3 in for 0xa1
01-08 11:53:27.585 3070 3070 E ArmVmp : Match on catch block at 0xc3 in for 0xa9
01-08 11:53:27.595 3070 3070 E ArmVmp : Match on catch block at 0xc3 in for 0xa1
01-08 11:53:27.611 3070 3070 E ArmVmp : Match on catch block at 0xc3 in for 0xa1
01-08 11:53:27.622 3070 3070 E ArmVmp : Match on catch block at 0xc3 in for 0xa5
01-08 11:53:27.967 3070 3070 E ArmVmp : Match on catch block at 0xc3 in for 0xa5
01-08 11:53:27.984 3070 3070 E ArmVmp : Match on catch block at 0xc3 in for 0xa9
01-08 11:53:28.471 3070 3070 E ArmVmp : Match on catch block at 0xc3 in for 0xa9
01-08 11:53:28.488 3070 3070 E ArmVmp : Match on catch block at 0xc3 in for 0xa1
01-08 11:53:28.592 3070 3070 E ArmVmp : Match on catch block at 0xc3 in for 0xa5
01-08 11:53:28.601 3070 3070 E ArmVmp : Match on catch block at 0xc3 in for 0xa9
01-08 11:53:28.738 3070 3070 E ArmVmp : Match on catch block at 0xc3 in for 0xa5
01-08 11:53:28.746 3070 3070 E ArmVmp : Match on catch block at 0xc3 in for 0xa9
01-08 11:53:28.851 3070 3070 E ArmVmp : Match on catch block at 0xc3 in for 0xa9
01-08 11:53:28.859 3070 3070 E ArmVmp : Match on catch block at 0xc3 in for 0xa1
01-08 11:53:29.021 3070 3070 E ArmVmp : Match on catch block at 0xc3 in for 0xa9
01-08 11:53:29.030 3070 3070 E ArmVmp : Match on catch block at 0xc3 in for 0xa1
01-08 11:53:29.051 3070 3621 W MediaPlayer: Use of stream types is deprecated for
operations other than volume control
01-08 11:53:29.051 3070 3621 W MediaPlayer: See the documentation of
setAudioStreamType() for what to use instead with android.media.AudioAttributes to
qualify your playback use case
01-08 11:53:29.090 3070 3070 E ArmVmp : Match on catch block at 0xc3 in for 0xa5
01-08 11:53:29.100 3070 3070 E ArmVmp : Match on catch block at 0xc3 in for 0xa9
01-08 11:53:29.104 3070 13579 W MediaPlayerNative: info/warning (10973, 0)
01-08 11:53:29.227 3070 3070 E ArmVmp : Match on catch block at 0xc3 in for 0xa9
01-08 11:53:29.237 3070 3070 E ArmVmp : Match on catch block at 0xc3 in for 0xa1
01-08 11:53:29.300 3070 3070 E ArmVmp : Match on catch block at 0xc3 in for 0xa1
01-08 11:53:29.344 3070 3070 E ArmVmp : Match on catch block at 0xc3 in for 0xa5
01-08 11:53:29.477 3070 3541 W libEGL : EGLNativeWindowType 0x7d8e3b9010
disconnect failed
01-08 11:53:29.527 3070 3541 W libEGL : EGLNativeWindowType 0x7d8e3b9010
disconnect failed
01-08 11:53:29.582 3070 3541 W libEGL : EGLNativeWindowType 0x7d8e3b9010
disconnect failed
01-08 11:53:29.613 3070 3070 E ArmVmp : Match on catch block at 0xc3 in for 0xa9
01-08 11:53:29.626 3070 3070 E ArmVmp : Match on catch block at 0xc3 in for 0xa1
01-08 11:53:29.783 3070 3541 W libEGL : EGLNativeWindowType 0x7d8e3b9010
disconnect failed
01-08 11:53:29.789 3070 3070 E ArmVmp : Match on catch block at 0xc3 in for 0xa1
01-08 11:53:29.797 3070 3070 E ArmVmp : Match on catch block at 0xc3 in for 0xa5
01-08 11:53:29.870 3070 3541 W libEGL : EGLNativeWindowType 0x7d8e3b9010
disconnect failed
01-08 11:53:29.877 3070 3070 E ArmVmp : Match on catch block at 0xc3 in for 0xa5
01-08 11:53:29.886 3070 3070 E ArmVmp : Match on catch block at 0xc3 in for 0xa9
01-08 11:53:29.931 3070 3070 E ArmVmp : Match on catch block at 0xc3 in for 0xa1
01-08 11:53:29.944 3070 3070 E ArmVmp : Match on catch block at 0xc3 in for 0xa5
01-08 11:53:29.961 3070 3525 E SQLiteDatabase: Error inserting transferred=1
media_job_uuid=69771302-96bb-4d4e-b762-b4220c96eb5b transcoded=0 gif_attribution=0
first_scan_length=0 direct_path=/v/t62.7117-
24/21320695_383204614207784_3044730358546085515_n.enc?ccb=11-
4&oh=01_AdSyoPAkaJOY2pUdIgqwoAERNK4ZM5GFplCk56l1AE27aA&oe=65C3930B&_nc_sid=5e03e0
thumbnail_height_width_ratio=0.0 is_animated_sticker=0
file_hash=UKMFlqOfPCAjleWAqhOfJPK9xdVUa/QtPBEpycTdTAw= file_path=Media/WhatsApp
Voice Notes/202402/PTT-20240108-WA0009.opus file_size=65079 partial_media_hash=null
face_x=0 face_y=0 height=0 trim_to=0 media_key_timestamp=1704725581000
message_url=https://mmg.whatsapp.net/v/t62.7117-
24/21320695_383204614207784_3044730358546085515_n.enc?ccb=11-
4&oh=01_AdSyoPAkaJOY2pUdIgqwoAERNK4ZM5GFplCk56l1AE27aA&oe=65C3930B&_nc_sid=5e03e0&m
ms3=true media_caption=null trim_from=0 mime_type=audio/ogg; codecs=opus
partial_media_enc_hash=null width=0 original_file_hash=null has_streaming_sidecar=0
autotransfer_retry_enabled=1 media_upload_handle=null message_row_id=93738
multicast_id=null enc_file_hash=CrEsGEFqnzYvC5jm5yPA9+kBrIuxFaOdUTvHbPpSkPA=
mute_video=0 page_count=0 first_scan_sidecar=null suspicious_content=0
file_length=65079 media_name=null media_duration=27 chat_row_id=99
media_key=[B@bcb2b3a
01-08 11:53:29.961 3070 3525 E SQLiteDatabase:
android.database.sqlite.SQLiteConstraintException: UNIQUE constraint failed:
message_media.message_row_id (code 1555 SQLITE_CONSTRAINT_PRIMARYKEY[1555])
01-08 11:53:29.961 3070 3525 E SQLiteDatabase: at
android.database.sqlite.SQLiteConnection.nativeExecuteForLastInsertedRowId(Native
Method)
01-08 11:53:29.961 3070 3525 E SQLiteDatabase: at
android.database.sqlite.SQLiteConnection.executeForLastInsertedRowId(SQLiteConnecti
on.java:1217)
01-08 11:53:29.961 3070 3525 E SQLiteDatabase: at
android.database.sqlite.SQLiteSession.executeForLastInsertedRowId(SQLiteSession.jav
a:790)
01-08 11:53:29.961 3070 3525 E SQLiteDatabase: at
android.database.sqlite.SQLiteStatement.executeInsert(SQLiteStatement.java:88)
01-08 11:53:29.961 3070 3525 E SQLiteDatabase: at
android.database.sqlite.SQLiteDatabase.insertWithOnConflict(SQLiteDatabase.java:221
9)
01-08 11:53:29.961 3070 3525 E SQLiteDatabase: at
android.database.sqlite.SQLiteDatabase.insert(SQLiteDatabase.java:2088)
01-08 11:53:29.961 3070 3525 E SQLiteDatabase: at X.2tm.A08(Unknown
Source:6)
01-08 11:53:29.961 3070 3525 E SQLiteDatabase: at X.35Y.A07(Unknown
Source:212)
01-08 11:53:29.961 3070 3525 E SQLiteDatabase: at X.3QF.A14(Unknown
Source:470)
01-08 11:53:29.961 3070 3525 E SQLiteDatabase: at X.3gU.run(Unknown
Source:982)
01-08 11:53:29.961 3070 3525 E SQLiteDatabase: at
android.os.Handler.handleCallback(Handler.java:938)
01-08 11:53:29.961 3070 3525 E SQLiteDatabase: at
android.os.Handler.dispatchMessage(Handler.java:99)
01-08 11:53:29.961 3070 3525 E SQLiteDatabase: at
X.0zq.dispatchMessage(Unknown Source:4)
01-08 11:53:29.961 3070 3525 E SQLiteDatabase: at
android.os.Looper.loop(Looper.java:246)
01-08 11:53:29.961 3070 3525 E SQLiteDatabase: at
android.os.HandlerThread.run(HandlerThread.java:67)
01-08 11:53:29.966 3070 3070 E ArmVmp : Match on catch block at 0xc3 in for 0xa5
01-08 11:53:29.978 3070 3070 E ArmVmp : Match on catch block at 0xc3 in for 0xa9
01-08 11:53:30.030 3070 3070 E ArmVmp : Match on catch block at 0xc3 in for 0xa9
01-08 11:53:30.043 3070 3070 E ArmVmp : Match on catch block at 0xc3 in for 0xa1
01-08 11:53:30.067 3070 3070 E ArmVmp : Match on catch block at 0xc3 in for 0xa1
01-08 11:53:30.079 3070 3070 E ArmVmp : Match on catch block at 0xc3 in for 0xa5
01-08 11:53:30.325 3070 3070 E ArmVmp : Match on catch block at 0xc3 in for 0xa9
01-08 11:53:30.333 3070 3070 E ArmVmp : Match on catch block at 0xc3 in for 0xa1
01-08 11:53:30.694 3070 3541 W libEGL : EGLNativeWindowType 0x7d8e3b9010
disconnect failed
01-08 11:53:30.848 3070 3070 E ArmVmp : Match on catch block at 0xc3 in for 0xa9
01-08 11:53:30.879 3070 3070 E ArmVmp : Match on catch block at 0xc3 in for 0xa1
01-08 11:53:31.334 3070 3070 E ArmVmp : Match on catch block at 0xc3 in for 0xa1
01-08 11:53:31.347 3070 3070 E ArmVmp : Match on catch block at 0xc3 in for 0xa5
01-08 11:53:31.624 3070 3070 E ArmVmp : Match on catch block at 0xc3 in for 0xa5
01-08 11:53:31.642 3070 3070 E ArmVmp : Match on catch block at 0xc3 in for 0xa9
01-08 11:53:31.660 3070 3070 E ArmVmp : Match on catch block at 0xc3 in for 0xa9
01-08 11:53:31.674 3070 3070 E ArmVmp : Match on catch block at 0xc3 in for 0xa1
01-08 11:53:31.691 3070 3070 E ArmVmp : Match on catch block at 0xc3 in for 0xa1
01-08 11:53:31.707 3070 3070 E ArmVmp : Match on catch block at 0xc3 in for 0xa5
01-08 11:53:31.724 3070 3070 E ArmVmp : Match on catch block at 0xc3 in for 0xa5
01-08 11:53:31.734 3070 3070 E ArmVmp : Match on catch block at 0xc3 in for 0xa9
01-08 11:53:31.746 3070 3070 E ArmVmp : Match on catch block at 0xc3 in for 0xa9
01-08 11:53:31.755 3070 3070 E ArmVmp : Match on catch block at 0xc3 in for 0xa1
01-08 11:53:31.775 3070 3070 E ArmVmp : Match on catch block at 0xc3 in for 0xa1
01-08 11:53:31.785 3070 3070 E ArmVmp : Match on catch block at 0xc3 in for 0xa5
01-08 11:53:31.802 3070 3070 E ArmVmp : Match on catch block at 0xc3 in for 0xa5
01-08 11:53:31.812 3070 3070 E ArmVmp : Match on catch block at 0xc3 in for 0xa9
01-08 11:53:31.826 3070 3070 E ArmVmp : Match on catch block at 0xc3 in for 0xa9
01-08 11:53:31.838 3070 3070 E ArmVmp : Match on catch block at 0xc3 in for 0xa1
01-08 11:53:31.857 3070 3070 E ArmVmp : Match on catch block at 0xc3 in for 0xa1
01-08 11:53:31.865 3070 3070 E ArmVmp : Match on catch block at 0xc3 in for 0xa5
01-08 11:53:31.875 3070 3070 E ArmVmp : Match on catch block at 0xc3 in for 0xa5
01-08 11:53:31.885 3070 3070 E ArmVmp : Match on catch block at 0xc3 in for 0xa9
01-08 11:53:32.357 3070 3070 E ArmVmp : Match on catch block at 0xc3 in for 0xa9
01-08 11:53:32.374 3070 3070 E ArmVmp : Match on catch block at 0xc3 in for 0xa1
01-08 11:53:32.724 3070 3541 W libEGL : EGLNativeWindowType 0x7d8e3b9010
disconnect failed
01-08 11:53:32.869 3070 3070 E ArmVmp : Match on catch block at 0xc3 in for 0xa1
01-08 11:53:32.888 3070 3070 E ArmVmp : Match on catch block at 0xc3 in for 0xa5
01-08 11:53:33.360 3070 3070 E ArmVmp : Match on catch block at 0xc3 in for 0xa5
01-08 11:53:33.382 3070 3070 E ArmVmp : Match on catch block at 0xc3 in for 0xa9
01-08 11:53:33.863 3070 3070 E ArmVmp : Match on catch block at 0xc3 in for 0xa9
01-08 11:53:33.884 3070 3070 E ArmVmp : Match on catch block at 0xc3 in for 0xa1
01-08 11:53:34.365 3070 3070 E ArmVmp : Match on catch block at 0xc3 in for 0xa1
01-08 11:53:34.372 3070 3070 E ArmVmp : Match on catch block at 0xc3 in for 0xa5
01-08 11:53:34.870 3070 3070 E ArmVmp : Match on catch block at 0xc3 in for 0xa5
01-08 11:53:34.877 3070 3070 E ArmVmp : Match on catch block at 0xc3 in for 0xa9
01-08 11:53:35.357 3070 3070 E ArmVmp : Match on catch block at 0xc3 in for 0xa9
01-08 11:53:35.363 3070 3070 E ArmVmp : Match on catch block at 0xc3 in for 0xa1
01-08 11:53:35.857 3070 3070 E ArmVmp : Match on catch block at 0xc3 in for 0xa5
01-08 11:53:35.862 3070 3070 E ArmVmp : Match on catch block at 0xc3 in for 0xa9
01-08 11:53:35.887 3070 3070 W AudioManager: Use of stream types is deprecated
for operations other than volume control
01-08 11:53:35.887 3070 3070 W AudioManager: See the documentation of
requestAudioFocus() for what to use instead with android.media.AudioAttributes to
qualify your playback use case
01-08 11:53:35.912 3070 3525 E SQLiteDatabase: Error inserting transferred=1
media_job_uuid=69771302-96bb-4d4e-b762-b4220c96eb5b transcoded=0 gif_attribution=0
first_scan_length=0 direct_path=/v/t62.7117-
24/21320695_383204614207784_3044730358546085515_n.enc?ccb=11-
4&oh=01_AdSyoPAkaJOY2pUdIgqwoAERNK4ZM5GFplCk56l1AE27aA&oe=65C3930B&_nc_sid=5e03e0
thumbnail_height_width_ratio=0.0 is_animated_sticker=0
file_hash=UKMFlqOfPCAjleWAqhOfJPK9xdVUa/QtPBEpycTdTAw= file_path=Media/WhatsApp
Voice Notes/202402/PTT-20240108-WA0009.opus file_size=65079 partial_media_hash=null
face_x=0 face_y=0 height=0 trim_to=0 media_key_timestamp=1704725581000
message_url=https://mmg.whatsapp.net/v/t62.7117-
24/21320695_383204614207784_3044730358546085515_n.enc?ccb=11-
4&oh=01_AdSyoPAkaJOY2pUdIgqwoAERNK4ZM5GFplCk56l1AE27aA&oe=65C3930B&_nc_sid=5e03e0&m
ms3=true media_caption=null trim_from=0 mime_type=audio/ogg; codecs=opus
partial_media_enc_hash=null width=0 original_file_hash=null has_streaming_sidecar=0
autotransfer_retry_enabled=1 media_upload_handle=null message_row_id=93738
multicast_id=null enc_file_hash=CrEsGEFqnzYvC5jm5yPA9+kBrIuxFaOdUTvHbPpSkPA=
