thumbnail_height_width_ratio=1.3521127 is_animated_sticker=0
file_hash=ohliQhW+6cN5DpuvXk141BGEnv+gyeEVqjlGzgZDDbU=
file_path=Media/.Statuses/0556ef5843514172a90f77fd8d538564.jpg file_size=104751
partial_media_hash=HAPLWd44c50m4VUVhkvMM8BpLUzQ9usrHllfcHB7dUM= face_x=0 face_y=0
height=1040 trim_to=0 media_key_timestamp=1704735413000
message_url=https://mmg.whatsapp.net/v/t62.7118-
24/12089656_186772744521649_1365816085076756526_n.enc?ccb=11-
4&oh=01_AdSV70uaswTcUI3yHeUZl8DUjgJxEMWHi5tzwPtL2ic-
oA&oe=65C3B078&_nc_sid=5e03e0&mms3=true media_caption=null trim_from=0
mime_type=image/jpeg partial_media_enc_hash=null width=780 original_file_hash=null
has_streaming_sidecar=1 autotransfer_retry_enabled=1 media_upload_handle=null
message_row_id=93760 multicast_id=null
enc_file_hash=lui2D9BXXQJfGHvAOE4l9RfGJezSVyhAMyZ5m826FUc= mute_video=0
page_count=0 first_scan_sidecar=[B@a67b1c6 suspicious_content=0 file_length=104751
media_name=null media_duration=0 chat_row_id=105 media_key=[B@b753587
01-08 14:37:53.651 3070 3525 E SQLiteDatabase:
android.database.sqlite.SQLiteConstraintException: UNIQUE constraint failed:
message_media.message_row_id (code 1555 SQLITE_CONSTRAINT_PRIMARYKEY[1555])
01-08 14:37:53.651 3070 3525 E SQLiteDatabase: at
android.database.sqlite.SQLiteConnection.nativeExecuteForLastInsertedRowId(Native
Method)
01-08 14:37:53.651 3070 3525 E SQLiteDatabase: at
android.database.sqlite.SQLiteConnection.executeForLastInsertedRowId(SQLiteConnecti
on.java:1217)
01-08 14:37:53.651 3070 3525 E SQLiteDatabase: at
android.database.sqlite.SQLiteSession.executeForLastInsertedRowId(SQLiteSession.jav
a:790)
01-08 14:37:53.651 3070 3525 E SQLiteDatabase: at
android.database.sqlite.SQLiteStatement.executeInsert(SQLiteStatement.java:88)
01-08 14:37:53.651 3070 3525 E SQLiteDatabase: at
android.database.sqlite.SQLiteDatabase.insertWithOnConflict(SQLiteDatabase.java:221
9)
01-08 14:37:53.651 3070 3525 E SQLiteDatabase: at
android.database.sqlite.SQLiteDatabase.insert(SQLiteDatabase.java:2088)
01-08 14:37:53.651 3070 3525 E SQLiteDatabase: at X.2tm.A08(Unknown
Source:6)
01-08 14:37:53.651 3070 3525 E SQLiteDatabase: at X.35Y.A07(Unknown
Source:212)
01-08 14:37:53.651 3070 3525 E SQLiteDatabase: at X.3QF.A14(Unknown
Source:470)
01-08 14:37:53.651 3070 3525 E SQLiteDatabase: at X.3gU.run(Unknown
Source:982)
01-08 14:37:53.651 3070 3525 E SQLiteDatabase: at
android.os.Handler.handleCallback(Handler.java:938)
01-08 14:37:53.651 3070 3525 E SQLiteDatabase: at
android.os.Handler.dispatchMessage(Handler.java:99)
01-08 14:37:53.651 3070 3525 E SQLiteDatabase: at
X.0zq.dispatchMessage(Unknown Source:4)
01-08 14:37:53.651 3070 3525 E SQLiteDatabase: at
android.os.Looper.loop(Looper.java:246)
01-08 14:37:53.651 3070 3525 E SQLiteDatabase: at
android.os.HandlerThread.run(HandlerThread.java:67)
01-08 14:37:55.762 3070 3070 W BottomSheetBehavior: BottomSheetBehavior now
supports multiple callbacks. `setBottomSheetCallback()` removes all existing
callbacks, including ones set internally by library authors, which may result in
unintended behavior. This may change in the future. Please use
`addBottomSheetCallback()` and `removeBottomSheetCallback()` instead to set your
own callbacks.
01-08 14:37:55.762 3070 3070 W BottomSheetBehavior: BottomSheetBehavior now
supports multiple callbacks. `setBottomSheetCallback()` removes all existing
callbacks, including ones set internally by library authors, which may result in
unintended behavior. This may change in the future. Please use
`addBottomSheetCallback()` and `removeBottomSheetCallback()` instead to set your
own callbacks.
01-08 14:37:55.858 3070 3070 W BottomSheetBehavior: BottomSheetBehavior now
supports multiple callbacks. `setBottomSheetCallback()` removes all existing
callbacks, including ones set internally by library authors, which may result in
unintended behavior. This may change in the future. Please use
`addBottomSheetCallback()` and `removeBottomSheetCallback()` instead to set your
own callbacks.
01-08 14:37:55.858 3070 3070 W BottomSheetBehavior: BottomSheetBehavior now
supports multiple callbacks. `setBottomSheetCallback()` removes all existing
callbacks, including ones set internally by library authors, which may result in
unintended behavior. This may change in the future. Please use
`addBottomSheetCallback()` and `removeBottomSheetCallback()` instead to set your
own callbacks.
01-08 14:37:55.888 3070 3070 W BottomSheetBehavior: BottomSheetBehavior now
supports multiple callbacks. `setBottomSheetCallback()` removes all existing
callbacks, including ones set internally by library authors, which may result in
unintended behavior. This may change in the future. Please use
`addBottomSheetCallback()` and `removeBottomSheetCallback()` instead to set your
own callbacks.
01-08 14:37:55.888 3070 3070 W BottomSheetBehavior: BottomSheetBehavior now
supports multiple callbacks. `setBottomSheetCallback()` removes all existing
callbacks, including ones set internally by library authors, which may result in
unintended behavior. This may change in the future. Please use
`addBottomSheetCallback()` and `removeBottomSheetCallback()` instead to set your
own callbacks.
01-08 14:37:55.925 3070 3541 W libEGL : EGLNativeWindowType 0x7d48dee010
disconnect failed
01-08 14:37:55.929 3070 3070 E RecyclerView: No adapter attached; skipping layout
01-08 14:37:58.988 3070 3070 E RecyclerView: No adapter attached; skipping layout
01-08 14:38:02.979 3070 3541 W libEGL : EGLNativeWindowType 0x7d48dee010
disconnect failed
01-08 14:38:03.044 3070 3070 E ViewRootImpl: sendUserActionEvent() mView
returned.
01-08 14:38:03.109 3070 3070 E ViewRootImpl: sendUserActionEvent() mView
returned.
01-08 14:38:04.405 3070 3541 W libEGL : EGLNativeWindowType 0x7d7735a010
disconnect failed
01-08 14:55:14.266 3070 3491 W com.whatsapp: Reducing the number of considered
missed Gc histogram windows from 103 to 100
01-08 14:55:28.352 3070 3070 W BottomSheetBehavior: BottomSheetBehavior now
supports multiple callbacks. `setBottomSheetCallback()` removes all existing
callbacks, including ones set internally by library authors, which may result in
unintended behavior. This may change in the future. Please use
`addBottomSheetCallback()` and `removeBottomSheetCallback()` instead to set your
own callbacks.
01-08 14:55:28.352 3070 3070 W BottomSheetBehavior: BottomSheetBehavior now
supports multiple callbacks. `setBottomSheetCallback()` removes all existing
callbacks, including ones set internally by library authors, which may result in
unintended behavior. This may change in the future. Please use
`addBottomSheetCallback()` and `removeBottomSheetCallback()` instead to set your
own callbacks.
01-08 14:55:28.457 3070 3070 W BottomSheetBehavior: BottomSheetBehavior now
supports multiple callbacks. `setBottomSheetCallback()` removes all existing
callbacks, including ones set internally by library authors, which may result in
unintended behavior. This may change in the future. Please use
`addBottomSheetCallback()` and `removeBottomSheetCallback()` instead to set your
own callbacks.
01-08 14:55:28.457 3070 3070 W BottomSheetBehavior: BottomSheetBehavior now
supports multiple callbacks. `setBottomSheetCallback()` removes all existing
callbacks, including ones set internally by library authors, which may result in
unintended behavior. This may change in the future. Please use
`addBottomSheetCallback()` and `removeBottomSheetCallback()` instead to set your
own callbacks.
01-08 14:55:28.502 3070 3541 W libEGL : EGLNativeWindowType 0x7d69004010
disconnect failed
01-08 14:55:28.505 3070 3070 E RecyclerView: No adapter attached; skipping layout
01-08 14:55:29.347 3070 3541 W libEGL : EGLNativeWindowType 0x7d69004010
disconnect failed
01-08 14:55:29.360 3070 3070 E ViewRootImpl: sendUserActionEvent() mView
returned.
01-08 14:55:29.467 3070 3070 E ViewRootImpl: sendUserActionEvent() mView
returned.
01-08 14:55:30.672 3070 3541 W libEGL : EGLNativeWindowType 0x7d786a3010
disconnect failed
01-08 14:56:31.881 3070 3541 W libEGL : EGLNativeWindowType 0x7df1f8c010
disconnect failed
01-08 15:00:48.085 3070 3541 W libEGL : EGLNativeWindowType 0x7df1d98010
disconnect failed
01-08 15:04:01.478 3070 3541 W libEGL : EGLNativeWindowType 0x7d8e728010
disconnect failed
01-08 15:04:01.951 3070 3541 W libEGL : EGLNativeWindowType 0x7d68811010
disconnect failed
01-08 15:04:01.974 3070 3541 W libEGL : EGLNativeWindowType 0x7d68811010
disconnect failed
01-08 15:04:01.998 3070 3541 W libEGL : EGLNativeWindowType 0x7d68811010
disconnect failed
01-08 15:04:02.036 3070 3541 W libEGL : EGLNativeWindowType 0x7d68811010
disconnect failed
01-08 15:04:02.089 3070 3541 W libEGL : EGLNativeWindowType 0x7d68811010
disconnect failed
01-08 15:04:02.128 3070 3541 W libEGL : EGLNativeWindowType 0x7d68811010
disconnect failed
01-08 15:04:02.175 3070 3541 W libEGL : EGLNativeWindowType 0x7d68811010
disconnect failed
01-08 15:04:02.227 3070 3541 W libEGL : EGLNativeWindowType 0x7d68811010
disconnect failed
01-08 15:04:02.265 3070 3541 W libEGL : EGLNativeWindowType 0x7d68811010
disconnect failed
01-08 15:04:03.246 3070 3541 W libEGL : EGLNativeWindowType 0x7d68811010
disconnect failed
01-08 15:20:46.566 3070 3070 E ArmVmp : Match on catch block at 0x0a in for 0xc1
01-08 15:20:46.570 3070 3070 E ArmVmp : Match on catch block at 0x0a in for 0xc9
01-08 15:20:47.142 3070 3070 E ArmVmp : Match on catch block at 0xc3 in for 0xb9
01-08 15:20:47.153 3070 3070 E ArmVmp : Match on catch block at 0xc3 in for 0xb9
01-08 15:20:47.157 3070 3070 E ArmVmp : Match on catch block at 0xc3 in for 0xb9
01-08 15:20:47.296 3070 3070 E ArmVmp : Match on catch block at 0xc3 in for 0xa9
01-08 15:20:47.301 3070 3070 E ArmVmp : Match on catch block at 0xc3 in for 0xa1
01-08 15:20:47.304 3070 3070 E ArmVmp : Match on catch block at 0xc3 in for 0xa1
01-08 15:20:47.432 3070 3070 E ArmVmp : Match on catch block at 0xc3 in for 0xa5
01-08 15:20:47.436 3070 3070 E ArmVmp : Match on catch block at 0xc3 in for 0xa9
01-08 15:20:47.439 3070 3070 E ArmVmp : Match on catch block at 0xc3 in for 0xa9
01-08 15:20:47.482 3070 3070 E ArmVmp : Match on catch block at 0xc3 in for 0xa9
01-08 15:20:47.486 3070 3070 E ArmVmp : Match on catch block at 0xc3 in for 0xa1
01-08 15:20:47.488 3070 3070 E ArmVmp : Match on catch block at 0xc3 in for 0xa1
01-08 15:20:47.531 3070 3070 E ArmVmp : Match on catch block at 0xc3 in for 0xa9
01-08 15:20:47.536 3070 3070 E ArmVmp : Match on catch block at 0xc3 in for 0xa1
01-08 15:20:47.539 3070 3070 E ArmVmp : Match on catch block at 0xc3 in for 0xa1
01-08 15:20:47.565 3070 3070 E ArmVmp : Match on catch block at 0xc3 in for 0xa5
01-08 15:20:47.570 3070 3070 E ArmVmp : Match on catch block at 0xc3 in for 0xa9
01-08 15:20:47.574 3070 3070 E ArmVmp : Match on catch block at 0xc3 in for 0xa9
01-08 15:20:47.581 3070 3070 E ArmVmp : Match on catch block at 0xc3 in for 0xa1
01-08 15:20:47.587 3070 3070 E ArmVmp : Match on catch block at 0xc3 in for 0xa5
01-08 15:20:47.590 3070 3070 E ArmVmp : Match on catch block at 0xc3 in for 0xa5
01-08 15:20:47.596 3070 3070 E ArmVmp : Match on catch block at 0xc3 in for 0xa9
01-08 15:20:47.601 3070 3070 E ArmVmp : Match on catch block at 0xc3 in for 0xa1
01-08 15:20:47.604 3070 3070 E ArmVmp : Match on catch block at 0xc3 in for 0xa1
01-08 15:20:47.612 3070 3070 E ArmVmp : Match on catch block at 0xc3 in for 0xa5
01-08 15:20:47.616 3070 3070 E ArmVmp : Match on catch block at 0xc3 in for 0xa9
01-08 15:20:47.619 3070 3070 E ArmVmp : Match on catch block at 0xc3 in for 0xa9
01-08 15:20:47.627 3070 3070 E ArmVmp : Match on catch block at 0xc3 in for 0xa1
01-08 15:20:47.631 3070 3070 E ArmVmp : Match on catch block at 0xc3 in for 0xa5
01-08 15:20:47.639 3070 3070 E ArmVmp : Match on catch block at 0xc3 in for 0xa5
01-08 15:20:47.644 3070 3070 E ArmVmp : Match on catch block at 0xc3 in for 0xa9
01-08 15:20:47.648 3070 3070 E ArmVmp : Match on catch block at 0xc3 in for 0xa1
01-08 15:20:47.651 3070 3070 E ArmVmp : Match on catch block at 0xc3 in for 0xa1
01-08 15:20:47.664 3070 3541 W libEGL : EGLNativeWindowType 0x7d31c6d010
disconnect failed
01-08 15:20:47.687 3070 3070 E ArmVmp : Match on catch block at 0xc3 in for 0xa5
01-08 15:20:47.691 3070 3070 E ArmVmp : Match on catch block at 0xc3 in for 0xa9
01-08 15:20:47.694 3070 3070 E ArmVmp : Match on catch block at 0xc3 in for 0xa9
01-08 15:20:47.714 3070 3070 E ArmVmp : Match on catch block at 0xc3 in for 0xa1
01-08 15:20:47.719 3070 3070 E ArmVmp : Match on catch block at 0xc3 in for 0xa5
01-08 15:20:47.722 3070 3070 E ArmVmp : Match on catch block at 0xc3 in for 0xa5
01-08 15:20:47.742 3070 3070 E ArmVmp : Match on catch block at 0xc3 in for 0xa5
01-08 15:20:47.747 3070 3070 E ArmVmp : Match on catch block at 0xc3 in for 0xa9
01-08 15:20:47.750 3070 3070 E ArmVmp : Match on catch block at 0xc3 in for 0xa9
01-08 15:20:47.759 3070 3070 E ArmVmp : Match on catch block at 0xc3 in for 0xa9
01-08 15:20:47.763 3070 3070 E ArmVmp : Match on catch block at 0xc3 in for 0xa1
01-08 15:20:47.766 3070 3070 E ArmVmp : Match on catch block at 0xc3 in for 0xa1
01-08 15:20:47.775 3070 3070 E ArmVmp : Match on catch block at 0xc3 in for 0xa5
01-08 15:20:47.783 3070 3070 E ArmVmp : Match on catch block at 0xc3 in for 0xa9
01-08 15:20:47.786 3070 3070 E ArmVmp : Match on catch block at 0xc3 in for 0xa9
01-08 15:20:47.791 3070 3070 E ArmVmp : Match on catch block at 0xc3 in for 0xa1
01-08 15:20:47.799 3070 3070 E ArmVmp : Match on catch block at 0xc3 in for 0xa5
01-08 15:20:47.802 3070 3070 E ArmVmp : Match on catch block at 0xc3 in for 0xa5
01-08 15:20:47.807 3070 3070 E ArmVmp : Match on catch block at 0xc3 in for 0xa9
01-08 15:20:47.812 3070 3070 E ArmVmp : Match on catch block at 0xc3 in for 0xa1
01-08 15:20:47.816 3070 3070 E ArmVmp : Match on catch block at 0xc3 in for 0xa1
01-08 15:20:47.823 3070 3070 E ArmVmp : Match on catch block at 0xc3 in for 0xa5
01-08 15:20:47.827 3070 3070 E ArmVmp : Match on catch block at 0xc3 in for 0xa9
01-08 15:20:47.830 3070 3070 E ArmVmp : Match on catch block at 0xc3 in for 0xa9
01-08 15:20:47.839 3070 3070 E ArmVmp : Match on catch block at 0xc3 in for 0xa1
01-08 15:20:47.843 3070 3070 E ArmVmp : Match on catch block at 0xc3 in for 0xa5
01-08 15:20:47.846 3070 3070 E ArmVmp : Match on catch block at 0xc3 in for 0xa5
01-08 15:20:47.888 3070 3070 E ArmVmp : Match on catch block at 0xc3 in for 0xa9
01-08 15:20:47.892 3070 3070 E ArmVmp : Match on catch block at 0xc3 in for 0xa1
01-08 15:20:47.895 3070 3070 E ArmVmp : Match on catch block at 0xc3 in for 0xa1
01-08 15:20:47.904 3070 3070 E ArmVmp : Match on catch block at 0xc3 in for 0xa5
01-08 15:20:47.908 3070 3070 E ArmVmp : Match on catch block at 0xc3 in for 0xa9
01-08 15:20:47.912 3070 3070 E ArmVmp : Match on catch block at 0xc3 in for 0xa9
01-08 15:20:47.969 3070 3070 E ArmVmp : Match on catch block at 0xc3 in for 0xa1
01-08 15:20:47.974 3070 3070 E ArmVmp : Match on catch block at 0xc3 in for 0xa5
01-08 15:20:47.977 3070 3070 E ArmVmp : Match on catch block at 0xc3 in for 0xa5
01-08 15:20:48.050 3070 3070 E ArmVmp : Match on catch block at 0xc3 in for 0xa9
01-08 15:20:48.054 3070 3070 E ArmVmp : Match on catch block at 0xc3 in for 0xa1
01-08 15:20:48.058 3070 3070 E ArmVmp : Match on catch block at 0xc3 in for 0xa1
01-08 15:20:48.115 3070 3070 E ArmVmp : Match on catch block at 0xc3 in for 0xa5
01-08 15:20:48.119 3070 3070 E ArmVmp : Match on catch block at 0xc3 in for 0xa9
01-08 15:20:48.123 3070 3070 E ArmVmp : Match on catch block at 0xc3 in for 0xa9
01-08 15:20:48.180 3070 3070 E ArmVmp : Match on catch block at 0xc3 in for 0xa1
01-08 15:20:48.184 3070 3070 E ArmVmp : Match on catch block at 0xc3 in for 0xa5
01-08 15:20:48.187 3070 3070 E ArmVmp : Match on catch block at 0xc3 in for 0xa5
01-08 15:20:48.246 3070 3070 E ArmVmp : Match on catch block at 0xc3 in for 0xa9
01-08 15:20:48.252 3070 3070 E ArmVmp : Match on catch block at 0xc3 in for 0xa1
01-08 15:20:48.257 3070 3070 E ArmVmp : Match on catch block at 0xc3 in for 0xa1
01-08 15:20:48.310 3070 3070 E ArmVmp : Match on catch block at 0xc3 in for 0xa5
01-08 15:20:48.318 3070 3070 E ArmVmp : Match on catch block at 0xc3 in for 0xa9
01-08 15:20:48.323 3070 3070 E ArmVmp : Match on catch block at 0xc3 in for 0xa9
01-08 15:20:48.377 3070 3070 E ArmVmp : Match on catch block at 0xc3 in for 0xa1
01-08 15:20:48.387 3070 3070 E ArmVmp : Match on catch block at 0xc3 in for 0xa5
01-08 15:20:48.395 3070 3070 E ArmVmp : Match on catch block at 0xc3 in for 0xa5
01-08 15:20:48.427 3070 3070 E ArmVmp : Match on catch block at 0xc3 in for 0xa9
01-08 15:20:48.439 3070 3070 E ArmVmp : Match on catch block at 0xc3 in for 0xa1
01-08 15:20:48.446 3070 3070 E ArmVmp : Match on catch block at 0xc3 in for 0xa1
01-08 15:20:48.479 3070 3070 E ArmVmp : Match on catch block at 0xc3 in for 0xa5
01-08 15:20:48.487 3070 3070 E ArmVmp : Match on catch block at 0xc3 in for 0xa9
01-08 15:20:48.493 3070 3070 E ArmVmp : Match on catch block at 0xc3 in for 0xa9
01-08 15:20:48.539 3070 3070 E ArmVmp : Match on catch block at 0xc3 in for 0xa1
01-08 15:20:48.547 3070 3070 E ArmVmp : Match on catch block at 0xc3 in for 0xa5
01-08 15:20:48.553 3070 3070 E ArmVmp : Match on catch block at 0xc3 in for 0xa5
01-08 15:20:48.603 3070 3070 E ArmVmp : Match on catch block at 0xc3 in for 0xa9
01-08 15:20:48.611 3070 3070 E ArmVmp : Match on catch block at 0xc3 in for 0xa1
01-08 15:20:48.617 3070 3070 E ArmVmp : Match on catch block at 0xc3 in for 0xa1
01-08 15:20:48.667 3070 3070 E ArmVmp : Match on catch block at 0xc3 in for 0xa5
01-08 15:20:48.676 3070 3070 E ArmVmp : Match on catch block at 0xc3 in for 0xa9
01-08 15:20:48.682 3070 3070 E ArmVmp : Match on catch block at 0xc3 in for 0xa9
01-08 15:20:48.734 3070 3070 E ArmVmp : Match on catch block at 0xc3 in for 0xa1
01-08 15:20:48.743 3070 3070 E ArmVmp : Match on catch block at 0xc3 in for 0xa5
01-08 15:20:48.748 3070 3070 E ArmVmp : Match on catch block at 0xc3 in for 0xa5
01-08 15:20:48.798 3070 3070 E ArmVmp : Match on catch block at 0xc3 in for 0xa9
01-08 15:20:48.812 3070 3070 E ArmVmp : Match on catch block at 0xc3 in for 0xa1
01-08 15:20:48.818 3070 3070 E ArmVmp : Match on catch block at 0xc3 in for 0xa1
01-08 15:20:48.862 3070 3070 E ArmVmp : Match on catch block at 0xc3 in for 0xa5
01-08 15:20:48.872 3070 3070 E ArmVmp : Match on catch block at 0xc3 in for 0xa9
01-08 15:20:48.878 3070 3070 E ArmVmp : Match on catch block at 0xc3 in for 0xa9
01-08 15:20:48.913 3070 3070 E ArmVmp : Match on catch block at 0xc3 in for 0xa1
01-08 15:20:48.926 3070 3070 E ArmVmp : Match on catch block at 0xc3 in for 0xa5
01-08 15:20:48.936 3070 3070 E ArmVmp : Match on catch block at 0xc3 in for 0xa5
01-08 15:20:48.962 3070 3070 E ArmVmp : Match on catch block at 0xc3 in for 0xa9
01-08 15:20:48.975 3070 3070 E ArmVmp : Match on catch block at 0xc3 in for 0xa1
01-08 15:20:48.988 3070 3070 E ArmVmp : Match on catch block at 0xc3 in for 0xa1
01-08 15:20:49.025 3070 3070 E ArmVmp : Match on catch block at 0xc3 in for 0xa5
01-08 15:20:49.034 3070 3070 E ArmVmp : Match on catch block at 0xc3 in for 0xa9
01-08 15:20:49.040 3070 3070 E ArmVmp : Match on catch block at 0xc3 in for 0xa9
01-08 15:20:49.073 3070 3070 E ArmVmp : Match on catch block at 0xc3 in for 0xa1
01-08 15:20:49.082 3070 3070 E ArmVmp : Match on catch block at 0xc3 in for 0xa5
01-08 15:20:49.087 3070 3070 E ArmVmp : Match on catch block at 0xc3 in for 0xa5
01-08 15:20:49.098 3070 3070 E ArmVmp : Match on catch block at 0xc3 in for 0xa9
01-08 15:20:49.111 3070 3070 E ArmVmp : Match on catch block at 0xc3 in for 0xa1
01-08 15:20:49.117 3070 3070 E ArmVmp : Match on catch block at 0xc3 in for 0xa1
01-08 15:20:49.129 3070 3070 E ArmVmp : Match on catch block at 0xc3 in for 0xa5
01-08 15:20:49.138 3070 3070 E ArmVmp : Match on catch block at 0xc3 in for 0xa9
01-08 15:20:49.148 3070 3070 E ArmVmp : Match on catch block at 0xc3 in for 0xa9
01-08 15:20:49.160 3070 3070 E ArmVmp : Match on catch block at 0xc3 in for 0xa1
01-08 15:20:49.168 3070 3070 E ArmVmp : Match on catch block at 0xc3 in for 0xa5
01-08 15:20:49.174 3070 3070 E ArmVmp : Match on catch block at 0xc3 in for 0xa5
01-08 15:20:49.187 3070 3070 E ArmVmp : Match on catch block at 0xc3 in for 0xa9
01-08 15:20:49.203 3070 3070 E ArmVmp : Match on catch block at 0xc3 in for 0xa1
01-08 15:20:49.211 3070 3070 E ArmVmp : Match on catch block at 0xc3 in for 0xa1
01-08 15:20:49.224 3070 3070 E ArmVmp : Match on catch block at 0xc3 in for 0xa5
01-08 15:20:49.232 3070 3070 E ArmVmp : Match on catch block at 0xc3 in for 0xa9
01-08 15:20:49.238 3070 3070 E ArmVmp : Match on catch block at 0xc3 in for 0xa9
01-08 15:20:49.257 3070 3070 E ArmVmp : Match on catch block at 0xc3 in for 0xa1
01-08 15:20:49.267 3070 3070 E ArmVmp : Match on catch block at 0xc3 in for 0xa5
01-08 15:20:49.274 3070 3070 E ArmVmp : Match on catch block at 0xc3 in for 0xa5
01-08 15:20:49.284 3070 3070 E ArmVmp : Match on catch block at 0xc3 in for 0xa9
01-08 15:20:49.293 3070 3070 E ArmVmp : Match on catch block at 0xc3 in for 0xa1
01-08 15:20:49.298 3070 3070 E ArmVmp : Match on catch block at 0xc3 in for 0xa1
01-08 15:20:49.309 3070 3070 E ArmVmp : Match on catch block at 0xc3 in for 0xa5
01-08 15:20:49.317 3070 3070 E ArmVmp : Match on catch block at 0xc3 in for 0xa9
01-08 15:20:49.322 3070 3070 E ArmVmp : Match on catch block at 0xc3 in for 0xa9
01-08 15:20:49.333 3070 3070 E ArmVmp : Match on catch block at 0xc3 in for 0xa1
01-08 15:20:49.343 3070 3070 E ArmVmp : Match on catch block at 0xc3 in for 0xa5
01-08 15:20:49.349 3070 3070 E ArmVmp : Match on catch block at 0xc3 in for 0xa5
01-08 15:20:49.364 3070 3070 E ArmVmp : Match on catch block at 0xc3 in for 0xa9
01-08 15:20:49.372 3070 3070 E ArmVmp : Match on catch block at 0xc3 in for 0xa1
01-08 15:20:49.376 3070 3070 E ArmVmp : Match on catch block at 0xc3 in for 0xa1
01-08 15:20:49.413 3070 3070 E ArmVmp : Match on catch block at 0xc3 in for 0xa5
01-08 15:20:49.420 3070 3070 E ArmVmp : Match on catch block at 0xc3 in for 0xa9
01-08 15:20:49.425 3070 3070 E ArmVmp : Match on catch block at 0xc3 in for 0xa9
01-08 15:20:49.445 3070 3070 E ArmVmp : Match on catch block at 0xc3 in for 0xa1
01-08 15:20:49.454 3070 3070 E ArmVmp : Match on catch block at 0xc3 in for 0xa5
01-08 15:20:49.460 3070 3070 E ArmVmp : Match on catch block at 0xc3 in for 0xa5
01-08 15:20:49.510 3070 3070 E ArmVmp : Match on catch block at 0xc3 in for 0xa9
01-08 15:20:49.518 3070 3070 E ArmVmp : Match on catch block at 0xc3 in for 0xa1
01-08 15:20:49.523 3070 3070 E ArmVmp : Match on catch block at 0xc3 in for 0xa1
01-08 15:20:49.575 3070 3070 E ArmVmp : Match on catch block at 0xc3 in for 0xa5
01-08 15:20:49.584 3070 3070 E ArmVmp : Match on catch block at 0xc3 in for 0xa9
01-08 15:20:49.590 3070 3070 E ArmVmp : Match on catch block at 0xc3 in for 0xa9
01-08 15:20:49.656 3070 3070 E ArmVmp : Match on catch block at 0xc3 in for 0xa9
01-08 15:20:49.663 3070 3070 E ArmVmp : Match on catch block at 0xc3 in for 0xa1
01-08 15:20:49.668 3070 3070 E ArmVmp : Match on catch block at 0xc3 in for 0xa1
01-08 15:20:49.720 3070 3070 E ArmVmp : Match on catch block at 0xc3 in for 0xa5
01-08 15:20:49.727 3070 3070 E ArmVmp : Match on catch block at 0xc3 in for 0xa9
01-08 15:20:49.733 3070 3070 E ArmVmp : Match on catch block at 0xc3 in for 0xa9
01-08 15:20:49.785 3070 3070 E ArmVmp : Match on catch block at 0xc3 in for 0xa1
01-08 15:20:49.793 3070 3070 E ArmVmp : Match on catch block at 0xc3 in for 0xa5
01-08 15:20:49.799 3070 3070 E ArmVmp : Match on catch block at 0xc3 in for 0xa5
01-08 15:20:49.850 3070 3070 E ArmVmp : Match on catch block at 0xc3 in for 0xa9
01-08 15:20:49.858 3070 3070 E ArmVmp : Match on catch block at 0xc3 in for 0xa1
01-08 15:20:49.863 3070 3070 E ArmVmp : Match on catch block at 0xc3 in for 0xa1
01-08 15:20:49.915 3070 3070 E ArmVmp : Match on catch block at 0xc3 in for 0xa5
01-08 15:20:49.922 3070 3070 E ArmVmp : Match on catch block at 0xc3 in for 0xa9
01-08 15:20:49.928 3070 3070 E ArmVmp : Match on catch block at 0xc3 in for 0xa9
01-08 15:20:49.947 3070 3070 E ArmVmp : Match on catch block at 0xc3 in for 0xa1
01-08 15:20:49.955 3070 3070 E ArmVmp : Match on catch block at 0xc3 in for 0xa5
01-08 15:20:49.961 3070 3070 E ArmVmp : Match on catch block at 0xc3 in for 0xa5
01-08 15:20:49.980 3070 3070 E ArmVmp : Match on catch block at 0xc3 in for 0xa9
01-08 15:20:49.987 3070 3070 E ArmVmp : Match on catch block at 0xc3 in for 0xa1
01-08 15:20:49.993 3070 3070 E ArmVmp : Match on catch block at 0xc3 in for 0xa1
01-08 15:20:50.223 3070 3070 E ArmVmp : Match on catch block at 0xc3 in for 0xa9
01-08 15:20:50.231 3070 3070 E ArmVmp : Match on catch block at 0xc3 in for 0xa1
01-08 15:20:50.235 3070 3070 E ArmVmp : Match on catch block at 0xc3 in for 0xa1
01-08 15:20:50.288 3070 3070 E ArmVmp : Match on catch block at 0xc3 in for 0xa5
01-08 15:20:50.295 3070 3070 E ArmVmp : Match on catch block at 0xc3 in for 0xa9
01-08 15:20:50.301 3070 3070 E ArmVmp : Match on catch block at 0xc3 in for 0xa9
01-08 15:20:50.353 3070 3070 E ArmVmp : Match on catch block at 0xc3 in for 0xa1
01-08 15:20:50.361 3070 3070 E ArmVmp : Match on catch block at 0xc3 in for 0xa5
01-08 15:20:50.366 3070 3070 E ArmVmp : Match on catch block at 0xc3 in for 0xa5
01-08 15:20:50.416 3070 3070 E ArmVmp : Match on catch block at 0xc3 in for 0xa9
01-08 15:20:50.424 3070 3070 E ArmVmp : Match on catch block at 0xc3 in for 0xa1
01-08 15:20:50.429 3070 3070 E ArmVmp : Match on catch block at 0xc3 in for 0xa1
01-08 15:20:50.449 3070 3070 E ArmVmp : Match on catch block at 0xc3 in for 0xa5
01-08 15:20:50.457 3070 3070 E ArmVmp : Match on catch block at 0xc3 in for 0xa9
01-08 15:20:50.464 3070 3070 E ArmVmp : Match on catch block at 0xc3 in for 0xa9
01-08 15:20:50.481 3070 3070 E ArmVmp : Match on catch block at 0xc3 in for 0xa1
01-08 15:20:50.489 3070 3070 E ArmVmp : Match on catch block at 0xc3 in for 0xa5
01-08 15:20:50.493 3070 3070 E ArmVmp : Match on catch block at 0xc3 in for 0xa5
01-08 15:20:50.548 3070 3070 E ArmVmp : Match on catch block at 0xc3 in for 0xa9
01-08 15:20:50.555 3070 3070 E ArmVmp : Match on catch block at 0xc3 in for 0xa1
01-08 15:20:50.561 3070 3070 E ArmVmp : Match on catch block at 0xc3 in for 0xa1
01-08 15:20:50.613 3070 3070 E ArmVmp : Match on catch block at 0xc3 in for 0xa5
01-08 15:20:50.622 3070 3070 E ArmVmp : Match on catch block at 0xc3 in for 0xa9
01-08 15:20:50.627 3070 3070 E ArmVmp : Match on catch block at 0xc3 in for 0xa9
01-08 15:20:50.678 3070 3070 E ArmVmp : Match on catch block at 0xc3 in for 0xa1
01-08 15:20:50.686 3070 3070 E ArmVmp : Match on catch block at 0xc3 in for 0xa5
01-08 15:20:50.692 3070 3070 E ArmVmp : Match on catch block at 0xc3 in for 0xa5
01-08 15:20:50.743 3070 3070 E ArmVmp : Match on catch block at 0xc3 in for 0xa9
01-08 15:20:50.751 3070 3070 E ArmVmp : Match on catch block at 0xc3 in for 0xa1
01-08 15:20:50.756 3070 3070 E ArmVmp : Match on catch block at 0xc3 in for 0xa1
01-08 15:20:50.808 3070 3070 E ArmVmp : Match on catch block at 0xc3 in for 0xa5
01-08 15:20:50.815 3070 3070 E ArmVmp : Match on catch block at 0xc3 in for 0xa9
01-08 15:20:50.820 3070 3070 E ArmVmp : Match on catch block at 0xc3 in for 0xa9
01-08 15:20:50.873 3070 3070 E ArmVmp : Match on catch block at 0xc3 in for 0xa1
01-08 15:20:50.880 3070 3070 E ArmVmp : Match on catch block at 0xc3 in for 0xa5
01-08 15:20:50.886 3070 3070 E ArmVmp : Match on catch block at 0xc3 in for 0xa5
01-08 15:20:50.953 3070 3070 E ArmVmp : Match on catch block at 0xc3 in for 0xa9
01-08 15:20:50.961 3070 3070 E ArmVmp : Match on catch block at 0xc3 in for 0xa1
01-08 15:20:50.966 3070 3070 E ArmVmp : Match on catch block at 0xc3 in for 0xa1
01-08 15:20:50.986 3070 3070 E ArmVmp : Match on catch block at 0xc3 in for 0xa5
01-08 15:20:50.997 3070 3070 E ArmVmp : Match on catch block at 0xc3 in for 0xa9
01-08 15:20:51.002 3070 3070 E ArmVmp : Match on catch block at 0xc3 in for 0xa9
01-08 15:20:51.018 3070 3070 E ArmVmp : Match on catch block at 0xc3 in for 0xa1
01-08 15:20:51.026 3070 3070 E ArmVmp : Match on catch block at 0xc3 in for 0xa5
01-08 15:20:51.031 3070 3070 E ArmVmp : Match on catch block at 0xc3 in for 0xa5
01-08 15:20:51.083 3070 3070 E ArmVmp : Match on catch block at 0xc3 in for 0xa9
01-08 15:20:51.091 3070 3070 E ArmVmp : Match on catch block at 0xc3 in for 0xa1
01-08 15:20:51.096 3070 3070 E ArmVmp : Match on catch block at 0xc3 in for 0xa1
01-08 15:20:51.148 3070 3070 E ArmVmp : Match on catch block at 0xc3 in for 0xa5
01-08 15:20:51.156 3070 3070 E ArmVmp : Match on catch block at 0xc3 in for 0xa9
01-08 15:20:51.162 3070 3070 E ArmVmp : Match on catch block at 0xc3 in for 0xa9
01-08 15:20:51.213 3070 3070 E ArmVmp : Match on catch block at 0xc3 in for 0xa1
01-08 15:20:51.221 3070 3070 E ArmVmp : Match on catch block at 0xc3 in for 0xa5
01-08 15:20:51.226 3070 3070 E ArmVmp : Match on catch block at 0xc3 in for 0xa5
01-08 15:20:51.278 3070 3070 E ArmVmp : Match on catch block at 0xc3 in for 0xa9
01-08 15:20:51.291 3070 3070 E ArmVmp : Match on catch block at 0xc3 in for 0xa1
01-08 15:20:51.297 3070 3070 E ArmVmp : Match on catch block at 0xc3 in for 0xa1
01-08 15:20:51.342 3070 3070 E ArmVmp : Match on catch block at 0xc3 in for 0xa5
01-08 15:20:51.349 3070 3070 E ArmVmp : Match on catch block at 0xc3 in for 0xa9
01-08 15:20:51.355 3070 3070 E ArmVmp : Match on catch block at 0xc3 in for 0xa9
01-08 15:20:51.423 3070 3070 E ArmVmp : Match on catch block at 0xc3 in for 0xa1
01-08 15:20:51.430 3070 3070 E ArmVmp : Match on catch block at 0xc3 in for 0xa5
01-08 15:20:51.435 3070 3070 E ArmVmp : Match on catch block at 0xc3 in for 0xa5
01-08 15:20:51.488 3070 3070 E ArmVmp : Match on catch block at 0xc3 in for 0xa9
01-08 15:20:51.495 3070 3070 E ArmVmp : Match on catch block at 0xc3 in for 0xa1
01-08 15:20:51.500 3070 3070 E ArmVmp : Match on catch block at 0xc3 in for 0xa1
01-08 15:20:51.521 3070 3070 E ArmVmp : Match on catch block at 0xc3 in for 0xa5
01-08 15:20:51.531 3070 3070 E ArmVmp : Match on catch block at 0xc3 in for 0xa9
01-08 15:20:51.536 3070 3070 E ArmVmp : Match on catch block at 0xc3 in for 0xa9
01-08 15:20:51.553 3070 3070 E ArmVmp : Match on catch block at 0xc3 in for 0xa1
01-08 15:20:51.562 3070 3070 E ArmVmp : Match on catch block at 0xc3 in for 0xa5
01-08 15:20:51.567 3070 3070 E ArmVmp : Match on catch block at 0xc3 in for 0xa5
01-08 15:20:51.618 3070 3070 E ArmVmp : Match on catch block at 0xc3 in for 0xa9
01-08 15:20:51.626 3070 3070 E ArmVmp : Match on catch block at 0xc3 in for 0xa1
01-08 15:20:51.631 3070 3070 E ArmVmp : Match on catch block at 0xc3 in for 0xa1
01-08 15:20:51.665 3070 3070 E ArmVmp : Match on catch block at 0xc3 in for 0xa5
01-08 15:20:51.673 3070 3070 E ArmVmp : Match on catch block at 0xc3 in for 0xa9
01-08 15:20:51.678 3070 3070 E ArmVmp : Match on catch block at 0xc3 in for 0xa9
01-08 15:20:51.691 3070 3070 E ArmVmp : Match on catch block at 0xc3 in for 0xa1
01-08 15:20:51.699 3070 3070 E ArmVmp : Match on catch block at 0xc3 in for 0xa5
01-08 15:20:51.705 3070 3070 E ArmVmp : Match on catch block at 0xc3 in for 0xa5
01-08 15:20:51.718 3070 3070 E ArmVmp : Match on catch block at 0xc3 in for 0xa9
01-08 15:20:51.725 3070 3070 E ArmVmp : Match on catch block at 0xc3 in for 0xa1
01-08 15:20:51.733 3070 3070 E ArmVmp : Match on catch block at 0xc3 in for 0xa1
01-08 15:20:51.796 3070 3070 E ArmVmp : Match on catch block at 0xc3 in for 0xa5
01-08 15:20:51.803 3070 3070 E ArmVmp : Match on catch block at 0xc3 in for 0xa9
01-08 15:20:51.808 3070 3070 E ArmVmp : Match on catch block at 0xc3 in for 0xa9
01-08 15:20:51.861 3070 3070 E ArmVmp : Match on catch block at 0xc3 in for 0xa1
01-08 15:20:51.868 3070 3070 E ArmVmp : Match on catch block at 0xc3 in for 0xa5
01-08 15:20:51.873 3070 3070 E ArmVmp : Match on catch block at 0xc3 in for 0xa5
01-08 15:20:51.926 3070 3070 E ArmVmp : Match on catch block at 0xc3 in for 0xa9
01-08 15:20:51.934 3070 3070 E ArmVmp : Match on catch block at 0xc3 in for 0xa1
01-08 15:20:51.939 3070 3070 E ArmVmp : Match on catch block at 0xc3 in for 0xa1
01-08 15:20:51.991 3070 3070 E ArmVmp : Match on catch block at 0xc3 in for 0xa5
01-08 15:20:51.999 3070 3070 E ArmVmp : Match on catch block at 0xc3 in for 0xa9
01-08 15:20:52.004 3070 3070 E ArmVmp : Match on catch block at 0xc3 in for 0xa9
01-08 15:20:52.023 3070 3070 E ArmVmp : Match on catch block at 0xc3 in for 0xa1
01-08 15:20:52.031 3070 3070 E ArmVmp : Match on catch block at 0xc3 in for 0xa5
01-08 15:20:52.036 3070 3070 E ArmVmp : Match on catch block at 0xc3 in for 0xa5
01-08 15:20:52.055 3070 3070 E ArmVmp : Match on catch block at 0xc3 in for 0xa9
01-08 15:20:52.065 3070 3070 E ArmVmp : Match on catch block at 0xc3 in for 0xa1
01-08 15:20:52.070 3070 3070 E ArmVmp : Match on catch block at 0xc3 in for 0xa1
01-08 15:20:52.121 3070 3070 E ArmVmp : Match on catch block at 0xc3 in for 0xa5
01-08 15:20:52.128 3070 3070 E ArmVmp : Match on catch block at 0xc3 in for 0xa9
01-08 15:20:52.133 3070 3070 E ArmVmp : Match on catch block at 0xc3 in for 0xa9
01-08 15:20:52.188 3070 3070 E ArmVmp : Match on catch block at 0xc3 in for 0xa1
01-08 15:20:52.198 3070 3070 E ArmVmp : Match on catch block at 0xc3 in for 0xa5
01-08 15:20:52.205 3070 3070 E ArmVmp : Match on catch block at 0xc3 in for 0xa5
01-08 15:20:52.250 3070 3070 E ArmVmp : Match on catch block at 0xc3 in for 0xa9
01-08 15:20:52.259 3070 3070 E ArmVmp : Match on catch block at 0xc3 in for 0xa1
01-08 15:20:52.265 3070 3070 E ArmVmp : Match on catch block at 0xc3 in for 0xa1
01-08 15:20:52.317 3070 3070 E ArmVmp : Match on catch block at 0xc3 in for 0xa5
01-08 15:20:52.330 3070 3070 E ArmVmp : Match on catch block at 0xc3 in for 0xa9
01-08 15:20:52.337 3070 3070 E ArmVmp : Match on catch block at 0xc3 in for 0xa9
01-08 15:20:52.381 3070 3070 E ArmVmp : Match on catch block at 0xc3 in for 0xa1
01-08 15:20:52.390 3070 3070 E ArmVmp : Match on catch block at 0xc3 in for 0xa5
01-08 15:20:52.397 3070 3070 E ArmVmp : Match on catch block at 0xc3 in for 0xa5
01-08 15:20:52.462 3070 3070 E ArmVmp : Match on catch block at 0xc3 in for 0xa9
01-08 15:20:52.473 3070 3070 E ArmVmp : Match on catch block at 0xc3 in for 0xa1
01-08 15:20:52.481 3070 3070 E ArmVmp : Match on catch block at 0xc3 in for 0xa1
01-08 15:20:52.527 3070 3070 E ArmVmp : Match on catch block at 0xc3 in for 0xa5
01-08 15:20:52.537 3070 3070 E ArmVmp : Match on catch block at 0xc3 in for 0xa9
01-08 15:20:52.543 3070 3070 E ArmVmp : Match on catch block at 0xc3 in for 0xa9
01-08 15:20:52.559 3070 3070 E ArmVmp : Match on catch block at 0xc3 in for 0xa1
01-08 15:20:52.569 3070 3070 E ArmVmp : Match on catch block at 0xc3 in for 0xa5
01-08 15:20:52.576 3070 3070 E ArmVmp : Match on catch block at 0xc3 in for 0xa5
01-08 15:20:52.592 3070 3070 E ArmVmp : Match on catch block at 0xc3 in for 0xa9
01-08 15:20:52.602 3070 3070 E ArmVmp : Match on catch block at 0xc3 in for 0xa1
01-08 15:20:52.610 3070 3070 E ArmVmp : Match on catch block at 0xc3 in for 0xa1
01-08 15:20:52.656 3070 3070 E ArmVmp : Match on catch block at 0xc3 in for 0xa5
01-08 15:20:52.665 3070 3070 E ArmVmp : Match on catch block at 0xc3 in for 0xa9
01-08 15:20:52.671 3070 3070 E ArmVmp : Match on catch block at 0xc3 in for 0xa9
01-08 15:20:52.738 3070 3070 E ArmVmp : Match on catch block at 0xc3 in for 0xa1
01-08 15:20:52.746 3070 3070 E ArmVmp : Match on catch block at 0xc3 in for 0xa5
01-08 15:20:52.753 3070 3070 E ArmVmp : Match on catch block at 0xc3 in for 0xa5
01-08 15:20:52.802 3070 3070 E ArmVmp : Match on catch block at 0xc3 in for 0xa9
01-08 15:20:52.810 3070 3070 E ArmVmp : Match on catch block at 0xc3 in for 0xa1
01-08 15:20:52.816 3070 3070 E ArmVmp : Match on catch block at 0xc3 in for 0xa1
01-08 15:20:52.867 3070 3070 E ArmVmp : Match on catch block at 0xc3 in for 0xa5
01-08 15:20:52.877 3070 3070 E ArmVmp : Match on catch block at 0xc3 in for 0xa9
01-08 15:20:52.883 3070 3070 E ArmVmp : Match on catch block at 0xc3 in for 0xa9
01-08 15:20:52.937 3070 3070 E ArmVmp : Match on catch block at 0xc3 in for 0xa1
01-08 15:20:52.949 3070 3070 E ArmVmp : Match on catch block at 0xc3 in for 0xa5
01-08 15:20:52.955 3070 3070 E ArmVmp : Match on catch block at 0xc3 in for 0xa5
01-08 15:20:52.997 3070 3070 E ArmVmp : Match on catch block at 0xc3 in for 0xa9
01-08 15:20:53.007 3070 3070 E ArmVmp : Match on catch block at 0xc3 in for 0xa1
01-08 15:20:53.012 3070 3070 E ArmVmp : Match on catch block at 0xc3 in for 0xa1
01-08 15:20:53.062 3070 3070 E ArmVmp : Match on catch block at 0xc3 in for 0xa5
01-08 15:20:53.074 3070 3070 E ArmVmp : Match on catch block at 0xc3 in for 0xa9
01-08 15:20:53.081 3070 3070 E ArmVmp : Match on catch block at 0xc3 in for 0xa9
01-08 15:20:53.110 3070 3070 E ArmVmp : Match on catch block at 0xc3 in for 0xa1
01-08 15:20:53.121 3070 3070 E ArmVmp : Match on catch block at 0xc3 in for 0xa5
01-08 15:20:53.128 3070 3070 E ArmVmp : Match on catch block at 0xc3 in for 0xa5
01-08 15:20:53.143 3070 3070 E ArmVmp : Match on catch block at 0xc3 in for 0xa9
01-08 15:20:53.152 3070 3070 E ArmVmp : Match on catch block at 0xc3 in for 0xa1
01-08 15:20:53.161 3070 3070 E ArmVmp : Match on catch block at 0xc3 in for 0xa1
01-08 15:20:53.207 3070 3070 E ArmVmp : Match on catch block at 0xc3 in for 0xa5
01-08 15:20:53.217 3070 3070 E ArmVmp : Match on catch block at 0xc3 in for 0xa9
01-08 15:20:53.223 3070 3070 E ArmVmp : Match on catch block at 0xc3 in for 0xa9
01-08 15:20:53.256 3070 3070 E ArmVmp : Match on catch block at 0xc3 in for 0xa1
01-08 15:20:53.268 3070 3070 E ArmVmp : Match on catch block at 0xc3 in for 0xa5
01-08 15:20:53.274 3070 3070 E ArmVmp : Match on catch block at 0xc3 in for 0xa5
01-08 15:20:53.286 3070 3070 E ArmVmp : Match on catch block at 0xc3 in for 0xa9
01-08 15:20:53.296 3070 3070 E ArmVmp : Match on catch block at 0xc3 in for 0xa1
01-08 15:20:53.302 3070 3070 E ArmVmp : Match on catch block at 0xc3 in for 0xa1
01-08 15:20:53.314 3070 3070 E ArmVmp : Match on catch block at 0xc3 in for 0xa5
01-08 15:20:53.324 3070 3070 E ArmVmp : Match on catch block at 0xc3 in for 0xa9
01-08 15:20:53.331 3070 3070 E ArmVmp : Match on catch block at 0xc3 in for 0xa9
01-08 15:20:53.341 3070 3070 E ArmVmp : Match on catch block at 0xc3 in for 0xa1
01-08 15:20:53.349 3070 3070 E ArmVmp : Match on catch block at 0xc3 in for 0xa5
01-08 15:20:53.355 3070 3070 E ArmVmp : Match on catch block at 0xc3 in for 0xa5
01-08 15:20:53.366 3070 3070 E ArmVmp : Match on catch block at 0xc3 in for 0xa9
01-08 15:20:53.383 3070 3070 E ArmVmp : Match on catch block at 0xc3 in for 0xa1
01-08 15:20:53.391 3070 3070 E ArmVmp : Match on catch block at 0xc3 in for 0xa1
01-08 15:20:53.402 3070 3070 E ArmVmp : Match on catch block at 0xc3 in for 0xa5
01-08 15:20:53.411 3070 3070 E ArmVmp : Match on catch block at 0xc3 in for 0xa9
01-08 15:20:53.416 3070 3070 E ArmVmp : Match on catch block at 0xc3 in for 0xa9
01-08 15:20:53.426 3070 3070 E ArmVmp : Match on catch block at 0xc3 in for 0xa1
01-08 15:20:53.437 3070 3070 E ArmVmp : Match on catch block at 0xc3 in for 0xa5
01-08 15:20:53.442 3070 3070 E ArmVmp : Match on catch block at 0xc3 in for 0xa5
01-08 15:20:53.453 3070 3070 E ArmVmp : Match on catch block at 0xc3 in for 0xa9
01-08 15:20:53.461 3070 3070 E ArmVmp : Match on catch block at 0xc3 in for 0xa1
01-08 15:20:53.467 3070 3070 E ArmVmp : Match on catch block at 0xc3 in for 0xa1
01-08 15:20:53.477 3070 3070 E ArmVmp : Match on catch block at 0xc3 in for 0xa5
01-08 15:20:53.485 3070 3070 E ArmVmp : Match on catch block at 0xc3 in for 0xa9
01-08 15:20:53.491 3070 3070 E ArmVmp : Match on catch block at 0xc3 in for 0xa9
01-08 15:20:53.500 3070 3070 E ArmVmp : Match on catch block at 0xc3 in for 0xa1
01-08 15:20:53.508 3070 3070 E ArmVmp : Match on catch block at 0xc3 in for 0xa5
01-08 15:20:53.516 3070 3070 E ArmVmp : Match on catch block at 0xc3 in for 0xa5
01-08 15:20:53.525 3070 3070 E ArmVmp : Match on catch block at 0xc3 in for 0xa9
01-08 15:20:53.533 3070 3070 E ArmVmp : Match on catch block at 0xc3 in for 0xa1
01-08 15:20:53.539 3070 3070 E ArmVmp : Match on catch block at 0xc3 in for 0xa1
01-08 15:20:53.547 3070 3070 E ArmVmp : Match on catch block at 0xc3 in for 0xa5
01-08 15:20:53.554 3070 3070 E ArmVmp : Match on catch block at 0xc3 in for 0xa9
01-08 15:20:53.559 3070 3070 E ArmVmp : Match on catch block at 0xc3 in for 0xa9
01-08 15:20:53.595 3070 3070 E ArmVmp : Match on catch block at 0xc3 in for 0xa1
01-08 15:20:53.602 3070 3070 E ArmVmp : Match on catch block at 0xc3 in for 0xa5
01-08 15:20:53.608 3070 3070 E ArmVmp : Match on catch block at 0xc3 in for 0xa5
01-08 15:20:53.629 3070 3070 E ArmVmp : Match on catch block at 0xc3 in for 0xa9
01-08 15:20:53.639 3070 3070 E ArmVmp : Match on catch block at 0xc3 in for 0xa1
01-08 15:20:53.644 3070 3070 E ArmVmp : Match on catch block at 0xc3 in for 0xa1
01-08 15:20:53.693 3070 3070 E ArmVmp : Match on catch block at 0xc3 in for 0xa5
01-08 15:20:53.702 3070 3070 E ArmVmp : Match on catch block at 0xc3 in for 0xa9
01-08 15:20:53.707 3070 3070 E ArmVmp : Match on catch block at 0xc3 in for 0xa9
01-08 15:20:53.759 3070 3070 E ArmVmp : Match on catch block at 0xc3 in for 0xa1
01-08 15:20:53.768 3070 3070 E ArmVmp : Match on catch block at 0xc3 in for 0xa5
01-08 15:20:53.776 3070 3070 E ArmVmp : Match on catch block at 0xc3 in for 0xa5
01-08 15:20:53.826 3070 3070 E ArmVmp : Match on catch block at 0xc3 in for 0xa9
01-08 15:20:53.838 3070 3070 E ArmVmp : Match on catch block at 0xc3 in for 0xa1
01-08 15:20:53.845 3070 3070 E ArmVmp : Match on catch block at 0xc3 in for 0xa1
01-08 15:20:53.888 3070 3070 E ArmVmp : Match on catch block at 0xc3 in for 0xa5
01-08 15:20:53.900 3070 3070 E ArmVmp : Match on catch block at 0xc3 in for 0xa9
01-08 15:20:53.908 3070 3070 E ArmVmp : Match on catch block at 0xc3 in for 0xa9
01-08 15:20:53.972 3070 3070 E ArmVmp : Match on catch block at 0xc3 in for 0xa1
01-08 15:20:53.984 3070 3070 E ArmVmp : Match on catch block at 0xc3 in for 0xa5
01-08 15:20:53.990 3070 3070 E ArmVmp : Match on catch block at 0xc3 in for 0xa5
01-08 15:20:54.034 3070 3070 E ArmVmp : Match on catch block at 0xc3 in for 0xa9
01-08 15:20:54.042 3070 3070 E ArmVmp : Match on catch block at 0xc3 in for 0xa1
01-08 15:20:54.047 3070 3070 E ArmVmp : Match on catch block at 0xc3 in for 0xa1
01-08 15:20:54.099 3070 3070 E ArmVmp : Match on catch block at 0xc3 in for 0xa5
01-08 15:20:54.107 3070 3070 E ArmVmp : Match on catch block at 0xc3 in for 0xa9
01-08 15:20:54.112 3070 3070 E ArmVmp : Match on catch block at 0xc3 in for 0xa9
01-08 15:20:54.131 3070 3070 E ArmVmp : Match on catch block at 0xc3 in for 0xa1
01-08 15:20:54.138 3070 3070 E ArmVmp : Match on catch block at 0xc3 in for 0xa5
01-08 15:20:54.143 3070 3070 E ArmVmp : Match on catch block at 0xc3 in for 0xa5
01-08 15:20:54.163 3070 3070 E ArmVmp : Match on catch block at 0xc3 in for 0xa9
01-08 15:20:54.173 3070 3070 E ArmVmp : Match on catch block at 0xc3 in for 0xa1
01-08 15:20:54.180 3070 3070 E ArmVmp : Match on catch block at 0xc3 in for 0xa1
01-08 15:20:54.245 3070 3070 E ArmVmp : Match on catch block at 0xc3 in for 0xa5
01-08 15:20:54.253 3070 3070 E ArmVmp : Match on catch block at 0xc3 in for 0xa9
01-08 15:20:54.259 3070 3070 E ArmVmp : Match on catch block at 0xc3 in for 0xa9
01-08 15:20:54.294 3070 3070 E ArmVmp : Match on catch block at 0xc3 in for 0xa1
01-08 15:20:54.304 3070 3070 E ArmVmp : Match on catch block at 0xc3 in for 0xa5
01-08 15:20:54.312 3070 3070 E ArmVmp : Match on catch block at 0xc3 in for 0xa5
01-08 15:20:54.359 3070 3070 E ArmVmp : Match on catch block at 0xc3 in for 0xa9
01-08 15:20:54.368 3070 3070 E ArmVmp : Match on catch block at 0xc3 in for 0xa1
01-08 15:20:54.375 3070 3070 E ArmVmp : Match on catch block at 0xc3 in for 0xa1
01-08 15:20:54.423 3070 3070 E ArmVmp : Match on catch block at 0xc3 in for 0xa5
01-08 15:20:54.432 3070 3070 E ArmVmp : Match on catch block at 0xc3 in for 0xa9
01-08 15:20:54.438 3070 3070 E ArmVmp : Match on catch block at 0xc3 in for 0xa9
01-08 15:20:54.488 3070 3070 E ArmVmp : Match on catch block at 0xc3 in for 0xa1
01-08 15:20:54.496 3070 3070 E ArmVmp : Match on catch block at 0xc3 in for 0xa5
01-08 15:20:54.502 3070 3070 E ArmVmp : Match on catch block at 0xc3 in for 0xa5
01-08 15:20:54.552 3070 3070 E ArmVmp : Match on catch block at 0xc3 in for 0xa5
01-08 15:20:54.559 3070 3070 E ArmVmp : Match on catch block at 0xc3 in for 0xa9
01-08 15:20:54.564 3070 3070 E ArmVmp : Match on catch block at 0xc3 in for 0xa9
01-08 15:20:54.632 3070 3070 E ArmVmp : Match on catch block at 0xc3 in for 0xa9
01-08 15:20:54.638 3070 3070 E ArmVmp : Match on catch block at 0xc3 in for 0xa1
01-08 15:20:54.641 3070 3070 E ArmVmp : Match on catch block at 0xc3 in for 0xa1
01-08 15:20:54.663 3070 3070 E ArmVmp : Match on catch block at 0xc3 in for 0xa5
01-08 15:20:54.669 3070 3070 E ArmVmp : Match on catch block at 0xc3 in for 0xa9
01-08 15:20:54.674 3070 3070 E ArmVmp : Match on catch block at 0xc3 in for 0xa9
01-08 15:20:54.696 3070 3070 E ArmVmp : Match on catch block at 0xc3 in for 0xa1
01-08 15:20:54.702 3070 3070 E ArmVmp : Match on catch block at 0xc3 in for 0xa5
01-08 15:20:54.706 3070 3070 E ArmVmp : Match on catch block at 0xc3 in for 0xa5
01-08 15:20:54.780 3070 3070 E ArmVmp : Match on catch block at 0xc3 in for 0xa1
01-08 15:20:54.785 3070 3070 E ArmVmp : Match on catch block at 0xc3 in for 0xa5
01-08 15:20:54.789 3070 3070 E ArmVmp : Match on catch block at 0xc3 in for 0xa5
01-08 15:20:54.920 3070 3070 E ArmVmp : Match on catch block at 0xc3 in for 0xa1
01-08 15:20:54.928 3070 3070 E ArmVmp : Match on catch block at 0xc3 in for 0xa5
01-08 15:20:54.931 3070 3070 E ArmVmp : Match on catch block at 0xc3 in for 0xa5
01-08 15:20:54.976 3070 3070 E ArmVmp : Match on catch block at 0xc3 in for 0xa9
01-08 15:20:54.981 3070 3070 E ArmVmp : Match on catch block at 0xc3 in for 0xa1
01-08 15:20:54.986 3070 3070 E ArmVmp : Match on catch block at 0xc3 in for 0xa1
01-08 15:20:55.052 3070 3070 E ArmVmp : Match on catch block at 0xc3 in for 0xa1
01-08 15:20:55.059 3070 3070 E ArmVmp : Match on catch block at 0xc3 in for 0xa5
01-08 15:20:55.063 3070 3070 E ArmVmp : Match on catch block at 0xc3 in for 0xa5
01-08 15:20:55.149 3070 3070 E ArmVmp : Match on catch block at 0xc3 in for 0xa9
01-08 15:20:55.155 3070 3070 E ArmVmp : Match on catch block at 0xc3 in for 0xa1
01-08 15:20:55.158 3070 3070 E ArmVmp : Match on catch block at 0xc3 in for 0xa1
01-08 15:20:55.214 3070 3070 E ArmVmp : Match on catch block at 0xc3 in for 0xa5
01-08 15:20:55.218 3070 3070 E ArmVmp : Match on catch block at 0xc3 in for 0xa9
01-08 15:20:55.221 3070 3070 E ArmVmp : Match on catch block at 0xc3 in for 0xa9
01-08 15:20:55.292 3070 3541 W libEGL : EGLNativeWindowType 0x7d539dd010
disconnect failed
01-08 15:20:55.307 3070 3070 E ArmVmp : Match on catch block at 0xc3 in for 0xa1
01-08 15:20:55.313 3070 3070 E ArmVmp : Match on catch block at 0xc3 in for 0xa5
01-08 15:20:55.318 3070 3070 E ArmVmp : Match on catch block at 0xc3 in for 0xa5
01-08 15:20:56.141 3070 3541 W libEGL : EGLNativeWindowType 0x7d21cc2010
disconnect failed
01-08 15:21:38.876 3070 3541 W libEGL : EGLNativeWindowType 0x7d68be0010
disconnect failed
01-08 15:21:38.959 3070 3541 W libEGL : EGLNativeWindowType 0x7d68be0010
disconnect failed
01-08 15:21:39.000 3070 3541 W libEGL : EGLNativeWindowType 0x7d68be0010
disconnect failed
01-08 15:21:39.081 3070 3541 W libEGL : EGLNativeWindowType 0x7d68be0010
disconnect failed
01-08 15:21:39.155 3070 3541 W libEGL : EGLNativeWindowType 0x7d68be0010
disconnect failed
01-08 15:21:39.285 3070 3541 W libEGL : EGLNativeWindowType 0x7d8e0e1010
disconnect failed
01-08 15:21:40.047 3070 3541 W libEGL : EGLNativeWindowType 0x7d68be0010
disconnect failed
01-08 15:27:52.763 3070 3070 E ArmVmp : Match on catch block at 0x0a in for 0xc1
01-08 15:27:52.767 3070 3070 E ArmVmp : Match on catch block at 0x0a in for 0xc9
01-08 15:27:53.071 3070 3070 E ArmVmp : Match on catch block at 0xc3 in for 0xb5
01-08 15:27:53.079 3070 3070 E ArmVmp : Match on catch block at 0xc3 in for 0xb5
01-08 15:27:53.083 3070 3070 E ArmVmp : Match on catch block at 0xc3 in for 0xb5
01-08 15:27:53.163 3070 3070 E ArmVmp : Match on catch block at 0xc3 in for 0xa5
01-08 15:27:53.165 3070 3070 E ArmVmp : Match on catch block at 0xc3 in for 0xa9
01-08 15:27:53.167 3070 3070 E ArmVmp : Match on catch block at 0xc3 in for 0xa9
01-08 15:27:53.226 3070 3070 E ArmVmp : Match on catch block at 0xc3 in for 0xa5
01-08 15:27:53.229 3070 3070 E ArmVmp : Match on catch block at 0xc3 in for 0xa9
01-08 15:27:53.231 3070 3070 E ArmVmp : Match on catch block at 0xc3 in for 0xa9
01-08 15:27:53.296 3070 3070 E ArmVmp : Match on catch block at 0xc3 in for 0xa9
01-08 15:27:53.299 3070 3070 E ArmVmp : Match on catch block at 0xc3 in for 0xa1
01-08 15:27:53.302 3070 3070 E ArmVmp : Match on catch block at 0xc3 in for 0xa1
01-08 15:27:53.565 3070 3541 W libEGL : EGLNativeWindowType 0x7d7869d010
disconnect failed
01-08 15:27:53.639 3070 3070 E ArmVmp : Match on catch block at 0xc3 in for 0xa5
01-08 15:27:53.642 3070 3070 E ArmVmp : Match on catch block at 0xc3 in for 0xa9
01-08 15:27:53.644 3070 3070 E ArmVmp : Match on catch block at 0xc3 in for 0xa9
01-08 15:27:53.655 3070 3070 E ArmVmp : Match on catch block at 0xc3 in for 0xa1
01-08 15:27:53.658 3070 3070 E ArmVmp : Match on catch block at 0xc3 in for 0xa5
01-08 15:27:53.661 3070 3070 E ArmVmp : Match on catch block at 0xc3 in for 0xa5
01-08 15:27:53.671 3070 3070 E ArmVmp : Match on catch block at 0xc3 in for 0xa9
01-08 15:27:53.674 3070 3070 E ArmVmp : Match on catch block at 0xc3 in for 0xa1
01-08 15:27:53.678 3070 3070 E ArmVmp : Match on catch block at 0xc3 in for 0xa1
01-08 15:27:53.687 3070 3070 E ArmVmp : Match on catch block at 0xc3 in for 0xa5
01-08 15:27:53.690 3070 3070 E ArmVmp : Match on catch block at 0xc3 in for 0xa9
01-08 15:27:53.692 3070 3070 E ArmVmp : Match on catch block at 0xc3 in for 0xa9
01-08 15:27:53.703 3070 3070 E ArmVmp : Match on catch block at 0xc3 in for 0xa1
