01-08 16:55:44.061 11202 11202 E ArmVmp : Match on catch block at 0xc3 in for 0xa5
01-08 16:55:44.066 11202 11202 E ArmVmp : Match on catch block at 0xc3 in for 0xa9
01-08 16:55:44.082 11202 11202 E ArmVmp : Match on catch block at 0xc3 in for 0xa5
01-08 16:55:44.087 11202 11202 E ArmVmp : Match on catch block at 0xc3 in for 0xa9
01-08 16:55:44.201 11202 11202 W IInputConnectionWrapper: requestCursorAnchorInfo
on inactive InputConnection
01-08 16:55:44.292 11202 11202 E ArmVmp : Match on catch block at 0xc3 in for 0xa5
01-08 16:55:44.301 11202 11202 E ArmVmp : Match on catch block at 0xc3 in for 0xa9
01-08 16:55:44.330 11202 11202 W IInputConnectionWrapper: getTextBeforeCursor on
inactive InputConnection
01-08 16:55:44.357 11202 11202 W IInputConnectionWrapper: getTextAfterCursor on
inactive InputConnection
01-08 16:55:44.398 11202 11202 W IInputConnectionWrapper: getExtractedText on
inactive InputConnection
01-08 16:55:44.436 11202 11202 W IInputConnectionWrapper: requestCursorAnchorInfo
on inactive InputConnection
01-08 16:55:44.777 11202 11613 W libEGL : EGLNativeWindowType 0x7d54661010
disconnect failed
01-08 16:55:44.864 11202 11613 W libEGL : EGLNativeWindowType 0x7d54661010
disconnect failed
01-08 16:55:45.000 11202 11613 W libEGL : EGLNativeWindowType 0x7d54661010
disconnect failed
01-08 16:55:45.039 11202 11613 W libEGL : EGLNativeWindowType 0x7d546ba010
disconnect failed
01-08 16:55:45.095 11202 11202 W IInputConnectionWrapper: requestCursorAnchorInfo
on inactive InputConnection
01-08 16:55:45.138 11202 11613 W libEGL : EGLNativeWindowType 0x7d54661010
disconnect failed
01-08 16:55:46.003 11202 11613 W libEGL : EGLNativeWindowType 0x7d54661010
disconnect failed
01-08 16:59:20.595 11202 11247 E SQLiteDatabase: Error inserting transferred=1
media_job_uuid=345ff202-427d-48ba-8f20-b39ea5d7c012 transcoded=0 gif_attribution=0
first_scan_length=0 direct_path=/v/t62.7161-
24/11955248_686435176695360_2434049016625772661_n.enc?ccb=11-
4&oh=01_AdSB3wzUi4zSd0rWqQ6at6cbhzUZvXQ6gcnNs6ShYtu-Mw&oe=65C3C81D&_nc_sid=5e03e0
thumbnail_height_width_ratio=1.0 is_animated_sticker=0
file_hash=e9BvW+cacj0L2XJW5Ik4D9xk4rEr11rq3DQW09qJ82U= file_path=Media/WhatsApp
Video/VID-20240108-WA0011.mp4 file_size=671864 partial_media_hash=null face_x=0
face_y=0 height=576 trim_to=0 media_key_timestamp=1704743952000
message_url=https://mmg.whatsapp.net/v/t62.7161-
24/11955248_686435176695360_2434049016625772661_n.enc?ccb=11-
4&oh=01_AdSB3wzUi4zSd0rWqQ6at6cbhzUZvXQ6gcnNs6ShYtu-
Mw&oe=65C3C81D&_nc_sid=5e03e0&mms3=true media_caption=null trim_from=0
mime_type=video/mp4 partial_media_enc_hash=null width=576 original_file_hash=null
has_streaming_sidecar=1 autotransfer_retry_enabled=1 media_upload_handle=null
message_row_id=93772 multicast_id=null
enc_file_hash=2Es7xBcmrEDxUms1lzT/Ii0AbUz/kbVh8loU04tCBj4= mute_video=0
page_count=0 first_scan_sidecar=null suspicious_content=0 file_length=671864
media_name=null media_duration=8 chat_row_id=99 media_key=[B@ce17f44
01-08 16:59:20.595 11202 11247 E SQLiteDatabase:
android.database.sqlite.SQLiteConstraintException: UNIQUE constraint failed:
message_media.message_row_id (code 1555 SQLITE_CONSTRAINT_PRIMARYKEY[1555])
01-08 16:59:20.595 11202 11247 E SQLiteDatabase: at
android.database.sqlite.SQLiteConnection.nativeExecuteForLastInsertedRowId(Native
Method)
01-08 16:59:20.595 11202 11247 E SQLiteDatabase: at
android.database.sqlite.SQLiteConnection.executeForLastInsertedRowId(SQLiteConnecti
on.java:1217)
01-08 16:59:20.595 11202 11247 E SQLiteDatabase: at
android.database.sqlite.SQLiteSession.executeForLastInsertedRowId(SQLiteSession.jav
a:790)
01-08 16:59:20.595 11202 11247 E SQLiteDatabase: at
android.database.sqlite.SQLiteStatement.executeInsert(SQLiteStatement.java:88)
01-08 16:59:20.595 11202 11247 E SQLiteDatabase: at
android.database.sqlite.SQLiteDatabase.insertWithOnConflict(SQLiteDatabase.java:221
9)
01-08 16:59:20.595 11202 11247 E SQLiteDatabase: at
android.database.sqlite.SQLiteDatabase.insert(SQLiteDatabase.java:2088)
01-08 16:59:20.595 11202 11247 E SQLiteDatabase: at X.2tm.A08(Unknown
Source:6)
01-08 16:59:20.595 11202 11247 E SQLiteDatabase: at X.35Y.A07(Unknown
Source:212)
01-08 16:59:20.595 11202 11247 E SQLiteDatabase: at X.3QF.A14(Unknown
Source:470)
01-08 16:59:20.595 11202 11247 E SQLiteDatabase: at X.3gU.run(Unknown
Source:982)
01-08 16:59:20.595 11202 11247 E SQLiteDatabase: at
android.os.Handler.handleCallback(Handler.java:938)
01-08 16:59:20.595 11202 11247 E SQLiteDatabase: at
android.os.Handler.dispatchMessage(Handler.java:99)
01-08 16:59:20.595 11202 11247 E SQLiteDatabase: at
X.0zq.dispatchMessage(Unknown Source:4)
01-08 16:59:20.595 11202 11247 E SQLiteDatabase: at
android.os.Looper.loop(Looper.java:246)
01-08 16:59:20.595 11202 11247 E SQLiteDatabase: at
android.os.HandlerThread.run(HandlerThread.java:67)
01-08 17:01:03.564 11202 11214 W com.whatsapp: Suspending all threads took: 5.082ms
01-08 17:01:10.393 11202 11247 E SQLiteDatabase: Error inserting transferred=1
media_job_uuid=33b285ef-679a-430c-a00d-c3a6566413fc transcoded=0 gif_attribution=0
first_scan_length=0 direct_path=/v/t62.7161-
24/23800555_700035955604879_9103590985103133178_n.enc?ccb=11-
4&oh=01_AdTRTC5SzclGuCAbdomYnjTKXIBF7AYGe_D9HJM8O9RbQQ&oe=65C1E4C2&_nc_sid=5e03e0&_
nc_hot=1704744052 thumbnail_height_width_ratio=0.5555556 is_animated_sticker=0
file_hash=wC2m+4WqiFeGZayGUyzJE+RhOOHEm3Q/Jm94FsEyMI0= file_path=Media/WhatsApp
Video/VID-20240108-WA0012.mp4 file_size=14807205 partial_media_hash=null face_x=0
face_y=0 height=352 trim_to=0 media_key_timestamp=1704627783000
message_url=https://mmg.whatsapp.net/v/t62.7161-
24/23800555_700035955604879_9103590985103133178_n.enc?ccb=11-
4&oh=01_AdTRTC5SzclGuCAbdomYnjTKXIBF7AYGe_D9HJM8O9RbQQ&oe=65C1E4C2&_nc_sid=5e03e0&m
ms3=true media_caption=null trim_from=0 mime_type=video/mp4
partial_media_enc_hash=null width=640 original_file_hash=null
has_streaming_sidecar=0 autotransfer_retry_enabled=1 media_upload_handle=null
message_row_id=93773 multicast_id=null
enc_file_hash=onUcrZSw2kiqdzRctX3FDy81GaeuCLO2zM7imnQE2cg= mute_video=0
page_count=0 first_scan_sidecar=null suspicious_content=0 file_length=14807205
media_name=null media_duration=170 chat_row_id=58 media_key=[B@ee1d01f
01-08 17:01:10.393 11202 11247 E SQLiteDatabase:
android.database.sqlite.SQLiteConstraintException: UNIQUE constraint failed:
message_media.message_row_id (code 1555 SQLITE_CONSTRAINT_PRIMARYKEY[1555])
01-08 17:01:10.393 11202 11247 E SQLiteDatabase: at
android.database.sqlite.SQLiteConnection.nativeExecuteForLastInsertedRowId(Native
Method)
01-08 17:01:10.393 11202 11247 E SQLiteDatabase: at
android.database.sqlite.SQLiteConnection.executeForLastInsertedRowId(SQLiteConnecti
on.java:1217)
01-08 17:01:10.393 11202 11247 E SQLiteDatabase: at
android.database.sqlite.SQLiteSession.executeForLastInsertedRowId(SQLiteSession.jav
a:790)
01-08 17:01:10.393 11202 11247 E SQLiteDatabase: at
android.database.sqlite.SQLiteStatement.executeInsert(SQLiteStatement.java:88)
01-08 17:01:10.393 11202 11247 E SQLiteDatabase: at
android.database.sqlite.SQLiteDatabase.insertWithOnConflict(SQLiteDatabase.java:221
9)
01-08 17:01:10.393 11202 11247 E SQLiteDatabase: at
android.database.sqlite.SQLiteDatabase.insert(SQLiteDatabase.java:2088)
01-08 17:01:10.393 11202 11247 E SQLiteDatabase: at X.2tm.A08(Unknown
Source:6)
01-08 17:01:10.393 11202 11247 E SQLiteDatabase: at X.35Y.A07(Unknown
Source:212)
01-08 17:01:10.393 11202 11247 E SQLiteDatabase: at X.3QF.A14(Unknown
Source:470)
01-08 17:01:10.393 11202 11247 E SQLiteDatabase: at X.3gU.run(Unknown
Source:982)
01-08 17:01:10.393 11202 11247 E SQLiteDatabase: at
android.os.Handler.handleCallback(Handler.java:938)
01-08 17:01:10.393 11202 11247 E SQLiteDatabase: at
android.os.Handler.dispatchMessage(Handler.java:99)
01-08 17:01:10.393 11202 11247 E SQLiteDatabase: at
X.0zq.dispatchMessage(Unknown Source:4)
01-08 17:01:10.393 11202 11247 E SQLiteDatabase: at
android.os.Looper.loop(Looper.java:246)
01-08 17:01:10.393 11202 11247 E SQLiteDatabase: at
android.os.HandlerThread.run(HandlerThread.java:67)
01-08 17:02:22.153 11202 11202 E ArmVmp : Match on catch block at 0x0a in for 0xc1
01-08 17:02:22.157 11202 11202 E ArmVmp : Match on catch block at 0x0a in for 0xc9
01-08 17:02:22.669 11202 11202 E ArmVmp : Match on catch block at 0xc3 in for 0xa1
01-08 17:02:22.675 11202 11202 E ArmVmp : Match on catch block at 0xc3 in for 0xa5
01-08 17:02:22.678 11202 11202 E ArmVmp : Match on catch block at 0xc3 in for 0xa5
01-08 17:02:23.262 11202 11202 E ArmVmp : Match on catch block at 0xc3 in for 0xa1
01-08 17:02:23.276 11202 11202 E ArmVmp : Match on catch block at 0xc3 in for 0xa5
01-08 17:02:23.284 11202 11202 E ArmVmp : Match on catch block at 0xc3 in for 0xa5
01-08 17:02:23.328 11202 11202 E ArmVmp : Match on catch block at 0xc3 in for 0xa9
01-08 17:02:23.335 11202 11202 E ArmVmp : Match on catch block at 0xc3 in for 0xa1
01-08 17:02:23.341 11202 11202 E ArmVmp : Match on catch block at 0xc3 in for 0xa1
01-08 17:02:23.434 11202 11202 E ArmVmp : Match on catch block at 0xc3 in for 0xa1
01-08 17:02:23.442 11202 11202 E ArmVmp : Match on catch block at 0xc3 in for 0xa5
01-08 17:02:23.448 11202 11202 E ArmVmp : Match on catch block at 0xc3 in for 0xa5
01-08 17:02:23.466 11202 11202 E ArmVmp : Match on catch block at 0xc3 in for 0xa9
01-08 17:02:23.474 11202 11202 E ArmVmp : Match on catch block at 0xc3 in for 0xa1
01-08 17:02:23.481 11202 11202 E ArmVmp : Match on catch block at 0xc3 in for 0xa1
01-08 17:02:23.510 11202 11202 E ArmVmp : Match on catch block at 0xc3 in for 0xa9
01-08 17:02:23.517 11202 11202 E ArmVmp : Match on catch block at 0xc3 in for 0xa1
01-08 17:02:23.524 11202 11202 E ArmVmp : Match on catch block at 0xc3 in for 0xa1
01-08 17:02:23.537 11202 11202 E ArmVmp : Match on catch block at 0xc3 in for 0xa5
01-08 17:02:23.546 11202 11202 E ArmVmp : Match on catch block at 0xc3 in for 0xa9
01-08 17:02:23.557 11202 11202 E ArmVmp : Match on catch block at 0xc3 in for 0xa9
01-08 17:02:23.572 11202 11202 E ArmVmp : Match on catch block at 0xc3 in for 0xa1
01-08 17:02:23.581 11202 11202 E ArmVmp : Match on catch block at 0xc3 in for 0xa5
01-08 17:02:23.591 11202 11202 E ArmVmp : Match on catch block at 0xc3 in for 0xa5
01-08 17:02:23.606 11202 11202 E ArmVmp : Match on catch block at 0xc3 in for 0xa9
01-08 17:02:23.613 11202 11202 E ArmVmp : Match on catch block at 0xc3 in for 0xa1
01-08 17:02:23.621 11202 11202 E ArmVmp : Match on catch block at 0xc3 in for 0xa1
01-08 17:02:23.638 11202 11202 E ArmVmp : Match on catch block at 0xc3 in for 0xa5
01-08 17:02:23.646 11202 11202 E ArmVmp : Match on catch block at 0xc3 in for 0xa9
01-08 17:02:23.651 11202 11202 E ArmVmp : Match on catch block at 0xc3 in for 0xa9
01-08 17:02:23.899 11202 11202 E ArmVmp : Match on catch block at 0xc3 in for 0xa9
01-08 17:02:23.906 11202 11202 E ArmVmp : Match on catch block at 0xc3 in for 0xa1
01-08 17:02:23.911 11202 11202 E ArmVmp : Match on catch block at 0xc3 in for 0xa1
01-08 17:02:24.401 11202 11202 E ArmVmp : Match on catch block at 0xc3 in for 0xa5
01-08 17:02:24.409 11202 11202 E ArmVmp : Match on catch block at 0xc3 in for 0xa9
01-08 17:02:24.414 11202 11202 E ArmVmp : Match on catch block at 0xc3 in for 0xa9
01-08 17:02:24.906 11202 11202 E ArmVmp : Match on catch block at 0xc3 in for 0xa1
01-08 17:02:24.913 11202 11202 E ArmVmp : Match on catch block at 0xc3 in for 0xa5
01-08 17:02:24.918 11202 11202 E ArmVmp : Match on catch block at 0xc3 in for 0xa5
01-08 17:02:24.938 11202 11202 E ArmVmp : Match on catch block at 0xc3 in for 0xa9
01-08 17:02:24.947 11202 11202 E ArmVmp : Match on catch block at 0xc3 in for 0xa1
01-08 17:02:24.953 11202 11202 E ArmVmp : Match on catch block at 0xc3 in for 0xa1
01-08 17:02:24.963 11202 11202 E ArmVmp : Match on catch block at 0xc3 in for 0xa5
01-08 17:02:24.972 11202 11202 E ArmVmp : Match on catch block at 0xc3 in for 0xa9
01-08 17:02:24.978 11202 11202 E ArmVmp : Match on catch block at 0xc3 in for 0xa9
01-08 17:02:24.990 11202 11202 E ArmVmp : Match on catch block at 0xc3 in for 0xa1
01-08 17:02:24.999 11202 11202 E ArmVmp : Match on catch block at 0xc3 in for 0xa5
01-08 17:02:25.006 11202 11202 E ArmVmp : Match on catch block at 0xc3 in for 0xa5
01-08 17:02:25.015 11202 11202 E ArmVmp : Match on catch block at 0xc3 in for 0xa9
01-08 17:02:25.026 11202 11202 E ArmVmp : Match on catch block at 0xc3 in for 0xa1
01-08 17:02:25.031 11202 11202 E ArmVmp : Match on catch block at 0xc3 in for 0xa1
01-08 17:02:25.042 11202 11202 E ArmVmp : Match on catch block at 0xc3 in for 0xa5
01-08 17:02:25.054 11202 11202 E ArmVmp : Match on catch block at 0xc3 in for 0xa9
01-08 17:02:25.060 11202 11202 E ArmVmp : Match on catch block at 0xc3 in for 0xa9
01-08 17:02:25.071 11202 11202 E ArmVmp : Match on catch block at 0xc3 in for 0xa1
01-08 17:02:25.079 11202 11202 E ArmVmp : Match on catch block at 0xc3 in for 0xa5
01-08 17:02:25.083 11202 11202 E ArmVmp : Match on catch block at 0xc3 in for 0xa5
01-08 17:02:25.095 11202 11202 E ArmVmp : Match on catch block at 0xc3 in for 0xa9
01-08 17:02:25.104 11202 11202 E ArmVmp : Match on catch block at 0xc3 in for 0xa1
01-08 17:02:25.109 11202 11202 E ArmVmp : Match on catch block at 0xc3 in for 0xa1
01-08 17:02:25.123 11202 11202 E ArmVmp : Match on catch block at 0xc3 in for 0xa5
01-08 17:02:25.134 11202 11202 E ArmVmp : Match on catch block at 0xc3 in for 0xa9
01-08 17:02:25.141 11202 11202 E ArmVmp : Match on catch block at 0xc3 in for 0xa9
01-08 17:02:25.153 11202 11202 E ArmVmp : Match on catch block at 0xc3 in for 0xa1
01-08 17:02:25.165 11202 11202 E ArmVmp : Match on catch block at 0xc3 in for 0xa5
01-08 17:02:25.179 11202 11202 E ArmVmp : Match on catch block at 0xc3 in for 0xa5
01-08 17:02:25.190 11202 11202 E ArmVmp : Match on catch block at 0xc3 in for 0xa9
01-08 17:02:25.198 11202 11202 E ArmVmp : Match on catch block at 0xc3 in for 0xa1
01-08 17:02:25.204 11202 11202 E ArmVmp : Match on catch block at 0xc3 in for 0xa1
01-08 17:02:25.412 11202 11202 E ArmVmp : Match on catch block at 0xc3 in for 0xa1
01-08 17:02:25.419 11202 11202 E ArmVmp : Match on catch block at 0xc3 in for 0xa5
01-08 17:02:25.425 11202 11202 E ArmVmp : Match on catch block at 0xc3 in for 0xa5
01-08 17:02:25.900 11202 11202 E ArmVmp : Match on catch block at 0xc3 in for 0xa1
01-08 17:02:25.908 11202 11202 E ArmVmp : Match on catch block at 0xc3 in for 0xa5
01-08 17:02:25.914 11202 11202 E ArmVmp : Match on catch block at 0xc3 in for 0xa5
01-08 17:02:26.405 11202 11202 E ArmVmp : Match on catch block at 0xc3 in for 0xa9
01-08 17:02:26.412 11202 11202 E ArmVmp : Match on catch block at 0xc3 in for 0xa1
01-08 17:02:26.418 11202 11202 E ArmVmp : Match on catch block at 0xc3 in for 0xa1
01-08 17:02:26.909 11202 11202 E ArmVmp : Match on catch block at 0xc3 in for 0xa5
01-08 17:02:26.916 11202 11202 E ArmVmp : Match on catch block at 0xc3 in for 0xa9
01-08 17:02:26.922 11202 11202 E ArmVmp : Match on catch block at 0xc3 in for 0xa9
01-08 17:02:27.414 11202 11202 E ArmVmp : Match on catch block at 0xc3 in for 0xa1
01-08 17:02:27.422 11202 11202 E ArmVmp : Match on catch block at 0xc3 in for 0xa5
01-08 17:02:27.428 11202 11202 E ArmVmp : Match on catch block at 0xc3 in for 0xa5
01-08 17:02:27.918 11202 11202 E ArmVmp : Match on catch block at 0xc3 in for 0xa9
01-08 17:02:27.925 11202 11202 E ArmVmp : Match on catch block at 0xc3 in for 0xa1
01-08 17:02:27.930 11202 11202 E ArmVmp : Match on catch block at 0xc3 in for 0xa1
01-08 17:02:28.411 11202 11202 E ArmVmp : Match on catch block at 0xc3 in for 0xa5
01-08 17:02:28.430 11202 11202 E ArmVmp : Match on catch block at 0xc3 in for 0xa9
01-08 17:02:28.445 11202 11202 E ArmVmp : Match on catch block at 0xc3 in for 0xa9
01-08 17:02:28.929 11202 11202 E ArmVmp : Match on catch block at 0xc3 in for 0xa9
01-08 17:02:28.936 11202 11202 E ArmVmp : Match on catch block at 0xc3 in for 0xa1
01-08 17:02:28.942 11202 11202 E ArmVmp : Match on catch block at 0xc3 in for 0xa1
01-08 17:02:29.414 11202 11202 E ArmVmp : Match on catch block at 0xc3 in for 0xa5
01-08 17:02:29.422 11202 11202 E ArmVmp : Match on catch block at 0xc3 in for 0xa9
01-08 17:02:29.431 11202 11202 E ArmVmp : Match on catch block at 0xc3 in for 0xa9
01-08 17:02:29.513 11202 11613 W libEGL : EGLNativeWindowType 0x7d49455010
disconnect failed
01-08 17:02:29.562 11202 11613 W libEGL : EGLNativeWindowType 0x7d49455010
disconnect failed
01-08 17:02:29.607 11202 11613 W libEGL : EGLNativeWindowType 0x7d49455010
disconnect failed
01-08 17:02:29.653 11202 11613 W libEGL : EGLNativeWindowType 0x7d49455010
disconnect failed
01-08 17:02:29.696 11202 11613 W libEGL : EGLNativeWindowType 0x7d49455010
disconnect failed
01-08 17:02:29.735 11202 11613 W libEGL : EGLNativeWindowType 0x7d49455010
disconnect failed
01-08 17:02:29.781 11202 11613 W libEGL : EGLNativeWindowType 0x7d49455010
disconnect failed
01-08 17:02:29.819 11202 11613 W libEGL : EGLNativeWindowType 0x7d49455010
disconnect failed
01-08 17:02:29.921 11202 11202 E ArmVmp : Match on catch block at 0xc3 in for 0xa5
01-08 17:02:29.941 11202 11202 E ArmVmp : Match on catch block at 0xc3 in for 0xa9
01-08 17:02:29.955 11202 11202 E ArmVmp : Match on catch block at 0xc3 in for 0xa9
01-08 17:02:30.427 11202 11202 E ArmVmp : Match on catch block at 0xc3 in for 0xa1
01-08 17:02:30.445 11202 11202 E ArmVmp : Match on catch block at 0xc3 in for 0xa5
01-08 17:02:30.458 11202 11202 E ArmVmp : Match on catch block at 0xc3 in for 0xa5
01-08 17:02:30.779 11202 11613 W libEGL : EGLNativeWindowType 0x7d49455010
disconnect failed
01-08 17:02:30.930 11202 11202 E ArmVmp : Match on catch block at 0xc3 in for 0xa9
01-08 17:02:30.937 11202 11202 E ArmVmp : Match on catch block at 0xc3 in for 0xa1
01-08 17:02:30.944 11202 11202 E ArmVmp : Match on catch block at 0xc3 in for 0xa1
01-08 17:02:31.428 11202 11202 E ArmVmp : Match on catch block at 0xc3 in for 0xa5
01-08 17:02:31.441 11202 11202 E ArmVmp : Match on catch block at 0xc3 in for 0xa9
01-08 17:02:31.453 11202 11202 E ArmVmp : Match on catch block at 0xc3 in for 0xa9
01-08 17:02:31.932 11202 11202 E ArmVmp : Match on catch block at 0xc3 in for 0xa1
01-08 17:02:31.946 11202 11202 E ArmVmp : Match on catch block at 0xc3 in for 0xa5
01-08 17:02:31.951 11202 11202 E ArmVmp : Match on catch block at 0xc3 in for 0xa5
01-08 17:02:32.421 11202 11202 E ArmVmp : Match on catch block at 0xc3 in for 0xa9
01-08 17:02:32.441 11202 11202 E ArmVmp : Match on catch block at 0xc3 in for 0xa1
01-08 17:02:32.448 11202 11202 E ArmVmp : Match on catch block at 0xc3 in for 0xa1
01-08 17:02:32.925 11202 11202 E ArmVmp : Match on catch block at 0xc3 in for 0xa5
01-08 17:02:32.933 11202 11202 E ArmVmp : Match on catch block at 0xc3 in for 0xa9
01-08 17:02:32.938 11202 11202 E ArmVmp : Match on catch block at 0xc3 in for 0xa9
01-08 17:02:33.425 11202 11202 E ArmVmp : Match on catch block at 0xc3 in for 0xa1
01-08 17:02:33.433 11202 11202 E ArmVmp : Match on catch block at 0xc3 in for 0xa5
01-08 17:02:33.441 11202 11202 E ArmVmp : Match on catch block at 0xc3 in for 0xa5
01-08 17:02:33.942 11202 11202 E ArmVmp : Match on catch block at 0xc3 in for 0xa9
01-08 17:02:33.960 11202 11202 E ArmVmp : Match on catch block at 0xc3 in for 0xa1
01-08 17:02:33.967 11202 11202 E ArmVmp : Match on catch block at 0xc3 in for 0xa1
01-08 17:02:34.431 11202 11202 E ArmVmp : Match on catch block at 0xc3 in for 0xa5
01-08 17:02:34.449 11202 11202 E ArmVmp : Match on catch block at 0xc3 in for 0xa9
01-08 17:02:34.462 11202 11202 E ArmVmp : Match on catch block at 0xc3 in for 0xa9
01-08 17:02:34.930 11202 11202 E ArmVmp : Match on catch block at 0xc3 in for 0xa1
01-08 17:02:34.938 11202 11202 E ArmVmp : Match on catch block at 0xc3 in for 0xa5
01-08 17:02:34.945 11202 11202 E ArmVmp : Match on catch block at 0xc3 in for 0xa5
01-08 17:02:35.434 11202 11202 E ArmVmp : Match on catch block at 0xc3 in for 0xa9
01-08 17:02:35.442 11202 11202 E ArmVmp : Match on catch block at 0xc3 in for 0xa1
01-08 17:02:35.455 11202 11202 E ArmVmp : Match on catch block at 0xc3 in for 0xa1
01-08 17:02:35.944 11202 11202 E ArmVmp : Match on catch block at 0xc3 in for 0xa5
01-08 17:02:35.964 11202 11202 E ArmVmp : Match on catch block at 0xc3 in for 0xa9
01-08 17:02:35.980 11202 11202 E ArmVmp : Match on catch block at 0xc3 in for 0xa9
01-08 17:02:36.442 11202 11202 E ArmVmp : Match on catch block at 0xc3 in for 0xa1
01-08 17:02:36.463 11202 11202 E ArmVmp : Match on catch block at 0xc3 in for 0xa5
01-08 17:02:36.475 11202 11202 E ArmVmp : Match on catch block at 0xc3 in for 0xa5
01-08 17:02:36.933 11202 11202 E ArmVmp : Match on catch block at 0xc3 in for 0xa9
01-08 17:02:36.942 11202 11202 E ArmVmp : Match on catch block at 0xc3 in for 0xa1
01-08 17:02:36.952 11202 11202 E ArmVmp : Match on catch block at 0xc3 in for 0xa1
01-08 17:02:37.438 11202 11202 E ArmVmp : Match on catch block at 0xc3 in for 0xa5
01-08 17:02:37.456 11202 11202 E ArmVmp : Match on catch block at 0xc3 in for 0xa9
01-08 17:02:37.464 11202 11202 E ArmVmp : Match on catch block at 0xc3 in for 0xa9
01-08 17:02:37.948 11202 11202 E ArmVmp : Match on catch block at 0xc3 in for 0xa1
01-08 17:02:37.968 11202 11202 E ArmVmp : Match on catch block at 0xc3 in for 0xa5
01-08 17:02:37.982 11202 11202 E ArmVmp : Match on catch block at 0xc3 in for 0xa5
01-08 17:02:38.438 11202 11202 E ArmVmp : Match on catch block at 0xc3 in for 0xa9
01-08 17:02:38.447 11202 11202 E ArmVmp : Match on catch block at 0xc3 in for 0xa1
01-08 17:02:38.458 11202 11202 E ArmVmp : Match on catch block at 0xc3 in for 0xa1
01-08 17:02:38.941 11202 11202 E ArmVmp : Match on catch block at 0xc3 in for 0xa5
01-08 17:02:38.960 11202 11202 E ArmVmp : Match on catch block at 0xc3 in for 0xa9
01-08 17:02:38.976 11202 11202 E ArmVmp : Match on catch block at 0xc3 in for 0xa9
01-08 17:02:39.441 11202 11202 E ArmVmp : Match on catch block at 0xc3 in for 0xa1
01-08 17:02:39.449 11202 11202 E ArmVmp : Match on catch block at 0xc3 in for 0xa5
01-08 17:02:39.455 11202 11202 E ArmVmp : Match on catch block at 0xc3 in for 0xa5
01-08 17:02:39.951 11202 11202 E ArmVmp : Match on catch block at 0xc3 in for 0xa9
01-08 17:02:39.967 11202 11202 E ArmVmp : Match on catch block at 0xc3 in for 0xa1
01-08 17:02:39.974 11202 11202 E ArmVmp : Match on catch block at 0xc3 in for 0xa1
01-08 17:02:40.456 11202 11202 E ArmVmp : Match on catch block at 0xc3 in for 0xa5
01-08 17:02:40.473 11202 11202 E ArmVmp : Match on catch block at 0xc3 in for 0xa9
01-08 17:02:40.485 11202 11202 E ArmVmp : Match on catch block at 0xc3 in for 0xa9
01-08 17:02:40.960 11202 11202 E ArmVmp : Match on catch block at 0xc3 in for 0xa1
01-08 17:02:40.981 11202 11202 E ArmVmp : Match on catch block at 0xc3 in for 0xa5
01-08 17:02:40.995 11202 11202 E ArmVmp : Match on catch block at 0xc3 in for 0xa5
01-08 17:02:41.458 11202 11202 E ArmVmp : Match on catch block at 0xc3 in for 0xa9
01-08 17:02:41.466 11202 11202 E ArmVmp : Match on catch block at 0xc3 in for 0xa1
01-08 17:02:41.473 11202 11202 E ArmVmp : Match on catch block at 0xc3 in for 0xa1
01-08 17:02:41.954 11202 11202 E ArmVmp : Match on catch block at 0xc3 in for 0xa5
01-08 17:02:41.972 11202 11202 E ArmVmp : Match on catch block at 0xc3 in for 0xa9
01-08 17:02:41.985 11202 11202 E ArmVmp : Match on catch block at 0xc3 in for 0xa9
01-08 17:02:42.459 11202 11202 E ArmVmp : Match on catch block at 0xc3 in for 0xa1
01-08 17:02:42.478 11202 11202 E ArmVmp : Match on catch block at 0xc3 in for 0xa5
01-08 17:02:42.489 11202 11202 E ArmVmp : Match on catch block at 0xc3 in for 0xa5
01-08 17:02:42.963 11202 11202 E ArmVmp : Match on catch block at 0xc3 in for 0xa9
01-08 17:02:42.983 11202 11202 E ArmVmp : Match on catch block at 0xc3 in for 0xa1
01-08 17:02:42.992 11202 11202 E ArmVmp : Match on catch block at 0xc3 in for 0xa1
01-08 17:02:43.466 11202 11202 E ArmVmp : Match on catch block at 0xc3 in for 0xa5
01-08 17:02:43.484 11202 11202 E ArmVmp : Match on catch block at 0xc3 in for 0xa9
01-08 17:02:43.499 11202 11202 E ArmVmp : Match on catch block at 0xc3 in for 0xa9
01-08 17:02:43.957 11202 11202 E ArmVmp : Match on catch block at 0xc3 in for 0xa1
01-08 17:02:43.974 11202 11202 E ArmVmp : Match on catch block at 0xc3 in for 0xa5
01-08 17:02:43.981 11202 11202 E ArmVmp : Match on catch block at 0xc3 in for 0xa5
01-08 17:02:44.462 11202 11202 E ArmVmp : Match on catch block at 0xc3 in for 0xa9
01-08 17:02:44.481 11202 11202 E ArmVmp : Match on catch block at 0xc3 in for 0xa1
01-08 17:02:44.496 11202 11202 E ArmVmp : Match on catch block at 0xc3 in for 0xa1
01-08 17:02:44.620 11202 11202 E ArmVmp : Match on catch block at 0xc3 in for 0xa5
01-08 17:02:44.629 11202 11202 E ArmVmp : Match on catch block at 0xc3 in for 0xa9
01-08 17:02:44.633 11202 11202 E ArmVmp : Match on catch block at 0xc3 in for 0xa9
01-08 17:02:44.649 11202 11202 E ArmVmp : Match on catch block at 0xc3 in for 0xa5
01-08 17:02:44.657 11202 11202 E ArmVmp : Match on catch block at 0xc3 in for 0xa9
01-08 17:02:44.661 11202 11202 E ArmVmp : Match on catch block at 0xc3 in for 0xa9
01-08 17:02:44.747 11202 11202 E ArmVmp : Match on catch block at 0xc3 in for 0xa9
01-08 17:02:44.750 11202 11202 E ArmVmp : Match on catch block at 0xc3 in for 0xa1
01-08 17:02:44.786 11202 11202 E ArmVmp : Match on catch block at 0xc3 in for 0xa9
01-08 17:02:44.791 11202 11202 E ArmVmp : Match on catch block at 0xc3 in for 0xa1
01-08 17:02:44.806 11202 11202 E ArmVmp : Match on catch block at 0xc3 in for 0xa9
01-08 17:02:44.811 11202 11202 E ArmVmp : Match on catch block at 0xc3 in for 0xa1
01-08 17:02:44.817 11202 11202 E ArmVmp : Match on catch block at 0xc3 in for 0xa1
01-08 17:02:44.841 11202 11202 E ArmVmp : Match on catch block at 0xc3 in for 0xa5
01-08 17:02:44.855 11202 11202 E ArmVmp : Match on catch block at 0xc3 in for 0xa9
01-08 17:02:44.859 11202 11202 E ArmVmp : Match on catch block at 0xc3 in for 0xa9
01-08 17:02:44.870 11202 11202 E ArmVmp : Match on catch block at 0xc3 in for 0xa1
01-08 17:02:44.885 11202 11202 E ArmVmp : Match on catch block at 0xc3 in for 0xa5
01-08 17:02:44.889 11202 11202 E ArmVmp : Match on catch block at 0xc3 in for 0xa5
01-08 17:02:44.904 11202 11202 E ArmVmp : Match on catch block at 0xc3 in for 0xa9
01-08 17:02:44.915 11202 11202 E ArmVmp : Match on catch block at 0xc3 in for 0xa1
01-08 17:02:44.919 11202 11202 E ArmVmp : Match on catch block at 0xc3 in for 0xa1
01-08 17:02:44.926 11202 11202 E ArmVmp : Match on catch block at 0xc3 in for 0xa5
01-08 17:02:44.931 11202 11202 E ArmVmp : Match on catch block at 0xc3 in for 0xa9
01-08 17:02:44.935 11202 11202 E ArmVmp : Match on catch block at 0xc3 in for 0xa9
01-08 17:02:44.952 11202 11202 E ArmVmp : Match on catch block at 0xc3 in for 0xa1
01-08 17:02:44.958 11202 11202 E ArmVmp : Match on catch block at 0xc3 in for 0xa5
01-08 17:02:44.965 11202 11202 E ArmVmp : Match on catch block at 0xc3 in for 0xa5
01-08 17:02:44.975 11202 11202 E ArmVmp : Match on catch block at 0xc3 in for 0xa9
01-08 17:02:44.980 11202 11202 E ArmVmp : Match on catch block at 0xc3 in for 0xa1
01-08 17:02:44.983 11202 11202 E ArmVmp : Match on catch block at 0xc3 in for 0xa1
01-08 17:02:44.993 11202 11202 E ArmVmp : Match on catch block at 0xc3 in for 0xa5
01-08 17:02:45.000 11202 11202 E ArmVmp : Match on catch block at 0xc3 in for 0xa9
01-08 17:02:45.003 11202 11202 E ArmVmp : Match on catch block at 0xc3 in for 0xa9
01-08 17:02:45.047 11202 11202 E ArmVmp : Match on catch block at 0xc3 in for 0xa1
01-08 17:02:45.051 11202 11202 E ArmVmp : Match on catch block at 0xc3 in for 0xa5
01-08 17:02:45.055 11202 11202 E ArmVmp : Match on catch block at 0xc3 in for 0xa5
01-08 17:02:45.096 11202 11202 E ArmVmp : Match on catch block at 0xc3 in for 0xa9
01-08 17:02:45.103 11202 11202 E ArmVmp : Match on catch block at 0xc3 in for 0xa1
01-08 17:02:45.107 11202 11202 E ArmVmp : Match on catch block at 0xc3 in for 0xa1
01-08 17:02:45.121 11202 11202 E ArmVmp : Match on catch block at 0xc3 in for 0xa5
01-08 17:02:45.130 11202 11202 E ArmVmp : Match on catch block at 0xc3 in for 0xa9
01-08 17:02:45.133 11202 11202 E ArmVmp : Match on catch block at 0xc3 in for 0xa9
01-08 17:02:45.477 11202 11202 E ArmVmp : Match on catch block at 0xc3 in for 0xa1
01-08 17:02:45.482 11202 11202 E ArmVmp : Match on catch block at 0xc3 in for 0xa5
01-08 17:02:45.485 11202 11202 E ArmVmp : Match on catch block at 0xc3 in for 0xa5
01-08 17:02:45.982 11202 11202 E ArmVmp : Match on catch block at 0xc3 in for 0xa9
01-08 17:02:45.990 11202 11202 E ArmVmp : Match on catch block at 0xc3 in for 0xa1
01-08 17:02:45.996 11202 11202 E ArmVmp : Match on catch block at 0xc3 in for 0xa1
01-08 17:02:46.058 11202 11202 E ArmVmp : Match on catch block at 0xc3 in for 0xa5
01-08 17:02:46.062 11202 11202 E ArmVmp : Match on catch block at 0xc3 in for 0xa9
01-08 17:02:46.066 11202 11202 E ArmVmp : Match on catch block at 0xc3 in for 0xa9
01-08 17:02:46.089 11202 11202 E ArmVmp : Match on catch block at 0xc3 in for 0xa9
01-08 17:02:46.094 11202 11202 E ArmVmp : Match on catch block at 0xc3 in for 0xa1
01-08 17:02:46.097 11202 11202 E ArmVmp : Match on catch block at 0xc3 in for 0xa1
01-08 17:02:46.112 11202 11202 E ArmVmp : Match on catch block at 0xc3 in for 0xa5
01-08 17:02:46.120 11202 11202 E ArmVmp : Match on catch block at 0xc3 in for 0xa9
01-08 17:02:46.125 11202 11202 E ArmVmp : Match on catch block at 0xc3 in for 0xa9
01-08 17:02:46.146 11202 11202 E ArmVmp : Match on catch block at 0xc3 in for 0xa1
01-08 17:02:46.152 11202 11202 E ArmVmp : Match on catch block at 0xc3 in for 0xa5
01-08 17:02:46.157 11202 11202 E ArmVmp : Match on catch block at 0xc3 in for 0xa5
01-08 17:02:46.177 11202 11202 E ArmVmp : Match on catch block at 0xc3 in for 0xa9
01-08 17:02:46.182 11202 11202 E ArmVmp : Match on catch block at 0xc3 in for 0xa1
01-08 17:02:46.188 11202 11202 E ArmVmp : Match on catch block at 0xc3 in for 0xa1
01-08 17:02:46.210 11202 11202 E ArmVmp : Match on catch block at 0xc3 in for 0xa9
01-08 17:02:46.215 11202 11202 E ArmVmp : Match on catch block at 0xc3 in for 0xa1
01-08 17:02:46.225 11202 11202 E ArmVmp : Match on catch block at 0xc3 in for 0xa1
01-08 17:02:46.241 11202 11202 E ArmVmp : Match on catch block at 0xc3 in for 0xa5
01-08 17:02:46.246 11202 11202 E ArmVmp : Match on catch block at 0xc3 in for 0xa9
01-08 17:02:46.251 11202 11202 E ArmVmp : Match on catch block at 0xc3 in for 0xa9
01-08 17:02:46.257 11202 11202 E ArmVmp : Match on catch block at 0xc3 in for 0xa1
01-08 17:02:46.265 11202 11202 E ArmVmp : Match on catch block at 0xc3 in for 0xa5
01-08 17:02:46.270 11202 11202 E ArmVmp : Match on catch block at 0xc3 in for 0xa5
01-08 17:02:46.291 11202 11202 E ArmVmp : Match on catch block at 0xc3 in for 0xa9
01-08 17:02:46.297 11202 11202 E ArmVmp : Match on catch block at 0xc3 in for 0xa1
01-08 17:02:46.302 11202 11202 E ArmVmp : Match on catch block at 0xc3 in for 0xa1
01-08 17:02:46.341 11202 11202 E ArmVmp : Match on catch block at 0xc3 in for 0xa9
01-08 17:02:46.347 11202 11202 E ArmVmp : Match on catch block at 0xc3 in for 0xa1
01-08 17:02:46.350 11202 11202 E ArmVmp : Match on catch block at 0xc3 in for 0xa1
01-08 17:02:46.502 11202 11202 E ArmVmp : Match on catch block at 0xc3 in for 0xa9
01-08 17:02:46.509 11202 11202 E ArmVmp : Match on catch block at 0xc3 in for 0xa1
01-08 17:02:46.513 11202 11202 E ArmVmp : Match on catch block at 0xc3 in for 0xa1
01-08 17:02:46.647 11202 11202 E ArmVmp : Match on catch block at 0xc3 in for 0xa9
01-08 17:02:46.654 11202 11202 E ArmVmp : Match on catch block at 0xc3 in for 0xa1
01-08 17:02:46.659 11202 11202 E ArmVmp : Match on catch block at 0xc3 in for 0xa1
01-08 17:02:46.680 11202 11202 E ArmVmp : Match on catch block at 0xc3 in for 0xa5
01-08 17:02:46.688 11202 11202 E ArmVmp : Match on catch block at 0xc3 in for 0xa9
01-08 17:02:46.696 11202 11202 E ArmVmp : Match on catch block at 0xc3 in for 0xa9
01-08 17:02:46.702 11202 11202 E ArmVmp : Match on catch block at 0xc3 in for 0xa1
01-08 17:02:46.709 11202 11202 E ArmVmp : Match on catch block at 0xc3 in for 0xa5
01-08 17:02:46.714 11202 11202 E ArmVmp : Match on catch block at 0xc3 in for 0xa5
01-08 17:02:46.722 11202 11202 E ArmVmp : Match on catch block at 0xc3 in for 0xa9
01-08 17:02:46.729 11202 11202 E ArmVmp : Match on catch block at 0xc3 in for 0xa1
01-08 17:02:46.733 11202 11202 E ArmVmp : Match on catch block at 0xc3 in for 0xa1
01-08 17:02:46.746 11202 11202 E ArmVmp : Match on catch block at 0xc3 in for 0xa5
01-08 17:02:46.755 11202 11202 E ArmVmp : Match on catch block at 0xc3 in for 0xa9
01-08 17:02:46.766 11202 11202 E ArmVmp : Match on catch block at 0xc3 in for 0xa9
01-08 17:02:46.775 11202 11202 E ArmVmp : Match on catch block at 0xc3 in for 0xa1
01-08 17:02:46.781 11202 11202 E ArmVmp : Match on catch block at 0xc3 in for 0xa5
01-08 17:02:46.790 11202 11202 E ArmVmp : Match on catch block at 0xc3 in for 0xa5
01-08 17:02:46.804 11202 11202 E ArmVmp : Match on catch block at 0xc3 in for 0xa1
01-08 17:02:46.810 11202 11202 E ArmVmp : Match on catch block at 0xc3 in for 0xa5
01-08 17:02:46.816 11202 11202 E ArmVmp : Match on catch block at 0xc3 in for 0xa5
01-08 17:02:46.830 11202 11202 E ArmVmp : Match on catch block at 0xc3 in for 0xa9
01-08 17:02:46.845 11202 11202 E ArmVmp : Match on catch block at 0xc3 in for 0xa1
01-08 17:02:46.854 11202 11202 E ArmVmp : Match on catch block at 0xc3 in for 0xa1
01-08 17:02:46.861 11202 11202 E ArmVmp : Match on catch block at 0xc3 in for 0xa5
01-08 17:02:46.873 11202 11202 E ArmVmp : Match on catch block at 0xc3 in for 0xa9
01-08 17:02:46.879 11202 11202 E ArmVmp : Match on catch block at 0xc3 in for 0xa9
01-08 17:02:46.888 11202 11202 E ArmVmp : Match on catch block at 0xc3 in for 0xa1
01-08 17:02:46.894 11202 11202 E ArmVmp : Match on catch block at 0xc3 in for 0xa5
01-08 17:02:46.902 11202 11202 E ArmVmp : Match on catch block at 0xc3 in for 0xa5
01-08 17:02:46.911 11202 11202 E ArmVmp : Match on catch block at 0xc3 in for 0xa9
01-08 17:02:46.918 11202 11202 E ArmVmp : Match on catch block at 0xc3 in for 0xa1
01-08 17:02:46.922 11202 11202 E ArmVmp : Match on catch block at 0xc3 in for 0xa1
01-08 17:02:46.939 11202 11202 E ArmVmp : Match on catch block at 0xc3 in for 0xa9
01-08 17:02:46.945 11202 11202 E ArmVmp : Match on catch block at 0xc3 in for 0xa1
01-08 17:02:46.949 11202 11202 E ArmVmp : Match on catch block at 0xc3 in for 0xa1
01-08 17:02:47.055 11202 11202 E ArmVmp : Match on catch block at 0xc3 in for 0xa9
01-08 17:02:47.065 11202 11202 E ArmVmp : Match on catch block at 0xc3 in for 0xa1
01-08 17:02:47.070 11202 11202 E ArmVmp : Match on catch block at 0xc3 in for 0xa1
01-08 17:02:47.345 11202 11202 E ArmVmp : Match on catch block at 0xc3 in for 0xa9
01-08 17:02:47.352 11202 11202 E ArmVmp : Match on catch block at 0xc3 in for 0xa1
01-08 17:02:47.358 11202 11202 E ArmVmp : Match on catch block at 0xc3 in for 0xa1
01-08 17:02:47.423 11202 11202 E ArmVmp : Match on catch block at 0xc3 in for 0xa5
01-08 17:02:47.428 11202 11202 E ArmVmp : Match on catch block at 0xc3 in for 0xa9
01-08 17:02:47.432 11202 11202 E ArmVmp : Match on catch block at 0xc3 in for 0xa9
01-08 17:02:47.446 11202 11202 W IInputConnectionWrapper: getExtractedText on
inactive InputConnection
01-08 17:02:47.462 11202 11202 E ArmVmp : Match on catch block at 0xc3 in for 0xa9
01-08 17:02:47.471 11202 11202 E ArmVmp : Match on catch block at 0xc3 in for 0xa1
01-08 17:02:47.479 11202 11202 E ArmVmp : Match on catch block at 0xc3 in for 0xa9
01-08 17:02:47.485 11202 11202 E ArmVmp : Match on catch block at 0xc3 in for 0xa1
01-08 17:02:47.531 11202 11202 E ArmVmp : Match on catch block at 0xc3 in for 0xa9
01-08 17:02:47.536 11202 11202 E ArmVmp : Match on catch block at 0xc3 in for 0xa1
01-08 17:02:47.555 11202 11202 E ArmVmp : Match on catch block at 0xc3 in for 0xa9
01-08 17:02:47.559 11202 11202 E ArmVmp : Match on catch block at 0xc3 in for 0xa1
01-08 17:02:47.583 11202 11202 E ArmVmp : Match on catch block at 0xc3 in for 0xa5
01-08 17:02:47.587 11202 11202 E ArmVmp : Match on catch block at 0xc3 in for 0xa9
01-08 17:02:47.606 11202 11202 E ArmVmp : Match on catch block at 0xc3 in for 0xa5
01-08 17:02:47.611 11202 11202 E ArmVmp : Match on catch block at 0xc3 in for 0xa9
01-08 17:02:47.623 11202 11202 E ArmVmp : Match on catch block at 0xc3 in for 0xa5
01-08 17:02:47.628 11202 11202 E ArmVmp : Match on catch block at 0xc3 in for 0xa9
01-08 17:02:47.901 11202 11202 E ArmVmp : Match on catch block at 0xc3 in for 0xa9
01-08 17:02:47.911 11202 11202 E ArmVmp : Match on catch block at 0xc3 in for 0xa1
01-08 17:02:47.960 11202 11202 E ArmVmp : Match on catch block at 0xc3 in for 0xa5
01-08 17:02:47.970 11202 11202 E ArmVmp : Match on catch block at 0xc3 in for 0xa9
01-08 17:02:47.989 11202 11202 E ArmVmp : Match on catch block at 0xc3 in for 0xa5
01-08 17:02:47.994 11202 25462 W MediaPlayer: Use of stream types is deprecated for
operations other than volume control
01-08 17:02:47.994 11202 25462 W MediaPlayer: See the documentation of
setAudioStreamType() for what to use instead with android.media.AudioAttributes to
qualify your playback use case
01-08 17:02:47.999 11202 11202 E ArmVmp : Match on catch block at 0xc3 in for 0xa9
01-08 17:02:48.037 11202 11219 W MediaPlayerNative: info/warning (10973, 0)
01-08 17:02:48.405 11202 11202 E ArmVmp : Match on catch block at 0xc3 in for 0xa9
01-08 17:02:48.412 11202 11202 E ArmVmp : Match on catch block at 0xc3 in for 0xa1
01-08 17:02:48.796 11202 11202 E ArmVmp : Match on catch block at 0xc3 in for 0xa9
01-08 17:02:48.803 11202 11202 E ArmVmp : Match on catch block at 0xc3 in for 0xa1
01-08 17:02:49.186 11202 11202 E ArmVmp : Match on catch block at 0xc3 in for 0xa9
01-08 17:02:49.191 11202 11202 E ArmVmp : Match on catch block at 0xc3 in for 0xa1
01-08 17:02:49.352 11202 11202 E ArmVmp : Match on catch block at 0xc3 in for 0xa9
01-08 17:02:49.356 11202 11202 E ArmVmp : Match on catch block at 0xc3 in for 0xa1
01-08 17:02:49.385 11202 11202 E ArmVmp : Match on catch block at 0xc3 in for 0xa9
01-08 17:02:49.390 11202 11202 E ArmVmp : Match on catch block at 0xc3 in for 0xa1
01-08 17:02:49.426 11202 11613 W libEGL : EGLNativeWindowType 0x7d39221010
disconnect failed
01-08 17:02:49.468 11202 11202 E ArmVmp : Match on catch block at 0xc3 in for 0xa9
01-08 17:02:49.474 11202 11202 E ArmVmp : Match on catch block at 0xc3 in for 0xa1
01-08 17:02:49.546 11202 11202 E ArmVmp : Match on catch block at 0xc3 in for 0xa1
01-08 17:02:49.566 11202 11202 E ArmVmp : Match on catch block at 0xc3 in for 0xa5
01-08 17:02:49.586 11202 11202 E ArmVmp : Match on catch block at 0xc3 in for 0xa1
01-08 17:02:49.591 11202 11202 E ArmVmp : Match on catch block at 0xc3 in for 0xa5
01-08 17:02:49.599 11202 11202 W IInputConnectionWrapper: requestCursorAnchorInfo
on inactive InputConnection
01-08 17:02:49.611 11202 11202 E ArmVmp : Match on catch block at 0xc3 in for 0xa1
01-08 17:02:49.617 11202 11202 E ArmVmp : Match on catch block at 0xc3 in for 0xa5
01-08 17:02:49.696 11202 11202 W AudioManager: Use of stream types is deprecated
for operations other than volume control
01-08 17:02:49.696 11202 11202 W AudioManager: See the documentation of
requestAudioFocus() for what to use instead with android.media.AudioAttributes to
qualify your playback use case
01-08 17:02:49.805 11202 25580 W ACodec : [OMX.Exynos.avc.dec] setting
HDRStaticInfo failed even though codec advertises support
01-08 17:02:49.808 11202 25580 W ACodec : [OMX.Exynos.avc.dec] getting
HDRStaticInfo failed even though codec advertises support
01-08 17:02:49.872 11202 25580 W ACodec : [OMX.Exynos.avc.dec] getting
HDRStaticInfo failed even though codec advertises support
01-08 17:02:49.897 11202 25580 W ACodec : [OMX.Exynos.avc.dec] getting
HDRStaticInfo failed even though codec advertises support
01-08 17:02:49.926 11202 25588 W Codec2Client: query -- param skipped: index =
1107298332.
01-08 17:02:49.926 11202 25588 W CCodec : This behavior is subject to change. It
is recommended that app developers double check whether the requested max input
size is in reasonable range.
01-08 17:02:49.929 11202 25588 W Codec2Client: query -- param skipped: index =
1342179345.
01-08 17:02:49.930 11202 25588 W Codec2Client: query -- param skipped: index =
2415921170.
01-08 17:02:49.930 11202 25588 W Codec2Client: query -- param skipped: index =
1610614798.
01-08 17:02:49.936 11202 25588 E FMQ : grantorIdx must be less than 3
01-08 17:02:49.937 11202 25588 E FMQ : grantorIdx must be less than 3
01-08 17:02:49.945 11202 25588 E FMQ : grantorIdx must be less than 3
01-08 17:02:49.966 11202 11802 E FMQ : grantorIdx must be less than 3
01-08 17:02:50.078 11202 11202 E ArmVmp : Match on catch block at 0xc3 in for 0xa1
01-08 17:02:50.106 11202 11202 E ArmVmp : Match on catch block at 0xc3 in for 0xa5
01-08 17:02:50.143 11202 11202 E ArmVmp : Match on catch block at 0xc3 in for 0xa1
01-08 17:02:50.155 11202 11202 E ArmVmp : Match on catch block at 0xc3 in for 0xa5
01-08 17:02:50.189 11202 11202 E ArmVmp : Match on catch block at 0xc3 in for 0xa1
01-08 17:02:50.201 11202 11202 E ArmVmp : Match on catch block at 0xc3 in for 0xa5
01-08 17:02:50.230 11202 11202 E ArmVmp : Match on catch block at 0xc3 in for 0xa1
01-08 17:02:50.242 11202 11202 E ArmVmp : Match on catch block at 0xc3 in for 0xa5
01-08 17:02:50.278 11202 11202 E ArmVmp : Match on catch block at 0xc3 in for 0xa1
01-08 17:02:50.286 11202 11202 E ArmVmp : Match on catch block at 0xc3 in for 0xa5
01-08 17:02:50.315 11202 11202 E ArmVmp : Match on catch block at 0xc3 in for 0xa1
01-08 17:02:50.325 11202 11202 E ArmVmp : Match on catch block at 0xc3 in for 0xa5
01-08 17:02:50.360 11202 11202 E ArmVmp : Match on catch block at 0xc3 in for 0xa1
01-08 17:02:50.371 11202 11202 E ArmVmp : Match on catch block at 0xc3 in for 0xa5
01-08 17:02:50.396 11202 11202 E ArmVmp : Match on catch block at 0xc3 in for 0xa1
01-08 17:02:50.405 11202 11202 E ArmVmp : Match on catch block at 0xc3 in for 0xa5
01-08 17:02:50.432 11202 11202 E ArmVmp : Match on catch block at 0xc3 in for 0xa1
01-08 17:02:50.443 11202 11202 E ArmVmp : Match on catch block at 0xc3 in for 0xa5
01-08 17:02:50.473 11202 11202 E ArmVmp : Match on catch block at 0xc3 in for 0xa1
01-08 17:02:50.481 11202 11202 E ArmVmp : Match on catch block at 0xc3 in for 0xa5
01-08 17:02:50.615 11202 11202 E ArmVmp : Match on catch block at 0xc3 in for 0xa1
01-08 17:02:50.626 11202 11202 E ArmVmp : Match on catch block at 0xc3 in for 0xa5
01-08 17:02:51.087 11202 11202 E ArmVmp : Match on catch block at 0xc3 in for 0xa1
01-08 17:02:51.095 11202 11202 E ArmVmp : Match on catch block at 0xc3 in for 0xa5
01-08 17:02:51.110 11202 11202 E ArmVmp : Match on catch block at 0xc3 in for 0xa1
01-08 17:02:51.119 11202 11202 E ArmVmp : Match on catch block at 0xc3 in for 0xa5
01-08 17:02:51.143 11202 11202 E ArmVmp : Match on catch block at 0xc3 in for 0xa1
01-08 17:02:51.152 11202 11202 E ArmVmp : Match on catch block at 0xc3 in for 0xa5
01-08 17:02:51.167 11202 11202 E ArmVmp : Match on catch block at 0xc3 in for 0xa1
01-08 17:02:51.177 11202 11202 E ArmVmp : Match on catch block at 0xc3 in for 0xa5
01-08 17:02:51.189 11202 11202 E ArmVmp : Match on catch block at 0xc3 in for 0xa1
01-08 17:02:51.200 11202 11202 E ArmVmp : Match on catch block at 0xc3 in for 0xa5
01-08 17:02:51.225 11202 11202 E ArmVmp : Match on catch block at 0xc3 in for 0xa1
01-08 17:02:51.234 11202 11202 E ArmVmp : Match on catch block at 0xc3 in for 0xa5
01-08 17:02:51.251 11202 11202 E ArmVmp : Match on catch block at 0xc3 in for 0xa1
01-08 17:02:51.259 11202 11202 E ArmVmp : Match on catch block at 0xc3 in for 0xa5
01-08 17:02:51.272 11202 11202 E ArmVmp : Match on catch block at 0xc3 in for 0xa1
01-08 17:02:51.281 11202 11202 E ArmVmp : Match on catch block at 0xc3 in for 0xa5
01-08 17:02:51.304 11202 11202 E ArmVmp : Match on catch block at 0xc3 in for 0xa1
01-08 17:02:51.314 11202 11202 E ArmVmp : Match on catch block at 0xc3 in for 0xa5
01-08 17:02:51.327 11202 11202 E ArmVmp : Match on catch block at 0xc3 in for 0xa1
01-08 17:02:51.337 11202 11202 E ArmVmp : Match on catch block at 0xc3 in for 0xa5
01-08 17:02:51.347 11202 11202 E ArmVmp : Match on catch block at 0xc3 in for 0xa1
01-08 17:02:51.356 11202 11202 E ArmVmp : Match on catch block at 0xc3 in for 0xa5
01-08 17:02:54.588 11202 11202 E ArmVmp : Match on catch block at 0xc3 in for 0xa1
01-08 17:02:54.595 11202 11202 E ArmVmp : Match on catch block at 0xc3 in for 0xa5
01-08 17:02:54.613 11202 11202 E ArmVmp : Match on catch block at 0xc3 in for 0xa1
01-08 17:02:54.622 11202 11202 E ArmVmp : Match on catch block at 0xc3 in for 0xa5
01-08 17:02:54.635 11202 11202 E ArmVmp : Match on catch block at 0xc3 in for 0xa1
01-08 17:02:54.640 11202 11202 E ArmVmp : Match on catch block at 0xc3 in for 0xa5
01-08 17:02:54.656 11202 11202 E ArmVmp : Match on catch block at 0xc3 in for 0xa1
01-08 17:02:54.662 11202 11202 E ArmVmp : Match on catch block at 0xc3 in for 0xa5
01-08 17:02:54.682 11202 11202 E ArmVmp : Match on catch block at 0xc3 in for 0xa1
01-08 17:02:54.688 11202 11202 E ArmVmp : Match on catch block at 0xc3 in for 0xa5
01-08 17:02:54.700 11202 11202 E ArmVmp : Match on catch block at 0xc3 in for 0xa1
01-08 17:02:54.708 11202 11202 E ArmVmp : Match on catch block at 0xc3 in for 0xa5
01-08 17:02:54.722 11202 11202 E ArmVmp : Match on catch block at 0xc3 in for 0xa1
01-08 17:02:54.727 11202 11202 E ArmVmp : Match on catch block at 0xc3 in for 0xa5
01-08 17:02:54.745 11202 11202 E ArmVmp : Match on catch block at 0xc3 in for 0xa1
01-08 17:02:54.753 11202 11202 E ArmVmp : Match on catch block at 0xc3 in for 0xa5
01-08 17:02:54.767 11202 11202 E ArmVmp : Match on catch block at 0xc3 in for 0xa1
01-08 17:02:54.772 11202 11202 E ArmVmp : Match on catch block at 0xc3 in for 0xa5
01-08 17:02:54.790 11202 11202 E ArmVmp : Match on catch block at 0xc3 in for 0xa1
01-08 17:02:54.799 11202 11202 E ArmVmp : Match on catch block at 0xc3 in for 0xa5
01-08 17:02:54.811 11202 11202 E ArmVmp : Match on catch block at 0xc3 in for 0xa1
01-08 17:02:54.817 11202 11202 E ArmVmp : Match on catch block at 0xc3 in for 0xa5
01-08 17:02:54.834 11202 11202 E ArmVmp : Match on catch block at 0xc3 in for 0xa1
01-08 17:02:54.839 11202 11202 E ArmVmp : Match on catch block at 0xc3 in for 0xa5
01-08 17:02:54.855 11202 11202 E ArmVmp : Match on catch block at 0xc3 in for 0xa1
01-08 17:02:54.860 11202 11202 E ArmVmp : Match on catch block at 0xc3 in for 0xa5
01-08 17:02:54.873 11202 11202 E ArmVmp : Match on catch block at 0xc3 in for 0xa1
01-08 17:02:54.879 11202 11202 E ArmVmp : Match on catch block at 0xc3 in for 0xa5
01-08 17:02:54.892 11202 11202 E ArmVmp : Match on catch block at 0xc3 in for 0xa1
01-08 17:02:54.898 11202 11202 E ArmVmp : Match on catch block at 0xc3 in for 0xa5
01-08 17:02:54.911 11202 11202 E ArmVmp : Match on catch block at 0xc3 in for 0xa1
01-08 17:02:54.916 11202 11202 E ArmVmp : Match on catch block at 0xc3 in for 0xa5
01-08 17:02:55.207 11202 11202 E ArmVmp : Match on catch block at 0xc3 in for 0xa1
01-08 17:02:55.213 11202 11202 E ArmVmp : Match on catch block at 0xc3 in for 0xa5
01-08 17:02:55.222 11202 11202 E ArmVmp : Match on catch block at 0xc3 in for 0xa1
01-08 17:02:55.228 11202 11202 E ArmVmp : Match on catch block at 0xc3 in for 0xa5
01-08 17:02:55.514 11202 11202 E ArmVmp : Match on catch block at 0xc3 in for 0xa1
01-08 17:02:55.519 11202 11202 E ArmVmp : Match on catch block at 0xc3 in for 0xa5
01-08 17:02:55.547 11202 11202 E ArmVmp : Match on catch block at 0xc3 in for 0xa1
01-08 17:02:55.552 11202 11202 E ArmVmp : Match on catch block at 0xc3 in for 0xa5
01-08 17:02:55.584 11202 11202 E ArmVmp : Match on catch block at 0xc3 in for 0xa1
01-08 17:02:55.588 11202 11202 E ArmVmp : Match on catch block at 0xc3 in for 0xa5
01-08 17:02:55.777 11202 25588 W Codec2Client: query -- param skipped: index =
1342179345.
01-08 17:02:55.777 11202 25588 W Codec2Client: query -- param skipped: index =
2415921170.
01-08 17:02:55.777 11202 25588 W Codec2Client: query -- param skipped: index =
1610614798.
01-08 17:02:55.809 11202 11613 W libEGL : EGLNativeWindowType 0x7d39221010
disconnect failed
01-08 17:02:55.910 11202 11202 E ArmVmp : Match on catch block at 0xc3 in for 0xa9
01-08 17:02:55.916 11202 11202 E ArmVmp : Match on catch block at 0xc3 in for 0xa1
01-08 17:02:55.925 11202 11202 E ViewRootImpl: sendUserActionEvent() mView
returned.
01-08 17:02:55.954 11202 11202 E ArmVmp : Match on catch block at 0xc3 in for 0xa9
01-08 17:02:55.961 11202 11202 E ArmVmp : Match on catch block at 0xc3 in for 0xa1
01-08 17:02:56.153 11202 11202 E ArmVmp : Match on catch block at 0xc3 in for 0xa9
01-08 17:02:56.158 11202 11202 E ArmVmp : Match on catch block at 0xc3 in for 0xa1
01-08 17:02:56.167 11202 11202 E ArmVmp : Match on catch block at 0xc3 in for 0xa9
01-08 17:02:56.172 11202 11202 E ArmVmp : Match on catch block at 0xc3 in for 0xa1
01-08 17:02:56.209 11202 11202 E ArmVmp : Match on catch block at 0xc3 in for 0xa9
01-08 17:02:56.214 11202 11202 E ArmVmp : Match on catch block at 0xc3 in for 0xa1
01-08 17:02:56.226 11202 11202 E ArmVmp : Match on catch block at 0xc3 in for 0xa9
01-08 17:02:56.234 11202 11202 E ArmVmp : Match on catch block at 0xc3 in for 0xa1
01-08 17:02:56.253 11202 11202 E ArmVmp : Match on catch block at 0xc3 in for 0xa9
01-08 17:02:56.258 11202 11202 E ArmVmp : Match on catch block at 0xc3 in for 0xa1
01-08 17:02:56.764 11202 11202 E ArmVmp : Match on catch block at 0xc3 in for 0xa9
01-08 17:02:56.781 11202 11202 E ArmVmp : Match on catch block at 0xc3 in for 0xa1
01-08 17:02:57.436 11202 11202 E ArmVmp : Match on catch block at 0xc3 in for 0xa1
01-08 17:02:57.441 11202 11202 E ArmVmp : Match on catch block at 0xc3 in for 0xa5
01-08 17:02:57.767 11202 11613 W libEGL : EGLNativeWindowType 0x7d6c1e2010
disconnect failed
01-08 17:02:57.781 11202 11202 E ArmVmp : Match on catch block at 0xc3 in for 0xa1
01-08 17:02:57.786 11202 11202 E ArmVmp : Match on catch block at 0xc3 in for 0xa5
