01-23 13:22:30.106 1963 1963 E ArmVmp : Match on catch block at 0xc3 in for 0xa9
01-23 13:22:30.108 1963 1963 E ArmVmp : Match on catch block at 0xc3 in for 0xa1
01-23 13:22:36.087 1963 1990 W System : A resource failed to call release.
01-23 13:22:51.607 1963 1963 W FingerprintManager: sendAcquiredResult acquireInfo
= 6vendorCode = 2
01-23 13:22:51.607 1963 1963 W FingerprintManager: Invalid acquired message: 6, 2
01-23 13:22:51.622 1963 1963 W FingerprintManager: sendAcquiredResult acquireInfo
= 0vendorCode = 0
01-23 13:22:52.012 1963 1963 W FingerprintManager: sendAcquiredResult acquireInfo
= 6vendorCode = 3
01-23 13:22:52.012 1963 1963 W FingerprintManager: Invalid acquired message: 6, 3
01-23 13:22:52.112 1963 1963 W FingerprintManager: sendAcquiredResult acquireInfo
= 6vendorCode = 2
01-23 13:22:52.112 1963 1963 W FingerprintManager: Invalid acquired message: 6, 2
01-23 13:22:52.131 1963 1963 W FingerprintManager: sendAcquiredResult acquireInfo
= 0vendorCode = 0
01-23 13:22:52.520 1963 1963 W FingerprintManager: sendAcquiredResult acquireInfo
= 6vendorCode = 3
01-23 13:22:52.520 1963 1963 W FingerprintManager: Invalid acquired message: 6, 3
01-23 13:22:52.589 1963 1963 W FingerprintManager: sendAcquiredResult acquireInfo
= 6vendorCode = 2
01-23 13:22:52.589 1963 1963 W FingerprintManager: Invalid acquired message: 6, 2
01-23 13:22:52.606 1963 1963 W FingerprintManager: sendAcquiredResult acquireInfo
= 0vendorCode = 0
01-23 13:22:52.984 1963 1963 W FingerprintManager: sendAcquiredResult acquireInfo
= 6vendorCode = 3
01-23 13:22:52.985 1963 1963 W FingerprintManager: Invalid acquired message: 6, 3
01-23 13:22:53.110 1963 1963 W FingerprintManager: sendAcquiredResult acquireInfo
= 6vendorCode = 2
01-23 13:22:53.110 1963 1963 W FingerprintManager: Invalid acquired message: 6, 2
01-23 13:22:53.554 1963 1963 W FingerprintManager: sendAcquiredResult acquireInfo
= 6vendorCode = 3
01-23 13:22:53.555 1963 1963 W FingerprintManager: Invalid acquired message: 6, 3
01-23 13:23:06.582 1963 1963 W FingerprintManager: sendAcquiredResult acquireInfo
= 6vendorCode = 2
01-23 13:23:06.582 1963 1963 W FingerprintManager: Invalid acquired message: 6, 2
01-23 13:23:06.604 1963 1963 W FingerprintManager: sendAcquiredResult acquireInfo
= 0vendorCode = 0
01-23 13:23:17.492 1963 1990 W System : A resource failed to call release.
01-23 13:23:27.910 1963 1963 W FingerprintManager: sendAcquiredResult acquireInfo
= 6vendorCode = 2
01-23 13:23:27.910 1963 1963 W FingerprintManager: Invalid acquired message: 6, 2
01-23 13:23:27.941 1963 1963 W FingerprintManager: sendAcquiredResult acquireInfo
= 0vendorCode = 0
01-23 13:23:28.363 1963 1963 W FingerprintManager: sendAcquiredResult acquireInfo
= 6vendorCode = 3
01-23 13:23:28.363 1963 1963 W FingerprintManager: Invalid acquired message: 6, 3
01-23 13:23:28.489 1963 1963 W FingerprintManager: sendAcquiredResult acquireInfo
= 6vendorCode = 2
01-23 13:23:28.489 1963 1963 W FingerprintManager: Invalid acquired message: 6, 2
01-23 13:23:28.890 1963 1963 W FingerprintManager: sendAcquiredResult acquireInfo
= 6vendorCode = 3
01-23 13:23:28.890 1963 1963 W FingerprintManager: Invalid acquired message: 6, 3
01-23 13:23:28.959 1963 1963 W FingerprintManager: sendAcquiredResult acquireInfo
= 6vendorCode = 2
01-23 13:23:28.959 1963 1963 W FingerprintManager: Invalid acquired message: 6, 2
01-23 13:23:29.321 1963 1963 W FingerprintManager: sendAcquiredResult acquireInfo
= 6vendorCode = 3
01-23 13:23:29.321 1963 1963 W FingerprintManager: Invalid acquired message: 6, 3
01-23 13:23:31.906 1963 1963 W FingerprintManager: sendAcquiredResult acquireInfo
= 6vendorCode = 2
01-23 13:23:31.906 1963 1963 W FingerprintManager: Invalid acquired message: 6, 2
01-23 13:23:31.924 1963 1963 W FingerprintManager: sendAcquiredResult acquireInfo
= 0vendorCode = 0
01-23 13:23:34.094 1963 1990 W System : A resource failed to call release.
01-23 13:23:34.099 1963 1963 E ArmVmp : Match on catch block at 0x0a in for 0xc5
01-23 13:23:34.102 1963 1963 E ArmVmp : Match on catch block at 0x0a in for 0xc1
01-23 13:23:34.258 1963 1963 E ArmVmp : Match on catch block at 0xc3 in for 0xb1
01-23 13:23:34.261 1963 1963 E ArmVmp : Match on catch block at 0xc3 in for 0xb1
01-23 13:23:34.304 1963 1963 E ArmVmp : Match on catch block at 0xc3 in for 0xa1
01-23 13:23:34.306 1963 1963 E ArmVmp : Match on catch block at 0xc3 in for 0xa5
01-23 13:23:34.333 1963 1963 E ArmVmp : Match on catch block at 0xc3 in for 0xa1
01-23 13:23:34.335 1963 1963 E ArmVmp : Match on catch block at 0xc3 in for 0xa5
01-23 13:23:34.364 1963 1963 E ArmVmp : Match on catch block at 0xc3 in for 0xa5
01-23 13:23:34.366 1963 1963 E ArmVmp : Match on catch block at 0xc3 in for 0xa9
01-23 13:23:34.378 1963 1963 E ArmVmp : Match on catch block at 0xc3 in for 0xa5
01-23 13:23:34.380 1963 1963 E ArmVmp : Match on catch block at 0xc3 in for 0xa9
01-23 13:23:34.862 1963 1963 E ArmVmp : Match on catch block at 0xc3 in for 0xa5
01-23 13:23:34.865 1963 1963 E ArmVmp : Match on catch block at 0xc3 in for 0xa9
01-23 13:23:34.945 1963 1963 E ArmVmp : Match on catch block at 0xc3 in for 0xa9
01-23 13:23:34.949 1963 1963 E ArmVmp : Match on catch block at 0xc3 in for 0xa1
01-23 13:23:34.962 1963 1963 E ArmVmp : Match on catch block at 0xc3 in for 0xa1
01-23 13:23:34.965 1963 1963 E ArmVmp : Match on catch block at 0xc3 in for 0xa5
01-23 13:23:34.978 1963 1963 E ArmVmp : Match on catch block at 0xc3 in for 0xa1
01-23 13:23:34.980 1963 1963 E ArmVmp : Match on catch block at 0xc3 in for 0xa5
01-23 13:23:34.995 1963 1963 E ArmVmp : Match on catch block at 0xc3 in for 0xa9
01-23 13:23:34.997 1963 1963 E ArmVmp : Match on catch block at 0xc3 in for 0xa1
01-23 13:23:35.012 1963 1963 E ArmVmp : Match on catch block at 0xc3 in for 0xa5
01-23 13:23:35.014 1963 1963 E ArmVmp : Match on catch block at 0xc3 in for 0xa9
01-23 13:23:35.029 1963 1963 E ArmVmp : Match on catch block at 0xc3 in for 0xa1
01-23 13:23:35.031 1963 1963 E ArmVmp : Match on catch block at 0xc3 in for 0xa5
01-23 13:23:35.045 1963 1963 E ArmVmp : Match on catch block at 0xc3 in for 0xa9
01-23 13:23:35.048 1963 1963 E ArmVmp : Match on catch block at 0xc3 in for 0xa1
01-23 13:23:35.062 1963 1963 E ArmVmp : Match on catch block at 0xc3 in for 0xa5
01-23 13:23:35.064 1963 1963 E ArmVmp : Match on catch block at 0xc3 in for 0xa9
01-23 13:23:35.079 1963 1963 E ArmVmp : Match on catch block at 0xc3 in for 0xa1
01-23 13:23:35.081 1963 1963 E ArmVmp : Match on catch block at 0xc3 in for 0xa5
01-23 13:23:35.095 1963 1963 E ArmVmp : Match on catch block at 0xc3 in for 0xa9
01-23 13:23:35.097 1963 1963 E ArmVmp : Match on catch block at 0xc3 in for 0xa1
01-23 13:23:35.111 1963 1963 E ArmVmp : Match on catch block at 0xc3 in for 0xa1
01-23 13:23:35.113 1963 1963 E ArmVmp : Match on catch block at 0xc3 in for 0xa5
01-23 13:23:35.128 1963 1963 E ArmVmp : Match on catch block at 0xc3 in for 0xa5
01-23 13:23:35.130 1963 1963 E ArmVmp : Match on catch block at 0xc3 in for 0xa9
01-23 13:23:35.145 1963 1963 E ArmVmp : Match on catch block at 0xc3 in for 0xa9
01-23 13:23:35.147 1963 1963 E ArmVmp : Match on catch block at 0xc3 in for 0xa1
01-23 13:23:35.162 1963 1963 E ArmVmp : Match on catch block at 0xc3 in for 0xa1
01-23 13:23:35.164 1963 1963 E ArmVmp : Match on catch block at 0xc3 in for 0xa5
01-23 13:23:35.178 1963 1963 E ArmVmp : Match on catch block at 0xc3 in for 0xa5
01-23 13:23:35.180 1963 1963 E ArmVmp : Match on catch block at 0xc3 in for 0xa9
01-23 13:23:35.195 1963 1963 E ArmVmp : Match on catch block at 0xc3 in for 0xa9
01-23 13:23:35.197 1963 1963 E ArmVmp : Match on catch block at 0xc3 in for 0xa1
01-23 13:23:35.212 1963 1963 E ArmVmp : Match on catch block at 0xc3 in for 0xa1
01-23 13:23:35.214 1963 1963 E ArmVmp : Match on catch block at 0xc3 in for 0xa5
01-23 13:23:35.228 1963 1963 E ArmVmp : Match on catch block at 0xc3 in for 0xa5
01-23 13:23:35.230 1963 1963 E ArmVmp : Match on catch block at 0xc3 in for 0xa9
01-23 13:23:35.245 1963 1963 E ArmVmp : Match on catch block at 0xc3 in for 0xa9
01-23 13:23:35.247 1963 1963 E ArmVmp : Match on catch block at 0xc3 in for 0xa1
01-23 13:23:35.362 1963 1963 E ArmVmp : Match on catch block at 0xc3 in for 0xa1
01-23 13:23:35.364 1963 1963 E ArmVmp : Match on catch block at 0xc3 in for 0xa5
01-23 13:23:35.862 1963 1963 E ArmVmp : Match on catch block at 0xc3 in for 0xa5
01-23 13:23:35.865 1963 1963 E ArmVmp : Match on catch block at 0xc3 in for 0xa9
01-23 13:23:35.929 1963 1963 E ArmVmp : Match on catch block at 0xc3 in for 0xa9
01-23 13:23:35.932 1963 1963 E ArmVmp : Match on catch block at 0xc3 in for 0xa1
01-23 13:23:35.946 1963 1963 E ArmVmp : Match on catch block at 0xc3 in for 0xa1
01-23 13:23:35.949 1963 1963 E ArmVmp : Match on catch block at 0xc3 in for 0xa5
01-23 13:23:35.962 1963 1963 E ArmVmp : Match on catch block at 0xc3 in for 0xa5
01-23 13:23:35.965 1963 1963 E ArmVmp : Match on catch block at 0xc3 in for 0xa9
01-23 13:23:35.979 1963 1963 E ArmVmp : Match on catch block at 0xc3 in for 0xa9
01-23 13:23:35.982 1963 1963 E ArmVmp : Match on catch block at 0xc3 in for 0xa1
01-23 13:23:35.996 1963 1963 E ArmVmp : Match on catch block at 0xc3 in for 0xa1
01-23 13:23:36.000 1963 1963 E ArmVmp : Match on catch block at 0xc3 in for 0xa5
01-23 13:23:36.013 1963 1963 E ArmVmp : Match on catch block at 0xc3 in for 0xa5
01-23 13:23:36.017 1963 1963 E ArmVmp : Match on catch block at 0xc3 in for 0xa9
01-23 13:23:36.029 1963 1963 E ArmVmp : Match on catch block at 0xc3 in for 0xa9
01-23 13:23:36.032 1963 1963 E ArmVmp : Match on catch block at 0xc3 in for 0xa1
01-23 13:23:36.045 1963 1963 E ArmVmp : Match on catch block at 0xc3 in for 0xa9
01-23 13:23:36.047 1963 1963 E ArmVmp : Match on catch block at 0xc3 in for 0xa1
01-23 13:23:36.062 1963 1963 E ArmVmp : Match on catch block at 0xc3 in for 0xa5
01-23 13:23:36.064 1963 1963 E ArmVmp : Match on catch block at 0xc3 in for 0xa9
01-23 13:23:36.079 1963 1963 E ArmVmp : Match on catch block at 0xc3 in for 0xa9
01-23 13:23:36.081 1963 1963 E ArmVmp : Match on catch block at 0xc3 in for 0xa1
01-23 13:23:36.095 1963 1963 E ArmVmp : Match on catch block at 0xc3 in for 0xa1
01-23 13:23:36.097 1963 1963 E ArmVmp : Match on catch block at 0xc3 in for 0xa5
01-23 13:23:36.112 1963 1963 E ArmVmp : Match on catch block at 0xc3 in for 0xa9
01-23 13:23:36.115 1963 1963 E ArmVmp : Match on catch block at 0xc3 in for 0xa1
01-23 13:23:36.129 1963 1963 E ArmVmp : Match on catch block at 0xc3 in for 0xa5
01-23 13:23:36.131 1963 1963 E ArmVmp : Match on catch block at 0xc3 in for 0xa9
01-23 13:23:36.146 1963 1963 E ArmVmp : Match on catch block at 0xc3 in for 0xa1
01-23 13:23:36.148 1963 1963 E ArmVmp : Match on catch block at 0xc3 in for 0xa5
01-23 13:23:36.168 1963 1963 E ArmVmp : Match on catch block at 0xc3 in for 0xa1
01-23 13:23:36.171 1963 1963 E ArmVmp : Match on catch block at 0xc3 in for 0xa5
01-23 13:23:36.180 1963 1963 E ArmVmp : Match on catch block at 0xc3 in for 0xa5
01-23 13:23:36.183 1963 1963 E ArmVmp : Match on catch block at 0xc3 in for 0xa9
01-23 13:23:36.209 1963 1963 E ArmVmp : Match on catch block at 0xc3 in for 0xa5
01-23 13:23:36.211 1963 1963 E ArmVmp : Match on catch block at 0xc3 in for 0xa9
01-23 13:23:36.225 1963 1963 E ArmVmp : Match on catch block at 0xc3 in for 0xa9
01-23 13:23:36.231 1963 1963 E ArmVmp : Match on catch block at 0xc3 in for 0xa1
01-23 13:23:36.362 1963 1963 E ArmVmp : Match on catch block at 0xc3 in for 0xa1
01-23 13:23:36.364 1963 1963 E ArmVmp : Match on catch block at 0xc3 in for 0xa5
01-23 13:23:36.862 1963 1963 E ArmVmp : Match on catch block at 0xc3 in for 0xa5
01-23 13:23:36.865 1963 1963 E ArmVmp : Match on catch block at 0xc3 in for 0xa9
01-23 13:23:36.886 1963 1963 E ArmVmp : Match on catch block at 0xc3 in for 0xa1
01-23 13:23:36.890 1963 1963 E ArmVmp : Match on catch block at 0xc3 in for 0xa5
01-23 13:23:36.903 1963 1963 E ArmVmp : Match on catch block at 0xc3 in for 0xa1
01-23 13:23:36.906 1963 1963 E ArmVmp : Match on catch block at 0xc3 in for 0xa5
01-23 13:23:36.913 1963 1963 E ArmVmp : Match on catch block at 0xc3 in for 0xa5
01-23 13:23:36.916 1963 1963 E ArmVmp : Match on catch block at 0xc3 in for 0xa9
01-23 13:23:36.929 1963 1963 E ArmVmp : Match on catch block at 0xc3 in for 0xa9
01-23 13:23:36.931 1963 1963 E ArmVmp : Match on catch block at 0xc3 in for 0xa1
01-23 13:23:36.946 1963 1963 E ArmVmp : Match on catch block at 0xc3 in for 0xa1
01-23 13:23:36.949 1963 1963 E ArmVmp : Match on catch block at 0xc3 in for 0xa5
01-23 13:23:36.963 1963 1963 E ArmVmp : Match on catch block at 0xc3 in for 0xa5
01-23 13:23:36.965 1963 1963 E ArmVmp : Match on catch block at 0xc3 in for 0xa9
01-23 13:23:36.979 1963 1963 E ArmVmp : Match on catch block at 0xc3 in for 0xa9
01-23 13:23:36.981 1963 1963 E ArmVmp : Match on catch block at 0xc3 in for 0xa1
01-23 13:23:36.998 1963 1963 E ArmVmp : Match on catch block at 0xc3 in for 0xa1
01-23 13:23:37.000 1963 1963 E ArmVmp : Match on catch block at 0xc3 in for 0xa5
01-23 13:23:37.012 1963 1963 E ArmVmp : Match on catch block at 0xc3 in for 0xa5
01-23 13:23:37.014 1963 1963 E ArmVmp : Match on catch block at 0xc3 in for 0xa9
01-23 13:23:37.029 1963 1963 E ArmVmp : Match on catch block at 0xc3 in for 0xa9
01-23 13:23:37.031 1963 1963 E ArmVmp : Match on catch block at 0xc3 in for 0xa1
01-23 13:23:37.045 1963 1963 E ArmVmp : Match on catch block at 0xc3 in for 0xa1
01-23 13:23:37.047 1963 1963 E ArmVmp : Match on catch block at 0xc3 in for 0xa5
01-23 13:23:37.062 1963 1963 E ArmVmp : Match on catch block at 0xc3 in for 0xa5
01-23 13:23:37.064 1963 1963 E ArmVmp : Match on catch block at 0xc3 in for 0xa9
01-23 13:23:37.079 1963 1963 E ArmVmp : Match on catch block at 0xc3 in for 0xa9
01-23 13:23:37.082 1963 1963 E ArmVmp : Match on catch block at 0xc3 in for 0xa1
01-23 13:23:37.096 1963 1963 E ArmVmp : Match on catch block at 0xc3 in for 0xa1
01-23 13:23:37.098 1963 1963 E ArmVmp : Match on catch block at 0xc3 in for 0xa5
01-23 13:23:37.296 1963 1963 E ArmVmp : Match on catch block at 0xc3 in for 0xa1
01-23 13:23:37.299 1963 1963 E ArmVmp : Match on catch block at 0xc3 in for 0xa5
01-23 13:23:37.462 1963 1963 E ArmVmp : Match on catch block at 0xc3 in for 0xa5
01-23 13:23:37.464 1963 1963 E ArmVmp : Match on catch block at 0xc3 in for 0xa9
01-23 13:23:37.663 1963 1963 E ArmVmp : Match on catch block at 0xc3 in for 0xa9
01-23 13:23:37.665 1963 1963 E ArmVmp : Match on catch block at 0xc3 in for 0xa1
01-23 13:23:37.797 1963 1963 E ArmVmp : Match on catch block at 0xc3 in for 0xa1
01-23 13:23:37.799 1963 1963 E ArmVmp : Match on catch block at 0xc3 in for 0xa5
01-23 13:23:37.813 1963 1963 E ArmVmp : Match on catch block at 0xc3 in for 0xa5
01-23 13:23:37.817 1963 1963 E ArmVmp : Match on catch block at 0xc3 in for 0xa9
01-23 13:23:37.830 1963 1963 E ArmVmp : Match on catch block at 0xc3 in for 0xa9
01-23 13:23:37.832 1963 1963 E ArmVmp : Match on catch block at 0xc3 in for 0xa1
01-23 13:23:37.846 1963 1963 E ArmVmp : Match on catch block at 0xc3 in for 0xa1
01-23 13:23:37.848 1963 1963 E ArmVmp : Match on catch block at 0xc3 in for 0xa5
01-23 13:23:37.863 1963 1963 E ArmVmp : Match on catch block at 0xc3 in for 0xa5
01-23 13:23:37.865 1963 1963 E ArmVmp : Match on catch block at 0xc3 in for 0xa9
01-23 13:23:37.879 1963 1963 E ArmVmp : Match on catch block at 0xc3 in for 0xa9
01-23 13:23:37.881 1963 1963 E ArmVmp : Match on catch block at 0xc3 in for 0xa1
01-23 13:23:37.896 1963 1963 E ArmVmp : Match on catch block at 0xc3 in for 0xa1
01-23 13:23:37.898 1963 1963 E ArmVmp : Match on catch block at 0xc3 in for 0xa5
01-23 13:23:37.913 1963 1963 E ArmVmp : Match on catch block at 0xc3 in for 0xa5
01-23 13:23:37.916 1963 1963 E ArmVmp : Match on catch block at 0xc3 in for 0xa9
01-23 13:23:37.929 1963 1963 E ArmVmp : Match on catch block at 0xc3 in for 0xa9
01-23 13:23:37.933 1963 1963 E ArmVmp : Match on catch block at 0xc3 in for 0xa1
01-23 13:23:37.946 1963 1963 E ArmVmp : Match on catch block at 0xc3 in for 0xa1
01-23 13:23:37.949 1963 1963 E ArmVmp : Match on catch block at 0xc3 in for 0xa5
01-23 13:23:37.962 1963 1963 E ArmVmp : Match on catch block at 0xc3 in for 0xa5
01-23 13:23:37.965 1963 1963 E ArmVmp : Match on catch block at 0xc3 in for 0xa9
01-23 13:23:37.979 1963 1963 E ArmVmp : Match on catch block at 0xc3 in for 0xa9
01-23 13:23:37.981 1963 1963 E ArmVmp : Match on catch block at 0xc3 in for 0xa1
01-23 13:23:37.996 1963 1963 E ArmVmp : Match on catch block at 0xc3 in for 0xa1
01-23 13:23:37.998 1963 1963 E ArmVmp : Match on catch block at 0xc3 in for 0xa5
01-23 13:23:38.012 1963 1963 E ArmVmp : Match on catch block at 0xc3 in for 0xa5
01-23 13:23:38.015 1963 1963 E ArmVmp : Match on catch block at 0xc3 in for 0xa9
01-23 13:23:38.029 1963 1963 E ArmVmp : Match on catch block at 0xc3 in for 0xa9
01-23 13:23:38.031 1963 1963 E ArmVmp : Match on catch block at 0xc3 in for 0xa1
01-23 13:23:38.046 1963 1963 E ArmVmp : Match on catch block at 0xc3 in for 0xa1
01-23 13:23:38.048 1963 1963 E ArmVmp : Match on catch block at 0xc3 in for 0xa5
01-23 13:23:38.062 1963 1963 E ArmVmp : Match on catch block at 0xc3 in for 0xa5
01-23 13:23:38.064 1963 1963 E ArmVmp : Match on catch block at 0xc3 in for 0xa9
01-23 13:23:38.112 1963 1963 E ArmVmp : Match on catch block at 0xc3 in for 0xa9
01-23 13:23:38.115 1963 1963 E ArmVmp : Match on catch block at 0xc3 in for 0xa1
01-23 13:23:38.279 1963 1963 E ArmVmp : Match on catch block at 0xc3 in for 0xa1
01-23 13:23:38.283 1963 1963 E ArmVmp : Match on catch block at 0xc3 in for 0xa5
01-23 13:23:38.546 1963 1963 E ArmVmp : Match on catch block at 0xc3 in for 0xa5
01-23 13:23:38.549 1963 1963 E ArmVmp : Match on catch block at 0xc3 in for 0xa9
01-23 13:23:38.747 1963 1963 E ArmVmp : Match on catch block at 0xc3 in for 0xa9
01-23 13:23:38.749 1963 1963 E ArmVmp : Match on catch block at 0xc3 in for 0xa1
01-23 13:23:38.770 1963 1963 E ArmVmp : Match on catch block at 0xc3 in for 0xa5
01-23 13:23:38.772 1963 1963 E ArmVmp : Match on catch block at 0xc3 in for 0xa9
01-23 13:23:38.787 1963 1963 E ArmVmp : Match on catch block at 0xc3 in for 0xa5
01-23 13:23:38.789 1963 1963 E ArmVmp : Match on catch block at 0xc3 in for 0xa9
01-23 13:23:38.815 1963 1963 E ArmVmp : Match on catch block at 0xc3 in for 0xa9
01-23 13:23:38.817 1963 1963 E ArmVmp : Match on catch block at 0xc3 in for 0xa1
01-23 13:23:38.832 1963 1963 E ArmVmp : Match on catch block at 0xc3 in for 0xa9
01-23 13:23:38.835 1963 1963 E ArmVmp : Match on catch block at 0xc3 in for 0xa1
01-23 13:23:38.845 1963 1963 E ArmVmp : Match on catch block at 0xc3 in for 0xa5
01-23 13:23:38.849 1963 1963 E ArmVmp : Match on catch block at 0xc3 in for 0xa9
01-23 13:23:38.852 1963 1963 E ArmVmp : Match on catch block at 0xc3 in for 0xa9
01-23 13:23:38.856 1963 1963 E ArmVmp : Match on catch block at 0xc3 in for 0xa1
01-23 13:23:38.863 1963 1963 E ArmVmp : Match on catch block at 0xc3 in for 0xa1
01-23 13:23:38.865 1963 1963 E ArmVmp : Match on catch block at 0xc3 in for 0xa5
01-23 13:23:38.880 1963 1963 E ArmVmp : Match on catch block at 0xc3 in for 0xa5
01-23 13:23:38.882 1963 1963 E ArmVmp : Match on catch block at 0xc3 in for 0xa9
01-23 13:23:38.897 1963 1963 E ArmVmp : Match on catch block at 0xc3 in for 0xa9
01-23 13:23:38.899 1963 1963 E ArmVmp : Match on catch block at 0xc3 in for 0xa1
01-23 13:23:38.913 1963 1963 E ArmVmp : Match on catch block at 0xc3 in for 0xa1
01-23 13:23:38.915 1963 1963 E ArmVmp : Match on catch block at 0xc3 in for 0xa5
01-23 13:23:38.930 1963 1963 E ArmVmp : Match on catch block at 0xc3 in for 0xa5
01-23 13:23:38.934 1963 1963 E ArmVmp : Match on catch block at 0xc3 in for 0xa9
01-23 13:23:38.947 1963 1963 E ArmVmp : Match on catch block at 0xc3 in for 0xa9
01-23 13:23:38.951 1963 1963 E ArmVmp : Match on catch block at 0xc3 in for 0xa1
01-23 13:23:38.964 1963 1963 E ArmVmp : Match on catch block at 0xc3 in for 0xa1
01-23 13:23:38.968 1963 1963 E ArmVmp : Match on catch block at 0xc3 in for 0xa5
01-23 13:23:39.082 1963 1963 E ArmVmp : Match on catch block at 0xc3 in for 0xa9
01-23 13:23:39.085 1963 1963 E ArmVmp : Match on catch block at 0xc3 in for 0xa1
01-23 13:23:39.091 1963 2133 W MediaPlayer: Use of stream types is deprecated for
operations other than volume control
01-23 13:23:39.091 1963 2133 W MediaPlayer: See the documentation of
setAudioStreamType() for what to use instead with android.media.AudioAttributes to
qualify your playback use case
01-23 13:23:39.096 1963 1963 E ArmVmp : Match on catch block at 0xc3 in for 0xa5
01-23 13:23:39.098 1963 1963 E ArmVmp : Match on catch block at 0xc3 in for 0xa9
01-23 13:23:39.231 1963 1963 E ArmVmp : Match on catch block at 0xc3 in for 0xa1
01-23 13:23:39.233 1963 1963 E ArmVmp : Match on catch block at 0xc3 in for 0xa5
01-23 13:23:39.240 1963 1963 E ArmVmp : Match on catch block at 0xc3 in for 0xa5
01-23 13:23:39.242 1963 1963 E ArmVmp : Match on catch block at 0xc3 in for 0xa9
01-23 13:23:39.263 1963 1963 E ArmVmp : Match on catch block at 0xc3 in for 0xa9
01-23 13:23:39.265 1963 1963 E ArmVmp : Match on catch block at 0xc3 in for 0xa1
01-23 13:23:39.349 1963 1963 E ArmVmp : Match on catch block at 0xc3 in for 0xa1
01-23 13:23:39.351 1963 1963 E ArmVmp : Match on catch block at 0xc3 in for 0xa5
01-23 13:23:39.363 1963 1963 E ArmVmp : Match on catch block at 0xc3 in for 0xa5
01-23 13:23:39.365 1963 1963 E ArmVmp : Match on catch block at 0xc3 in for 0xa9
01-23 13:23:39.382 1963 1963 E ArmVmp : Match on catch block at 0xc3 in for 0xa1
01-23 13:23:39.384 1963 1963 E ArmVmp : Match on catch block at 0xc3 in for 0xa5
01-23 13:23:39.399 1963 1963 E ArmVmp : Match on catch block at 0xc3 in for 0xa9
01-23 13:23:39.401 1963 1963 E ArmVmp : Match on catch block at 0xc3 in for 0xa1
01-23 13:23:39.413 1963 1963 E ArmVmp : Match on catch block at 0xc3 in for 0xa9
01-23 13:23:39.415 1963 1963 E ArmVmp : Match on catch block at 0xc3 in for 0xa1
01-23 13:23:39.430 1963 1963 E ArmVmp : Match on catch block at 0xc3 in for 0xa1
01-23 13:23:39.432 1963 1963 E ArmVmp : Match on catch block at 0xc3 in for 0xa5
01-23 13:23:39.508 1963 1963 E ArmVmp : Match on catch block at 0xc3 in for 0xa5
01-23 13:23:39.510 1963 1963 E ArmVmp : Match on catch block at 0xc3 in for 0xa9
01-23 13:23:39.550 1963 1963 E ArmVmp : Match on catch block at 0xc3 in for 0xa1
01-23 13:23:39.552 1963 1963 E ArmVmp : Match on catch block at 0xc3 in for 0xa5
01-23 13:23:40.434 1963 1963 E ArmVmp : Match on catch block at 0x0a in for 0xc1
01-23 13:23:40.437 1963 1963 E ArmVmp : Match on catch block at 0x0a in for 0xc9
01-23 13:23:40.600 1963 1963 E ArmVmp : Match on catch block at 0xc3 in for 0xb5
01-23 13:23:40.605 1963 1963 E ArmVmp : Match on catch block at 0xc3 in for 0xb5
01-23 13:23:40.642 1963 1963 E ArmVmp : Match on catch block at 0xc3 in for 0xa5
01-23 13:23:40.643 1963 1963 E ArmVmp : Match on catch block at 0xc3 in for 0xa9
01-23 13:23:40.645 1963 1963 E ArmVmp : Match on catch block at 0xc3 in for 0xa9
01-23 13:23:40.663 1963 1963 E ArmVmp : Match on catch block at 0xc3 in for 0xa1
01-23 13:23:40.667 1963 1963 E ArmVmp : Match on catch block at 0xc3 in for 0xa5
01-23 13:23:40.668 1963 1963 E ArmVmp : Match on catch block at 0xc3 in for 0xa5
01-23 13:23:40.698 1963 1963 E ArmVmp : Match on catch block at 0xc3 in for 0xa5
01-23 13:23:40.700 1963 1963 E ArmVmp : Match on catch block at 0xc3 in for 0xa9
01-23 13:23:40.701 1963 1963 E ArmVmp : Match on catch block at 0xc3 in for 0xa9
01-23 13:23:41.089 1963 1963 E ArmVmp : Match on catch block at 0xc3 in for 0xa5
01-23 13:23:41.092 1963 1963 E ArmVmp : Match on catch block at 0xc3 in for 0xa9
01-23 13:23:41.093 1963 1963 E ArmVmp : Match on catch block at 0xc3 in for 0xa9
01-23 13:23:41.098 1963 1963 E ArmVmp : Match on catch block at 0xc3 in for 0xa1
01-23 13:23:41.100 1963 1963 E ArmVmp : Match on catch block at 0xc3 in for 0xa5
01-23 13:23:41.103 1963 1963 E ArmVmp : Match on catch block at 0xc3 in for 0xa5
01-23 13:23:41.155 1963 1963 E ArmVmp : Match on catch block at 0xc3 in for 0xa1
01-23 13:23:41.157 1963 1963 E ArmVmp : Match on catch block at 0xc3 in for 0xa5
01-23 13:23:41.158 1963 1963 E ArmVmp : Match on catch block at 0xc3 in for 0xa5
01-23 13:23:41.170 1963 1963 E ArmVmp : Match on catch block at 0xc3 in for 0xa9
01-23 13:23:41.172 1963 1963 E ArmVmp : Match on catch block at 0xc3 in for 0xa1
01-23 13:23:41.174 1963 1963 E ArmVmp : Match on catch block at 0xc3 in for 0xa1
01-23 13:23:41.197 1963 1963 E ArmVmp : Match on catch block at 0xc3 in for 0xa5
01-23 13:23:41.199 1963 1963 E ArmVmp : Match on catch block at 0xc3 in for 0xa9
01-23 13:23:41.201 1963 1963 E ArmVmp : Match on catch block at 0xc3 in for 0xa9
01-23 13:23:41.280 1963 1963 E ArmVmp : Match on catch block at 0xc3 in for 0xa9
01-23 13:23:41.282 1963 1963 E ArmVmp : Match on catch block at 0xc3 in for 0xa1
01-23 13:23:41.284 1963 1963 E ArmVmp : Match on catch block at 0xc3 in for 0xa1
01-23 13:23:41.297 1963 1963 E ArmVmp : Match on catch block at 0xc3 in for 0xa5
01-23 13:23:41.299 1963 1963 E ArmVmp : Match on catch block at 0xc3 in for 0xa9
01-23 13:23:41.300 1963 1963 E ArmVmp : Match on catch block at 0xc3 in for 0xa9
01-23 13:23:41.313 1963 1963 E ArmVmp : Match on catch block at 0xc3 in for 0xa1
01-23 13:23:41.315 1963 1963 E ArmVmp : Match on catch block at 0xc3 in for 0xa5
01-23 13:23:41.317 1963 1963 E ArmVmp : Match on catch block at 0xc3 in for 0xa5
01-23 13:23:41.330 1963 1963 E ArmVmp : Match on catch block at 0xc3 in for 0xa9
01-23 13:23:41.332 1963 1963 E ArmVmp : Match on catch block at 0xc3 in for 0xa1
01-23 13:23:41.334 1963 1963 E ArmVmp : Match on catch block at 0xc3 in for 0xa1
01-23 13:23:41.347 1963 1963 E ArmVmp : Match on catch block at 0xc3 in for 0xa5
01-23 13:23:41.349 1963 1963 E ArmVmp : Match on catch block at 0xc3 in for 0xa9
01-23 13:23:41.350 1963 1963 E ArmVmp : Match on catch block at 0xc3 in for 0xa9
01-23 13:23:41.363 1963 1963 E ArmVmp : Match on catch block at 0xc3 in for 0xa1
01-23 13:23:41.365 1963 1963 E ArmVmp : Match on catch block at 0xc3 in for 0xa5
01-23 13:23:41.367 1963 1963 E ArmVmp : Match on catch block at 0xc3 in for 0xa5
01-23 13:23:41.380 1963 1963 E ArmVmp : Match on catch block at 0xc3 in for 0xa9
01-23 13:23:41.382 1963 1963 E ArmVmp : Match on catch block at 0xc3 in for 0xa1
01-23 13:23:41.383 1963 1963 E ArmVmp : Match on catch block at 0xc3 in for 0xa1
01-23 13:23:41.397 1963 1963 E ArmVmp : Match on catch block at 0xc3 in for 0xa5
01-23 13:23:41.399 1963 1963 E ArmVmp : Match on catch block at 0xc3 in for 0xa9
01-23 13:23:41.400 1963 1963 E ArmVmp : Match on catch block at 0xc3 in for 0xa9
01-23 13:23:41.413 1963 1963 E ArmVmp : Match on catch block at 0xc3 in for 0xa1
01-23 13:23:41.416 1963 1963 E ArmVmp : Match on catch block at 0xc3 in for 0xa5
01-23 13:23:41.417 1963 1963 E ArmVmp : Match on catch block at 0xc3 in for 0xa5
01-23 13:23:41.430 1963 1963 E ArmVmp : Match on catch block at 0xc3 in for 0xa9
01-23 13:23:41.432 1963 1963 E ArmVmp : Match on catch block at 0xc3 in for 0xa1
01-23 13:23:41.434 1963 1963 E ArmVmp : Match on catch block at 0xc3 in for 0xa1
01-23 13:23:41.447 1963 1963 E ArmVmp : Match on catch block at 0xc3 in for 0xa5
01-23 13:23:41.449 1963 1963 E ArmVmp : Match on catch block at 0xc3 in for 0xa9
01-23 13:23:41.450 1963 1963 E ArmVmp : Match on catch block at 0xc3 in for 0xa9
01-23 13:23:41.463 1963 1963 E ArmVmp : Match on catch block at 0xc3 in for 0xa1
01-23 13:23:41.465 1963 1963 E ArmVmp : Match on catch block at 0xc3 in for 0xa5
01-23 13:23:41.467 1963 1963 E ArmVmp : Match on catch block at 0xc3 in for 0xa5
01-23 13:23:41.480 1963 1963 E ArmVmp : Match on catch block at 0xc3 in for 0xa9
01-23 13:23:41.482 1963 1963 E ArmVmp : Match on catch block at 0xc3 in for 0xa1
01-23 13:23:41.483 1963 1963 E ArmVmp : Match on catch block at 0xc3 in for 0xa1
01-23 13:23:41.497 1963 1963 E ArmVmp : Match on catch block at 0xc3 in for 0xa5
01-23 13:23:41.499 1963 1963 E ArmVmp : Match on catch block at 0xc3 in for 0xa9
01-23 13:23:41.500 1963 1963 E ArmVmp : Match on catch block at 0xc3 in for 0xa9
01-23 13:23:41.514 1963 1963 E ArmVmp : Match on catch block at 0xc3 in for 0xa1
01-23 13:23:41.516 1963 1963 E ArmVmp : Match on catch block at 0xc3 in for 0xa5
01-23 13:23:41.517 1963 1963 E ArmVmp : Match on catch block at 0xc3 in for 0xa5
01-23 13:23:41.530 1963 1963 E ArmVmp : Match on catch block at 0xc3 in for 0xa9
01-23 13:23:41.532 1963 1963 E ArmVmp : Match on catch block at 0xc3 in for 0xa1
01-23 13:23:41.533 1963 1963 E ArmVmp : Match on catch block at 0xc3 in for 0xa1
01-23 13:23:41.547 1963 1963 E ArmVmp : Match on catch block at 0xc3 in for 0xa5
01-23 13:23:41.549 1963 1963 E ArmVmp : Match on catch block at 0xc3 in for 0xa9
01-23 13:23:41.551 1963 1963 E ArmVmp : Match on catch block at 0xc3 in for 0xa9
01-23 13:23:41.564 1963 1963 E ArmVmp : Match on catch block at 0xc3 in for 0xa1
01-23 13:23:41.568 1963 1963 E ArmVmp : Match on catch block at 0xc3 in for 0xa5
01-23 13:23:41.570 1963 1963 E ArmVmp : Match on catch block at 0xc3 in for 0xa5
01-23 13:23:41.581 1963 1963 E ArmVmp : Match on catch block at 0xc3 in for 0xa9
01-23 13:23:41.583 1963 1963 E ArmVmp : Match on catch block at 0xc3 in for 0xa1
01-23 13:23:41.585 1963 1963 E ArmVmp : Match on catch block at 0xc3 in for 0xa1
01-23 13:23:41.652 1963 1963 E ArmVmp : Match on catch block at 0xc3 in for 0xa9
01-23 13:23:41.654 1963 1963 E ArmVmp : Match on catch block at 0xc3 in for 0xa1
01-23 13:23:41.668 1963 1963 E ArmVmp : Match on catch block at 0xc3 in for 0xa1
01-23 13:23:41.672 1963 1963 E ArmVmp : Match on catch block at 0xc3 in for 0xa5
01-23 13:23:41.675 1963 1963 E ArmVmp : Match on catch block at 0xc3 in for 0xa5
01-23 13:23:41.681 1963 1963 E ArmVmp : Match on catch block at 0xc3 in for 0xa9
01-23 13:23:41.685 1963 1963 E ArmVmp : Match on catch block at 0xc3 in for 0xa1
01-23 13:23:41.687 1963 1963 E ArmVmp : Match on catch block at 0xc3 in for 0xa1
01-23 13:23:41.697 1963 1963 E ArmVmp : Match on catch block at 0xc3 in for 0xa5
01-23 13:23:41.700 1963 1963 E ArmVmp : Match on catch block at 0xc3 in for 0xa9
01-23 13:23:41.703 1963 1963 E ArmVmp : Match on catch block at 0xc3 in for 0xa9
01-23 13:23:41.713 1963 1963 E ArmVmp : Match on catch block at 0xc3 in for 0xa1
01-23 13:23:41.717 1963 1963 E ArmVmp : Match on catch block at 0xc3 in for 0xa5
01-23 13:23:41.719 1963 1963 E ArmVmp : Match on catch block at 0xc3 in for 0xa5
01-23 13:23:41.730 1963 1963 E ArmVmp : Match on catch block at 0xc3 in for 0xa9
01-23 13:23:41.732 1963 1963 E ArmVmp : Match on catch block at 0xc3 in for 0xa1
01-23 13:23:41.733 1963 1963 E ArmVmp : Match on catch block at 0xc3 in for 0xa1
01-23 13:23:41.747 1963 1963 E ArmVmp : Match on catch block at 0xc3 in for 0xa5
01-23 13:23:41.749 1963 1963 E ArmVmp : Match on catch block at 0xc3 in for 0xa9
01-23 13:23:41.750 1963 1963 E ArmVmp : Match on catch block at 0xc3 in for 0xa9
01-23 13:23:41.766 1963 1963 E ArmVmp : Match on catch block at 0xc3 in for 0xa1
01-23 13:23:41.768 1963 1963 E ArmVmp : Match on catch block at 0xc3 in for 0xa5
01-23 13:23:41.770 1963 1963 E ArmVmp : Match on catch block at 0xc3 in for 0xa5
01-23 13:23:41.780 1963 1963 E ArmVmp : Match on catch block at 0xc3 in for 0xa9
01-23 13:23:41.782 1963 1963 E ArmVmp : Match on catch block at 0xc3 in for 0xa1
01-23 13:23:41.783 1963 1963 E ArmVmp : Match on catch block at 0xc3 in for 0xa1
01-23 13:23:41.797 1963 1963 E ArmVmp : Match on catch block at 0xc3 in for 0xa5
01-23 13:23:41.799 1963 1963 E ArmVmp : Match on catch block at 0xc3 in for 0xa9
01-23 13:23:41.801 1963 1963 E ArmVmp : Match on catch block at 0xc3 in for 0xa9
01-23 13:23:41.814 1963 1963 E ArmVmp : Match on catch block at 0xc3 in for 0xa1
01-23 13:23:41.817 1963 1963 E ArmVmp : Match on catch block at 0xc3 in for 0xa5
01-23 13:23:41.819 1963 1963 E ArmVmp : Match on catch block at 0xc3 in for 0xa5
01-23 13:23:41.830 1963 1963 E ArmVmp : Match on catch block at 0xc3 in for 0xa9
01-23 13:23:41.832 1963 1963 E ArmVmp : Match on catch block at 0xc3 in for 0xa1
01-23 13:23:41.834 1963 1963 E ArmVmp : Match on catch block at 0xc3 in for 0xa1
01-23 13:23:41.847 1963 1963 E ArmVmp : Match on catch block at 0xc3 in for 0xa5
01-23 13:23:41.849 1963 1963 E ArmVmp : Match on catch block at 0xc3 in for 0xa9
01-23 13:23:41.850 1963 1963 E ArmVmp : Match on catch block at 0xc3 in for 0xa9
01-23 13:23:42.315 1963 1963 E ArmVmp : Match on catch block at 0xc3 in for 0xa1
01-23 13:23:42.318 1963 1963 E ArmVmp : Match on catch block at 0xc3 in for 0xa5
01-23 13:23:42.320 1963 1963 E ArmVmp : Match on catch block at 0xc3 in for 0xa5
01-23 13:23:42.547 1963 1963 E ArmVmp : Match on catch block at 0xc3 in for 0xa9
01-23 13:23:42.551 1963 1963 E ArmVmp : Match on catch block at 0xc3 in for 0xa1
01-23 13:23:42.553 1963 1963 E ArmVmp : Match on catch block at 0xc3 in for 0xa1
01-23 13:23:42.764 1963 1963 E ArmVmp : Match on catch block at 0xc3 in for 0xa5
01-23 13:23:42.766 1963 1963 E ArmVmp : Match on catch block at 0xc3 in for 0xa9
01-23 13:23:42.768 1963 1963 E ArmVmp : Match on catch block at 0xc3 in for 0xa9
01-23 13:23:42.781 1963 1963 E ArmVmp : Match on catch block at 0xc3 in for 0xa5
01-23 13:23:42.783 1963 1963 E ArmVmp : Match on catch block at 0xc3 in for 0xa9
01-23 13:23:42.785 1963 1963 E ArmVmp : Match on catch block at 0xc3 in for 0xa9
01-23 13:23:42.797 1963 1963 E ArmVmp : Match on catch block at 0xc3 in for 0xa5
01-23 13:23:42.799 1963 1963 E ArmVmp : Match on catch block at 0xc3 in for 0xa9
01-23 13:23:42.801 1963 1963 E ArmVmp : Match on catch block at 0xc3 in for 0xa9
01-23 13:23:42.819 1963 1963 E ArmVmp : Match on catch block at 0xc3 in for 0xa5
01-23 13:23:42.821 1963 1963 E ArmVmp : Match on catch block at 0xc3 in for 0xa9
01-23 13:23:42.838 1963 1963 E ArmVmp : Match on catch block at 0xc3 in for 0xa9
01-23 13:23:42.840 1963 1963 E ArmVmp : Match on catch block at 0xc3 in for 0xa1
01-23 13:23:42.847 1963 1963 E ArmVmp : Match on catch block at 0xc3 in for 0xa9
01-23 13:23:42.850 1963 1963 E ArmVmp : Match on catch block at 0xc3 in for 0xa1
01-23 13:23:42.878 1963 1963 E ArmVmp : Match on catch block at 0xc3 in for 0xa1
01-23 13:23:42.880 1963 1963 E ArmVmp : Match on catch block at 0xc3 in for 0xa5
01-23 13:23:42.893 1963 1963 E ArmVmp : Match on catch block at 0xc3 in for 0xa1
01-23 13:23:42.895 1963 1963 E ArmVmp : Match on catch block at 0xc3 in for 0xa5
01-23 13:23:42.905 1963 1963 E ArmVmp : Match on catch block at 0xc3 in for 0xa1
01-23 13:23:42.907 1963 1963 E ArmVmp : Match on catch block at 0xc3 in for 0xa5
01-23 13:23:42.914 1963 1963 E ArmVmp : Match on catch block at 0xc3 in for 0xa1
01-23 13:23:42.916 1963 1963 E ArmVmp : Match on catch block at 0xc3 in for 0xa5
01-23 13:23:42.931 1963 1963 E ArmVmp : Match on catch block at 0xc3 in for 0xa1
01-23 13:23:42.933 1963 1963 E ArmVmp : Match on catch block at 0xc3 in for 0xa5
01-23 13:23:42.947 1963 1963 E ArmVmp : Match on catch block at 0xc3 in for 0xa1
01-23 13:23:42.949 1963 1963 E ArmVmp : Match on catch block at 0xc3 in for 0xa5
01-23 13:23:42.964 1963 1963 E ArmVmp : Match on catch block at 0xc3 in for 0xa1
01-23 13:23:42.966 1963 1963 E ArmVmp : Match on catch block at 0xc3 in for 0xa5
01-23 13:23:42.981 1963 1963 E ArmVmp : Match on catch block at 0xc3 in for 0xa1
01-23 13:23:42.984 1963 1963 E ArmVmp : Match on catch block at 0xc3 in for 0xa5
01-23 13:23:42.998 1963 1963 E ArmVmp : Match on catch block at 0xc3 in for 0xa1
01-23 13:23:43.000 1963 1963 E ArmVmp : Match on catch block at 0xc3 in for 0xa5
01-23 13:23:43.014 1963 1963 E ArmVmp : Match on catch block at 0xc3 in for 0xa1
01-23 13:23:43.017 1963 1963 E ArmVmp : Match on catch block at 0xc3 in for 0xa5
01-23 13:23:43.200 1963 1963 E ArmVmp : Match on catch block at 0xc3 in for 0xa1
01-23 13:23:43.202 1963 1963 E ArmVmp : Match on catch block at 0xc3 in for 0xa5
01-23 13:23:43.206 1963 2133 W MediaPlayer: Use of stream types is deprecated for
operations other than volume control
01-23 13:23:43.206 1963 2133 W MediaPlayer: See the documentation of
setAudioStreamType() for what to use instead with android.media.AudioAttributes to
qualify your playback use case
01-23 13:23:43.214 1963 1963 E ArmVmp : Match on catch block at 0xc3 in for 0xa9
01-23 13:23:43.218 1963 1963 E ArmVmp : Match on catch block at 0xc3 in for 0xa1
01-23 13:23:43.314 1963 1963 E ArmVmp : Match on catch block at 0xc3 in for 0xa9
01-23 13:23:43.317 1963 1963 E ArmVmp : Match on catch block at 0xc3 in for 0xa1
01-23 13:23:43.440 1963 1963 E ArmVmp : Match on catch block at 0xc3 in for 0xa1
01-23 13:23:43.442 1963 1963 E ArmVmp : Match on catch block at 0xc3 in for 0xa5
01-23 13:23:43.450 1963 1963 E ArmVmp : Match on catch block at 0xc3 in for 0xa1
01-23 13:23:43.452 1963 1963 E ArmVmp : Match on catch block at 0xc3 in for 0xa5
01-23 13:23:43.469 1963 1963 E ArmVmp : Match on catch block at 0xc3 in for 0xa5
01-23 13:23:43.471 1963 1963 E ArmVmp : Match on catch block at 0xc3 in for 0xa9
01-23 13:23:43.484 1963 1963 E ArmVmp : Match on catch block at 0xc3 in for 0xa5
01-23 13:23:43.486 1963 1963 E ArmVmp : Match on catch block at 0xc3 in for 0xa9
01-23 13:23:43.498 1963 1963 E ArmVmp : Match on catch block at 0xc3 in for 0xa1
01-23 13:23:43.501 1963 1963 E ArmVmp : Match on catch block at 0xc3 in for 0xa5
01-23 13:23:43.516 1963 1963 E ArmVmp : Match on catch block at 0xc3 in for 0xa1
01-23 13:23:43.518 1963 1963 E ArmVmp : Match on catch block at 0xc3 in for 0xa5
01-23 13:23:43.531 1963 1963 E ArmVmp : Match on catch block at 0xc3 in for 0xa1
01-23 13:23:43.533 1963 1963 E ArmVmp : Match on catch block at 0xc3 in for 0xa5
01-23 13:23:43.581 1963 1963 E ArmVmp : Match on catch block at 0xc3 in for 0xa5
01-23 13:23:43.583 1963 1963 E ArmVmp : Match on catch block at 0xc3 in for 0xa9
01-23 13:23:43.710 1963 1963 E ArmVmp : Match on catch block at 0xc3 in for 0xa1
01-23 13:23:43.712 1963 1963 E ArmVmp : Match on catch block at 0xc3 in for 0xa5
01-23 13:23:45.785 1963 1963 W TabLayout: MODE_SCROLLABLE + GRAVITY_FILL is not
supported, GRAVITY_START will be used instead
01-23 13:23:45.856 1963 1963 W BottomSheetBehavior: BottomSheetBehavior now
supports multiple callbacks. `setBottomSheetCallback()` removes all existing
callbacks, including ones set internally by library authors, which may result in
unintended behavior. This may change in the future. Please use
`addBottomSheetCallback()` and `removeBottomSheetCallback()` instead to set your
own callbacks.
01-23 13:23:45.888 1963 1994 E CameraManagerGlobal: Camera 3 is not available.
Ignore physical camera status change
01-23 13:23:46.089 1963 1963 W View : requestLayout() improperly called by
com.whatsapp.WaImageView{203ee2f VF.D..CL. ......ID 0,0-128,128 #7f0b1814
app:id/shutter} during layout: running second layout pass
01-23 13:23:46.089 1963 1963 W View : requestLayout() improperly called by
com.whatsapp.CircularProgressBar{598ec3c V.ED..... ......ID 0,0-128,128 #7f0b14fc
app:id/recording_progress} during layout: running second layout pass
01-23 13:23:46.089 1963 1963 W View : requestLayout() improperly called by
com.whatsapp.WaImageView{c7f0dc5 VF.D..C.. ......ID 0,0-96,96 #7f0b1976
app:id/switch_camera_btn} during layout: running second layout pass
01-23 13:23:46.089 1963 1963 W View : requestLayout() improperly called by
com.whatsapp.WaImageView{3a9131a VFED..C.. ......ID 0,0-96,96 #7f0b0b0d
app:id/gallery_btn} during layout: running second layout pass
01-23 13:23:46.089 1963 1963 W View : requestLayout() improperly called by
com.whatsapp.WaImageView{2eb3e4b VF.D..C.. ......ID 0,0-96,96 #7f0b0a9c
app:id/flash_btn} during layout: running second layout pass
01-23 13:23:46.089 1963 1963 W View : requestLayout() improperly called by
com.whatsapp.WaImageView{4269028 VFED..C.. ......ID 0,0-96,96 #7f0b057f
app:id/close_camera_btn} during layout: running second layout pass
01-23 13:23:46.089 1963 1963 W View : requestLayout() improperly called by
X.4Ki{b47c141 V.ED..... ......ID 0,4-720,100} during layout: running second layout
pass
01-23 13:23:46.126 1963 1963 W View : requestLayout() improperly called by
com.whatsapp.WaImageView{203ee2f VF.D..CL. ......ID 296,1104-424,1232 #7f0b1814
app:id/shutter} during layout: running second layout pass
01-23 13:23:46.126 1963 1963 W View : requestLayout() improperly called by
com.whatsapp.CircularProgressBar{598ec3c V.ED..... ......ID 296,1104-424,1232
#7f0b14fc app:id/recording_progress} during layout: running second layout pass
01-23 13:23:46.126 1963 1963 W View : requestLayout() improperly called by
com.whatsapp.WaImageView{c7f0dc5 VF.D..C.. ......ID 608,1120-704,1216 #7f0b1976
app:id/switch_camera_btn} during layout: running second layout pass
01-23 13:23:46.126 1963 1963 W View : requestLayout() improperly called by
com.whatsapp.WaImageView{3a9131a VFED..C.. ......ID 16,1120-112,1216 #7f0b0b0d
app:id/gallery_btn} during layout: running second layout pass
01-23 13:23:46.126 1963 1963 W View : requestLayout() improperly called by
com.whatsapp.WaImageView{2eb3e4b VF.D..C.. ......I. 608,16-704,112 #7f0b0a9c
app:id/flash_btn} during layout: running second layout pass
01-23 13:23:46.126 1963 1963 W View : requestLayout() improperly called by
com.whatsapp.WaImageView{4269028 VFED..C.. ......I. 16,16-112,112 #7f0b057f
app:id/close_camera_btn} during layout: running second layout pass
01-23 13:23:46.425 1963 1963 W pool-10-thread-: type=1400 audit(0.0:326851): avc:
granted { execute } for
path="/data/data/com.whatsapp/files/decompressed/libs.spk.zst/libgifimage.so"
dev="dm-11" ino=1421866 scontext=u:r:untrusted_app:s0:c154,c258,c512,c768
tcontext=u:object_r:app_data_file:s0:c154,c258,c512,c768 tclass=file
app=com.whatsapp
01-23 13:23:47.106 1963 1994 E CameraManagerGlobal: Camera 3 is not available.
Ignore physical camera status change
01-23 13:23:54.777 1963 1963 E ArmVmp : Match on catch block at 0x0a in for 0xf1
01-23 13:23:54.787 1963 1963 E ArmVmp : Match on catch block at 0x22 in for 0xb1
01-23 13:23:54.873 1963 1963 E ArmVmp : Match on catch block at 0x0a in for 0xb9
01-23 13:23:54.917 1963 1963 E ArmVmp : Match on catch block at 0x0a in for 0xd1
01-23 13:23:54.955 1963 1963 E ArmVmp : Match on catch block at 0xc3 in for 0xb5
01-23 13:23:54.963 1963 1963 E ArmVmp : Match on catch block at 0xc3 in for 0xb5
01-23 13:23:54.965 1963 1963 E ArmVmp : Match on catch block at 0xc3 in for 0xb5
01-23 13:23:54.967 1963 1963 E ArmVmp : Match on catch block at 0xc3 in for 0xb5
01-23 13:23:55.010 1963 1990 W System : A resource failed to call release.
01-23 13:23:55.011 1963 1990 W System : A resource failed to call release.
01-23 13:23:55.011 1963 1963 E ArmVmp : Match on catch block at 0xc3 in for 0xa5
01-23 13:23:55.013 1963 1990 W System : A resource failed to call release.
01-23 13:23:55.014 1963 1963 E ArmVmp : Match on catch block at 0xc3 in for 0xa9
01-23 13:23:55.015 1963 1963 E ArmVmp : Match on catch block at 0xc3 in for 0xa1
01-23 13:23:55.017 1963 1963 E ArmVmp : Match on catch block at 0xc3 in for 0xa5
01-23 13:23:55.018 1963 1963 E ArmVmp : Match on catch block at 0xc3 in for 0xa9
01-23 13:23:55.020 1963 1963 E ArmVmp : Match on catch block at 0xc3 in for 0xa1
01-23 13:23:55.034 1963 1963 E ArmVmp : Match on catch block at 0xc3 in for 0xa5
01-23 13:23:55.036 1963 1963 E ArmVmp : Match on catch block at 0xc3 in for 0xa9
01-23 13:23:55.037 1963 1963 E ArmVmp : Match on catch block at 0xc3 in for 0xa1
01-23 13:23:55.038 1963 1963 E ArmVmp : Match on catch block at 0xc3 in for 0xa5
01-23 13:23:55.039 1963 1963 E ArmVmp : Match on catch block at 0xc3 in for 0xa9
01-23 13:23:55.040 1963 1963 E ArmVmp : Match on catch block at 0xc3 in for 0xa1
01-23 13:23:55.058 1963 1963 E ArmVmp : Match on catch block at 0xc3 in for 0xa5
01-23 13:23:55.060 1963 1963 E ArmVmp : Match on catch block at 0xc3 in for 0xa9
01-23 13:23:55.061 1963 1963 E ArmVmp : Match on catch block at 0xc3 in for 0xa1
01-23 13:23:55.062 1963 1963 E ArmVmp : Match on catch block at 0xc3 in for 0xa5
01-23 13:23:55.063 1963 1963 E ArmVmp : Match on catch block at 0xc3 in for 0xa9
01-23 13:23:55.063 1963 1963 E ArmVmp : Match on catch block at 0xc3 in for 0xa1
01-23 13:23:55.073 1963 1963 E ArmVmp : Match on catch block at 0xc3 in for 0xa5
01-23 13:23:55.075 1963 1963 E ArmVmp : Match on catch block at 0xc3 in for 0xa9
01-23 13:23:55.076 1963 1963 E ArmVmp : Match on catch block at 0xc3 in for 0xa1
01-23 13:23:55.077 1963 1963 E ArmVmp : Match on catch block at 0xc3 in for 0xa5
01-23 13:23:55.078 1963 1963 E ArmVmp : Match on catch block at 0xc3 in for 0xa9
01-23 13:23:55.078 1963 1963 E ArmVmp : Match on catch block at 0xc3 in for 0xa1
01-23 13:23:55.084 1963 1963 E ArmVmp : Match on catch block at 0xc3 in for 0xa5
01-23 13:23:55.087 1963 1963 E ArmVmp : Match on catch block at 0xc3 in for 0xa9
01-23 13:23:55.088 1963 1963 E ArmVmp : Match on catch block at 0xc3 in for 0xa1
01-23 13:23:55.089 1963 1963 E ArmVmp : Match on catch block at 0xc3 in for 0xa5
01-23 13:23:55.090 1963 1963 E ArmVmp : Match on catch block at 0xc3 in for 0xa9
01-23 13:23:55.090 1963 1963 E ArmVmp : Match on catch block at 0xc3 in for 0xa1
01-23 13:23:55.101 1963 1963 E ArmVmp : Match on catch block at 0xc3 in for 0xa5
01-23 13:23:55.102 1963 1963 E ArmVmp : Match on catch block at 0xc3 in for 0xa9
01-23 13:23:55.104 1963 1963 E ArmVmp : Match on catch block at 0xc3 in for 0xa1
01-23 13:23:55.104 1963 1963 E ArmVmp : Match on catch block at 0xc3 in for 0xa5
01-23 13:23:55.105 1963 1963 E ArmVmp : Match on catch block at 0xc3 in for 0xa9
01-23 13:23:55.106 1963 1963 E ArmVmp : Match on catch block at 0xc3 in for 0xa1
01-23 13:23:55.117 1963 1963 E ArmVmp : Match on catch block at 0xc3 in for 0xa5
01-23 13:23:55.119 1963 1963 E ArmVmp : Match on catch block at 0xc3 in for 0xa9
01-23 13:23:55.120 1963 1963 E ArmVmp : Match on catch block at 0xc3 in for 0xa1
01-23 13:23:55.121 1963 1963 E ArmVmp : Match on catch block at 0xc3 in for 0xa5
01-23 13:23:55.122 1963 1963 E ArmVmp : Match on catch block at 0xc3 in for 0xa9
01-23 13:23:55.123 1963 1963 E ArmVmp : Match on catch block at 0xc3 in for 0xa1
01-23 13:23:55.134 1963 1963 E ArmVmp : Match on catch block at 0xc3 in for 0xa5
01-23 13:23:55.136 1963 1963 E ArmVmp : Match on catch block at 0xc3 in for 0xa9
01-23 13:23:55.137 1963 1963 E ArmVmp : Match on catch block at 0xc3 in for 0xa1
01-23 13:23:55.138 1963 1963 E ArmVmp : Match on catch block at 0xc3 in for 0xa5
01-23 13:23:55.139 1963 1963 E ArmVmp : Match on catch block at 0xc3 in for 0xa9
01-23 13:23:55.139 1963 1963 E ArmVmp : Match on catch block at 0xc3 in for 0xa1
01-23 13:23:55.151 1963 1963 E ArmVmp : Match on catch block at 0xc3 in for 0xa5
01-23 13:23:55.153 1963 1963 E ArmVmp : Match on catch block at 0xc3 in for 0xa9
01-23 13:23:55.154 1963 1963 E ArmVmp : Match on catch block at 0xc3 in for 0xa1
01-23 13:23:55.154 1963 1963 E ArmVmp : Match on catch block at 0xc3 in for 0xa5
01-23 13:23:55.155 1963 1963 E ArmVmp : Match on catch block at 0xc3 in for 0xa9
01-23 13:23:55.156 1963 1963 E ArmVmp : Match on catch block at 0xc3 in for 0xa1
01-23 13:23:55.167 1963 1963 E ArmVmp : Match on catch block at 0xc3 in for 0xa5
01-23 13:23:55.169 1963 1963 E ArmVmp : Match on catch block at 0xc3 in for 0xa9
01-23 13:23:55.170 1963 1963 E ArmVmp : Match on catch block at 0xc3 in for 0xa1
01-23 13:23:55.171 1963 1963 E ArmVmp : Match on catch block at 0xc3 in for 0xa5
01-23 13:23:55.172 1963 1963 E ArmVmp : Match on catch block at 0xc3 in for 0xa9
01-23 13:23:55.173 1963 1963 E ArmVmp : Match on catch block at 0xc3 in for 0xa1
01-23 13:23:56.793 1963 1963 E ArmVmp : Match on catch block at 0xc3 in for 0xa1
01-23 13:23:56.795 1963 1963 E ArmVmp : Match on catch block at 0xc3 in for 0xa5
01-23 13:23:56.796 1963 1963 E ArmVmp : Match on catch block at 0xc3 in for 0xa9
01-23 13:23:56.797 1963 1963 E ArmVmp : Match on catch block at 0xc3 in for 0xa1
01-23 13:23:56.798 1963 1963 E ArmVmp : Match on catch block at 0xc3 in for 0xa5
01-23 13:23:56.798 1963 1963 E ArmVmp : Match on catch block at 0xc3 in for 0xa9
01-23 13:24:02.749 1963 1963 W image-loader-ga: type=1400 audit(0.0:326883): avc:
denied { search } for name="ppm" dev="proc" ino=4026531935
scontext=u:r:untrusted_app:s0:c154,c258,c512,c768 tcontext=u:object_r:proc_ppm:s0
tclass=dir permissive=0 app=com.whatsapp
01-23 13:24:02.753 1963 1963 W image-loader-ga: type=1400 audit(0.0:326884): avc:
denied { search } for name="ppm" dev="proc" ino=4026531935
scontext=u:r:untrusted_app:s0:c154,c258,c512,c768 tcontext=u:object_r:proc_ppm:s0
tclass=dir permissive=0 app=com.whatsapp
01-23 13:24:02.881 1963 1963 W image-loader-ga: type=1400 audit(0.0:326885): avc:
denied { search } for name="ppm" dev="proc" ino=4026531935
scontext=u:r:untrusted_app:s0:c154,c258,c512,c768 tcontext=u:object_r:proc_ppm:s0
tclass=dir permissive=0 app=com.whatsapp
01-23 13:24:02.881 1963 1963 W image-loader-ga: type=1400 audit(0.0:326886): avc:
denied { search } for name="ppm" dev="proc" ino=4026531935
scontext=u:r:untrusted_app:s0:c154,c258,c512,c768 tcontext=u:object_r:proc_ppm:s0
tclass=dir permissive=0 app=com.whatsapp
01-23 13:24:02.929 1963 1963 W image-loader-ga: type=1400 audit(0.0:326887): avc:
denied { search } for name="ppm" dev="proc" ino=4026531935
scontext=u:r:untrusted_app:s0:c154,c258,c512,c768 tcontext=u:object_r:proc_ppm:s0
tclass=dir permissive=0 app=com.whatsapp
01-23 13:24:17.409 1963 1963 W Bitmap : Called getWidth() on a recycle()'d
bitmap! This is undefined behavior!
01-23 13:24:17.409 1963 1963 W Bitmap : Called getHeight() on a recycle()'d
bitmap! This is undefined behavior!
01-23 13:24:17.409 1963 1963 W Bitmap : Called getWidth() on a recycle()'d
bitmap! This is undefined behavior!
01-23 13:24:17.409 1963 1963 W Bitmap : Called getHeight() on a recycle()'d
bitmap! This is undefined behavior!
01-23 13:24:17.409 1963 1963 W Bitmap : Called getWidth() on a recycle()'d
bitmap! This is undefined behavior!
01-23 13:24:17.409 1963 1963 W Bitmap : Called getHeight() on a recycle()'d
bitmap! This is undefined behavior!
