paths are only supported on KitKat+ and must be manually enabled by calling
enableMergePathsForKitKatAndAbove().
01-23 14:59:04.174 24228 24887 E libc : Access denied finding property
"vendor.debug.drm.logv"
01-23 14:59:04.174 24228 24887 E libc : Access denied finding property
"vendor.debug.drm.logv"
01-23 14:59:04.174 24228 24887 E libc : Access denied finding property
"vendor.debug.drm.logd"
01-23 14:59:04.174 24228 24887 E libc : Access denied finding property
"vendor.debug.drm.logv"
01-23 14:59:04.478 24228 24228 E RecyclerView: No adapter attached; skipping layout
01-23 14:59:04.558 24228 24303 W System.err: java.lang.NullPointerException:
Attempt to invoke interface method 'void
com.transsion.log.sub.ITranLogSubManager.compulateSkipperFrame(android.os.Bundle)'
on a null object reference
01-23 14:59:04.558 24228 24303 W System.err:
01-23 14:59:04.558 24228 24303 W System.err: at
android.app.ActivityThread$3.run(ActivityThread.java:8063)
01-23 14:59:04.558 24228 24303 W System.err:
01-23 14:59:04.559 24228 24303 W System.err: at
java.util.concurrent.ThreadPoolExecutor.runWorker(ThreadPoolExecutor.java:1167)
01-23 14:59:04.559 24228 24303 W System.err:
01-23 14:59:04.559 24228 24303 W System.err: at
java.util.concurrent.ThreadPoolExecutor$Worker.run(ThreadPoolExecutor.java:641)
01-23 14:59:04.559 24228 24303 W System.err:
01-23 14:59:04.559 24228 24303 W System.err: at
java.lang.Thread.run(Thread.java:923)
01-23 14:59:04.559 24228 24303 W System.err:
01-23 14:59:04.596 24228 24228 E RecyclerView: No adapter attached; skipping layout
01-23 14:59:04.620 24228 24228 W LOTTIE : Animation contains merge paths but they
are disabled.
01-23 14:59:05.178 24228 24228 W pool-6-thread-1: type=1400 audit(0.0:335560): avc:
granted { execute } for
path="/data/data/com.whatsapp/files/decompressed/libs.spk.zst/libgifimage.so"
dev="dm-11" ino=1421866 scontext=u:r:untrusted_app:s0:c154,c258,c512,c768
tcontext=u:object_r:app_data_file:s0:c154,c258,c512,c768 tclass=file
app=com.whatsapp
01-23 14:59:07.472 24228 24244 W System : A resource failed to call release.
01-23 14:59:11.003 24228 25119 E RenderScript: Failed loading RS driver: dlopen
failed: library "libRSDriver_mtk.so" not found
01-23 14:59:11.003 24228 25119 E RenderScript: Failed to load runtime
libRSDriver_mtk.so, loading default
01-23 14:59:11.110 24228 24886 W LOTTIE : Unknown shape type rd
01-23 14:59:11.176 24228 24228 E ArmVmp : Match on catch block at 0x0a in for 0xc9
01-23 14:59:11.180 24228 24228 E ArmVmp : Match on catch block at 0x0a in for 0xc9
01-23 14:59:11.334 24228 24228 W StickerImageFil: type=1400 audit(0.0:335567): avc:
granted { execute } for
path="/data/data/com.whatsapp/files/decompressed/libs.spk.zst/libstatic-webp.so"
dev="dm-11" ino=1418990 scontext=u:r:untrusted_app:s0:c154,c258,c512,c768
tcontext=u:object_r:app_data_file:s0:c154,c258,c512,c768 tclass=file
app=com.whatsapp
01-23 14:59:11.419 24228 24228 E ArmVmp : Match on catch block at 0xc3 in for 0xb1
01-23 14:59:11.427 24228 24228 E ArmVmp : Match on catch block at 0xc3 in for 0xb9
01-23 14:59:11.509 24228 24228 E ArmVmp : Match on catch block at 0xc3 in for 0xa9
01-23 14:59:11.512 24228 24228 E ArmVmp : Match on catch block at 0xc3 in for 0xa5
01-23 14:59:11.529 24228 24228 E ArmVmp : Match on catch block at 0xc3 in for 0xa5
01-23 14:59:11.532 24228 24228 E ArmVmp : Match on catch block at 0xc3 in for 0xa9
01-23 14:59:11.562 24228 24228 E ArmVmp : Match on catch block at 0xc3 in for 0xa1
01-23 14:59:11.565 24228 24228 E ArmVmp : Match on catch block at 0xc3 in for 0xa5
01-23 14:59:11.937 24228 24228 E ArmVmp : Match on catch block at 0xc3 in for 0xa9
01-23 14:59:11.940 24228 24228 E ArmVmp : Match on catch block at 0xc3 in for 0xa1
01-23 14:59:11.948 24228 24228 E ArmVmp : Match on catch block at 0xc3 in for 0xa1
01-23 14:59:11.950 24228 24228 E ArmVmp : Match on catch block at 0xc3 in for 0xa5
01-23 14:59:12.031 24228 24228 E ArmVmp : Match on catch block at 0xc3 in for 0xa5
01-23 14:59:12.035 24228 24228 E ArmVmp : Match on catch block at 0xc3 in for 0xa9
01-23 14:59:12.048 24228 24228 E ArmVmp : Match on catch block at 0xc3 in for 0xa9
01-23 14:59:12.050 24228 24228 E ArmVmp : Match on catch block at 0xc3 in for 0xa1
01-23 14:59:12.064 24228 24228 E ArmVmp : Match on catch block at 0xc3 in for 0xa1
01-23 14:59:12.067 24228 24228 E ArmVmp : Match on catch block at 0xc3 in for 0xa5
01-23 14:59:12.081 24228 24228 E ArmVmp : Match on catch block at 0xc3 in for 0xa5
01-23 14:59:12.083 24228 24228 E ArmVmp : Match on catch block at 0xc3 in for 0xa9
01-23 14:59:12.098 24228 24228 E ArmVmp : Match on catch block at 0xc3 in for 0xa9
01-23 14:59:12.100 24228 24228 E ArmVmp : Match on catch block at 0xc3 in for 0xa1
01-23 14:59:12.116 24228 24228 E ArmVmp : Match on catch block at 0xc3 in for 0xa1
01-23 14:59:12.118 24228 24228 E ArmVmp : Match on catch block at 0xc3 in for 0xa5
01-23 14:59:12.132 24228 24228 E ArmVmp : Match on catch block at 0xc3 in for 0xa5
01-23 14:59:12.134 24228 24228 E ArmVmp : Match on catch block at 0xc3 in for 0xa9
01-23 14:59:12.148 24228 24228 E ArmVmp : Match on catch block at 0xc3 in for 0xa9
01-23 14:59:12.150 24228 24228 E ArmVmp : Match on catch block at 0xc3 in for 0xa1
01-23 14:59:12.165 24228 24228 E ArmVmp : Match on catch block at 0xc3 in for 0xa1
01-23 14:59:12.167 24228 24228 E ArmVmp : Match on catch block at 0xc3 in for 0xa5
01-23 14:59:12.181 24228 24228 E ArmVmp : Match on catch block at 0xc3 in for 0xa5
01-23 14:59:12.183 24228 24228 E ArmVmp : Match on catch block at 0xc3 in for 0xa9
01-23 14:59:12.198 24228 24228 E ArmVmp : Match on catch block at 0xc3 in for 0xa9
01-23 14:59:12.200 24228 24228 E ArmVmp : Match on catch block at 0xc3 in for 0xa1
01-23 14:59:12.215 24228 24228 E ArmVmp : Match on catch block at 0xc3 in for 0xa1
01-23 14:59:12.217 24228 24228 E ArmVmp : Match on catch block at 0xc3 in for 0xa5
01-23 14:59:12.231 24228 24228 E ArmVmp : Match on catch block at 0xc3 in for 0xa5
01-23 14:59:12.233 24228 24228 E ArmVmp : Match on catch block at 0xc3 in for 0xa9
01-23 14:59:12.266 24228 24228 E ArmVmp : Match on catch block at 0xc3 in for 0xa9
01-23 14:59:12.271 24228 24228 E ArmVmp : Match on catch block at 0xc3 in for 0xa1
01-23 14:59:12.288 24228 24228 E ArmVmp : Match on catch block at 0xc3 in for 0xa1
01-23 14:59:12.291 24228 24228 E ArmVmp : Match on catch block at 0xc3 in for 0xa5
01-23 14:59:12.298 24228 24228 E ArmVmp : Match on catch block at 0xc3 in for 0xa5
01-23 14:59:12.301 24228 24228 E ArmVmp : Match on catch block at 0xc3 in for 0xa9
01-23 14:59:12.315 24228 24228 E ArmVmp : Match on catch block at 0xc3 in for 0xa9
01-23 14:59:12.318 24228 24228 E ArmVmp : Match on catch block at 0xc3 in for 0xa1
01-23 14:59:12.331 24228 24228 E ArmVmp : Match on catch block at 0xc3 in for 0xa1
01-23 14:59:12.333 24228 24228 E ArmVmp : Match on catch block at 0xc3 in for 0xa5
01-23 14:59:12.566 24228 24228 E ArmVmp : Match on catch block at 0xc3 in for 0xa5
01-23 14:59:12.569 24228 24228 E ArmVmp : Match on catch block at 0xc3 in for 0xa9
01-23 14:59:12.868 24228 24228 E ArmVmp : Match on catch block at 0xc3 in for 0xa1
01-23 14:59:12.872 24228 24228 E ArmVmp : Match on catch block at 0xc3 in for 0xa5
01-23 14:59:12.882 24228 24228 E ArmVmp : Match on catch block at 0xc3 in for 0xa1
01-23 14:59:12.886 24228 24228 E ArmVmp : Match on catch block at 0xc3 in for 0xa5
01-23 14:59:12.898 24228 24228 E ArmVmp : Match on catch block at 0xc3 in for 0xa5
01-23 14:59:12.900 24228 24228 E ArmVmp : Match on catch block at 0xc3 in for 0xa9
01-23 14:59:12.915 24228 24228 E ArmVmp : Match on catch block at 0xc3 in for 0xa9
01-23 14:59:12.917 24228 24228 E ArmVmp : Match on catch block at 0xc3 in for 0xa1
01-23 14:59:12.931 24228 24228 E ArmVmp : Match on catch block at 0xc3 in for 0xa1
01-23 14:59:12.934 24228 24228 E ArmVmp : Match on catch block at 0xc3 in for 0xa5
01-23 14:59:12.948 24228 24228 E ArmVmp : Match on catch block at 0xc3 in for 0xa5
01-23 14:59:12.950 24228 24228 E ArmVmp : Match on catch block at 0xc3 in for 0xa9
01-23 14:59:12.965 24228 24228 E ArmVmp : Match on catch block at 0xc3 in for 0xa9
01-23 14:59:12.967 24228 24228 E ArmVmp : Match on catch block at 0xc3 in for 0xa1
01-23 14:59:12.984 24228 24228 E ArmVmp : Match on catch block at 0xc3 in for 0xa1
01-23 14:59:12.986 24228 24228 E ArmVmp : Match on catch block at 0xc3 in for 0xa5
01-23 14:59:12.998 24228 24228 E ArmVmp : Match on catch block at 0xc3 in for 0xa5
01-23 14:59:13.000 24228 24228 E ArmVmp : Match on catch block at 0xc3 in for 0xa9
01-23 14:59:13.015 24228 24228 E ArmVmp : Match on catch block at 0xc3 in for 0xa9
01-23 14:59:13.017 24228 24228 E ArmVmp : Match on catch block at 0xc3 in for 0xa1
01-23 14:59:13.032 24228 24228 E ArmVmp : Match on catch block at 0xc3 in for 0xa1
01-23 14:59:13.034 24228 24228 E ArmVmp : Match on catch block at 0xc3 in for 0xa5
01-23 14:59:13.048 24228 24228 E ArmVmp : Match on catch block at 0xc3 in for 0xa5
01-23 14:59:13.050 24228 24228 E ArmVmp : Match on catch block at 0xc3 in for 0xa9
01-23 14:59:13.065 24228 24228 E ArmVmp : Match on catch block at 0xc3 in for 0xa9
01-23 14:59:13.067 24228 24228 E ArmVmp : Match on catch block at 0xc3 in for 0xa1
01-23 14:59:13.365 24228 24228 E ArmVmp : Match on catch block at 0xc3 in for 0xa1
01-23 14:59:13.367 24228 24228 E ArmVmp : Match on catch block at 0xc3 in for 0xa5
01-23 14:59:13.415 24228 24228 E ArmVmp : Match on catch block at 0xc3 in for 0xa5
01-23 14:59:13.418 24228 24228 E ArmVmp : Match on catch block at 0xc3 in for 0xa9
01-23 14:59:13.848 24228 24228 E ArmVmp : Match on catch block at 0xc3 in for 0xa9
01-23 14:59:13.851 24228 24228 E ArmVmp : Match on catch block at 0xc3 in for 0xa1
01-23 14:59:13.866 24228 24228 E ArmVmp : Match on catch block at 0xc3 in for 0xa1
01-23 14:59:13.870 24228 24228 E ArmVmp : Match on catch block at 0xc3 in for 0xa5
01-23 14:59:13.883 24228 24228 E ArmVmp : Match on catch block at 0xc3 in for 0xa5
01-23 14:59:13.886 24228 24228 E ArmVmp : Match on catch block at 0xc3 in for 0xa9
01-23 14:59:13.899 24228 24228 E ArmVmp : Match on catch block at 0xc3 in for 0xa9
01-23 14:59:13.903 24228 24228 E ArmVmp : Match on catch block at 0xc3 in for 0xa1
01-23 14:59:13.916 24228 24228 E ArmVmp : Match on catch block at 0xc3 in for 0xa1
01-23 14:59:13.921 24228 24228 E ArmVmp : Match on catch block at 0xc3 in for 0xa5
01-23 14:59:13.933 24228 24228 E ArmVmp : Match on catch block at 0xc3 in for 0xa5
01-23 14:59:13.936 24228 24228 E ArmVmp : Match on catch block at 0xc3 in for 0xa9
01-23 14:59:13.949 24228 24228 E ArmVmp : Match on catch block at 0xc3 in for 0xa9
01-23 14:59:13.951 24228 24228 E ArmVmp : Match on catch block at 0xc3 in for 0xa1
01-23 14:59:13.965 24228 24228 E ArmVmp : Match on catch block at 0xc3 in for 0xa1
01-23 14:59:13.967 24228 24228 E ArmVmp : Match on catch block at 0xc3 in for 0xa5
01-23 14:59:13.982 24228 24228 E ArmVmp : Match on catch block at 0xc3 in for 0xa5
01-23 14:59:13.984 24228 24228 E ArmVmp : Match on catch block at 0xc3 in for 0xa9
01-23 14:59:13.998 24228 24228 E ArmVmp : Match on catch block at 0xc3 in for 0xa9
01-23 14:59:14.001 24228 24228 E ArmVmp : Match on catch block at 0xc3 in for 0xa1
01-23 14:59:14.015 24228 24228 E ArmVmp : Match on catch block at 0xc3 in for 0xa1
01-23 14:59:14.018 24228 24228 E ArmVmp : Match on catch block at 0xc3 in for 0xa5
01-23 14:59:14.032 24228 24228 E ArmVmp : Match on catch block at 0xc3 in for 0xa5
01-23 14:59:14.034 24228 24228 E ArmVmp : Match on catch block at 0xc3 in for 0xa9
01-23 14:59:14.048 24228 24228 E ArmVmp : Match on catch block at 0xc3 in for 0xa9
01-23 14:59:14.051 24228 24228 E ArmVmp : Match on catch block at 0xc3 in for 0xa1
01-23 14:59:14.066 24228 24228 E ArmVmp : Match on catch block at 0xc3 in for 0xa1
01-23 14:59:14.068 24228 24228 E ArmVmp : Match on catch block at 0xc3 in for 0xa5
01-23 14:59:14.082 24228 24228 E ArmVmp : Match on catch block at 0xc3 in for 0xa5
01-23 14:59:14.085 24228 24228 E ArmVmp : Match on catch block at 0xc3 in for 0xa9
01-23 14:59:14.098 24228 24228 E ArmVmp : Match on catch block at 0xc3 in for 0xa9
01-23 14:59:14.101 24228 24228 E ArmVmp : Match on catch block at 0xc3 in for 0xa1
01-23 14:59:14.115 24228 24228 E ArmVmp : Match on catch block at 0xc3 in for 0xa1
01-23 14:59:14.117 24228 24228 E ArmVmp : Match on catch block at 0xc3 in for 0xa5
01-23 14:59:14.315 24228 24228 E ArmVmp : Match on catch block at 0xc3 in for 0xa1
01-23 14:59:14.318 24228 24228 E ArmVmp : Match on catch block at 0xc3 in for 0xa5
01-23 14:59:14.516 24228 24228 E ArmVmp : Match on catch block at 0xc3 in for 0xa5
01-23 14:59:14.520 24228 24228 E ArmVmp : Match on catch block at 0xc3 in for 0xa9
01-23 14:59:14.916 24228 24228 E ArmVmp : Match on catch block at 0xc3 in for 0xa9
01-23 14:59:14.919 24228 24228 E ArmVmp : Match on catch block at 0xc3 in for 0xa1
01-23 14:59:15.399 24228 24228 E ArmVmp : Match on catch block at 0xc3 in for 0xa1
01-23 14:59:15.401 24228 24228 E ArmVmp : Match on catch block at 0xc3 in for 0xa5
01-23 14:59:15.422 24228 24228 E ArmVmp : Match on catch block at 0xc3 in for 0xa9
01-23 14:59:15.426 24228 24228 E ArmVmp : Match on catch block at 0xc3 in for 0xa1
01-23 14:59:15.439 24228 24228 E ArmVmp : Match on catch block at 0xc3 in for 0xa1
01-23 14:59:15.442 24228 24228 E ArmVmp : Match on catch block at 0xc3 in for 0xa5
01-23 14:59:15.450 24228 24228 E ArmVmp : Match on catch block at 0xc3 in for 0xa5
01-23 14:59:15.452 24228 24228 E ArmVmp : Match on catch block at 0xc3 in for 0xa9
01-23 14:59:15.466 24228 24228 E ArmVmp : Match on catch block at 0xc3 in for 0xa9
01-23 14:59:15.469 24228 24228 E ArmVmp : Match on catch block at 0xc3 in for 0xa1
01-23 14:59:15.483 24228 24228 E ArmVmp : Match on catch block at 0xc3 in for 0xa1
01-23 14:59:15.486 24228 24228 E ArmVmp : Match on catch block at 0xc3 in for 0xa5
01-23 14:59:15.511 24228 24228 E ArmVmp : Match on catch block at 0xc3 in for 0xa9
01-23 14:59:15.513 24228 24228 E ArmVmp : Match on catch block at 0xc3 in for 0xa1
01-23 14:59:15.523 24228 24228 E ArmVmp : Match on catch block at 0xc3 in for 0xa1
01-23 14:59:15.525 24228 24228 E ArmVmp : Match on catch block at 0xc3 in for 0xa5
01-23 14:59:15.536 24228 24228 E ArmVmp : Match on catch block at 0xc3 in for 0xa1
01-23 14:59:15.538 24228 24228 E ArmVmp : Match on catch block at 0xc3 in for 0xa5
01-23 14:59:15.549 24228 24228 E ArmVmp : Match on catch block at 0xc3 in for 0xa5
01-23 14:59:15.551 24228 24228 E ArmVmp : Match on catch block at 0xc3 in for 0xa9
01-23 14:59:15.565 24228 24228 E ArmVmp : Match on catch block at 0xc3 in for 0xa9
01-23 14:59:15.568 24228 24228 E ArmVmp : Match on catch block at 0xc3 in for 0xa1
01-23 14:59:15.582 24228 24228 E ArmVmp : Match on catch block at 0xc3 in for 0xa1
01-23 14:59:15.584 24228 24228 E ArmVmp : Match on catch block at 0xc3 in for 0xa5
01-23 14:59:15.599 24228 24228 E ArmVmp : Match on catch block at 0xc3 in for 0xa5
01-23 14:59:15.600 24228 24228 E ArmVmp : Match on catch block at 0xc3 in for 0xa9
01-23 14:59:15.616 24228 24228 E ArmVmp : Match on catch block at 0xc3 in for 0xa9
01-23 14:59:15.618 24228 24228 E ArmVmp : Match on catch block at 0xc3 in for 0xa1
01-23 14:59:15.784 24228 24228 E ArmVmp : Match on catch block at 0xc3 in for 0xa9
01-23 14:59:15.786 24228 24228 E ArmVmp : Match on catch block at 0xc3 in for 0xa1
01-23 14:59:15.794 24228 24554 W MediaPlayer: Use of stream types is deprecated for
operations other than volume control
01-23 14:59:15.794 24228 24554 W MediaPlayer: See the documentation of
setAudioStreamType() for what to use instead with android.media.AudioAttributes to
qualify your playback use case
01-23 14:59:15.800 24228 24228 E ArmVmp : Match on catch block at 0xc3 in for 0xa9
01-23 14:59:15.803 24228 24228 E ArmVmp : Match on catch block at 0xc3 in for 0xa1
01-23 14:59:15.916 24228 24228 E ArmVmp : Match on catch block at 0xc3 in for 0xa1
01-23 14:59:15.918 24228 24228 E ArmVmp : Match on catch block at 0xc3 in for 0xa5
01-23 14:59:16.416 24228 24228 E ArmVmp : Match on catch block at 0xc3 in for 0xa1
01-23 14:59:16.417 24228 24228 E ArmVmp : Match on catch block at 0xc3 in for 0xa5
01-23 14:59:16.534 24228 24228 E ArmVmp : Match on catch block at 0xc3 in for 0xa9
01-23 14:59:16.536 24228 24228 E ArmVmp : Match on catch block at 0xc3 in for 0xa1
01-23 14:59:16.543 24228 24228 E ArmVmp : Match on catch block at 0xc3 in for 0xa1
01-23 14:59:16.546 24228 24228 E ArmVmp : Match on catch block at 0xc3 in for 0xa5
01-23 14:59:16.934 24228 24228 E ArmVmp : Match on catch block at 0xc3 in for 0xa5
01-23 14:59:16.937 24228 24228 E ArmVmp : Match on catch block at 0xc3 in for 0xa9
01-23 14:59:17.200 24228 24228 E ArmVmp : Match on catch block at 0xc3 in for 0xa9
01-23 14:59:17.202 24228 24228 E ArmVmp : Match on catch block at 0xc3 in for 0xa1
01-23 14:59:17.301 24228 24228 E ArmVmp : Match on catch block at 0xc3 in for 0xa1
01-23 14:59:17.303 24228 24228 E ArmVmp : Match on catch block at 0xc3 in for 0xa5
01-23 14:59:17.317 24228 24228 E ArmVmp : Match on catch block at 0xc3 in for 0xa5
01-23 14:59:17.320 24228 24228 E ArmVmp : Match on catch block at 0xc3 in for 0xa9
01-23 14:59:17.333 24228 24228 E ArmVmp : Match on catch block at 0xc3 in for 0xa5
01-23 14:59:17.335 24228 24228 E ArmVmp : Match on catch block at 0xc3 in for 0xa9
01-23 14:59:17.350 24228 24228 E ArmVmp : Match on catch block at 0xc3 in for 0xa5
01-23 14:59:17.352 24228 24228 E ArmVmp : Match on catch block at 0xc3 in for 0xa9
01-23 14:59:17.367 24228 24228 E ArmVmp : Match on catch block at 0xc3 in for 0xa5
01-23 14:59:17.369 24228 24228 E ArmVmp : Match on catch block at 0xc3 in for 0xa9
01-23 14:59:17.384 24228 24228 E ArmVmp : Match on catch block at 0xc3 in for 0xa5
01-23 14:59:17.385 24228 24228 E ArmVmp : Match on catch block at 0xc3 in for 0xa9
01-23 14:59:17.400 24228 24228 E ArmVmp : Match on catch block at 0xc3 in for 0xa5
01-23 14:59:17.402 24228 24228 E ArmVmp : Match on catch block at 0xc3 in for 0xa9
01-23 14:59:17.417 24228 24228 E ArmVmp : Match on catch block at 0xc3 in for 0xa5
01-23 14:59:17.419 24228 24228 E ArmVmp : Match on catch block at 0xc3 in for 0xa9
01-23 14:59:17.433 24228 24228 E ArmVmp : Match on catch block at 0xc3 in for 0xa5
01-23 14:59:17.436 24228 24228 E ArmVmp : Match on catch block at 0xc3 in for 0xa9
01-23 14:59:17.450 24228 24228 E ArmVmp : Match on catch block at 0xc3 in for 0xa5
01-23 14:59:17.452 24228 24228 E ArmVmp : Match on catch block at 0xc3 in for 0xa9
01-23 14:59:17.637 24228 24228 E ArmVmp : Match on catch block at 0xc3 in for 0xa1
01-23 14:59:17.644 24228 24228 E ArmVmp : Match on catch block at 0xc3 in for 0xa5
01-23 14:59:17.668 24228 24228 E ArmVmp : Match on catch block at 0xc3 in for 0xa9
01-23 14:59:17.677 24228 24228 E ArmVmp : Match on catch block at 0xc3 in for 0xa1
01-23 14:59:17.687 24228 24228 E ArmVmp : Match on catch block at 0xc3 in for 0xa9
01-23 14:59:17.694 24228 24228 E ArmVmp : Match on catch block at 0xc3 in for 0xa1
01-23 14:59:17.704 24228 24228 E ArmVmp : Match on catch block at 0xc3 in for 0xa9
01-23 14:59:17.710 24228 24228 E ArmVmp : Match on catch block at 0xc3 in for 0xa1
01-23 14:59:17.736 24228 24228 E ArmVmp : Match on catch block at 0xc3 in for 0xa5
01-23 14:59:17.742 24228 24228 E ArmVmp : Match on catch block at 0xc3 in for 0xa9
01-23 14:59:17.753 24228 24228 E ArmVmp : Match on catch block at 0xc3 in for 0xa5
01-23 14:59:17.759 24228 24228 E ArmVmp : Match on catch block at 0xc3 in for 0xa9
01-23 14:59:17.769 24228 24228 E ArmVmp : Match on catch block at 0xc3 in for 0xa5
01-23 14:59:17.773 24228 24228 E ArmVmp : Match on catch block at 0xc3 in for 0xa9
01-23 14:59:17.785 24228 24228 E ArmVmp : Match on catch block at 0xc3 in for 0xa5
01-23 14:59:17.791 24228 24228 E ArmVmp : Match on catch block at 0xc3 in for 0xa9
01-23 14:59:17.802 24228 24228 E ArmVmp : Match on catch block at 0xc3 in for 0xa5
01-23 14:59:17.808 24228 24228 E ArmVmp : Match on catch block at 0xc3 in for 0xa9
01-23 14:59:17.818 24228 24228 E ArmVmp : Match on catch block at 0xc3 in for 0xa5
01-23 14:59:17.824 24228 24228 E ArmVmp : Match on catch block at 0xc3 in for 0xa9
01-23 14:59:17.836 24228 24228 E ArmVmp : Match on catch block at 0xc3 in for 0xa5
01-23 14:59:17.841 24228 24228 E ArmVmp : Match on catch block at 0xc3 in for 0xa9
01-23 14:59:17.852 24228 24228 E ArmVmp : Match on catch block at 0xc3 in for 0xa5
01-23 14:59:17.857 24228 24228 E ArmVmp : Match on catch block at 0xc3 in for 0xa9
01-23 14:59:17.868 24228 24228 E ArmVmp : Match on catch block at 0xc3 in for 0xa5
01-23 14:59:17.873 24228 24228 E ArmVmp : Match on catch block at 0xc3 in for 0xa9
01-23 14:59:17.885 24228 24228 E ArmVmp : Match on catch block at 0xc3 in for 0xa5
01-23 14:59:17.890 24228 24228 E ArmVmp : Match on catch block at 0xc3 in for 0xa9
01-23 14:59:17.901 24228 24228 E ArmVmp : Match on catch block at 0xc3 in for 0xa5
01-23 14:59:17.904 24228 24228 E ArmVmp : Match on catch block at 0xc3 in for 0xa9
01-23 14:59:17.918 24228 24228 E ArmVmp : Match on catch block at 0xc3 in for 0xa5
01-23 14:59:17.922 24228 24228 E ArmVmp : Match on catch block at 0xc3 in for 0xa9
01-23 14:59:17.935 24228 24228 E ArmVmp : Match on catch block at 0xc3 in for 0xa5
01-23 14:59:17.938 24228 24228 E ArmVmp : Match on catch block at 0xc3 in for 0xa9
01-23 14:59:17.989 24228 24228 E ArmVmp : Match on catch block at 0xc3 in for 0xa9
01-23 14:59:17.992 24228 24228 E ArmVmp : Match on catch block at 0xc3 in for 0xa1
01-23 14:59:18.009 24228 24228 E ArmVmp : Match on catch block at 0xc3 in for 0xa9
01-23 14:59:18.011 24228 24228 E ArmVmp : Match on catch block at 0xc3 in for 0xa1
01-23 14:59:18.021 24228 24228 E ArmVmp : Match on catch block at 0xc3 in for 0xa9
01-23 14:59:18.024 24228 24228 E ArmVmp : Match on catch block at 0xc3 in for 0xa1
01-23 14:59:18.034 24228 24228 E ArmVmp : Match on catch block at 0xc3 in for 0xa9
01-23 14:59:18.037 24228 24228 E ArmVmp : Match on catch block at 0xc3 in for 0xa1
01-23 14:59:18.051 24228 24228 E ArmVmp : Match on catch block at 0xc3 in for 0xa9
01-23 14:59:18.056 24228 24228 E ArmVmp : Match on catch block at 0xc3 in for 0xa1
01-23 14:59:18.068 24228 24228 E ArmVmp : Match on catch block at 0xc3 in for 0xa9
01-23 14:59:18.072 24228 24228 E ArmVmp : Match on catch block at 0xc3 in for 0xa1
01-23 14:59:18.084 24228 24228 E ArmVmp : Match on catch block at 0xc3 in for 0xa9
01-23 14:59:18.088 24228 24228 E ArmVmp : Match on catch block at 0xc3 in for 0xa1
01-23 14:59:18.101 24228 24228 E ArmVmp : Match on catch block at 0xc3 in for 0xa9
01-23 14:59:18.105 24228 24228 E ArmVmp : Match on catch block at 0xc3 in for 0xa1
01-23 14:59:18.118 24228 24228 E ArmVmp : Match on catch block at 0xc3 in for 0xa9
01-23 14:59:18.121 24228 24228 E ArmVmp : Match on catch block at 0xc3 in for 0xa1
01-23 14:59:18.134 24228 24228 E ArmVmp : Match on catch block at 0xc3 in for 0xa9
01-23 14:59:18.137 24228 24228 E ArmVmp : Match on catch block at 0xc3 in for 0xa1
01-23 14:59:18.151 24228 24228 E ArmVmp : Match on catch block at 0xc3 in for 0xa9
01-23 14:59:18.155 24228 24228 E ArmVmp : Match on catch block at 0xc3 in for 0xa1
01-23 14:59:18.168 24228 24228 E ArmVmp : Match on catch block at 0xc3 in for 0xa9
01-23 14:59:18.171 24228 24228 E ArmVmp : Match on catch block at 0xc3 in for 0xa1
01-23 14:59:18.185 24228 24228 E ArmVmp : Match on catch block at 0xc3 in for 0xa9
01-23 14:59:18.188 24228 24228 E ArmVmp : Match on catch block at 0xc3 in for 0xa1
01-23 14:59:18.201 24228 24228 E ArmVmp : Match on catch block at 0xc3 in for 0xa9
01-23 14:59:18.206 24228 24228 E ArmVmp : Match on catch block at 0xc3 in for 0xa1
01-23 14:59:18.217 24228 24228 E ArmVmp : Match on catch block at 0xc3 in for 0xa9
01-23 14:59:18.221 24228 24228 E ArmVmp : Match on catch block at 0xc3 in for 0xa1
01-23 14:59:18.235 24228 24228 E ArmVmp : Match on catch block at 0xc3 in for 0xa9
01-23 14:59:18.238 24228 24228 E ArmVmp : Match on catch block at 0xc3 in for 0xa1
01-23 14:59:18.251 24228 24228 E ArmVmp : Match on catch block at 0xc3 in for 0xa9
01-23 14:59:18.256 24228 24228 E ArmVmp : Match on catch block at 0xc3 in for 0xa1
01-23 14:59:18.268 24228 24228 E ArmVmp : Match on catch block at 0xc3 in for 0xa5
01-23 14:59:18.271 24228 24228 E ArmVmp : Match on catch block at 0xc3 in for 0xa9
01-23 14:59:18.285 24228 24228 E ArmVmp : Match on catch block at 0xc3 in for 0xa5
01-23 14:59:18.288 24228 24228 E ArmVmp : Match on catch block at 0xc3 in for 0xa9
01-23 14:59:18.301 24228 24228 E ArmVmp : Match on catch block at 0xc3 in for 0xa5
01-23 14:59:18.304 24228 24228 E ArmVmp : Match on catch block at 0xc3 in for 0xa9
01-23 14:59:18.318 24228 24228 E ArmVmp : Match on catch block at 0xc3 in for 0xa5
01-23 14:59:18.322 24228 24228 E ArmVmp : Match on catch block at 0xc3 in for 0xa9
01-23 14:59:18.334 24228 24228 E ArmVmp : Match on catch block at 0xc3 in for 0xa5
01-23 14:59:18.337 24228 24228 E ArmVmp : Match on catch block at 0xc3 in for 0xa9
01-23 14:59:18.351 24228 24228 E ArmVmp : Match on catch block at 0xc3 in for 0xa5
01-23 14:59:18.355 24228 24228 E ArmVmp : Match on catch block at 0xc3 in for 0xa9
01-23 14:59:18.368 24228 24228 E ArmVmp : Match on catch block at 0xc3 in for 0xa5
01-23 14:59:18.370 24228 24228 E ArmVmp : Match on catch block at 0xc3 in for 0xa9
01-23 14:59:18.383 24228 24228 E ArmVmp : Match on catch block at 0xc3 in for 0xa1
01-23 14:59:18.385 24228 24228 E ArmVmp : Match on catch block at 0xc3 in for 0xa5
01-23 14:59:18.433 24228 24228 E ArmVmp : Match on catch block at 0xc3 in for 0xa5
01-23 14:59:18.435 24228 24228 E ArmVmp : Match on catch block at 0xc3 in for 0xa9
01-23 14:59:18.933 24228 24228 E ArmVmp : Match on catch block at 0xc3 in for 0xa9
01-23 14:59:18.935 24228 24228 E ArmVmp : Match on catch block at 0xc3 in for 0xa1
01-23 14:59:19.437 24228 24228 E ArmVmp : Match on catch block at 0xc3 in for 0xa1
01-23 14:59:19.443 24228 24228 E ArmVmp : Match on catch block at 0xc3 in for 0xa5
01-23 14:59:19.620 24228 24228 E ArmVmp : Match on catch block at 0xc3 in for 0xa5
01-23 14:59:19.627 24228 24228 E ArmVmp : Match on catch block at 0xc3 in for 0xa9
01-23 14:59:19.636 24228 24228 E ArmVmp : Match on catch block at 0xc3 in for 0xa9
01-23 14:59:19.643 24228 24228 E ArmVmp : Match on catch block at 0xc3 in for 0xa1
01-23 14:59:19.653 24228 24228 E ArmVmp : Match on catch block at 0xc3 in for 0xa1
01-23 14:59:19.660 24228 24228 E ArmVmp : Match on catch block at 0xc3 in for 0xa5
01-23 14:59:19.672 24228 24228 E ArmVmp : Match on catch block at 0xc3 in for 0xa5
01-23 14:59:19.682 24228 24228 E ArmVmp : Match on catch block at 0xc3 in for 0xa9
01-23 14:59:19.692 24228 24228 E ArmVmp : Match on catch block at 0xc3 in for 0xa9
01-23 14:59:19.699 24228 24228 E ArmVmp : Match on catch block at 0xc3 in for 0xa1
01-23 14:59:19.709 24228 24228 E ArmVmp : Match on catch block at 0xc3 in for 0xa1
01-23 14:59:19.716 24228 24228 E ArmVmp : Match on catch block at 0xc3 in for 0xa5
01-23 14:59:19.727 24228 24228 E ArmVmp : Match on catch block at 0xc3 in for 0xa5
01-23 14:59:19.734 24228 24228 E ArmVmp : Match on catch block at 0xc3 in for 0xa9
01-23 14:59:19.752 24228 24228 E ArmVmp : Match on catch block at 0xc3 in for 0xa9
01-23 14:59:19.758 24228 24228 E ArmVmp : Match on catch block at 0xc3 in for 0xa1
01-23 14:59:19.768 24228 24228 E ArmVmp : Match on catch block at 0xc3 in for 0xa1
01-23 14:59:19.776 24228 24228 E ArmVmp : Match on catch block at 0xc3 in for 0xa5
01-23 14:59:19.786 24228 24228 E ArmVmp : Match on catch block at 0xc3 in for 0xa5
01-23 14:59:19.792 24228 24228 E ArmVmp : Match on catch block at 0xc3 in for 0xa9
01-23 14:59:19.803 24228 24228 E ArmVmp : Match on catch block at 0xc3 in for 0xa9
01-23 14:59:19.810 24228 24228 E ArmVmp : Match on catch block at 0xc3 in for 0xa1
01-23 14:59:19.821 24228 24228 E ArmVmp : Match on catch block at 0xc3 in for 0xa1
01-23 14:59:19.828 24228 24228 E ArmVmp : Match on catch block at 0xc3 in for 0xa5
01-23 14:59:19.838 24228 24228 E ArmVmp : Match on catch block at 0xc3 in for 0xa5
01-23 14:59:19.846 24228 24228 E ArmVmp : Match on catch block at 0xc3 in for 0xa9
01-23 14:59:19.856 24228 24228 E ArmVmp : Match on catch block at 0xc3 in for 0xa9
01-23 14:59:19.862 24228 24228 E ArmVmp : Match on catch block at 0xc3 in for 0xa1
01-23 14:59:19.872 24228 24228 E ArmVmp : Match on catch block at 0xc3 in for 0xa1
01-23 14:59:19.878 24228 24228 E ArmVmp : Match on catch block at 0xc3 in for 0xa5
01-23 14:59:19.938 24228 24228 E ArmVmp : Match on catch block at 0xc3 in for 0xa5
01-23 14:59:19.947 24228 24228 E ArmVmp : Match on catch block at 0xc3 in for 0xa9
01-23 14:59:20.437 24228 24228 E ArmVmp : Match on catch block at 0xc3 in for 0xa9
01-23 14:59:20.440 24228 24228 E ArmVmp : Match on catch block at 0xc3 in for 0xa1
01-23 14:59:20.453 24228 24228 E ArmVmp : Match on catch block at 0xc3 in for 0xa9
01-23 14:59:20.455 24228 24228 E ArmVmp : Match on catch block at 0xc3 in for 0xa1
01-23 14:59:20.468 24228 24228 E ArmVmp : Match on catch block at 0xc3 in for 0xa1
01-23 14:59:20.470 24228 24228 E ArmVmp : Match on catch block at 0xc3 in for 0xa5
01-23 14:59:20.550 24228 24228 E ArmVmp : Match on catch block at 0xc3 in for 0xa9
01-23 14:59:20.553 24228 24228 E ArmVmp : Match on catch block at 0xc3 in for 0xa1
01-23 14:59:20.673 24228 24228 E ArmVmp : Match on catch block at 0xc3 in for 0xa1
01-23 14:59:20.677 24228 24228 E ArmVmp : Match on catch block at 0xc3 in for 0xa5
01-23 14:59:26.509 24228 24244 W System : A resource failed to call release.
01-23 14:59:33.111 24228 24228 W FingerprintManager: sendAcquiredResult acquireInfo
= 6vendorCode = 2
01-23 14:59:33.111 24228 24228 W FingerprintManager: Invalid acquired message: 6, 2
01-23 14:59:33.128 24228 24228 W FingerprintManager: sendAcquiredResult acquireInfo
= 0vendorCode = 0
01-23 14:59:35.665 24228 24244 W System : A resource failed to call release.
--------- beginning of system
01-23 15:01:18.734 24228 24228 W FingerprintManager: sendAcquiredResult acquireInfo
= 6vendorCode = 2
01-23 15:01:18.734 24228 24228 W FingerprintManager: Invalid acquired message: 6, 2
01-23 15:01:18.750 24228 24228 W FingerprintManager: sendAcquiredResult acquireInfo
= 0vendorCode = 0
01-23 15:02:42.891 24228 24228 W FingerprintManager: sendAcquiredResult acquireInfo
= 6vendorCode = 2
01-23 15:02:42.891 24228 24228 W FingerprintManager: Invalid acquired message: 6, 2
01-23 15:02:42.913 24228 24228 W FingerprintManager: sendAcquiredResult acquireInfo
= 0vendorCode = 0
01-23 15:03:44.005 24228 24228 W FingerprintManager: sendAcquiredResult acquireInfo
= 6vendorCode = 2
01-23 15:03:44.005 24228 24228 W FingerprintManager: Invalid acquired message: 6, 2
01-23 15:03:44.022 24228 24228 W FingerprintManager: sendAcquiredResult acquireInfo
= 0vendorCode = 0
01-23 15:03:44.303 24228 24228 W FingerprintManager: sendAcquiredResult acquireInfo
= 6vendorCode = 3
01-23 15:03:44.303 24228 24228 W FingerprintManager: Invalid acquired message: 6, 3
01-23 15:03:44.375 24228 24228 W FingerprintManager: sendAcquiredResult acquireInfo
= 6vendorCode = 2
01-23 15:03:44.375 24228 24228 W FingerprintManager: Invalid acquired message: 6, 2
01-23 15:03:44.400 24228 24228 W FingerprintManager: sendAcquiredResult acquireInfo
= 0vendorCode = 0
01-23 15:03:44.714 24228 24228 W FingerprintManager: sendAcquiredResult acquireInfo
= 6vendorCode = 3
01-23 15:03:44.714 24228 24228 W FingerprintManager: Invalid acquired message: 6, 3
01-23 15:03:44.781 24228 24228 W FingerprintManager: sendAcquiredResult acquireInfo
= 6vendorCode = 2
01-23 15:03:44.781 24228 24228 W FingerprintManager: Invalid acquired message: 6, 2
01-23 15:03:44.807 24228 24228 W FingerprintManager: sendAcquiredResult acquireInfo
= 0vendorCode = 0
01-23 15:03:45.166 24228 24228 W FingerprintManager: sendAcquiredResult acquireInfo
= 6vendorCode = 3
01-23 15:03:45.166 24228 24228 W FingerprintManager: Invalid acquired message: 6, 3
01-23 15:03:45.288 24228 24228 W FingerprintManager: sendAcquiredResult acquireInfo
= 6vendorCode = 2
01-23 15:03:45.288 24228 24228 W FingerprintManager: Invalid acquired message: 6, 2
01-23 15:03:45.316 24228 24228 W FingerprintManager: sendAcquiredResult acquireInfo
= 0vendorCode = 0
01-23 15:03:45.602 24228 24228 W FingerprintManager: sendAcquiredResult acquireInfo
= 6vendorCode = 3
01-23 15:03:45.602 24228 24228 W FingerprintManager: Invalid acquired message: 6, 3
01-23 15:03:45.726 24228 24228 W FingerprintManager: sendAcquiredResult acquireInfo
= 6vendorCode = 2
01-23 15:03:45.727 24228 24228 W FingerprintManager: Invalid acquired message: 6, 2
01-23 15:03:45.755 24228 24228 W FingerprintManager: sendAcquiredResult acquireInfo
= 0vendorCode = 0
01-23 15:03:46.015 24228 24228 W FingerprintManager: sendAcquiredResult acquireInfo
= 6vendorCode = 3
01-23 15:03:46.015 24228 24228 W FingerprintManager: Invalid acquired message: 6, 3
01-23 15:03:46.142 24228 24228 W FingerprintManager: sendAcquiredResult acquireInfo
= 6vendorCode = 2
01-23 15:03:46.142 24228 24228 W FingerprintManager: Invalid acquired message: 6, 2
01-23 15:03:46.171 24228 24228 W FingerprintManager: sendAcquiredResult acquireInfo
= 0vendorCode = 0
01-23 15:03:46.478 24228 24228 W FingerprintManager: sendAcquiredResult acquireInfo
= 6vendorCode = 3
01-23 15:03:46.478 24228 24228 W FingerprintManager: Invalid acquired message: 6, 3
01-23 15:03:46.551 24228 24228 W FingerprintManager: sendAcquiredResult acquireInfo
= 6vendorCode = 2
01-23 15:03:46.551 24228 24228 W FingerprintManager: Invalid acquired message: 6, 2
01-23 15:03:46.567 24228 24228 W FingerprintManager: sendAcquiredResult acquireInfo
= 0vendorCode = 0
01-23 15:03:46.767 24228 24228 W FingerprintManager: sendAcquiredResult acquireInfo
= 6vendorCode = 3
01-23 15:03:46.767 24228 24228 W FingerprintManager: Invalid acquired message: 6, 3
01-23 15:03:48.291 24228 24228 W FingerprintManager: sendAcquiredResult acquireInfo
= 6vendorCode = 2
01-23 15:03:48.291 24228 24228 W FingerprintManager: Invalid acquired message: 6, 2
01-23 15:03:48.308 24228 24228 W FingerprintManager: sendAcquiredResult acquireInfo
= 0vendorCode = 0
01-23 15:04:15.472 24228 24228 W FingerprintManager: sendAcquiredResult acquireInfo
= 6vendorCode = 2
01-23 15:04:15.472 24228 24228 W FingerprintManager: Invalid acquired message: 6, 2
01-23 15:04:15.472 24228 24228 W FingerprintManager: sendAcquiredResult acquireInfo
= 0vendorCode = 0
01-23 15:04:50.026 24228 24228 W FingerprintManager: sendAcquiredResult acquireInfo
= 6vendorCode = 2
01-23 15:04:50.026 24228 24228 W FingerprintManager: Invalid acquired message: 6, 2
01-23 15:04:50.055 24228 24228 W FingerprintManager: sendAcquiredResult acquireInfo
= 0vendorCode = 0
01-23 15:04:50.219 24228 24228 W FingerprintManager: sendAcquiredResult acquireInfo
= 6vendorCode = 3
01-23 15:04:50.219 24228 24228 W FingerprintManager: Invalid acquired message: 6, 3
01-23 15:04:50.452 24228 24228 W FingerprintManager: sendAcquiredResult acquireInfo
= 6vendorCode = 2
01-23 15:04:50.452 24228 24228 W FingerprintManager: Invalid acquired message: 6, 2
01-23 15:04:50.480 24228 24228 W FingerprintManager: sendAcquiredResult acquireInfo
= 0vendorCode = 0
01-23 15:04:50.823 24228 24228 W FingerprintManager: sendAcquiredResult acquireInfo
= 6vendorCode = 3
01-23 15:04:50.824 24228 24228 W FingerprintManager: Invalid acquired message: 6, 3
01-23 15:04:50.944 24228 24228 W FingerprintManager: sendAcquiredResult acquireInfo
= 6vendorCode = 2
01-23 15:04:50.944 24228 24228 W FingerprintManager: Invalid acquired message: 6, 2
01-23 15:04:50.961 24228 24228 W FingerprintManager: sendAcquiredResult acquireInfo
= 0vendorCode = 0
01-23 15:04:51.203 24228 24228 W FingerprintManager: sendAcquiredResult acquireInfo
= 6vendorCode = 3
01-23 15:04:51.203 24228 24228 W FingerprintManager: Invalid acquired message: 6, 3
01-23 15:04:51.323 24228 24228 W FingerprintManager: sendAcquiredResult acquireInfo
= 6vendorCode = 2
01-23 15:04:51.323 24228 24228 W FingerprintManager: Invalid acquired message: 6, 2
01-23 15:04:51.340 24228 24228 W FingerprintManager: sendAcquiredResult acquireInfo
= 0vendorCode = 0
01-23 15:04:51.684 24228 24228 W FingerprintManager: sendAcquiredResult acquireInfo
= 6vendorCode = 3
01-23 15:04:51.684 24228 24228 W FingerprintManager: Invalid acquired message: 6, 3
01-23 15:04:51.715 24228 24228 W FingerprintManager: sendAcquiredResult acquireInfo
= 6vendorCode = 2
01-23 15:04:51.716 24228 24228 W FingerprintManager: Invalid acquired message: 6, 2
01-23 15:04:51.733 24228 24228 W FingerprintManager: sendAcquiredResult acquireInfo
= 0vendorCode = 0
01-23 15:04:52.090 24228 24228 W FingerprintManager: sendAcquiredResult acquireInfo
= 6vendorCode = 3
01-23 15:04:52.091 24228 24228 W FingerprintManager: Invalid acquired message: 6, 3
01-23 15:04:52.162 24228 24228 W FingerprintManager: sendAcquiredResult acquireInfo
= 6vendorCode = 2
01-23 15:04:52.162 24228 24228 W FingerprintManager: Invalid acquired message: 6, 2
01-23 15:04:52.184 24228 24228 W FingerprintManager: sendAcquiredResult acquireInfo
= 0vendorCode = 0
01-23 15:04:52.512 24228 24228 W FingerprintManager: sendAcquiredResult acquireInfo
= 6vendorCode = 3
01-23 15:04:52.512 24228 24228 W FingerprintManager: Invalid acquired message: 6, 3
01-23 15:04:52.638 24228 24228 W FingerprintManager: sendAcquiredResult acquireInfo
= 6vendorCode = 2
01-23 15:04:52.638 24228 24228 W FingerprintManager: Invalid acquired message: 6, 2
01-23 15:04:52.655 24228 24228 W FingerprintManager: sendAcquiredResult acquireInfo
= 0vendorCode = 0
01-23 15:04:53.073 24228 24228 W FingerprintManager: sendAcquiredResult acquireInfo
= 6vendorCode = 3
01-23 15:04:53.073 24228 24228 W FingerprintManager: Invalid acquired message: 6, 3
01-23 15:04:54.708 24228 24228 W FingerprintManager: sendAcquiredResult acquireInfo
= 6vendorCode = 2
01-23 15:04:54.708 24228 24228 W FingerprintManager: Invalid acquired message: 6, 2
01-23 15:04:54.724 24228 24228 W FingerprintManager: sendAcquiredResult acquireInfo
= 0vendorCode = 0
01-23 15:05:54.194 24228 24228 W FingerprintManager: sendAcquiredResult acquireInfo
= 6vendorCode = 2
01-23 15:05:54.195 24228 24228 W FingerprintManager: Invalid acquired message: 6, 2
01-23 15:05:54.211 24228 24228 W FingerprintManager: sendAcquiredResult acquireInfo
= 0vendorCode = 0
--------- beginning of main
01-23 15:06:42.274 24228 24228 E ArmVmp : Match on catch block at 0xc3 in for 0xa5
01-23 15:06:42.276 24228 24228 E ArmVmp : Match on catch block at 0xc3 in for 0xa9
01-23 15:06:42.287 24228 24228 E ArmVmp : Match on catch block at 0xc3 in for 0xa5
01-23 15:06:42.289 24228 24228 E ArmVmp : Match on catch block at 0xc3 in for 0xa9
01-23 15:06:42.387 24228 24228 E ArmVmp : Match on catch block at 0xc3 in for 0xa9
01-23 15:06:42.389 24228 24228 E ArmVmp : Match on catch block at 0xc3 in for 0xa1
01-23 15:06:42.465 24228 24228 E ArmVmp : Match on catch block at 0xc3 in for 0xa1
01-23 15:06:42.467 24228 24228 E ArmVmp : Match on catch block at 0xc3 in for 0xa5
01-23 15:06:42.495 24228 24228 E ArmVmp : Match on catch block at 0xc3 in for 0xa9
01-23 15:06:42.496 24228 24228 E ArmVmp : Match on catch block at 0xc3 in for 0xa1
01-23 15:06:59.547 29651 29651 E com.whatsapp: Not starting debugger since process
cannot load the jdwp agent.
01-23 15:06:59.657 29651 29651 W System.err: java.lang.ClassNotFoundException:
mbmodsd.mbmodsw.ui.views.btn.BtnBK
01-23 15:06:59.657 29651 29651 W System.err: at
java.lang.Runtime.nativeLoad(Native Method)
01-23 15:06:59.657 29651 29651 W System.err: at
java.lang.Runtime.nativeLoad(Runtime.java:1131)
01-23 15:06:59.657 29651 29651 W System.err: at
java.lang.Runtime.loadLibrary0(Runtime.java:1085)
01-23 15:06:59.657 29651 29651 W System.err: at
java.lang.Runtime.loadLibrary0(Runtime.java:1008)
01-23 15:06:59.657 29651 29651 W System.err: at
java.lang.System.loadLibrary(System.java:1664)
01-23 15:06:59.657 29651 29651 W System.err: at arm.EpicVm.<clinit>(Unknown
Source:2)
01-23 15:06:59.657 29651 29651 W System.err: at
java.lang.Class.newInstance(Native Method)
01-23 15:06:59.657 29651 29651 W System.err: at
android.app.AppComponentFactory.instantiateApplication(AppComponentFactory.java:76)
01-23 15:06:59.657 29651 29651 W System.err: at
androidx.core.app.CoreComponentFactory.instantiateApplication(Unknown Source:0)
01-23 15:06:59.657 29651 29651 W System.err: at
android.app.Instrumentation.newApplication(Instrumentation.java:1164)
01-23 15:06:59.657 29651 29651 W System.err: at
android.app.LoadedApk.makeApplication(LoadedApk.java:1244)
01-23 15:06:59.658 29651 29651 W System.err: at
android.app.ActivityThread.handleBindApplication(ActivityThread.java:7000)
01-23 15:06:59.658 29651 29651 W System.err: at
android.app.ActivityThread.access$1500(ActivityThread.java:257)
01-23 15:06:59.658 29651 29651 W System.err: at
android.app.ActivityThread$H.handleMessage(ActivityThread.java:2025)
01-23 15:06:59.658 29651 29651 W System.err: at
android.os.Handler.dispatchMessage(Handler.java:106)
01-23 15:06:59.658 29651 29651 W System.err: at
android.os.Looper.loop(Looper.java:268)
01-23 15:06:59.658 29651 29651 W System.err: at
android.app.ActivityThread.main(ActivityThread.java:8004)
01-23 15:06:59.658 29651 29651 W System.err: at
java.lang.reflect.Method.invoke(Native Method)
01-23 15:06:59.658 29651 29651 W System.err: at
com.android.internal.os.RuntimeInit$MethodAndArgsCaller.run(RuntimeInit.java:627)
01-23 15:06:59.658 29651 29651 W System.err: at
com.android.internal.os.ZygoteInit.main(ZygoteInit.java:997)
01-23 15:06:59.663 29651 29651 E libc : Access denied finding property
"ro.vendor.pref_scale_resolution"
01-23 15:06:59.668 29651 29651 E CustomActivityOnCrash: IMPORTANT WARNING! You
already have an UncaughtExceptionHandler, are you sure this is correct? If you use
a custom UncaughtExceptionHandler, you must initialize it AFTER
CustomActivityOnCrash! Installing anyway, but your original handler will not be
called.
01-23 15:06:59.688 29651 29683 W AsyncDrawableCache: can not found res: 2131233001,
maybe dynamic res id.
01-23 15:06:59.903 29651 29651 W com.whatsapp: Accessing hidden method
Lcom/android/org/conscrypt/OpenSSLSocketImpl;->setUseSessionTickets(Z)V (greylist-
max-q,test-api, reflection, denied)
01-23 15:06:59.903 29651 29651 W com.whatsapp: Accessing hidden method
Lcom/android/org/conscrypt/AbstractConscryptSocket;->setUseSessionTickets(Z)V
(greylist-max-q, reflection, denied)
01-23 15:06:59.959 29651 29651 W linker : Warning:
"/data/data/com.whatsapp/files/decompressed/libs.spk.zst/libc++_shared.so" unused
DT entry: unknown processor-specific (type 0x70000001 arg 0x0) (ignoring)
01-23 15:07:00.041 29651 29651 W com.whatsapp: type=1400 audit(0.0:336699): avc:
granted { execute } for
path="/data/data/com.whatsapp/files/decompressed/libs.spk.zst/libcurve25519.so"
dev="dm-11" ino=722534 scontext=u:r:untrusted_app:s0:c154,c258,c512,c768
tcontext=u:object_r:app_data_file:s0:c154,c258,c512,c768 tclass=file
app=com.whatsapp
01-23 15:07:00.049 29651 29651 W com.whatsapp: type=1400 audit(0.0:336700): avc:
granted { execute } for
path="/data/data/com.whatsapp/files/decompressed/libs.spk.zst/libwhatsapp.so"
dev="dm-11" ino=716707 scontext=u:r:untrusted_app:s0:c154,c258,c512,c768
tcontext=u:object_r:app_data_file:s0:c154,c258,c512,c768 tclass=file
app=com.whatsapp
01-23 15:07:00.049 29651 29651 W com.whatsapp: type=1400 audit(0.0:336702): avc:
granted { execute } for
path="/data/data/com.whatsapp/files/decompressed/libs.spk.zst/libwhatsapp.so"
dev="dm-11" ino=716707 scontext=u:r:untrusted_app:s0:c154,c258,c512,c768
tcontext=u:object_r:app_data_file:s0:c154,c258,c512,c768 tclass=file
app=com.whatsapp
01-23 15:07:00.049 29651 29651 W com.whatsapp: type=1400 audit(0.0:336703): avc:
denied { execmod } for path="/apex/com.android.runtime/lib64/bionic/libc.so"
dev="loop25" ino=33 scontext=u:r:untrusted_app:s0:c154,c258,c512,c768
tcontext=u:object_r:system_lib_file:s0 tclass=file permissive=0 app=com.whatsapp
01-23 15:07:00.179 29651 29803 W com.whatsapp: Class X.2rL failed lock verification
and will run slower.
01-23 15:07:00.179 29651 29803 W com.whatsapp: Common causes for lock verification
issues are non-optimized dex code
01-23 15:07:00.179 29651 29803 W com.whatsapp: and incorrect proguard
optimizations.
01-23 15:07:00.180 29651 29651 W com.whatsapp: Class X.0eU failed lock verification
and will run slower.
01-23 15:07:00.326 29651 29651 W com.whatsapp: Class com.whatsapp.HomeActivity
failed lock verification and will run slower.
01-23 15:07:00.606 29651 29651 E ion : ioctl c0044901 failed with code -1:
Invalid argument
01-23 15:07:00.649 29651 29651 E ArmVmp : Match on catch block at 0x0a in for 0xc9
01-23 15:07:00.688 29651 29651 E ArmVmp : Match on catch block at 0x0a in for
0x135
01-23 15:07:00.857 29651 29683 W System : ClassLoader referenced unknown path:
system/framework/mediatek-cta.jar
01-23 15:07:00.862 29651 29683 E ArmVmp : No matching catch block at 0x07
01-23 15:07:00.862 29651 29683 E ArmVmp : Match on catch block at 0x02 in for 0x29
01-23 15:07:00.863 29651 29683 W System.err: java.net.UnknownHostException: Unable
to resolve host "pastebin.com": No address associated with hostname
01-23 15:07:00.863 29651 29683 W System.err:
01-23 15:07:00.867 29651 29683 W System.err: at
java.net.Inet6AddressImpl.lookupHostByName(Inet6AddressImpl.java:156)
01-23 15:07:00.867 29651 29683 W System.err:
01-23 15:07:00.868 29651 29683 W System.err: at
java.net.Inet6AddressImpl.lookupAllHostAddr(Inet6AddressImpl.java:103)
01-23 15:07:00.868 29651 29683 W System.err:
01-23 15:07:00.870 29651 29683 W System.err: at
java.net.InetAddress.getAllByName(InetAddress.java:1152)
01-23 15:07:00.872 29651 29683 W System.err:
01-23 15:07:00.875 29651 29683 W System.err: at
com.android.okhttp.Dns$1.lookup(Dns.java:41)
01-23 15:07:00.875 29651 29683 W System.err:
01-23 15:07:00.876 29651 29683 W System.err: at
com.android.okhttp.internal.http.RouteSelector.resetNextInetSocketAddress(RouteSele
ctor.java:178)
01-23 15:07:00.876 29651 29683 W System.err:
01-23 15:07:00.876 29651 29683 W System.err: at
com.android.okhttp.internal.http.RouteSelector.nextProxy(RouteSelector.java:144)
01-23 15:07:00.877 29651 29683 W System.err:
01-23 15:07:00.877 29651 29683 W System.err: at
com.android.okhttp.internal.http.RouteSelector.next(RouteSelector.java:86)
01-23 15:07:00.877 29651 29683 W System.err:
01-23 15:07:00.877 29651 29683 W System.err: at
com.android.okhttp.internal.http.StreamAllocation.findConnection(StreamAllocation.j
ava:176)
01-23 15:07:00.877 29651 29683 W System.err:
01-23 15:07:00.878 29651 29683 W System.err: at
com.android.okhttp.internal.http.StreamAllocation.findHealthyConnection(StreamAlloc
ation.java:128)
01-23 15:07:00.878 29651 29683 W System.err:
01-23 15:07:00.878 29651 29683 W System.err: at
com.android.okhttp.internal.http.StreamAllocation.newStream(StreamAllocation.java:9
7)
01-23 15:07:00.878 29651 29683 W System.err:
01-23 15:07:00.878 29651 29683 W System.err: at
com.android.okhttp.internal.http.HttpEngine.connect(HttpEngine.java:302)
01-23 15:07:00.878 29651 29683 W System.err:
01-23 15:07:00.879 29651 29683 W System.err: at
com.android.okhttp.internal.http.HttpEngine.sendRequest(HttpEngine.java:245)
01-23 15:07:00.879 29651 29683 W System.err:
01-23 15:07:00.879 29651 29683 W System.err: at
com.android.okhttp.internal.huc.HttpURLConnectionImpl.execute(HttpURLConnectionImpl
.java:465)
01-23 15:07:00.879 29651 29683 W System.err:
01-23 15:07:00.879 29651 29683 W System.err: at
com.android.okhttp.internal.huc.HttpURLConnectionImpl.getResponse(HttpURLConnection
Impl.java:411)
01-23 15:07:00.880 29651 29683 W System.err:
01-23 15:07:00.880 29651 29683 W System.err: at
com.android.okhttp.internal.huc.HttpURLConnectionImpl.getInputStream(HttpURLConnect
ionImpl.java:248)
01-23 15:07:00.880 29651 29683 W System.err:
01-23 15:07:00.880 29651 29683 W System.err: at
com.android.okhttp.internal.huc.DelegatingHttpsURLConnection.getInputStream(Delegat
ingHttpsURLConnection.java:211)
01-23 15:07:00.880 29651 29683 W System.err:
01-23 15:07:00.880 29651 29683 W System.err: at
com.android.okhttp.internal.huc.HttpsURLConnectionImpl.getInputStream(HttpsURLConne
ctionImpl.java:30)
01-23 15:07:00.881 29651 29683 W System.err:
01-23 15:07:00.881 29651 29683 W System.err: at
java.net.URL.openStream(URL.java:1072)
01-23 15:07:00.881 29651 29683 W System.err:
01-23 15:07:00.881 29651 29683 W System.err: at
mbmodsd.mbmodsw.mbdialog.MBDialogMan.loadJsonFromUrl(Native Method)
01-23 15:07:00.882 29651 29683 W System.err:
01-23 15:07:00.882 29651 29683 W System.err: at
mbmodsd.mbmodsw.mbdialog.MBDialogMan.access$000(Native Method)
01-23 15:07:00.882 29651 29683 W System.err:
01-23 15:07:00.883 29651 29683 W System.err: at
mbmodsd.mbmodsw.mbdialog.MBDialogMan$FetchJsonTask.doInBackground(Native Method)
01-23 15:07:00.883 29651 29683 W System.err:
01-23 15:07:00.883 29651 29683 W System.err: at
mbmodsd.mbmodsw.mbdialog.MBDialogMan$FetchJsonTask.doInBackground(Native Method)
01-23 15:07:00.883 29651 29683 W System.err:
01-23 15:07:00.883 29651 29683 W System.err: at
android.os.AsyncTask$3.call(AsyncTask.java:394)
01-23 15:07:00.884 29651 29683 W System.err:
01-23 15:07:00.884 29651 29683 W System.err: at
java.util.concurrent.FutureTask.run(FutureTask.java:266)
01-23 15:07:00.884 29651 29683 W System.err:
01-23 15:07:00.884 29651 29683 W System.err: at
android.os.AsyncTask$SerialExecutor$1.run(AsyncTask.java:305)
01-23 15:07:00.885 29651 29683 W System.err:
01-23 15:07:00.885 29651 29683 W System.err: at
java.util.concurrent.ThreadPoolExecutor.runWorker(ThreadPoolExecutor.java:1167)
01-23 15:07:00.885 29651 29683 W System.err:
01-23 15:07:00.885 29651 29683 W System.err: at
java.util.concurrent.ThreadPoolExecutor$Worker.run(ThreadPoolExecutor.java:641)
01-23 15:07:00.885 29651 29683 W System.err:
01-23 15:07:00.886 29651 29683 W System.err: at
java.lang.Thread.run(Thread.java:923)
01-23 15:07:00.886 29651 29683 W System.err:
01-23 15:07:00.887 29651 29683 W System.err: Caused by:
