max-q,test-api, reflection, denied)
01-23 11:47:04.581 3185 3185 W com.whatsapp: Accessing hidden method
Lcom/android/org/conscrypt/AbstractConscryptSocket;->setUseSessionTickets(Z)V
(greylist-max-q, reflection, denied)
01-23 11:47:04.609 3185 3185 W linker : Warning:
"/data/data/com.whatsapp/files/decompressed/libs.spk.zst/libc++_shared.so" unused
DT entry: unknown processor-specific (type 0x70000001 arg 0x0) (ignoring)
01-23 11:47:04.673 3185 3276 W com.whatsapp: Class X.2rL failed lock verification
and will run slower.
01-23 11:47:04.673 3185 3276 W com.whatsapp: Common causes for lock verification
issues are non-optimized dex code
01-23 11:47:04.673 3185 3276 W com.whatsapp: and incorrect proguard
optimizations.
01-23 11:47:04.679 3185 3185 W com.whatsapp: Class X.0eU failed lock verification
and will run slower.
01-23 11:47:04.864 3185 3185 W com.whatsapp: Class com.whatsapp.HomeActivity
failed lock verification and will run slower.
01-23 11:47:04.883 3185 3385 W System : ClassLoader referenced unknown path:
system/framework/mediatek-cta.jar
01-23 11:47:05.094 3185 3185 E ion : ioctl c0044901 failed with code -1:
Invalid argument
01-23 11:47:05.131 3185 3185 E ArmVmp : Match on catch block at 0x0a in for 0xc1
01-23 11:47:05.182 3185 3185 E ArmVmp : Match on catch block at 0x0a in for
0x131
01-23 11:47:05.358 3185 3217 W System : ClassLoader referenced unknown path:
system/framework/mediatek-cta.jar
01-23 11:47:05.366 3185 3217 E ArmVmp : No matching catch block at 0x07
01-23 11:47:05.366 3185 3217 E ArmVmp : Match on catch block at 0x02 in for 0x29
01-23 11:47:05.369 3185 3217 W System.err: java.net.UnknownHostException: Unable
to resolve host "pastebin.com": No address associated with hostname
01-23 11:47:05.371 3185 3217 W System.err:
01-23 11:47:05.375 3185 3217 W System.err: at
java.net.Inet6AddressImpl.lookupHostByName(Inet6AddressImpl.java:156)
01-23 11:47:05.375 3185 3217 W System.err:
01-23 11:47:05.376 3185 3217 W System.err: at
java.net.Inet6AddressImpl.lookupAllHostAddr(Inet6AddressImpl.java:103)
01-23 11:47:05.376 3185 3217 W System.err:
01-23 11:47:05.377 3185 3217 W System.err: at
java.net.InetAddress.getAllByName(InetAddress.java:1152)
01-23 11:47:05.377 3185 3217 W System.err:
01-23 11:47:05.381 3185 3217 W System.err: at
com.android.okhttp.Dns$1.lookup(Dns.java:41)
01-23 11:47:05.382 3185 3217 W System.err:
01-23 11:47:05.383 3185 3217 W System.err: at
com.android.okhttp.internal.http.RouteSelector.resetNextInetSocketAddress(RouteSele
ctor.java:178)
01-23 11:47:05.383 3185 3217 W System.err:
01-23 11:47:05.384 3185 3217 W System.err: at
com.android.okhttp.internal.http.RouteSelector.nextProxy(RouteSelector.java:144)
01-23 11:47:05.384 3185 3217 W System.err:
01-23 11:47:05.384 3185 3217 W System.err: at
com.android.okhttp.internal.http.RouteSelector.next(RouteSelector.java:86)
01-23 11:47:05.385 3185 3217 W System.err:
01-23 11:47:05.385 3185 3217 W System.err: at
com.android.okhttp.internal.http.StreamAllocation.findConnection(StreamAllocation.j
ava:176)
01-23 11:47:05.385 3185 3217 W System.err:
01-23 11:47:05.386 3185 3217 W System.err: at
com.android.okhttp.internal.http.StreamAllocation.findHealthyConnection(StreamAlloc
ation.java:128)
01-23 11:47:05.388 3185 3217 W System.err:
01-23 11:47:05.392 3185 3217 W System.err: at
com.android.okhttp.internal.http.StreamAllocation.newStream(StreamAllocation.java:9
7)
01-23 11:47:05.393 3185 3217 W System.err:
01-23 11:47:05.395 3185 3217 W System.err: at
com.android.okhttp.internal.http.HttpEngine.connect(HttpEngine.java:302)
01-23 11:47:05.397 3185 3217 W System.err:
01-23 11:47:05.399 3185 3217 W System.err: at
com.android.okhttp.internal.http.HttpEngine.sendRequest(HttpEngine.java:245)
01-23 11:47:05.399 3185 3217 W System.err:
01-23 11:47:05.400 3185 3217 W System.err: at
com.android.okhttp.internal.huc.HttpURLConnectionImpl.execute(HttpURLConnectionImpl
.java:465)
01-23 11:47:05.400 3185 3217 W System.err:
01-23 11:47:05.402 3185 3217 W System.err: at
com.android.okhttp.internal.huc.HttpURLConnectionImpl.getResponse(HttpURLConnection
Impl.java:411)
01-23 11:47:05.402 3185 3217 W System.err:
01-23 11:47:05.404 3185 3217 W System.err: at
com.android.okhttp.internal.huc.HttpURLConnectionImpl.getInputStream(HttpURLConnect
ionImpl.java:248)
01-23 11:47:05.404 3185 3217 W System.err:
01-23 11:47:05.405 3185 3217 W System.err: at
com.android.okhttp.internal.huc.DelegatingHttpsURLConnection.getInputStream(Delegat
ingHttpsURLConnection.java:211)
01-23 11:47:05.405 3185 3217 W System.err:
01-23 11:47:05.407 3185 3217 W System.err: at
com.android.okhttp.internal.huc.HttpsURLConnectionImpl.getInputStream(HttpsURLConne
ctionImpl.java:30)
01-23 11:47:05.407 3185 3217 W System.err:
01-23 11:47:05.408 3185 3217 W System.err: at
java.net.URL.openStream(URL.java:1072)
01-23 11:47:05.408 3185 3217 W System.err:
01-23 11:47:05.411 3185 3217 W System.err: at
mbmodsd.mbmodsw.mbdialog.MBDialogMan.loadJsonFromUrl(Native Method)
01-23 11:47:05.412 3185 3217 W System.err:
01-23 11:47:05.415 3185 3217 W System.err: at
mbmodsd.mbmodsw.mbdialog.MBDialogMan.access$000(Native Method)
01-23 11:47:05.416 3185 3217 W System.err:
01-23 11:47:05.416 3185 3217 W System.err: at
mbmodsd.mbmodsw.mbdialog.MBDialogMan$FetchJsonTask.doInBackground(Native Method)
01-23 11:47:05.417 3185 3217 W System.err:
01-23 11:47:05.417 3185 3217 W System.err: at
mbmodsd.mbmodsw.mbdialog.MBDialogMan$FetchJsonTask.doInBackground(Native Method)
01-23 11:47:05.418 3185 3217 W System.err:
01-23 11:47:05.418 3185 3217 W System.err: at
android.os.AsyncTask$3.call(AsyncTask.java:394)
01-23 11:47:05.418 3185 3217 W System.err:
01-23 11:47:05.419 3185 3217 W System.err: at
java.util.concurrent.FutureTask.run(FutureTask.java:266)
01-23 11:47:05.420 3185 3217 W System.err:
01-23 11:47:05.431 3185 3217 W System.err: at
android.os.AsyncTask$SerialExecutor$1.run(AsyncTask.java:305)
01-23 11:47:05.431 3185 3217 W System.err:
01-23 11:47:05.431 3185 3217 W System.err: at
java.util.concurrent.ThreadPoolExecutor.runWorker(ThreadPoolExecutor.java:1167)
01-23 11:47:05.431 3185 3217 W System.err:
01-23 11:47:05.437 3185 3217 W System.err: at
java.util.concurrent.ThreadPoolExecutor$Worker.run(ThreadPoolExecutor.java:641)
01-23 11:47:05.440 3185 3217 W System.err:
01-23 11:47:05.441 3185 3217 W System.err: at
java.lang.Thread.run(Thread.java:923)
01-23 11:47:05.441 3185 3217 W System.err:
01-23 11:47:05.443 3185 3217 W System.err: Caused by:
android.system.GaiException: android_getaddrinfo failed: EAI_NODATA (No address
associated with hostname)
01-23 11:47:05.445 3185 3217 W System.err:
01-23 11:47:05.447 3185 3217 W System.err: at
libcore.io.Linux.android_getaddrinfo(Native Method)
01-23 11:47:05.448 3185 3217 W System.err:
01-23 11:47:05.448 3185 3217 W System.err: at
libcore.io.ForwardingOs.android_getaddrinfo(ForwardingOs.java:73)
01-23 11:47:05.450 3185 3217 W System.err:
01-23 11:47:05.458 3185 3217 W System.err: at
libcore.io.BlockGuardOs.android_getaddrinfo(BlockGuardOs.java:202)
01-23 11:47:05.459 3185 3217 W System.err:
01-23 11:47:05.460 3185 3217 W System.err: at
libcore.io.ForwardingOs.android_getaddrinfo(ForwardingOs.java:73)
01-23 11:47:05.460 3185 3217 W System.err:
01-23 11:47:05.469 3185 3217 W System.err: at
java.net.Inet6AddressImpl.lookupHostByName(Inet6AddressImpl.java:135)
01-23 11:47:05.469 3185 3217 W System.err:
01-23 11:47:05.470 3185 3217 W System.err: ... 27 more
01-23 11:47:05.470 3185 3217 W System.err:
01-23 11:47:05.621 3185 3185 E libc : Access denied finding property
"ro.vendor.tgpa_resolution_tuner"
01-23 11:47:05.634 3185 3185 E libc : Access denied finding property
"ro.vendor.scaler_version"
01-23 11:47:05.636 3185 3185 E libc : Access denied finding property
"ro.vendor.scaler_version"
01-23 11:47:05.729 3185 3372 E ion : ioctl c0044901 failed with code -1:
Invalid argument
01-23 11:47:07.214 3185 3185 W FingerprintManager: sendAcquiredResult acquireInfo
= 6vendorCode = 2
01-23 11:47:07.214 3185 3185 W FingerprintManager: Invalid acquired message: 6, 2
01-23 11:47:07.271 3185 3185 W FingerprintManager: sendAcquiredResult acquireInfo
= 0vendorCode = 0
01-23 11:47:07.512 3185 3185 E ArmVmp : Match on catch block at 0x0a in for 0xd9
01-23 11:47:07.583 3185 3221 W LibraryVersion: Failed to get app version for
libraryName: firebase-iid
01-23 11:47:09.043 3185 4111 W LOTTIE : Animation contains merge paths. Merge
paths are only supported on KitKat+ and must be manually enabled by calling
enableMergePathsForKitKatAndAbove().
01-23 11:47:09.294 3185 4156 E libc : Access denied finding property
"vendor.debug.drm.logv"
01-23 11:47:09.294 3185 4156 E libc : Access denied finding property
"vendor.debug.drm.logv"
01-23 11:47:09.295 3185 4156 E libc : Access denied finding property
"vendor.debug.drm.logd"
01-23 11:47:09.295 3185 4156 E libc : Access denied finding property
"vendor.debug.drm.logv"
01-23 11:47:14.525 3185 3185 E RecyclerView: No adapter attached; skipping layout
01-23 11:47:14.692 3185 4727 W System.err: java.lang.NullPointerException:
Attempt to invoke interface method 'void
com.transsion.log.sub.ITranLogSubManager.compulateSkipperFrame(android.os.Bundle)'
on a null object reference
01-23 11:47:14.692 3185 4727 W System.err:
01-23 11:47:14.692 3185 4727 W System.err: at
android.app.ActivityThread$3.run(ActivityThread.java:8063)
01-23 11:47:14.692 3185 4727 W System.err:
01-23 11:47:14.692 3185 4727 W System.err: at
java.util.concurrent.ThreadPoolExecutor.runWorker(ThreadPoolExecutor.java:1167)
01-23 11:47:14.692 3185 4727 W System.err:
01-23 11:47:14.692 3185 4727 W System.err: at
java.util.concurrent.ThreadPoolExecutor$Worker.run(ThreadPoolExecutor.java:641)
01-23 11:47:14.692 3185 4727 W System.err:
01-23 11:47:14.693 3185 4727 W System.err: at
java.lang.Thread.run(Thread.java:923)
01-23 11:47:14.693 3185 4727 W System.err:
01-23 11:47:14.860 3185 3185 E RecyclerView: No adapter attached; skipping layout
01-23 11:47:15.060 3185 3185 W LOTTIE : Animation contains merge paths but they
are disabled.
01-23 11:47:16.961 3185 4788 E RenderScript: Failed loading RS driver: dlopen
failed: library "libRSDriver_mtk.so" not found
01-23 11:47:16.961 3185 4788 E RenderScript: Failed to load runtime
libRSDriver_mtk.so, loading default
01-23 11:47:17.080 3185 4111 W LOTTIE : Unknown shape type rd
01-23 11:47:17.177 3185 3185 E ArmVmp : Match on catch block at 0x0a in for 0xc9
01-23 11:47:17.181 3185 3185 E ArmVmp : Match on catch block at 0x0a in for 0xc9
01-23 11:47:17.219 3185 4727 W System.err: java.lang.NullPointerException:
Attempt to invoke interface method 'void
com.transsion.log.sub.ITranLogSubManager.compulateSkipperFrame(android.os.Bundle)'
on a null object reference
01-23 11:47:17.219 3185 4727 W System.err:
01-23 11:47:17.219 3185 4727 W System.err: at
android.app.ActivityThread$3.run(ActivityThread.java:8063)
01-23 11:47:17.219 3185 4727 W System.err:
01-23 11:47:17.219 3185 4727 W System.err: at
java.util.concurrent.ThreadPoolExecutor.runWorker(ThreadPoolExecutor.java:1167)
01-23 11:47:17.219 3185 4727 W System.err:
01-23 11:47:17.220 3185 4727 W System.err: at
java.util.concurrent.ThreadPoolExecutor$Worker.run(ThreadPoolExecutor.java:641)
01-23 11:47:17.220 3185 4727 W System.err:
01-23 11:47:17.220 3185 4727 W System.err: at
java.lang.Thread.run(Thread.java:923)
01-23 11:47:17.220 3185 4727 W System.err:
01-23 11:47:17.423 3185 3185 E ArmVmp : Match on catch block at 0xc3 in for 0xb9
01-23 11:47:17.430 3185 3185 E ArmVmp : Match on catch block at 0xc3 in for 0xb5
01-23 11:47:17.432 3185 3185 E ArmVmp : Match on catch block at 0xc3 in for 0xb5
01-23 11:47:17.484 3185 3185 E ArmVmp : Match on catch block at 0xc3 in for 0xa9
01-23 11:47:17.487 3185 3185 E ArmVmp : Match on catch block at 0xc3 in for 0xa5
01-23 11:47:17.489 3185 3185 E ArmVmp : Match on catch block at 0xc3 in for 0xa5
01-23 11:47:17.528 3185 3185 E ArmVmp : Match on catch block at 0xc3 in for 0xa9
01-23 11:47:17.530 3185 3185 E ArmVmp : Match on catch block at 0xc3 in for 0xa1
01-23 11:47:17.532 3185 3185 E ArmVmp : Match on catch block at 0xc3 in for 0xa1
01-23 11:47:17.563 3185 3185 E ArmVmp : Match on catch block at 0xc3 in for 0xa5
01-23 11:47:17.565 3185 3185 E ArmVmp : Match on catch block at 0xc3 in for 0xa9
01-23 11:47:17.567 3185 3185 E ArmVmp : Match on catch block at 0xc3 in for 0xa9
01-23 11:47:18.028 3185 3185 E ArmVmp : Match on catch block at 0xc3 in for 0xa5
01-23 11:47:18.031 3185 3185 E ArmVmp : Match on catch block at 0xc3 in for 0xa9
01-23 11:47:18.034 3185 3185 E ArmVmp : Match on catch block at 0xc3 in for 0xa9
01-23 11:47:18.045 3185 3185 E ArmVmp : Match on catch block at 0xc3 in for 0xa1
01-23 11:47:18.050 3185 3185 E ArmVmp : Match on catch block at 0xc3 in for 0xa5
01-23 11:47:18.052 3185 3185 E ArmVmp : Match on catch block at 0xc3 in for 0xa5
01-23 11:47:18.062 3185 3185 E ArmVmp : Match on catch block at 0xc3 in for 0xa9
01-23 11:47:18.065 3185 3185 E ArmVmp : Match on catch block at 0xc3 in for 0xa1
01-23 11:47:18.067 3185 3185 E ArmVmp : Match on catch block at 0xc3 in for 0xa1
01-23 11:47:18.078 3185 3185 E ArmVmp : Match on catch block at 0xc3 in for 0xa5
01-23 11:47:18.081 3185 3185 E ArmVmp : Match on catch block at 0xc3 in for 0xa9
01-23 11:47:18.083 3185 3185 E ArmVmp : Match on catch block at 0xc3 in for 0xa9
01-23 11:47:18.094 3185 3185 E ArmVmp : Match on catch block at 0xc3 in for 0xa1
01-23 11:47:18.097 3185 3185 E ArmVmp : Match on catch block at 0xc3 in for 0xa5
01-23 11:47:18.099 3185 3185 E ArmVmp : Match on catch block at 0xc3 in for 0xa5
01-23 11:47:18.111 3185 3185 E ArmVmp : Match on catch block at 0xc3 in for 0xa9
01-23 11:47:18.114 3185 3185 E ArmVmp : Match on catch block at 0xc3 in for 0xa1
01-23 11:47:18.116 3185 3185 E ArmVmp : Match on catch block at 0xc3 in for 0xa1
01-23 11:47:18.128 3185 3185 E ArmVmp : Match on catch block at 0xc3 in for 0xa5
01-23 11:47:18.130 3185 3185 E ArmVmp : Match on catch block at 0xc3 in for 0xa9
01-23 11:47:18.132 3185 3185 E ArmVmp : Match on catch block at 0xc3 in for 0xa9
01-23 11:47:18.144 3185 3185 E ArmVmp : Match on catch block at 0xc3 in for 0xa1
01-23 11:47:18.147 3185 3185 E ArmVmp : Match on catch block at 0xc3 in for 0xa5
01-23 11:47:18.149 3185 3185 E ArmVmp : Match on catch block at 0xc3 in for 0xa5
01-23 11:47:18.161 3185 3185 E ArmVmp : Match on catch block at 0xc3 in for 0xa9
01-23 11:47:18.165 3185 3185 E ArmVmp : Match on catch block at 0xc3 in for 0xa1
01-23 11:47:18.167 3185 3185 E ArmVmp : Match on catch block at 0xc3 in for 0xa1
01-23 11:47:18.177 3185 3185 E ArmVmp : Match on catch block at 0xc3 in for 0xa5
01-23 11:47:18.181 3185 3185 E ArmVmp : Match on catch block at 0xc3 in for 0xa9
01-23 11:47:18.182 3185 3185 E ArmVmp : Match on catch block at 0xc3 in for 0xa9
01-23 11:47:18.194 3185 3185 E ArmVmp : Match on catch block at 0xc3 in for 0xa1
01-23 11:47:18.197 3185 3185 E ArmVmp : Match on catch block at 0xc3 in for 0xa5
01-23 11:47:18.199 3185 3185 E ArmVmp : Match on catch block at 0xc3 in for 0xa5
01-23 11:47:18.210 3185 3185 E ArmVmp : Match on catch block at 0xc3 in for 0xa9
01-23 11:47:18.213 3185 3185 E ArmVmp : Match on catch block at 0xc3 in for 0xa1
01-23 11:47:18.215 3185 3185 E ArmVmp : Match on catch block at 0xc3 in for 0xa1
01-23 11:47:18.228 3185 3185 E ArmVmp : Match on catch block at 0xc3 in for 0xa5
01-23 11:47:18.230 3185 3185 E ArmVmp : Match on catch block at 0xc3 in for 0xa9
01-23 11:47:18.231 3185 3185 E ArmVmp : Match on catch block at 0xc3 in for 0xa9
01-23 11:47:18.243 3185 3185 E ArmVmp : Match on catch block at 0xc3 in for 0xa1
01-23 11:47:18.246 3185 3185 E ArmVmp : Match on catch block at 0xc3 in for 0xa5
01-23 11:47:18.247 3185 3185 E ArmVmp : Match on catch block at 0xc3 in for 0xa5
01-23 11:47:18.261 3185 3185 E ArmVmp : Match on catch block at 0xc3 in for 0xa9
01-23 11:47:18.263 3185 3185 E ArmVmp : Match on catch block at 0xc3 in for 0xa1
01-23 11:47:18.265 3185 3185 E ArmVmp : Match on catch block at 0xc3 in for 0xa1
01-23 11:47:18.277 3185 3185 E ArmVmp : Match on catch block at 0xc3 in for 0xa5
01-23 11:47:18.279 3185 3185 E ArmVmp : Match on catch block at 0xc3 in for 0xa9
01-23 11:47:18.280 3185 3185 E ArmVmp : Match on catch block at 0xc3 in for 0xa9
01-23 11:47:18.294 3185 3185 E ArmVmp : Match on catch block at 0xc3 in for 0xa1
01-23 11:47:18.296 3185 3185 E ArmVmp : Match on catch block at 0xc3 in for 0xa5
01-23 11:47:18.297 3185 3185 E ArmVmp : Match on catch block at 0xc3 in for 0xa5
01-23 11:47:18.311 3185 3185 E ArmVmp : Match on catch block at 0xc3 in for 0xa9
01-23 11:47:18.313 3185 3185 E ArmVmp : Match on catch block at 0xc3 in for 0xa1
01-23 11:47:18.315 3185 3185 E ArmVmp : Match on catch block at 0xc3 in for 0xa1
01-23 11:47:18.328 3185 3185 E ArmVmp : Match on catch block at 0xc3 in for 0xa5
01-23 11:47:18.330 3185 3185 E ArmVmp : Match on catch block at 0xc3 in for 0xa9
01-23 11:47:18.331 3185 3185 E ArmVmp : Match on catch block at 0xc3 in for 0xa9
01-23 11:47:18.345 3185 3185 E ArmVmp : Match on catch block at 0xc3 in for 0xa1
01-23 11:47:18.347 3185 3185 E ArmVmp : Match on catch block at 0xc3 in for 0xa5
01-23 11:47:18.348 3185 3185 E ArmVmp : Match on catch block at 0xc3 in for 0xa5
01-23 11:47:18.361 3185 3185 E ArmVmp : Match on catch block at 0xc3 in for 0xa9
01-23 11:47:18.363 3185 3185 E ArmVmp : Match on catch block at 0xc3 in for 0xa1
01-23 11:47:18.364 3185 3185 E ArmVmp : Match on catch block at 0xc3 in for 0xa1
01-23 11:47:18.378 3185 3185 E ArmVmp : Match on catch block at 0xc3 in for 0xa5
01-23 11:47:18.380 3185 3185 E ArmVmp : Match on catch block at 0xc3 in for 0xa9
01-23 11:47:18.382 3185 3185 E ArmVmp : Match on catch block at 0xc3 in for 0xa9
01-23 11:47:18.394 3185 3185 E ArmVmp : Match on catch block at 0xc3 in for 0xa1
01-23 11:47:18.396 3185 3185 E ArmVmp : Match on catch block at 0xc3 in for 0xa5
01-23 11:47:18.398 3185 3185 E ArmVmp : Match on catch block at 0xc3 in for 0xa5
01-23 11:47:18.411 3185 3185 E ArmVmp : Match on catch block at 0xc3 in for 0xa9
01-23 11:47:18.413 3185 3185 E ArmVmp : Match on catch block at 0xc3 in for 0xa1
01-23 11:47:18.415 3185 3185 E ArmVmp : Match on catch block at 0xc3 in for 0xa1
01-23 11:47:18.428 3185 3185 E ArmVmp : Match on catch block at 0xc3 in for 0xa5
01-23 11:47:18.430 3185 3185 E ArmVmp : Match on catch block at 0xc3 in for 0xa9
01-23 11:47:18.431 3185 3185 E ArmVmp : Match on catch block at 0xc3 in for 0xa9
01-23 11:47:18.444 3185 3185 E ArmVmp : Match on catch block at 0xc3 in for 0xa1
01-23 11:47:18.446 3185 3185 E ArmVmp : Match on catch block at 0xc3 in for 0xa5
01-23 11:47:18.448 3185 3185 E ArmVmp : Match on catch block at 0xc3 in for 0xa5
01-23 11:47:18.462 3185 3185 E ArmVmp : Match on catch block at 0xc3 in for 0xa9
01-23 11:47:18.464 3185 3185 E ArmVmp : Match on catch block at 0xc3 in for 0xa1
01-23 11:47:18.466 3185 3185 E ArmVmp : Match on catch block at 0xc3 in for 0xa1
01-23 11:47:18.479 3185 3185 E ArmVmp : Match on catch block at 0xc3 in for 0xa5
01-23 11:47:18.482 3185 3185 E ArmVmp : Match on catch block at 0xc3 in for 0xa9
01-23 11:47:18.483 3185 3185 E ArmVmp : Match on catch block at 0xc3 in for 0xa9
01-23 11:47:18.495 3185 3185 E ArmVmp : Match on catch block at 0xc3 in for 0xa1
01-23 11:47:18.497 3185 3185 E ArmVmp : Match on catch block at 0xc3 in for 0xa5
01-23 11:47:18.499 3185 3185 E ArmVmp : Match on catch block at 0xc3 in for 0xa5
01-23 11:47:18.511 3185 3185 E ArmVmp : Match on catch block at 0xc3 in for 0xa9
01-23 11:47:18.514 3185 3185 E ArmVmp : Match on catch block at 0xc3 in for 0xa1
01-23 11:47:18.516 3185 3185 E ArmVmp : Match on catch block at 0xc3 in for 0xa1
01-23 11:47:18.528 3185 3185 E ArmVmp : Match on catch block at 0xc3 in for 0xa5
01-23 11:47:18.530 3185 3185 E ArmVmp : Match on catch block at 0xc3 in for 0xa9
01-23 11:47:18.531 3185 3185 E ArmVmp : Match on catch block at 0xc3 in for 0xa9
01-23 11:47:18.544 3185 3185 E ArmVmp : Match on catch block at 0xc3 in for 0xa1
01-23 11:47:18.546 3185 3185 E ArmVmp : Match on catch block at 0xc3 in for 0xa5
01-23 11:47:18.548 3185 3185 E ArmVmp : Match on catch block at 0xc3 in for 0xa5
01-23 11:47:18.561 3185 3185 E ArmVmp : Match on catch block at 0xc3 in for 0xa9
01-23 11:47:18.563 3185 3185 E ArmVmp : Match on catch block at 0xc3 in for 0xa1
01-23 11:47:18.565 3185 3185 E ArmVmp : Match on catch block at 0xc3 in for 0xa1
01-23 11:47:18.578 3185 3185 E ArmVmp : Match on catch block at 0xc3 in for 0xa5
01-23 11:47:18.581 3185 3185 E ArmVmp : Match on catch block at 0xc3 in for 0xa9
01-23 11:47:18.583 3185 3185 E ArmVmp : Match on catch block at 0xc3 in for 0xa9
01-23 11:47:18.594 3185 3185 E ArmVmp : Match on catch block at 0xc3 in for 0xa1
01-23 11:47:18.596 3185 3185 E ArmVmp : Match on catch block at 0xc3 in for 0xa5
01-23 11:47:18.598 3185 3185 E ArmVmp : Match on catch block at 0xc3 in for 0xa5
01-23 11:47:18.611 3185 3185 E ArmVmp : Match on catch block at 0xc3 in for 0xa9
01-23 11:47:18.613 3185 3185 E ArmVmp : Match on catch block at 0xc3 in for 0xa1
01-23 11:47:18.614 3185 3185 E ArmVmp : Match on catch block at 0xc3 in for 0xa1
01-23 11:47:18.628 3185 3185 E ArmVmp : Match on catch block at 0xc3 in for 0xa5
01-23 11:47:18.630 3185 3185 E ArmVmp : Match on catch block at 0xc3 in for 0xa9
01-23 11:47:18.631 3185 3185 E ArmVmp : Match on catch block at 0xc3 in for 0xa9
01-23 11:47:18.644 3185 3185 E ArmVmp : Match on catch block at 0xc3 in for 0xa1
01-23 11:47:18.647 3185 3185 E ArmVmp : Match on catch block at 0xc3 in for 0xa5
01-23 11:47:18.648 3185 3185 E ArmVmp : Match on catch block at 0xc3 in for 0xa5
01-23 11:47:18.661 3185 3185 E ArmVmp : Match on catch block at 0xc3 in for 0xa9
01-23 11:47:18.663 3185 3185 E ArmVmp : Match on catch block at 0xc3 in for 0xa1
01-23 11:47:18.664 3185 3185 E ArmVmp : Match on catch block at 0xc3 in for 0xa1
01-23 11:47:18.678 3185 3185 E ArmVmp : Match on catch block at 0xc3 in for 0xa5
01-23 11:47:18.680 3185 3185 E ArmVmp : Match on catch block at 0xc3 in for 0xa9
01-23 11:47:18.682 3185 3185 E ArmVmp : Match on catch block at 0xc3 in for 0xa9
01-23 11:47:18.694 3185 3185 E ArmVmp : Match on catch block at 0xc3 in for 0xa1
01-23 11:47:18.696 3185 3185 E ArmVmp : Match on catch block at 0xc3 in for 0xa5
01-23 11:47:18.698 3185 3185 E ArmVmp : Match on catch block at 0xc3 in for 0xa5
01-23 11:47:18.712 3185 3185 E ArmVmp : Match on catch block at 0xc3 in for 0xa9
01-23 11:47:18.715 3185 3185 E ArmVmp : Match on catch block at 0xc3 in for 0xa1
01-23 11:47:18.717 3185 3185 E ArmVmp : Match on catch block at 0xc3 in for 0xa1
01-23 11:47:18.729 3185 3185 E ArmVmp : Match on catch block at 0xc3 in for 0xa5
01-23 11:47:18.731 3185 3185 E ArmVmp : Match on catch block at 0xc3 in for 0xa9
01-23 11:47:18.733 3185 3185 E ArmVmp : Match on catch block at 0xc3 in for 0xa9
01-23 11:47:18.745 3185 3185 E ArmVmp : Match on catch block at 0xc3 in for 0xa1
01-23 11:47:18.749 3185 3185 E ArmVmp : Match on catch block at 0xc3 in for 0xa5
01-23 11:47:18.751 3185 3185 E ArmVmp : Match on catch block at 0xc3 in for 0xa5
01-23 11:47:18.762 3185 3185 E ArmVmp : Match on catch block at 0xc3 in for 0xa9
01-23 11:47:18.765 3185 3185 E ArmVmp : Match on catch block at 0xc3 in for 0xa1
01-23 11:47:18.767 3185 3185 E ArmVmp : Match on catch block at 0xc3 in for 0xa1
01-23 11:47:18.778 3185 3185 E ArmVmp : Match on catch block at 0xc3 in for 0xa5
01-23 11:47:18.781 3185 3185 E ArmVmp : Match on catch block at 0xc3 in for 0xa9
01-23 11:47:18.783 3185 3185 E ArmVmp : Match on catch block at 0xc3 in for 0xa9
01-23 11:47:18.795 3185 3185 E ArmVmp : Match on catch block at 0xc3 in for 0xa1
01-23 11:47:18.798 3185 3185 E ArmVmp : Match on catch block at 0xc3 in for 0xa5
01-23 11:47:18.800 3185 3185 E ArmVmp : Match on catch block at 0xc3 in for 0xa5
01-23 11:47:18.813 3185 3185 E ArmVmp : Match on catch block at 0xc3 in for 0xa9
01-23 11:47:18.816 3185 3185 E ArmVmp : Match on catch block at 0xc3 in for 0xa1
01-23 11:47:18.818 3185 3185 E ArmVmp : Match on catch block at 0xc3 in for 0xa1
01-23 11:47:18.829 3185 3185 E ArmVmp : Match on catch block at 0xc3 in for 0xa5
01-23 11:47:18.832 3185 3185 E ArmVmp : Match on catch block at 0xc3 in for 0xa9
01-23 11:47:18.834 3185 3185 E ArmVmp : Match on catch block at 0xc3 in for 0xa9
01-23 11:47:18.845 3185 3185 E ArmVmp : Match on catch block at 0xc3 in for 0xa1
01-23 11:47:18.849 3185 3185 E ArmVmp : Match on catch block at 0xc3 in for 0xa5
01-23 11:47:18.851 3185 3185 E ArmVmp : Match on catch block at 0xc3 in for 0xa5
01-23 11:47:18.862 3185 3185 E ArmVmp : Match on catch block at 0xc3 in for 0xa9
01-23 11:47:18.865 3185 3185 E ArmVmp : Match on catch block at 0xc3 in for 0xa1
01-23 11:47:18.868 3185 3185 E ArmVmp : Match on catch block at 0xc3 in for 0xa1
01-23 11:47:18.879 3185 3185 E ArmVmp : Match on catch block at 0xc3 in for 0xa5
01-23 11:47:18.882 3185 3185 E ArmVmp : Match on catch block at 0xc3 in for 0xa9
01-23 11:47:18.884 3185 3185 E ArmVmp : Match on catch block at 0xc3 in for 0xa9
01-23 11:47:18.895 3185 3185 E ArmVmp : Match on catch block at 0xc3 in for 0xa1
01-23 11:47:18.899 3185 3185 E ArmVmp : Match on catch block at 0xc3 in for 0xa5
01-23 11:47:18.901 3185 3185 E ArmVmp : Match on catch block at 0xc3 in for 0xa5
01-23 11:47:18.912 3185 3185 E ArmVmp : Match on catch block at 0xc3 in for 0xa9
01-23 11:47:18.916 3185 3185 E ArmVmp : Match on catch block at 0xc3 in for 0xa1
01-23 11:47:18.918 3185 3185 E ArmVmp : Match on catch block at 0xc3 in for 0xa1
01-23 11:47:18.929 3185 3185 E ArmVmp : Match on catch block at 0xc3 in for 0xa5
01-23 11:47:18.932 3185 3185 E ArmVmp : Match on catch block at 0xc3 in for 0xa9
01-23 11:47:18.935 3185 3185 E ArmVmp : Match on catch block at 0xc3 in for 0xa9
01-23 11:47:18.946 3185 3185 E ArmVmp : Match on catch block at 0xc3 in for 0xa1
01-23 11:47:18.949 3185 3185 E ArmVmp : Match on catch block at 0xc3 in for 0xa5
01-23 11:47:18.951 3185 3185 E ArmVmp : Match on catch block at 0xc3 in for 0xa5
01-23 11:47:18.962 3185 3185 E ArmVmp : Match on catch block at 0xc3 in for 0xa9
01-23 11:47:18.965 3185 3185 E ArmVmp : Match on catch block at 0xc3 in for 0xa1
01-23 11:47:18.967 3185 3185 E ArmVmp : Match on catch block at 0xc3 in for 0xa1
01-23 11:47:18.979 3185 3185 E ArmVmp : Match on catch block at 0xc3 in for 0xa5
01-23 11:47:18.982 3185 3185 E ArmVmp : Match on catch block at 0xc3 in for 0xa9
01-23 11:47:18.984 3185 3185 E ArmVmp : Match on catch block at 0xc3 in for 0xa9
01-23 11:47:18.995 3185 3185 E ArmVmp : Match on catch block at 0xc3 in for 0xa1
01-23 11:47:18.998 3185 3185 E ArmVmp : Match on catch block at 0xc3 in for 0xa5
01-23 11:47:19.000 3185 3185 E ArmVmp : Match on catch block at 0xc3 in for 0xa5
01-23 11:47:19.012 3185 3185 E ArmVmp : Match on catch block at 0xc3 in for 0xa9
01-23 11:47:19.015 3185 3185 E ArmVmp : Match on catch block at 0xc3 in for 0xa1
01-23 11:47:19.017 3185 3185 E ArmVmp : Match on catch block at 0xc3 in for 0xa1
01-23 11:47:19.029 3185 3185 E ArmVmp : Match on catch block at 0xc3 in for 0xa5
01-23 11:47:19.033 3185 3185 E ArmVmp : Match on catch block at 0xc3 in for 0xa9
01-23 11:47:19.035 3185 3185 E ArmVmp : Match on catch block at 0xc3 in for 0xa9
01-23 11:47:19.046 3185 3185 E ArmVmp : Match on catch block at 0xc3 in for 0xa1
01-23 11:47:19.048 3185 3185 E ArmVmp : Match on catch block at 0xc3 in for 0xa5
01-23 11:47:19.051 3185 3185 E ArmVmp : Match on catch block at 0xc3 in for 0xa5
01-23 11:47:19.062 3185 3185 E ArmVmp : Match on catch block at 0xc3 in for 0xa9
01-23 11:47:19.065 3185 3185 E ArmVmp : Match on catch block at 0xc3 in for 0xa1
01-23 11:47:19.068 3185 3185 E ArmVmp : Match on catch block at 0xc3 in for 0xa1
01-23 11:47:19.078 3185 3185 E ArmVmp : Match on catch block at 0xc3 in for 0xa5
01-23 11:47:19.081 3185 3185 E ArmVmp : Match on catch block at 0xc3 in for 0xa9
01-23 11:47:19.083 3185 3185 E ArmVmp : Match on catch block at 0xc3 in for 0xa9
01-23 11:47:19.112 3185 3185 E ArmVmp : Match on catch block at 0xc3 in for 0xa1
01-23 11:47:19.115 3185 3185 E ArmVmp : Match on catch block at 0xc3 in for 0xa5
01-23 11:47:19.117 3185 3185 E ArmVmp : Match on catch block at 0xc3 in for 0xa5
01-23 11:47:19.129 3185 3185 E ArmVmp : Match on catch block at 0xc3 in for 0xa9
01-23 11:47:19.132 3185 3185 E ArmVmp : Match on catch block at 0xc3 in for 0xa1
01-23 11:47:19.134 3185 3185 E ArmVmp : Match on catch block at 0xc3 in for 0xa1
01-23 11:47:19.146 3185 3185 E ArmVmp : Match on catch block at 0xc3 in for 0xa5
01-23 11:47:19.149 3185 3185 E ArmVmp : Match on catch block at 0xc3 in for 0xa9
01-23 11:47:19.150 3185 3185 E ArmVmp : Match on catch block at 0xc3 in for 0xa9
01-23 11:47:19.162 3185 3185 E ArmVmp : Match on catch block at 0xc3 in for 0xa1
01-23 11:47:19.165 3185 3185 E ArmVmp : Match on catch block at 0xc3 in for 0xa5
01-23 11:47:19.167 3185 3185 E ArmVmp : Match on catch block at 0xc3 in for 0xa5
01-23 11:47:19.179 3185 3185 E ArmVmp : Match on catch block at 0xc3 in for 0xa9
01-23 11:47:19.182 3185 3185 E ArmVmp : Match on catch block at 0xc3 in for 0xa1
01-23 11:47:19.184 3185 3185 E ArmVmp : Match on catch block at 0xc3 in for 0xa1
01-23 11:47:19.196 3185 3185 E ArmVmp : Match on catch block at 0xc3 in for 0xa5
01-23 11:47:19.198 3185 3185 E ArmVmp : Match on catch block at 0xc3 in for 0xa9
01-23 11:47:19.200 3185 3185 E ArmVmp : Match on catch block at 0xc3 in for 0xa9
01-23 11:47:19.212 3185 3185 E ArmVmp : Match on catch block at 0xc3 in for 0xa1
01-23 11:47:19.217 3185 3185 E ArmVmp : Match on catch block at 0xc3 in for 0xa5
01-23 11:47:19.220 3185 3185 E ArmVmp : Match on catch block at 0xc3 in for 0xa5
01-23 11:47:19.229 3185 3185 E ArmVmp : Match on catch block at 0xc3 in for 0xa9
01-23 11:47:19.233 3185 3185 E ArmVmp : Match on catch block at 0xc3 in for 0xa1
01-23 11:47:19.235 3185 3185 E ArmVmp : Match on catch block at 0xc3 in for 0xa1
01-23 11:47:19.245 3185 3185 E ArmVmp : Match on catch block at 0xc3 in for 0xa5
01-23 11:47:19.249 3185 3185 E ArmVmp : Match on catch block at 0xc3 in for 0xa9
01-23 11:47:19.251 3185 3185 E ArmVmp : Match on catch block at 0xc3 in for 0xa9
01-23 11:47:19.262 3185 3185 E ArmVmp : Match on catch block at 0xc3 in for 0xa1
01-23 11:47:19.265 3185 3185 E ArmVmp : Match on catch block at 0xc3 in for 0xa5
01-23 11:47:19.267 3185 3185 E ArmVmp : Match on catch block at 0xc3 in for 0xa5
01-23 11:47:19.280 3185 3185 E ArmVmp : Match on catch block at 0xc3 in for 0xa9
01-23 11:47:19.283 3185 3185 E ArmVmp : Match on catch block at 0xc3 in for 0xa1
01-23 11:47:19.285 3185 3185 E ArmVmp : Match on catch block at 0xc3 in for 0xa1
01-23 11:47:19.296 3185 3185 E ArmVmp : Match on catch block at 0xc3 in for 0xa5
01-23 11:47:19.299 3185 3185 E ArmVmp : Match on catch block at 0xc3 in for 0xa9
01-23 11:47:19.301 3185 3185 E ArmVmp : Match on catch block at 0xc3 in for 0xa9
01-23 11:47:19.312 3185 3185 E ArmVmp : Match on catch block at 0xc3 in for 0xa1
01-23 11:47:19.317 3185 3185 E ArmVmp : Match on catch block at 0xc3 in for 0xa5
01-23 11:47:19.319 3185 3185 E ArmVmp : Match on catch block at 0xc3 in for 0xa5
01-23 11:47:19.329 3185 3185 E ArmVmp : Match on catch block at 0xc3 in for 0xa9
01-23 11:47:19.332 3185 3185 E ArmVmp : Match on catch block at 0xc3 in for 0xa1
01-23 11:47:19.334 3185 3185 E ArmVmp : Match on catch block at 0xc3 in for 0xa1
01-23 11:47:19.346 3185 3185 E ArmVmp : Match on catch block at 0xc3 in for 0xa5
01-23 11:47:19.348 3185 3185 E ArmVmp : Match on catch block at 0xc3 in for 0xa9
01-23 11:47:19.350 3185 3185 E ArmVmp : Match on catch block at 0xc3 in for 0xa9
01-23 11:47:19.362 3185 3185 E ArmVmp : Match on catch block at 0xc3 in for 0xa1
01-23 11:47:19.364 3185 3185 E ArmVmp : Match on catch block at 0xc3 in for 0xa5
01-23 11:47:19.366 3185 3185 E ArmVmp : Match on catch block at 0xc3 in for 0xa5
01-23 11:47:19.409 3185 3185 E ArmVmp : Match on catch block at 0xc3 in for 0xa9
01-23 11:47:19.411 3185 3185 E ArmVmp : Match on catch block at 0xc3 in for 0xa1
01-23 11:47:19.436 3185 3185 E ArmVmp : Match on catch block at 0xc3 in for 0xa9
01-23 11:47:19.438 3185 3185 E ArmVmp : Match on catch block at 0xc3 in for 0xa1
01-23 11:47:19.447 3185 3185 E ArmVmp : Match on catch block at 0xc3 in for 0xa9
01-23 11:47:19.449 3185 3185 E ArmVmp : Match on catch block at 0xc3 in for 0xa1
01-23 11:47:19.461 3185 3185 E ArmVmp : Match on catch block at 0xc3 in for 0xa9
01-23 11:47:19.464 3185 3185 E ArmVmp : Match on catch block at 0xc3 in for 0xa1
01-23 11:47:19.466 3185 3185 E ArmVmp : Match on catch block at 0xc3 in for 0xa1
01-23 11:47:19.478 3185 3185 E ArmVmp : Match on catch block at 0xc3 in for 0xa5
01-23 11:47:19.483 3185 3185 E ArmVmp : Match on catch block at 0xc3 in for 0xa9
01-23 11:47:19.489 3185 3185 E ArmVmp : Match on catch block at 0xc3 in for 0xa9
01-23 11:47:19.496 3185 3185 E ArmVmp : Match on catch block at 0xc3 in for 0xa1
01-23 11:47:19.504 3185 3185 E ArmVmp : Match on catch block at 0xc3 in for 0xa5
01-23 11:47:19.508 3185 3185 E ArmVmp : Match on catch block at 0xc3 in for 0xa5
01-23 11:47:19.513 3185 3185 E ArmVmp : Match on catch block at 0xc3 in for 0xa9
01-23 11:47:19.518 3185 3185 E ArmVmp : Match on catch block at 0xc3 in for 0xa1
01-23 11:47:19.521 3185 3185 E ArmVmp : Match on catch block at 0xc3 in for 0xa1
01-23 11:47:19.529 3185 3185 E ArmVmp : Match on catch block at 0xc3 in for 0xa5
01-23 11:47:19.533 3185 3185 E ArmVmp : Match on catch block at 0xc3 in for 0xa9
01-23 11:47:19.537 3185 3185 E ArmVmp : Match on catch block at 0xc3 in for 0xa9
01-23 11:47:19.544 3185 3185 E ArmVmp : Match on catch block at 0xc3 in for 0xa1
01-23 11:47:19.547 3185 3185 E ArmVmp : Match on catch block at 0xc3 in for 0xa5
01-23 11:47:19.548 3185 3185 E ArmVmp : Match on catch block at 0xc3 in for 0xa5
01-23 11:47:19.562 3185 3185 E ArmVmp : Match on catch block at 0xc3 in for 0xa9
01-23 11:47:19.564 3185 3185 E ArmVmp : Match on catch block at 0xc3 in for 0xa1
01-23 11:47:19.566 3185 3185 E ArmVmp : Match on catch block at 0xc3 in for 0xa1
01-23 11:47:19.578 3185 3185 E ArmVmp : Match on catch block at 0xc3 in for 0xa5
01-23 11:47:19.580 3185 3185 E ArmVmp : Match on catch block at 0xc3 in for 0xa9
01-23 11:47:19.582 3185 3185 E ArmVmp : Match on catch block at 0xc3 in for 0xa9
01-23 11:47:19.595 3185 3185 E ArmVmp : Match on catch block at 0xc3 in for 0xa1
01-23 11:47:19.598 3185 3185 E ArmVmp : Match on catch block at 0xc3 in for 0xa5
01-23 11:47:19.600 3185 3185 E ArmVmp : Match on catch block at 0xc3 in for 0xa5
01-23 11:47:19.612 3185 3185 E ArmVmp : Match on catch block at 0xc3 in for 0xa9
01-23 11:47:19.615 3185 3185 E ArmVmp : Match on catch block at 0xc3 in for 0xa1
01-23 11:47:19.617 3185 3185 E ArmVmp : Match on catch block at 0xc3 in for 0xa1
01-23 11:47:19.654 3185 3185 E ArmVmp : Match on catch block at 0xc3 in for 0xa1
01-23 11:47:19.656 3185 3185 E ArmVmp : Match on catch block at 0xc3 in for 0xa5
01-23 11:47:19.672 3185 3185 E ArmVmp : Match on catch block at 0xc3 in for 0xa1
01-23 11:47:19.675 3185 3185 E ArmVmp : Match on catch block at 0xc3 in for 0xa5
01-23 11:47:19.688 3185 3185 E ArmVmp : Match on catch block at 0xc3 in for 0xa1
01-23 11:47:19.690 3185 3185 E ArmVmp : Match on catch block at 0xc3 in for 0xa5
01-23 11:47:19.694 3185 3185 E ArmVmp : Match on catch block at 0xc3 in for 0xa1
01-23 11:47:19.696 3185 3185 E ArmVmp : Match on catch block at 0xc3 in for 0xa5
01-23 11:47:19.711 3185 3185 E ArmVmp : Match on catch block at 0xc3 in for 0xa1
01-23 11:47:19.713 3185 3185 E ArmVmp : Match on catch block at 0xc3 in for 0xa5
01-23 11:47:19.727 3185 3185 E ArmVmp : Match on catch block at 0xc3 in for 0xa1
01-23 11:47:19.730 3185 3185 E ArmVmp : Match on catch block at 0xc3 in for 0xa5
01-23 11:47:19.744 3185 3185 E ArmVmp : Match on catch block at 0xc3 in for 0xa1
01-23 11:47:19.746 3185 3185 E ArmVmp : Match on catch block at 0xc3 in for 0xa5
01-23 11:47:19.761 3185 3185 E ArmVmp : Match on catch block at 0xc3 in for 0xa1
01-23 11:47:19.763 3185 3185 E ArmVmp : Match on catch block at 0xc3 in for 0xa5
01-23 11:47:20.094 3185 3185 E ArmVmp : Match on catch block at 0xc3 in for 0xa1
01-23 11:47:20.096 3185 3185 E ArmVmp : Match on catch block at 0xc3 in for 0xa5
01-23 11:47:20.181 3185 3185 E ArmVmp : Match on catch block at 0xc3 in for 0xa5
01-23 11:47:20.184 3185 3185 E ArmVmp : Match on catch block at 0xc3 in for 0xa9
01-23 11:47:20.200 3185 3185 E ArmVmp : Match on catch block at 0xc3 in for 0xa1
01-23 11:47:20.203 3185 3185 E ArmVmp : Match on catch block at 0xc3 in for 0xa5
01-23 11:47:20.212 3185 3185 E ArmVmp : Match on catch block at 0xc3 in for 0xa9
01-23 11:47:20.214 3185 3185 E ArmVmp : Match on catch block at 0xc3 in for 0xa1
01-23 11:47:20.229 3185 3185 E ArmVmp : Match on catch block at 0xc3 in for 0xa9
01-23 11:47:20.232 3185 3185 E ArmVmp : Match on catch block at 0xc3 in for 0xa1
01-23 11:47:20.244 3185 3185 E ArmVmp : Match on catch block at 0xc3 in for 0xa9
01-23 11:47:20.247 3185 3185 E ArmVmp : Match on catch block at 0xc3 in for 0xa1
01-23 11:47:20.261 3185 3185 E ArmVmp : Match on catch block at 0xc3 in for 0xa9
01-23 11:47:20.263 3185 3185 E ArmVmp : Match on catch block at 0xc3 in for 0xa1
01-23 11:47:20.278 3185 3185 E ArmVmp : Match on catch block at 0xc3 in for 0xa9
01-23 11:47:20.280 3185 3185 E ArmVmp : Match on catch block at 0xc3 in for 0xa1
01-23 11:47:20.299 3185 3185 E ArmVmp : Match on catch block at 0xc3 in for 0xa9
01-23 11:47:20.303 3185 3185 E ArmVmp : Match on catch block at 0xc3 in for 0xa1
01-23 11:47:20.311 3185 3185 E ArmVmp : Match on catch block at 0xc3 in for 0xa9
01-23 11:47:20.313 3185 3185 E ArmVmp : Match on catch block at 0xc3 in for 0xa1
01-23 11:47:20.328 3185 3185 E ArmVmp : Match on catch block at 0xc3 in for 0xa9
01-23 11:47:20.331 3185 3185 E ArmVmp : Match on catch block at 0xc3 in for 0xa1
01-23 11:47:20.345 3185 3185 E ArmVmp : Match on catch block at 0xc3 in for 0xa9
01-23 11:47:20.348 3185 3185 E ArmVmp : Match on catch block at 0xc3 in for 0xa1
01-23 11:47:20.361 3185 3185 E ArmVmp : Match on catch block at 0xc3 in for 0xa9
01-23 11:47:20.363 3185 3185 E ArmVmp : Match on catch block at 0xc3 in for 0xa1
01-23 11:47:20.378 3185 3185 E ArmVmp : Match on catch block at 0xc3 in for 0xa9
01-23 11:47:20.380 3185 3185 E ArmVmp : Match on catch block at 0xc3 in for 0xa1
01-23 11:47:20.561 3185 3185 E ArmVmp : Match on catch block at 0xc3 in for 0xa9
01-23 11:47:20.563 3185 3185 E ArmVmp : Match on catch block at 0xc3 in for 0xa1
01-23 11:47:20.728 3185 3185 E ArmVmp : Match on catch block at 0xc3 in for 0xa9
01-23 11:47:20.730 3185 3185 E ArmVmp : Match on catch block at 0xc3 in for 0xa1
01-23 11:47:21.112 3185 3185 E ArmVmp : Match on catch block at 0xc3 in for 0xa9
01-23 11:47:21.114 3185 3185 E ArmVmp : Match on catch block at 0xc3 in for 0xa1
01-23 11:47:21.227 3185 3185 E ArmVmp : Match on catch block at 0xc3 in for 0xa9
01-23 11:47:21.230 3185 3185 E ArmVmp : Match on catch block at 0xc3 in for 0xa1
01-23 11:47:21.244 3185 3185 E ArmVmp : Match on catch block at 0xc3 in for 0xa9
01-23 11:47:21.246 3185 3185 E ArmVmp : Match on catch block at 0xc3 in for 0xa1
01-23 11:47:21.261 3185 3185 E ArmVmp : Match on catch block at 0xc3 in for 0xa9
01-23 11:47:21.263 3185 3185 E ArmVmp : Match on catch block at 0xc3 in for 0xa1
01-23 11:47:21.278 3185 3185 E ArmVmp : Match on catch block at 0xc3 in for 0xa9
01-23 11:47:21.280 3185 3185 E ArmVmp : Match on catch block at 0xc3 in for 0xa1
01-23 11:47:21.294 3185 3185 E ArmVmp : Match on catch block at 0xc3 in for 0xa9
01-23 11:47:21.296 3185 3185 E ArmVmp : Match on catch block at 0xc3 in for 0xa1
01-23 11:47:21.311 3185 3185 E ArmVmp : Match on catch block at 0xc3 in for 0xa9
01-23 11:47:21.313 3185 3185 E ArmVmp : Match on catch block at 0xc3 in for 0xa1
01-23 11:47:21.328 3185 3185 E ArmVmp : Match on catch block at 0xc3 in for 0xa9
01-23 11:47:21.330 3185 3185 E ArmVmp : Match on catch block at 0xc3 in for 0xa1
01-23 11:47:21.344 3185 3185 E ArmVmp : Match on catch block at 0xc3 in for 0xa9
01-23 11:47:21.346 3185 3185 E ArmVmp : Match on catch block at 0xc3 in for 0xa1
01-23 11:47:21.361 3185 3185 E ArmVmp : Match on catch block at 0xc3 in for 0xa9
01-23 11:47:21.363 3185 3185 E ArmVmp : Match on catch block at 0xc3 in for 0xa1
01-23 11:47:21.378 3185 3185 E ArmVmp : Match on catch block at 0xc3 in for 0xa9
01-23 11:47:21.380 3185 3185 E ArmVmp : Match on catch block at 0xc3 in for 0xa1
01-23 11:47:21.394 3185 3185 E ArmVmp : Match on catch block at 0xc3 in for 0xa9
01-23 11:47:21.397 3185 3185 E ArmVmp : Match on catch block at 0xc3 in for 0xa1
01-23 11:47:21.411 3185 3185 E ArmVmp : Match on catch block at 0xc3 in for 0xa9
01-23 11:47:21.413 3185 3185 E ArmVmp : Match on catch block at 0xc3 in for 0xa1
01-23 11:47:21.428 3185 3185 E ArmVmp : Match on catch block at 0xc3 in for 0xa9
01-23 11:47:21.430 3185 3185 E ArmVmp : Match on catch block at 0xc3 in for 0xa1
01-23 11:47:21.444 3185 3185 E ArmVmp : Match on catch block at 0xc3 in for 0xa9
01-23 11:47:21.446 3185 3185 E ArmVmp : Match on catch block at 0xc3 in for 0xa1
01-23 11:47:21.461 3185 3185 E ArmVmp : Match on catch block at 0xc3 in for 0xa9
01-23 11:47:21.463 3185 3185 E ArmVmp : Match on catch block at 0xc3 in for 0xa1
01-23 11:47:21.478 3185 3185 E ArmVmp : Match on catch block at 0xc3 in for 0xa9
01-23 11:47:21.480 3185 3185 E ArmVmp : Match on catch block at 0xc3 in for 0xa1
01-23 11:47:21.495 3185 3185 E ArmVmp : Match on catch block at 0xc3 in for 0xa9
01-23 11:47:21.496 3185 3185 E ArmVmp : Match on catch block at 0xc3 in for 0xa1
01-23 11:47:21.612 3185 3185 E ArmVmp : Match on catch block at 0xc3 in for 0xa9
01-23 11:47:21.616 3185 3185 E ArmVmp : Match on catch block at 0xc3 in for 0xa1
01-23 11:47:21.962 3185 3185 E ArmVmp : Match on catch block at 0xc3 in for 0xa5
01-23 11:47:21.964 3185 3185 E ArmVmp : Match on catch block at 0xc3 in for 0xa9
01-23 11:47:21.989 3185 3185 E ArmVmp : Match on catch block at 0xc3 in for 0xa9
01-23 11:47:21.991 3185 3185 E ArmVmp : Match on catch block at 0xc3 in for 0xa1
01-23 11:47:22.010 3185 3185 E ArmVmp : Match on catch block at 0xc3 in for 0xa1
01-23 11:47:22.013 3185 3185 E ArmVmp : Match on catch block at 0xc3 in for 0xa5
01-23 11:47:22.018 3185 3185 E ArmVmp : Match on catch block at 0xc3 in for 0xa1
01-23 11:47:22.021 3185 3185 E ArmVmp : Match on catch block at 0xc3 in for 0xa5
01-23 11:47:22.036 3185 3185 E ArmVmp : Match on catch block at 0xc3 in for 0xa1
01-23 11:47:22.038 3185 3185 E ArmVmp : Match on catch block at 0xc3 in for 0xa5
01-23 11:47:22.067 3185 3185 E ArmVmp : Match on catch block at 0xc3 in for 0xa9
01-23 11:47:22.070 3185 3185 E ArmVmp : Match on catch block at 0xc3 in for 0xa1
01-23 11:47:22.080 3185 3185 E ArmVmp : Match on catch block at 0xc3 in for 0xa5
01-23 11:47:22.083 3185 3185 E ArmVmp : Match on catch block at 0xc3 in for 0xa9
01-23 11:47:22.097 3185 3185 E ArmVmp : Match on catch block at 0xc3 in for 0xa5
01-23 11:47:22.099 3185 3185 E ArmVmp : Match on catch block at 0xc3 in for 0xa9
01-23 11:47:22.112 3185 3185 E ArmVmp : Match on catch block at 0xc3 in for 0xa5
01-23 11:47:22.114 3185 3185 E ArmVmp : Match on catch block at 0xc3 in for 0xa9
01-23 11:47:22.128 3185 3185 E ArmVmp : Match on catch block at 0xc3 in for 0xa5
01-23 11:47:22.130 3185 3185 E ArmVmp : Match on catch block at 0xc3 in for 0xa9
01-23 11:47:22.145 3185 3185 E ArmVmp : Match on catch block at 0xc3 in for 0xa5
01-23 11:47:22.147 3185 3185 E ArmVmp : Match on catch block at 0xc3 in for 0xa9
01-23 11:47:22.162 3185 3185 E ArmVmp : Match on catch block at 0xc3 in for 0xa5
01-23 11:47:22.164 3185 3185 E ArmVmp : Match on catch block at 0xc3 in for 0xa9
01-23 11:47:22.178 3185 3185 E ArmVmp : Match on catch block at 0xc3 in for 0xa5
01-23 11:47:22.181 3185 3185 E ArmVmp : Match on catch block at 0xc3 in for 0xa9
01-23 11:47:22.479 3185 3185 E ArmVmp : Match on catch block at 0xc3 in for 0xa5
01-23 11:47:22.482 3185 3185 E ArmVmp : Match on catch block at 0xc3 in for 0xa9
01-23 11:47:22.568 3185 3185 E ArmVmp : Match on catch block at 0xc3 in for 0xa5
01-23 11:47:22.573 3185 3185 E ArmVmp : Match on catch block at 0xc3 in for 0xa9
01-23 11:47:22.591 3185 3185 E ArmVmp : Match on catch block at 0xc3 in for 0xa1
01-23 11:47:22.593 3185 3185 E ArmVmp : Match on catch block at 0xc3 in for 0xa5
01-23 11:47:22.608 3185 3185 E ArmVmp : Match on catch block at 0xc3 in for 0xa5
01-23 11:47:22.611 3185 3463 W MediaPlayer: Use of stream types is deprecated for
operations other than volume control
01-23 11:47:22.612 3185 3463 W MediaPlayer: See the documentation of
setAudioStreamType() for what to use instead with android.media.AudioAttributes to
qualify your playback use case
01-23 11:47:22.614 3185 3185 E ArmVmp : Match on catch block at 0xc3 in for 0xa9
01-23 11:47:22.979 3185 3185 E ArmVmp : Match on catch block at 0xc3 in for 0xa1
01-23 11:47:22.982 3185 3185 E ArmVmp : Match on catch block at 0xc3 in for 0xa5
01-23 11:47:23.482 3185 3185 E ArmVmp : Match on catch block at 0xc3 in for 0xa1
01-23 11:47:23.489 3185 3185 E ArmVmp : Match on catch block at 0xc3 in for 0xa5
01-23 11:47:23.664 3185 3185 E ArmVmp : Match on catch block at 0xc3 in for 0xa9
01-23 11:47:23.666 3185 3185 E ArmVmp : Match on catch block at 0xc3 in for 0xa1
01-23 11:47:23.882 3185 3185 E ArmVmp : Match on catch block at 0xc3 in for 0xa9
01-23 11:47:23.886 3185 3185 E ArmVmp : Match on catch block at 0xc3 in for 0xa1
01-23 11:47:23.898 3185 3185 E ArmVmp : Match on catch block at 0xc3 in for 0xa9
01-23 11:47:23.901 3185 3185 E ArmVmp : Match on catch block at 0xc3 in for 0xa1
01-23 11:47:23.915 3185 3185 E ArmVmp : Match on catch block at 0xc3 in for 0xa9
01-23 11:47:23.918 3185 3185 E ArmVmp : Match on catch block at 0xc3 in for 0xa1
01-23 11:47:23.931 3185 3185 E ArmVmp : Match on catch block at 0xc3 in for 0xa9
01-23 11:47:23.934 3185 3185 E ArmVmp : Match on catch block at 0xc3 in for 0xa1
01-23 11:47:23.948 3185 3185 E ArmVmp : Match on catch block at 0xc3 in for 0xa9
01-23 11:47:23.951 3185 3185 E ArmVmp : Match on catch block at 0xc3 in for 0xa1
01-23 11:47:23.964 3185 3185 E ArmVmp : Match on catch block at 0xc3 in for 0xa9
01-23 11:47:23.967 3185 3185 E ArmVmp : Match on catch block at 0xc3 in for 0xa1
01-23 11:47:23.981 3185 3185 E ArmVmp : Match on catch block at 0xc3 in for 0xa9
01-23 11:47:23.984 3185 3185 E ArmVmp : Match on catch block at 0xc3 in for 0xa1
01-23 11:47:23.998 3185 3185 E ArmVmp : Match on catch block at 0xc3 in for 0xa9
01-23 11:47:24.001 3185 3185 E ArmVmp : Match on catch block at 0xc3 in for 0xa1
01-23 11:47:24.013 3185 3185 E ArmVmp : Match on catch block at 0xc3 in for 0xa9
01-23 11:47:24.016 3185 3185 E ArmVmp : Match on catch block at 0xc3 in for 0xa1
01-23 11:47:24.030 3185 3185 E ArmVmp : Match on catch block at 0xc3 in for 0xa9
01-23 11:47:24.033 3185 3185 E ArmVmp : Match on catch block at 0xc3 in for 0xa1
01-23 11:47:24.047 3185 3185 E ArmVmp : Match on catch block at 0xc3 in for 0xa9
01-23 11:47:24.051 3185 3185 E ArmVmp : Match on catch block at 0xc3 in for 0xa1
01-23 11:47:24.065 3185 3185 E ArmVmp : Match on catch block at 0xc3 in for 0xa9
01-23 11:47:24.070 3185 3185 E ArmVmp : Match on catch block at 0xc3 in for 0xa1
01-23 11:47:24.081 3185 3185 E ArmVmp : Match on catch block at 0xc3 in for 0xa9
01-23 11:47:24.085 3185 3185 E ArmVmp : Match on catch block at 0xc3 in for 0xa1
01-23 11:47:24.097 3185 3185 E ArmVmp : Match on catch block at 0xc3 in for 0xa9
01-23 11:47:24.102 3185 3185 E ArmVmp : Match on catch block at 0xc3 in for 0xa1
01-23 11:47:24.113 3185 3185 E ArmVmp : Match on catch block at 0xc3 in for 0xa9
01-23 11:47:24.117 3185 3185 E ArmVmp : Match on catch block at 0xc3 in for 0xa1
01-23 11:47:24.182 3185 3185 E ArmVmp : Match on catch block at 0xc3 in for 0xa9
01-23 11:47:24.186 3185 3185 E ArmVmp : Match on catch block at 0xc3 in for 0xa1
01-23 11:47:24.199 3185 3185 E ArmVmp : Match on catch block at 0xc3 in for 0xa9
01-23 11:47:24.201 3185 3185 E ArmVmp : Match on catch block at 0xc3 in for 0xa1
01-23 11:47:24.213 3185 3185 E ArmVmp : Match on catch block at 0xc3 in for 0xa9
01-23 11:47:24.216 3185 3185 E ArmVmp : Match on catch block at 0xc3 in for 0xa1
01-23 11:47:24.230 3185 3185 E ArmVmp : Match on catch block at 0xc3 in for 0xa9
01-23 11:47:24.233 3185 3185 E ArmVmp : Match on catch block at 0xc3 in for 0xa1
01-23 11:47:24.246 3185 3185 E ArmVmp : Match on catch block at 0xc3 in for 0xa9
01-23 11:47:24.249 3185 3185 E ArmVmp : Match on catch block at 0xc3 in for 0xa1
01-23 11:47:24.263 3185 3185 E ArmVmp : Match on catch block at 0xc3 in for 0xa9
01-23 11:47:24.266 3185 3185 E ArmVmp : Match on catch block at 0xc3 in for 0xa1
01-23 11:47:24.281 3185 3185 E ArmVmp : Match on catch block at 0xc3 in for 0xa9
01-23 11:47:24.283 3185 3185 E ArmVmp : Match on catch block at 0xc3 in for 0xa1
01-23 11:47:24.297 3185 3185 E ArmVmp : Match on catch block at 0xc3 in for 0xa9
01-23 11:47:24.300 3185 3185 E ArmVmp : Match on catch block at 0xc3 in for 0xa1
01-23 11:47:24.313 3185 3185 E ArmVmp : Match on catch block at 0xc3 in for 0xa9
01-23 11:47:24.316 3185 3185 E ArmVmp : Match on catch block at 0xc3 in for 0xa1
01-23 11:47:24.330 3185 3185 E ArmVmp : Match on catch block at 0xc3 in for 0xa9
01-23 11:47:24.333 3185 3185 E ArmVmp : Match on catch block at 0xc3 in for 0xa1
01-23 11:47:24.347 3185 3185 E ArmVmp : Match on catch block at 0xc3 in for 0xa9
01-23 11:47:24.349 3185 3185 E ArmVmp : Match on catch block at 0xc3 in for 0xa1
01-23 11:47:24.364 3185 3185 E ArmVmp : Match on catch block at 0xc3 in for 0xa9
01-23 11:47:24.367 3185 3185 E ArmVmp : Match on catch block at 0xc3 in for 0xa1
01-23 11:47:24.380 3185 3185 E ArmVmp : Match on catch block at 0xc3 in for 0xa9
01-23 11:47:24.383 3185 3185 E ArmVmp : Match on catch block at 0xc3 in for 0xa1
01-23 11:47:24.397 3185 3185 E ArmVmp : Match on catch block at 0xc3 in for 0xa9
01-23 11:47:24.399 3185 3185 E ArmVmp : Match on catch block at 0xc3 in for 0xa1
01-23 11:47:24.413 3185 3185 E ArmVmp : Match on catch block at 0xc3 in for 0xa9
