01-23 21:46:20.565 22280 22330 E SQLiteDatabase: at android.database.sqlite.SQLiteConnection.nativeExecuteForLastInsertedRowId(Native Method)
01-23 21:46:20.565 22280 22330 E SQLiteDatabase: at android.database.sqlite.SQLiteConnection.executeForLastInsertedRowId(SQLiteConnecti on.java:879)
01-23 21:46:20.565 22280 22330 E SQLiteDatabase: at android.database.sqlite.SQLiteSession.executeForLastInsertedRowId(SQLiteSession.jav a:790)
01-23 21:46:20.565 22280 22330 E SQLiteDatabase: at android.database.sqlite.SQLiteStatement.executeInsert(SQLiteStatement.java:88)
01-23 21:46:20.565 22280 22330 E SQLiteDatabase: at android.database.sqlite.SQLiteDatabase.insertWithOnConflict(SQLiteDatabase.java:159 9)
01-23 21:46:20.565 22280 22330 E SQLiteDatabase: at android.database.sqlite.SQLiteDatabase.insert(SQLiteDatabase.java:1468)
01-23 21:46:20.565 22280 22330 E SQLiteDatabase: at X.2tm.A08(Unknown Source:6)
01-23 21:46:20.565 22280 22330 E SQLiteDatabase: at X.35Y.A07(Unknown Source:212)
01-23 21:46:20.565 22280 22330 E SQLiteDatabase: at X.3QF.A14(Unknown Source:470)
01-23 21:46:20.565 22280 22330 E SQLiteDatabase: at X.3gU.run(Unknown Source:982)
01-23 21:46:20.565 22280 22330 E SQLiteDatabase: at android.os.Handler.handleCallback(Handler.java:914)
01-23 21:46:20.565 22280 22330 E SQLiteDatabase: at android.os.Handler.dispatchMessage(Handler.java:100)
01-23 21:46:20.565 22280 22330 E SQLiteDatabase: at X.0zq.dispatchMessage(Unknown Source:4)
01-23 21:46:20.565 22280 22330 E SQLiteDatabase: at android.os.Looper.loop(Looper.java:225)
01-23 21:46:20.565 22280 22330 E SQLiteDatabase: at android.os.HandlerThread.run(HandlerThread.java:67)
01-23 21:46:20.989 22280 22280 W FileUtils: Slow Operation: fsync took 166ms
01-23 21:46:21.714 22280 22280 W InputTransport: Slow Input: 153ms so far, channel 'ClientState{da145bb uid=10201 pid=22280 displayId=0} (server)' publisher ~ publishKeyEvent: seq=1, deviceId=5, source=0x101, action=0x0, flags=0x8, keyCode=25, scanCode=114, metaState=0x0, repeatCount=0,downTime=437340358000000, eventTime=437340358000000
01-23 21:46:22.543 22280 22280 W InputTransport: Slow Input: 160ms so far, channel 'ClientState{da145bb uid=10201 pid=22280 displayId=0} (server)' publisher ~ publishKeyEvent: seq=3, deviceId=5, source=0x101, action=0x0, flags=0x8, keyCode=25, scanCode=114, metaState=0x0, repeatCount=0,downTime=437341180000000, eventTime=437341180000000
01-23 21:46:23.868 22280 22666 W Codec2Client: query -- param skipped: index = 1342179345.
01-23 21:46:23.868 22280 22666 W Codec2Client: query -- param skipped: index = 2415921170.
01-23 21:46:23.868 22280 22666 W Codec2Client: query -- param skipped: index = 1610614798.
01-23 21:46:23.901 22280 22339 W RefBase : CallStack::getCurrentInternal not linked, returning null
01-23 21:46:23.901 22280 22339 W RefBase : CallStack::logStackInternal not linked
01-23 21:46:23.901 22280 22280 W BottomSheetBehavior: BottomSheetBehavior now supports multiple callbacks. `setBottomSheetCallback()` removes all existing callbacks, including ones set internally by library authors, which may result in unintended behavior. This may change in the future. Please use `addBottomSheetCallback()` and `removeBottomSheetCallback()` instead to set your own callbacks.
01-23 21:46:23.901 22280 22280 W BottomSheetBehavior: BottomSheetBehavior now supports multiple callbacks. `setBottomSheetCallback()` removes all existing callbacks, including ones set internally by library authors, which may result in unintended behavior. This may change in the future. Please use `addBottomSheetCallback()` and `removeBottomSheetCallback()` instead to set your own callbacks.
01-23 21:46:23.902 22280 22339 W RefBase : CallStack::getCurrentInternal not linked, returning null
01-23 21:46:23.902 22280 22339 W RefBase : CallStack::logStackInternal not linked
01-23 21:46:23.904 22280 22339 W RefBase : CallStack::getCurrentInternal not linked, returning null
01-23 21:46:23.904 22280 22339 W RefBase : CallStack::logStackInternal not linked
01-23 21:46:23.904 22280 22339 W RefBase : CallStack::getCurrentInternal not linked, returning null
01-23 21:46:23.905 22280 22339 W RefBase : CallStack::logStackInternal not linked
01-23 21:46:23.905 22280 22339 W RefBase : CallStack::getCurrentInternal not linked, returning null
01-23 21:46:23.905 22280 22339 W RefBase : CallStack::logStackInternal not linked
01-23 21:46:23.906 22280 22339 W RefBase : CallStack::getCurrentInternal not linked, returning null
01-23 21:46:23.906 22280 22339 W RefBase : CallStack::logStackInternal not linked
01-23 21:46:23.908 22280 22339 W RefBase : CallStack::getCurrentInternal not linked, returning null
01-23 21:46:23.908 22280 22339 W RefBase : CallStack::logStackInternal not linked
01-23 21:46:23.909 22280 22339 W RefBase : CallStack::getCurrentInternal not linked, returning null
01-23 21:46:23.909 22280 22339 W RefBase : CallStack::logStackInternal not linked
01-23 21:46:23.909 22280 22339 W RefBase : CallStack::getCurrentInternal not linked, returning null
01-23 21:46:23.909 22280 22339 W RefBase : CallStack::logStackInternal not linked
01-23 21:46:23.910 22280 22339 W RefBase : CallStack::getCurrentInternal not linked, returning null
01-23 21:46:23.910 22280 22339 W RefBase : CallStack::logStackInternal not linked
01-23 21:46:23.921 22280 22280 E RecyclerView: No adapter attached; skipping layout
01-23 21:46:23.975 22280 22330 E SQLiteDatabase: Error inserting transferred=0 media_job_uuid=731a26e2-539d-4323-bca8-8587e4155336 transcoded=0 gif_attribution=0 first_scan_length=0 direct_path=/v/t62.7161- 24/56470078_419352257100944_8548106597810070693_n.enc?ccb=11- 4&oh=01_AdRkySeeF0YRBDTnrbSV88B1pkKJVundmj5f3YlERkpQzw&oe=65D7F893&_nc_sid=5e03e0 thumbnail_height_width_ratio=1.3333334 is_animated_sticker=0 file_hash=hpAaT4lYehDVnCAxFaDYMRs8I4FYr//aolEu53Vq/Vg= file_path=null file_size=0 partial_media_hash=null face_x=0 face_y=0 height=958 trim_to=0 media_key_timestamp=1706064452000 message_url=https://mmg.whatsapp.net/v/t62.7161- 24/56470078_419352257100944_8548106597810070693_n.enc?ccb=11- 4&oh=01_AdRkySeeF0YRBDTnrbSV88B1pkKJVundmj5f3YlERkpQzw&oe=65D7F893&_nc_sid=5e03e0&m ms3=true media_caption=null trim_from=0 mime_type=video/mp4 partial_media_enc_hash=null width=720 original_file_hash=null has_streaming_sidecar=1 autotransfer_retry_enabled=1 media_upload_handle=null message_row_id=2074 multicast_id=null enc_file_hash=NE9BCxTGdPP1067T4GuP+TqyTIQtRb/9M0V0WpbPFCg= mute_video=0 page_count=0 first_scan_sidecar=null suspicious_content=0 file_length=1898682 media_name=null media_duration=12 chat_row_id=5 media_key=[B@e9703ef
01-23 21:46:23.975 22280 22330 E SQLiteDatabase: android.database.sqlite.SQLiteConstraintException: UNIQUE constraint failed: message_media.message_row_id (code 1555 SQLITE_CONSTRAINT_PRIMARYKEY)
01-23 21:46:23.975 22280 22330 E SQLiteDatabase: at android.database.sqlite.SQLiteConnection.nativeExecuteForLastInsertedRowId(Native Method)
01-23 21:46:23.975 22280 22330 E SQLiteDatabase: at android.database.sqlite.SQLiteConnection.executeForLastInsertedRowId(SQLiteConnecti on.java:879)
01-23 21:46:23.975 22280 22330 E SQLiteDatabase: at android.database.sqlite.SQLiteSession.executeForLastInsertedRowId(SQLiteSession.jav a:790)
01-23 21:46:23.975 22280 22330 E SQLiteDatabase: at android.database.sqlite.SQLiteStatement.executeInsert(SQLiteStatement.java:88)
01-23 21:46:23.975 22280 22330 E SQLiteDatabase: at android.database.sqlite.SQLiteDatabase.insertWithOnConflict(SQLiteDatabase.java:159 9)
01-23 21:46:23.975 22280 22330 E SQLiteDatabase: at android.database.sqlite.SQLiteDatabase.insert(SQLiteDatabase.java:1468)
01-23 21:46:23.975 22280 22330 E SQLiteDatabase: at X.2tm.A08(Unknown Source:6)
01-23 21:46:23.975 22280 22330 E SQLiteDatabase: at X.35Y.A07(Unknown Source:212)
01-23 21:46:23.975 22280 22330 E SQLiteDatabase: at X.3QF.A14(Unknown Source:470)
01-23 21:46:23.975 22280 22330 E SQLiteDatabase: at X.3gU.run(Unknown Source:982)
01-23 21:46:23.975 22280 22330 E SQLiteDatabase: at android.os.Handler.handleCallback(Handler.java:914)
01-23 21:46:23.975 22280 22330 E SQLiteDatabase: at android.os.Handler.dispatchMessage(Handler.java:100)
01-23 21:46:23.975 22280 22330 E SQLiteDatabase: at X.0zq.dispatchMessage(Unknown Source:4)
01-23 21:46:23.975 22280 22330 E SQLiteDatabase: at android.os.Looper.loop(Looper.java:225)
01-23 21:46:23.975 22280 22330 E SQLiteDatabase: at android.os.HandlerThread.run(HandlerThread.java:67)
01-23 21:46:23.987 22280 22700 E MtkACodec: setConfig(OMX_CONFIG_ROTATIONTYPE) returned error 0xfffffc0e
01-23 21:46:23.987 22280 22700 E ACodec : [OMX.MTK.VIDEO.DECODER.AVC] failed to setViLTEParameters 1
01-23 21:46:24.003 22280 22700 W ACodec : [OMX.MTK.VIDEO.DECODER.AVC] setting nBufferCountActual to 8 failed: -22
01-23 21:46:24.030 22280 22700 W ACodec : [OMX.MTK.VIDEO.DECODER.AVC] setting nBufferCountActual to 16 failed: -22
01-23 21:46:24.053 22280 22706 W Codec2Client: query -- param skipped: index = 1107298332.
01-23 21:46:24.054 22280 22706 W CCodec : This behavior is subject to change. It is recommended that app developers double check whether the requested max input size is in reasonable range.
01-23 21:46:24.055 22280 22706 W Codec2Client: query -- param skipped: index = 1342179345.
01-23 21:46:24.055 22280 22706 W Codec2Client: query -- param skipped: index = 2415921170.
01-23 21:46:24.055 22280 22706 W Codec2Client: query -- param skipped: index = 1610614798.
01-23 21:46:24.109 22280 22339 W RefBase : CallStack::getCurrentInternal not linked, returning null
01-23 21:46:24.109 22280 22339 W RefBase : CallStack::logStackInternal not linked
01-23 21:46:24.822 22280 22280 W FileUtils: Slow Operation: fsync took 136ms
01-23 21:46:25.164 22280 22280 W FileUtils: Slow Operation: fsync took 236ms
01-23 21:46:25.285 22280 22280 W Looper : Slow Looper main: doFrame is 558ms late because of 2 msg, msg 1 took 574ms (seq=4455 running=88ms runnable=1ms io=455ms late=1ms h=android.view.Choreographer$FrameHandler c=android.view.Choreographer$FrameDisplayEventReceiver)
01-23 21:46:34.615 22280 22706 W Codec2Client: query -- param skipped: index = 1342179345.
01-23 21:46:34.615 22280 22706 W Codec2Client: query -- param skipped: index = 2415921170.
01-23 21:46:34.615 22280 22706 W Codec2Client: query -- param skipped: index = 1610614798.
01-23 21:46:34.668 22280 22339 W RefBase : CallStack::getCurrentInternal not linked, returning null
01-23 21:46:34.668 22280 22339 W RefBase : CallStack::logStackInternal not linked
01-23 21:46:34.669 22280 22339 W RefBase : CallStack::getCurrentInternal not linked, returning null
01-23 21:46:34.669 22280 22339 W RefBase : CallStack::logStackInternal not linked
01-23 21:46:34.670 22280 22339 W RefBase : CallStack::getCurrentInternal not linked, returning null
01-23 21:46:34.670 22280 22339 W RefBase : CallStack::logStackInternal not linked
01-23 21:46:34.671 22280 22339 W RefBase : CallStack::getCurrentInternal not linked, returning null
01-23 21:46:34.671 22280 22339 W RefBase : CallStack::logStackInternal not linked
01-23 21:46:34.672 22280 22339 W RefBase : CallStack::getCurrentInternal not linked, returning null
01-23 21:46:34.672 22280 22339 W RefBase : CallStack::logStackInternal not linked
01-23 21:46:34.673 22280 22339 W RefBase : CallStack::getCurrentInternal not linked, returning null
01-23 21:46:34.673 22280 22339 W RefBase : CallStack::logStackInternal not linked
01-23 21:46:34.674 22280 22339 W RefBase : CallStack::getCurrentInternal not linked, returning null
01-23 21:46:34.674 22280 22339 W RefBase : CallStack::logStackInternal not linked
01-23 21:46:34.675 22280 22339 W RefBase : CallStack::getCurrentInternal not linked, returning null
01-23 21:46:34.675 22280 22339 W RefBase : CallStack::logStackInternal not linked
01-23 21:46:34.676 22280 22339 W RefBase : CallStack::getCurrentInternal not linked, returning null
01-23 21:46:34.676 22280 22339 W RefBase : CallStack::logStackInternal not linked
01-23 21:46:34.677 22280 22339 W RefBase : CallStack::getCurrentInternal not linked, returning null
01-23 21:46:34.677 22280 22339 W RefBase : CallStack::logStackInternal not linked
01-23 21:46:34.679 22280 22339 W RefBase : CallStack::getCurrentInternal not linked, returning null
01-23 21:46:34.679 22280 22339 W RefBase : CallStack::logStackInternal not linked
01-23 21:46:34.680 22280 22339 W RefBase : CallStack::getCurrentInternal not linked, returning null
01-23 21:46:34.680 22280 22339 W RefBase : CallStack::logStackInternal not linked
01-23 21:46:34.702 22280 22280 W BottomSheetBehavior: BottomSheetBehavior now supports multiple callbacks. `setBottomSheetCallback()` removes all existing callbacks, including ones set internally by library authors, which may result in unintended behavior. This may change in the future. Please use `addBottomSheetCallback()` and `removeBottomSheetCallback()` instead to set your own callbacks.
01-23 21:46:34.702 22280 22280 W BottomSheetBehavior: BottomSheetBehavior now supports multiple callbacks. `setBottomSheetCallback()` removes all existing callbacks, including ones set internally by library authors, which may result in unintended behavior. This may change in the future. Please use `addBottomSheetCallback()` and `removeBottomSheetCallback()` instead to set your own callbacks.
01-23 21:46:34.733 22280 22280 E RecyclerView: No adapter attached; skipping layout
01-23 21:46:34.780 22280 22934 E MtkACodec: setConfig(OMX_CONFIG_ROTATIONTYPE) returned error 0xfffffc0e
01-23 21:46:34.780 22280 22934 E ACodec : [OMX.MTK.VIDEO.DECODER.AVC] failed to setViLTEParameters 1
01-23 21:46:34.800 22280 22934 W ACodec : [OMX.MTK.VIDEO.DECODER.AVC] setting nBufferCountActual to 8 failed: -22
01-23 21:46:34.837 22280 22934 W ACodec : [OMX.MTK.VIDEO.DECODER.AVC] setting nBufferCountActual to 14 failed: -22
01-23 21:46:34.984 22280 22940 W Codec2Client: query -- param skipped: index = 1107298332.
01-23 21:46:34.984 22280 22940 W CCodec : This behavior is subject to change. It is recommended that app developers double check whether the requested max input size is in reasonable range.
01-23 21:46:34.987 22280 22940 W Codec2Client: query -- param skipped: index = 1342179345.
01-23 21:46:34.988 22280 22940 W Codec2Client: query -- param skipped: index = 2415921170.
01-23 21:46:34.988 22280 22940 W Codec2Client: query -- param skipped: index = 1610614798.
01-23 21:46:35.055 22280 22573 W BpBinder: Slow Binder: BpBinder transact took 221 ms, interface=android.media.IMediaMetadataRetriever, code=5 oneway=false
01-23 21:46:35.066 22280 22339 W RefBase : CallStack::getCurrentInternal not linked, returning null
01-23 21:46:35.066 22280 22339 W RefBase : CallStack::logStackInternal not linked
01-23 21:46:36.458 22280 22330 E SQLiteDatabase: Error inserting transferred=1 media_job_uuid=731a26e2-539d-4323-bca8-8587e4155336 transcoded=0 gif_attribution=0 first_scan_length=0 direct_path=/v/t62.7161- 24/56470078_419352257100944_8548106597810070693_n.enc?ccb=11- 4&oh=01_AdRkySeeF0YRBDTnrbSV88B1pkKJVundmj5f3YlERkpQzw&oe=65D7F893&_nc_sid=5e03e0 thumbnail_height_width_ratio=1.3333334 is_animated_sticker=0 file_hash=hpAaT4lYehDVnCAxFaDYMRs8I4FYr//aolEu53Vq/Vg= file_path=Media/.Statuses/de4c8533a96e4b3ba1a43565be90b356.mp4 file_size=1898682 partial_media_hash=null face_x=0 face_y=0 height=958 trim_to=0 media_key_timestamp=1706064452000 message_url=https://mmg.whatsapp.net/v/t62.7161- 24/56470078_419352257100944_8548106597810070693_n.enc?ccb=11- 4&oh=01_AdRkySeeF0YRBDTnrbSV88B1pkKJVundmj5f3YlERkpQzw&oe=65D7F893&_nc_sid=5e03e0&m ms3=true media_caption=null trim_from=0 mime_type=video/mp4 partial_media_enc_hash=null width=720 original_file_hash=null has_streaming_sidecar=1 autotransfer_retry_enabled=1 media_upload_handle=null message_row_id=2074 multicast_id=null enc_file_hash=NE9BCxTGdPP1067T4GuP+TqyTIQtRb/9M0V0WpbPFCg= mute_video=0 page_count=0 first_scan_sidecar=null suspicious_content=0 file_length=1898682 media_name=null media_duration=12 chat_row_id=5 media_key=[B@e9703ef
01-23 21:46:36.458 22280 22330 E SQLiteDatabase: android.database.sqlite.SQLiteConstraintException: UNIQUE constraint failed: message_media.message_row_id (code 1555 SQLITE_CONSTRAINT_PRIMARYKEY)
01-23 21:46:36.458 22280 22330 E SQLiteDatabase: at android.database.sqlite.SQLiteConnection.nativeExecuteForLastInsertedRowId(Native Method)
01-23 21:46:36.458 22280 22330 E SQLiteDatabase: at android.database.sqlite.SQLiteConnection.executeForLastInsertedRowId(SQLiteConnecti on.java:879)
01-23 21:46:36.458 22280 22330 E SQLiteDatabase: at android.database.sqlite.SQLiteSession.executeForLastInsertedRowId(SQLiteSession.jav a:790)
01-23 21:46:36.458 22280 22330 E SQLiteDatabase: at android.database.sqlite.SQLiteStatement.executeInsert(SQLiteStatement.java:88)
01-23 21:46:36.458 22280 22330 E SQLiteDatabase: at android.database.sqlite.SQLiteDatabase.insertWithOnConflict(SQLiteDatabase.java:159 9)
01-23 21:46:36.458 22280 22330 E SQLiteDatabase: at android.database.sqlite.SQLiteDatabase.insert(SQLiteDatabase.java:1468)
01-23 21:46:36.458 22280 22330 E SQLiteDatabase: at X.2tm.A08(Unknown Source:6)
01-23 21:46:36.458 22280 22330 E SQLiteDatabase: at X.35Y.A07(Unknown Source:212)
01-23 21:46:36.458 22280 22330 E SQLiteDatabase: at X.3QF.A14(Unknown Source:470)
01-23 21:46:36.458 22280 22330 E SQLiteDatabase: at X.3gU.run(Unknown Source:982)
01-23 21:46:36.458 22280 22330 E SQLiteDatabase: at android.os.Handler.handleCallback(Handler.java:914)
01-23 21:46:36.458 22280 22330 E SQLiteDatabase: at android.os.Handler.dispatchMessage(Handler.java:100)
01-23 21:46:36.458 22280 22330 E SQLiteDatabase: at X.0zq.dispatchMessage(Unknown Source:4)
01-23 21:46:36.458 22280 22330 E SQLiteDatabase: at android.os.Looper.loop(Looper.java:225)
01-23 21:46:36.458 22280 22330 E SQLiteDatabase: at android.os.HandlerThread.run(HandlerThread.java:67)
01-23 21:46:38.918 22280 22940 W Codec2Client: query -- param skipped: index = 1342179345.
01-23 21:46:38.918 22280 22940 W Codec2Client: query -- param skipped: index = 2415921170.
01-23 21:46:38.918 22280 22940 W Codec2Client: query -- param skipped: index = 1610614798.
01-23 21:46:38.958 22280 22339 W RefBase : CallStack::getCurrentInternal not linked, returning null
01-23 21:46:38.958 22280 22339 W RefBase : CallStack::logStackInternal not linked
01-23 21:46:38.959 22280 22339 W RefBase : CallStack::getCurrentInternal not linked, returning null
01-23 21:46:38.959 22280 22339 W RefBase : CallStack::logStackInternal not linked
01-23 21:46:38.960 22280 22339 W RefBase : CallStack::getCurrentInternal not linked, returning null
01-23 21:46:38.960 22280 22339 W RefBase : CallStack::logStackInternal not linked
01-23 21:46:38.962 22280 22280 W BottomSheetBehavior: BottomSheetBehavior now supports multiple callbacks. `setBottomSheetCallback()` removes all existing callbacks, including ones set internally by library authors, which may result in unintended behavior. This may change in the future. Please use `addBottomSheetCallback()` and `removeBottomSheetCallback()` instead to set your own callbacks.
01-23 21:46:38.962 22280 22280 W BottomSheetBehavior: BottomSheetBehavior now supports multiple callbacks. `setBottomSheetCallback()` removes all existing callbacks, including ones set internally by library authors, which may result in unintended behavior. This may change in the future. Please use `addBottomSheetCallback()` and `removeBottomSheetCallback()` instead to set your own callbacks.
01-23 21:46:38.963 22280 22339 W RefBase : CallStack::getCurrentInternal not linked, returning null
01-23 21:46:38.963 22280 22339 W RefBase : CallStack::logStackInternal not linked
01-23 21:46:38.964 22280 22339 W RefBase : CallStack::getCurrentInternal not linked, returning null
01-23 21:46:38.964 22280 22339 W RefBase : CallStack::logStackInternal not linked
01-23 21:46:38.965 22280 22339 W RefBase : CallStack::getCurrentInternal not linked, returning null
01-23 21:46:38.965 22280 22339 W RefBase : CallStack::logStackInternal not linked
01-23 21:46:38.966 22280 22339 W RefBase : CallStack::getCurrentInternal not linked, returning null
01-23 21:46:38.966 22280 22339 W RefBase : CallStack::logStackInternal not linked
01-23 21:46:38.970 22280 22339 W RefBase : CallStack::getCurrentInternal not linked, returning null
01-23 21:46:38.970 22280 22339 W RefBase : CallStack::logStackInternal not linked
01-23 21:46:38.973 22280 22339 W RefBase : CallStack::getCurrentInternal not linked, returning null
01-23 21:46:38.973 22280 22339 W RefBase : CallStack::logStackInternal not linked
01-23 21:46:38.974 22280 22339 W RefBase : CallStack::getCurrentInternal not linked, returning null
01-23 21:46:38.974 22280 22339 W RefBase : CallStack::logStackInternal not linked
01-23 21:46:38.990 22280 22280 E RecyclerView: No adapter attached; skipping layout
01-23 21:46:39.038 22280 22953 E MtkACodec: setConfig(OMX_CONFIG_ROTATIONTYPE) returned error 0xfffffc0e
01-23 21:46:39.038 22280 22953 E ACodec : [OMX.MTK.VIDEO.DECODER.AVC] failed to setViLTEParameters 1
01-23 21:46:39.061 22280 22953 W ACodec : [OMX.MTK.VIDEO.DECODER.AVC] setting nBufferCountActual to 8 failed: -22
01-23 21:46:39.061 22280 22330 E SQLiteDatabase: Error inserting transferred=0 media_job_uuid=1204c28e-a46e-4870-8b38-60618d862254 transcoded=0 gif_attribution=0 first_scan_length=0 direct_path=/v/t62.7161- 24/32805444_897257258564169_3533948598404117133_n.enc?ccb=11- 4&oh=01_AdS0D2GcHAmcKhGGmLei-bZzbXas6VzRPKYVWYO_8bHKsw&oe=65D7D366&_nc_sid=5e03e0 thumbnail_height_width_ratio=1.0 is_animated_sticker=0 file_hash=X+AXI5XnEZqv4se8hIwl/khPpQGVjfdOJ4VXKEJIO3o= file_path=null file_size=0 partial_media_hash=null face_x=0 face_y=0 height=720 trim_to=0 media_key_timestamp=1706064574000 message_url=https://mmg.whatsapp.net/v/t62.7161- 24/32805444_897257258564169_3533948598404117133_n.enc?ccb=11- 4&oh=01_AdS0D2GcHAmcKhGGmLei- bZzbXas6VzRPKYVWYO_8bHKsw&oe=65D7D366&_nc_sid=5e03e0&mms3=true media_caption=null trim_from=0 mime_type=video/mp4 partial_media_enc_hash=null width=720 original_file_hash=null has_streaming_sidecar=1 autotransfer_retry_enabled=1 media_upload_handle=null message_row_id=2077 multicast_id=null enc_file_hash=IqmYxLsjRYe1V0J3DyxoBFRQpda8Pm3/yRdULE9HgEY= mute_video=0 page_count=0 first_scan_sidecar=null suspicious_content=0 file_length=3618922 media_name=null media_duration=26 chat_row_id=5 media_key=[B@1acae4e
01-23 21:46:39.061 22280 22330 E SQLiteDatabase: android.database.sqlite.SQLiteConstraintException: UNIQUE constraint failed: message_media.message_row_id (code 1555 SQLITE_CONSTRAINT_PRIMARYKEY)
01-23 21:46:39.061 22280 22330 E SQLiteDatabase: at android.database.sqlite.SQLiteConnection.nativeExecuteForLastInsertedRowId(Native Method)
01-23 21:46:39.061 22280 22330 E SQLiteDatabase: at android.database.sqlite.SQLiteConnection.executeForLastInsertedRowId(SQLiteConnecti on.java:879)
01-23 21:46:39.061 22280 22330 E SQLiteDatabase: at android.database.sqlite.SQLiteSession.executeForLastInsertedRowId(SQLiteSession.jav a:790)
01-23 21:46:39.061 22280 22330 E SQLiteDatabase: at android.database.sqlite.SQLiteStatement.executeInsert(SQLiteStatement.java:88)
01-23 21:46:39.061 22280 22330 E SQLiteDatabase: at android.database.sqlite.SQLiteDatabase.insertWithOnConflict(SQLiteDatabase.java:159 9)
01-23 21:46:39.061 22280 22330 E SQLiteDatabase: at android.database.sqlite.SQLiteDatabase.insert(SQLiteDatabase.java:1468)
01-23 21:46:39.061 22280 22330 E SQLiteDatabase: at X.2tm.A08(Unknown Source:6)
01-23 21:46:39.061 22280 22330 E SQLiteDatabase: at X.35Y.A07(Unknown Source:212)
01-23 21:46:39.061 22280 22330 E SQLiteDatabase: at X.3QF.A14(Unknown Source:470)
01-23 21:46:39.061 22280 22330 E SQLiteDatabase: at X.3gU.run(Unknown Source:982)
01-23 21:46:39.061 22280 22330 E SQLiteDatabase: at android.os.Handler.handleCallback(Handler.java:914)
01-23 21:46:39.061 22280 22330 E SQLiteDatabase: at android.os.Handler.dispatchMessage(Handler.java:100)
01-23 21:46:39.061 22280 22330 E SQLiteDatabase: at X.0zq.dispatchMessage(Unknown Source:4)
01-23 21:46:39.061 22280 22330 E SQLiteDatabase: at android.os.Looper.loop(Looper.java:225)
01-23 21:46:39.061 22280 22330 E SQLiteDatabase: at android.os.HandlerThread.run(HandlerThread.java:67)
01-23 21:46:39.089 22280 22953 W ACodec : [OMX.MTK.VIDEO.DECODER.AVC] setting nBufferCountActual to 13 failed: -22
01-23 21:46:39.125 22280 22960 W Codec2Client: query -- param skipped: index = 1107298332.
01-23 21:46:39.126 22280 22960 W CCodec : This behavior is subject to change. It is recommended that app developers double check whether the requested max input size is in reasonable range.
01-23 21:46:39.128 22280 22960 W Codec2Client: query -- param skipped: index = 1342179345.
01-23 21:46:39.128 22280 22960 W Codec2Client: query -- param skipped: index = 2415921170.
01-23 21:46:39.128 22280 22960 W Codec2Client: query -- param skipped: index = 1610614798.
01-23 21:46:39.318 22280 22339 W RefBase : CallStack::getCurrentInternal not linked, returning null
01-23 21:46:39.318 22280 22339 W RefBase : CallStack::logStackInternal not linked
01-23 21:46:51.038 22280 22280 W Choreographer: OPTS_INPUT: First frame was drawed before optimized, so skip!
01-23 21:47:02.311 22280 22606 W DefaultAudioSink: Spurious audio timestamp (frame position mismatch): 4294967296, 437381107382, 437381107349, 14860770, 655360, 655360
01-23 21:47:02.358 22280 22960 W Codec2Client: query -- param skipped: index = 1342179345.
01-23 21:47:02.359 22280 22960 W Codec2Client: query -- param skipped: index = 2415921170.
01-23 21:47:02.359 22280 22960 W Codec2Client: query -- param skipped: index = 1610614798.
01-23 21:47:02.387 22280 22280 E RecyclerView: No adapter attached; skipping layout
01-23 21:47:02.408 22280 22339 W RefBase : CallStack::getCurrentInternal not linked, returning null
01-23 21:47:02.408 22280 22339 W RefBase : CallStack::logStackInternal not linked
01-23 21:47:02.409 22280 22339 W RefBase : CallStack::getCurrentInternal not linked, returning null
01-23 21:47:02.409 22280 22339 W RefBase : CallStack::logStackInternal not linked
01-23 21:47:02.410 22280 22339 W RefBase : CallStack::getCurrentInternal not linked, returning null
01-23 21:47:02.411 22280 22339 W RefBase : CallStack::logStackInternal not linked
01-23 21:47:02.411 22280 22339 W RefBase : CallStack::getCurrentInternal not linked, returning null
01-23 21:47:02.411 22280 22339 W RefBase : CallStack::logStackInternal not linked
01-23 21:47:02.413 22280 22339 W RefBase : CallStack::getCurrentInternal not linked, returning null
01-23 21:47:02.413 22280 22339 W RefBase : CallStack::logStackInternal not linked
01-23 21:47:02.416 22280 22339 W RefBase : CallStack::getCurrentInternal not linked, returning null
01-23 21:47:02.416 22280 22339 W RefBase : CallStack::logStackInternal not linked
01-23 21:47:02.417 22280 22339 W RefBase : CallStack::getCurrentInternal not linked, returning null
01-23 21:47:02.417 22280 22339 W RefBase : CallStack::logStackInternal not linked
01-23 21:47:02.417 22280 22339 W RefBase : CallStack::getCurrentInternal not linked, returning null
01-23 21:47:02.417 22280 22339 W RefBase : CallStack::logStackInternal not linked
01-23 21:47:02.418 22280 22339 W RefBase : CallStack::getCurrentInternal not linked, returning null
01-23 21:47:02.418 22280 22339 W RefBase : CallStack::logStackInternal not linked
01-23 21:47:02.892 22280 22976 E MtkACodec: setConfig(OMX_CONFIG_ROTATIONTYPE) returned error 0xfffffc0e
01-23 21:47:02.892 22280 22976 E ACodec : [OMX.MTK.VIDEO.DECODER.AVC] failed to setViLTEParameters 1
01-23 21:47:02.912 22280 22976 W ACodec : [OMX.MTK.VIDEO.DECODER.AVC] setting nBufferCountActual to 8 failed: -22
01-23 21:47:02.940 22280 22976 W ACodec : [OMX.MTK.VIDEO.DECODER.AVC] setting nBufferCountActual to 16 failed: -22
01-23 21:47:02.953 22280 22982 W Codec2Client: query -- param skipped: index = 1107298332.
01-23 21:47:02.953 22280 22982 W CCodec : This behavior is subject to change. It is recommended that app developers double check whether the requested max input size is in reasonable range.
01-23 21:47:02.955 22280 22982 W Codec2Client: query -- param skipped: index = 1342179345.
01-23 21:47:02.955 22280 22982 W Codec2Client: query -- param skipped: index = 2415921170.
01-23 21:47:02.955 22280 22982 W Codec2Client: query -- param skipped: index = 1610614798.
01-23 21:47:03.137 22280 22339 W RefBase : CallStack::getCurrentInternal not linked, returning null
01-23 21:47:03.137 22280 22339 W RefBase : CallStack::logStackInternal not linked
01-23 21:47:06.777 22280 22339 W RefBase : CallStack::getCurrentInternal not linked, returning null
01-23 21:47:06.777 22280 22339 W RefBase : CallStack::logStackInternal not linked
01-23 21:47:06.777 22280 22339 W RefBase : CallStack::getCurrentInternal not linked, returning null
01-23 21:47:06.777 22280 22339 W RefBase : CallStack::logStackInternal not linked
01-23 21:47:06.778 22280 22339 W RefBase : CallStack::getCurrentInternal not linked, returning null
01-23 21:47:06.778 22280 22339 W RefBase : CallStack::logStackInternal not linked
01-23 21:47:06.778 22280 22339 W RefBase : CallStack::getCurrentInternal not linked, returning null
01-23 21:47:06.778 22280 22339 W RefBase : CallStack::logStackInternal not linked
01-23 21:47:06.778 22280 22339 W RefBase : CallStack::getCurrentInternal not linked, returning null
01-23 21:47:06.778 22280 22339 W RefBase : CallStack::logStackInternal not linked
01-23 21:47:06.778 22280 22339 W RefBase : CallStack::getCurrentInternal not linked, returning null
01-23 21:47:06.778 22280 22339 W RefBase : CallStack::logStackInternal not linked
01-23 21:47:06.779 22280 22339 W RefBase : CallStack::getCurrentInternal not linked, returning null
01-23 21:47:06.779 22280 22339 W RefBase : CallStack::logStackInternal not linked
01-23 21:47:06.779 22280 22339 W RefBase : CallStack::getCurrentInternal not linked, returning null
01-23 21:47:06.779 22280 22339 W RefBase : CallStack::logStackInternal not linked
01-23 21:47:06.779 22280 22339 W RefBase : CallStack::getCurrentInternal not linked, returning null
01-23 21:47:06.779 22280 22339 W RefBase : CallStack::logStackInternal not linked
01-23 21:47:06.780 22280 22339 W RefBase : CallStack::getCurrentInternal not linked, returning null
01-23 21:47:06.780 22280 22339 W RefBase : CallStack::logStackInternal not linked
01-23 21:47:06.780 22280 22339 W RefBase : CallStack::getCurrentInternal not linked, returning null
01-23 21:47:06.780 22280 22339 W RefBase : CallStack::logStackInternal not linked
01-23 21:47:06.780 22280 22339 W RefBase : CallStack::getCurrentInternal not linked, returning null
01-23 21:47:06.780 22280 22339 W RefBase : CallStack::logStackInternal not linked
01-23 21:47:06.781 22280 22339 W RefBase : CallStack::getCurrentInternal not linked, returning null
01-23 21:47:06.781 22280 22339 W RefBase : CallStack::logStackInternal not linked
01-23 21:47:06.926 22280 22982 W Codec2Client: query -- param skipped: index = 1342179345.
01-23 21:47:06.927 22280 22982 W Codec2Client: query -- param skipped: index = 2415921170.
01-23 21:47:06.927 22280 22982 W Codec2Client: query -- param skipped: index = 1610614798.
01-23 21:47:08.770 22280 22280 W ActivityThread: handleWindowVisibility: no activity for token android.os.BinderProxy@57f228a
01-23 21:47:08.773 22280 22330 E SQLiteDatabase: Error inserting transferred=0 media_job_uuid=1204c28e-a46e-4870-8b38-60618d862254 transcoded=0 gif_attribution=0 first_scan_length=0 direct_path=/v/t62.7161- 24/32805444_897257258564169_3533948598404117133_n.enc?ccb=11- 4&oh=01_AdS0D2GcHAmcKhGGmLei-bZzbXas6VzRPKYVWYO_8bHKsw&oe=65D7D366&_nc_sid=5e03e0 thumbnail_height_width_ratio=1.0 is_animated_sticker=0 file_hash=X+AXI5XnEZqv4se8hIwl/khPpQGVjfdOJ4VXKEJIO3o= file_path=null file_size=0 partial_media_hash=null face_x=0 face_y=0 height=720 trim_to=0 media_key_timestamp=1706064574000 message_url=https://mmg.whatsapp.net/v/t62.7161- 24/32805444_897257258564169_3533948598404117133_n.enc?ccb=11- 4&oh=01_AdS0D2GcHAmcKhGGmLei- bZzbXas6VzRPKYVWYO_8bHKsw&oe=65D7D366&_nc_sid=5e03e0&mms3=true media_caption=null trim_from=0 mime_type=video/mp4 partial_media_enc_hash=null width=720 original_file_hash=null has_streaming_sidecar=1 autotransfer_retry_enabled=0 media_upload_handle=null message_row_id=2077 multicast_id=null enc_file_hash=IqmYxLsjRYe1V0J3DyxoBFRQpda8Pm3/yRdULE9HgEY= mute_video=0 page_count=0 first_scan_sidecar=null suspicious_content=0 file_length=3618922 media_name=null media_duration=26 chat_row_id=5 media_key=[B@1acae4e
01-23 21:47:08.773 22280 22330 E SQLiteDatabase: android.database.sqlite.SQLiteConstraintException: UNIQUE constraint failed: message_media.message_row_id (code 1555 SQLITE_CONSTRAINT_PRIMARYKEY)
01-23 21:47:08.773 22280 22330 E SQLiteDatabase: at android.database.sqlite.SQLiteConnection.nativeExecuteForLastInsertedRowId(Native Method)
01-23 21:47:08.773 22280 22330 E SQLiteDatabase: at android.database.sqlite.SQLiteConnection.executeForLastInsertedRowId(SQLiteConnecti on.java:879)
01-23 21:47:08.773 22280 22330 E SQLiteDatabase: at android.database.sqlite.SQLiteSession.executeForLastInsertedRowId(SQLiteSession.jav a:790)
01-23 21:47:08.773 22280 22330 E SQLiteDatabase: at android.database.sqlite.SQLiteStatement.executeInsert(SQLiteStatement.java:88)
01-23 21:47:08.773 22280 22330 E SQLiteDatabase: at android.database.sqlite.SQLiteDatabase.insertWithOnConflict(SQLiteDatabase.java:159 9)
01-23 21:47:08.773 22280 22330 E SQLiteDatabase: at android.database.sqlite.SQLiteDatabase.insert(SQLiteDatabase.java:1468)
01-23 21:47:08.773 22280 22330 E SQLiteDatabase: at X.2tm.A08(Unknown Source:6)
01-23 21:47:08.773 22280 22330 E SQLiteDatabase: at X.35Y.A07(Unknown Source:212)
01-23 21:47:08.773 22280 22330 E SQLiteDatabase: at X.3QF.A14(Unknown Source:470)
01-23 21:47:08.773 22280 22330 E SQLiteDatabase: at X.3gU.run(Unknown Source:982)
01-23 21:47:08.773 22280 22330 E SQLiteDatabase: at android.os.Handler.handleCallback(Handler.java:914)
01-23 21:47:08.773 22280 22330 E SQLiteDatabase: at android.os.Handler.dispatchMessage(Handler.java:100)
01-23 21:47:08.773 22280 22330 E SQLiteDatabase: at X.0zq.dispatchMessage(Unknown Source:4)
01-23 21:47:08.773 22280 22330 E SQLiteDatabase: at android.os.Looper.loop(Looper.java:225)
01-23 21:47:08.773 22280 22330 E SQLiteDatabase: at android.os.HandlerThread.run(HandlerThread.java:67)
01-23 21:47:08.935 22280 22330 E SQLiteDatabase: Error inserting transferred=0 media_job_uuid=1204c28e-a46e-4870-8b38-60618d862254 transcoded=0 gif_attribution=0 first_scan_length=0 direct_path=/v/t62.7161- 24/32805444_897257258564169_3533948598404117133_n.enc?ccb=11- 4&oh=01_AdS0D2GcHAmcKhGGmLei-bZzbXas6VzRPKYVWYO_8bHKsw&oe=65D7D366&_nc_sid=5e03e0 thumbnail_height_width_ratio=1.0 is_animated_sticker=0 file_hash=X+AXI5XnEZqv4se8hIwl/khPpQGVjfdOJ4VXKEJIO3o= file_path=null file_size=0 partial_media_hash=null face_x=0 face_y=0 height=720 trim_to=0 media_key_timestamp=1706064574000 message_url=https://mmg.whatsapp.net/v/t62.7161- 24/32805444_897257258564169_3533948598404117133_n.enc?ccb=11- 4&oh=01_AdS0D2GcHAmcKhGGmLei- bZzbXas6VzRPKYVWYO_8bHKsw&oe=65D7D366&_nc_sid=5e03e0&mms3=true media_caption=null trim_from=0 mime_type=video/mp4 partial_media_enc_hash=null width=720 original_file_hash=null has_streaming_sidecar=1 autotransfer_retry_enabled=0 media_upload_handle=null message_row_id=2077 multicast_id=null enc_file_hash=IqmYxLsjRYe1V0J3DyxoBFRQpda8Pm3/yRdULE9HgEY= mute_video=0 page_count=0 first_scan_sidecar=null suspicious_content=0 file_length=3618922 media_name=null media_duration=26 chat_row_id=5 media_key=[B@1acae4e
01-23 21:47:08.935 22280 22330 E SQLiteDatabase: android.database.sqlite.SQLiteConstraintException: UNIQUE constraint failed: message_media.message_row_id (code 1555 SQLITE_CONSTRAINT_PRIMARYKEY)
01-23 21:47:08.935 22280 22330 E SQLiteDatabase: at android.database.sqlite.SQLiteConnection.nativeExecuteForLastInsertedRowId(Native Method)
01-23 21:47:08.935 22280 22330 E SQLiteDatabase: at android.database.sqlite.SQLiteConnection.executeForLastInsertedRowId(SQLiteConnecti on.java:879)
01-23 21:47:08.935 22280 22330 E SQLiteDatabase: at android.database.sqlite.SQLiteSession.executeForLastInsertedRowId(SQLiteSession.jav a:790)
01-23 21:47:08.935 22280 22330 E SQLiteDatabase: at android.database.sqlite.SQLiteStatement.executeInsert(SQLiteStatement.java:88)
01-23 21:47:08.935 22280 22330 E SQLiteDatabase: at android.database.sqlite.SQLiteDatabase.insertWithOnConflict(SQLiteDatabase.java:159 9)
01-23 21:47:08.935 22280 22330 E SQLiteDatabase: at android.database.sqlite.SQLiteDatabase.insert(SQLiteDatabase.java:1468)
01-23 21:47:08.935 22280 22330 E SQLiteDatabase: at X.2tm.A08(Unknown Source:6)
01-23 21:47:08.935 22280 22330 E SQLiteDatabase: at X.35Y.A07(Unknown Source:212)
01-23 21:47:08.935 22280 22330 E SQLiteDatabase: at X.3QF.A14(Unknown Source:470)
01-23 21:47:08.935 22280 22330 E SQLiteDatabase: at X.3gU.run(Unknown Source:982)
01-23 21:47:08.935 22280 22330 E SQLiteDatabase: at android.os.Handler.handleCallback(Handler.java:914)
01-23 21:47:08.935 22280 22330 E SQLiteDatabase: at android.os.Handler.dispatchMessage(Handler.java:100)
01-23 21:47:08.935 22280 22330 E SQLiteDatabase: at X.0zq.dispatchMessage(Unknown Source:4)
01-23 21:47:08.935 22280 22330 E SQLiteDatabase: at android.os.Looper.loop(Looper.java:225)
01-23 21:47:08.935 22280 22330 E SQLiteDatabase: at android.os.HandlerThread.run(HandlerThread.java:67)
01-23 21:47:09.076 22280 22280 W BottomSheetBehavior: BottomSheetBehavior now supports multiple callbacks. `setBottomSheetCallback()` removes all existing callbacks, including ones set internally by library authors, which may result in unintended behavior. This may change in the future. Please use `addBottomSheetCallback()` and `removeBottomSheetCallback()` instead to set your own callbacks.
01-23 21:47:09.076 22280 22280 W BottomSheetBehavior: BottomSheetBehavior now supports multiple callbacks. `setBottomSheetCallback()` removes all existing callbacks, including ones set internally by library authors, which may result in unintended behavior. This may change in the future. Please use `addBottomSheetCallback()` and `removeBottomSheetCallback()` instead to set your own callbacks.
01-23 21:47:09.151 22280 22280 W BottomSheetBehavior: BottomSheetBehavior now supports multiple callbacks. `setBottomSheetCallback()` removes all existing callbacks, including ones set internally by library authors, which may result in unintended behavior. This may change in the future. Please use `addBottomSheetCallback()` and `removeBottomSheetCallback()` instead to set your own callbacks.
01-23 21:47:09.152 22280 22280 W BottomSheetBehavior: BottomSheetBehavior now supports multiple callbacks. `setBottomSheetCallback()` removes all existing callbacks, including ones set internally by library authors, which may result in unintended behavior. This may change in the future. Please use `addBottomSheetCallback()` and `removeBottomSheetCallback()` instead to set your own callbacks.
01-23 21:47:09.178 22280 22280 E RecyclerView: No adapter attached; skipping layout
01-23 21:47:09.178 22280 22280 W com.mbwhatsapp: type=1400 audit(0.0:259980): avc: denied { read } for name="u:object_r:debug_bq_dump_prop:s0" dev="tmpfs" ino=7162 scontext=u:r:untrusted_app:s0:c201,c256,c512,c768 tcontext=u:object_r:debug_bq_dump_prop:s0 tclass=file permissive=0
01-23 21:47:09.182 22280 22280 E libc : Access denied finding property "vendor.debug.bq.dump"
01-23 21:47:09.183 22280 22280 E libc : Access denied finding property "vendor.debug.bq.dump"
01-23 21:47:09.178 22280 22280 W com.mbwhatsapp: type=1400 audit(0.0:259982): avc: denied { read } for name="u:object_r:debug_bq_dump_prop:s0" dev="tmpfs" ino=7162 scontext=u:r:untrusted_app:s0:c201,c256,c512,c768 tcontext=u:object_r:debug_bq_dump_prop:s0 tclass=file permissive=0
01-23 21:47:09.186 22280 22280 W ExoPlayer:Dummy: type=1400 audit(0.0:259983): avc: denied { read } for name="u:object_r:debug_bq_dump_prop:s0" dev="tmpfs" ino=7162 scontext=u:r:untrusted_app:s0:c201,c256,c512,c768 tcontext=u:object_r:debug_bq_dump_prop:s0 tclass=file permissive=0
01-23 21:47:09.189 22280 22999 E libc : Access denied finding property "vendor.debug.bq.dump"
01-23 21:47:09.190 22280 22999 E libc : Access denied finding property "vendor.debug.bq.dump"
01-23 21:47:09.190 22280 22999 E libc : Access denied finding property "vendor.debug.bq.dump"
01-23 21:47:09.186 22280 22280 W ExoPlayer:Dummy: type=1400 audit(0.0:259984): avc: denied { read } for name="u:object_r:debug_bq_dump_prop:s0" dev="tmpfs" ino=7162 scontext=u:r:untrusted_app:s0:c201,c256,c512,c768 tcontext=u:object_r:debug_bq_dump_prop:s0 tclass=file permissive=0
01-23 21:47:09.209 22280 22993 E MtkACodec: setConfig(OMX_CONFIG_ROTATIONTYPE) returned error 0xfffffc0e
01-23 21:47:09.209 22280 22993 E ACodec : [OMX.MTK.VIDEO.DECODER.AVC] failed to setViLTEParameters 1
01-23 21:47:09.234 22280 22993 W ACodec : [OMX.MTK.VIDEO.DECODER.AVC] setting nBufferCountActual to 8 failed: -22
01-23 21:47:09.269 22280 22993 W ACodec : [OMX.MTK.VIDEO.DECODER.AVC] setting nBufferCountActual to 16 failed: -22
01-23 21:47:09.289 22280 23000 W Codec2Client: query -- param skipped: index = 1107298332.
01-23 21:47:09.289 22280 23000 W CCodec : This behavior is subject to change. It is recommended that app developers double check whether the requested max input size is in reasonable range.
01-23 21:47:09.291 22280 23000 W Codec2Client: query -- param skipped: index = 1342179345.
01-23 21:47:09.291 22280 23000 W Codec2Client: query -- param skipped: index = 2415921170.
01-23 21:47:09.291 22280 23000 W Codec2Client: query -- param skipped: index = 1610614798.
01-23 21:47:09.377 22280 22993 W ACodec : Failed to set ANW_HWComposer to OMX, ignoring (-2147483648)
01-23 21:47:09.524 22280 22280 E RecyclerView: No adapter attached; skipping layout
01-23 21:47:11.554 22280 22330 E SQLiteDatabase: Error inserting transferred=1 media_job_uuid=4362f47b-7310-4406-bc14-e3e559dfafbf transcoded=0 gif_attribution=0 first_scan_length=0 direct_path=/v/t62.7161- 24/30563105_752853549664092_1802216171903040530_n.enc?ccb=11- 4&oh=01_AdRLvHBAzFUmbwd7zLvbau-md9XhNHXIVKab7CCAfuimHg&oe=65D7E2C6&_nc_sid=5e03e0 thumbnail_height_width_ratio=1.7777778 is_animated_sticker=0 file_hash=O66RzqfJFlPZgsTMkPG12qIqrKy7knw8urSrUzs93oU= file_path=Media/.Statuses/6316daa736d24c5ebae055311ff46ee0.mp4 file_size=4582720 partial_media_hash=null face_x=0 face_y=0 height=656 trim_to=0 media_key_timestamp=1706061196000 message_url=https://mmg.whatsapp.net/v/t62.7161- 24/30563105_752853549664092_1802216171903040530_n.enc?ccb=11- 4&oh=01_AdRLvHBAzFUmbwd7zLvbau- md9XhNHXIVKab7CCAfuimHg&oe=65D7E2C6&_nc_sid=5e03e0&mms3=true media_caption=null trim_from=0 mime_type=video/mp4 partial_media_enc_hash=null width=368 original_file_hash=null has_streaming_sidecar=1 autotransfer_retry_enabled=1 media_upload_handle=null message_row_id=2071 multicast_id=null enc_file_hash=xnPDhuz5QDlp093qeQpDXFdhju73VmseW88vgeq0emE= mute_video=0 page_count=0 first_scan_sidecar=null suspicious_content=0 file_length=4582720 media_name=null media_duration=30 chat_row_id=5 media_key=[B@39c90d7
01-23 21:47:11.554 22280 22330 E SQLiteDatabase: android.database.sqlite.SQLiteConstraintException: UNIQUE constraint failed: message_media.message_row_id (code 1555 SQLITE_CONSTRAINT_PRIMARYKEY)
01-23 21:47:11.554 22280 22330 E SQLiteDatabase: at android.database.sqlite.SQLiteConnection.nativeExecuteForLastInsertedRowId(Native Method)
01-23 21:47:11.554 22280 22330 E SQLiteDatabase: at android.database.sqlite.SQLiteConnection.executeForLastInsertedRowId(SQLiteConnecti on.java:879)
01-23 21:47:11.554 22280 22330 E SQLiteDatabase: at android.database.sqlite.SQLiteSession.executeForLastInsertedRowId(SQLiteSession.jav a:790)
01-23 21:47:11.554 22280 22330 E SQLiteDatabase: at android.database.sqlite.SQLiteStatement.executeInsert(SQLiteStatement.java:88)
01-23 21:47:11.554 22280 22330 E SQLiteDatabase: at android.database.sqlite.SQLiteDatabase.insertWithOnConflict(SQLiteDatabase.java:159 9)
01-23 21:47:11.554 22280 22330 E SQLiteDatabase: at android.database.sqlite.SQLiteDatabase.insert(SQLiteDatabase.java:1468)
01-23 21:47:11.554 22280 22330 E SQLiteDatabase: at X.2tm.A08(Unknown Source:6)
01-23 21:47:11.554 22280 22330 E SQLiteDatabase: at X.35Y.A07(Unknown Source:212)
01-23 21:47:11.554 22280 22330 E SQLiteDatabase: at X.3QF.A14(Unknown Source:470)
01-23 21:47:11.554 22280 22330 E SQLiteDatabase: at X.3gU.run(Unknown Source:982)
01-23 21:47:11.554 22280 22330 E SQLiteDatabase: at android.os.Handler.handleCallback(Handler.java:914)
01-23 21:47:11.554 22280 22330 E SQLiteDatabase: at android.os.Handler.dispatchMessage(Handler.java:100)
01-23 21:47:11.554 22280 22330 E SQLiteDatabase: at X.0zq.dispatchMessage(Unknown Source:4)
01-23 21:47:11.554 22280 22330 E SQLiteDatabase: at android.os.Looper.loop(Looper.java:225)
01-23 21:47:11.554 22280 22330 E SQLiteDatabase: at android.os.HandlerThread.run(HandlerThread.java:67)
01-23 21:47:11.611 22280 22330 E SQLiteDatabase: Error inserting transferred=0 media_job_uuid=3b06b971-ac57-499c-8e1e-acf3f70a3dd3 transcoded=0 gif_attribution=0 first_scan_length=0 direct_path=/v/t62.7161- 24/12146564_907397900762414_7694823519968452164_n.enc?ccb=11-4&oh=01_AdQbkCLXab6fc- dxdSiDzz2Ej9Q8Q_AsYeJx9xfB4Il0gw&oe=65D7CE07&_nc_sid=5e03e0 thumbnail_height_width_ratio=1.7777778 is_animated_sticker=0 file_hash=L1/iLHq29bncS1051t7ix0loQ/YOh1OyC1qSeYGt8xw= file_path=null file_size=0 partial_media_hash=null face_x=0 face_y=0 height=656 trim_to=0 media_key_timestamp=1706061182000 message_url=https://mmg.whatsapp.net/v/t62.7161- 24/12146564_907397900762414_7694823519968452164_n.enc?ccb=11-4&oh=01_AdQbkCLXab6fc- dxdSiDzz2Ej9Q8Q_AsYeJx9xfB4Il0gw&oe=65D7CE07&_nc_sid=5e03e0&mms3=true media_caption=null trim_from=0 mime_type=video/mp4 partial_media_enc_hash=null width=368 original_file_hash=null has_streaming_sidecar=1 autotransfer_retry_enabled=1 media_upload_handle=null message_row_id=2070 multicast_id=null enc_file_hash=sDi7UvX7VyiXtd73wOYJjLMZEhGEEAmOREZkJIlhxBQ= mute_video=0 page_count=0 first_scan_sidecar=null suspicious_content=0 file_length=5080759 media_name=null media_duration=30 chat_row_id=5 media_key=[B@6ec9230
01-23 21:47:11.611 22280 22330 E SQLiteDatabase: android.database.sqlite.SQLiteConstraintException: UNIQUE constraint failed: message_media.message_row_id (code 1555 SQLITE_CONSTRAINT_PRIMARYKEY)
01-23 21:47:11.611 22280 22330 E SQLiteDatabase: at android.database.sqlite.SQLiteConnection.nativeExecuteForLastInsertedRowId(Native Method)
01-23 21:47:11.611 22280 22330 E SQLiteDatabase: at android.database.sqlite.SQLiteConnection.executeForLastInsertedRowId(SQLiteConnecti on.java:879)
01-23 21:47:11.611 22280 22330 E SQLiteDatabase: at android.database.sqlite.SQLiteSession.executeForLastInsertedRowId(SQLiteSession.jav a:790)
01-23 21:47:11.611 22280 22330 E SQLiteDatabase: at android.database.sqlite.SQLiteStatement.executeInsert(SQLiteStatement.java:88)
01-23 21:47:11.611 22280 22330 E SQLiteDatabase: at android.database.sqlite.SQLiteDatabase.insertWithOnConflict(SQLiteDatabase.java:159 9)
01-23 21:47:11.611 22280 22330 E SQLiteDatabase: at android.database.sqlite.SQLiteDatabase.insert(SQLiteDatabase.java:1468)
01-23 21:47:11.611 22280 22330 E SQLiteDatabase: at X.2tm.A08(Unknown Source:6)
01-23 21:47:11.611 22280 22330 E SQLiteDatabase: at X.35Y.A07(Unknown Source:212)
01-23 21:47:11.611 22280 22330 E SQLiteDatabase: at X.3QF.A14(Unknown Source:470)
01-23 21:47:11.611 22280 22330 E SQLiteDatabase: at X.3gU.run(Unknown Source:982)
01-23 21:47:11.611 22280 22330 E SQLiteDatabase: at android.os.Handler.handleCallback(Handler.java:914)
01-23 21:47:11.611 22280 22330 E SQLiteDatabase: at android.os.Handler.dispatchMessage(Handler.java:100)
01-23 21:47:11.611 22280 22330 E SQLiteDatabase: at X.0zq.dispatchMessage(Unknown Source:4)
01-23 21:47:11.611 22280 22330 E SQLiteDatabase: at android.os.Looper.loop(Looper.java:225)
01-23 21:47:11.611 22280 22330 E SQLiteDatabase: at android.os.HandlerThread.run(HandlerThread.java:67)
01-23 21:47:11.676 22280 22339 W RefBase : CallStack::getCurrentInternal not linked, returning null
01-23 21:47:11.676 22280 22339 W RefBase : CallStack::logStackInternal not linked
01-23 21:47:11.677 22280 22339 W RefBase : CallStack::getCurrentInternal not linked, returning null
01-23 21:47:11.677 22280 22339 W RefBase : CallStack::logStackInternal not linked
01-23 21:47:11.677 22280 22339 W RefBase : CallStack::getCurrentInternal not linked, returning null
01-23 21:47:11.677 22280 22339 W RefBase : CallStack::logStackInternal not linked
01-23 21:47:11.677 22280 22339 W RefBase : CallStack::getCurrentInternal not linked, returning null
01-23 21:47:11.677 22280 22339 W RefBase : CallStack::logStackInternal not linked
01-23 21:47:11.678 22280 22339 W RefBase : CallStack::getCurrentInternal not linked, returning null
01-23 21:47:11.678 22280 22339 W RefBase : CallStack::logStackInternal not linked
01-23 21:47:11.678 22280 22339 W RefBase : CallStack::getCurrentInternal not linked, returning null
01-23 21:47:11.678 22280 22339 W RefBase : CallStack::logStackInternal not linked
01-23 21:47:11.678 22280 22339 W RefBase : CallStack::getCurrentInternal not linked, returning null
01-23 21:47:11.678 22280 22339 W RefBase : CallStack::logStackInternal not linked
01-23 21:47:11.679 22280 22339 W RefBase : CallStack::getCurrentInternal not linked, returning null
01-23 21:47:11.679 22280 22339 W RefBase : CallStack::logStackInternal not linked
01-23 21:47:11.679 22280 22339 W RefBase : CallStack::getCurrentInternal not linked, returning null
01-23 21:47:11.679 22280 22339 W RefBase : CallStack::logStackInternal not linked
