01-23 06:11:22.159 32045 32045 W Activity: Slow Operation: Activity com.mbwhatsapp/.Conversation onStart took 130ms
01-23 06:11:22.300 32045 32045 W Activity: Slow Operation: Activity com.mbwhatsapp/.Conversation onResume took 106ms
01-23 06:11:22.490 32045 32045 W Looper : Slow Looper main: doFrame is 314ms late because of 5 msg, msg 1 took 301ms (seq=7792 running=124ms runnable=5ms io=157ms reclaim=2ms late=35ms h=android.app.ActivityThread$H w=159)
01-23 06:11:25.642 32045 32045 W Looper : Slow Looper main: Activity com.mbwhatsapp/.Conversation is 591ms late (wall=1ms running=0ms ClientTransaction{ callbacks=[android.app.servertransaction.TopResumedActivityChangeItem] }) because of 4 msg, msg 4 took 586ms (seq=7934 running=375ms runnable=1ms io=159ms reclaim=2ms late=5ms h=android.app.ActivityThread$H w=159)
01-23 06:11:26.155 32045 32045 W Looper : Slow Looper main: doFrame is 589ms late because of 4 msg, msg 1 took 586ms (seq=7934 running=375ms runnable=1ms io=159ms reclaim=2ms late=5ms h=android.app.ActivityThread$H w=159)
01-23 06:11:26.264 32045 32045 W Looper : Slow Looper main: doFrame is 548ms late because of 58 msg, msg 1 took 507ms (seq=7938 running=411ms io=18ms reclaim=3ms late=589ms h=android.view.Choreographer$FrameHandler c=android.view.Choreographer$FrameDisplayEventReceiver)
01-23 06:11:27.090 32045 32045 W InputEventReceiver: App Input: Dispatching InputEvent took 105ms in main thread! (MotionEvent: event_seq=141, seq=5321848, action=ACTION_UP)
01-23 06:11:35.225 32045 32045 W Looper : Slow Looper main: Activity com.mbwhatsapp/mbmodsd.mbmodsw.mbsettings.MBSettingsActivity is 396ms late (wall=1ms running=0ms ClientTransaction{ callbacks=[android.app.servertransaction.TopResumedActivityChang eItem] }) because of 5 msg, msg 5 took 391ms (seq=8447 running=323ms io=27ms reclaim=4ms late=5ms h=android.app.ActivityThread$H w=159)
01-23 06:11:35.343 32045 32045 W Looper : Slow Looper main: doFrame is 385ms late because of 2 msg, msg 1 took 391ms (seq=8447 running=323ms io=27ms reclaim=4ms late=5ms h=android.app.ActivityThread$H w=159)
01-23 06:11:39.857 32045 32045 W Looper : Slow Looper main: Activity com.mbwhatsapp/mbmodsd.mbmodsw.mbsettings.MBSettingsPreferences is 318ms late (wall=0ms running=0ms ClientTransaction{ callbacks=[android.app.servertransaction.TopResumedActivityChang eItem] }) because of 4 msg, msg 4 took 309ms (seq=8664 running=276ms io=8ms late=9ms h=android.app.ActivityThread$H w=159)
01-23 06:11:39.951 32045 32045 W Looper : Slow Looper main: doFrame is 309ms late because of 3 msg, msg 1 took 309ms (seq=8664 running=276ms io=8ms late=9ms h=android.app.ActivityThread$H w=159)
01-23 06:11:54.843 1545 1545 W Looper : Slow Looper main: Activity com.mbwhatsapp/.Icon59 is 848ms late (wall=171ms running=123ms ClientTransaction{ callbacks=[android.app.servertransaction.LaunchActivityItem] lifecycleRequest=android.app.servertransaction.ResumeActivityItem }) because of 2 msg, msg 2 took 845ms (seq=2 running=511ms runnable=3ms io=222ms swapin=19ms reclaim=12ms late=5ms h=android.app.ActivityThread$H w=110)
01-23 06:11:54.843 1545 1545 W Looper : Slow Looper main: Activity com.mbwhatsapp/.Icon59 is 760ms late (wall=0ms running=0ms ClientTransaction{ callbacks=[android.app.servertransaction.TopResumedActivityChang eItem] }) because of 3 msg, msg 1 took 845ms (seq=2 running=511ms runnable=3ms io=222ms swapin=19ms reclaim=12ms late=5ms h=android.app.ActivityThread$H w=110), msg 2 took 171ms (seq=3 running=123ms runnable=1ms io=9ms late=848ms h=android.app.ActivityThread$H w=159)
01-23 06:11:55.751 1545 1545 W Activity: Slow Operation: Activity com.mbwhatsapp/.HomeActivity onCreate took 827ms
01-23 06:11:55.824 1545 1545 W Looper : Slow Looper main: Activity com.mbwhatsapp/.HomeActivity is 948ms late (wall=0ms running=0ms ClientTransaction{ callbacks=[android.app.servertransaction.TopResumedActivityChangeItem] }) because of 4 msg, msg 4 took 939ms (seq=15 running=757ms runnable=5ms io=42ms reclaim=9ms late=9ms h=android.app.ActivityThread$H w=159)
01-23 06:11:55.865 1545 1545 W Looper : Slow Looper main: Activity com.mbwhatsapp/.HomeActivity is 313ms late (wall=2ms running=2ms ClientTransaction{ callbacks=[android.app.servertransaction.TopResumedActivityChangeItem] }) because of 12 msg, msg 1 took 939ms (seq=15 running=757ms runnable=5ms io=42ms reclaim=9ms late=9ms h=android.app.ActivityThread$H w=159)
01-23 06:11:55.922 1545 1545 W Looper : Slow Looper main: Activity com.mbwhatsapp/.HomeActivity is 315ms late (wall=57ms running=16ms ClientTransaction{ lifecycleRequest=android.app.servertransaction.PauseActivityItem }) because of 13 msg, msg 1 took 939ms (seq=15 running=757ms runnable=5ms io=42ms reclaim=9ms late=9ms h=android.app.ActivityThread$H w=159)
01-23 06:12:00.617 1682 1682 W Looper : Slow Looper main: Activity com.mbwhatsapp/.Icon59 is 958ms late (wall=198ms running=132ms ClientTransaction{ callbacks=[android.app.servertransaction.LaunchActivityItem] lifecycleRequest=android.app.servertransaction.ResumeActivityItem }) because of 2 msg, msg 2 took 953ms (seq=2 running=559ms runnable=5ms io=286ms reclaim=22ms late=8ms h=android.app.ActivityThread$H w=110)
01-23 06:12:00.617 1682 1682 W Looper : Slow Looper main: Activity com.mbwhatsapp/.Icon59 is 1154ms late (wall=0ms running=0ms ClientTransaction{ callbacks=[android.app.servertransaction.TopResumedActivityChang eItem] }) because of 3 msg, msg 2 took 953ms (seq=2 running=559ms runnable=5ms io=286ms reclaim=22ms late=8ms h=android.app.ActivityThread$H w=110), msg 3 took 198ms (seq=3 running=132ms runnable=1ms io=20ms reclaim=3ms late=958ms h=android.app.ActivityThread$H w=159)
01-23 06:12:01.331 1682 1682 W Activity: Slow Operation: Activity com.mbwhatsapp/.HomeActivity onCreate took 629ms
01-23 06:12:01.440 1682 1682 W Looper : Slow Looper main: Activity com.mbwhatsapp/.HomeActivity is 792ms late (wall=0ms running=0ms ClientTransaction{ callbacks=[android.app.servertransaction.TopResumedActivityChangeItem] }) because of 3 msg, msg 3 took 782ms (seq=16 running=647ms runnable=3ms io=27ms reclaim=5ms late=10ms h=android.app.ActivityThread$H w=159)
01-23 06:12:02.952 1682 1682 W Looper : Slow Looper main: Long Msg: seq=44 plan=06:12:01.436 late=68ms wall=1448ms running=1160ms runnable=22ms io=44ms h=android.view.Choreographer$FrameHandler c=android.view.Choreographer$FrameDisplayEventReceiver
01-23 06:12:02.975 1682 1682 W Looper : Slow Looper main: Activity com.mbwhatsapp/mbmodsd.mbmodsw.mbsettings.yo.PauseActivity is 1465ms late (wall=20ms running=10ms ClientTransaction{ callbacks=[android.app.servertransaction.LaunchActivityItem] lifecycleRequest=android.app.servertransaction.PauseActivityItem }) because of 21 msg, msg 17 took 1448ms (seq=44 running=1160ms runnable=22ms io=44ms late=68ms h=android.view.Choreographer$FrameHandler c=android.view.Choreographer$FrameDisplayEventReceiver)
01-23 06:12:03.057 1682 1682 W Looper : Slow Looper main: doFrame is 1470ms late because of 10 msg, msg 1 took 1448ms (seq=44 running=1160ms runnable=22ms io=44ms late=68ms h=android.view.Choreographer$FrameHandler c=android.view.Choreographer$FrameDisplayEventReceiver)
01-23 06:12:03.169 1682 1682 W Looper : Slow Looper main: Activity com.mbwhatsapp/mbmodsd.mbmodsw.mbsettings.yo.PauseActivity is 927ms late (wall=0ms running=0ms ClientTransaction{ callbacks=[android.app.servertransaction.TopResumedActivityChang eItem] }) because of 74 msg, msg 1 took 1448ms (seq=44 running=1160ms runnable=22ms io=44ms late=68ms h=android.view.Choreographer$FrameHandler c=android.view.Choreographer$FrameDisplayEventReceiver), msg 11 took 70ms (seq=54 running=57ms io=3ms late=1470ms h=android.view.Choreographer$FrameHandler c=android.view.Choreographer$FrameDisplayEventReceiver), msg 16 took 66ms (seq=59 running=53ms runnable=1ms io=1ms late=1485ms h=android.os.Handler c=mbmodsd.mbmodsw.update.RequestNetworkController$3$2)
01-23 06:12:03.170 1682 1682 W Looper : Slow Looper main: Activity com.mbwhatsapp/mbmodsd.mbmodsw.mbsettings.yo.PauseActivity is 924ms late (wall=0ms running=1ms ClientTransaction{ lifecycleRequest=android.app.servertransaction.ResumeActivityIte m }) because of 76 msg, msg 1 took 1448ms (seq=44 running=1160ms runnable=22ms io=44ms late=68ms h=android.view.Choreographer$FrameHandler c=android.view.Choreographer$FrameDisplayEventReceiver), msg 11 took 70ms (seq=54 running=57ms io=3ms late=1470ms h=android.view.Choreographer$FrameHandler c=android.view.Choreographer$FrameDisplayEventReceiver), msg 16 took 66ms (seq=59 running=53ms runnable=1ms io=1ms late=1485ms h=android.os.Handler c=mbmodsd.mbmodsw.update.RequestNetworkController$3$2)
01-23 06:12:03.998 1682 1682 W Looper : Slow Looper main: Activity com.mbwhatsapp/.backup.google.GoogleDriveNewUserSetupActivity is 321ms late (wall=0ms running=0ms ClientTransaction{ callbacks=[android.app.servertransaction.TopResumedActivityChang eItem] }) because of 23 msg, msg 6 took 96ms (seq=259 running=54ms runnable=1ms late=212ms h=android.view.Choreographer$FrameHandler c=android.view.Choreographer$FrameDisplayEventReceiver), msg 23 took 210ms (seq=276 running=176ms io=9ms late=111ms h=android.app.ActivityThread$H w=159)
01-23 06:12:04.531 1682 1682 W Looper : Slow Looper main: Activity com.mbwhatsapp/.HomeActivity is 357ms late (wall=0ms running=0ms ClientTransaction{ callbacks=[android.app.servertransaction.TopResumedActivityChangeItem] }) because of 23 msg, msg 5 took 341ms (seq=330 running=311ms io=3ms late=166ms h=android.view.Choreographer$FrameHandler c=android.view.Choreographer$FrameDisplayEventReceiver)
01-23 06:12:04.555 1682 1682 W Looper : Slow Looper main: Activity com.mbwhatsapp/.HomeActivity is 354ms late (wall=24ms running=21ms ClientTransaction{ lifecycleRequest=android.app.servertransaction.ResumeActivityIte m }) because of 24 msg, msg 5 took 341ms (seq=330 running=311ms io=3ms late=166ms h=android.view.Choreographer$FrameHandler c=android.view.Choreographer$FrameDisplayEventReceiver)
01-23 06:12:04.592 1682 1682 W Looper : Slow Looper main: doFrame is 354ms late because of 23 msg, msg 1 took 341ms (seq=330 running=311ms io=3ms late=166ms h=android.view.Choreographer$FrameHandler c=android.view.Choreographer$FrameDisplayEventReceiver)
01-23 06:12:09.552 1682 1682 W Activity: Slow Operation: Activity com.mbwhatsapp/.HomeActivity onStop took 228ms
01-23 06:15:08.892 4701 4701 W Looper : Slow Looper main: Long Msg: seq=2 plan=06:14:58.889 late=1ms wall=9914ms running=1017ms runnable=31ms io=7688ms swapin=152ms reclaim=37ms h=android.app.ActivityThread$H w=110
01-23 06:15:11.050 4701 4701 W BpBinder: Slow Binder: BpBinder transact took 317 ms, interface=android.app.IActivityManager, code=12 oneway=false
01-23 06:15:12.391 4701 4701 W Activity: Slow Operation: Activity com.mbwhatsapp/.HomeActivity onCreate took 3288ms
01-23 06:15:34.083 5585 5585 W Looper : Slow Looper main: Long Msg: seq=2 plan=06:15:30.821 late=4ms wall=3160ms running=1075ms runnable=97ms io=1696ms swapin=49ms reclaim=31ms h=android.app.ActivityThread$H w=110
01-23 06:15:35.950 5585 5653 W BpBinder: Slow Binder: BpBinder transact took 224 ms, interface=android.bluetooth.IBluetoothManager, code=11 oneway=false
01-23 07:43:14.669 21945 21945 W Looper : Slow Looper main: Long Msg: seq=2 plan=07:43:11.973 late=6ms wall=2628ms running=717ms runnable=8ms io=1685ms swapin=39ms reclaim=21ms h=android.app.ActivityThread$H w=110
01-23 07:43:14.965 21945 21945 W Looper : Slow Looper main: Activity com.mbwhatsapp/.Icon59 is 2695ms late (wall=296ms running=155ms ClientTransaction{ callbacks=[android.app.servertransaction.LaunchActivityItem] lifecycleRequest=android.app.servertransaction.ResumeActivityItem }) because of 2 msg, msg 2 took 2628ms (seq=2 running=717ms runnable=8ms io=1685ms swapin=39ms reclaim=21ms late=6ms h=android.app.ActivityThread$H w=110)
01-23 07:43:14.965 21945 21945 W Looper : Slow Looper main: Activity com.mbwhatsapp/.Icon59 is 2981ms late (wall=0ms running=0ms ClientTransaction{ callbacks=[android.app.servertransaction.TopResumedActivityChang eItem] }) because of 2 msg, msg 1 took 2628ms (seq=2 running=717ms runnable=8ms io=1685ms swapin=39ms reclaim=21ms late=6ms h=android.app.ActivityThread$H w=110), msg 2 took 296ms (seq=3 running=155ms runnable=9ms io=83ms reclaim=3ms late=2695ms h=android.app.ActivityThread$H w=159)
01-23 07:43:16.040 21945 21945 W Activity: Slow Operation: Activity com.mbwhatsapp/.HomeActivity onCreate took 902ms
01-23 07:43:16.156 21945 21945 W Looper : Slow Looper main: Long Msg: seq=16 plan=07:43:15.001 late=34ms wall=1122ms running=787ms runnable=3ms io=137ms reclaim=18ms h=android.app.ActivityThread$H w=159
01-23 07:43:16.157 21945 21945 W Looper : Slow Looper main: Activity com.mbwhatsapp/.HomeActivity is 1155ms late (wall=1ms running=1ms ClientTransaction{ callbacks=[android.app.servertransaction.TopResumedActivityChang eItem] }) because of 4 msg, msg 4 took 1122ms (seq=16 running=787ms runnable=3ms io=137ms reclaim=18ms late=34ms h=android.app.ActivityThread$H w=159)
01-23 07:43:16.194 21945 21945 W Looper : Slow Looper main: Activity com.mbwhatsapp/.HomeActivity is 445ms late (wall=1ms running=1ms ClientTransaction{ callbacks=[android.app.servertransaction.TopResumedActivityChangeItem] }) because of 13 msg, msg 1 took 1122ms (seq=16 running=787ms runnable=3ms io=137ms reclaim=18ms late=34ms h=android.app.ActivityThread$H w=159)
01-23 07:43:16.215 21945 21945 W Looper : Slow Looper main: Activity com.mbwhatsapp/.HomeActivity is 445ms late (wall=20ms running=10ms ClientTransaction{ lifecycleRequest=android.app.servertransaction.PauseActivityItem }) because of 14 msg, msg 1 took 1122ms (seq=16 running=787ms runnable=3ms io=137ms reclaim=18ms late=34ms h=android.app.ActivityThread$H w=159)
01-23 07:43:17.770 21945 21945 W Looper : Slow Looper main: Long Msg: seq=64 plan=07:43:16.152 late=156ms wall=1463ms running=1091ms runnable=36ms io=108ms h=android.view.Choreographer$FrameHandler c=android.view.Choreographer$FrameDisplayEventReceiver
01-23 07:43:17.881 21945 21945 W Looper : Slow Looper main: Activity com.mbwhatsapp/mbmodsd.mbmodsw.mbsettings.yo.PauseActivity is 1646ms late (wall=22ms running=12ms ClientTransaction{ callbacks=[android.app.servertransaction.LaunchActivityItem] lifecycleRequest=android.app.servertransaction.PauseActivityItem }) because of 41 msg, msg 35 took 1463ms (seq=64 running=1091ms runnable=36ms io=108ms late=156ms h=android.view.Choreographer$FrameHandler c=android.view.Choreographer$FrameDisplayEventReceiver), msg 38 took 75ms (seq=67 running=51ms runnable=11ms io=4ms late=1629ms h=android.os.Handler c=mbmodsd.mbmodsw.update.RequestNetworkController$3$2)
01-23 07:43:18.034 21945 21945 W Looper : Slow Looper main: doFrame is 1576ms late because of 13 msg, msg 1 took 1463ms (seq=64 running=1091ms runnable=36ms io=108ms late=156ms h=android.view.Choreographer$FrameHandler c=android.view.Choreographer$FrameDisplayEventReceiver), msg 4 took 75ms (seq=67 running=51ms runnable=11ms io=4ms late=1629ms h=android.os.Handler c=mbmodsd.mbmodsw.update.RequestNetworkController$3$2)
01-23 07:43:18.057 21945 21945 W Looper : Slow Looper main: Activity com.mbwhatsapp/mbmodsd.mbmodsw.mbsettings.yo.PauseActivity is 1031ms late (wall=0ms running=0ms ClientTransaction{ callbacks=[android.app.servertransaction.TopResumedActivityChang eItem] }) because of 68 msg, msg 1 took 1463ms (seq=64 running=1091ms runnable=36ms io=108ms late=156ms h=android.view.Choreographer$FrameHandler c=android.view.Choreographer$FrameDisplayEventReceiver), msg 4 took 75ms (seq=67 running=51ms runnable=11ms io=4ms late=1629ms h=android.os.Handler c=mbmodsd.mbmodsw.update.RequestNetworkController$3$2), msg 14 took 142ms (seq=77 running=92ms runnable=4ms io=11ms late=1576ms h=android.view.Choreographer$FrameHandler c=android.view.Choreographer$FrameDisplayEventReceiver)
01-23 07:43:18.058 21945 21945 W Looper : Slow Looper main: Activity com.mbwhatsapp/mbmodsd.mbmodsw.mbsettings.yo.PauseActivity is 1026ms late (wall=0ms running=1ms ClientTransaction{ lifecycleRequest=android.app.servertransaction.ResumeActivityIte m }) because of 70 msg, msg 1 took 1463ms (seq=64 running=1091ms runnable=36ms io=108ms late=156ms h=android.view.Choreographer$FrameHandler c=android.view.Choreographer$FrameDisplayEventReceiver), msg 4 took 75ms (seq=67 running=51ms runnable=11ms io=4ms late=1629ms h=android.os.Handler c=mbmodsd.mbmodsw.update.RequestNetworkController$3$2), msg 14 took 142ms (seq=77 running=92ms runnable=4ms io=11ms late=1576ms h=android.view.Choreographer$FrameHandler c=android.view.Choreographer$FrameDisplayEventReceiver)
01-23 07:43:18.597 21945 22043 W BpBinder: Slow Binder: BpBinder transact took 443 ms, interface=android.app.IActivityManager, code=20 oneway=false
01-23 07:43:18.991 21945 21945 W Looper : Slow Looper main: Activity com.mbwhatsapp/.backup.google.GoogleDriveNewUserSetupActivity is 330ms late (wall=0ms running=0ms ClientTransaction{ callbacks=[android.app.servertransaction.TopResumedActivityChang eItem] }) because of 21 msg, msg 6 took 85ms (seq=270 running=54ms io=1ms late=295ms h=android.view.Choreographer$FrameHandler c=android.view.Choreographer$FrameDisplayEventReceiver), msg 21 took 231ms (seq=285 running=186ms runnable=1ms io=16ms late=100ms h=android.app.ActivityThread$H w=159)
01-23 07:43:19.554 21945 21945 W Looper : Slow Looper main: Activity com.mbwhatsapp/.HomeActivity is 367ms late (wall=1ms running=0ms ClientTransaction{ callbacks=[android.app.servertransaction.TopResumedActivityChangeItem] }) because of 22 msg, msg 5 took 338ms (seq=341 running=294ms io=10ms late=181ms h=android.view.Choreographer$FrameHandler c=android.view.Choreographer$FrameDisplayEventReceiver)
01-23 07:43:19.580 21945 21945 W Looper : Slow Looper main: Activity com.mbwhatsapp/.HomeActivity is 365ms late (wall=25ms running=23ms ClientTransaction{ lifecycleRequest=android.app.servertransaction.ResumeActivityIte m }) because of 23 msg, msg 5 took 338ms (seq=341 running=294ms io=10ms late=181ms h=android.view.Choreographer$FrameHandler c=android.view.Choreographer$FrameDisplayEventReceiver)
01-23 07:43:19.619 21945 21945 W Looper : Slow Looper main: doFrame is 366ms late because of 21 msg, msg 1 took 338ms (seq=341 running=294ms io=10ms late=181ms h=android.view.Choreographer$FrameHandler c=android.view.Choreographer$FrameDisplayEventReceiver)
01-23 07:43:21.603 21945 21945 W Activity: Slow Operation: Activity com.mbwhatsapp/mbmodsd.mbmodsw.update.MBUpdateActivity onCreate took 925ms
01-23 07:43:21.646 21945 21945 W Looper : Slow Looper main: Activity com.mbwhatsapp/mbmodsd.mbmodsw.update.MBUpdateActivity is 987ms late (wall=0ms running=0ms ClientTransaction{ callbacks=[android.app.servertransaction.TopResumedActivityChang eItem] }) because of 3 msg, msg 3 took 959ms (seq=577 running=504ms runnable=5ms io=310ms reclaim=21ms late=6ms h=android.app.ActivityThread$H w=159)
01-23 07:43:53.967 21945 22193 W BpBinder: Slow Binder: BpBinder transact took 362 ms, interface=android.app.IActivityManager, code=85 oneway=false
01-23 07:44:04.829 21945 21945 W Activity: Slow Operation: Activity com.mbwhatsapp/mbmodsd.mbmodsw.update.MBUpdateActivity onStart took 147ms
01-23 07:44:05.475 21945 21945 W Looper : Slow Looper main: doFrame is 483ms late because of 4 msg, msg 1 took 455ms (seq=753 running=19ms runnable=1ms io=142ms late=286ms h=android.view.Choreographer$FrameHandler c=android.view.Choreographer$FrameDisplayEventReceiver)
01-23 07:44:32.840 21945 21945 W InputEventReceiver: App Input: Dispatching InputEvent took 171ms in main thread! (MotionEvent: event_seq=95, seq=5420016, action=ACTION_MOVE)
01-23 07:44:33.767 21945 21945 W Activity: Slow Operation: Activity com.mbwhatsapp/.Conversation onCreate took 603ms
01-23 07:44:33.861 21945 21945 W Looper : Slow Looper main: Activity com.mbwhatsapp/.Conversation is 765ms late (wall=0ms running=0ms ClientTransaction{ callbacks=[android.app.servertransaction.TopResumedActivityChangeItem] }) because of 6 msg, msg 6 took 752ms (seq=3977 running=538ms runnable=2ms io=135ms reclaim=7ms late=13ms h=android.app.ActivityThread$H w=159)
01-23 07:44:34.345 21945 21945 W Looper : Slow Looper main: doFrame is 748ms late because of 2 msg, msg 1 took 752ms (seq=3977 running=538ms runnable=2ms io=135ms reclaim=7ms late=13ms h=android.app.ActivityThread$H w=159)
01-23 07:44:34.383 21945 21945 W Looper : Slow Looper main: doFrame is 486ms late because of 48 msg, msg 1 took 483ms (seq=3979 running=383ms runnable=1ms io=15ms reclaim=1ms late=748ms h=android.view.Choreographer$FrameHandler c=android.view.Choreographer$FrameDisplayEventReceiver)
01-23 07:47:02.088 21945 22151 W BpBinder: Slow Binder: BpBinder transact took 1906 ms, interface=android.app.IActivityManager, code=20 oneway=false
01-23 07:47:15.908 21945 22791 W BpBinder: Slow Binder: BpBinder transact took 204 ms, interface=android.media.IMediaMetadataRetriever, code=5 oneway=false
01-23 07:47:17.378 21945 22791 W BpBinder: Slow Binder: BpBinder transact took 216 ms, interface=android.media.IMediaMetadataRetriever, code=5 oneway=false
01-23 07:52:24.170 21945 21945 W Looper : Slow Looper main: doFrame is 415ms late because of 1 msg, msg 1 took 785ms (seq=8374 running=129ms runnable=19ms io=608ms late=57ms h=X.10F w=4)
01-23 07:57:00.184 21945 21945 W Activity: Slow Operation: Activity com.mbwhatsapp/.HomeActivity onRestart took 149ms
01-23 07:57:00.531 21945 21945 W Activity: Slow Operation: Activity com.mbwhatsapp/.HomeActivity onStart took 335ms
01-23 07:57:00.646 21945 21945 W Looper : Slow Looper main: Activity com.mbwhatsapp/.status.playback.StatusPlaybackActivity is 604ms late (wall=65ms running=12ms ClientTransaction{ lifecycleRequest=android.app.servertransaction.ResumeActivityIte m }) because of 5 msg, msg 5 took 546ms (seq=8423 running=30ms runnable=1ms io=490ms late=65ms h=android.app.ActivityThread$H w=159)
01-23 07:57:01.624 21945 21945 W Looper : Slow Looper main: doFrame is 611ms late because of 2 msg, msg 1 took 546ms (seq=8423 running=30ms runnable=1ms io=490ms late=65ms h=android.app.ActivityThread$H w=159), msg 2 took 65ms (seq=8424 running=12ms io=48ms late=604ms h=android.app.ActivityThread$H w=159)
01-23 07:57:01.942 21945 21945 W Looper : Slow Looper main: doFrame is 1201ms late because of 10 msg, msg 1 took 978ms (seq=8425 running=96ms runnable=2ms io=96ms late=611ms h=android.view.Choreographer$FrameHandler c=android.view.Choreographer$FrameDisplayEventReceiver)
01-23 07:57:03.599 21945 21945 W Activity: Slow Operation: Activity com.mbwhatsapp/.HomeActivity onResume took 191ms
01-23 07:57:04.524 21945 21945 W Activity: Slow Operation: Activity com.mbwhatsapp/.status.playback.StatusPlaybackActivity onDestroy took 232ms
01-23 07:57:06.708 21945 21945 W Activity: Slow Operation: Activity com.mbwhatsapp/.Conversation onCreate took 618ms
01-23 07:57:06.933 21945 21945 W Looper : Slow Looper main: Activity com.mbwhatsapp/.Conversation is 952ms late (wall=1ms running=0ms ClientTransaction{ callbacks=[android.app.servertransaction.TopResumedActivityChangeItem] }) because of 5 msg, msg 1 took 64ms (seq=8701 running=16ms io=32ms late=11ms h=android.app.ActivityThread$H w=159), msg 5 took 946ms (seq=8705 running=448ms runnable=5ms io=396ms late=6ms h=android.app.ActivityThread$H w=159)
01-23 07:57:07.598 21945 21945 W Looper : Slow Looper main: doFrame is 942ms late because of 3 msg, msg 1 took 946ms (seq=8705 running=448ms runnable=5ms io=396ms late=6ms h=android.app.ActivityThread$H w=159)
01-23 07:57:07.690 21945 21945 W Looper : Slow Looper main: doFrame is 674ms late because of 56 msg, msg 1 took 659ms (seq=8708 running=455ms runnable=1ms io=77ms reclaim=1ms late=942ms h=android.view.Choreographer$FrameHandler c=android.view.Choreographer$FrameDisplayEventReceiver)
01-23 07:57:10.406 21945 21945 W Looper : Slow Looper main: doFrame is 376ms late because of 9 msg, msg 1 took 92ms (seq=8877 running=15ms io=73ms h=X.10F w=5), msg 4 took 177ms (seq=8880 running=139ms runnable=1ms io=33ms late=131ms h=X.10F w=5)
01-23 07:57:40.523 21945 21945 W InputEventReceiver: App Input: Dispatching InputEvent took 112ms in main thread! (KeyEvent: event_seq=333, seq=5422046, code=KEYCODE_BACK, action=ACTION_DOWN)
01-23 07:57:43.728 21945 21945 W Looper : Slow Looper main: doFrame is 455ms late because of 5 msg, msg 1 took 422ms (seq=9628 running=345ms runnable=1ms io=40ms late=17ms h=android.view.Choreographer$FrameHandler c=android.view.Choreographer$FrameDisplayEventReceiver), msg 2 took 64ms (seq=9629 running=55ms h=android.view.Choreographer$FrameHandler w=0)
01-23 08:02:19.569 21945 21945 W Activity: Slow Operation: Activity com.mbwhatsapp/.mediaview.MediaViewActivity onPause took 57ms
01-23 09:36:20.695 21945 21945 W Looper : Slow Looper main: doFrame is 497ms late because of 1 msg, msg 1 took 996ms (seq=14244 running=173ms runnable=57ms io=709ms h=X.10F w=4)
01-23 10:09:06.936 21945 22073 W BpBinder: Slow Binder: BpBinder transact took 472 ms, interface=android.app.INotificationManager, code=35 oneway=false
01-23 10:46:03.286 21945 28555 W BpBinder: Slow Binder: BpBinder transact took 1883 ms, interface=android.app.IActivityManager, code=20 oneway=false
01-23 10:46:04.638 21945 22062 W BpBinder: Slow Binder: BpBinder transact took 1273 ms, interface=android.content.IContentProvider, code=1 oneway=false
01-23 13:03:00.450 3338 3338 W Looper : Slow Looper main: Long Msg: seq=2 plan=13:02:58.429 late=2ms wall=2000ms running=1050ms runnable=44ms io=746ms swapin=19ms reclaim=16ms h=android.app.ActivityThread$H w=110
01-23 13:03:03.520 3338 3465 W BpBinder: Slow Binder: BpBinder transact took 937 ms, interface=android.app.IActivityManager, code=20 oneway=false
01-23 13:42:03.231 4654 4654 W Looper : Slow Looper main: Long Msg: seq=2 plan=13:42:00.841 late=3ms wall=2370ms running=1443ms runnable=16ms io=673ms swapin=31ms reclaim=34ms h=android.app.ActivityThread$H w=110
01-23 13:42:05.875 4654 4753 W BpBinder: Slow Binder: BpBinder transact took 1108 ms, interface=android.app.IActivityManager, code=20 oneway=false
01-23 15:11:44.066 5891 5891 W BpBinder: Slow Binder: BpBinder transact took 3035 ms, interface=android.hardware.display.IDisplayManager, code=1 oneway=false
01-23 15:11:46.746 5891 5891 W Looper : Slow Looper main: Long Msg: seq=2 plan=15:11:27.965 late=10ms wall=18751ms running=1807ms runnable=303ms io=11825ms swapin=265ms reclaim=107ms h=android.app.ActivityThread$H w=110
01-23 15:11:50.547 5891 5891 W Looper : Slow Looper main: Long Msg: seq=39 plan=15:11:49.451 late=3ms wall=1091ms running=16ms runnable=11ms io=1002ms reclaim=13ms h=android.os.Handler c=X.5ur
01-23 15:11:52.799 5891 5891 W Looper : Slow Looper main: Long Msg: seq=40 plan=15:11:49.548 late=998ms wall=2252ms running=58ms runnable=43ms io=1732ms reclaim=21ms h=X.102 w=0
01-23 15:19:04.877 7462 7462 W Looper : Slow Looper main: Long Msg: seq=2 plan=15:19:02.695 late=7ms wall=2144ms running=1163ms runnable=64ms io=738ms swapin=19ms reclaim=21ms h=android.app.ActivityThread$H w=110
01-23 15:19:07.968 7462 7554 W BpBinder: Slow Binder: BpBinder transact took 1061 ms, interface=android.app.IActivityManager, code=20 oneway=false
01-23 16:48:52.414 12366 12366 W Looper : Slow Looper main: Long Msg: seq=2 plan=16:48:50.956 late=12ms wall=1436ms running=638ms runnable=7ms io=648ms swapin=24ms reclaim=20ms h=android.app.ActivityThread$H w=110
01-23 16:48:53.368 12366 12366 W Activity: Slow Operation: Activity com.mbwhatsapp/.Conversation onCreate took 858ms
01-23 16:48:53.558 12366 12366 W Looper : Slow Looper main: Long Msg: seq=3 plan=16:48:50.965 late=1449ms wall=1144ms running=863ms runnable=3ms io=138ms reclaim=26ms h=android.app.ActivityThread$H w=159
01-23 16:48:53.558 12366 12366 W Looper : Slow Looper main: Activity com.mbwhatsapp/.Conversation is 1449ms late (wall=1144ms running=863ms ClientTransaction{ callbacks=[android.app.servertransaction.LaunchActivityItem] lifecycleRequest=android.app.servertransaction.ResumeActivityItem }) because of 2 msg, msg 2 took 1436ms (seq=2 running=638ms runnable=7ms io=648ms swapin=24ms reclaim=20ms late=12ms h=android.app.ActivityThread$H w=110)
01-23 16:48:53.559 12366 12366 W Looper : Slow Looper main: Activity com.mbwhatsapp/.Conversation is 2593ms late (wall=0ms running=0ms ClientTransaction{ callbacks=[android.app.servertransaction.TopResumedActivityChang eItem] }) because of 3 msg, msg 2 took 1436ms (seq=2 running=638ms runnable=7ms io=648ms swapin=24ms reclaim=20ms late=12ms h=android.app.ActivityThread$H w=110), msg 3 took 1144ms (seq=3 running=863ms runnable=3ms io=138ms reclaim=26ms late=1449ms h=android.app.ActivityThread$H w=159)
01-23 16:48:54.648 12366 12366 W Looper : Slow Looper main: doFrame is 1016ms late because of 11 msg, msg 1 took 952ms (seq=54 running=578ms runnable=5ms io=62ms reclaim=5ms late=38ms h=android.view.Choreographer$FrameHandler c=android.view.Choreographer$FrameDisplayEventReceiver)
01-23 16:48:56.008 12366 12366 W InputEventReceiver: App Input: Dispatching InputEvent took 133ms in main thread! (MotionEvent: event_seq=2, seq=5437863, action=ACTION_UP)
01-23 16:48:59.440 12366 12615 W BpBinder: Slow Binder: BpBinder transact took 1205 ms, interface=android.app.IActivityManager, code=20 oneway=false
01-23 16:48:59.814 12366 12615 W BpBinder: Slow Binder: BpBinder transact took 370 ms, interface=android.content.IContentProvider, code=1 oneway=false
01-23 16:49:03.948 12366 12366 W Activity: Slow Operation: Activity com.mbwhatsapp/.Conversation onStop took 136ms
01-23 16:49:20.191 13091 13091 W Looper : Slow Looper main: Long Msg: seq=2 plan=16:49:18.713 late=5ms wall=1446ms running=656ms runnable=22ms io=630ms swapin=26ms reclaim=23ms h=android.app.ActivityThread$H w=110
01-23 16:49:21.283 13091 13091 W Activity: Slow Operation: Activity com.mbwhatsapp/.Conversation onCreate took 970ms
01-23 16:49:21.520 13091 13091 W Looper : Slow Looper main: Long Msg: seq=3 plan=16:49:18.744 late=1447ms wall=1329ms running=934ms runnable=34ms io=173ms reclaim=31ms h=android.app.ActivityThread$H w=159
01-23 16:49:21.520 13091 13091 W Looper : Slow Looper main: Activity com.mbwhatsapp/.Conversation is 1447ms late (wall=1329ms running=934ms ClientTransaction{ callbacks=[android.app.servertransaction.LaunchActivityItem] lifecycleRequest=android.app.servertransaction.PauseActivityItem }) because of 1 msg, msg 1 took 1446ms (seq=2 running=656ms runnable=22ms io=630ms swapin=26ms reclaim=23ms late=5ms h=android.app.ActivityThread$H w=110)
01-23 16:49:22.459 13091 13091 W Looper : Slow Looper main: doFrame is 825ms late because of 10 msg, msg 1 took 809ms (seq=53 running=516ms runnable=3ms io=72ms late=80ms h=android.view.Choreographer$FrameHandler c=android.view.Choreographer$FrameDisplayEventReceiver)
01-23 16:49:24.554 13091 13223 W BpBinder: Slow Binder: BpBinder transact took 987 ms, interface=android.app.IActivityManager, code=20 oneway=false
01-23 16:49:26.289 13091 13091 W Activity: Slow Operation: Activity com.mbwhatsapp/.HomeActivity onCreate took 932ms
01-23 16:49:26.413 13091 13091 W Activity: Slow Operation: Activity com.mbwhatsapp/.HomeActivity onStart took 120ms
01-23 16:49:26.477 13091 13091 W Looper : Slow Looper main: Long Msg: seq=356 plan=16:49:25.215 late=11ms wall=1250ms running=852ms runnable=5ms io=226ms reclaim=28ms h=android.app.ActivityThread$H w=159
01-23 16:49:26.477 13091 13091 W Looper : Slow Looper main: Activity com.mbwhatsapp/.HomeActivity is 1261ms late (wall=1ms running=0ms ClientTransaction{ callbacks=[android.app.servertransaction.TopResumedActivityChang eItem] }) because of 7 msg, msg 7 took 1250ms (seq=356 running=852ms runnable=5ms io=226ms reclaim=28ms late=11ms h=android.app.ActivityThread$H w=159)
01-23 16:49:27.690 13091 13091 W Looper : Slow Looper main: Long Msg: seq=360 plan=16:49:25.238 late=1243ms wall=1209ms running=970ms runnable=16ms io=55ms reclaim=3ms h=android.view.Choreographer$FrameHandler c=android.view.Choreographer$FrameDisplayEventReceiver
01-23 16:49:27.690 13091 13091 W Looper : Slow Looper main: doFrame is 1243ms late because of 4 msg, msg 1 took 1250ms (seq=356 running=852ms runnable=5ms io=226ms reclaim=28ms late=11ms h=android.app.ActivityThread$H w=159)
01-23 16:49:27.701 13091 13091 W Looper : Slow Looper main: Activity com.mbwhatsapp/.HomeActivity is 1647ms late (wall=1ms running=2ms ClientTransaction{ callbacks=[android.app.servertransaction.TopResumedActivityChang eItem] }) because of 19 msg, msg 1 took 1250ms (seq=356 running=852ms runnable=5ms io=226ms reclaim=28ms late=11ms h=android.app.ActivityThread$H w=159), msg 5 took 1209ms (seq=360 running=970ms runnable=16ms io=55ms reclaim=3ms late=1243ms h=android.view.Choreographer$FrameHandler c=android.view.Choreographer$FrameDisplayEventReceiver)
01-23 16:49:27.721 13091 13091 W Looper : Slow Looper main: Activity com.mbwhatsapp/.HomeActivity is 1649ms late (wall=20ms running=15ms ClientTransaction{ lifecycleRequest=android.app.servertransaction.PauseActivityItem }) because of 20 msg, msg 1 took 1250ms (seq=356 running=852ms runnable=5ms io=226ms reclaim=28ms late=11ms h=android.app.ActivityThread$H w=159), msg 5 took 1209ms (seq=360 running=970ms runnable=16ms io=55ms reclaim=3ms late=1243ms h=android.view.Choreographer$FrameHandler c=android.view.Choreographer$FrameDisplayEventReceiver)
01-23 16:49:28.040 13091 13091 W Looper : Slow Looper main: doFrame is 1311ms late because of 41 msg, msg 1 took 1209ms (seq=360 running=970ms runnable=16ms io=55ms reclaim=3ms late=1243ms h=android.view.Choreographer$FrameHandler c=android.view.Choreographer$FrameDisplayEventReceiver), msg 36 took 72ms (seq=395 running=54ms runnable=1ms io=1ms late=1287ms h=android.os.Handler c=mbmodsd.mbmodsw.update.RequestNetworkController$3$2)
01-23 16:49:28.068 13091 13091 W Looper : Slow Looper main: Activity com.mbwhatsapp/mbmodsd.mbmodsw.mbsettings.yo.PauseActivity is 1484ms late (wall=24ms running=11ms ClientTransaction{ callbacks=[android.app.servertransaction.LaunchActivityItem] lifecycleRequest=android.app.servertransaction.PauseActivityItem }) because of 47 msg, msg 1 took 1209ms (seq=360 running=970ms runnable=16ms io=55ms reclaim=3ms late=1243ms h=android.view.Choreographer$FrameHandler c=android.view.Choreographer$FrameDisplayEventReceiver), msg 36 took 72ms (seq=395 running=54ms runnable=1ms io=1ms late=1287ms h=android.os.Handler c=mbmodsd.mbmodsw.update.RequestNetworkController$3$2), msg 42 took 240ms (seq=401 running=169ms io=12ms late=1311ms h=android.view.Choreographer$FrameHandler c=android.view.Choreographer$FrameDisplayEventReceiver)
01-23 16:49:28.102 13091 13091 W Looper : Slow Looper main: Activity com.mbwhatsapp/mbmodsd.mbmodsw.mbsettings.yo.PauseActivity is 816ms late (wall=0ms running=0ms ClientTransaction{ callbacks=[android.app.servertransaction.TopResumedActivityChang eItem] }) because of 122 msg, msg 1 took 1209ms (seq=360 running=970ms runnable=16ms io=55ms reclaim=3ms late=1243ms h=android.view.Choreographer$FrameHandler c=android.view.Choreographer$FrameDisplayEventReceiver), msg 36 took 72ms (seq=395 running=54ms runnable=1ms io=1ms late=1287ms h=android.os.Handler c=mbmodsd.mbmodsw.update.RequestNetworkController$3$2), msg 42 took 240ms (seq=401 running=169ms io=12ms late=1311ms h=android.view.Choreographer$FrameHandler c=android.view.Choreographer$FrameDisplayEventReceiver)
01-23 16:49:28.104 13091 13091 W Looper : Slow Looper main: Activity com.mbwhatsapp/mbmodsd.mbmodsw.mbsettings.yo.PauseActivity is 815ms late (wall=1ms running=1ms ClientTransaction{ lifecycleRequest=android.app.servertransaction.ResumeActivityIte m }) because of 123 msg, msg 1 took 1209ms (seq=360 running=970ms runnable=16ms io=55ms reclaim=3ms late=1243ms h=android.view.Choreographer$FrameHandler c=android.view.Choreographer$FrameDisplayEventReceiver), msg 36 took 72ms (seq=395 running=54ms runnable=1ms io=1ms late=1287ms h=android.os.Handler c=mbmodsd.mbmodsw.update.RequestNetworkController$3$2), msg 42 took 240ms (seq=401 running=169ms io=12ms late=1311ms h=android.view.Choreographer$FrameHandler c=android.view.Choreographer$FrameDisplayEventReceiver)
01-23 16:49:28.638 13091 13209 W BpBinder: Slow Binder: BpBinder transact took 455 ms, interface=android.app.IActivityManager, code=20 oneway=false
01-23 16:49:28.868 13091 13091 W Looper : Slow Looper main: Activity com.mbwhatsapp/.backup.google.GoogleDriveNewUserSetupActivity is 312ms late (wall=0ms running=0ms ClientTransaction{ callbacks=[android.app.servertransaction.TopResumedActivityChang eItem] }) because of 18 msg, msg 6 took 81ms (seq=585 running=54ms late=114ms h=android.view.Choreographer$FrameHandler c=android.view.Choreographer$FrameDisplayEventReceiver), msg 18 took 220ms (seq=597 running=189ms runnable=1ms io=5ms late=93ms h=android.app.ActivityThread$H w=159)
01-23 16:49:28.875 13091 13091 W Looper : Slow Looper main: doFrame is 305ms late because of 15 msg, msg 1 took 81ms (seq=585 running=54ms late=114ms h=android.view.Choreographer$FrameHandler c=android.view.Choreographer$FrameDisplayEventReceiver), msg 13 took 220ms (seq=597 running=189ms runnable=1ms io=5ms late=93ms h=android.app.ActivityThread$H w=159)
01-23 16:49:29.378 13091 13091 W Looper : Slow Looper main: Activity com.mbwhatsapp/.HomeActivity is 476ms late (wall=0ms running=0ms ClientTransaction{ callbacks=[android.app.servertransaction.TopResumedActivityChangeItem] }) because of 5 msg, msg 3 took 460ms (seq=647 running=349ms io=37ms reclaim=5ms late=34ms h=android.view.Choreographer$FrameHandler c=android.view.Choreographer$FrameDisplayEventReceiver)
01-23 16:49:29.403 13091 13091 W Looper : Slow Looper main: Activity com.mbwhatsapp/.HomeActivity is 473ms late (wall=24ms running=21ms ClientTransaction{ lifecycleRequest=android.app.servertransaction.ResumeActivityIte m }) because of 6 msg, msg 3 took 460ms (seq=647 running=349ms io=37ms reclaim=5ms late=34ms h=android.view.Choreographer$FrameHandler c=android.view.Choreographer$FrameDisplayEventReceiver)
01-23 16:49:29.457 13091 13091 W Looper : Slow Looper main: doFrame is 479ms late because of 7 msg, msg 1 took 460ms (seq=647 running=349ms io=37ms reclaim=5ms late=34ms h=android.view.Choreographer$FrameHandler c=android.view.Choreographer$FrameDisplayEventReceiver)
01-23 16:49:45.492 13091 13091 W Activity: Slow Operation: Activity com.mbwhatsapp/mbmodsd.mbmodsw.update.MBUpdateActivity onCreate took 1050ms
01-23 16:49:45.521 13091 13091 W Looper : Slow Looper main: Long Msg: seq=1073 plan=16:49:44.429 late=6ms wall=1086ms running=603ms runnable=10ms io=321ms reclaim=41ms h=android.app.ActivityThread$H w=159
01-23 16:49:45.570 13091 13091 W Looper : Slow Looper main: Activity com.mbwhatsapp/mbmodsd.mbmodsw.update.MBUpdateActivity is 1142ms late (wall=0ms running=0ms ClientTransaction{ callbacks=[android.app.servertransaction.TopResumedActivityChang eItem] }) because of 3 msg, msg 3 took 1086ms (seq=1073 running=603ms runnable=10ms io=321ms reclaim=41ms late=6ms h=android.app.ActivityThread$H w=159)
01-23 16:49:46.013 13091 13091 W Looper : Slow Looper main: doFrame is 369ms late because of 4 msg, msg 1 took 304ms (seq=1091 running=26ms runnable=1ms late=134ms h=android.view.Choreographer$FrameHandler c=android.view.Choreographer$FrameDisplayEventReceiver)
01-23 16:50:01.458 13091 13362 W BpBinder: Slow Binder: BpBinder transact took 308 ms, interface=android.app.IActivityManager, code=20 oneway=false
01-23 16:50:08.494 13091 13091 W Activity: Slow Operation: Activity com.mbwhatsapp/mbmodsd.mbmodsw.update.MBUpdateActivity onStop took 149ms
01-23 16:50:17.124 13091 13390 W BpBinder: Slow Binder: BpBinder transact took 219 ms, interface=android.app.IActivityManager, code=85 oneway=false
01-23 16:50:46.981 13091 13091 W Activity: Slow Operation: Activity com.mbwhatsapp/mbmodsd.mbmodsw.update.MBUpdateActivity onStart took 124ms
01-23 16:50:59.052 13091 13091 W Activity: Slow Operation: Activity com.mbwhatsapp/.HomeActivity onResume took 112ms
01-23 16:51:02.425 13091 13091 W Activity: Slow Operation: Activity com.mbwhatsapp/.HomeActivity onPause took 75ms
01-23 16:51:03.650 14396 14396 W Looper : Slow Looper main: Long Msg: seq=2 plan=16:51:02.615 late=7ms wall=1027ms running=527ms runnable=7ms io=373ms swapin=20ms reclaim=67ms h=android.app.ActivityThread$H w=110
01-23 16:51:03.894 14396 14396 W Looper : Slow Looper main: Activity com.mbwhatsapp/.accountswitching.secondaryprocess.AccountSwitchingActivity is 1032ms late (wall=243ms running=135ms ClientTransaction{ callbacks=[android.app.servertransaction.LaunchActivityItem] lifecycleRequest=android.app.servertransaction.ResumeActivityItem }) because of 2 msg, msg 2 took 1027ms (seq=2 running=527ms runnable=7ms io=373ms swapin=20ms reclaim=67ms late=7ms h=android.app.ActivityThread$H w=110)
01-23 16:51:03.894 14396 14396 W Looper : Slow Looper main: Activity com.mbwhatsapp/.accountswitching.secondaryprocess.AccountSwitchingActivity is 1275ms late (wall=0ms running=0ms ClientTransaction{ callbacks=[android.app.servertransaction.TopResumedActivityChang eItem] }) because of 3 msg, msg 2 took 1027ms (seq=2 running=527ms runnable=7ms io=373ms swapin=20ms reclaim=67ms late=7ms h=android.app.ActivityThread$H w=110), msg 3 took 243ms (seq=3 running=135ms runnable=1ms io=57ms reclaim=1ms late=1032ms h=android.app.ActivityThread$H w=159)
01-23 16:51:04.221 14396 14396 W Looper : Slow Looper main: doFrame is 308ms late because of 4 msg, msg 1 took 319ms (seq=10 running=54ms runnable=1ms io=7ms late=87ms h=android.view.Choreographer$FrameHandler c=android.view.Choreographer$FrameDisplayEventReceiver)
01-23 16:51:05.388 14396 14438 W BpBinder: Slow Binder: BpBinder transact took 1482 ms, interface=, code=21 oneway=false
01-23 16:51:05.661 14396 14438 W BpBinder: Slow Binder: BpBinder transact took 258 ms, interface=android.app.IActivityManager, code=20 oneway=false
01-23 16:51:06.519 14441 14441 W Looper : Slow Looper main: Activity com.mbwhatsapp/.Main is 533ms late (wall=284ms running=183ms ClientTransaction{ callbacks=[android.app.servertransaction.LaunchActivityItem] lifecycleRequest=android.app.servertransaction.ResumeActivityItem }) because of 3 msg, msg 1 took 762ms (seq=2 running=549ms runnable=10ms io=77ms swapin=11ms reclaim=12ms late=2ms h=android.app.ActivityThread$H w=110)
01-23 16:51:06.519 14441 14441 W Looper : Slow Looper main: Activity com.mbwhatsapp/.Main is 816ms late (wall=0ms running=0ms ClientTransaction{ callbacks=[android.app.servertransaction.TopResumedActivityChang eItem] }) because of 4 msg, msg 1 took 762ms (seq=2 running=549ms runnable=10ms io=77ms swapin=11ms reclaim=12ms late=2ms h=android.app.ActivityThread$H w=110), msg 4 took 284ms (seq=5 running=183ms runnable=3ms io=14ms reclaim=1ms late=533ms h=android.app.ActivityThread$H w=159)
01-23 16:51:07.318 14441 14441 W Activity: Slow Operation: Activity com.mbwhatsapp/.HomeActivity onCreate took 694ms
01-23 16:51:07.380 14441 14441 W Looper : Slow Looper main: Activity com.mbwhatsapp/.HomeActivity is 822ms late (wall=0ms running=0ms ClientTransaction{ callbacks=[android.app.servertransaction.TopResumedActivityChangeItem] }) because of 5 msg, msg 5 took 811ms (seq=17 running=662ms runnable=3ms io=51ms reclaim=12ms late=12ms h=android.app.ActivityThread$H w=159)
01-23 16:51:08.291 14441 14441 W Looper : Slow Looper main: Activity com.mbwhatsapp/mbmodsd.mbmodsw.mbsettings.yo.PauseActivity is 842ms late (wall=23ms running=14ms ClientTransaction{ callbacks=[android.app.servertransaction.LaunchActivityItem] lifecycleRequest=android.app.servertransaction.PauseActivityItem }) because of 21 msg, msg 17 took 820ms (seq=46 running=568ms runnable=7ms io=62ms reclaim=2ms late=56ms h=android.view.Choreographer$FrameHandler c=android.view.Choreographer$FrameDisplayEventReceiver)
01-23 16:51:08.393 14441 14441 W Looper : Slow Looper main: doFrame is 841ms late because of 11 msg, msg 1 took 820ms (seq=46 running=568ms runnable=7ms io=62ms reclaim=2ms late=56ms h=android.view.Choreographer$FrameHandler c=android.view.Choreographer$FrameDisplayEventReceiver)
01-23 16:51:09.526 14441 14441 W Looper : Slow Looper main: Activity com.mbwhatsapp/.HomeActivity is 339ms late (wall=0ms running=0ms ClientTransaction{ callbacks=[android.app.servertransaction.TopResumedActivityChangeItem] }) because of 12 msg, msg 10 took 322ms (seq=249 running=284ms runnable=1ms io=18ms reclaim=3ms late=37ms h=android.view.Choreographer$FrameHandler c=android.view.Choreographer$FrameDisplayEventReceiver)
01-23 16:51:09.552 14441 14441 W Looper : Slow Looper main: Activity com.mbwhatsapp/.HomeActivity is 337ms late (wall=25ms running=23ms ClientTransaction{ lifecycleRequest=android.app.servertransaction.ResumeActivityIte m }) because of 13 msg, msg 10 took 322ms (seq=249 running=284ms runnable=1ms io=18ms reclaim=3ms late=37ms h=android.view.Choreographer$FrameHandler c=android.view.Choreographer$FrameDisplayEventReceiver)
01-23 16:51:09.610 14441 14441 W Looper : Slow Looper main: doFrame is 344ms late because of 11 msg, msg 1 took 322ms (seq=249 running=284ms runnable=1ms io=18ms reclaim=3ms late=37ms h=android.view.Choreographer$FrameHandler c=android.view.Choreographer$FrameDisplayEventReceiver)
01-23 16:51:12.400 14441 14607 W BpBinder: Slow Binder: BpBinder transact took 808 ms, interface=android.app.IActivityManager, code=20 oneway=false
01-23 16:51:14.843 14441 14441 W Activity: Slow Operation: Activity com.mbwhatsapp/mbmodsd.mbmodsw.update.MBUpdateActivity onCreate took 1473ms
01-23 16:51:14.891 14441 14441 W Looper : Slow Looper main: Long Msg: seq=878 plan=16:51:13.335 late=29ms wall=1527ms running=783ms runnable=53ms io=442ms reclaim=104ms h=android.app.ActivityThread$H w=159
01-23 16:51:14.903 14441 14441 W Looper : Slow Looper main: Activity com.mbwhatsapp/mbmodsd.mbmodsw.update.MBUpdateActivity is 1568ms late (wall=0ms running=0ms ClientTransaction{ callbacks=[android.app.servertransaction.TopResumedActivityChang eItem] }) because of 16 msg, msg 16 took 1527ms (seq=878 running=783ms runnable=53ms io=442ms reclaim=104ms late=29ms h=android.app.ActivityThread$H w=159)
01-23 16:51:15.381 14441 14441 W Looper : Slow Looper main: doFrame is 1542ms late because of 9 msg, msg 1 took 1527ms (seq=878 running=783ms runnable=53ms io=442ms reclaim=104ms late=29ms h=android.app.ActivityThread$H w=159)
01-23 16:51:15.743 14441 14441 W Looper : Slow Looper main: doFrame is 745ms late because of 36 msg, msg 1 took 474ms (seq=887 running=114ms runnable=14ms io=75ms late=1542ms h=android.view.Choreographer$FrameHandler c=android.view.Choreographer$FrameDisplayEventReceiver)
01-23 16:51:16.238 14441 14441 W Looper : Slow Looper main: doFrame is 362ms late because of 7 msg, msg 1 took 330ms (seq=936 running=6ms runnable=1ms late=183ms h=android.view.Choreographer$FrameHandler c=android.view.Choreographer$FrameDisplayEventReceiver)
01-23 16:51:31.845 14441 14651 W BpBinder: Slow Binder: BpBinder transact took 329 ms, interface=android.app.IActivityManager, code=20 oneway=false
01-23 16:51:34.747 14441 14441 W Activity: Slow Operation: Activity com.mbwhatsapp/.HomeActivity onResume took 139ms
01-23 16:51:36.770 14441 14441 W Activity: Slow Operation: Activity com.mbwhatsapp/.Conversation onCreate took 692ms
01-23 16:51:36.873 14441 14441 W Looper : Slow Looper main: Activity com.mbwhatsapp/.Conversation is 868ms late (wall=0ms running=0ms ClientTransaction{ callbacks=[android.app.servertransaction.TopResumedActivityChangeItem] }) because of 5 msg, msg 5 took 860ms (seq=3275 running=536ms runnable=2ms io=238ms reclaim=2ms late=8ms h=android.app.ActivityThread$H w=159)
01-23 16:51:37.598 14441 14441 W Looper : Slow Looper main: doFrame is 850ms late because of 2 msg, msg 1 took 860ms (seq=3275 running=536ms runnable=2ms io=238ms reclaim=2ms late=8ms h=android.app.ActivityThread$H w=159)
01-23 16:51:37.690 14441 14441 W Looper : Slow Looper main: doFrame is 760ms late because of 58 msg, msg 1 took 725ms (seq=3277 running=424ms runnable=4ms io=153ms reclaim=1ms late=850ms h=android.view.Choreographer$FrameHandler c=android.view.Choreographer$FrameDisplayEventReceiver)
01-23 16:52:09.320 14441 14441 W Looper : Slow Looper main: Activity com.mbwhatsapp/.Conversation is 512ms late (wall=0ms running=0ms ClientTransaction{ callbacks=[android.app.servertransaction.TopResumedActivityChangeItem] }) because of 5 msg, msg 5 took 505ms (seq=4259 running=337ms runnable=1ms io=129ms reclaim=1ms late=6ms h=android.app.ActivityThread$H w=159)
01-23 16:52:09.569 14441 14441 W Looper : Slow Looper main: doFrame is 494ms late because of 2 msg, msg 1 took 505ms (seq=4259 running=337ms runnable=1ms io=129ms reclaim=1ms late=6ms h=android.app.ActivityThread$H w=159)
01-23 16:52:14.463 14441 14441 W Looper : Slow Looper main: Activity com.mbwhatsapp/.Conversation is 340ms late (wall=0ms running=1ms ClientTransaction{ callbacks=[android.app.servertransaction.TopResumedActivityChangeItem] }) because of 4 msg, msg 4 took 332ms (seq=4623 running=298ms io=2ms late=7ms h=android.app.ActivityThread$H w=159)
01-23 16:52:14.604 14441 14441 W Looper : Slow Looper main: doFrame is 336ms late because of 4 msg, msg 3 took 332ms (seq=4623 running=298ms io=2ms late=7ms h=android.app.ActivityThread$H w=159)
01-23 16:52:17.545 14441 14441 W Looper : Slow Looper main: doFrame is 323ms late because of 13 msg, msg 6 took 233ms (seq=4974 running=146ms runnable=2ms io=50ms reclaim=4ms late=126ms h=android.os.AsyncTask$InternalHandler w=1)
01-23 16:52:18.032 14441 15464 W BpBinder: Slow Binder: BpBinder transact took 318 ms, interface=android.media.IMediaMetadataRetriever, code=5 oneway=false
01-23 16:52:41.100 14441 15464 W BpBinder: Slow Binder: BpBinder transact took 230 ms, interface=android.media.IMediaMetadataRetriever, code=5 oneway=false
01-23 16:52:48.341 14441 14441 W FileUtils: Slow Operation: fsync took 196ms --------- beginning of main
