01-23 21:31:22.252 16647 16696 E SQLiteDatabase: Error inserting transferred=0 media_job_uuid=25762e53-8525-4eea-b2a1-fa3cad941b5a transcoded=0 gif_attribution=0 first_scan_length=11082 direct_path=/v/t62.7118- 24/11237008_394436436464844_7050488196947696377_n.enc?ccb=11-4&oh=01_AdQr- vP6X66o775_G-yux6fdK7ndwCSC794eqXyLo0GCMw&oe=65D7F798&_nc_sid=5e03e0 thumbnail_height_width_ratio=1.8 is_animated_sticker=0 file_hash=nI9EkmJeZ52xJWuuwHPagGs5K8YT1rE0GkSTjC/iya8= file_path=null file_size=0 partial_media_hash=a+eIJjHxraJRbTmF5Ejmn5KEuurk4M/FFv8iiGZd1Vc= face_x=0 face_y=0 height=1280 trim_to=0 media_key_timestamp=1706044930000 message_url=https://mmg.whatsapp.net/v/t62.7118- 24/11237008_394436436464844_7050488196947696377_n.enc?ccb=11-4&oh=01_AdQr- vP6X66o775_G-yux6fdK7ndwCSC794eqXyLo0GCMw&oe=65D7F798&_nc_sid=5e03e0&mms3=true media_caption=null trim_from=0 mime_type=image/jpeg partial_media_enc_hash=null width=720 original_file_hash=null has_streaming_sidecar=1 autotransfer_retry_enabled=0 media_upload_handle=null message_row_id=3996 multicast_id=null enc_file_hash=z1ybZBo9MeOnsBkJtKDW90/R66+Ej8jNuoY/mYx0lN0= mute_video=0 page_count=0 first_scan_sidecar=[B@adc5f13 suspicious_content=0 file_length=107288 media_name=null media_duration=0 chat_row_id=12 media_key=[B@9768349
01-23 21:31:22.252 16647 16696 E SQLiteDatabase: android.database.sqlite.SQLiteConstraintException: UNIQUE constraint failed: message_media.message_row_id (code 1555 SQLITE_CONSTRAINT_PRIMARYKEY)
01-23 21:31:22.252 16647 16696 E SQLiteDatabase: at android.database.sqlite.SQLiteConnection.nativeExecuteForLastInsertedRowId(Native Method)
01-23 21:31:22.252 16647 16696 E SQLiteDatabase: at android.database.sqlite.SQLiteConnection.executeForLastInsertedRowId(SQLiteConnecti on.java:879)
01-23 21:31:22.252 16647 16696 E SQLiteDatabase: at android.database.sqlite.SQLiteSession.executeForLastInsertedRowId(SQLiteSession.jav a:790)
01-23 21:31:22.252 16647 16696 E SQLiteDatabase: at android.database.sqlite.SQLiteStatement.executeInsert(SQLiteStatement.java:88)
01-23 21:31:22.252 16647 16696 E SQLiteDatabase: at android.database.sqlite.SQLiteDatabase.insertWithOnConflict(SQLiteDatabase.java:159 9)
01-23 21:31:22.252 16647 16696 E SQLiteDatabase: at android.database.sqlite.SQLiteDatabase.insert(SQLiteDatabase.java:1468)
01-23 21:31:22.252 16647 16696 E SQLiteDatabase: at X.2tm.A08(Unknown Source:6)
01-23 21:31:22.252 16647 16696 E SQLiteDatabase: at X.35Y.A07(Unknown Source:212)
01-23 21:31:22.252 16647 16696 E SQLiteDatabase: at X.3QF.A14(Unknown Source:470)
01-23 21:31:22.252 16647 16696 E SQLiteDatabase: at X.3gU.run(Unknown Source:982)
01-23 21:31:22.252 16647 16696 E SQLiteDatabase: at android.os.Handler.handleCallback(Handler.java:914)
01-23 21:31:22.252 16647 16696 E SQLiteDatabase: at android.os.Handler.dispatchMessage(Handler.java:100)
01-23 21:31:22.252 16647 16696 E SQLiteDatabase: at X.0zq.dispatchMessage(Unknown Source:4)
01-23 21:31:22.252 16647 16696 E SQLiteDatabase: at android.os.Looper.loop(Looper.java:225)
01-23 21:31:22.252 16647 16696 E SQLiteDatabase: at android.os.HandlerThread.run(HandlerThread.java:67)
01-23 21:31:22.490 16647 16647 W Looper : Slow Looper main: Activity com.mbwhatsapp/.backup.google.GoogleDriveNewUserSetupActivity is 444ms late (wall=0ms running=0ms ClientTransaction{ callbacks=[android.app.servertransaction.TopResumedActivityChang eItem] }) because of 34 msg, msg 6 took 179ms (seq=268 running=153ms io=7ms late=202ms h=android.view.Choreographer$FrameHandler c=android.view.Choreographer$FrameDisplayEventReceiver), msg 34 took 238ms (seq=296 running=202ms runnable=1ms io=8ms reclaim=3ms late=207ms h=android.app.ActivityThread$H w=159)
01-23 21:31:22.516 16647 16647 E ArmVmp : Match on catch block at 0x8d in for 0xd9
01-23 21:31:22.534 16647 16647 E ArmVmp : Match on catch block at 0x8d in for 0xd9
01-23 21:31:22.560 16647 16647 E ArmVmp : Match on catch block at 0x5b in for 0x71
01-23 21:31:22.642 16647 16647 W Looper : Slow Looper main: doFrame is 421ms late because of 35 msg, msg 1 took 179ms (seq=268 running=153ms io=7ms late=202ms h=android.view.Choreographer$FrameHandler c=android.view.Choreographer$FrameDisplayEventReceiver), msg 29 took 238ms (seq=296 running=202ms runnable=1ms io=8ms reclaim=3ms late=207ms h=android.app.ActivityThread$H w=159)
01-23 21:31:23.024 16647 16647 W Looper : Slow Looper main: Activity com.mbwhatsapp/.HomeActivity is 351ms late (wall=0ms running=0ms ClientTransaction{ callbacks=[android.app.servertransaction.TopResumedActivityChangeItem] }) because of 25 msg, msg 4 took 300ms (seq=358 running=274ms runnable=1ms io=2ms late=198ms h=android.view.Choreographer$FrameHandler c=android.view.Choreographer$FrameDisplayEventReceiver)
01-23 21:31:23.047 16647 16647 W Looper : Slow Looper main: Activity com.mbwhatsapp/.HomeActivity is 347ms late (wall=23ms running=20ms ClientTransaction{ lifecycleRequest=android.app.servertransaction.ResumeActivityIte m }) because of 26 msg, msg 4 took 300ms (seq=358 running=274ms runnable=1ms io=2ms late=198ms h=android.view.Choreographer$FrameHandler c=android.view.Choreographer$FrameDisplayEventReceiver)
01-23 21:31:23.182 16647 16647 W Looper : Slow Looper main: doFrame is 337ms late because of 29 msg, msg 1 took 300ms (seq=358 running=274ms runnable=1ms io=2ms late=198ms h=android.view.Choreographer$FrameHandler c=android.view.Choreographer$FrameDisplayEventReceiver)
01-23 21:31:23.340 16647 16710 W RenderInspector: DequeueBuffer time out on com.mbwhatsapp/com.mbwhatsapp.HomeActivity, count=1, avg=19 ms, max=19 ms.
01-23 21:31:23.369 16647 16710 W RenderInspector: QueueBuffer time out on com.mbwhatsapp/com.mbwhatsapp.HomeActivity, count=2, avg=18 ms, max=19 ms.
01-23 21:31:24.335 16647 16647 W ActivityThread: handleWindowVisibility: no activity for token android.os.BinderProxy@6c3e5da
01-23 21:31:24.990 16647 16647 E ArmVmp : Match on catch block at 0x4c in for 0xd5
01-23 21:31:25.006 16647 16647 E ArmVmp : Match on catch block at 0x8d in for 0xd1
01-23 21:31:25.017 16647 16647 E ArmVmp : Match on catch block at 0x8d in for 0xd1
01-23 21:31:25.054 16647 16647 W Activity: Slow Operation: Activity com.mbwhatsapp/.Conversation onCreate took 700ms
01-23 21:31:25.098 16647 16647 E ArmVmp : Match on catch block at 0x0a in for 0xb1
01-23 21:31:25.106 16647 16647 E ArmVmp : Match on catch block at 0x0a in for 0xb1
01-23 21:31:25.176 16647 16647 W Looper : Slow Looper main: Activity com.mbwhatsapp/.Conversation is 850ms late (wall=0ms running=0ms ClientTransaction{ callbacks=[android.app.servertransaction.TopResumedActivityChangeItem] }) because of 4 msg, msg 4 took 842ms (seq=592 running=681ms runnable=3ms io=45ms reclaim=3ms late=8ms h=android.app.ActivityThread$H w=159)
01-23 21:31:25.551 16647 16647 E ArmVmp : Match on catch block at 0xc3 in for 0xa5
01-23 21:31:25.559 16647 16647 E ArmVmp : Match on catch block at 0xc3 in for 0xa1
01-23 21:31:25.626 16647 16647 W Looper : Slow Looper main: doFrame is 829ms late because of 2 msg, msg 1 took 842ms (seq=592 running=681ms runnable=3ms io=45ms reclaim=3ms late=8ms h=android.app.ActivityThread$H w=159)
01-23 21:31:25.657 16647 16647 E ArmVmp : Match on catch block at 0xc3 in for 0x91
01-23 21:31:25.663 16647 16647 E ArmVmp : Match on catch block at 0xc3 in for 0x99
01-23 21:31:25.678 16647 16647 W Looper : Slow Looper main: doFrame is 454ms late because of 49 msg, msg 1 took 449ms (seq=594 running=353ms runnable=1ms io=4ms reclaim=4ms late=829ms h=android.view.Choreographer$FrameHandler c=android.view.Choreographer$FrameDisplayEventReceiver)
01-23 21:31:25.846 16647 16647 E ArmVmp : Match on catch block at 0xc3 in for 0x99
01-23 21:31:25.852 16647 16647 E ArmVmp : Match on catch block at 0xc3 in for 0x91
01-23 21:31:25.891 16647 16647 E ArmVmp : Match on catch block at 0xc3 in for 0x95
01-23 21:31:25.897 16647 16647 E ArmVmp : Match on catch block at 0xc3 in for 0x99
01-23 21:31:25.918 16647 16647 E ArmVmp : Match on catch block at 0xc3 in for 0x99
01-23 21:31:25.925 16647 16647 E ArmVmp : Match on catch block at 0xc3 in for 0x91
01-23 21:31:25.942 16647 16647 E ArmVmp : Match on catch block at 0xc3 in for 0x91
01-23 21:31:25.948 16647 16647 E ArmVmp : Match on catch block at 0xc3 in for 0x95
01-23 21:31:25.959 16647 16647 E ArmVmp : Match on catch block at 0xc3 in for 0x95
01-23 21:31:25.964 16647 16647 E ArmVmp : Match on catch block at 0xc3 in for 0x99
01-23 21:31:25.979 16647 16647 E ArmVmp : Match on catch block at 0xc3 in for 0x99
01-23 21:31:25.985 16647 16647 E ArmVmp : Match on catch block at 0xc3 in for 0x91
01-23 21:31:26.004 16647 16647 E ArmVmp : Match on catch block at 0xc3 in for 0x91
01-23 21:31:26.010 16647 16647 E ArmVmp : Match on catch block at 0xc3 in for 0x95
01-23 21:31:26.028 16647 16647 E ArmVmp : Match on catch block at 0xc3 in for 0x95
01-23 21:31:26.034 16647 16647 E ArmVmp : Match on catch block at 0xc3 in for 0x99
01-23 21:31:26.056 16647 16647 E ArmVmp : Match on catch block at 0xc3 in for 0x99
01-23 21:31:26.062 16647 16647 E ArmVmp : Match on catch block at 0xc3 in for 0x91
01-23 21:31:26.080 16647 16647 E ArmVmp : Match on catch block at 0xc3 in for 0x91
01-23 21:31:26.086 16647 16647 E ArmVmp : Match on catch block at 0xc3 in for 0x95
01-23 21:31:26.105 16647 16647 E ArmVmp : Match on catch block at 0xc3 in for 0x95
01-23 21:31:26.111 16647 16647 E ArmVmp : Match on catch block at 0xc3 in for 0x99
01-23 21:31:26.129 16647 16647 E ArmVmp : Match on catch block at 0xc3 in for 0x99
01-23 21:31:26.135 16647 16647 E ArmVmp : Match on catch block at 0xc3 in for 0x91
01-23 21:31:26.155 16647 16647 E ArmVmp : Match on catch block at 0xc3 in for 0x91
01-23 21:31:26.161 16647 16647 E ArmVmp : Match on catch block at 0xc3 in for 0x95
01-23 21:31:26.180 16647 16647 E ArmVmp : Match on catch block at 0xc3 in for 0x95
01-23 21:31:26.186 16647 16647 E ArmVmp : Match on catch block at 0xc3 in for 0x99
01-23 21:31:26.212 16647 16647 E ArmVmp : Match on catch block at 0xc3 in for 0x99
01-23 21:31:26.217 16647 16647 E ArmVmp : Match on catch block at 0xc3 in for 0x91
01-23 21:31:26.228 16647 16647 E ArmVmp : Match on catch block at 0xc3 in for 0x91
01-23 21:31:26.233 16647 16647 E ArmVmp : Match on catch block at 0xc3 in for 0x95
01-23 21:31:26.245 16647 16647 E ArmVmp : Match on catch block at 0xc3 in for 0x95
01-23 21:31:26.249 16647 16647 E ArmVmp : Match on catch block at 0xc3 in for 0x99
01-23 21:31:26.261 16647 16647 E ArmVmp : Match on catch block at 0xc3 in for 0x99
01-23 21:31:26.266 16647 16647 E ArmVmp : Match on catch block at 0xc3 in for 0x91
01-23 21:31:26.277 16647 16647 E ArmVmp : Match on catch block at 0xc3 in for 0x91
01-23 21:31:26.282 16647 16647 E ArmVmp : Match on catch block at 0xc3 in for 0x95
01-23 21:31:26.294 16647 16647 E ArmVmp : Match on catch block at 0xc3 in for 0x95
01-23 21:31:26.298 16647 16647 E ArmVmp : Match on catch block at 0xc3 in for 0x99
01-23 21:31:26.310 16647 16647 E ArmVmp : Match on catch block at 0xc3 in for 0x99
01-23 21:31:26.315 16647 16647 E ArmVmp : Match on catch block at 0xc3 in for 0x91
01-23 21:31:26.327 16647 16647 E ArmVmp : Match on catch block at 0xc3 in for 0x91
01-23 21:31:26.331 16647 16647 E ArmVmp : Match on catch block at 0xc3 in for 0x95
01-23 21:31:26.756 16647 16647 E ArmVmp : Match on catch block at 0xc3 in for 0x95
01-23 21:31:26.762 16647 16647 E ArmVmp : Match on catch block at 0xc3 in for 0x99
01-23 21:31:27.250 16647 16647 E ArmVmp : Match on catch block at 0xc3 in for 0x99
01-23 21:31:27.256 16647 16647 E ArmVmp : Match on catch block at 0xc3 in for 0x91
01-23 21:31:27.382 16647 16647 E ArmVmp : Match on catch block at 0xc3 in for 0x91
01-23 21:31:27.388 16647 16647 E ArmVmp : Match on catch block at 0xc3 in for 0x95
01-23 21:31:27.398 16647 16647 E ArmVmp : Match on catch block at 0xc3 in for 0x95
01-23 21:31:27.405 16647 16647 E ArmVmp : Match on catch block at 0xc3 in for 0x99
01-23 21:31:27.415 16647 16647 E ArmVmp : Match on catch block at 0xc3 in for 0x99
01-23 21:31:27.422 16647 16647 E ArmVmp : Match on catch block at 0xc3 in for 0x91
01-23 21:31:27.431 16647 16647 E ArmVmp : Match on catch block at 0xc3 in for 0x91
01-23 21:31:27.437 16647 16647 E ArmVmp : Match on catch block at 0xc3 in for 0x95
01-23 21:31:27.448 16647 16647 E ArmVmp : Match on catch block at 0xc3 in for 0x95
01-23 21:31:27.453 16647 16647 E ArmVmp : Match on catch block at 0xc3 in for 0x99
01-23 21:31:27.464 16647 16647 E ArmVmp : Match on catch block at 0xc3 in for 0x99
01-23 21:31:27.470 16647 16647 E ArmVmp : Match on catch block at 0xc3 in for 0x91
01-23 21:31:27.480 16647 16647 E ArmVmp : Match on catch block at 0xc3 in for 0x99
01-23 21:31:27.485 16647 16647 E ArmVmp : Match on catch block at 0xc3 in for 0x91
01-23 21:31:27.496 16647 16647 E ArmVmp : Match on catch block at 0xc3 in for 0x91
01-23 21:31:27.501 16647 16647 E ArmVmp : Match on catch block at 0xc3 in for 0x95
01-23 21:31:27.512 16647 16647 E ArmVmp : Match on catch block at 0xc3 in for 0x95
01-23 21:31:27.517 16647 16647 E ArmVmp : Match on catch block at 0xc3 in for 0x99
01-23 21:31:27.529 16647 16647 E ArmVmp : Match on catch block at 0xc3 in for 0x99
01-23 21:31:27.534 16647 16647 E ArmVmp : Match on catch block at 0xc3 in for 0x91
01-23 21:31:27.546 16647 16647 E ArmVmp : Match on catch block at 0xc3 in for 0x91
01-23 21:31:27.550 16647 16647 E ArmVmp : Match on catch block at 0xc3 in for 0x95
01-23 21:31:27.562 16647 16647 E ArmVmp : Match on catch block at 0xc3 in for 0x95
01-23 21:31:27.567 16647 16647 E ArmVmp : Match on catch block at 0xc3 in for 0x99
01-23 21:31:27.578 16647 16647 E ArmVmp : Match on catch block at 0xc3 in for 0x99
01-23 21:31:27.583 16647 16647 E ArmVmp : Match on catch block at 0xc3 in for 0x91
01-23 21:31:27.596 16647 16647 E ArmVmp : Match on catch block at 0xc3 in for 0x95
01-23 21:31:27.601 16647 16647 E ArmVmp : Match on catch block at 0xc3 in for 0x99
01-23 21:31:27.636 16647 16647 E ArmVmp : Match on catch block at 0xc3 in for 0x99
01-23 21:31:27.642 16647 16647 E ArmVmp : Match on catch block at 0xc3 in for 0x91
01-23 21:31:27.663 16647 16647 E ArmVmp : Match on catch block at 0xc3 in for 0x91
01-23 21:31:27.668 16647 16647 E ArmVmp : Match on catch block at 0xc3 in for 0x95
01-23 21:31:27.670 16647 16647 W ActivityThread: handleWindowVisibility: no activity for token android.os.BinderProxy@edc0df8
01-23 21:31:27.776 16647 16647 W TabLayout: MODE_SCROLLABLE + GRAVITY_FILL is not supported, GRAVITY_START will be used instead
01-23 21:31:27.939 16647 16647 W BottomSheetBehavior: BottomSheetBehavior now supports multiple callbacks. `setBottomSheetCallback()` removes all existing callbacks, including ones set internally by library authors, which may result in unintended behavior. This may change in the future. Please use `addBottomSheetCallback()` and `removeBottomSheetCallback()` instead to set your own callbacks.
01-23 21:31:28.034 16647 16647 W Looper : Slow Looper main: Activity com.mbwhatsapp/.camera.CameraActivity is 380ms late (wall=0ms running=0ms ClientTransaction{ callbacks=[android.app.servertransaction.TopResumedActivityChang eItem] }) because of 5 msg, msg 5 took 358ms (seq=748 running=229ms runnable=1ms io=10ms reclaim=8ms late=16ms h=android.app.ActivityThread$H w=159)
01-23 21:31:28.041 16647 16647 E ArmVmp : Match on catch block at 0xc3 in for 0x91
01-23 21:31:28.046 16647 16647 E ArmVmp : Match on catch block at 0xc3 in for 0x95
01-23 21:31:28.289 16647 16840 E libc : Access denied finding property "vendor.debug.bq.dump"
01-23 21:31:28.286 16647 16647 W Optic-Task-Hand: type=1400 audit(0.0:259173): avc: denied { read } for name="u:object_r:debug_bq_dump_prop:s0" dev="tmpfs" ino=7162 scontext=u:r:untrusted_app:s0:c201,c256,c512,c768 tcontext=u:object_r:debug_bq_dump_prop:s0 tclass=file permissive=0
01-23 21:31:28.290 16647 16840 E libc : Access denied finding property "vendor.debug.bq.dump"
01-23 21:31:28.286 16647 16647 W Optic-Task-Hand: type=1400 audit(0.0:259174): avc: denied { read } for name="u:object_r:debug_bq_dump_prop:s0" dev="tmpfs" ino=7162 scontext=u:r:untrusted_app:s0:c201,c256,c512,c768 tcontext=u:object_r:debug_bq_dump_prop:s0 tclass=file permissive=0
01-23 21:31:28.290 16647 16840 E libc : Access denied finding property "vendor.debug.bq.dump"
01-23 21:31:28.286 16647 16647 W Optic-Task-Hand: type=1400 audit(0.0:259175): avc: denied { read } for name="u:object_r:debug_bq_dump_prop:s0" dev="tmpfs" ino=7162 scontext=u:r:untrusted_app:s0:c201,c256,c512,c768 tcontext=u:object_r:debug_bq_dump_prop:s0 tclass=file permissive=0
01-23 21:31:28.292 16647 16840 E libc : Access denied finding property "vendor.debug.bq.dump"
01-23 21:31:28.290 16647 16647 W Optic-Task-Hand: type=1400 audit(0.0:259176): avc: denied { read } for name="u:object_r:debug_bq_dump_prop:s0" dev="tmpfs" ino=7162 scontext=u:r:untrusted_app:s0:c201,c256,c512,c768 tcontext=u:object_r:debug_bq_dump_prop:s0 tclass=file permissive=0
01-23 21:31:28.292 16647 16840 E libc : Access denied finding property "vendor.debug.bq.dump"
01-23 21:31:28.290 16647 16647 W Optic-Task-Hand: type=1400 audit(0.0:259177): avc: denied { read } for name="u:object_r:debug_bq_dump_prop:s0" dev="tmpfs" ino=7162 scontext=u:r:untrusted_app:s0:c201,c256,c512,c768 tcontext=u:object_r:debug_bq_dump_prop:s0 tclass=file permissive=0
01-23 21:31:28.293 16647 16840 E libc : Access denied finding property "vendor.debug.bq.dump"
01-23 21:31:28.290 16647 16647 W Optic-Task-Hand: type=1400 audit(0.0:259178): avc: denied { read } for name="u:object_r:debug_bq_dump_prop:s0" dev="tmpfs" ino=7162 scontext=u:r:untrusted_app:s0:c201,c256,c512,c768 tcontext=u:object_r:debug_bq_dump_prop:s0 tclass=file permissive=0
01-23 21:31:28.325 16647 16647 W View : requestLayout() improperly called by com.mbwhatsapp.WaImageView{4a42744 VF.D..CL. ......ID 0,0-128,128 #7f0b1814 app:id/shutter} during layout: running second layout pass
01-23 21:31:28.325 16647 16647 W View : requestLayout() improperly called by com.mbwhatsapp.CircularProgressBar{73a02d V.ED..... ......ID 0,0-128,128 #7f0b14fc app:id/recording_progress} during layout: running second layout pass
01-23 21:31:28.325 16647 16647 W View : requestLayout() improperly called by com.mbwhatsapp.WaImageView{bd71962 VF.D..C.. ......ID 0,0-96,96 #7f0b1976 app:id/switch_camera_btn} during layout: running second layout pass
01-23 21:31:28.325 16647 16647 W View : requestLayout() improperly called by com.mbwhatsapp.WaImageView{81ddaf3 VFED..C.. ......ID 0,0-96,96 #7f0b0b0d app:id/gallery_btn} during layout: running second layout pass
01-23 21:31:28.325 16647 16647 W View : requestLayout() improperly called by com.mbwhatsapp.WaImageView{85e73b0 VF.D..C.. ......ID 0,0-96,96 #7f0b0a9c app:id/flash_btn} during layout: running second layout pass
01-23 21:31:28.325 16647 16647 W View : requestLayout() improperly called by com.mbwhatsapp.WaImageView{1971229 VFED..C.. ......ID 0,0-96,96 #7f0b057f app:id/close_camera_btn} during layout: running second layout pass
01-23 21:31:28.325 16647 16647 W View : requestLayout() improperly called by X.4Ki{99169ae V.ED..... ......ID 0,4-720,100} during layout: running second layout pass
01-23 21:31:28.325 16647 16647 W View : requestLayout() improperly called by androidx.appcompat.view.menu.ActionMenuItemView{bb1334f VFED..CL. ......ID 0,8- 96,104 #7f0b0fe8 app:id/more} during layout: running second layout pass
01-23 21:31:28.325 16647 16647 W View : requestLayout() improperly called by androidx.appcompat.widget.ActionMenuView{62f1adc V.E...... ......ID 624,0-720,112} during layout: running second layout pass
01-23 21:31:28.333 16647 16647 E libc : Access denied finding property "vendor.debug.bq.dump"
01-23 21:31:28.333 16647 16647 E libc : Access denied finding property "vendor.debug.bq.dump"
01-23 21:31:28.330 16647 16647 W com.mbwhatsapp: type=1400 audit(0.0:259179): avc: denied { read } for name="u:object_r:debug_bq_dump_prop:s0" dev="tmpfs" ino=7162 scontext=u:r:untrusted_app:s0:c201,c256,c512,c768 tcontext=u:object_r:debug_bq_dump_prop:s0 tclass=file permissive=0
01-23 21:31:28.334 16647 16647 E libc : Access denied finding property "vendor.debug.bq.dump"
01-23 21:31:28.330 16647 16647 W com.mbwhatsapp: type=1400 audit(0.0:259180): avc: denied { read } for name="u:object_r:debug_bq_dump_prop:s0" dev="tmpfs" ino=7162 scontext=u:r:untrusted_app:s0:c201,c256,c512,c768 tcontext=u:object_r:debug_bq_dump_prop:s0 tclass=file permissive=0
01-23 21:31:28.330 16647 16647 W com.mbwhatsapp: type=1400 audit(0.0:259181): avc: denied { read } for name="u:object_r:debug_bq_dump_prop:s0" dev="tmpfs" ino=7162 scontext=u:r:untrusted_app:s0:c201,c256,c512,c768 tcontext=u:object_r:debug_bq_dump_prop:s0 tclass=file permissive=0
01-23 21:31:28.375 16647 16840 E libc : Access denied finding property "vendor.debug.bq.dump"
01-23 21:31:28.375 16647 16840 E libc : Access denied finding property "vendor.debug.bq.dump"
01-23 21:31:28.375 16647 16840 E libc : Access denied finding property "vendor.debug.bq.dump"
01-23 21:31:28.384 16647 16647 W Looper : Slow Looper main: doFrame is 364ms late because of 3 msg, msg 1 took 358ms (seq=748 running=229ms runnable=1ms io=10ms reclaim=8ms late=16ms h=android.app.ActivityThread$H w=159)
01-23 21:31:28.545 16647 16647 W View : requestLayout() improperly called by com.mbwhatsapp.WaImageView{4a42744 VF.D..CL. ......ID 296,1120-424,1248 #7f0b1814 app:id/shutter} during layout: running second layout pass
01-23 21:31:28.545 16647 16647 W View : requestLayout() improperly called by com.mbwhatsapp.CircularProgressBar{73a02d V.ED..... ......ID 296,1120-424,1248 #7f0b14fc app:id/recording_progress} during layout: running second layout pass
01-23 21:31:28.545 16647 16647 W View : requestLayout() improperly called by com.mbwhatsapp.WaImageView{bd71962 VF.D..C.. ......ID 608,1136-704,1232 #7f0b1976 app:id/switch_camera_btn} during layout: running second layout pass
01-23 21:31:28.545 16647 16647 W View : requestLayout() improperly called by com.mbwhatsapp.WaImageView{81ddaf3 VFED..C.. ......ID 16,1136-112,1232 #7f0b0b0d app:id/gallery_btn} during layout: running second layout pass
01-23 21:31:28.545 16647 16647 W View : requestLayout() improperly called by com.mbwhatsapp.WaImageView{85e73b0 VF.D..C.. ......I. 608,16-704,112 #7f0b0a9c app:id/flash_btn} during layout: running second layout pass
01-23 21:31:28.545 16647 16647 W View : requestLayout() improperly called by com.mbwhatsapp.WaImageView{1971229 VFED..C.. ......I. 16,16-112,112 #7f0b057f app:id/close_camera_btn} during layout: running second layout pass
01-23 21:31:28.555 16647 16647 W Looper : Slow Looper main: doFrame is 433ms late because of 20 msg, msg 1 took 346ms (seq=751 running=178ms runnable=2ms io=19ms reclaim=2ms late=364ms h=android.view.Choreographer$FrameHandler c=android.view.Choreographer$FrameDisplayEventReceiver)
01-23 21:31:28.629 16647 16665 W Gralloc3: allocator 3.x is not supported
01-23 21:31:28.646 16647 16665 E ion : ioctl c0044901 failed with code -1: Invalid argument
01-23 21:31:29.005 16647 16845 W BpBinder: Slow Binder: BpBinder transact took 230 ms, interface=android.media.IMediaMetadataRetriever, code=3 oneway=false
01-23 21:31:29.125 16647 16710 W RenderInspector: DequeueBuffer time out on com.mbwhatsapp/com.mbwhatsapp.camera.CameraActivity, count=1, avg=20 ms, max=20 ms.
01-23 21:31:29.141 16647 16647 E ArmVmp : Match on catch block at 0xc3 in for 0x91
01-23 21:31:29.152 16647 16647 E ArmVmp : Match on catch block at 0xc3 in for 0x95
01-23 21:31:29.176 16647 16710 W RenderInspector: QueueBuffer time out on com.mbwhatsapp/com.mbwhatsapp.camera.CameraActivity, count=1, avg=36 ms, max=36 ms.
01-23 21:31:29.385 16647 16845 W BpBinder: Slow Binder: BpBinder transact took 378 ms, interface=android.media.IMediaMetadataRetriever, code=5 oneway=false
01-23 21:31:29.504 16647 16710 W RenderInspector: DequeueBuffer time out on com.mbwhatsapp/com.mbwhatsapp.camera.CameraActivity, count=1, avg=19 ms, max=19 ms.
01-23 21:31:29.710 16647 16845 W BpBinder: Slow Binder: BpBinder transact took 209 ms, interface=android.media.IMediaMetadataRetriever, code=5 oneway=false
01-23 21:31:30.183 16647 16662 W System : A resource failed to call close.
01-23 21:31:30.212 16647 16647 W Activity: Slow Operation: Activity com.mbwhatsapp/.camera.CameraActivity onPause took 51ms
01-23 21:31:30.246 16647 16647 E libc : Access denied finding property "vendor.debug.bq.dump"
01-23 21:31:30.247 16647 16647 E libc : Access denied finding property "vendor.debug.bq.dump"
01-23 21:31:30.248 16647 16710 E BufferQueueProducer: [unnamed-16647-4] (this:0xb1a5a000,id:4,api:1,p:16647,c:16647) setMaxDequeuedBufferCount: 2 dequeued buffers would exceed the maxBufferCount (2) (maxAcquired 1 async 0 mDequeuedBufferCannotBlock 0)
01-23 21:31:30.248 16647 16710 E Surface : IGraphicBufferProducer::setBufferCount(3) returned Invalid argument
01-23 21:31:30.265 16647 16647 W ActivityThread: handleWindowVisibility: no activity for token android.os.BinderProxy@575e6c2
01-23 21:31:30.465 16647 16840 W BpBinder: Slow Binder: BpBinder transact took 263 ms, interface=android.hardware.camera2.ICameraDeviceUser, code=1 oneway=false
01-23 21:31:30.845 16647 16647 W Looper : Slow Looper main: Activity com.mbwhatsapp/.mediacomposer.MediaComposerActivity is 624ms late (wall=0ms running=0ms ClientTransaction{ callbacks=[android.app.servertransaction.TopResumedActivityChang eItem] }) because of 6 msg, msg 1 took 70ms (seq=928 running=5ms io=34ms late=48ms h=android.app.ActivityThread$H w=159), msg 6 took 579ms (seq=933 running=247ms runnable=1ms io=262ms reclaim=1ms late=45ms h=android.app.ActivityThread$H w=159)
01-23 21:31:30.939 16647 16647 W Looper : Slow Looper main: doFrame is 587ms late because of 7 msg, msg 5 took 579ms (seq=933 running=247ms runnable=1ms io=262ms reclaim=1ms late=45ms h=android.app.ActivityThread$H w=159)
01-23 21:31:31.095 16647 16647 W BottomSheetBehavior: BottomSheetBehavior now supports multiple callbacks. `setBottomSheetCallback()` removes all existing callbacks, including ones set internally by library authors, which may result in unintended behavior. This may change in the future. Please use `addBottomSheetCallback()` and `removeBottomSheetCallback()` instead to set your own callbacks.
01-23 21:31:31.149 16647 16647 E RecyclerView: No adapter attached; skipping layout
01-23 21:31:31.156 16647 16647 E RecyclerView: No adapter attached; skipping layout
01-23 21:31:31.481 16647 16710 W RenderInspector: QueueBuffer time out on com.mbwhatsapp/com.mbwhatsapp.mediacomposer.MediaComposerActivity, count=1, avg=28 ms, max=28 ms.
01-23 21:31:31.620 16647 16662 W System : A resource failed to call close.
01-23 21:31:32.701 16647 17126 W com.mbwhatsapp: ClassLoaderContext type mismatch. expected=PCL, found=DLC (PCL[] | DLC[];PCL[])
01-23 21:31:33.081 16647 17126 W com.mbwhatsapp: ClassLoaderContext type mismatch. expected=PCL, found=DLC (PCL[] | DLC[];PCL[/data/app/com.mbwhatsapp- TGWWbIl9GyslRnqUzfR5JQ==/base.apk*1416788599:/data/app/com.mbwhatsapp- TGWWbIl9GyslRnqUzfR5JQ==/base.apk!classes2.dex*1195520896:/data/app/com.mbwhatsapp- TGWWbIl9GyslRnqUzfR5JQ==/base.apk!classes3.dex*3411973279:/data/app/com.mbwhatsapp- TGWWbIl9GyslRnqUzfR5JQ==/base.apk!classes4.dex*139949962:/data/app/com.mbwhatsapp- TGWWbIl9GyslRnqUzfR5JQ==/base.apk!classes5.dex*3810408200:/data/app/com.mbwhatsapp- TGWWbIl9GyslRnqUzfR5JQ==/base.apk!classes6.dex*3828114170:/data/app/com.mbwhatsapp- TGWWbIl9GyslRnqUzfR5JQ==/base.apk!classes7.dex*3896375018:/data/app/com.mbwhatsapp- TGWWbIl9GyslRnqUzfR5JQ==/base.apk!classes8.dex*4284976671]{PCL[/system/framework/ org.apache.http.legacy.jar*1503167394]})
01-23 21:31:33.118 16647 17126 W com.mbwhatsapp: Found duplicate classes, falling back to extracting from APK : /data/user_de/0/com.google.android.gms/app_chimera/m/00000069/CronetDynamite.apk
01-23 21:31:33.118 16647 17126 W com.mbwhatsapp: NOTE: This wastes RAM and hurts startup performance.
01-23 21:31:33.118 16647 17126 W com.mbwhatsapp: Found duplicated class when checking oat files: 'Landroid/support/v4/graphics/drawable/IconCompatParcelizer;' in /data/app/com.mbwhatsapp-TGWWbIl9GyslRnqUzfR5JQ==/base.apk and /data/user_de/0/com.google.android.gms/app_chimera/m/00000069/CronetDynamite.apk
01-23 21:31:33.118 16647 17126 W com.mbwhatsapp:
01-23 21:31:33.451 16647 17163 E chromium: [0123/213133.451480:ERROR:cronet_context.cc(156)] Invalid QUIC hint host: .whatsapp.com
01-23 21:31:33.451 16647 17163 E chromium: [0123/213133.451827:ERROR:cronet_context.cc(156)] Invalid QUIC hint host: .cdninstagram.com
01-23 21:31:33.451 16647 17163 E chromium: [0123/213133.451913:ERROR:cronet_context.cc(156)] Invalid QUIC hint host: .fbcdn.net
01-23 21:31:33.451 16647 17163 E chromium: [0123/213133.451975:ERROR:cronet_context.cc(156)] Invalid QUIC hint host: .facebook.com
01-23 21:31:33.452 16647 17163 E chromium: [0123/213133.452011:ERROR:cronet_context.cc(156)] Invalid QUIC hint host: .instagram.com
01-23 21:31:33.452 16647 17163 E chromium: [0123/213133.452057:ERROR:cronet_context.cc(156)] Invalid QUIC hint host: .whatsapp.net
01-23 21:31:35.856 16647 16647 W RecyclerView: An instance of 6Hl was started more than once. Each instance of6Hl is intended to only be used once. You should create a new instance for each use.
01-23 21:31:36.046 16647 16647 W RecyclerView: An instance of 6Hl was started more than once. Each instance of6Hl is intended to only be used once. You should create a new instance for each use.
01-23 21:31:36.081 16647 16647 W RecyclerView: An instance of 6Hl was started more than once. Each instance of6Hl is intended to only be used once. You should create a new instance for each use.
01-23 21:31:36.086 16647 16647 W com.mbwhatsapp: type=1400 audit(0.0:259235): avc: granted { execute } for comm=53686170657320546872656164 path="/data/data/com.mbwhatsapp/files/decompressed/libs.spk.zst/libstatic-webp.so" dev="mmcblk0p41" ino=11117 scontext=u:r:untrusted_app:s0:c201,c256,c512,c768 tcontext=u:object_r:app_data_file:s0:c201,c256,c512,c768 tclass=file
01-23 21:31:37.244 16647 16647 W RecyclerView: An instance of 6Hl was started more than once. Each instance of6Hl is intended to only be used once. You should create a new instance for each use.
01-23 21:31:37.293 16647 16647 W RecyclerView: An instance of 6Hl was started more than once. Each instance of6Hl is intended to only be used once. You should create a new instance for each use.
01-23 21:31:37.309 16647 16647 W RecyclerView: An instance of 6Hl was started more than once. Each instance of6Hl is intended to only be used once. You should create a new instance for each use.
01-23 21:31:37.342 16647 16647 W RecyclerView: An instance of 6Hl was started more than once. Each instance of6Hl is intended to only be used once. You should create a new instance for each use.
01-23 21:31:37.358 16647 16647 W RecyclerView: An instance of 6Hl was started more than once. Each instance of6Hl is intended to only be used once. You should create a new instance for each use.
01-23 21:31:37.441 16647 16647 W RecyclerView: An instance of 6Hl was started more than once. Each instance of6Hl is intended to only be used once. You should create a new instance for each use.
01-23 21:31:37.454 16647 16647 W RecyclerView: An instance of 6Hl was started more than once. Each instance of6Hl is intended to only be used once. You should create a new instance for each use.
01-23 21:31:37.454 16647 16647 W RecyclerView: An instance of 6Hl was started more than once. Each instance of6Hl is intended to only be used once. You should create a new instance for each use.
01-23 21:31:37.474 16647 16647 W RecyclerView: An instance of 6Hl was started more than once. Each instance of6Hl is intended to only be used once. You should create a new instance for each use.
01-23 21:31:37.540 16647 16647 W RecyclerView: An instance of 6Hl was started more than once. Each instance of6Hl is intended to only be used once. You should create a new instance for each use.
01-23 21:31:39.950 16647 16647 W RecyclerView: An instance of 6Hl was started more than once. Each instance of6Hl is intended to only be used once. You should create a new instance for each use.
01-23 21:31:39.950 16647 16647 W RecyclerView: An instance of 6Hl was started more than once. Each instance of6Hl is intended to only be used once. You should create a new instance for each use.
01-23 21:31:39.977 16647 16647 W RecyclerView: An instance of 6Hl was started more than once. Each instance of6Hl is intended to only be used once. You should create a new instance for each use.
01-23 21:31:40.009 16647 16647 W RecyclerView: An instance of 6Hl was started more than once. Each instance of6Hl is intended to only be used once. You should create a new instance for each use.
01-23 21:31:40.026 16647 16647 W RecyclerView: An instance of 6Hl was started more than once. Each instance of6Hl is intended to only be used once. You should create a new instance for each use.
01-23 21:31:40.043 16647 16647 W RecyclerView: An instance of 6Hl was started more than once. Each instance of6Hl is intended to only be used once. You should create a new instance for each use.
01-23 21:31:40.059 16647 16647 W RecyclerView: An instance of 6Hl was started more than once. Each instance of6Hl is intended to only be used once. You should create a new instance for each use.
01-23 21:31:40.059 16647 16647 W RecyclerView: An instance of 6Hl was started more than once. Each instance of6Hl is intended to only be used once. You should create a new instance for each use.
01-23 21:31:40.076 16647 16647 W RecyclerView: An instance of 6Hl was started more than once. Each instance of6Hl is intended to only be used once. You should create a new instance for each use.
01-23 21:31:40.158 16647 16647 W RecyclerView: An instance of 6Hl was started more than once. Each instance of6Hl is intended to only be used once. You should create a new instance for each use.
01-23 21:31:40.166 16647 16647 W RecyclerView: An instance of 6Hl was started more than once. Each instance of6Hl is intended to only be used once. You should create a new instance for each use.
01-23 21:31:40.208 16647 16647 W RecyclerView: An instance of 6Hl was started more than once. Each instance of6Hl is intended to only be used once. You should create a new instance for each use.
01-23 21:31:40.224 16647 16647 W RecyclerView: An instance of 6Hl was started more than once. Each instance of6Hl is intended to only be used once. You should create a new instance for each use.
01-23 21:31:40.274 16647 16647 W RecyclerView: An instance of 6Hl was started more than once. Each instance of6Hl is intended to only be used once. You should create a new instance for each use.
01-23 21:31:40.290 16647 16647 W RecyclerView: An instance of 6Hl was started more than once. Each instance of6Hl is intended to only be used once. You should create a new instance for each use.
01-23 21:31:40.406 16647 16647 W RecyclerView: An instance of 6Hl was started more than once. Each instance of6Hl is intended to only be used once. You should create a new instance for each use.
01-23 21:31:40.422 16647 16647 W RecyclerView: An instance of 6Hl was started more than once. Each instance of6Hl is intended to only be used once. You should create a new instance for each use.
01-23 21:31:40.471 16647 16647 W RecyclerView: An instance of 6Hl was started more than once. Each instance of6Hl is intended to only be used once. You should create a new instance for each use.
01-23 21:31:40.979 16647 16647 W RecyclerView: An instance of 6Hl was started more than once. Each instance of6Hl is intended to only be used once. You should create a new instance for each use.
01-23 21:31:40.979 16647 16647 W RecyclerView: An instance of 6Hl was started more than once. Each instance of6Hl is intended to only be used once. You should create a new instance for each use.
01-23 21:31:40.999 16647 16647 W RecyclerView: An instance of 6Hl was started more than once. Each instance of6Hl is intended to only be used once. You should create a new instance for each use.
01-23 21:31:40.999 16647 16647 W RecyclerView: An instance of 6Hl was started more than once. Each instance of6Hl is intended to only be used once. You should create a new instance for each use.
01-23 21:31:41.014 16647 16647 W RecyclerView: An instance of 6Hl was started more than once. Each instance of6Hl is intended to only be used once. You should create a new instance for each use.
01-23 21:31:41.064 16647 16647 W RecyclerView: An instance of 6Hl was started more than once. Each instance of6Hl is intended to only be used once. You should create a new instance for each use.
01-23 21:31:41.162 16647 16647 W RecyclerView: An instance of 6Hl was started more than once. Each instance of6Hl is intended to only be used once. You should create a new instance for each use.
01-23 21:31:41.212 16647 16647 W RecyclerView: An instance of 6Hl was started more than once. Each instance of6Hl is intended to only be used once. You should create a new instance for each use.
01-23 21:31:41.556 16647 16647 W RecyclerView: An instance of 6Hl was started more than once. Each instance of6Hl is intended to only be used once. You should create a new instance for each use.
01-23 21:31:41.556 16647 16647 W RecyclerView: An instance of 6Hl was started more than once. Each instance of6Hl is intended to only be used once. You should create a new instance for each use.
01-23 21:31:41.557 16647 16647 W RecyclerView: An instance of 8dL was started more than once. Each instance of8dL is intended to only be used once. You should create a new instance for each use.
01-23 21:31:43.559 16647 16647 W RecyclerView: An instance of 6Hl was started more than once. Each instance of6Hl is intended to only be used once. You should create a new instance for each use.
01-23 21:31:44.432 16647 16647 W Choreographer: OPTS_INPUT: First frame was drawed before optimized, so skip!
01-23 21:31:45.275 16647 16710 W RenderInspector: DequeueBuffer time out on com.mbwhatsapp/com.mbwhatsapp.mediacomposer.MediaComposerActivity, count=1, avg=23 ms, max=23 ms.
01-23 21:31:45.926 16647 16647 W Choreographer: OPTS_INPUT: First frame was drawed before optimized, so skip!
01-23 21:31:46.604 16647 16647 W Looper : Slow Looper main: doFrame is 402ms late
01-23 21:31:46.964 16647 16647 W Choreographer: OPTS_INPUT: First frame was drawed before optimized, so skip!
01-23 21:31:47.755 16647 16647 W Choreographer: OPTS_INPUT: First frame was drawed before optimized, so skip!
01-23 21:31:54.586 16647 16696 E SQLiteDatabase: Error inserting transferred=0 media_job_uuid=9a66a24b-aeee-41a7-b67c-baa99117a076 transcoded=1 gif_attribution=0 first_scan_length=0 direct_path=null thumbnail_height_width_ratio=1.0 is_animated_sticker=0 file_hash=null file_path=/data/user/0/com.mbwhatsapp/files/.Shared/681a0a81-e8ed-4d63-a4f0- c67a02cc4e60.jpg file_size=60700 partial_media_hash=null face_x=0 face_y=0 height=600 trim_to=0 media_key_timestamp=0 message_url=null media_caption=null trim_from=0 mime_type=null partial_media_enc_hash=null width=600 original_file_hash=qrp+cFt5BpWALzddhMlD5P0r7nD8lWBu7ZbbqOzZIMQ= has_streaming_sidecar=0 autotransfer_retry_enabled=1 media_upload_handle=null message_row_id=3997 multicast_id=null enc_file_hash=null mute_video=0 page_count=0 first_scan_sidecar=null suspicious_content=0 file_length=60700 media_name=681a0a81- e8ed-4d63-a4f0-c67a02cc4e60.jpg media_duration=0 chat_row_id=23 media_key=null
01-23 21:31:54.586 16647 16696 E SQLiteDatabase: android.database.sqlite.SQLiteConstraintException: UNIQUE constraint failed: message_media.message_row_id (code 1555 SQLITE_CONSTRAINT_PRIMARYKEY)
01-23 21:31:54.586 16647 16696 E SQLiteDatabase: at android.database.sqlite.SQLiteConnection.nativeExecuteForLastInsertedRowId(Native Method)
01-23 21:31:54.586 16647 16696 E SQLiteDatabase: at android.database.sqlite.SQLiteConnection.executeForLastInsertedRowId(SQLiteConnecti on.java:879)
01-23 21:31:54.586 16647 16696 E SQLiteDatabase: at android.database.sqlite.SQLiteSession.executeForLastInsertedRowId(SQLiteSession.jav a:790)
01-23 21:31:54.586 16647 16696 E SQLiteDatabase: at android.database.sqlite.SQLiteStatement.executeInsert(SQLiteStatement.java:88)
01-23 21:31:54.586 16647 16696 E SQLiteDatabase: at android.database.sqlite.SQLiteDatabase.insertWithOnConflict(SQLiteDatabase.java:159 9)
01-23 21:31:54.586 16647 16696 E SQLiteDatabase: at android.database.sqlite.SQLiteDatabase.insert(SQLiteDatabase.java:1468)
01-23 21:31:54.586 16647 16696 E SQLiteDatabase: at X.2tm.A08(Unknown Source:6)
01-23 21:31:54.586 16647 16696 E SQLiteDatabase: at X.35Y.A07(Unknown Source:212)
01-23 21:31:54.586 16647 16696 E SQLiteDatabase: at X.3QF.A14(Unknown Source:470)
01-23 21:31:54.586 16647 16696 E SQLiteDatabase: at X.3gU.run(Unknown Source:982)
01-23 21:31:54.586 16647 16696 E SQLiteDatabase: at android.os.Handler.handleCallback(Handler.java:914)
01-23 21:31:54.586 16647 16696 E SQLiteDatabase: at android.os.Handler.dispatchMessage(Handler.java:100)
01-23 21:31:54.586 16647 16696 E SQLiteDatabase: at X.0zq.dispatchMessage(Unknown Source:4)
01-23 21:31:54.586 16647 16696 E SQLiteDatabase: at android.os.Looper.loop(Looper.java:225)
01-23 21:31:54.586 16647 16696 E SQLiteDatabase: at android.os.HandlerThread.run(HandlerThread.java:67)
01-23 21:31:54.650 16647 16647 E ArmVmp : Match on catch block at 0x0a in for 0xb5
01-23 21:31:54.656 16647 16647 E ArmVmp : Match on catch block at 0x0a in for 0xb1
01-23 21:31:54.683 16647 16647 W Activity: Slow Operation: Activity com.mbwhatsapp/.Conversation onStart took 117ms
01-23 21:31:54.915 16647 16647 E ArmVmp : Match on catch block at 0xc3 in for 0x95
01-23 21:31:54.935 16647 16647 E ArmVmp : Match on catch block at 0xc3 in for 0x99
01-23 21:31:55.122 16647 16647 E ArmVmp : Match on catch block at 0xc3 in for 0x91
01-23 21:31:55.128 16647 16647 E ArmVmp : Match on catch block at 0xc3 in for 0x95
01-23 21:31:55.147 16647 16647 W Looper : Slow Looper main: doFrame is 354ms late because of 19 msg, msg 1 took 334ms (seq=2143 running=127ms runnable=1ms io=59ms late=205ms h=android.view.Choreographer$FrameHandler c=android.view.Choreographer$FrameDisplayEventReceiver)
01-23 21:31:55.213 16647 16647 E ArmVmp : Match on catch block at 0xc3 in for 0x91
01-23 21:31:55.219 16647 16647 E ArmVmp : Match on catch block at 0xc3 in for 0x95
01-23 21:31:55.350 16647 16647 E ArmVmp : Match on catch block at 0xc3 in for 0x91
01-23 21:31:55.356 16647 16647 E ArmVmp : Match on catch block at 0xc3 in for 0x95
01-23 21:31:55.473 16647 16696 E SQLiteDatabase: Error inserting transferred=1 media_job_uuid=9a66a24b-aeee-41a7-b67c-baa99117a076 transcoded=1 gif_attribution=0 first_scan_length=0 direct_path=/v/t62.7118- 24/31811634_708521828054010_5055422401045269372_n.enc?ccb=11- 4&oh=01_AdTjFWgJKBWmjGvvluOC3e3jR73YgplujIFL46R3W2QwUA&oe=65D7FD69&_nc_sid=5e03e0 thumbnail_height_width_ratio=1.0 is_animated_sticker=0 file_hash=qrp+cFt5BpWALzddhMlD5P0r7nD8lWBu7ZbbqOzZIMQ= file_path=Media/MBWhatsApp Images/Sent/IMG-20240123-WA0003.jpg file_size=60700 partial_media_hash=Z7Y+NIVEoC9bPsWOfM5rQGZStNW6Ubf4jrGPd0cKgFM= face_x=0 face_y=0 height=600 trim_to=0 media_key_timestamp=1706067115011 message_url=https://mmg.whatsapp.net/v/t62.7118- 24/31811634_708521828054010_5055422401045269372_n.enc?ccb=11- 4&oh=01_AdTjFWgJKBWmjGvvluOC3e3jR73YgplujIFL46R3W2QwUA&oe=65D7FD69&_nc_sid=5e03e0&m ms3=true media_caption=null trim_from=0 mime_type=null partial_media_enc_hash=null width=600 original_file_hash=qrp+cFt5BpWALzddhMlD5P0r7nD8lWBu7ZbbqOzZIMQ= has_streaming_sidecar=1 autotransfer_retry_enabled=0 media_upload_handle=null message_row_id=3997 multicast_id=null enc_file_hash=OHb142WeGnqIKfZHE74bN34jeGY2Im0Q365+rdaxCRU= mute_video=0 page_count=0 first_scan_sidecar=null suspicious_content=0 file_length=60700 media_name=681a0a81-e8ed-4d63-a4f0-c67a02cc4e60.jpg media_duration=0 chat_row_id=23 media_key=[B@a409992
01-23 21:31:55.473 16647 16696 E SQLiteDatabase: android.database.sqlite.SQLiteConstraintException: UNIQUE constraint failed: message_media.message_row_id (code 1555 SQLITE_CONSTRAINT_PRIMARYKEY)
01-23 21:31:55.473 16647 16696 E SQLiteDatabase: at android.database.sqlite.SQLiteConnection.nativeExecuteForLastInsertedRowId(Native Method)
01-23 21:31:55.473 16647 16696 E SQLiteDatabase: at android.database.sqlite.SQLiteConnection.executeForLastInsertedRowId(SQLiteConnecti on.java:879)
01-23 21:31:55.473 16647 16696 E SQLiteDatabase: at android.database.sqlite.SQLiteSession.executeForLastInsertedRowId(SQLiteSession.jav a:790)
01-23 21:31:55.473 16647 16696 E SQLiteDatabase: at android.database.sqlite.SQLiteStatement.executeInsert(SQLiteStatement.java:88)
01-23 21:31:55.473 16647 16696 E SQLiteDatabase: at android.database.sqlite.SQLiteDatabase.insertWithOnConflict(SQLiteDatabase.java:159 9)
01-23 21:31:55.473 16647 16696 E SQLiteDatabase: at android.database.sqlite.SQLiteDatabase.insert(SQLiteDatabase.java:1468)
01-23 21:31:55.473 16647 16696 E SQLiteDatabase: at X.2tm.A08(Unknown Source:6)
01-23 21:31:55.473 16647 16696 E SQLiteDatabase: at X.35Y.A07(Unknown Source:212)
01-23 21:31:55.473 16647 16696 E SQLiteDatabase: at X.3QF.A14(Unknown Source:470)
01-23 21:31:55.473 16647 16696 E SQLiteDatabase: at X.3gU.run(Unknown Source:982)
01-23 21:31:55.473 16647 16696 E SQLiteDatabase: at android.os.Handler.handleCallback(Handler.java:914)
01-23 21:31:55.473 16647 16696 E SQLiteDatabase: at android.os.Handler.dispatchMessage(Handler.java:100)
01-23 21:31:55.473 16647 16696 E SQLiteDatabase: at X.0zq.dispatchMessage(Unknown Source:4)
01-23 21:31:55.473 16647 16696 E SQLiteDatabase: at android.os.Looper.loop(Looper.java:225)
01-23 21:31:55.473 16647 16696 E SQLiteDatabase: at android.os.HandlerThread.run(HandlerThread.java:67)
01-23 21:31:55.509 16647 16647 W BottomSheetBehavior: BottomSheetBehavior now supports multiple callbacks. `setBottomSheetCallback()` removes all existing callbacks, including ones set internally by library authors, which may result in unintended behavior. This may change in the future. Please use `addBottomSheetCallback()` and `removeBottomSheetCallback()` instead to set your own callbacks.
01-23 21:31:55.543 16647 16647 E ArmVmp : Match on catch block at 0xc3 in for 0x91
01-23 21:31:55.550 16647 16647 E ArmVmp : Match on catch block at 0xc3 in for 0x95
01-23 21:31:55.560 16647 16647 E ArmVmp : Match on catch block at 0xc3 in for 0x95
01-23 21:31:55.566 16647 16647 E ArmVmp : Match on catch block at 0xc3 in for 0x99
01-23 21:31:55.581 16647 16647 E ArmVmp : Match on catch block at 0xc3 in for 0x91
01-23 21:31:55.587 16647 16647 E ArmVmp : Match on catch block at 0xc3 in for 0x95
01-23 21:31:55.597 16647 16647 E ArmVmp : Match on catch block at 0xc3 in for 0x95
01-23 21:31:55.602 16647 16647 E ArmVmp : Match on catch block at 0xc3 in for 0x99
01-23 21:31:55.623 16647 16647 E ArmVmp : Match on catch block at 0xc3 in for 0x99
01-23 21:31:55.628 16647 16647 E ArmVmp : Match on catch block at 0xc3 in for 0x91
01-23 21:31:55.639 16647 16647 E ArmVmp : Match on catch block at 0xc3 in for 0x91
01-23 21:31:55.643 16647 16647 E ArmVmp : Match on catch block at 0xc3 in for 0x95
01-23 21:31:55.655 16647 16647 E ArmVmp : Match on catch block at 0xc3 in for 0x95
01-23 21:31:55.660 16647 16647 E ArmVmp : Match on catch block at 0xc3 in for 0x99
01-23 21:31:55.672 16647 16647 E ArmVmp : Match on catch block at 0xc3 in for 0x99
01-23 21:31:55.677 16647 16647 E ArmVmp : Match on catch block at 0xc3 in for 0x91
01-23 21:31:55.688 16647 16647 E ArmVmp : Match on catch block at 0xc3 in for 0x91
01-23 21:31:55.694 16647 16647 E ArmVmp : Match on catch block at 0xc3 in for 0x95
01-23 21:31:55.705 16647 16647 E ArmVmp : Match on catch block at 0xc3 in for 0x95
01-23 21:31:55.710 16647 16647 E ArmVmp : Match on catch block at 0xc3 in for 0x99
01-23 21:31:55.721 16647 16647 E ArmVmp : Match on catch block at 0xc3 in for 0x99
01-23 21:31:55.726 16647 16647 E ArmVmp : Match on catch block at 0xc3 in for 0x91
01-23 21:31:55.738 16647 16647 E ArmVmp : Match on catch block at 0xc3 in for 0x91
01-23 21:31:55.743 16647 16647 E ArmVmp : Match on catch block at 0xc3 in for 0x95
01-23 21:31:55.754 16647 16647 E ArmVmp : Match on catch block at 0xc3 in for 0x95
01-23 21:31:55.759 16647 16647 E ArmVmp : Match on catch block at 0xc3 in for 0x99
01-23 21:31:55.771 16647 16647 E ArmVmp : Match on catch block at 0xc3 in for 0x99
01-23 21:31:55.776 16647 16647 E ArmVmp : Match on catch block at 0xc3 in for 0x91
01-23 21:31:55.787 16647 16647 E ArmVmp : Match on catch block at 0xc3 in for 0x91
01-23 21:31:55.792 16647 16647 E ArmVmp : Match on catch block at 0xc3 in for 0x95
01-23 21:31:55.804 16647 16647 E ArmVmp : Match on catch block at 0xc3 in for 0x95
01-23 21:31:55.809 16647 16647 E ArmVmp : Match on catch block at 0xc3 in for 0x99
01-23 21:31:55.820 16647 16647 E ArmVmp : Match on catch block at 0xc3 in for 0x99
01-23 21:31:55.826 16647 16647 E ArmVmp : Match on catch block at 0xc3 in for 0x91
01-23 21:31:55.837 16647 16647 E ArmVmp : Match on catch block at 0xc3 in for 0x91
01-23 21:31:55.842 16647 16647 E ArmVmp : Match on catch block at 0xc3 in for 0x95
01-23 21:31:55.853 16647 16647 E ArmVmp : Match on catch block at 0xc3 in for 0x95
01-23 21:31:55.858 16647 16647 E ArmVmp : Match on catch block at 0xc3 in for 0x99
01-23 21:31:55.888 16647 16647 E ArmVmp : Match on catch block at 0xc3 in for 0x99
01-23 21:31:55.893 16647 16647 E ArmVmp : Match on catch block at 0xc3 in for 0x91
01-23 21:31:55.906 16647 16647 E ArmVmp : Match on catch block at 0xc3 in for 0x91
01-23 21:31:55.912 16647 16647 E ArmVmp : Match on catch block at 0xc3 in for 0x95
01-23 21:31:55.928 16647 16723 W MediaPlayer: Use of stream types is deprecated for operations other than volume control
