01-23 20:48:40.851 26527 26597 E SQLiteDatabase: android.database.sqlite.SQLiteConstraintException: UNIQUE constraint failed: message_media.message_row_id (code 1555 SQLITE_CONSTRAINT_PRIMARYKEY)
01-23 20:48:40.851 26527 26597 E SQLiteDatabase: at android.database.sqlite.SQLiteConnection.nativeExecuteForLastInsertedRowId(Native Method)
01-23 20:48:40.851 26527 26597 E SQLiteDatabase: at android.database.sqlite.SQLiteConnection.executeForLastInsertedRowId(SQLiteConnecti on.java:879)
01-23 20:48:40.851 26527 26597 E SQLiteDatabase: at android.database.sqlite.SQLiteSession.executeForLastInsertedRowId(SQLiteSession.jav a:790)
01-23 20:48:40.851 26527 26597 E SQLiteDatabase: at android.database.sqlite.SQLiteStatement.executeInsert(SQLiteStatement.java:88)
01-23 20:48:40.851 26527 26597 E SQLiteDatabase: at android.database.sqlite.SQLiteDatabase.insertWithOnConflict(SQLiteDatabase.java:159 9)
01-23 20:48:40.851 26527 26597 E SQLiteDatabase: at android.database.sqlite.SQLiteDatabase.insert(SQLiteDatabase.java:1468)
01-23 20:48:40.851 26527 26597 E SQLiteDatabase: at X.2tm.A08(Unknown Source:6)
01-23 20:48:40.851 26527 26597 E SQLiteDatabase: at X.35Y.A07(Unknown Source:212)
01-23 20:48:40.851 26527 26597 E SQLiteDatabase: at X.3QF.A14(Unknown Source:470)
01-23 20:48:40.851 26527 26597 E SQLiteDatabase: at X.3gU.run(Unknown Source:982)
01-23 20:48:40.851 26527 26597 E SQLiteDatabase: at android.os.Handler.handleCallback(Handler.java:914)
01-23 20:48:40.851 26527 26597 E SQLiteDatabase: at android.os.Handler.dispatchMessage(Handler.java:100)
01-23 20:48:40.851 26527 26597 E SQLiteDatabase: at X.0zq.dispatchMessage(Unknown Source:4)
01-23 20:48:40.851 26527 26597 E SQLiteDatabase: at android.os.Looper.loop(Looper.java:225)
01-23 20:48:40.851 26527 26597 E SQLiteDatabase: at android.os.HandlerThread.run(HandlerThread.java:67) --------- beginning of main
01-23 20:50:12.723 28317 28317 E com.mbwhatsapp: Not starting debugger since process cannot load the jdwp agent.
01-23 20:50:13.076 28317 28317 W ResourceType: CREATING STRING CACHE OF 96 bytes
01-23 20:50:13.135 28317 28317 W System.err: java.lang.ClassNotFoundException: mbmodsd.mbmodsw.ui.views.btn.BtnBK
01-23 20:50:13.141 28317 28317 W System.err: at java.lang.Runtime.nativeLoad(Native Method)
01-23 20:50:13.141 28317 28317 W System.err: at java.lang.Runtime.nativeLoad(Runtime.java:1115)
01-23 20:50:13.141 28317 28317 W System.err: at java.lang.Runtime.loadLibrary0(Runtime.java:1069)
01-23 20:50:13.141 28317 28317 W System.err: at java.lang.Runtime.loadLibrary0(Runtime.java:1007)
01-23 20:50:13.141 28317 28317 W System.err: at java.lang.System.loadLibrary(System.java:1667)
01-23 20:50:13.141 28317 28317 W System.err: at arm.EpicVm.<clinit>(Unknown Source:2)
01-23 20:50:13.141 28317 28317 W System.err: at java.lang.Class.newInstance(Native Method)
01-23 20:50:13.141 28317 28317 W System.err: at android.app.AppComponentFactory.instantiateApplication(AppComponentFactory.java:76)
01-23 20:50:13.141 28317 28317 W System.err: at androidx.core.app.CoreComponentFactory.instantiateApplication(Unknown Source:0)
01-23 20:50:13.141 28317 28317 W System.err: at android.app.Instrumentation.newApplication(Instrumentation.java:1155)
01-23 20:50:13.141 28317 28317 W System.err: at android.app.LoadedApk.makeApplication(LoadedApk.java:1224)
01-23 20:50:13.141 28317 28317 W System.err: at android.app.ActivityThread.handleBindApplication(ActivityThread.java:6574)
01-23 20:50:13.141 28317 28317 W System.err: at android.app.ActivityThread.access$1500(ActivityThread.java:235)
01-23 20:50:13.141 28317 28317 W System.err: at android.app.ActivityThread$H.handleMessage(ActivityThread.java:1916)
01-23 20:50:13.141 28317 28317 W System.err: at android.os.Handler.dispatchMessage(Handler.java:107)
01-23 20:50:13.141 28317 28317 W System.err: at android.os.Looper.loop(Looper.java:225)
01-23 20:50:13.141 28317 28317 W System.err: at android.app.ActivityThread.main(ActivityThread.java:7563)
01-23 20:50:13.141 28317 28317 W System.err: at java.lang.reflect.Method.invoke(Native Method)
01-23 20:50:13.141 28317 28317 W System.err: at com.android.internal.os.RuntimeInit$MethodAndArgsCaller.run(RuntimeInit.java:539)
01-23 20:50:13.141 28317 28317 W System.err: at com.android.internal.os.ZygoteInit.main(ZygoteInit.java:994)
01-23 20:50:13.212 28317 28317 E CustomActivityOnCrash: IMPORTANT WARNING! You already have an UncaughtExceptionHandler, are you sure this is correct? If you use a custom UncaughtExceptionHandler, you must initialize it AFTER CustomActivityOnCrash! Installing anyway, but your original handler will not be called.
01-23 20:50:13.301 28317 28317 E libc : Access denied finding property "ro.vendor.df.effect.conflict"
01-23 20:50:14.175 28317 28317 W SigquitBasedANRDetector: Could not open target lib: libart.so
01-23 20:50:14.175 28317 28317 W SigquitBasedANRDetector: Failed to load lib
01-23 20:50:14.318 28317 28391 W com.mbwhatsapp: Class X.2rL failed lock verification and will run slower.
01-23 20:50:14.318 28317 28391 W com.mbwhatsapp: Common causes for lock verification issues are non-optimized dex code
01-23 20:50:14.318 28317 28391 W com.mbwhatsapp: and incorrect proguard optimizations. --------- beginning of system
01-23 20:50:14.344 28317 28317 W Looper : Slow Looper main: Long Msg: seq=2 plan=20:50:12.800 late=3ms wall=1533ms running=881ms runnable=32ms io=481ms swapin=20ms reclaim=42ms h=android.app.ActivityThread$H w=110
01-23 20:50:16.541 28317 28507 W Gralloc3: mapper 3.x is not supported
01-23 20:50:16.547 28317 28507 E ion : ioctl c0044901 failed with code -1: Invalid argument
01-23 20:50:17.284 28317 28540 E ActivityThread: Failed to find provider info for com.android.contacts
01-23 20:50:17.418 28317 28531 E ActivityThread: Failed to find provider info for com.android.contacts
01-23 20:50:17.501 28317 28531 E ActivityThread: Failed to find provider info for com.android.contacts
01-23 20:50:17.553 28317 28531 E ActivityThread: Failed to find provider info for com.android.contacts
01-23 20:50:17.676 28317 28531 E ActivityThread: Failed to find provider info for com.android.contacts
01-23 20:50:17.989 28511 28511 W stagram.android: type=1400 audit(0.0:257233): avc: denied { read } for name="zoneinfo" dev="proc" ino=4026532108 scontext=u:r:untrusted_app:s0:c197,c256,c512,c768 tcontext=u:object_r:proc_zoneinfo:s0 tclass=file permissive=0
01-23 20:50:18.193 28511 28511 W Lacrima_single_: type=1400 audit(0.0:257234): avc: denied { read } for name="u:object_r:debug_bq_dump_prop:s0" dev="tmpfs" ino=7162 scontext=u:r:untrusted_app:s0:c197,c256,c512,c768 tcontext=u:object_r:debug_bq_dump_prop:s0 tclass=file permissive=0
01-23 20:50:18.193 28511 28511 W Lacrima_single_: type=1400 audit(0.0:257235): avc: denied { read } for name="u:object_r:debug_bq_dump_prop:s0" dev="tmpfs" ino=7162 scontext=u:r:untrusted_app:s0:c197,c256,c512,c768 tcontext=u:object_r:debug_bq_dump_prop:s0 tclass=file permissive=0
01-23 20:50:17.800 28317 28531 E ActivityThread: Failed to find provider info for com.android.contacts
01-23 20:50:18.309 28511 28511 W Lacrima_startup: type=1400 audit(0.0:257237): avc: granted { execute } for path="/data/data/com.instagram.android/lib-compressed/libdistractutil.so" dev="mmcblk0p41" ino=122689 scontext=u:r:untrusted_app:s0:c197,c256,c512,c768 tcontext=u:object_r:app_data_file:s0:c197,c256,c512,c768 tclass=file
01-23 20:50:18.317 28511 28511 W Lacrima_startup: type=1400 audit(0.0:257238): avc: granted { execute } for path="/data/data/com.instagram.android/lib-compressed/libfssync.so" dev="mmcblk0p41" ino=99344 scontext=u:r:untrusted_app:s0:c197,c256,c512,c768 tcontext=u:object_r:app_data_file:s0:c197,c256,c512,c768 tclass=file
01-23 20:50:18.345 28511 28511 W Lacrima_startup: type=1400 audit(0.0:257239): avc: denied { execmod } for path="/apex/com.android.runtime/lib/bionic/libc.so" dev="loop6" ino=44 scontext=u:r:untrusted_app:s0:c197,c256,c512,c768 tcontext=u:object_r:system_lib_file:s0 tclass=file permissive=0
01-23 20:50:18.473 28511 28511 W Lacrima_startup: type=1400 audit(0.0:257240): avc: granted { execute } for path="/data/data/com.instagram.android/lib-compressed/libredexsharedmerged.so" dev="mmcblk0p41" ino=81750 scontext=u:r:untrusted_app:s0:c197,c256,c512,c768 tcontext=u:object_r:app_data_file:s0:c197,c256,c512,c768 tclass=file
01-23 20:50:19.201 28511 28511 W Lacrima_startup: type=1400 audit(0.0:257257): avc: granted { execute } for path="/data/data/com.instagram.android/lib-compressed/libnightwatch.so" dev="mmcblk0p41" ino=126887 scontext=u:r:untrusted_app:s0:c197,c256,c512,c768 tcontext=u:object_r:app_data_file:s0:c197,c256,c512,c768 tclass=file
01-23 20:50:19.205 28511 28511 W SIMPLE_WORKER5: type=1400 audit(0.0:257258): avc: granted { execute } for path="/data/data/com.instagram.android/lib-compressed/libartdistract.so" dev="mmcblk0p41" ino=3323 scontext=u:r:untrusted_app:s0:c197,c256,c512,c768 tcontext=u:object_r:app_data_file:s0:c197,c256,c512,c768 tclass=file
01-23 20:50:19.209 28511 28511 W Fixie : type=1400 audit(0.0:257259): avc: granted { execute } for path="/data/data/com.instagram.android/lib-compressed/librealtime.so" dev="mmcblk0p41" ino=85155 scontext=u:r:untrusted_app:s0:c197,c256,c512,c768 tcontext=u:object_r:app_data_file:s0:c197,c256,c512,c768 tclass=file
01-23 20:50:19.225 28511 28511 W Lacrima_startup: type=1400 audit(0.0:257260): avc: granted { execute } for path="/data/data/com.instagram.android/lib-compressed/libfbnightwatch.so" dev="mmcblk0p41" ino=133992 scontext=u:r:untrusted_app:s0:c197,c256,c512,c768 tcontext=u:object_r:app_data_file:s0:c197,c256,c512,c768 tclass=file
01-23 20:50:19.237 28511 28511 W Fixie : type=1400 audit(0.0:257261): avc: granted { execute } for path="/data/data/com.instagram.android/lib-compressed/libmobileconfig.so" dev="mmcblk0p41" ino=124023 scontext=u:r:untrusted_app:s0:c197,c256,c512,c768 tcontext=u:object_r:app_data_file:s0:c197,c256,c512,c768 tclass=file
01-23 20:50:19.920 28317 28337 W com.mbwhatsapp: Suspending all threads took: 11.344ms
01-23 20:50:20.412 28317 28388 E SQLiteDatabase: Error inserting transferred=0 media_job_uuid=1204c28e-a46e-4870-8b38-60618d862254 transcoded=0 gif_attribution=0 first_scan_length=0 direct_path=/v/t62.7161- 24/32805444_897257258564169_3533948598404117133_n.enc?ccb=11- 4&oh=01_AdS0D2GcHAmcKhGGmLei-bZzbXas6VzRPKYVWYO_8bHKsw&oe=65D7D366&_nc_sid=5e03e0 thumbnail_height_width_ratio=1.0 is_animated_sticker=0 file_hash=X+AXI5XnEZqv4se8hIwl/khPpQGVjfdOJ4VXKEJIO3o= file_path=null file_size=0 partial_media_hash=null face_x=0 face_y=0 height=720 trim_to=0 media_key_timestamp=1706064574000 message_url=https://mmg.whatsapp.net/v/t62.7161- 24/32805444_897257258564169_3533948598404117133_n.enc?ccb=11- 4&oh=01_AdS0D2GcHAmcKhGGmLei- bZzbXas6VzRPKYVWYO_8bHKsw&oe=65D7D366&_nc_sid=5e03e0&mms3=true media_caption=null trim_from=0 mime_type=video/mp4 partial_media_enc_hash=null width=720 original_file_hash=null has_streaming_sidecar=1 autotransfer_retry_enabled=1 media_upload_handle=null message_row_id=2077 multicast_id=null enc_file_hash=IqmYxLsjRYe1V0J3DyxoBFRQpda8Pm3/yRdULE9HgEY= mute_video=0 page_count=0 first_scan_sidecar=null suspicious_content=0 file_length=3618922 media_name=null media_duration=26 chat_row_id=5 media_key=[B@3c408c
01-23 20:50:20.412 28317 28388 E SQLiteDatabase: android.database.sqlite.SQLiteConstraintException: UNIQUE constraint failed: message_media.message_row_id (code 1555 SQLITE_CONSTRAINT_PRIMARYKEY)
01-23 20:50:20.412 28317 28388 E SQLiteDatabase: at android.database.sqlite.SQLiteConnection.nativeExecuteForLastInsertedRowId(Native Method)
01-23 20:50:20.412 28317 28388 E SQLiteDatabase: at android.database.sqlite.SQLiteConnection.executeForLastInsertedRowId(SQLiteConnecti on.java:879)
01-23 20:50:20.412 28317 28388 E SQLiteDatabase: at android.database.sqlite.SQLiteSession.executeForLastInsertedRowId(SQLiteSession.jav a:790)
01-23 20:50:20.412 28317 28388 E SQLiteDatabase: at android.database.sqlite.SQLiteStatement.executeInsert(SQLiteStatement.java:88)
01-23 20:50:20.412 28317 28388 E SQLiteDatabase: at android.database.sqlite.SQLiteDatabase.insertWithOnConflict(SQLiteDatabase.java:159 9)
01-23 20:50:20.412 28317 28388 E SQLiteDatabase: at android.database.sqlite.SQLiteDatabase.insert(SQLiteDatabase.java:1468)
01-23 20:50:20.412 28317 28388 E SQLiteDatabase: at X.2tm.A08(Unknown Source:6)
01-23 20:50:20.412 28317 28388 E SQLiteDatabase: at X.35Y.A07(Unknown Source:212)
01-23 20:50:20.412 28317 28388 E SQLiteDatabase: at X.3QF.A14(Unknown Source:470)
01-23 20:50:20.412 28317 28388 E SQLiteDatabase: at X.3gU.run(Unknown Source:982)
01-23 20:50:20.412 28317 28388 E SQLiteDatabase: at android.os.Handler.handleCallback(Handler.java:914)
01-23 20:50:20.412 28317 28388 E SQLiteDatabase: at android.os.Handler.dispatchMessage(Handler.java:100)
01-23 20:50:20.412 28317 28388 E SQLiteDatabase: at X.0zq.dispatchMessage(Unknown Source:4)
01-23 20:50:20.412 28317 28388 E SQLiteDatabase: at android.os.Looper.loop(Looper.java:225)
01-23 20:50:20.412 28317 28388 E SQLiteDatabase: at android.os.HandlerThread.run(HandlerThread.java:67)
01-23 20:50:20.657 28511 28511 W pool-12-thread-: type=1400 audit(0.0:257280): avc: granted { execute } for path="/data/data/com.instagram.android/lib-compressed/libxplat_timeinappcore_timein appcore-nonnativesqliteAndroid.so" dev="mmcblk0p41" ino=122541 scontext=u:r:untrusted_app:s0:c197,c256,c512,c768 tcontext=u:object_r:app_data_file:s0:c197,c256,c512,c768 tclass=file
01-23 20:50:20.673 28511 28511 W pool-12-thread-: type=1400 audit(0.0:257281): avc: granted { execute } for path="/data/data/com.instagram.android/lib-compressed/libtimeinapp-jni.so" dev="mmcblk0p41" ino=135144 scontext=u:r:untrusted_app:s0:c197,c256,c512,c768 tcontext=u:object_r:app_data_file:s0:c197,c256,c512,c768 tclass=file
01-23 20:50:20.777 28511 28511 W stagram.android: type=1400 audit(0.0:257282): avc: granted { execute } for path="/data/data/com.instagram.android/lib-compressed/libnative_memdump.so" dev="mmcblk0p41" ino=138043 scontext=u:r:untrusted_app:s0:c197,c256,c512,c768 tcontext=u:object_r:app_data_file:s0:c197,c256,c512,c768 tclass=file
01-23 20:50:20.881 28511 28511 W Lacrima_startup: type=1400 audit(0.0:257283): avc: denied { read } for name="zoneinfo" dev="proc" ino=4026532108 scontext=u:r:untrusted_app:s0:c197,c256,c512,c768 tcontext=u:object_r:proc_zoneinfo:s0 tclass=file permissive=0
01-23 20:50:21.209 28511 28511 W SIMPLE_WORKER8: type=1400 audit(0.0:257284): avc: granted { execute } for path="/data/data/com.instagram.android/lib-compressed/librtgqlsdk-lite.so" dev="mmcblk0p41" ino=81855 scontext=u:r:untrusted_app:s0:c197,c256,c512,c768 tcontext=u:object_r:app_data_file:s0:c197,c256,c512,c768 tclass=file
01-23 20:50:23.002 28317 28388 E SQLiteDatabase: Error inserting transferred=0 media_job_uuid=98ff441c-eb21-41b0-b8bb-8321ef6df259 transcoded=0 gif_attribution=0 first_scan_length=0 direct_path=/v/t62.7161- 24/11788041_1533966347361841_9016620467751658657_n.enc?ccb=11-4&oh=01_AdTEVym6- 2QZbf_ubvFTzQOmdtxlSsBMPwreV-ZH3NR3SQ&oe=65D7EC21&_nc_sid=5e03e0 thumbnail_height_width_ratio=1.2 is_animated_sticker=0 file_hash=HdUy27pmJAjfuBVnmbmAQz0/bjQATLhiFeiduDGriYk= file_path=null file_size=0 partial_media_hash=null face_x=0 face_y=0 height=656 trim_to=0 media_key_timestamp=1706064573000 message_url=https://mmg.whatsapp.net/v/t62.7161- 24/11788041_1533966347361841_9016620467751658657_n.enc?ccb=11-4&oh=01_AdTEVym6- 2QZbf_ubvFTzQOmdtxlSsBMPwreV-ZH3NR3SQ&oe=65D7EC21&_nc_sid=5e03e0&mms3=true media_caption=null trim_from=0 mime_type=video/mp4 partial_media_enc_hash=null width=544 original_file_hash=null has_streaming_sidecar=1 autotransfer_retry_enabled=1 media_upload_handle=null message_row_id=2076 multicast_id=null enc_file_hash=wr9Ib9Ui3FaamXHvRETnWbL3yrNT8JlljfTFgeTGDpQ= mute_video=0 page_count=0 first_scan_sidecar=null suspicious_content=0 file_length=1704101 media_name=null media_duration=14 chat_row_id=5 media_key=[B@227e7f2
01-23 20:50:23.002 28317 28388 E SQLiteDatabase: android.database.sqlite.SQLiteConstraintException: UNIQUE constraint failed: message_media.message_row_id (code 1555 SQLITE_CONSTRAINT_PRIMARYKEY)
01-23 20:50:23.002 28317 28388 E SQLiteDatabase: at android.database.sqlite.SQLiteConnection.nativeExecuteForLastInsertedRowId(Native Method)
01-23 20:50:23.002 28317 28388 E SQLiteDatabase: at android.database.sqlite.SQLiteConnection.executeForLastInsertedRowId(SQLiteConnecti on.java:879)
01-23 20:50:23.002 28317 28388 E SQLiteDatabase: at android.database.sqlite.SQLiteSession.executeForLastInsertedRowId(SQLiteSession.jav a:790)
01-23 20:50:23.002 28317 28388 E SQLiteDatabase: at android.database.sqlite.SQLiteStatement.executeInsert(SQLiteStatement.java:88)
01-23 20:50:23.002 28317 28388 E SQLiteDatabase: at android.database.sqlite.SQLiteDatabase.insertWithOnConflict(SQLiteDatabase.java:159 9)
01-23 20:50:23.002 28317 28388 E SQLiteDatabase: at android.database.sqlite.SQLiteDatabase.insert(SQLiteDatabase.java:1468)
01-23 20:50:23.002 28317 28388 E SQLiteDatabase: at X.2tm.A08(Unknown Source:6)
01-23 20:50:23.002 28317 28388 E SQLiteDatabase: at X.35Y.A07(Unknown Source:212)
01-23 20:50:23.002 28317 28388 E SQLiteDatabase: at X.3QF.A14(Unknown Source:470)
01-23 20:50:23.002 28317 28388 E SQLiteDatabase: at X.3gU.run(Unknown Source:982)
01-23 20:50:23.002 28317 28388 E SQLiteDatabase: at android.os.Handler.handleCallback(Handler.java:914)
01-23 20:50:23.002 28317 28388 E SQLiteDatabase: at android.os.Handler.dispatchMessage(Handler.java:100)
01-23 20:50:23.002 28317 28388 E SQLiteDatabase: at X.0zq.dispatchMessage(Unknown Source:4)
01-23 20:50:23.002 28317 28388 E SQLiteDatabase: at android.os.Looper.loop(Looper.java:225)
01-23 20:50:23.002 28317 28388 E SQLiteDatabase: at android.os.HandlerThread.run(HandlerThread.java:67)
01-23 20:50:25.521 28317 28531 E ActivityThread: Failed to find provider info for com.android.contacts
01-23 20:50:25.550 28317 28531 E ActivityThread: Failed to find provider info for com.android.contacts
01-23 20:50:27.024 28317 28317 W ActivityThread: handleWindowVisibility: no activity for token android.os.BinderProxy@eeb02b0
01-23 20:50:27.177 28317 28317 W com.mbwhatsapp: Class X.0eU failed lock verification and will run slower.
01-23 20:50:27.596 28317 28317 W com.mbwhatsapp: Verification of void X.5pH.A1Z(android.os.Bundle) took 179.442ms
01-23 20:50:28.556 28317 28317 W Activity: Slow Operation: Activity com.mbwhatsapp/.Conversation onCreate took 1288ms
01-23 20:50:28.618 28317 28317 E ArmVmp : Match on catch block at 0x0a in for 0xb1
01-23 20:50:28.627 28317 28317 E ArmVmp : Match on catch block at 0x0a in for 0xb1
01-23 20:50:28.721 28317 28317 W Looper : Slow Looper main: Long Msg: seq=558 plan=20:50:27.030 late=1ms wall=1691ms running=991ms runnable=19ms io=452ms reclaim=13ms h=android.app.ActivityThread$H w=159
01-23 20:50:28.722 28317 28317 W Looper : Slow Looper main: Activity com.mbwhatsapp/.Conversation is 1691ms late (wall=1ms running=1ms ClientTransaction{ callbacks=[android.app.servertransaction.TopResumedActivityChang eItem] }) because of 1 msg, msg 1 took 1691ms (seq=558 running=991ms runnable=19ms io=452ms reclaim=13ms late=1ms h=android.app.ActivityThread$H w=159)
01-23 20:50:29.626 28317 28317 E ArmVmp : Match on catch block at 0xc3 in for 0xa1
01-23 20:50:29.636 28317 28317 E ArmVmp : Match on catch block at 0xc3 in for 0xa1
01-23 20:50:29.752 28317 28317 W Looper : Slow Looper main: Long Msg: seq=600 plan=20:50:28.721 late=23ms wall=1008ms running=732ms runnable=2ms io=120ms reclaim=1ms h=android.view.Choreographer$FrameHandler c=android.view.Choreographer$FrameDisplayEventReceiver
01-23 20:50:29.842 28317 28317 E ArmVmp : Match on catch block at 0xc3 in for 0x99
01-23 20:50:29.848 28317 28317 E ArmVmp : Match on catch block at 0xc3 in for 0x95
01-23 20:50:29.860 28317 28317 W Looper : Slow Looper main: doFrame is 1033ms late because of 10 msg, msg 1 took 1008ms (seq=600 running=732ms runnable=2ms io=120ms reclaim=1ms late=23ms h=android.view.Choreographer$FrameHandler c=android.view.Choreographer$FrameDisplayEventReceiver)
01-23 20:50:29.935 28317 28317 E ArmVmp : Match on catch block at 0xc3 in for 0x99
01-23 20:50:29.941 28317 28317 E ArmVmp : Match on catch block at 0xc3 in for 0x91
01-23 20:50:29.985 28317 28317 E ArmVmp : Match on catch block at 0xc3 in for 0x95
01-23 20:50:29.990 28317 28317 E ArmVmp : Match on catch block at 0xc3 in for 0x99
01-23 20:50:30.009 28317 28317 E ArmVmp : Match on catch block at 0xc3 in for 0x99
01-23 20:50:30.015 28317 28317 E ArmVmp : Match on catch block at 0xc3 in for 0x91
01-23 20:50:30.026 28317 28317 E ArmVmp : Match on catch block at 0xc3 in for 0x91
01-23 20:50:30.032 28317 28317 E ArmVmp : Match on catch block at 0xc3 in for 0x95
01-23 20:50:30.043 28317 28507 W RenderInspector: QueueBuffer time out on com.mbwhatsapp/com.mbwhatsapp.Conversation, count=1, avg=16 ms, max=16 ms.
01-23 20:50:30.043 28317 28317 E ArmVmp : Match on catch block at 0xc3 in for 0x95
01-23 20:50:30.050 28317 28317 E ArmVmp : Match on catch block at 0xc3 in for 0x99
01-23 20:50:30.059 28317 28317 E ArmVmp : Match on catch block at 0xc3 in for 0x99
01-23 20:50:30.065 28317 28317 E ArmVmp : Match on catch block at 0xc3 in for 0x91
01-23 20:50:30.076 28317 28317 E ArmVmp : Match on catch block at 0xc3 in for 0x91
01-23 20:50:30.082 28317 28317 E ArmVmp : Match on catch block at 0xc3 in for 0x95
01-23 20:50:30.094 28317 28317 E ArmVmp : Match on catch block at 0xc3 in for 0x95
01-23 20:50:30.101 28317 28317 E ArmVmp : Match on catch block at 0xc3 in for 0x99
01-23 20:50:30.108 28317 28317 E ArmVmp : Match on catch block at 0xc3 in for 0x99
01-23 20:50:30.116 28317 28317 E ArmVmp : Match on catch block at 0xc3 in for 0x91
01-23 20:50:30.125 28317 28317 E ArmVmp : Match on catch block at 0xc3 in for 0x91
01-23 20:50:30.133 28317 28317 E ArmVmp : Match on catch block at 0xc3 in for 0x95
01-23 20:50:30.142 28317 28317 E ArmVmp : Match on catch block at 0xc3 in for 0x95
01-23 20:50:30.148 28317 28317 E ArmVmp : Match on catch block at 0xc3 in for 0x99
01-23 20:50:30.158 28317 28317 E ArmVmp : Match on catch block at 0xc3 in for 0x99
01-23 20:50:30.165 28317 28317 E ArmVmp : Match on catch block at 0xc3 in for 0x91
01-23 20:50:30.174 28317 28317 E ArmVmp : Match on catch block at 0xc3 in for 0x91
01-23 20:50:30.180 28317 28317 E ArmVmp : Match on catch block at 0xc3 in for 0x95
01-23 20:50:30.190 28317 28317 E ArmVmp : Match on catch block at 0xc3 in for 0x95
01-23 20:50:30.196 28317 28317 E ArmVmp : Match on catch block at 0xc3 in for 0x99
01-23 20:50:30.207 28317 28317 E ArmVmp : Match on catch block at 0xc3 in for 0x99
01-23 20:50:30.212 28317 28317 E ArmVmp : Match on catch block at 0xc3 in for 0x91
01-23 20:50:30.223 28317 28317 E ArmVmp : Match on catch block at 0xc3 in for 0x91
01-23 20:50:30.229 28317 28317 E ArmVmp : Match on catch block at 0xc3 in for 0x95
01-23 20:50:30.389 28317 28317 E ArmVmp : Match on catch block at 0xc3 in for 0x95
01-23 20:50:30.394 28317 28317 E ArmVmp : Match on catch block at 0xc3 in for 0x99
01-23 20:50:30.883 28317 28317 E ArmVmp : Match on catch block at 0xc3 in for 0x91
01-23 20:50:30.888 28317 28317 E ArmVmp : Match on catch block at 0xc3 in for 0x95
01-23 20:50:30.917 28317 28317 E ArmVmp : Match on catch block at 0xc3 in for 0x91
01-23 20:50:30.922 28317 28317 E ArmVmp : Match on catch block at 0xc3 in for 0x95
01-23 20:50:31.328 28317 28317 E ArmVmp : Match on catch block at 0xc3 in for 0x95
01-23 20:50:31.333 28317 28317 E ArmVmp : Match on catch block at 0xc3 in for 0x99
01-23 20:50:31.344 28317 28317 E ArmVmp : Match on catch block at 0xc3 in for 0x99
01-23 20:50:31.351 28317 28317 E ArmVmp : Match on catch block at 0xc3 in for 0x91
01-23 20:50:31.361 28317 28317 E ArmVmp : Match on catch block at 0xc3 in for 0x91
01-23 20:50:31.368 28317 28317 E ArmVmp : Match on catch block at 0xc3 in for 0x95
01-23 20:50:31.377 28317 28317 E ArmVmp : Match on catch block at 0xc3 in for 0x95
01-23 20:50:31.383 28317 28317 E ArmVmp : Match on catch block at 0xc3 in for 0x99
01-23 20:50:31.393 28317 28317 E ArmVmp : Match on catch block at 0xc3 in for 0x99
01-23 20:50:31.400 28317 28317 E ArmVmp : Match on catch block at 0xc3 in for 0x91
01-23 20:50:31.410 28317 28317 E ArmVmp : Match on catch block at 0xc3 in for 0x91
01-23 20:50:31.417 28317 28317 E ArmVmp : Match on catch block at 0xc3 in for 0x95
01-23 20:50:31.427 28317 28317 E ArmVmp : Match on catch block at 0xc3 in for 0x95
01-23 20:50:31.433 28317 28317 E ArmVmp : Match on catch block at 0xc3 in for 0x99
01-23 20:50:31.443 28317 28317 E ArmVmp : Match on catch block at 0xc3 in for 0x99
01-23 20:50:31.450 28317 28317 E ArmVmp : Match on catch block at 0xc3 in for 0x91
01-23 20:50:31.459 28317 28317 E ArmVmp : Match on catch block at 0xc3 in for 0x91
01-23 20:50:31.467 28317 28317 E ArmVmp : Match on catch block at 0xc3 in for 0x95
01-23 20:50:31.476 28317 28317 E ArmVmp : Match on catch block at 0xc3 in for 0x95
01-23 20:50:31.483 28317 28317 E ArmVmp : Match on catch block at 0xc3 in for 0x99
01-23 20:50:31.492 28317 28317 E ArmVmp : Match on catch block at 0xc3 in for 0x99
01-23 20:50:31.500 28317 28317 E ArmVmp : Match on catch block at 0xc3 in for 0x91
01-23 20:50:31.509 28317 28317 E ArmVmp : Match on catch block at 0xc3 in for 0x91
01-23 20:50:31.515 28317 28317 E ArmVmp : Match on catch block at 0xc3 in for 0x95
01-23 20:50:31.525 28317 28317 E ArmVmp : Match on catch block at 0xc3 in for 0x95
01-23 20:50:31.532 28317 28317 E ArmVmp : Match on catch block at 0xc3 in for 0x99
01-23 20:50:31.541 28317 28317 E ArmVmp : Match on catch block at 0xc3 in for 0x99
01-23 20:50:31.548 28317 28317 E ArmVmp : Match on catch block at 0xc3 in for 0x91
01-23 20:50:31.558 28317 28317 E ArmVmp : Match on catch block at 0xc3 in for 0x91
01-23 20:50:31.564 28317 28317 E ArmVmp : Match on catch block at 0xc3 in for 0x95
01-23 20:50:31.575 28317 28317 E ArmVmp : Match on catch block at 0xc3 in for 0x95
01-23 20:50:31.580 28317 28317 E ArmVmp : Match on catch block at 0xc3 in for 0x99
01-23 20:50:31.724 28317 28317 E ArmVmp : Match on catch block at 0xc3 in for 0x95
01-23 20:50:31.729 28317 28317 E ArmVmp : Match on catch block at 0xc3 in for 0x99
01-23 20:50:31.789 28317 28317 E ArmVmp : Match on catch block at 0xc3 in for 0x99
01-23 20:50:31.794 28317 28317 E ArmVmp : Match on catch block at 0xc3 in for 0x91
01-23 20:50:31.806 28317 28317 E ArmVmp : Match on catch block at 0xc3 in for 0x91
01-23 20:50:31.813 28317 28317 E ArmVmp : Match on catch block at 0xc3 in for 0x95
01-23 20:50:31.822 28317 28317 E ArmVmp : Match on catch block at 0xc3 in for 0x99
01-23 20:50:31.828 28317 28317 E ArmVmp : Match on catch block at 0xc3 in for 0x91
01-23 20:50:31.904 28317 28317 E ArmVmp : Match on catch block at 0xc3 in for 0x91
01-23 20:50:31.910 28317 28317 E ArmVmp : Match on catch block at 0xc3 in for 0x95
01-23 20:50:32.171 28317 28317 E ArmVmp : Match on catch block at 0xc3 in for 0x95
01-23 20:50:32.177 28317 28317 E ArmVmp : Match on catch block at 0xc3 in for 0x99
01-23 20:50:32.247 28317 28317 E ArmVmp : Match on catch block at 0xc3 in for 0x95
01-23 20:50:32.254 28317 28317 E ArmVmp : Match on catch block at 0xc3 in for 0x99
01-23 20:50:32.296 28317 28317 E ArmVmp : Match on catch block at 0xc3 in for 0x99
01-23 20:50:32.304 28317 28317 E ArmVmp : Match on catch block at 0xc3 in for 0x91
01-23 20:50:32.349 28317 28317 E ArmVmp : Match on catch block at 0xc3 in for 0x95
01-23 20:50:32.354 28317 28317 E ArmVmp : Match on catch block at 0xc3 in for 0x99
01-23 20:50:32.371 28317 28317 W Choreographer: Already have a pending vsync event. There should only be one at a time.
01-23 20:50:32.379 28317 28317 E ArmVmp : Match on catch block at 0xc3 in for 0x99
01-23 20:50:32.384 28317 28317 E ArmVmp : Match on catch block at 0xc3 in for 0x91
01-23 20:50:32.402 28317 28317 E ArmVmp : Match on catch block at 0xc3 in for 0x91
01-23 20:50:32.408 28317 28317 E ArmVmp : Match on catch block at 0xc3 in for 0x95
01-23 20:50:32.528 28317 28317 E ArmVmp : Match on catch block at 0xc3 in for 0x99
01-23 20:50:32.534 28317 28317 E ArmVmp : Match on catch block at 0xc3 in for 0x91
01-23 20:50:32.597 28317 28317 E ArmVmp : Match on catch block at 0xc3 in for 0x95
01-23 20:50:32.602 28317 28317 E ArmVmp : Match on catch block at 0xc3 in for 0x99
01-23 20:50:32.622 28317 28317 E ArmVmp : Match on catch block at 0xc3 in for 0x99
01-23 20:50:32.627 28317 28317 E ArmVmp : Match on catch block at 0xc3 in for 0x91
01-23 20:50:32.664 28317 28317 E ArmVmp : Match on catch block at 0xc3 in for 0x91
01-23 20:50:32.671 28317 28317 E ArmVmp : Match on catch block at 0xc3 in for 0x95
01-23 20:50:32.691 28317 28317 E ArmVmp : Match on catch block at 0xc3 in for 0x95
01-23 20:50:32.699 28317 28317 E ArmVmp : Match on catch block at 0xc3 in for 0x99
01-23 20:50:32.717 28317 28317 E ArmVmp : Match on catch block at 0xc3 in for 0x99
01-23 20:50:32.723 28317 28317 E ArmVmp : Match on catch block at 0xc3 in for 0x91
01-23 20:50:32.741 28317 28317 E ArmVmp : Match on catch block at 0xc3 in for 0x91
01-23 20:50:32.746 28317 28317 E ArmVmp : Match on catch block at 0xc3 in for 0x95
01-23 20:50:32.809 28317 28317 E ArmVmp : Match on catch block at 0xc3 in for 0x95
01-23 20:50:32.816 28317 28317 E ArmVmp : Match on catch block at 0xc3 in for 0x99
01-23 20:50:32.840 28317 28317 E ArmVmp : Match on catch block at 0xc3 in for 0x99
01-23 20:50:32.845 28317 28317 E ArmVmp : Match on catch block at 0xc3 in for 0x91
01-23 20:50:32.861 28317 28317 E ArmVmp : Match on catch block at 0xc3 in for 0x91
01-23 20:50:32.867 28317 28317 E ArmVmp : Match on catch block at 0xc3 in for 0x95
01-23 20:50:32.894 28317 28317 E ArmVmp : Match on catch block at 0xc3 in for 0x95
01-23 20:50:32.899 28317 28317 E ArmVmp : Match on catch block at 0xc3 in for 0x99
01-23 20:50:32.907 28317 28317 E ArmVmp : Match on catch block at 0xc3 in for 0x99
01-23 20:50:32.914 28317 28317 E ArmVmp : Match on catch block at 0xc3 in for 0x91
01-23 20:50:32.924 28317 28317 E ArmVmp : Match on catch block at 0xc3 in for 0x91
01-23 20:50:32.933 28317 28317 E ArmVmp : Match on catch block at 0xc3 in for 0x95
01-23 20:50:33.218 28317 28317 E ArmVmp : Match on catch block at 0xc3 in for 0x91
01-23 20:50:33.223 28317 28317 E ArmVmp : Match on catch block at 0xc3 in for 0x95
01-23 20:50:33.313 28317 28317 E ArmVmp : Match on catch block at 0xc3 in for 0x91
01-23 20:50:33.318 28317 28317 E ArmVmp : Match on catch block at 0xc3 in for 0x95
01-23 20:50:33.339 28317 28317 E ArmVmp : Match on catch block at 0xc3 in for 0x99
01-23 20:50:33.344 28317 28317 E ArmVmp : Match on catch block at 0xc3 in for 0x91
01-23 20:50:33.352 28317 28317 E ArmVmp : Match on catch block at 0xc3 in for 0x91
01-23 20:50:33.359 28317 28317 E ArmVmp : Match on catch block at 0xc3 in for 0x95
01-23 20:50:33.366 28317 28317 E ArmVmp : Match on catch block at 0xc3 in for 0x95
01-23 20:50:33.371 28317 28317 E ArmVmp : Match on catch block at 0xc3 in for 0x99
01-23 20:50:33.412 28317 28317 E ArmVmp : Match on catch block at 0xc3 in for 0x99
01-23 20:50:33.419 28317 28317 E ArmVmp : Match on catch block at 0xc3 in for 0x91
01-23 20:50:33.425 28317 28317 E ArmVmp : Match on catch block at 0xc3 in for 0x91
01-23 20:50:33.431 28317 28317 E ArmVmp : Match on catch block at 0xc3 in for 0x95
01-23 20:50:33.437 28317 28317 E ArmVmp : Match on catch block at 0xc3 in for 0x95
01-23 20:50:33.442 28317 28317 E ArmVmp : Match on catch block at 0xc3 in for 0x99
01-23 20:50:33.451 28317 28317 E ArmVmp : Match on catch block at 0xc3 in for 0x99
01-23 20:50:33.458 28317 28317 E ArmVmp : Match on catch block at 0xc3 in for 0x91
01-23 20:50:33.468 28317 28317 E ArmVmp : Match on catch block at 0xc3 in for 0x91
01-23 20:50:33.473 28317 28317 E ArmVmp : Match on catch block at 0xc3 in for 0x95
01-23 20:50:33.484 28317 28317 E ArmVmp : Match on catch block at 0xc3 in for 0x95
01-23 20:50:33.490 28317 28317 E ArmVmp : Match on catch block at 0xc3 in for 0x99
01-23 20:50:33.501 28317 28317 E ArmVmp : Match on catch block at 0xc3 in for 0x99
01-23 20:50:33.508 28317 28317 E ArmVmp : Match on catch block at 0xc3 in for 0x91
01-23 20:50:33.517 28317 28317 E ArmVmp : Match on catch block at 0xc3 in for 0x91
01-23 20:50:33.522 28317 28317 E ArmVmp : Match on catch block at 0xc3 in for 0x95
01-23 20:50:33.534 28317 28317 E ArmVmp : Match on catch block at 0xc3 in for 0x95
01-23 20:50:33.540 28317 28317 E ArmVmp : Match on catch block at 0xc3 in for 0x99
01-23 20:50:33.550 28317 28317 E ArmVmp : Match on catch block at 0xc3 in for 0x99
01-23 20:50:33.556 28317 28317 E ArmVmp : Match on catch block at 0xc3 in for 0x91
01-23 20:50:33.567 28317 28317 E ArmVmp : Match on catch block at 0xc3 in for 0x91
01-23 20:50:33.572 28317 28317 E ArmVmp : Match on catch block at 0xc3 in for 0x95
01-23 20:50:33.583 28317 28317 E ArmVmp : Match on catch block at 0xc3 in for 0x95
01-23 20:50:33.588 28317 28317 E ArmVmp : Match on catch block at 0xc3 in for 0x99
01-23 20:50:33.600 28317 28317 E ArmVmp : Match on catch block at 0xc3 in for 0x99
01-23 20:50:33.606 28317 28317 E ArmVmp : Match on catch block at 0xc3 in for 0x91
01-23 20:50:33.616 28317 28317 E ArmVmp : Match on catch block at 0xc3 in for 0x91
01-23 20:50:33.622 28317 28317 E ArmVmp : Match on catch block at 0xc3 in for 0x95
01-23 20:50:33.633 28317 28317 E ArmVmp : Match on catch block at 0xc3 in for 0x95
01-23 20:50:33.639 28317 28317 E ArmVmp : Match on catch block at 0xc3 in for 0x99
01-23 20:50:33.649 28317 28317 E ArmVmp : Match on catch block at 0xc3 in for 0x99
01-23 20:50:33.655 28317 28317 E ArmVmp : Match on catch block at 0xc3 in for 0x91
01-23 20:50:33.665 28317 28317 E ArmVmp : Match on catch block at 0xc3 in for 0x91
01-23 20:50:33.672 28317 28317 E ArmVmp : Match on catch block at 0xc3 in for 0x95
01-23 20:50:33.682 28317 28317 E ArmVmp : Match on catch block at 0xc3 in for 0x95
01-23 20:50:33.688 28317 28317 E ArmVmp : Match on catch block at 0xc3 in for 0x99
01-23 20:50:33.699 28317 28317 E ArmVmp : Match on catch block at 0xc3 in for 0x99
01-23 20:50:33.705 28317 28317 E ArmVmp : Match on catch block at 0xc3 in for 0x91
01-23 20:50:33.715 28317 28317 E ArmVmp : Match on catch block at 0xc3 in for 0x91
01-23 20:50:33.720 28317 28317 E ArmVmp : Match on catch block at 0xc3 in for 0x95
01-23 20:50:34.056 28317 28317 E ArmVmp : Match on catch block at 0xc3 in for 0x91
01-23 20:50:34.063 28317 28317 E ArmVmp : Match on catch block at 0xc3 in for 0x95
01-23 20:50:34.090 28317 28317 E ArmVmp : Match on catch block at 0xc3 in for 0x91
01-23 20:50:34.099 28317 28317 E ArmVmp : Match on catch block at 0xc3 in for 0x95
01-23 20:50:34.106 28317 28317 E ArmVmp : Match on catch block at 0xc3 in for 0x95
01-23 20:50:34.112 28317 28317 E ArmVmp : Match on catch block at 0xc3 in for 0x99
01-23 20:50:34.120 28317 28317 E ArmVmp : Match on catch block at 0xc3 in for 0x99
01-23 20:50:34.126 28317 28317 E ArmVmp : Match on catch block at 0xc3 in for 0x91
01-23 20:50:34.137 28317 28317 E ArmVmp : Match on catch block at 0xc3 in for 0x91
01-23 20:50:34.142 28317 28317 E ArmVmp : Match on catch block at 0xc3 in for 0x95
01-23 20:50:34.149 28317 28317 E ArmVmp : Match on catch block at 0xc3 in for 0x95
01-23 20:50:34.155 28317 28317 E ArmVmp : Match on catch block at 0xc3 in for 0x99
01-23 20:50:34.161 28317 28317 E ArmVmp : Match on catch block at 0xc3 in for 0x99
01-23 20:50:34.166 28317 28317 E ArmVmp : Match on catch block at 0xc3 in for 0x91
01-23 20:50:34.184 28317 28317 E ArmVmp : Match on catch block at 0xc3 in for 0x91
01-23 20:50:34.188 28317 28317 E ArmVmp : Match on catch block at 0xc3 in for 0x95
01-23 20:50:34.197 28317 28317 E ArmVmp : Match on catch block at 0xc3 in for 0x95
01-23 20:50:34.203 28317 28317 E ArmVmp : Match on catch block at 0xc3 in for 0x99
01-23 20:50:34.235 28317 28317 E ArmVmp : Match on catch block at 0xc3 in for 0x99
01-23 20:50:34.239 28317 28317 E ArmVmp : Match on catch block at 0xc3 in for 0x91
01-23 20:50:34.248 28317 28317 E ArmVmp : Match on catch block at 0xc3 in for 0x91
01-23 20:50:34.254 28317 28317 E ArmVmp : Match on catch block at 0xc3 in for 0x95
01-23 20:50:34.280 28317 28317 E ArmVmp : Match on catch block at 0xc3 in for 0x95
01-23 20:50:34.285 28317 28317 E ArmVmp : Match on catch block at 0xc3 in for 0x99
01-23 20:50:34.507 28317 28317 E ArmVmp : Match on catch block at 0xc3 in for 0x95
01-23 20:50:34.512 28317 28317 E ArmVmp : Match on catch block at 0xc3 in for 0x99
01-23 20:50:34.688 28317 28317 E ArmVmp : Match on catch block at 0xc3 in for 0x99
01-23 20:50:34.694 28317 28317 E ArmVmp : Match on catch block at 0xc3 in for 0x91
01-23 20:50:34.885 28317 28317 E ArmVmp : Match on catch block at 0xc3 in for 0x91
01-23 20:50:34.890 28317 28317 E ArmVmp : Match on catch block at 0xc3 in for 0x95
01-23 20:50:34.901 28317 28317 E ArmVmp : Match on catch block at 0xc3 in for 0x95
01-23 20:50:34.907 28317 28317 E ArmVmp : Match on catch block at 0xc3 in for 0x99
01-23 20:50:34.918 28317 28317 E ArmVmp : Match on catch block at 0xc3 in for 0x99
01-23 20:50:34.924 28317 28317 E ArmVmp : Match on catch block at 0xc3 in for 0x91
01-23 20:50:34.934 28317 28317 E ArmVmp : Match on catch block at 0xc3 in for 0x91
01-23 20:50:34.941 28317 28317 E ArmVmp : Match on catch block at 0xc3 in for 0x95
01-23 20:50:34.951 28317 28317 E ArmVmp : Match on catch block at 0xc3 in for 0x95
01-23 20:50:34.958 28317 28317 E ArmVmp : Match on catch block at 0xc3 in for 0x99
01-23 20:50:34.967 28317 28317 E ArmVmp : Match on catch block at 0xc3 in for 0x99
01-23 20:50:34.973 28317 28317 E ArmVmp : Match on catch block at 0xc3 in for 0x91
01-23 20:50:34.984 28317 28317 E ArmVmp : Match on catch block at 0xc3 in for 0x91
01-23 20:50:34.990 28317 28317 E ArmVmp : Match on catch block at 0xc3 in for 0x95
01-23 20:50:34.999 28317 28317 E ArmVmp : Match on catch block at 0xc3 in for 0x95
01-23 20:50:35.005 28317 28317 E ArmVmp : Match on catch block at 0xc3 in for 0x99
01-23 20:50:35.016 28317 28317 E ArmVmp : Match on catch block at 0xc3 in for 0x99
01-23 20:50:35.021 28317 28317 E ArmVmp : Match on catch block at 0xc3 in for 0x91
01-23 20:50:35.032 28317 28317 E ArmVmp : Match on catch block at 0xc3 in for 0x91
01-23 20:50:35.037 28317 28317 E ArmVmp : Match on catch block at 0xc3 in for 0x95
01-23 20:50:35.049 28317 28317 E ArmVmp : Match on catch block at 0xc3 in for 0x95
01-23 20:50:35.056 28317 28317 E ArmVmp : Match on catch block at 0xc3 in for 0x99
01-23 20:50:35.068 28317 28317 E ArmVmp : Match on catch block at 0xc3 in for 0x99
01-23 20:50:35.075 28317 28317 E ArmVmp : Match on catch block at 0xc3 in for 0x91
01-23 20:50:35.083 28317 28317 E ArmVmp : Match on catch block at 0xc3 in for 0x91
01-23 20:50:35.090 28317 28317 E ArmVmp : Match on catch block at 0xc3 in for 0x95
01-23 20:50:35.098 28317 28317 E ArmVmp : Match on catch block at 0xc3 in for 0x95
01-23 20:50:35.104 28317 28317 E ArmVmp : Match on catch block at 0xc3 in for 0x99
01-23 20:50:35.115 28317 28317 E ArmVmp : Match on catch block at 0xc3 in for 0x99
01-23 20:50:35.120 28317 28317 E ArmVmp : Match on catch block at 0xc3 in for 0x91
01-23 20:50:35.131 28317 28317 E ArmVmp : Match on catch block at 0xc3 in for 0x91
01-23 20:50:35.136 28317 28317 E ArmVmp : Match on catch block at 0xc3 in for 0x95
01-23 20:50:35.576 28317 28317 E ArmVmp : Match on catch block at 0xc3 in for 0x91
01-23 20:50:35.580 28317 28317 E ArmVmp : Match on catch block at 0xc3 in for 0x95
01-23 20:50:35.642 28317 28317 E ArmVmp : Match on catch block at 0xc3 in for 0x99
01-23 20:50:35.647 28317 28317 E ArmVmp : Match on catch block at 0xc3 in for 0x91
01-23 20:50:35.736 28317 28317 E ArmVmp : Match on catch block at 0xc3 in for 0x99
01-23 20:50:35.743 28317 28317 E ArmVmp : Match on catch block at 0xc3 in for 0x91
01-23 20:50:35.801 28317 28317 E ArmVmp : Match on catch block at 0xc3 in for 0x91
01-23 20:50:35.808 28317 28317 E ArmVmp : Match on catch block at 0xc3 in for 0x95
01-23 20:50:35.820 28317 28317 E ArmVmp : Match on catch block at 0xc3 in for 0x95
01-23 20:50:35.827 28317 28317 E ArmVmp : Match on catch block at 0xc3 in for 0x99
01-23 20:50:35.944 28317 28317 E ArmVmp : Match on catch block at 0xc3 in for 0x91
01-23 20:50:35.951 28317 28317 E ArmVmp : Match on catch block at 0xc3 in for 0x95
01-23 20:50:35.996 28317 28317 E ArmVmp : Match on catch block at 0xc3 in for 0x99
01-23 20:50:36.003 28317 28317 E ArmVmp : Match on catch block at 0xc3 in for 0x91
01-23 20:50:36.013 28317 28317 E ArmVmp : Match on catch block at 0xc3 in for 0x91
01-23 20:50:36.020 28317 28317 E ArmVmp : Match on catch block at 0xc3 in for 0x95
01-23 20:50:36.037 28317 28317 E ArmVmp : Match on catch block at 0xc3 in for 0x95
01-23 20:50:36.043 28317 28317 E ArmVmp : Match on catch block at 0xc3 in for 0x99
01-23 20:50:36.166 28317 28317 E ArmVmp : Match on catch block at 0xc3 in for 0x95
01-23 20:50:36.171 28317 28317 E ArmVmp : Match on catch block at 0xc3 in for 0x99
01-23 20:50:36.184 28317 28317 E ArmVmp : Match on catch block at 0xc3 in for 0x95
01-23 20:50:36.191 28317 28317 E ArmVmp : Match on catch block at 0xc3 in for 0x99
01-23 20:50:36.207 28317 28776 W MediaPlayer: Use of stream types is deprecated for operations other than volume control
01-23 20:50:36.207 28317 28776 W MediaPlayer: See the documentation of setAudioStreamType() for what to use instead with android.media.AudioAttributes to qualify your playback use case
01-23 20:50:36.218 28317 28317 E ArmVmp : Match on catch block at 0xc3 in for 0x99
01-23 20:50:36.223 28317 28317 E ArmVmp : Match on catch block at 0xc3 in for 0x91
01-23 20:50:36.487 28317 28507 W RenderInspector: DequeueBuffer time out on Toast, count=1, avg=28 ms, max=28 ms.
01-23 20:50:36.655 28317 28317 E ArmVmp : Match on catch block at 0xc3 in for 0x91
01-23 20:50:36.662 28317 28317 E ArmVmp : Match on catch block at 0xc3 in for 0x95
01-23 20:50:36.703 28317 28317 E ArmVmp : Match on catch block at 0xc3 in for 0x91
01-23 20:50:36.709 28317 28317 E ArmVmp : Match on catch block at 0xc3 in for 0x95
01-23 20:50:36.822 28317 28317 E ArmVmp : Match on catch block at 0xc3 in for 0x99
01-23 20:50:36.829 28317 28317 E ArmVmp : Match on catch block at 0xc3 in for 0x91
01-23 20:50:36.853 28317 28317 E ArmVmp : Match on catch block at 0xc3 in for 0x95
01-23 20:50:36.860 28317 28317 E ArmVmp : Match on catch block at 0xc3 in for 0x99
01-23 20:50:36.882 28317 28317 E ArmVmp : Match on catch block at 0xc3 in for 0x99
01-23 20:50:36.890 28317 28317 E ArmVmp : Match on catch block at 0xc3 in for 0x91
01-23 20:50:36.897 28317 28317 E ArmVmp : Match on catch block at 0xc3 in for 0x91
01-23 20:50:36.905 28317 28317 E ArmVmp : Match on catch block at 0xc3 in for 0x95
01-23 20:50:36.913 28317 28317 E ArmVmp : Match on catch block at 0xc3 in for 0x95
01-23 20:50:36.922 28317 28317 E ArmVmp : Match on catch block at 0xc3 in for 0x99
01-23 20:50:36.935 28317 28317 E ArmVmp : Match on catch block at 0xc3 in for 0x99
01-23 20:50:36.942 28317 28317 E ArmVmp : Match on catch block at 0xc3 in for 0x91
01-23 20:50:36.951 28317 28317 E ArmVmp : Match on catch block at 0xc3 in for 0x91
01-23 20:50:36.958 28317 28317 E ArmVmp : Match on catch block at 0xc3 in for 0x95
01-23 20:50:36.966 28317 28317 E ArmVmp : Match on catch block at 0xc3 in for 0x95
01-23 20:50:36.972 28317 28317 E ArmVmp : Match on catch block at 0xc3 in for 0x99
01-23 20:50:36.981 28317 28317 E ArmVmp : Match on catch block at 0xc3 in for 0x99
01-23 20:50:36.988 28317 28317 E ArmVmp : Match on catch block at 0xc3 in for 0x91
01-23 20:50:37.001 28317 28317 E ArmVmp : Match on catch block at 0xc3 in for 0x91
01-23 20:50:37.009 28317 28317 E ArmVmp : Match on catch block at 0xc3 in for 0x95
01-23 20:50:37.025 28317 28317 E ArmVmp : Match on catch block at 0xc3 in for 0x95
01-23 20:50:37.032 28317 28317 E ArmVmp : Match on catch block at 0xc3 in for 0x99
01-23 20:50:37.078 28317 28317 E ArmVmp : Match on catch block at 0xc3 in for 0x91
01-23 20:50:37.087 28317 28317 E ArmVmp : Match on catch block at 0xc3 in for 0x95
01-23 20:50:37.098 28317 28317 E ArmVmp : Match on catch block at 0xc3 in for 0x95
01-23 20:50:37.107 28317 28317 E ArmVmp : Match on catch block at 0xc3 in for 0x99
01-23 20:50:37.166 28317 28317 E ArmVmp : Match on catch block at 0xc3 in for 0x99
01-23 20:50:37.177 28317 28317 E ArmVmp : Match on catch block at 0xc3 in for 0x91
01-23 20:50:37.235 28317 28317 E ArmVmp : Match on catch block at 0xc3 in for 0x91
01-23 20:50:37.245 28317 28317 E ArmVmp : Match on catch block at 0xc3 in for 0x95
01-23 20:50:37.251 28317 28317 W ActivityThread: handleWindowVisibility: no activity for token android.os.BinderProxy@220397c
01-23 20:50:37.321 28317 28317 W com.mbwhatsapp: Class com.mbwhatsapp.HomeActivity failed lock verification and will run slower.
01-23 20:50:37.950 28317 28317 E ArmVmp : Match on catch block at 0x0a in for 0xb1
01-23 20:50:38.000 28317 28317 E ArmVmp : Match on catch block at 0x0a in for 0x129
01-23 20:50:38.196 28317 28317 W Activity: Slow Operation: Activity com.mbwhatsapp/.HomeActivity onCreate took 846ms
01-23 20:50:38.220 28317 28317 W Looper : Slow Looper main: Activity com.mbwhatsapp/.HomeActivity is 1001ms late (wall=0ms running=0ms ClientTransaction{ callbacks=[android.app.servertransaction.TopResumedActivityChang eItem] }) because of 6 msg, msg 6 took 968ms (seq=1062 running=647ms runnable=9ms io=160ms reclaim=6ms late=33ms h=android.app.ActivityThread$H w=159)
01-23 20:50:38.223 28317 28317 E ArmVmp : Match on catch block at 0xc3 in for 0x95
01-23 20:50:38.229 28317 28317 E ArmVmp : Match on catch block at 0xc3 in for 0x99
01-23 20:50:38.410 28317 28860 W LOTTIE : Animation contains merge paths. Merge paths are only supported on KitKat+ and must be manually enabled by calling enableMergePathsForKitKatAndAbove().
01-23 20:50:38.966 28317 28317 E RecyclerView: No adapter attached; skipping layout
01-23 20:50:39.095 28317 28317 W Looper : Slow Looper main: doFrame is 984ms late because of 5 msg, msg 4 took 968ms (seq=1062 running=647ms runnable=9ms io=160ms reclaim=6ms late=33ms h=android.app.ActivityThread$H w=159)
01-23 20:50:39.111 28317 28317 W Looper : Slow Looper main: Activity com.mbwhatsapp/.HomeActivity is 1093ms late (wall=0ms running=1ms ClientTransaction{ callbacks=[android.app.servertransaction.TopResumedActivityChang eItem] }) because of 15 msg, msg 1 took 968ms (seq=1062 running=647ms runnable=9ms io=160ms reclaim=6ms late=33ms h=android.app.ActivityThread$H w=159), msg 3 took 874ms (seq=1064 running=638ms runnable=24ms io=68ms reclaim=11ms late=984ms h=android.view.Choreographer$FrameHandler c=android.view.Choreographer$FrameDisplayEventReceiver)
01-23 20:50:39.140 28317 28317 W Looper : Slow Looper main: Activity com.mbwhatsapp/.HomeActivity is 1094ms late (wall=29ms running=14ms ClientTransaction{ lifecycleRequest=android.app.servertransaction.PauseActivityItem }) because of 16 msg, msg 1 took 968ms (seq=1062 running=647ms runnable=9ms io=160ms reclaim=6ms late=33ms h=android.app.ActivityThread$H w=159), msg 3 took 874ms (seq=1064 running=638ms runnable=24ms io=68ms reclaim=11ms late=984ms h=android.view.Choreographer$FrameHandler c=android.view.Choreographer$FrameDisplayEventReceiver)
01-23 20:50:39.248 28317 28317 E ArmVmp : Match on catch block at 0xc3 in for 0x95
01-23 20:50:39.257 28317 28317 E ArmVmp : Match on catch block at 0xc3 in for 0x99
01-23 20:50:39.284 28317 28317 E RecyclerView: No adapter attached; skipping layout
01-23 20:50:39.303 28317 28317 W Looper : Slow Looper main: doFrame is 921ms late because of 27 msg, msg 1 took 874ms (seq=1064 running=638ms runnable=24ms io=68ms reclaim=11ms late=984ms h=android.view.Choreographer$FrameHandler c=android.view.Choreographer$FrameDisplayEventReceiver)
01-23 20:50:39.362 28317 28317 W LOTTIE : Animation contains merge paths but they are disabled.
01-23 20:50:39.396 28317 28317 E ArmVmp : Match on catch block at 0x0a in for 0xc5
01-23 20:50:39.451 28317 28317 W Looper : Slow Looper main: Activity com.mbwhatsapp/mbmodsd.mbmodsw.mbsettings.yo.PauseActivity is 853ms late (wall=69ms running=19ms ClientTransaction{ callbacks=[android.app.servertransaction.LaunchActivityItem] lifecycleRequest=android.app.servertransaction.PauseActivityItem }) because of 68 msg, msg 1 took 874ms (seq=1064 running=638ms runnable=24ms io=68ms reclaim=11ms late=984ms h=android.view.Choreographer$FrameHandler c=android.view.Choreographer$FrameDisplayEventReceiver), msg 28 took 141ms (seq=1091 running=92ms runnable=12ms io=7ms late=921ms h=android.view.Choreographer$FrameHandler c=android.view.Choreographer$FrameDisplayEventReceiver)
01-23 20:50:39.719 28317 28317 W Looper : Slow Looper main: doFrame is 445ms late because of 99 msg, msg 1 took 141ms (seq=1091 running=92ms runnable=12ms io=7ms late=921ms h=android.view.Choreographer$FrameHandler c=android.view.Choreographer$FrameDisplayEventReceiver), msg 42 took 69ms (seq=1132 running=19ms runnable=3ms reclaim=1ms late=853ms h=android.app.ActivityThread$H w=159), msg 43 took 77ms (seq=1133 running=38ms runnable=1ms io=25ms late=909ms h=android.app.ActivityThread$H w=159)
01-23 20:50:39.727 28317 28317 W Looper : Slow Looper main: Activity com.mbwhatsapp/mbmodsd.mbmodsw.mbsettings.yo.PauseActivity is 322ms late (wall=0ms running=0ms ClientTransaction{ callbacks=[android.app.servertransaction.TopResumedActivityChang eItem] }) because of 72 msg, msg 1 took 69ms (seq=1132 running=19ms runnable=3ms reclaim=1ms late=853ms h=android.app.ActivityThread$H w=159), msg 2 took 77ms (seq=1133 running=38ms runnable=1ms io=25ms late=909ms h=android.app.ActivityThread$H w=159), msg 59 took 95ms (seq=1190 running=29ms late=445ms h=android.view.Choreographer$FrameHandler c=android.view.Choreographer$FrameDisplayEventReceiver)
