01-23 20:22:55.723 15429 15497 E SQLiteDatabase: at android.os.Handler.dispatchMessage(Handler.java:100)
01-23 20:22:55.723 15429 15497 E SQLiteDatabase: at X.0zq.dispatchMessage(Unknown Source:4)
01-23 20:22:55.723 15429 15497 E SQLiteDatabase: at android.os.Looper.loop(Looper.java:225)
01-23 20:22:55.723 15429 15497 E SQLiteDatabase: at android.os.HandlerThread.run(HandlerThread.java:67)
01-23 20:22:55.794 15429 15429 W Looper : Slow Looper main: doFrame is 397ms late because of 47 msg, msg 1 took 203ms (seq=254 running=31ms runnable=3ms io=15ms late=400ms h=android.view.Choreographer$FrameHandler c=android.view.Choreographer$FrameDisplayEventReceiver), msg 40 took 122ms (seq=293 running=21ms runnable=1ms io=79ms late=320ms h=android.app.ActivityThread$H w=159)
01-23 20:22:55.875 15429 15497 E SQLiteDatabase: Error inserting transferred=0 media_job_uuid=396eb647-b72f-4e4b-a95d-cc1aa0a6fd0f transcoded=0 gif_attribution=0 first_scan_length=0 direct_path=/v/t62.7161- 24/32015165_1683343022075164_7806460076334415535_n.enc?ccb=11- 4&oh=01_AdTXYvCm7klY1JZCZ1sPXeMJ_HPBn9JAv7S2fZqtUv1njw&oe=65D7D560&_nc_sid=5e03e0 thumbnail_height_width_ratio=1.0 is_animated_sticker=0 file_hash=UQOoAQYX6FmnuIAYDA4xJPa53Vpt3kLdgJvMi12vrsE= file_path=null file_size=0 partial_media_hash=null face_x=0 face_y=0 height=576 trim_to=0 media_key_timestamp=1706062918000 message_url=https://mmg.whatsapp.net/v/t62.7161- 24/32015165_1683343022075164_7806460076334415535_n.enc?ccb=11- 4&oh=01_AdTXYvCm7klY1JZCZ1sPXeMJ_HPBn9JAv7S2fZqtUv1njw&oe=65D7D560&_nc_sid=5e03e0&m ms3=true media_caption=null trim_from=0 mime_type=video/mp4 partial_media_enc_hash=null width=576 original_file_hash=null has_streaming_sidecar=1 autotransfer_retry_enabled=0 media_upload_handle=null message_row_id=3995 multicast_id=null enc_file_hash=fsMMKOOqUa3+5a6SFEKAC7Yi5F505/zT/eK7JHABLEw= mute_video=0 page_count=0 first_scan_sidecar=null suspicious_content=0 file_length=1197233 media_name=null media_duration=12 chat_row_id=12 media_key=[B@a81bd6b
01-23 20:22:55.875 15429 15497 E SQLiteDatabase: android.database.sqlite.SQLiteConstraintException: UNIQUE constraint failed: message_media.message_row_id (code 1555 SQLITE_CONSTRAINT_PRIMARYKEY)
01-23 20:22:55.875 15429 15497 E SQLiteDatabase: at android.database.sqlite.SQLiteConnection.nativeExecuteForLastInsertedRowId(Native Method)
01-23 20:22:55.875 15429 15497 E SQLiteDatabase: at android.database.sqlite.SQLiteConnection.executeForLastInsertedRowId(SQLiteConnecti on.java:879)
01-23 20:22:55.875 15429 15497 E SQLiteDatabase: at android.database.sqlite.SQLiteSession.executeForLastInsertedRowId(SQLiteSession.jav a:790)
01-23 20:22:55.875 15429 15497 E SQLiteDatabase: at android.database.sqlite.SQLiteStatement.executeInsert(SQLiteStatement.java:88)
01-23 20:22:55.875 15429 15497 E SQLiteDatabase: at android.database.sqlite.SQLiteDatabase.insertWithOnConflict(SQLiteDatabase.java:159 9)
01-23 20:22:55.875 15429 15497 E SQLiteDatabase: at android.database.sqlite.SQLiteDatabase.insert(SQLiteDatabase.java:1468)
01-23 20:22:55.875 15429 15497 E SQLiteDatabase: at X.2tm.A08(Unknown Source:6)
01-23 20:22:55.875 15429 15497 E SQLiteDatabase: at X.35Y.A07(Unknown Source:212)
01-23 20:22:55.875 15429 15497 E SQLiteDatabase: at X.3QF.A14(Unknown Source:470)
01-23 20:22:55.875 15429 15497 E SQLiteDatabase: at X.3gU.run(Unknown Source:982)
01-23 20:22:55.875 15429 15497 E SQLiteDatabase: at android.os.Handler.handleCallback(Handler.java:914)
01-23 20:22:55.875 15429 15497 E SQLiteDatabase: at android.os.Handler.dispatchMessage(Handler.java:100)
01-23 20:22:55.875 15429 15497 E SQLiteDatabase: at X.0zq.dispatchMessage(Unknown Source:4)
01-23 20:22:55.875 15429 15497 E SQLiteDatabase: at android.os.Looper.loop(Looper.java:225)
01-23 20:22:55.875 15429 15497 E SQLiteDatabase: at android.os.HandlerThread.run(HandlerThread.java:67)
01-23 20:22:56.115 15429 15513 W BpBinder: Slow Binder: BpBinder transact took 1097 ms, interface=android.app.IActivityManager, code=20 oneway=false
01-23 20:22:56.454 15650 15650 W .apps.messaging: type=1400 audit(0.0:255737): avc: denied { read } for name="u:object_r:vendor_default_prop:s0" dev="tmpfs" ino=15650 scontext=u:r:untrusted_app:s0:c183,c256,c512,c768 tcontext=u:object_r:vendor_default_prop:s0 tclass=file permissive=0
01-23 20:22:56.551 15429 15429 W Activity: Slow Operation: Activity com.mbwhatsapp/.backup.google.GoogleDriveNewUserSetupActivity onCreate took 627ms
01-23 20:22:56.556 15429 15429 W Looper : Slow Looper main: Activity com.mbwhatsapp/.backup.google.GoogleDriveNewUserSetupActivity is 712ms late (wall=683ms running=259ms ClientTransaction{ callbacks=[android.app.servertransaction.LaunchActivityItem] lifecycleRequest=android.app.servertransaction.ResumeActivityItem }) because of 17 msg, msg 1 took 122ms (seq=293 running=21ms runnable=1ms io=79ms late=320ms h=android.app.ActivityThread$H w=159), msg 9 took 612ms (seq=301 running=197ms runnable=2ms io=379ms late=397ms h=android.view.Choreographer$FrameHandler c=android.view.Choreographer$FrameDisplayEventReceiver), msg 10 took 52ms (seq=302 running=19ms runnable=1ms io=28ms reclaim=2ms late=1007ms h=android.os.AsyncTask$InternalHandler w=1)
01-23 20:22:56.556 15429 15429 W Looper : Slow Looper main: Activity com.mbwhatsapp/.backup.google.GoogleDriveNewUserSetupActivity is 1395ms late (wall=0ms running=0ms ClientTransaction{ callbacks=[android.app.servertransaction.TopResumedActivityChang eItem] }) because of 18 msg, msg 1 took 122ms (seq=293 running=21ms runnable=1ms io=79ms late=320ms h=android.app.ActivityThread$H w=159), msg 9 took 612ms (seq=301 running=197ms runnable=2ms io=379ms late=397ms h=android.view.Choreographer$FrameHandler c=android.view.Choreographer$FrameDisplayEventReceiver), msg 10 took 52ms (seq=302 running=19ms runnable=1ms io=28ms reclaim=2ms late=1007ms h=android.os.AsyncTask$InternalHandler w=1), msg 18 took 683ms (seq=310 running=259ms runnable=3ms io=355ms reclaim=1ms late=712ms h=android.app.ActivityThread$H w=159)
01-23 20:22:56.650 15429 15429 E ArmVmp : Match on catch block at 0x8d in for 0xd1
01-23 20:22:56.740 15429 15429 E ArmVmp : Match on catch block at 0x8d in for 0xd1
01-23 20:22:56.803 15429 15429 E ArmVmp : Match on catch block at 0x5b in for 0x79
01-23 20:22:56.991 15429 15429 W Looper : Slow Looper main: doFrame is 1363ms late because of 16 msg, msg 1 took 612ms (seq=301 running=197ms runnable=2ms io=379ms late=397ms h=android.view.Choreographer$FrameHandler c=android.view.Choreographer$FrameDisplayEventReceiver), msg 2 took 52ms (seq=302 running=19ms runnable=1ms io=28ms reclaim=2ms late=1007ms h=android.os.AsyncTask$InternalHandler w=1), msg 10 took 683ms (seq=310 running=259ms runnable=3ms io=355ms reclaim=1ms late=712ms h=android.app.ActivityThread$H w=159)
01-23 20:22:57.081 15429 15429 W Looper : Slow Looper main: Activity com.mbwhatsapp/.backup.google.GoogleDriveNewUserSetupActivity is 540ms late (wall=3ms running=0ms ClientTransaction{ callbacks=[android.app.servertransaction.TopResumedActivityChang eItem] }) because of 58 msg, msg 1 took 683ms (seq=310 running=259ms runnable=3ms io=355ms reclaim=1ms late=712ms h=android.app.ActivityThread$H w=159), msg 8 took 431ms (seq=317 running=151ms runnable=3ms io=243ms reclaim=1ms late=1363ms h=android.view.Choreographer$FrameHandler c=android.view.Choreographer$FrameDisplayEventReceiver)
01-23 20:22:57.084 15429 15429 W Looper : Slow Looper main: Activity com.mbwhatsapp/.backup.google.GoogleDriveNewUserSetupActivity is 544ms late (wall=1ms running=1ms ClientTransaction{ lifecycleRequest=android.app.servertransaction.PauseActivityItem }) because of 59 msg, msg 1 took 683ms (seq=310 running=259ms runnable=3ms io=355ms reclaim=1ms late=712ms h=android.app.ActivityThread$H w=159), msg 8 took 431ms (seq=317 running=151ms runnable=3ms io=243ms reclaim=1ms late=1363ms h=android.view.Choreographer$FrameHandler c=android.view.Choreographer$FrameDisplayEventReceiver)
01-23 20:22:57.600 15429 15429 W Looper : Slow Looper main: doFrame is 531ms late because of 57 msg, msg 1 took 431ms (seq=317 running=151ms runnable=3ms io=243ms reclaim=1ms late=1363ms h=android.view.Choreographer$FrameHandler c=android.view.Choreographer$FrameDisplayEventReceiver)
01-23 20:22:57.600 15429 15429 W Looper : Slow Looper main: Activity com.mbwhatsapp/.HomeActivity is 856ms late (wall=0ms running=0ms ClientTransaction{ callbacks=[android.app.servertransaction.WindowVisibilityItem] }) because of 63 msg, msg 1 took 431ms (seq=317 running=151ms runnable=3ms io=243ms reclaim=1ms late=1363ms h=android.view.Choreographer$FrameHandler c=android.view.Choreographer$FrameDisplayEventReceiver), msg 58 took 504ms (seq=374 running=327ms runnable=2ms io=138ms late=531ms h=android.view.Choreographer$FrameHandler c=android.view.Choreographer$FrameDisplayEventReceiver)
01-23 20:22:57.629 15429 15429 W Looper : Slow Looper main: Activity com.mbwhatsapp/.HomeActivity is 567ms late (wall=0ms running=0ms ClientTransaction{ callbacks=[android.app.servertransaction.TopResumedActivityChangeItem] }) because of 29 msg, msg 8 took 504ms (seq=374 running=327ms runnable=2ms io=138ms late=531ms h=android.view.Choreographer$FrameHandler c=android.view.Choreographer$FrameDisplayEventReceiver)
01-23 20:22:57.728 15429 15429 W Looper : Slow Looper main: Activity com.mbwhatsapp/.HomeActivity is 566ms late (wall=99ms running=32ms ClientTransaction{ lifecycleRequest=android.app.servertransaction.ResumeActivityIte m }) because of 30 msg, msg 8 took 504ms (seq=374 running=327ms runnable=2ms io=138ms late=531ms h=android.view.Choreographer$FrameHandler c=android.view.Choreographer$FrameDisplayEventReceiver)
01-23 20:22:57.806 15429 15429 W Looper : Slow Looper main: doFrame is 622ms late because of 29 msg, msg 1 took 504ms (seq=374 running=327ms runnable=2ms io=138ms late=531ms h=android.view.Choreographer$FrameHandler c=android.view.Choreographer$FrameDisplayEventReceiver), msg 24 took 99ms (seq=397 running=32ms runnable=1ms io=55ms late=566ms h=android.app.ActivityThread$H w=159)
01-23 20:22:57.837 15429 15511 W RenderInspector: QueueBuffer time out on com.mbwhatsapp/com.mbwhatsapp.HomeActivity, count=1, avg=47 ms, max=47 ms.
01-23 20:22:58.654 15429 15429 W Looper : Slow Looper main: doFrame is 484ms late because of 25 msg, msg 1 took 589ms (seq=470 running=213ms runnable=1ms io=337ms late=151ms h=android.view.Choreographer$FrameHandler c=android.view.Choreographer$FrameDisplayEventReceiver)
01-23 20:22:59.902 15429 15511 W RenderInspector: QueueBuffer time out on com.mbwhatsapp/com.mbwhatsapp.HomeActivity, count=1, avg=17 ms, max=17 ms.
01-23 20:22:59.902 15429 15511 W RenderInspector: DequeueBuffer time out on com.mbwhatsapp/com.mbwhatsapp.HomeActivity, count=8, avg=9 ms, max=29 ms.
01-23 20:23:00.495 15429 15867 W BpBinder: Slow Binder: BpBinder transact took 986 ms, interface=android.app.IActivityManager, code=20 oneway=false
01-23 20:23:00.904 15429 15867 W BpBinder: Slow Binder: BpBinder transact took 406 ms, interface=android.content.IContentProvider, code=1 oneway=false
01-23 20:23:14.240 15429 15429 W Choreographer: OPTS_INPUT: First frame was drawed before optimized, so skip!
01-23 20:23:19.200 15429 15429 W Activity: Slow Operation: Activity com.mbwhatsapp/.HomeActivity onPause took 61ms
01-23 20:23:19.218 15429 15429 W ActivityThread: handleWindowVisibility: no activity for token android.os.BinderProxy@b14d139
01-23 20:23:19.540 15429 15429 W Looper : Slow Looper main: Activity com.mbwhatsapp/.quickcontact.QuickContactActivity is 328ms late (wall=0ms running=0ms ClientTransaction{ callbacks=[android.app.servertransaction.TopResumedActivityChang eItem] }) because of 3 msg, msg 1 took 86ms (seq=1186 running=19ms io=46ms late=8ms h=android.app.ActivityThread$H w=159), msg 3 took 322ms (seq=1188 running=134ms runnable=1ms io=156ms reclaim=1ms late=6ms h=android.app.ActivityThread$H w=159)
01-23 20:23:20.569 15429 15429 W ActivityThread: handleWindowVisibility: no activity for token android.os.BinderProxy@242939b
01-23 20:23:20.858 15429 15429 W ResourceType: Bad XML block: header size 18254 or total size 169478669 is larger than data size 380
01-23 20:23:20.873 15429 15429 W ResourceType: Bad XML block: header size 18254 or total size 169478669 is larger than data size 431
01-23 20:23:20.912 15429 15429 W ResourceType: Bad XML block: header size 18254 or total size 169478669 is larger than data size 677
01-23 20:23:20.925 15429 15429 W ResourceType: Bad XML block: header size 18254 or total size 169478669 is larger than data size 248
01-23 20:23:20.949 15429 15429 W ResourceType: Bad XML block: header size 18254 or total size 169478669 is larger than data size 571
01-23 20:23:20.977 15429 15429 W ResourceType: Bad XML block: header size 18254 or total size 169478669 is larger than data size 333
01-23 20:23:20.991 15429 15429 W ResourceType: Bad XML block: header size 18254 or total size 169478669 is larger than data size 650
01-23 20:23:21.004 15429 15429 W ResourceType: Bad XML block: header size 18254 or total size 169478669 is larger than data size 1150
01-23 20:23:21.016 15429 15429 W ResourceType: Bad XML block: header size 18254 or total size 169478669 is larger than data size 491
01-23 20:23:21.026 15429 15429 W ResourceType: Bad XML block: header size 18254 or total size 169478669 is larger than data size 1150
01-23 20:23:21.038 15429 15429 W ResourceType: Bad XML block: header size 18254 or total size 169478669 is larger than data size 659
01-23 20:23:21.049 15429 15429 W ResourceType: Bad XML block: header size 18254 or total size 169478669 is larger than data size 593
01-23 20:23:21.071 15429 15429 W ResourceType: Bad XML block: header size 18254 or total size 169478669 is larger than data size 1171
01-23 20:23:21.082 15429 15429 W ResourceType: Bad XML block: header size 18254 or total size 169478669 is larger than data size 510
01-23 20:23:21.184 15429 15429 W ResourceType: Bad XML block: header size 18254 or total size 169478669 is larger than data size 853
01-23 20:23:21.218 15429 15429 W Activity: Slow Operation: Activity com.mbwhatsapp/.chatinfo.ContactInfoActivity onCreate took 639ms
01-23 20:23:21.316 15429 15429 W ResourceType: Bad XML block: header size 18254 or total size 169478669 is larger than data size 650
01-23 20:23:21.331 15429 15429 W Looper : Slow Looper main: Activity com.mbwhatsapp/.chatinfo.ContactInfoActivity is 769ms late (wall=0ms running=0ms ClientTransaction{ callbacks=[android.app.servertransaction.TopResumedActivityChang eItem] }) because of 5 msg, msg 4 took 762ms (seq=1230 running=619ms runnable=1ms io=95ms reclaim=1ms late=7ms h=android.app.ActivityThread$H w=159)
01-23 20:23:21.389 15429 15429 W View : requestLayout() improperly called by android.widget.Space{ac93d77 I.ED..... ......I. 24,72-32,80 #7f0b00ba app:id/action_tile_spacing} during layout: running second layout pass
01-23 20:23:21.389 15429 15429 W View : requestLayout() improperly called by android.widget.Space{9739de4 I.ED..... ......I. 24,72-32,80 #7f0b00ba app:id/action_tile_spacing} during layout: running second layout pass
01-23 20:23:21.389 15429 15429 W View : requestLayout() improperly called by android.widget.Space{2ade24d I.ED..... ......I. 24,72-32,80 #7f0b00ba app:id/action_tile_spacing} during layout: running second layout pass
01-23 20:23:21.526 15429 15429 W Looper : Slow Looper main: doFrame is 759ms late because of 4 msg, msg 1 took 762ms (seq=1230 running=619ms runnable=1ms io=95ms reclaim=1ms late=7ms h=android.app.ActivityThread$H w=159)
01-23 20:23:22.502 15429 15429 W ResourceType: Bad XML block: header size 18254 or total size 169478669 is larger than data size 650
01-23 20:23:27.571 15429 15429 W Choreographer: OPTS_INPUT: First frame was drawed before optimized, so skip!
01-23 20:23:32.954 15429 15511 W RenderInspector: DequeueBuffer time out on Toast, count=1, avg=31 ms, max=31 ms.
01-23 20:24:04.538 15429 15429 W InputTransport: Slow Input: 111ms so far, channel 'ClientState{84b5396 uid=10201 pid=15429 displayId=0} (server)' publisher ~ publishKeyEvent: seq=2, deviceId=-1, source=0x101, action=0x1, flags=0x8, keyCode=4, scanCode=0, metaState=0x0, repeatCount=0,downTime=432672511000000, eventTime=432672511000000
01-23 20:24:04.822 15429 15429 W Activity: Slow Operation: Activity com.mbwhatsapp/.HomeActivity onResume took 117ms
01-23 20:24:05.774 15429 15429 W BpBinder: Slow Binder: BpBinder transact took 237 ms, interface=android.view.IWindowSession, code=4 oneway=false --------- beginning of main
01-23 20:47:08.929 25926 25926 W .apps.messaging: type=1400 audit(0.0:257002): avc: denied { read } for name="u:object_r:vendor_default_prop:s0" dev="tmpfs" ino=15650 scontext=u:r:untrusted_app:s0:c183,c256,c512,c768 tcontext=u:object_r:vendor_default_prop:s0 tclass=file permissive=0
01-23 20:47:30.448 26005 26005 E com.mbwhatsapp: Not starting debugger since process cannot load the jdwp agent.
01-23 20:47:30.959 26005 26005 W ResourceType: CREATING STRING CACHE OF 96 bytes
01-23 20:47:31.100 26005 26005 W System.err: java.lang.ClassNotFoundException: mbmodsd.mbmodsw.ui.views.btn.BtnBK
01-23 20:47:31.124 26005 26005 W System.err: at java.lang.Runtime.nativeLoad(Native Method)
01-23 20:47:31.124 26005 26005 W System.err: at java.lang.Runtime.nativeLoad(Runtime.java:1115)
01-23 20:47:31.124 26005 26005 W System.err: at java.lang.Runtime.loadLibrary0(Runtime.java:1069)
01-23 20:47:31.124 26005 26005 W System.err: at java.lang.Runtime.loadLibrary0(Runtime.java:1007)
01-23 20:47:31.124 26005 26005 W System.err: at java.lang.System.loadLibrary(System.java:1667)
01-23 20:47:31.124 26005 26005 W System.err: at arm.EpicVm.<clinit>(Unknown Source:2)
01-23 20:47:31.124 26005 26005 W System.err: at java.lang.Class.newInstance(Native Method)
01-23 20:47:31.124 26005 26005 W System.err: at android.app.AppComponentFactory.instantiateApplication(AppComponentFactory.java:76)
01-23 20:47:31.124 26005 26005 W System.err: at androidx.core.app.CoreComponentFactory.instantiateApplication(Unknown Source:0)
01-23 20:47:31.124 26005 26005 W System.err: at android.app.Instrumentation.newApplication(Instrumentation.java:1155)
01-23 20:47:31.124 26005 26005 W System.err: at android.app.LoadedApk.makeApplication(LoadedApk.java:1224)
01-23 20:47:31.124 26005 26005 W System.err: at android.app.ActivityThread.handleBindApplication(ActivityThread.java:6574)
01-23 20:47:31.124 26005 26005 W System.err: at android.app.ActivityThread.access$1500(ActivityThread.java:235)
01-23 20:47:31.124 26005 26005 W System.err: at android.app.ActivityThread$H.handleMessage(ActivityThread.java:1916)
01-23 20:47:31.124 26005 26005 W System.err: at android.os.Handler.dispatchMessage(Handler.java:107)
01-23 20:47:31.124 26005 26005 W System.err: at android.os.Looper.loop(Looper.java:225)
01-23 20:47:31.124 26005 26005 W System.err: at android.app.ActivityThread.main(ActivityThread.java:7563)
01-23 20:47:31.124 26005 26005 W System.err: at java.lang.reflect.Method.invoke(Native Method)
01-23 20:47:31.124 26005 26005 W System.err: at com.android.internal.os.RuntimeInit$MethodAndArgsCaller.run(RuntimeInit.java:539)
01-23 20:47:31.124 26005 26005 W System.err: at com.android.internal.os.ZygoteInit.main(ZygoteInit.java:994)
01-23 20:47:31.227 26005 26005 E CustomActivityOnCrash: IMPORTANT WARNING! You already have an UncaughtExceptionHandler, are you sure this is correct? If you use a custom UncaughtExceptionHandler, you must initialize it AFTER CustomActivityOnCrash! Installing anyway, but your original handler will not be called.
01-23 20:47:31.329 26005 26005 E libc : Access denied finding property "ro.vendor.df.effect.conflict"
01-23 20:47:31.325 26005 26005 W com.mbwhatsapp: type=1400 audit(0.0:257004): avc: denied { read } for name="u:object_r:vendor_default_prop:s0" dev="tmpfs" ino=15650 scontext=u:r:untrusted_app:s0:c201,c256,c512,c768 tcontext=u:object_r:vendor_default_prop:s0 tclass=file permissive=0
01-23 20:47:31.945 26005 26005 W com.mbwhatsapp: type=1400 audit(0.0:257005): avc: granted { execute } for path="/data/data/com.mbwhatsapp/files/decompressed/libs.spk.zst/libc++_shared.so" dev="mmcblk0p41" ino=11162 scontext=u:r:untrusted_app:s0:c201,c256,c512,c768 tcontext=u:object_r:app_data_file:s0:c201,c256,c512,c768 tclass=file
01-23 20:47:31.949 26005 26005 W com.mbwhatsapp: type=1400 audit(0.0:257006): avc: granted { execute } for path="/data/data/com.mbwhatsapp/files/decompressed/libs.spk.zst/libvlc.so" dev="mmcblk0p41" ino=11155 scontext=u:r:untrusted_app:s0:c201,c256,c512,c768 tcontext=u:object_r:app_data_file:s0:c201,c256,c512,c768 tclass=file
01-23 20:47:31.965 26005 26005 W com.mbwhatsapp: type=1400 audit(0.0:257007): avc: granted { execute } for path="/data/data/com.mbwhatsapp/files/decompressed/libs.spk.zst/libwhatsapp.so" dev="mmcblk0p41" ino=11156 scontext=u:r:untrusted_app:s0:c201,c256,c512,c768 tcontext=u:object_r:app_data_file:s0:c201,c256,c512,c768 tclass=file
01-23 20:47:32.069 26005 26005 W com.mbwhatsapp: type=1400 audit(0.0:257008): avc: granted { execute } for path="/data/data/com.mbwhatsapp/files/decompressed/libs.spk.zst/libcurve25519.so" dev="mmcblk0p41" ino=11159 scontext=u:r:untrusted_app:s0:c201,c256,c512,c768 tcontext=u:object_r:app_data_file:s0:c201,c256,c512,c768 tclass=file
01-23 20:47:32.097 26005 26005 W com.mbwhatsapp: type=1400 audit(0.0:257009): avc: granted { execute } for path="/data/data/com.mbwhatsapp/files/decompressed/libs.spk.zst/libwhatsapp.so" dev="mmcblk0p41" ino=11156 scontext=u:r:untrusted_app:s0:c201,c256,c512,c768 tcontext=u:object_r:app_data_file:s0:c201,c256,c512,c768 tclass=file
01-23 20:47:32.134 26005 26005 W SigquitBasedANRDetector: Could not open target lib: libart.so
01-23 20:47:32.134 26005 26005 W SigquitBasedANRDetector: Failed to load lib
01-23 20:47:32.305 26005 26055 W com.mbwhatsapp: Class X.2rL failed lock verification and will run slower.
01-23 20:47:32.305 26005 26055 W com.mbwhatsapp: Common causes for lock verification issues are non-optimized dex code
01-23 20:47:32.305 26005 26055 W com.mbwhatsapp: and incorrect proguard optimizations. --------- beginning of system
01-23 20:47:32.387 26005 26005 W Looper : Slow Looper main: Long Msg: seq=2 plan=20:47:30.586 late=8ms wall=1710ms running=613ms runnable=4ms io=940ms swapin=13ms reclaim=36ms h=android.app.ActivityThread$H w=110
01-23 20:47:32.495 26005 26005 W com.mbwhatsapp: Class X.0eU failed lock verification and will run slower.
01-23 20:47:32.692 26005 26005 W Looper : Slow Looper main: Activity com.mbwhatsapp/.accountswitching.routing.AccountSwitchingRoutingActivity is 1673ms late (wall=305ms running=148ms ClientTransaction{ callbacks=[android.app.servertransaction.LaunchActivityItem] lifecycleRequest=android.app.servertransaction.ResumeActivityItem }) because of 1 msg, msg 1 took 1710ms (seq=2 running=613ms runnable=4ms io=940ms swapin=13ms reclaim=36ms late=8ms h=android.app.ActivityThread$H w=110)
01-23 20:47:32.692 26005 26005 W Looper : Slow Looper main: Activity com.mbwhatsapp/.accountswitching.routing.AccountSwitchingRoutingActivity is 1978ms late (wall=0ms running=0ms ClientTransaction{ callbacks=[android.app.servertransaction.TopResumedActivityChang eItem] }) because of 2 msg, msg 1 took 1710ms (seq=2 running=613ms runnable=4ms io=940ms swapin=13ms reclaim=36ms late=8ms h=android.app.ActivityThread$H w=110), msg 2 took 305ms (seq=3 running=148ms runnable=1ms io=114ms reclaim=3ms late=1673ms h=android.app.ActivityThread$H w=159)
01-23 20:47:32.736 26005 26005 W com.mbwhatsapp: Class com.mbwhatsapp.HomeActivity failed lock verification and will run slower.
01-23 20:47:32.924 26005 26005 E ArmVmp : Match on catch block at 0x8d in for 0xd9
01-23 20:47:33.039 26005 26005 E ArmVmp : Match on catch block at 0x4c in for 0xd1
01-23 20:47:33.078 26005 26005 E ArmVmp : Match on catch block at 0x8d in for 0xd5
01-23 20:47:33.505 26005 26005 E ArmVmp : Match on catch block at 0x0a in for 0xb1
01-23 20:47:33.556 26005 26005 E ArmVmp : Match on catch block at 0x0a in for 0x129
01-23 20:47:33.851 26005 26005 W Activity: Slow Operation: Activity com.mbwhatsapp/.HomeActivity onCreate took 1092ms
01-23 20:47:34.180 26005 26005 W Activity: Slow Operation: Activity com.mbwhatsapp/.HomeActivity onStart took 325ms
01-23 20:47:34.401 26005 26005 W Looper : Slow Looper main: Long Msg: seq=5 plan=20:47:30.718 late=1974ms wall=1708ms running=1059ms runnable=44ms io=326ms reclaim=21ms h=android.app.ActivityThread$H w=159
01-23 20:47:34.401 26005 26005 W Looper : Slow Looper main: Activity com.mbwhatsapp/.HomeActivity is 1974ms late (wall=1708ms running=1059ms ClientTransaction{ callbacks=[android.app.servertransaction.LaunchActivityItem] lifecycleRequest=android.app.servertransaction.PauseActivityItem }) because of 3 msg, msg 1 took 1710ms (seq=2 running=613ms runnable=4ms io=940ms swapin=13ms reclaim=36ms late=8ms h=android.app.ActivityThread$H w=110), msg 2 took 305ms (seq=3 running=148ms runnable=1ms io=114ms reclaim=3ms late=1673ms h=android.app.ActivityThread$H w=159)
01-23 20:47:34.412 26005 26005 W Looper : Slow Looper main: Activity com.mbwhatsapp/.accountswitching.routing.AccountSwitchingRoutingActivity is 1744ms late (wall=1ms running=0ms ClientTransaction{ callbacks=[android.app.servertransaction.TopResumedActivityChang eItem] }) because of 9 msg, msg 1 took 305ms (seq=3 running=148ms runnable=1ms io=114ms reclaim=3ms late=1673ms h=android.app.ActivityThread$H w=159), msg 3 took 1708ms (seq=5 running=1059ms runnable=44ms io=326ms reclaim=21ms late=1974ms h=android.app.ActivityThread$H w=159)
01-23 20:47:34.414 26005 26005 W Looper : Slow Looper main: Activity com.mbwhatsapp/.accountswitching.routing.AccountSwitchingRoutingActivity is 1745ms late (wall=2ms running=0ms ClientTransaction{ lifecycleRequest=android.app.servertransaction.PauseActivityItem }) because of 10 msg, msg 1 took 305ms (seq=3 running=148ms runnable=1ms io=114ms reclaim=3ms late=1673ms h=android.app.ActivityThread$H w=159), msg 3 took 1708ms (seq=5 running=1059ms runnable=44ms io=326ms reclaim=21ms late=1974ms h=android.app.ActivityThread$H w=159)
01-23 20:47:34.438 26005 26005 W Looper : Slow Looper main: Activity com.mbwhatsapp/.HomeActivity is 1261ms late (wall=0ms running=0ms ClientTransaction{ callbacks=[android.app.servertransaction.TopResumedActivityChang eItem] }) because of 16 msg, msg 1 took 1708ms (seq=5 running=1059ms runnable=44ms io=326ms reclaim=21ms late=1974ms h=android.app.ActivityThread$H w=159)
01-23 20:47:34.456 26005 26005 W Looper : Slow Looper main: Activity com.mbwhatsapp/.HomeActivity is 1257ms late (wall=19ms running=14ms ClientTransaction{ lifecycleRequest=android.app.servertransaction.ResumeActivityIte m }) because of 17 msg, msg 1 took 1708ms (seq=5 running=1059ms runnable=44ms io=326ms reclaim=21ms late=1974ms h=android.app.ActivityThread$H w=159)
01-23 20:47:34.477 26005 26005 W Looper : Slow Looper main: Activity com.mbwhatsapp/.HomeActivity is 873ms late (wall=13ms running=3ms ClientTransaction{ callbacks=[android.app.servertransaction.TopResumedActivityChang eItem] }) because of 19 msg, msg 1 took 1708ms (seq=5 running=1059ms runnable=44ms io=326ms reclaim=21ms late=1974ms h=android.app.ActivityThread$H w=159)
01-23 20:47:34.489 26005 26005 W Looper : Slow Looper main: Activity com.mbwhatsapp/.HomeActivity is 885ms late (wall=11ms running=6ms ClientTransaction{ lifecycleRequest=android.app.servertransaction.PauseActivityItem }) because of 20 msg, msg 1 took 1708ms (seq=5 running=1059ms runnable=44ms io=326ms reclaim=21ms late=1974ms h=android.app.ActivityThread$H w=159)
01-23 20:47:34.514 26005 26005 E ArmVmp : Match on catch block at 0x0a in for 0xc1
01-23 20:47:34.529 26005 26005 W Looper : Slow Looper main: Activity com.mbwhatsapp/mbmodsd.mbmodsw.mbsettings.yo.PauseActivity is 403ms late (wall=25ms running=13ms ClientTransaction{ callbacks=[android.app.servertransaction.LaunchActivityItem] lifecycleRequest=android.app.servertransaction.PauseActivityItem }) because of 38 msg, msg 1 took 1708ms (seq=5 running=1059ms runnable=44ms io=326ms reclaim=21ms late=1974ms h=android.app.ActivityThread$H w=159)
01-23 20:47:34.538 26114 26114 E count_switchin: Not starting debugger since process cannot load the jdwp agent.
01-23 20:47:34.712 26114 26114 W ResourceType: CREATING STRING CACHE OF 96 bytes
01-23 20:47:34.721 26114 26114 W System.err: java.lang.ClassNotFoundException: mbmodsd.mbmodsw.ui.views.btn.BtnBK
01-23 20:47:34.722 26114 26114 W System.err: at java.lang.Runtime.nativeLoad(Native Method)
01-23 20:47:34.722 26114 26114 W System.err: at java.lang.Runtime.nativeLoad(Runtime.java:1115)
01-23 20:47:34.722 26114 26114 W System.err: at java.lang.Runtime.loadLibrary0(Runtime.java:1069)
01-23 20:47:34.722 26114 26114 W System.err: at java.lang.Runtime.loadLibrary0(Runtime.java:1007)
01-23 20:47:34.722 26114 26114 W System.err: at java.lang.System.loadLibrary(System.java:1667)
01-23 20:47:34.722 26114 26114 W System.err: at arm.EpicVm.<clinit>(Unknown Source:2)
01-23 20:47:34.722 26114 26114 W System.err: at java.lang.Class.newInstance(Native Method)
01-23 20:47:34.722 26114 26114 W System.err: at android.app.AppComponentFactory.instantiateApplication(AppComponentFactory.java:76)
01-23 20:47:34.722 26114 26114 W System.err: at androidx.core.app.CoreComponentFactory.instantiateApplication(Unknown Source:0)
01-23 20:47:34.722 26114 26114 W System.err: at android.app.Instrumentation.newApplication(Instrumentation.java:1155)
01-23 20:47:34.722 26114 26114 W System.err: at android.app.LoadedApk.makeApplication(LoadedApk.java:1224)
01-23 20:47:34.722 26114 26114 W System.err: at android.app.ActivityThread.handleBindApplication(ActivityThread.java:6574)
01-23 20:47:34.722 26114 26114 W System.err: at android.app.ActivityThread.access$1500(ActivityThread.java:235)
01-23 20:47:34.722 26114 26114 W System.err: at android.app.ActivityThread$H.handleMessage(ActivityThread.java:1916)
01-23 20:47:34.722 26114 26114 W System.err: at android.os.Handler.dispatchMessage(Handler.java:107)
01-23 20:47:34.722 26114 26114 W System.err: at android.os.Looper.loop(Looper.java:225)
01-23 20:47:34.722 26114 26114 W System.err: at android.app.ActivityThread.main(ActivityThread.java:7563)
01-23 20:47:34.722 26114 26114 W System.err: at java.lang.reflect.Method.invoke(Native Method)
01-23 20:47:34.722 26114 26114 W System.err: at com.android.internal.os.RuntimeInit$MethodAndArgsCaller.run(RuntimeInit.java:539)
01-23 20:47:34.722 26114 26114 W System.err: at com.android.internal.os.ZygoteInit.main(ZygoteInit.java:994)
01-23 20:47:34.750 26114 26114 E libc : Access denied finding property "ro.vendor.df.effect.conflict"
01-23 20:47:34.745 26114 26114 W count_switching: type=1400 audit(0.0:257018): avc: denied { read } for name="u:object_r:vendor_default_prop:s0" dev="tmpfs" ino=15650 scontext=u:r:untrusted_app:s0:c201,c256,c512,c768 tcontext=u:object_r:vendor_default_prop:s0 tclass=file permissive=0
01-23 20:47:34.784 26005 26005 E ArmVmp : Match on catch block at 0x8d in for 0xe5
01-23 20:47:34.997 26114 26114 W count_switching: type=1400 audit(0.0:257019): avc: granted { execute } for path="/data/data/com.mbwhatsapp/files/decompressed/libs.spk.zst/libc++_shared.so" dev="mmcblk0p41" ino=11162 scontext=u:r:untrusted_app:s0:c201,c256,c512,c768 tcontext=u:object_r:app_data_file:s0:c201,c256,c512,c768 tclass=file
01-23 20:47:35.005 26114 26114 W count_switching: type=1400 audit(0.0:257020): avc: granted { execute } for path="/data/data/com.mbwhatsapp/files/decompressed/libs.spk.zst/libvlc.so" dev="mmcblk0p41" ino=11155 scontext=u:r:untrusted_app:s0:c201,c256,c512,c768 tcontext=u:object_r:app_data_file:s0:c201,c256,c512,c768 tclass=file
01-23 20:47:35.009 26114 26114 W count_switching: type=1400 audit(0.0:257021): avc: granted { execute } for path="/data/data/com.mbwhatsapp/files/decompressed/libs.spk.zst/libwhatsapp.so" dev="mmcblk0p41" ino=11156 scontext=u:r:untrusted_app:s0:c201,c256,c512,c768 tcontext=u:object_r:app_data_file:s0:c201,c256,c512,c768 tclass=file
01-23 20:47:35.042 26005 26005 E ArmVmp : Match on catch block at 0x8d in for 0xe5
01-23 20:47:35.049 26114 26114 W count_switching: type=1400 audit(0.0:257022): avc: denied { execmod } for path="/apex/com.android.runtime/lib/bionic/libc.so" dev="loop6" ino=44 scontext=u:r:untrusted_app:s0:c201,c256,c512,c768 tcontext=u:object_r:system_lib_file:s0 tclass=file permissive=0 --------- beginning of main
01-23 20:47:34.997 26114 26114 W count_switching: type=1400 audit(0.0:257019): avc: granted { execute } for path="/data/data/com.mbwhatsapp/files/decompressed/libs.spk.zst/libc++_shared.so" dev="mmcblk0p41" ino=11162 scontext=u:r:untrusted_app:s0:c201,c256,c512,c768 tcontext=u:object_r:app_data_file:s0:c201,c256,c512,c768 tclass=file
01-23 20:47:35.005 26114 26114 W count_switching: type=1400 audit(0.0:257020): avc: granted { execute } for path="/data/data/com.mbwhatsapp/files/decompressed/libs.spk.zst/libvlc.so" dev="mmcblk0p41" ino=11155 scontext=u:r:untrusted_app:s0:c201,c256,c512,c768 tcontext=u:object_r:app_data_file:s0:c201,c256,c512,c768 tclass=file
01-23 20:47:35.009 26114 26114 W count_switching: type=1400 audit(0.0:257021): avc: granted { execute } for path="/data/data/com.mbwhatsapp/files/decompressed/libs.spk.zst/libwhatsapp.so" dev="mmcblk0p41" ino=11156 scontext=u:r:untrusted_app:s0:c201,c256,c512,c768 tcontext=u:object_r:app_data_file:s0:c201,c256,c512,c768 tclass=file
01-23 20:47:35.042 26005 26005 E ArmVmp : Match on catch block at 0x8d in for 0xe5
01-23 20:47:35.049 26114 26114 W count_switching: type=1400 audit(0.0:257022): avc: denied { execmod } for path="/apex/com.android.runtime/lib/bionic/libc.so" dev="loop6" ino=44 scontext=u:r:untrusted_app:s0:c201,c256,c512,c768 tcontext=u:object_r:system_lib_file:s0 tclass=file permissive=0
01-23 20:47:35.061 26114 26114 W count_switching: type=1400 audit(0.0:257023): avc: denied { execmod } for path="/apex/com.android.runtime/lib/bionic/libc.so" dev="loop6" ino=44 scontext=u:r:untrusted_app:s0:c201,c256,c512,c768 tcontext=u:object_r:system_lib_file:s0 tclass=file permissive=0
01-23 20:47:35.061 26114 26114 W count_switching: type=1400 audit(0.0:257023): avc: denied { execmod } for path="/apex/com.android.runtime/lib/bionic/libc.so" dev="loop6" ino=44 scontext=u:r:untrusted_app:s0:c201,c256,c512,c768 tcontext=u:object_r:system_lib_file:s0 tclass=file permissive=0
01-23 20:47:35.070 26114 26114 W SigquitBasedANRDetector: Could not open target lib: libart.so
01-23 20:47:35.070 26114 26114 W SigquitBasedANRDetector: Failed to load lib
01-23 20:47:35.070 26114 26114 W SigquitBasedANRDetector: Could not open target lib: libart.so
01-23 20:47:35.070 26114 26114 W SigquitBasedANRDetector: Failed to load lib
01-23 20:47:35.103 26114 26114 W count_switchin: Class X.0eU failed lock verification and will run slower.
01-23 20:47:35.103 26114 26114 W count_switchin: Common causes for lock verification issues are non-optimized dex code
01-23 20:47:35.103 26114 26114 W count_switchin: and incorrect proguard optimizations.
01-23 20:47:35.103 26114 26114 W count_switchin: Class X.0eU failed lock verification and will run slower.
01-23 20:47:35.103 26114 26114 W count_switchin: Common causes for lock verification issues are non-optimized dex code
01-23 20:47:35.103 26114 26114 W count_switchin: and incorrect proguard optimizations.
01-23 20:47:35.168 26005 26005 E ArmVmp : Match on catch block at 0x8d in for 0xe5
01-23 20:47:35.168 26005 26005 E ArmVmp : Match on catch block at 0x8d in for 0xe5
01-23 20:47:35.219 26114 26114 W Looper : Slow Looper main: Activity com.mbwhatsapp/.accountswitching.secondaryprocess.AccountSwitchingActivity is 499ms late (wall=147ms running=115ms ClientTransaction{ callbacks=[android.app.servertransaction.LaunchActivityItem] lifecycleRequest=android.app.servertransaction.ResumeActivityItem }) because of 2 msg, msg 2 took 496ms (seq=2 running=395ms runnable=5ms io=31ms reclaim=24ms late=7ms h=android.app.ActivityThread$H w=110) --------- beginning of system
01-23 20:47:35.219 26114 26114 W Looper : Slow Looper main: Activity com.mbwhatsapp/.accountswitching.secondaryprocess.AccountSwitchingActivity is 499ms late (wall=147ms running=115ms ClientTransaction{ callbacks=[android.app.servertransaction.LaunchActivityItem] lifecycleRequest=android.app.servertransaction.ResumeActivityItem }) because of 2 msg, msg 2 took 496ms (seq=2 running=395ms runnable=5ms io=31ms reclaim=24ms late=7ms h=android.app.ActivityThread$H w=110)
01-23 20:47:35.220 26114 26114 W Looper : Slow Looper main: Activity com.mbwhatsapp/.accountswitching.secondaryprocess.AccountSwitchingActivity is 646ms late (wall=0ms running=0ms ClientTransaction{ callbacks=[android.app.servertransaction.TopResumedActivityChang eItem] }) because of 3 msg, msg 2 took 496ms (seq=2 running=395ms runnable=5ms io=31ms reclaim=24ms late=7ms h=android.app.ActivityThread$H w=110), msg 3 took 147ms (seq=3 running=115ms io=3ms reclaim=1ms late=499ms h=android.app.ActivityThread$H w=159)
01-23 20:47:35.220 26114 26114 W Looper : Slow Looper main: Activity com.mbwhatsapp/.accountswitching.secondaryprocess.AccountSwitchingActivity is 646ms late (wall=0ms running=0ms ClientTransaction{ callbacks=[android.app.servertransaction.TopResumedActivityChang eItem] }) because of 3 msg, msg 2 took 496ms (seq=2 running=395ms runnable=5ms io=31ms reclaim=24ms late=7ms h=android.app.ActivityThread$H w=110), msg 3 took 147ms (seq=3 running=115ms io=3ms reclaim=1ms late=499ms h=android.app.ActivityThread$H w=159)
01-23 20:47:35.297 26005 26005 E ArmVmp : Match on catch block at 0x8d in for 0xe5
01-23 20:47:35.297 26005 26005 E ArmVmp : Match on catch block at 0x8d in for 0xe5
01-23 20:47:35.353 26114 26160 W Gralloc3: mapper 3.x is not supported
01-23 20:47:35.353 26114 26160 W Gralloc3: mapper 3.x is not supported
01-23 20:47:35.359 26114 26160 E ion : ioctl c0044901 failed with code -1: Invalid argument
01-23 20:47:35.359 26114 26160 E ion : ioctl c0044901 failed with code -1: Invalid argument
01-23 20:47:35.418 26005 26005 E ArmVmp : Match on catch block at 0x8d in for 0xe1
01-23 20:47:35.418 26005 26005 E ArmVmp : Match on catch block at 0x8d in for 0xe1
01-23 20:47:35.521 26114 26160 W RenderInspector: QueueBuffer time out on com.mbwhatsapp/com.mbwhatsapp.accountswitching.secondaryprocess.AccountSwitchingAct ivity, count=1, avg=30 ms, max=30 ms.
01-23 20:47:35.521 26114 26160 W RenderInspector: QueueBuffer time out on com.mbwhatsapp/com.mbwhatsapp.accountswitching.secondaryprocess.AccountSwitchingAct ivity, count=1, avg=30 ms, max=30 ms.
01-23 20:47:35.560 26005 26005 E ArmVmp : Match on catch block at 0x8d in for 0xe1
01-23 20:47:35.560 26005 26005 E ArmVmp : Match on catch block at 0x8d in for 0xe1
01-23 20:47:35.662 26005 26005 E ArmVmp : Match on catch block at 0x8d in for 0xe5
01-23 20:47:35.662 26005 26005 E ArmVmp : Match on catch block at 0x8d in for 0xe5
01-23 20:47:35.762 26005 26005 E ArmVmp : Match on catch block at 0x8d in for 0xe5
01-23 20:47:35.762 26005 26005 E ArmVmp : Match on catch block at 0x8d in for 0xe5
01-23 20:47:35.845 26005 26005 E RecyclerView: No adapter attached; skipping layout
01-23 20:47:35.845 26005 26005 E RecyclerView: No adapter attached; skipping layout
01-23 20:47:35.859 26005 26005 E RecyclerView: No adapter attached; skipping layout
01-23 20:47:35.859 26005 26005 E RecyclerView: No adapter attached; skipping layout
01-23 20:47:35.905 26005 26060 W Gralloc3: mapper 3.x is not supported
01-23 20:47:35.905 26005 26060 W Gralloc3: mapper 3.x is not supported
01-23 20:47:35.908 26005 26060 E ion : ioctl c0044901 failed with code -1: Invalid argument
01-23 20:47:35.908 26005 26060 E ion : ioctl c0044901 failed with code -1: Invalid argument
01-23 20:47:35.976 26005 26005 W Looper : Slow Looper main: Long Msg: seq=52 plan=20:47:34.379 late=174ms wall=1422ms running=1100ms runnable=47ms io=67ms reclaim=2ms h=android.view.Choreographer$FrameHandler c=android.view.Choreographer$FrameDisplayEventReceiver
01-23 20:47:35.976 26005 26005 W Looper : Slow Looper main: Long Msg: seq=52 plan=20:47:34.379 late=174ms wall=1422ms running=1100ms runnable=47ms io=67ms reclaim=2ms h=android.view.Choreographer$FrameHandler c=android.view.Choreographer$FrameDisplayEventReceiver
01-23 20:47:36.070 26005 26005 W Looper : Slow Looper main: doFrame is 1494ms late because of 16 msg, msg 1 took 1422ms (seq=52 running=1100ms runnable=47ms io=67ms reclaim=2ms late=174ms h=android.view.Choreographer$FrameHandler c=android.view.Choreographer$FrameDisplayEventReceiver), msg 7 took 70ms (seq=58 running=34ms runnable=1ms io=22ms late=1576ms h=android.app.ActivityThread$H w=159)
01-23 20:47:36.070 26005 26005 W Looper : Slow Looper main: doFrame is 1494ms late because of 16 msg, msg 1 took 1422ms (seq=52 running=1100ms runnable=47ms io=67ms reclaim=2ms late=174ms h=android.view.Choreographer$FrameHandler c=android.view.Choreographer$FrameDisplayEventReceiver), msg 7 took 70ms (seq=58 running=34ms runnable=1ms io=22ms late=1576ms h=android.app.ActivityThread$H w=159) --------- beginning of crash --------- beginning of crash
01-23 20:47:38.155 26005 26005 E AndroidRuntime: FATAL EXCEPTION: main
01-23 20:47:38.155 26005 26005 E AndroidRuntime: Process: com.mbwhatsapp, PID: 26005
01-23 20:47:38.155 26005 26005 E AndroidRuntime: java.lang.NullPointerException: sendXmpp called before sending channel is ready
01-23 20:47:38.155 26005 26005 E AndroidRuntime: at X.002.A0H(Unknown Source:2)
01-23 20:47:38.155 26005 26005 E AndroidRuntime: at X.32u.A0B(Unknown Source:96)
01-23 20:47:38.155 26005 26005 E AndroidRuntime: at X.32u.A0K(Unknown Source:10)
01-23 20:47:38.155 26005 26005 E AndroidRuntime: at X.3WQ.A01(Unknown Source:61)
01-23 20:47:38.155 26005 26005 E AndroidRuntime: at X.1nj.A0A(Unknown Source:6)
01-23 20:47:38.155 26005 26005 E AndroidRuntime: at X.4FF.onPostExecute(Unknown Source:2)
01-23 20:47:38.155 26005 26005 E AndroidRuntime: at android.os.AsyncTask.finish(AsyncTask.java:755)
01-23 20:47:38.155 26005 26005 E AndroidRuntime: at android.os.AsyncTask.access$900(AsyncTask.java:192)
01-23 20:47:38.155 26005 26005 E AndroidRuntime: at android.os.AsyncTask$InternalHandler.handleMessage(AsyncTask.java:772)
01-23 20:47:38.155 26005 26005 E AndroidRuntime: at android.os.Handler.dispatchMessage(Handler.java:107)
01-23 20:47:38.155 26005 26005 E AndroidRuntime: at android.os.Looper.loop(Looper.java:225)
01-23 20:47:38.155 26005 26005 E AndroidRuntime: at android.app.ActivityThread.main(ActivityThread.java:7563)
01-23 20:47:38.155 26005 26005 E AndroidRuntime: at java.lang.reflect.Method.invoke(Native Method)
01-23 20:47:38.155 26005 26005 E AndroidRuntime: at com.android.internal.os.RuntimeInit$MethodAndArgsCaller.run(RuntimeInit.java:539)
01-23 20:47:38.155 26005 26005 E AndroidRuntime: at com.android.internal.os.ZygoteInit.main(ZygoteInit.java:994)
01-23 20:47:38.155 26005 26005 E AndroidRuntime: FATAL EXCEPTION: main
01-23 20:47:38.155 26005 26005 E AndroidRuntime: Process: com.mbwhatsapp, PID: 26005
01-23 20:47:38.155 26005 26005 E AndroidRuntime: java.lang.NullPointerException: sendXmpp called before sending channel is ready
01-23 20:47:38.155 26005 26005 E AndroidRuntime: at X.002.A0H(Unknown Source:2)
01-23 20:47:38.155 26005 26005 E AndroidRuntime: at X.32u.A0B(Unknown Source:96)
01-23 20:47:38.155 26005 26005 E AndroidRuntime: at X.32u.A0K(Unknown Source:10)
01-23 20:47:38.155 26005 26005 E AndroidRuntime: at X.3WQ.A01(Unknown Source:61)
01-23 20:47:38.155 26005 26005 E AndroidRuntime: at X.1nj.A0A(Unknown Source:6)
01-23 20:47:38.155 26005 26005 E AndroidRuntime: at X.4FF.onPostExecute(Unknown Source:2)
01-23 20:47:38.155 26005 26005 E AndroidRuntime: at android.os.AsyncTask.finish(AsyncTask.java:755)
01-23 20:47:38.155 26005 26005 E AndroidRuntime: at android.os.AsyncTask.access$900(AsyncTask.java:192)
01-23 20:47:38.155 26005 26005 E AndroidRuntime: at android.os.AsyncTask$InternalHandler.handleMessage(AsyncTask.java:772)
01-23 20:47:38.155 26005 26005 E AndroidRuntime: at android.os.Handler.dispatchMessage(Handler.java:107)
01-23 20:47:38.155 26005 26005 E AndroidRuntime: at android.os.Looper.loop(Looper.java:225)
01-23 20:47:38.155 26005 26005 E AndroidRuntime: at android.app.ActivityThread.main(ActivityThread.java:7563)
01-23 20:47:38.155 26005 26005 E AndroidRuntime: at java.lang.reflect.Method.invoke(Native Method)
01-23 20:47:38.155 26005 26005 E AndroidRuntime: at com.android.internal.os.RuntimeInit$MethodAndArgsCaller.run(RuntimeInit.java:539)
01-23 20:47:38.155 26005 26005 E AndroidRuntime: at com.android.internal.os.ZygoteInit.main(ZygoteInit.java:994)
01-23 20:47:38.175 26005 26005 E CustomActivityOnCrash: App has crashed, executing CustomActivityOnCrash's UncaughtExceptionHandler
01-23 20:47:38.175 26005 26005 E CustomActivityOnCrash: java.lang.NullPointerException: sendXmpp called before sending channel is ready
01-23 20:47:38.175 26005 26005 E CustomActivityOnCrash: at X.002.A0H(Unknown Source:2)
01-23 20:47:38.175 26005 26005 E CustomActivityOnCrash: at X.32u.A0B(Unknown Source:96)
01-23 20:47:38.175 26005 26005 E CustomActivityOnCrash: at X.32u.A0K(Unknown Source:10)
01-23 20:47:38.175 26005 26005 E CustomActivityOnCrash: at X.3WQ.A01(Unknown Source:61)
01-23 20:47:38.175 26005 26005 E CustomActivityOnCrash: at X.1nj.A0A(Unknown Source:6)
01-23 20:47:38.175 26005 26005 E CustomActivityOnCrash: at X.4FF.onPostExecute(Unknown Source:2)
01-23 20:47:38.175 26005 26005 E CustomActivityOnCrash: at android.os.AsyncTask.finish(AsyncTask.java:755)
01-23 20:47:38.175 26005 26005 E CustomActivityOnCrash: at android.os.AsyncTask.access$900(AsyncTask.java:192)
01-23 20:47:38.175 26005 26005 E CustomActivityOnCrash: at android.os.AsyncTask$InternalHandler.handleMessage(AsyncTask.java:772)
01-23 20:47:38.175 26005 26005 E CustomActivityOnCrash: at android.os.Handler.dispatchMessage(Handler.java:107)
01-23 20:47:38.175 26005 26005 E CustomActivityOnCrash: at android.os.Looper.loop(Looper.java:225)
01-23 20:47:38.175 26005 26005 E CustomActivityOnCrash: at android.app.ActivityThread.main(ActivityThread.java:7563)
01-23 20:47:38.175 26005 26005 E CustomActivityOnCrash: at java.lang.reflect.Method.invoke(Native Method)
01-23 20:47:38.175 26005 26005 E CustomActivityOnCrash: at com.android.internal.os.RuntimeInit$MethodAndArgsCaller.run(RuntimeInit.java:539)
01-23 20:47:38.175 26005 26005 E CustomActivityOnCrash: at com.android.internal.os.ZygoteInit.main(ZygoteInit.java:994)
01-23 20:47:38.175 26005 26005 E CustomActivityOnCrash: App has crashed, executing CustomActivityOnCrash's UncaughtExceptionHandler
01-23 20:47:38.175 26005 26005 E CustomActivityOnCrash: java.lang.NullPointerException: sendXmpp called before sending channel is ready
01-23 20:47:38.175 26005 26005 E CustomActivityOnCrash: at X.002.A0H(Unknown Source:2)
01-23 20:47:38.175 26005 26005 E CustomActivityOnCrash: at X.32u.A0B(Unknown Source:96)
01-23 20:47:38.175 26005 26005 E CustomActivityOnCrash: at X.32u.A0K(Unknown Source:10)
01-23 20:47:38.175 26005 26005 E CustomActivityOnCrash: at X.3WQ.A01(Unknown Source:61)
01-23 20:47:38.175 26005 26005 E CustomActivityOnCrash: at X.1nj.A0A(Unknown Source:6)
01-23 20:47:38.175 26005 26005 E CustomActivityOnCrash: at X.4FF.onPostExecute(Unknown Source:2)
01-23 20:47:38.175 26005 26005 E CustomActivityOnCrash: at android.os.AsyncTask.finish(AsyncTask.java:755)
01-23 20:47:38.175 26005 26005 E CustomActivityOnCrash: at android.os.AsyncTask.access$900(AsyncTask.java:192)
01-23 20:47:38.175 26005 26005 E CustomActivityOnCrash: at android.os.AsyncTask$InternalHandler.handleMessage(AsyncTask.java:772)
01-23 20:47:38.175 26005 26005 E CustomActivityOnCrash: at android.os.Handler.dispatchMessage(Handler.java:107)
01-23 20:47:38.175 26005 26005 E CustomActivityOnCrash: at android.os.Looper.loop(Looper.java:225)
01-23 20:47:38.175 26005 26005 E CustomActivityOnCrash: at android.app.ActivityThread.main(ActivityThread.java:7563)
01-23 20:47:38.175 26005 26005 E CustomActivityOnCrash: at java.lang.reflect.Method.invoke(Native Method)
01-23 20:47:38.175 26005 26005 E CustomActivityOnCrash: at com.android.internal.os.RuntimeInit$MethodAndArgsCaller.run(RuntimeInit.java:539)
01-23 20:47:38.175 26005 26005 E CustomActivityOnCrash: at com.android.internal.os.ZygoteInit.main(ZygoteInit.java:994)
01-23 20:47:38.193 26005 26005 E ArmVmp : Match on catch block at 0x1c in for 0x165
01-23 20:47:38.193 26005 26005 E ArmVmp : Match on catch block at 0x1c in for 0x165
01-23 20:47:38.196 26005 26005 E CustomActivityOnCrash: Failed when resolving the restart activity class via getLaunchIntentForPackage, stack trace follows!
01-23 20:47:38.196 26005 26005 E CustomActivityOnCrash: java.lang.ClassNotFoundException: com.mbwhatsapp.Icon59
01-23 20:47:38.196 26005 26005 E CustomActivityOnCrash: at java.lang.Class.classForName(Native Method)
01-23 20:47:38.196 26005 26005 E CustomActivityOnCrash: at java.lang.Class.forName(Class.java:454)
01-23 20:47:38.196 26005 26005 E CustomActivityOnCrash: at java.lang.Class.forName(Class.java:379)
01-23 20:47:38.196 26005 26005 E CustomActivityOnCrash: at mbmodsd.mbmodsw.crashv2.CustomActivityOnCrash.getLauncherActivity(Native Method)
01-23 20:47:38.196 26005 26005 E CustomActivityOnCrash: at mbmodsd.mbmodsw.crashv2.CustomActivityOnCrash.guessRestartActivityClass(Native Method)
01-23 20:47:38.196 26005 26005 E CustomActivityOnCrash: at mbmodsd.mbmodsw.crashv2.CustomActivityOnCrash.lambda$install$0(Native Method)
01-23 20:47:38.196 26005 26005 E CustomActivityOnCrash: at mbmodsd.mbmodsw.crashv2.CustomActivityOnCrash$ $ExternalSyntheticLambda0.uncaughtException(Native Method)
01-23 20:47:38.196 26005 26005 E CustomActivityOnCrash: at java.lang.ThreadGroup.uncaughtException(ThreadGroup.java:1073)
01-23 20:47:38.196 26005 26005 E CustomActivityOnCrash: at java.lang.ThreadGroup.uncaughtException(ThreadGroup.java:1068)
