01-23 21:45:56.249 22280 22280 E ArmVmp : Match on catch block at 0xc3 in for 0x95
01-23 21:45:56.254 22280 22280 E ArmVmp : Match on catch block at 0xc3 in for 0x99
01-23 21:45:56.263 22280 22280 E ArmVmp : Match on catch block at 0xc3 in for 0x91
01-23 21:45:56.270 22280 22280 E ArmVmp : Match on catch block at 0xc3 in for 0x95
01-23 21:45:56.278 22280 22280 E ArmVmp : Match on catch block at 0xc3 in for 0x99
01-23 21:45:56.284 22280 22280 E ArmVmp : Match on catch block at 0xc3 in for 0x91
01-23 21:45:56.292 22280 22280 E ArmVmp : Match on catch block at 0xc3 in for 0x95
01-23 21:45:56.298 22280 22280 E ArmVmp : Match on catch block at 0xc3 in for 0x99
01-23 21:45:56.306 22280 22280 E ArmVmp : Match on catch block at 0xc3 in for 0x91
01-23 21:45:56.313 22280 22280 E ArmVmp : Match on catch block at 0xc3 in for 0x95
01-23 21:45:56.321 22280 22280 E ArmVmp : Match on catch block at 0xc3 in for 0x99
01-23 21:45:56.327 22280 22280 E ArmVmp : Match on catch block at 0xc3 in for 0x91
01-23 21:45:56.339 22280 22280 E ArmVmp : Match on catch block at 0xc3 in for 0x95
01-23 21:45:56.344 22280 22280 E ArmVmp : Match on catch block at 0xc3 in for 0x99
01-23 21:45:56.354 22280 22280 E ArmVmp : Match on catch block at 0xc3 in for 0x91
01-23 21:45:56.360 22280 22280 E ArmVmp : Match on catch block at 0xc3 in for 0x95
01-23 21:45:56.371 22280 22280 E ArmVmp : Match on catch block at 0xc3 in for 0x99
01-23 21:45:56.377 22280 22280 E ArmVmp : Match on catch block at 0xc3 in for 0x91
01-23 21:45:56.387 22280 22280 E ArmVmp : Match on catch block at 0xc3 in for 0x95
01-23 21:45:56.393 22280 22280 E ArmVmp : Match on catch block at 0xc3 in for 0x99
01-23 21:45:56.403 22280 22280 E ArmVmp : Match on catch block at 0xc3 in for 0x91
01-23 21:45:56.409 22280 22280 E ArmVmp : Match on catch block at 0xc3 in for 0x95
01-23 21:45:56.472 22280 22280 E ArmVmp : Match on catch block at 0xc3 in for 0x95
01-23 21:45:56.478 22280 22280 E ArmVmp : Match on catch block at 0xc3 in for 0x99
01-23 21:45:56.496 22280 22280 E ArmVmp : Match on catch block at 0xc3 in for 0x91
01-23 21:45:56.501 22280 22280 E ArmVmp : Match on catch block at 0xc3 in for 0x95
01-23 21:45:56.523 22280 22280 E ArmVmp : Match on catch block at 0xc3 in for 0x95
01-23 21:45:56.528 22280 22280 E ArmVmp : Match on catch block at 0xc3 in for 0x99
01-23 21:45:56.534 22280 22280 W Choreographer: OPTS_INPUT: First frame was drawed before optimized, so skip!
01-23 21:45:56.539 22280 22280 E ArmVmp : Match on catch block at 0xc3 in for 0x91
01-23 21:45:56.545 22280 22280 E ArmVmp : Match on catch block at 0xc3 in for 0x95
01-23 21:45:56.554 22280 22280 E ArmVmp : Match on catch block at 0xc3 in for 0x99
01-23 21:45:56.559 22280 22280 E ArmVmp : Match on catch block at 0xc3 in for 0x91
01-23 21:45:56.569 22280 22280 E ArmVmp : Match on catch block at 0xc3 in for 0x95
01-23 21:45:56.574 22280 22280 E ArmVmp : Match on catch block at 0xc3 in for 0x99
01-23 21:45:56.586 22280 22280 E ArmVmp : Match on catch block at 0xc3 in for 0x91
01-23 21:45:56.591 22280 22280 E ArmVmp : Match on catch block at 0xc3 in for 0x95
01-23 21:45:56.602 22280 22280 E ArmVmp : Match on catch block at 0xc3 in for 0x99
01-23 21:45:56.607 22280 22280 E ArmVmp : Match on catch block at 0xc3 in for 0x91
01-23 21:45:56.618 22280 22280 E ArmVmp : Match on catch block at 0xc3 in for 0x95
01-23 21:45:56.623 22280 22280 E ArmVmp : Match on catch block at 0xc3 in for 0x99
01-23 21:45:56.636 22280 22280 E ArmVmp : Match on catch block at 0xc3 in for 0x95
01-23 21:45:56.642 22280 22280 E ArmVmp : Match on catch block at 0xc3 in for 0x99
01-23 21:45:56.651 22280 22280 E ArmVmp : Match on catch block at 0xc3 in for 0x95
01-23 21:45:56.658 22280 22280 E ArmVmp : Match on catch block at 0xc3 in for 0x99
01-23 21:45:56.668 22280 22280 E ArmVmp : Match on catch block at 0xc3 in for 0x95
01-23 21:45:56.674 22280 22280 E ArmVmp : Match on catch block at 0xc3 in for 0x99
01-23 21:45:56.685 22280 22280 E ArmVmp : Match on catch block at 0xc3 in for 0x95
01-23 21:45:56.692 22280 22280 E ArmVmp : Match on catch block at 0xc3 in for 0x99
01-23 21:45:56.702 22280 22280 E ArmVmp : Match on catch block at 0xc3 in for 0x95
01-23 21:45:56.708 22280 22280 E ArmVmp : Match on catch block at 0xc3 in for 0x99
01-23 21:45:56.717 22280 22280 E ArmVmp : Match on catch block at 0xc3 in for 0x95
01-23 21:45:56.723 22280 22280 E ArmVmp : Match on catch block at 0xc3 in for 0x99
01-23 21:45:56.822 22280 22280 E ArmVmp : Match on catch block at 0xc3 in for 0x99
01-23 21:45:56.827 22280 22280 E ArmVmp : Match on catch block at 0xc3 in for 0x91
01-23 21:45:56.846 22280 22280 E ArmVmp : Match on catch block at 0xc3 in for 0x99
01-23 21:45:56.851 22280 22280 E ArmVmp : Match on catch block at 0xc3 in for 0x91
01-23 21:45:56.872 22280 22280 E ArmVmp : Match on catch block at 0xc3 in for 0x91
01-23 21:45:56.877 22280 22280 E ArmVmp : Match on catch block at 0xc3 in for 0x95
01-23 21:45:56.887 22280 22280 E ArmVmp : Match on catch block at 0xc3 in for 0x91
01-23 21:45:56.893 22280 22280 E ArmVmp : Match on catch block at 0xc3 in for 0x95
01-23 21:45:56.900 22280 22280 E ArmVmp : Match on catch block at 0xc3 in for 0x91
01-23 21:45:56.906 22280 22280 E ArmVmp : Match on catch block at 0xc3 in for 0x95
01-23 21:45:56.914 22280 22280 E ArmVmp : Match on catch block at 0xc3 in for 0x91
01-23 21:45:56.919 22280 22280 E ArmVmp : Match on catch block at 0xc3 in for 0x95
01-23 21:45:56.931 22280 22280 E ArmVmp : Match on catch block at 0xc3 in for 0x91
01-23 21:45:56.936 22280 22280 E ArmVmp : Match on catch block at 0xc3 in for 0x95
01-23 21:45:56.947 22280 22280 E ArmVmp : Match on catch block at 0xc3 in for 0x91
01-23 21:45:56.952 22280 22280 E ArmVmp : Match on catch block at 0xc3 in for 0x95
01-23 21:45:56.964 22280 22280 E ArmVmp : Match on catch block at 0xc3 in for 0x91
01-23 21:45:56.969 22280 22280 E ArmVmp : Match on catch block at 0xc3 in for 0x95
01-23 21:45:56.997 22280 22280 E ArmVmp : Match on catch block at 0xc3 in for 0x91
01-23 21:45:57.001 22280 22280 E ArmVmp : Match on catch block at 0xc3 in for 0x95
01-23 21:45:57.011 22280 22280 E ArmVmp : Match on catch block at 0xc3 in for 0x91
01-23 21:45:57.016 22280 22280 E ArmVmp : Match on catch block at 0xc3 in for 0x95
01-23 21:45:57.024 22280 22280 E ArmVmp : Match on catch block at 0xc3 in for 0x91
01-23 21:45:57.030 22280 22280 E ArmVmp : Match on catch block at 0xc3 in for 0x95
01-23 21:45:57.037 22280 22280 E ArmVmp : Match on catch block at 0xc3 in for 0x91
01-23 21:45:57.043 22280 22280 E ArmVmp : Match on catch block at 0xc3 in for 0x95
01-23 21:45:57.050 22280 22280 E ArmVmp : Match on catch block at 0xc3 in for 0x91
01-23 21:45:57.056 22280 22280 E ArmVmp : Match on catch block at 0xc3 in for 0x95
01-23 21:45:57.066 22280 22280 E ArmVmp : Match on catch block at 0xc3 in for 0x91
01-23 21:45:57.072 22280 22280 E ArmVmp : Match on catch block at 0xc3 in for 0x95
01-23 21:45:57.081 22280 22280 E ArmVmp : Match on catch block at 0xc3 in for 0x99
01-23 21:45:57.085 22280 22280 E ArmVmp : Match on catch block at 0xc3 in for 0x91
01-23 21:45:57.112 22280 22280 E ArmVmp : Match on catch block at 0xc3 in for 0x95
01-23 21:45:57.116 22280 22280 E ArmVmp : Match on catch block at 0xc3 in for 0x99
01-23 21:45:57.121 22280 22280 W Choreographer: OPTS_INPUT: First frame was drawed before optimized, so skip!
01-23 21:45:57.126 22280 22280 E ArmVmp : Match on catch block at 0xc3 in for 0x95
01-23 21:45:57.131 22280 22280 E ArmVmp : Match on catch block at 0xc3 in for 0x99
01-23 21:45:57.137 22280 22280 E ArmVmp : Match on catch block at 0xc3 in for 0x99
01-23 21:45:57.142 22280 22280 E ArmVmp : Match on catch block at 0xc3 in for 0x91
01-23 21:45:57.150 22280 22280 E ArmVmp : Match on catch block at 0xc3 in for 0x91
01-23 21:45:57.154 22280 22280 E ArmVmp : Match on catch block at 0xc3 in for 0x95
01-23 21:45:57.161 22280 22280 E ArmVmp : Match on catch block at 0xc3 in for 0x95
01-23 21:45:57.165 22280 22280 E ArmVmp : Match on catch block at 0xc3 in for 0x99
01-23 21:45:57.177 22280 22280 E ArmVmp : Match on catch block at 0xc3 in for 0x99
01-23 21:45:57.182 22280 22280 E ArmVmp : Match on catch block at 0xc3 in for 0x91
01-23 21:45:57.194 22280 22280 E ArmVmp : Match on catch block at 0xc3 in for 0x91
01-23 21:45:57.198 22280 22280 E ArmVmp : Match on catch block at 0xc3 in for 0x95
01-23 21:45:57.210 22280 22280 E ArmVmp : Match on catch block at 0xc3 in for 0x95
01-23 21:45:57.215 22280 22280 E ArmVmp : Match on catch block at 0xc3 in for 0x99
01-23 21:45:57.227 22280 22280 E ArmVmp : Match on catch block at 0xc3 in for 0x99
01-23 21:45:57.231 22280 22280 E ArmVmp : Match on catch block at 0xc3 in for 0x91
01-23 21:45:57.245 22280 22280 E ArmVmp : Match on catch block at 0xc3 in for 0x91
01-23 21:45:57.252 22280 22280 E ArmVmp : Match on catch block at 0xc3 in for 0x95
01-23 21:45:57.265 22280 22280 E ArmVmp : Match on catch block at 0xc3 in for 0x95
01-23 21:45:57.271 22280 22280 E ArmVmp : Match on catch block at 0xc3 in for 0x99
01-23 21:45:57.281 22280 22280 E ArmVmp : Match on catch block at 0xc3 in for 0x91
01-23 21:45:57.287 22280 22280 E ArmVmp : Match on catch block at 0xc3 in for 0x95
01-23 21:45:57.298 22280 22280 E ArmVmp : Match on catch block at 0xc3 in for 0x99
01-23 21:45:57.304 22280 22280 E ArmVmp : Match on catch block at 0xc3 in for 0x91
01-23 21:45:57.315 22280 22280 E ArmVmp : Match on catch block at 0xc3 in for 0x95
01-23 21:45:57.321 22280 22280 E ArmVmp : Match on catch block at 0xc3 in for 0x99
01-23 21:45:57.341 22280 22280 E ArmVmp : Match on catch block at 0xc3 in for 0x99
01-23 21:45:57.347 22280 22280 E ArmVmp : Match on catch block at 0xc3 in for 0x91
01-23 21:45:57.356 22280 22280 E ArmVmp : Match on catch block at 0xc3 in for 0x95
01-23 21:45:57.362 22280 22280 E ArmVmp : Match on catch block at 0xc3 in for 0x99
01-23 21:45:57.369 22280 22280 E ArmVmp : Match on catch block at 0xc3 in for 0x91
01-23 21:45:57.375 22280 22280 E ArmVmp : Match on catch block at 0xc3 in for 0x95
01-23 21:45:57.383 22280 22280 E ArmVmp : Match on catch block at 0xc3 in for 0x99
01-23 21:45:57.389 22280 22280 E ArmVmp : Match on catch block at 0xc3 in for 0x91
01-23 21:45:57.397 22280 22280 E ArmVmp : Match on catch block at 0xc3 in for 0x95
01-23 21:45:57.403 22280 22280 E ArmVmp : Match on catch block at 0xc3 in for 0x99
01-23 21:45:57.410 22280 22280 E ArmVmp : Match on catch block at 0xc3 in for 0x91
01-23 21:45:57.417 22280 22280 E ArmVmp : Match on catch block at 0xc3 in for 0x95
01-23 21:45:57.426 22280 22280 E ArmVmp : Match on catch block at 0xc3 in for 0x99
01-23 21:45:57.432 22280 22280 E ArmVmp : Match on catch block at 0xc3 in for 0x91
01-23 21:45:57.442 22280 22280 E ArmVmp : Match on catch block at 0xc3 in for 0x95
01-23 21:45:57.449 22280 22280 E ArmVmp : Match on catch block at 0xc3 in for 0x99
01-23 21:45:57.461 22280 22280 E ArmVmp : Match on catch block at 0xc3 in for 0x91
01-23 21:45:57.469 22280 22280 E ArmVmp : Match on catch block at 0xc3 in for 0x95
01-23 21:45:57.479 22280 22280 E ArmVmp : Match on catch block at 0xc3 in for 0x99
01-23 21:45:57.486 22280 22280 E ArmVmp : Match on catch block at 0xc3 in for 0x91
01-23 21:45:57.495 22280 22280 E ArmVmp : Match on catch block at 0xc3 in for 0x95
01-23 21:45:57.502 22280 22280 E ArmVmp : Match on catch block at 0xc3 in for 0x99
01-23 21:45:57.510 22280 22280 E ArmVmp : Match on catch block at 0xc3 in for 0x91
01-23 21:45:57.517 22280 22280 E ArmVmp : Match on catch block at 0xc3 in for 0x95
01-23 21:45:57.524 22280 22280 E ArmVmp : Match on catch block at 0xc3 in for 0x99
01-23 21:45:57.530 22280 22280 E ArmVmp : Match on catch block at 0xc3 in for 0x91
01-23 21:45:57.539 22280 22280 E ArmVmp : Match on catch block at 0xc3 in for 0x95
01-23 21:45:57.546 22280 22280 E ArmVmp : Match on catch block at 0xc3 in for 0x99
01-23 21:45:57.556 22280 22280 E ArmVmp : Match on catch block at 0xc3 in for 0x91
01-23 21:45:57.562 22280 22280 E ArmVmp : Match on catch block at 0xc3 in for 0x95
01-23 21:45:57.573 22280 22280 E ArmVmp : Match on catch block at 0xc3 in for 0x99
01-23 21:45:57.581 22280 22280 E ArmVmp : Match on catch block at 0xc3 in for 0x91
01-23 21:45:57.591 22280 22280 E ArmVmp : Match on catch block at 0xc3 in for 0x95
01-23 21:45:57.598 22280 22280 E ArmVmp : Match on catch block at 0xc3 in for 0x99
01-23 21:45:57.608 22280 22280 E ArmVmp : Match on catch block at 0xc3 in for 0x91
01-23 21:45:57.615 22280 22280 E ArmVmp : Match on catch block at 0xc3 in for 0x95
01-23 21:45:57.625 22280 22280 E ArmVmp : Match on catch block at 0xc3 in for 0x99
01-23 21:45:57.632 22280 22280 E ArmVmp : Match on catch block at 0xc3 in for 0x91
01-23 21:45:57.641 22280 22280 E ArmVmp : Match on catch block at 0xc3 in for 0x95
01-23 21:45:57.647 22280 22280 E ArmVmp : Match on catch block at 0xc3 in for 0x99
01-23 21:45:57.655 22280 22280 E ArmVmp : Match on catch block at 0xc3 in for 0x91
01-23 21:45:57.662 22280 22280 E ArmVmp : Match on catch block at 0xc3 in for 0x95
01-23 21:45:57.671 22280 22280 E ArmVmp : Match on catch block at 0xc3 in for 0x95
01-23 21:45:57.677 22280 22280 E ArmVmp : Match on catch block at 0xc3 in for 0x99
01-23 21:45:57.754 22280 22280 E ArmVmp : Match on catch block at 0xc3 in for 0x99
01-23 21:45:57.760 22280 22280 E ArmVmp : Match on catch block at 0xc3 in for 0x91
01-23 21:45:57.802 22280 22280 E ArmVmp : Match on catch block at 0xc3 in for 0x91
01-23 21:45:57.807 22280 22280 E ArmVmp : Match on catch block at 0xc3 in for 0x95
01-23 21:45:57.884 22280 22280 E ArmVmp : Match on catch block at 0xc3 in for 0x95
01-23 21:45:57.889 22280 22280 E ArmVmp : Match on catch block at 0xc3 in for 0x99
01-23 21:45:58.066 22280 22280 E ArmVmp : Match on catch block at 0xc3 in for 0x99
01-23 21:45:58.073 22280 22280 E ArmVmp : Match on catch block at 0xc3 in for 0x91
01-23 21:45:58.083 22280 22280 E ArmVmp : Match on catch block at 0xc3 in for 0x91
01-23 21:45:58.090 22280 22280 E ArmVmp : Match on catch block at 0xc3 in for 0x95
01-23 21:45:58.099 22280 22280 E ArmVmp : Match on catch block at 0xc3 in for 0x95
01-23 21:45:58.106 22280 22280 E ArmVmp : Match on catch block at 0xc3 in for 0x99
01-23 21:45:58.116 22280 22280 E ArmVmp : Match on catch block at 0xc3 in for 0x99
01-23 21:45:58.122 22280 22280 E ArmVmp : Match on catch block at 0xc3 in for 0x91
01-23 21:45:58.132 22280 22280 E ArmVmp : Match on catch block at 0xc3 in for 0x91
01-23 21:45:58.138 22280 22280 E ArmVmp : Match on catch block at 0xc3 in for 0x95
01-23 21:45:58.148 22280 22280 E ArmVmp : Match on catch block at 0xc3 in for 0x95
01-23 21:45:58.154 22280 22280 E ArmVmp : Match on catch block at 0xc3 in for 0x99
01-23 21:45:58.165 22280 22280 E ArmVmp : Match on catch block at 0xc3 in for 0x99
01-23 21:45:58.171 22280 22280 E ArmVmp : Match on catch block at 0xc3 in for 0x91
01-23 21:45:58.181 22280 22280 E ArmVmp : Match on catch block at 0xc3 in for 0x91
01-23 21:45:58.187 22280 22280 E ArmVmp : Match on catch block at 0xc3 in for 0x95
01-23 21:45:58.198 22280 22280 E ArmVmp : Match on catch block at 0xc3 in for 0x95
01-23 21:45:58.204 22280 22280 E ArmVmp : Match on catch block at 0xc3 in for 0x99
01-23 21:45:58.215 22280 22280 E ArmVmp : Match on catch block at 0xc3 in for 0x99
01-23 21:45:58.220 22280 22280 E ArmVmp : Match on catch block at 0xc3 in for 0x91
01-23 21:45:58.231 22280 22280 E ArmVmp : Match on catch block at 0xc3 in for 0x91
01-23 21:45:58.237 22280 22280 E ArmVmp : Match on catch block at 0xc3 in for 0x95
01-23 21:45:58.247 22280 22280 E ArmVmp : Match on catch block at 0xc3 in for 0x95
01-23 21:45:58.253 22280 22280 E ArmVmp : Match on catch block at 0xc3 in for 0x99
01-23 21:45:58.264 22280 22280 E ArmVmp : Match on catch block at 0xc3 in for 0x99
01-23 21:45:58.269 22280 22280 E ArmVmp : Match on catch block at 0xc3 in for 0x91
01-23 21:45:58.284 22280 22280 E ArmVmp : Match on catch block at 0xc3 in for 0x99
01-23 21:45:58.288 22280 22280 E ArmVmp : Match on catch block at 0xc3 in for 0x91
01-23 21:45:58.298 22280 22280 E ArmVmp : Match on catch block at 0xc3 in for 0x91
01-23 21:45:58.303 22280 22280 E ArmVmp : Match on catch block at 0xc3 in for 0x95
01-23 21:45:58.308 22280 22280 W Choreographer: OPTS_INPUT: First frame was drawed before optimized, so skip!
01-23 21:45:58.316 22280 22280 E ArmVmp : Match on catch block at 0xc3 in for 0x99
01-23 21:45:58.321 22280 22280 E ArmVmp : Match on catch block at 0xc3 in for 0x91
01-23 21:45:58.331 22280 22280 E ArmVmp : Match on catch block at 0xc3 in for 0x91
01-23 21:45:58.335 22280 22280 E ArmVmp : Match on catch block at 0xc3 in for 0x95
01-23 21:45:58.347 22280 22280 E ArmVmp : Match on catch block at 0xc3 in for 0x95
01-23 21:45:58.351 22280 22280 E ArmVmp : Match on catch block at 0xc3 in for 0x99
01-23 21:45:58.364 22280 22280 E ArmVmp : Match on catch block at 0xc3 in for 0x99
01-23 21:45:58.368 22280 22280 E ArmVmp : Match on catch block at 0xc3 in for 0x91
01-23 21:45:58.388 22280 22280 E ArmVmp : Match on catch block at 0xc3 in for 0x95
01-23 21:45:58.393 22280 22280 E ArmVmp : Match on catch block at 0xc3 in for 0x99
01-23 21:45:58.401 22280 22280 E ArmVmp : Match on catch block at 0xc3 in for 0x99
01-23 21:45:58.406 22280 22280 E ArmVmp : Match on catch block at 0xc3 in for 0x91
01-23 21:45:58.414 22280 22280 E ArmVmp : Match on catch block at 0xc3 in for 0x91
01-23 21:45:58.419 22280 22280 E ArmVmp : Match on catch block at 0xc3 in for 0x95
01-23 21:45:58.430 22280 22280 E ArmVmp : Match on catch block at 0xc3 in for 0x95
01-23 21:45:58.434 22280 22280 E ArmVmp : Match on catch block at 0xc3 in for 0x99
01-23 21:45:58.447 22280 22280 E ArmVmp : Match on catch block at 0xc3 in for 0x99
01-23 21:45:58.452 22280 22280 E ArmVmp : Match on catch block at 0xc3 in for 0x91
01-23 21:45:58.463 22280 22280 E ArmVmp : Match on catch block at 0xc3 in for 0x91
01-23 21:45:58.469 22280 22280 E ArmVmp : Match on catch block at 0xc3 in for 0x95
01-23 21:45:58.479 22280 22280 E ArmVmp : Match on catch block at 0xc3 in for 0x95
01-23 21:45:58.485 22280 22280 E ArmVmp : Match on catch block at 0xc3 in for 0x99
01-23 21:45:58.496 22280 22280 E ArmVmp : Match on catch block at 0xc3 in for 0x99
01-23 21:45:58.502 22280 22280 E ArmVmp : Match on catch block at 0xc3 in for 0x91
01-23 21:45:58.515 22280 22280 E ArmVmp : Match on catch block at 0xc3 in for 0x95
01-23 21:45:58.521 22280 22280 E ArmVmp : Match on catch block at 0xc3 in for 0x99
01-23 21:45:58.531 22280 22280 E ArmVmp : Match on catch block at 0xc3 in for 0x99
01-23 21:45:58.537 22280 22280 E ArmVmp : Match on catch block at 0xc3 in for 0x91
01-23 21:45:58.544 22280 22280 E ArmVmp : Match on catch block at 0xc3 in for 0x95
01-23 21:45:58.551 22280 22280 E ArmVmp : Match on catch block at 0xc3 in for 0x99
01-23 21:45:58.561 22280 22280 E ArmVmp : Match on catch block at 0xc3 in for 0x91
01-23 21:45:58.567 22280 22280 E ArmVmp : Match on catch block at 0xc3 in for 0x95
01-23 21:45:58.581 22280 22280 E ArmVmp : Match on catch block at 0xc3 in for 0x91
01-23 21:45:58.586 22280 22280 E ArmVmp : Match on catch block at 0xc3 in for 0x95
01-23 21:45:58.594 22280 22280 E ArmVmp : Match on catch block at 0xc3 in for 0x99
01-23 21:45:58.601 22280 22280 E ArmVmp : Match on catch block at 0xc3 in for 0x91
01-23 21:45:58.610 22280 22280 E ArmVmp : Match on catch block at 0xc3 in for 0x95
01-23 21:45:58.617 22280 22280 E ArmVmp : Match on catch block at 0xc3 in for 0x99
01-23 21:45:58.627 22280 22280 E ArmVmp : Match on catch block at 0xc3 in for 0x91
01-23 21:45:58.633 22280 22280 E ArmVmp : Match on catch block at 0xc3 in for 0x95
01-23 21:45:58.643 22280 22280 E ArmVmp : Match on catch block at 0xc3 in for 0x99
01-23 21:45:58.650 22280 22280 E ArmVmp : Match on catch block at 0xc3 in for 0x91
01-23 21:45:58.660 22280 22280 E ArmVmp : Match on catch block at 0xc3 in for 0x95
01-23 21:45:58.666 22280 22280 E ArmVmp : Match on catch block at 0xc3 in for 0x99
01-23 21:45:58.676 22280 22280 E ArmVmp : Match on catch block at 0xc3 in for 0x91
01-23 21:45:58.683 22280 22280 E ArmVmp : Match on catch block at 0xc3 in for 0x95
01-23 21:45:58.693 22280 22280 E ArmVmp : Match on catch block at 0xc3 in for 0x99
01-23 21:45:58.699 22280 22280 E ArmVmp : Match on catch block at 0xc3 in for 0x91
01-23 21:45:58.709 22280 22280 E ArmVmp : Match on catch block at 0xc3 in for 0x95
01-23 21:45:58.715 22280 22280 E ArmVmp : Match on catch block at 0xc3 in for 0x99
01-23 21:45:58.725 22280 22280 E ArmVmp : Match on catch block at 0xc3 in for 0x91
01-23 21:45:58.732 22280 22280 E ArmVmp : Match on catch block at 0xc3 in for 0x95
01-23 21:45:58.742 22280 22280 E ArmVmp : Match on catch block at 0xc3 in for 0x99
01-23 21:45:58.748 22280 22280 E ArmVmp : Match on catch block at 0xc3 in for 0x91
01-23 21:45:58.759 22280 22280 E ArmVmp : Match on catch block at 0xc3 in for 0x95
01-23 21:45:58.765 22280 22280 E ArmVmp : Match on catch block at 0xc3 in for 0x99
01-23 21:45:58.775 22280 22280 E ArmVmp : Match on catch block at 0xc3 in for 0x91
01-23 21:45:58.781 22280 22280 E ArmVmp : Match on catch block at 0xc3 in for 0x95
01-23 21:45:58.792 22280 22280 E ArmVmp : Match on catch block at 0xc3 in for 0x99
01-23 21:45:58.798 22280 22280 E ArmVmp : Match on catch block at 0xc3 in for 0x91
01-23 21:45:58.809 22280 22280 E ArmVmp : Match on catch block at 0xc3 in for 0x95
01-23 21:45:58.815 22280 22280 E ArmVmp : Match on catch block at 0xc3 in for 0x99
01-23 21:45:58.824 22280 22280 E ArmVmp : Match on catch block at 0xc3 in for 0x91
01-23 21:45:58.831 22280 22280 E ArmVmp : Match on catch block at 0xc3 in for 0x95
01-23 21:45:58.841 22280 22280 E ArmVmp : Match on catch block at 0xc3 in for 0x99
01-23 21:45:58.847 22280 22280 E ArmVmp : Match on catch block at 0xc3 in for 0x91
01-23 21:45:58.857 22280 22280 E ArmVmp : Match on catch block at 0xc3 in for 0x95
01-23 21:45:58.863 22280 22280 E ArmVmp : Match on catch block at 0xc3 in for 0x99
01-23 21:45:58.874 22280 22280 E ArmVmp : Match on catch block at 0xc3 in for 0x91
01-23 21:45:58.880 22280 22280 E ArmVmp : Match on catch block at 0xc3 in for 0x95
01-23 21:45:58.890 22280 22280 E ArmVmp : Match on catch block at 0xc3 in for 0x99
01-23 21:45:58.896 22280 22280 E ArmVmp : Match on catch block at 0xc3 in for 0x91
01-23 21:45:58.907 22280 22280 E ArmVmp : Match on catch block at 0xc3 in for 0x95
01-23 21:45:58.913 22280 22280 E ArmVmp : Match on catch block at 0xc3 in for 0x99
01-23 21:45:58.922 22280 22280 E ArmVmp : Match on catch block at 0xc3 in for 0x99
01-23 21:45:58.929 22280 22280 E ArmVmp : Match on catch block at 0xc3 in for 0x91
01-23 21:45:59.113 22280 22280 E ArmVmp : Match on catch block at 0xc3 in for 0x95
01-23 21:45:59.118 22280 22280 E ArmVmp : Match on catch block at 0xc3 in for 0x99
01-23 21:45:59.202 22280 22280 E libc : Access denied finding property "vendor.debug.bq.dump"
01-23 21:45:59.198 22280 22280 W com.mbwhatsapp: type=1400 audit(0.0:259889): avc: denied { read } for name="u:object_r:debug_bq_dump_prop:s0" dev="tmpfs" ino=7162 scontext=u:r:untrusted_app:s0:c201,c256,c512,c768 tcontext=u:object_r:debug_bq_dump_prop:s0 tclass=file permissive=0
01-23 21:45:59.202 22280 22280 E libc : Access denied finding property "vendor.debug.bq.dump"
01-23 21:45:59.198 22280 22280 W com.mbwhatsapp: type=1400 audit(0.0:259890): avc: denied { read } for name="u:object_r:debug_bq_dump_prop:s0" dev="tmpfs" ino=7162 scontext=u:r:untrusted_app:s0:c201,c256,c512,c768 tcontext=u:object_r:debug_bq_dump_prop:s0 tclass=file permissive=0
01-23 21:45:59.203 22280 22339 E BufferQueueProducer: [unnamed-22280-0] (this:0xb2181000,id:0,api:1,p:22280,c:22280) setMaxDequeuedBufferCount: 2 dequeued buffers would exceed the maxBufferCount (2) (maxAcquired 1 async 0 mDequeuedBufferCannotBlock 0)
01-23 21:45:59.203 22280 22339 E Surface : IGraphicBufferProducer::setBufferCount(3) returned Invalid argument
01-23 21:45:59.206 22280 22339 W Gralloc3: allocator 3.x is not supported
01-23 21:45:59.209 22280 22339 E ion : ioctl c0044901 failed with code -1: Invalid argument
01-23 21:45:59.217 22280 22280 W ActivityThread: handleWindowVisibility: no activity for token android.os.BinderProxy@18078ef
01-23 21:45:59.469 22280 22280 W Looper : Slow Looper main: Activity com.mbwhatsapp/.mediaview.MediaViewActivity is 363ms late (wall=1ms running=0ms ClientTransaction{ callbacks=[android.app.servertransaction.TopResumedActivityChang eItem] }) because of 5 msg, msg 2 took 107ms (seq=1434 running=32ms runnable=1ms io=56ms late=11ms h=android.view.Choreographer$FrameHandler c=android.view.Choreographer$FrameDisplayEventReceiver), msg 5 took 251ms (seq=1437 running=113ms runnable=1ms io=104ms reclaim=5ms late=112ms h=android.app.ActivityThread$H w=159)
01-23 21:45:59.533 22280 22280 E ArmVmp : Match on catch block at 0xc3 in for 0x91
01-23 21:45:59.540 22280 22280 E ArmVmp : Match on catch block at 0xc3 in for 0x95
01-23 21:45:59.557 22280 22280 E ArmVmp : Match on catch block at 0xc3 in for 0x99
01-23 21:45:59.563 22280 22280 E ArmVmp : Match on catch block at 0xc3 in for 0x91
01-23 21:45:59.683 22280 22280 E ArmVmp : Match on catch block at 0xc3 in for 0x95
01-23 21:45:59.688 22280 22280 E ArmVmp : Match on catch block at 0xc3 in for 0x99
01-23 21:45:59.715 22280 22280 E ArmVmp : Match on catch block at 0xc3 in for 0x91
01-23 21:45:59.723 22280 22280 E ArmVmp : Match on catch block at 0xc3 in for 0x95
01-23 21:45:59.757 22280 22280 E ArmVmp : Match on catch block at 0xc3 in for 0x95
01-23 21:45:59.765 22280 22280 E ArmVmp : Match on catch block at 0xc3 in for 0x99
01-23 21:45:59.781 22280 22280 E ArmVmp : Match on catch block at 0xc3 in for 0x99
01-23 21:45:59.787 22280 22280 E ArmVmp : Match on catch block at 0xc3 in for 0x91
01-23 21:45:59.865 22280 22280 W ViewRootImpl[MediaViewActivity]: Dropping event due to no window focus: MotionEvent { action=ACTION_DOWN, actionButton=0, id[0]=0, x[0]=379.47296, y[0]=1093.3167, toolType[0]=TOOL_TYPE_FINGER, buttonState=0, classification=NONE, metaState=0, flags=0x80002, edgeFlags=0x0, pointerCount=1, historySize=0, eventTime=437318659, downTime=437318659, deviceId=4, source=0x1002, displayId=0 }
01-23 21:45:59.938 22280 22280 W ViewRootImpl[MediaViewActivity]: Cancelling event due to no window focus: MotionEvent { action=ACTION_CANCEL, actionButton=0, id[0]=0, x[0]=379.47296, y[0]=1093.3167, toolType[0]=TOOL_TYPE_FINGER, buttonState=0, classification=NONE, metaState=0, flags=0x80002, edgeFlags=0x0, pointerCount=1, historySize=0, eventTime=437318733, downTime=437318659, deviceId=4, source=0x1002, displayId=0 }
01-23 21:45:59.938 22280 22280 W ViewRootImpl[MediaViewActivity]: Cancelling event due to no window focus: MotionEvent { action=ACTION_CANCEL, actionButton=0, id[0]=0, x[0]=379.47296, y[0]=1093.3167, toolType[0]=TOOL_TYPE_FINGER, buttonState=0, classification=NONE, metaState=0, flags=0x80002, edgeFlags=0x0, pointerCount=1, historySize=0, eventTime=437318733, downTime=437318659, deviceId=4, source=0x1002, displayId=0 }
01-23 21:46:02.540 22280 22280 W Choreographer: OPTS_INPUT: First frame was drawed before optimized, so skip!
01-23 21:46:03.952 22280 22280 E ArmVmp : Match on catch block at 0xc3 in for 0x91
01-23 21:46:03.957 22280 22280 E ArmVmp : Match on catch block at 0xc3 in for 0x95
01-23 21:46:03.982 22280 22280 E ArmVmp : Match on catch block at 0xc3 in for 0x91
01-23 21:46:03.988 22280 22280 E ArmVmp : Match on catch block at 0xc3 in for 0x95
01-23 21:46:04.270 22280 22280 E ArmVmp : Match on catch block at 0xc3 in for 0x91
01-23 21:46:04.275 22280 22280 E ArmVmp : Match on catch block at 0xc3 in for 0x95
01-23 21:46:04.299 22280 22280 E ArmVmp : Match on catch block at 0xc3 in for 0x91
01-23 21:46:04.306 22280 22280 E ArmVmp : Match on catch block at 0xc3 in for 0x95
01-23 21:46:05.859 22280 22280 E ArmVmp : Match on catch block at 0xc3 in for 0x91
01-23 21:46:05.867 22280 22280 E ArmVmp : Match on catch block at 0xc3 in for 0x95
01-23 21:46:05.886 22280 22280 E ArmVmp : Match on catch block at 0xc3 in for 0x95
01-23 21:46:05.896 22280 22280 E ArmVmp : Match on catch block at 0xc3 in for 0x99
01-23 21:46:05.914 22280 22280 E ArmVmp : Match on catch block at 0xc3 in for 0x99
01-23 21:46:05.922 22280 22280 E ArmVmp : Match on catch block at 0xc3 in for 0x91
01-23 21:46:05.942 22280 22280 E ArmVmp : Match on catch block at 0xc3 in for 0x91
01-23 21:46:05.951 22280 22280 E ArmVmp : Match on catch block at 0xc3 in for 0x95
01-23 21:46:05.986 22280 22280 E ArmVmp : Match on catch block at 0xc3 in for 0x95
01-23 21:46:05.995 22280 22280 E ArmVmp : Match on catch block at 0xc3 in for 0x99
01-23 21:46:06.019 22280 22280 E ArmVmp : Match on catch block at 0xc3 in for 0x99
01-23 21:46:06.026 22280 22280 E ArmVmp : Match on catch block at 0xc3 in for 0x91
01-23 21:46:06.035 22280 22280 E ArmVmp : Match on catch block at 0xc3 in for 0x91
01-23 21:46:06.041 22280 22280 E ArmVmp : Match on catch block at 0xc3 in for 0x95
01-23 21:46:06.060 22280 22280 E ArmVmp : Match on catch block at 0xc3 in for 0x95
01-23 21:46:06.067 22280 22280 E ArmVmp : Match on catch block at 0xc3 in for 0x99
01-23 21:46:06.085 22280 22280 E ArmVmp : Match on catch block at 0xc3 in for 0x99
01-23 21:46:06.094 22280 22280 E ArmVmp : Match on catch block at 0xc3 in for 0x91
01-23 21:46:06.114 22280 22280 E ArmVmp : Match on catch block at 0xc3 in for 0x91
01-23 21:46:06.121 22280 22280 E ArmVmp : Match on catch block at 0xc3 in for 0x95
01-23 21:46:06.369 22280 22280 E ArmVmp : Match on catch block at 0xc3 in for 0x95
01-23 21:46:06.378 22280 22280 E ArmVmp : Match on catch block at 0xc3 in for 0x99
01-23 21:46:06.406 22280 22280 E ArmVmp : Match on catch block at 0xc3 in for 0x99
01-23 21:46:06.412 22280 22280 E ArmVmp : Match on catch block at 0xc3 in for 0x91
01-23 21:46:06.432 22280 22280 E ArmVmp : Match on catch block at 0xc3 in for 0x91
01-23 21:46:06.439 22280 22280 E ArmVmp : Match on catch block at 0xc3 in for 0x95
01-23 21:46:06.576 22280 22280 E ArmVmp : Match on catch block at 0xc3 in for 0x99
01-23 21:46:06.582 22280 22280 E ArmVmp : Match on catch block at 0xc3 in for 0x91
01-23 21:46:06.614 22280 22280 W Choreographer: OPTS_INPUT: First frame was drawed before optimized, so skip!
01-23 21:46:06.620 22280 22280 E ArmVmp : Match on catch block at 0xc3 in for 0x95
01-23 21:46:06.625 22280 22280 E ArmVmp : Match on catch block at 0xc3 in for 0x99
01-23 21:46:06.634 22280 22280 E ArmVmp : Match on catch block at 0xc3 in for 0x99
01-23 21:46:06.640 22280 22280 E ArmVmp : Match on catch block at 0xc3 in for 0x91
01-23 21:46:06.648 22280 22280 E ArmVmp : Match on catch block at 0xc3 in for 0x91
01-23 21:46:06.654 22280 22280 E ArmVmp : Match on catch block at 0xc3 in for 0x95
01-23 21:46:06.664 22280 22280 E ArmVmp : Match on catch block at 0xc3 in for 0x95
01-23 21:46:06.669 22280 22280 E ArmVmp : Match on catch block at 0xc3 in for 0x99
01-23 21:46:06.743 22280 22280 E ArmVmp : Match on catch block at 0xc3 in for 0x91
01-23 21:46:06.748 22280 22280 E ArmVmp : Match on catch block at 0xc3 in for 0x95
01-23 21:46:06.757 22280 22280 E ArmVmp : Match on catch block at 0xc3 in for 0x99
01-23 21:46:06.762 22280 22280 E ArmVmp : Match on catch block at 0xc3 in for 0x91
01-23 21:46:06.784 22280 22280 E ArmVmp : Match on catch block at 0xc3 in for 0x91
01-23 21:46:06.789 22280 22280 E ArmVmp : Match on catch block at 0xc3 in for 0x95
01-23 21:46:06.832 22280 22280 E ArmVmp : Match on catch block at 0xc3 in for 0x99
01-23 21:46:06.837 22280 22280 E ArmVmp : Match on catch block at 0xc3 in for 0x91
01-23 21:46:06.862 22280 22280 E ArmVmp : Match on catch block at 0xc3 in for 0x91
01-23 21:46:06.867 22280 22280 E ArmVmp : Match on catch block at 0xc3 in for 0x95
01-23 21:46:06.885 22280 22280 E ArmVmp : Match on catch block at 0xc3 in for 0x95
01-23 21:46:06.889 22280 22280 E ArmVmp : Match on catch block at 0xc3 in for 0x99
01-23 21:46:06.907 22280 22280 E ArmVmp : Match on catch block at 0xc3 in for 0x91
01-23 21:46:06.912 22280 22280 E ArmVmp : Match on catch block at 0xc3 in for 0x95
01-23 21:46:06.931 22280 22280 E ArmVmp : Match on catch block at 0xc3 in for 0x99
01-23 21:46:06.935 22280 22280 E ArmVmp : Match on catch block at 0xc3 in for 0x91
01-23 21:46:06.954 22280 22280 E ArmVmp : Match on catch block at 0xc3 in for 0x99
01-23 21:46:06.958 22280 22280 E ArmVmp : Match on catch block at 0xc3 in for 0x91
01-23 21:46:06.980 22280 22280 E ArmVmp : Match on catch block at 0xc3 in for 0x95
01-23 21:46:06.984 22280 22280 E ArmVmp : Match on catch block at 0xc3 in for 0x99
01-23 21:46:06.993 22280 22280 E ArmVmp : Match on catch block at 0xc3 in for 0x91
01-23 21:46:06.999 22280 22280 E ArmVmp : Match on catch block at 0xc3 in for 0x95
01-23 21:46:07.008 22280 22280 E ArmVmp : Match on catch block at 0xc3 in for 0x99
01-23 21:46:07.014 22280 22280 E ArmVmp : Match on catch block at 0xc3 in for 0x91
01-23 21:46:07.035 22280 22280 E ArmVmp : Match on catch block at 0xc3 in for 0x95
01-23 21:46:07.040 22280 22280 E ArmVmp : Match on catch block at 0xc3 in for 0x99
01-23 21:46:07.062 22280 22280 E ArmVmp : Match on catch block at 0xc3 in for 0x99
01-23 21:46:07.067 22280 22280 E ArmVmp : Match on catch block at 0xc3 in for 0x91
01-23 21:46:07.075 22280 22280 E ArmVmp : Match on catch block at 0xc3 in for 0x95
01-23 21:46:07.081 22280 22280 E ArmVmp : Match on catch block at 0xc3 in for 0x99
01-23 21:46:07.091 22280 22280 E ArmVmp : Match on catch block at 0xc3 in for 0x91
01-23 21:46:07.096 22280 22280 E ArmVmp : Match on catch block at 0xc3 in for 0x95
01-23 21:46:07.120 22280 22280 E ArmVmp : Match on catch block at 0xc3 in for 0x95
01-23 21:46:07.126 22280 22280 E ArmVmp : Match on catch block at 0xc3 in for 0x99
01-23 21:46:07.134 22280 22280 E ArmVmp : Match on catch block at 0xc3 in for 0x91
01-23 21:46:07.140 22280 22280 E ArmVmp : Match on catch block at 0xc3 in for 0x95
01-23 21:46:07.148 22280 22280 E ArmVmp : Match on catch block at 0xc3 in for 0x99
01-23 21:46:07.154 22280 22280 E ArmVmp : Match on catch block at 0xc3 in for 0x91
01-23 21:46:07.162 22280 22280 E ArmVmp : Match on catch block at 0xc3 in for 0x95
01-23 21:46:07.167 22280 22280 E ArmVmp : Match on catch block at 0xc3 in for 0x99
01-23 21:46:07.175 22280 22280 E ArmVmp : Match on catch block at 0xc3 in for 0x91
01-23 21:46:07.181 22280 22280 E ArmVmp : Match on catch block at 0xc3 in for 0x95
01-23 21:46:07.207 22280 22280 E ArmVmp : Match on catch block at 0xc3 in for 0x99
01-23 21:46:07.212 22280 22280 E ArmVmp : Match on catch block at 0xc3 in for 0x91
01-23 21:46:07.221 22280 22280 E ArmVmp : Match on catch block at 0xc3 in for 0x95
01-23 21:46:07.227 22280 22280 E ArmVmp : Match on catch block at 0xc3 in for 0x99
01-23 21:46:07.235 22280 22280 E ArmVmp : Match on catch block at 0xc3 in for 0x91
01-23 21:46:07.241 22280 22280 E ArmVmp : Match on catch block at 0xc3 in for 0x95
01-23 21:46:07.249 22280 22280 E ArmVmp : Match on catch block at 0xc3 in for 0x99
01-23 21:46:07.254 22280 22280 E ArmVmp : Match on catch block at 0xc3 in for 0x91
01-23 21:46:07.261 22280 22280 E ArmVmp : Match on catch block at 0xc3 in for 0x95
01-23 21:46:07.267 22280 22280 E ArmVmp : Match on catch block at 0xc3 in for 0x99
01-23 21:46:07.308 22280 22280 E ArmVmp : Match on catch block at 0xc3 in for 0x95
01-23 21:46:07.313 22280 22280 E ArmVmp : Match on catch block at 0xc3 in for 0x99
01-23 21:46:07.321 22280 22280 E ArmVmp : Match on catch block at 0xc3 in for 0x91
01-23 21:46:07.328 22280 22280 E ArmVmp : Match on catch block at 0xc3 in for 0x95
01-23 21:46:07.338 22280 22280 E ArmVmp : Match on catch block at 0xc3 in for 0x99
01-23 21:46:07.345 22280 22280 E ArmVmp : Match on catch block at 0xc3 in for 0x91
01-23 21:46:07.355 22280 22280 E ArmVmp : Match on catch block at 0xc3 in for 0x95
01-23 21:46:07.360 22280 22280 E ArmVmp : Match on catch block at 0xc3 in for 0x99
01-23 21:46:07.371 22280 22280 E ArmVmp : Match on catch block at 0xc3 in for 0x91
01-23 21:46:07.375 22280 22280 E ArmVmp : Match on catch block at 0xc3 in for 0x95
01-23 21:46:07.402 22280 22280 E ArmVmp : Match on catch block at 0xc3 in for 0x95
01-23 21:46:07.407 22280 22280 E ArmVmp : Match on catch block at 0xc3 in for 0x99
01-23 21:46:07.415 22280 22280 E ArmVmp : Match on catch block at 0xc3 in for 0x91
01-23 21:46:07.421 22280 22280 E ArmVmp : Match on catch block at 0xc3 in for 0x95
01-23 21:46:07.429 22280 22280 E ArmVmp : Match on catch block at 0xc3 in for 0x99
01-23 21:46:07.435 22280 22280 E ArmVmp : Match on catch block at 0xc3 in for 0x91
01-23 21:46:07.444 22280 22280 E ArmVmp : Match on catch block at 0xc3 in for 0x95
01-23 21:46:07.448 22280 22280 E ArmVmp : Match on catch block at 0xc3 in for 0x99
01-23 21:46:07.469 22280 22280 E ArmVmp : Match on catch block at 0xc3 in for 0x91
01-23 21:46:07.474 22280 22280 E ArmVmp : Match on catch block at 0xc3 in for 0x95
01-23 21:46:07.483 22280 22280 E ArmVmp : Match on catch block at 0xc3 in for 0x99
01-23 21:46:07.489 22280 22280 E ArmVmp : Match on catch block at 0xc3 in for 0x91
01-23 21:46:07.520 22280 22280 E ArmVmp : Match on catch block at 0xc3 in for 0x95
01-23 21:46:07.526 22280 22280 E ArmVmp : Match on catch block at 0xc3 in for 0x99
01-23 21:46:07.550 22280 22280 E ArmVmp : Match on catch block at 0xc3 in for 0x91
01-23 21:46:07.555 22280 22280 E ArmVmp : Match on catch block at 0xc3 in for 0x95
01-23 21:46:07.689 22280 22280 E ArmVmp : Match on catch block at 0xc3 in for 0x99
01-23 21:46:07.694 22280 22280 E ArmVmp : Match on catch block at 0xc3 in for 0x91
01-23 21:46:07.946 22280 22280 E ArmVmp : Match on catch block at 0xc3 in for 0x99
01-23 21:46:07.952 22280 22280 E ArmVmp : Match on catch block at 0xc3 in for 0x91
01-23 21:46:07.964 22280 22280 E ArmVmp : Match on catch block at 0xc3 in for 0x91
01-23 21:46:07.970 22280 22280 E ArmVmp : Match on catch block at 0xc3 in for 0x95
01-23 21:46:07.979 22280 22280 E ArmVmp : Match on catch block at 0xc3 in for 0x95
01-23 21:46:07.986 22280 22280 E ArmVmp : Match on catch block at 0xc3 in for 0x99
01-23 21:46:07.996 22280 22280 E ArmVmp : Match on catch block at 0xc3 in for 0x99
01-23 21:46:08.002 22280 22280 E ArmVmp : Match on catch block at 0xc3 in for 0x91
01-23 21:46:08.014 22280 22280 E ArmVmp : Match on catch block at 0xc3 in for 0x91
01-23 21:46:08.020 22280 22280 E ArmVmp : Match on catch block at 0xc3 in for 0x95
01-23 21:46:08.028 22280 22280 E ArmVmp : Match on catch block at 0xc3 in for 0x95
01-23 21:46:08.035 22280 22280 E ArmVmp : Match on catch block at 0xc3 in for 0x99
01-23 21:46:08.045 22280 22280 E ArmVmp : Match on catch block at 0xc3 in for 0x99
01-23 21:46:08.052 22280 22280 E ArmVmp : Match on catch block at 0xc3 in for 0x91
01-23 21:46:08.064 22280 22280 E ArmVmp : Match on catch block at 0xc3 in for 0x91
01-23 21:46:08.071 22280 22280 E ArmVmp : Match on catch block at 0xc3 in for 0x95
01-23 21:46:08.079 22280 22280 E ArmVmp : Match on catch block at 0xc3 in for 0x95
01-23 21:46:08.085 22280 22280 E ArmVmp : Match on catch block at 0xc3 in for 0x99
01-23 21:46:08.095 22280 22280 E ArmVmp : Match on catch block at 0xc3 in for 0x99
01-23 21:46:08.101 22280 22280 E ArmVmp : Match on catch block at 0xc3 in for 0x91
01-23 21:46:08.111 22280 22280 E ArmVmp : Match on catch block at 0xc3 in for 0x91
01-23 21:46:08.117 22280 22280 E ArmVmp : Match on catch block at 0xc3 in for 0x95
01-23 21:46:08.128 22280 22280 E ArmVmp : Match on catch block at 0xc3 in for 0x95
01-23 21:46:08.133 22280 22280 E ArmVmp : Match on catch block at 0xc3 in for 0x99
01-23 21:46:08.144 22280 22280 E ArmVmp : Match on catch block at 0xc3 in for 0x99
01-23 21:46:08.150 22280 22280 E ArmVmp : Match on catch block at 0xc3 in for 0x91
01-23 21:46:08.161 22280 22280 E ArmVmp : Match on catch block at 0xc3 in for 0x91
01-23 21:46:08.167 22280 22280 E ArmVmp : Match on catch block at 0xc3 in for 0x95
01-23 21:46:08.177 22280 22280 E ArmVmp : Match on catch block at 0xc3 in for 0x95
01-23 21:46:08.183 22280 22280 E ArmVmp : Match on catch block at 0xc3 in for 0x99
01-23 21:46:08.193 22280 22280 E ArmVmp : Match on catch block at 0xc3 in for 0x99
01-23 21:46:08.199 22280 22280 E ArmVmp : Match on catch block at 0xc3 in for 0x91
01-23 21:46:08.241 22280 22280 E ArmVmp : Match on catch block at 0xc3 in for 0x91
01-23 21:46:08.247 22280 22280 E ArmVmp : Match on catch block at 0xc3 in for 0x95
01-23 21:46:10.424 22280 22339 W RenderInspector: DequeueBuffer time out on com.mbwhatsapp/com.mbwhatsapp.HomeActivity, count=1, avg=19 ms, max=19 ms.
01-23 21:46:13.605 22280 22280 W ActivityThread: handleWindowVisibility: no activity for token android.os.BinderProxy@ea7f4fb
01-23 21:46:13.881 22280 22280 W BottomSheetBehavior: BottomSheetBehavior now supports multiple callbacks. `setBottomSheetCallback()` removes all existing callbacks, including ones set internally by library authors, which may result in unintended behavior. This may change in the future. Please use `addBottomSheetCallback()` and `removeBottomSheetCallback()` instead to set your own callbacks.
01-23 21:46:13.881 22280 22280 W BottomSheetBehavior: BottomSheetBehavior now supports multiple callbacks. `setBottomSheetCallback()` removes all existing callbacks, including ones set internally by library authors, which may result in unintended behavior. This may change in the future. Please use `addBottomSheetCallback()` and `removeBottomSheetCallback()` instead to set your own callbacks.
01-23 21:46:14.170 22280 22280 W BottomSheetBehavior: BottomSheetBehavior now supports multiple callbacks. `setBottomSheetCallback()` removes all existing callbacks, including ones set internally by library authors, which may result in unintended behavior. This may change in the future. Please use `addBottomSheetCallback()` and `removeBottomSheetCallback()` instead to set your own callbacks.
01-23 21:46:14.170 22280 22280 W BottomSheetBehavior: BottomSheetBehavior now supports multiple callbacks. `setBottomSheetCallback()` removes all existing callbacks, including ones set internally by library authors, which may result in unintended behavior. This may change in the future. Please use `addBottomSheetCallback()` and `removeBottomSheetCallback()` instead to set your own callbacks.
01-23 21:46:14.197 22280 22280 W BottomSheetBehavior: BottomSheetBehavior now supports multiple callbacks. `setBottomSheetCallback()` removes all existing callbacks, including ones set internally by library authors, which may result in unintended behavior. This may change in the future. Please use `addBottomSheetCallback()` and `removeBottomSheetCallback()` instead to set your own callbacks.
01-23 21:46:14.197 22280 22280 W BottomSheetBehavior: BottomSheetBehavior now supports multiple callbacks. `setBottomSheetCallback()` removes all existing callbacks, including ones set internally by library authors, which may result in unintended behavior. This may change in the future. Please use `addBottomSheetCallback()` and `removeBottomSheetCallback()` instead to set your own callbacks.
01-23 21:46:14.229 22280 22280 E RecyclerView: No adapter attached; skipping layout
01-23 21:46:14.231 22280 22280 E RecyclerView: No adapter attached; skipping layout
01-23 21:46:14.234 22280 22280 E libc : Access denied finding property "vendor.debug.bq.dump"
01-23 21:46:14.230 22280 22280 W com.mbwhatsapp: type=1400 audit(0.0:259892): avc: denied { read } for name="u:object_r:debug_bq_dump_prop:s0" dev="tmpfs" ino=7162 scontext=u:r:untrusted_app:s0:c201,c256,c512,c768 tcontext=u:object_r:debug_bq_dump_prop:s0 tclass=file permissive=0
01-23 21:46:14.234 22280 22280 E libc : Access denied finding property "vendor.debug.bq.dump"
01-23 21:46:14.230 22280 22280 W com.mbwhatsapp: type=1400 audit(0.0:259893): avc: denied { read } for name="u:object_r:debug_bq_dump_prop:s0" dev="tmpfs" ino=7162 scontext=u:r:untrusted_app:s0:c201,c256,c512,c768 tcontext=u:object_r:debug_bq_dump_prop:s0 tclass=file permissive=0
01-23 21:46:14.235 22280 22280 E libc : Access denied finding property "vendor.debug.bq.dump"
01-23 21:46:14.230 22280 22280 W com.mbwhatsapp: type=1400 audit(0.0:259894): avc: denied { read } for name="u:object_r:debug_bq_dump_prop:s0" dev="tmpfs" ino=7162 scontext=u:r:untrusted_app:s0:c201,c256,c512,c768 tcontext=u:object_r:debug_bq_dump_prop:s0 tclass=file permissive=0
01-23 21:46:14.266 22280 22606 W AudioCapabilities: Unsupported mime audio/x-adpcm- ms
01-23 21:46:14.267 22280 22606 W AudioCapabilities: Unsupported mime audio/x-adpcm- dvi-ima
01-23 21:46:14.267 22280 22606 W AudioCapabilities: Unsupported mime audio/alac
01-23 21:46:14.267 22280 22606 W AudioCapabilities: Unsupported mime audio/ape
01-23 21:46:14.288 22280 22606 W VideoCapabilities: Unrecognized profile/level 1/32 for video/mp4v-es
01-23 21:46:14.288 22280 22606 W VideoCapabilities: Unrecognized profile/level 32768/2 for video/mp4v-es
01-23 21:46:14.288 22280 22606 W VideoCapabilities: Unrecognized profile/level 32768/64 for video/mp4v-es
01-23 21:46:14.295 22280 22606 W VideoCapabilities: Unsupported mime video/xvid
01-23 21:46:14.295 22280 22280 W Looper : Slow Looper main: doFrame is 389ms late because of 15 msg, msg 8 took 341ms (seq=2242 running=255ms runnable=2ms io=36ms reclaim=6ms late=105ms h=android.os.AsyncTask$InternalHandler w=1)
01-23 21:46:14.301 22280 22606 W VideoCapabilities: Unrecognized profile/level 1/32 for video/mp4v-es
01-23 21:46:14.318 22280 22280 W pool-5-thread-1: type=1400 audit(0.0:259895): avc: granted { execute } for path="/data/data/com.mbwhatsapp/files/decompressed/libs.spk.zst/libgifimage.so" dev="mmcblk0p41" ino=71517 scontext=u:r:untrusted_app:s0:c201,c256,c512,c768 tcontext=u:object_r:app_data_file:s0:c201,c256,c512,c768 tclass=file
01-23 21:46:14.468 22280 22622 E libc : Access denied finding property "vendor.debug.bq.dump"
01-23 21:46:14.466 22280 22280 W ExoPlayer:Dummy: type=1400 audit(0.0:259897): avc: denied { read } for name="u:object_r:debug_bq_dump_prop:s0" dev="tmpfs" ino=7162 scontext=u:r:untrusted_app:s0:c201,c256,c512,c768 tcontext=u:object_r:debug_bq_dump_prop:s0 tclass=file permissive=0
01-23 21:46:14.469 22280 22622 E libc : Access denied finding property "vendor.debug.bq.dump"
01-23 21:46:14.469 22280 22622 E libc : Access denied finding property "vendor.debug.bq.dump"
01-23 21:46:14.480 22280 22610 E MtkACodec: setConfig(OMX_CONFIG_ROTATIONTYPE) returned error 0xfffffc0e
01-23 21:46:14.480 22280 22610 E ACodec : [OMX.MTK.VIDEO.DECODER.AVC] failed to setViLTEParameters 1
01-23 21:46:14.521 22280 22339 W RenderInspector: QueueBuffer time out on com.mbwhatsapp/com.mbwhatsapp.status.playback.StatusPlaybackActivity, count=1, avg=19 ms, max=19 ms.
01-23 21:46:14.550 22280 22610 W ACodec : [OMX.MTK.VIDEO.DECODER.AVC] setting nBufferCountActual to 8 failed: -22
01-23 21:46:14.593 22280 22610 W ACodec : [OMX.MTK.VIDEO.DECODER.AVC] setting nBufferCountActual to 16 failed: -22
01-23 21:46:14.831 22280 22624 W Codec2Client: query -- param skipped: index = 1107298332.
01-23 21:46:14.831 22280 22624 W CCodec : This behavior is subject to change. It is recommended that app developers double check whether the requested max input size is in reasonable range.
01-23 21:46:14.833 22280 22624 W Codec2Client: query -- param skipped: index = 1342179345.
01-23 21:46:14.833 22280 22624 W Codec2Client: query -- param skipped: index = 2415921170.
01-23 21:46:14.833 22280 22624 W Codec2Client: query -- param skipped: index = 1610614798.
01-23 21:46:14.859 22280 22610 W ACodec : Failed to set ANW_HWComposer to OMX, ignoring (-2147483648)
01-23 21:46:15.544 22280 22624 W Codec2Client: query -- param skipped: index = 1342179345.
01-23 21:46:15.544 22280 22624 W Codec2Client: query -- param skipped: index = 2415921170.
01-23 21:46:15.544 22280 22624 W Codec2Client: query -- param skipped: index = 1610614798.
01-23 21:46:15.580 22280 22339 W RefBase : CallStack::getCurrentInternal not linked, returning null
01-23 21:46:15.580 22280 22339 W RefBase : CallStack::logStackInternal not linked
01-23 21:46:15.581 22280 22339 W RefBase : CallStack::getCurrentInternal not linked, returning null
01-23 21:46:15.581 22280 22339 W RefBase : CallStack::logStackInternal not linked
01-23 21:46:15.582 22280 22339 W RefBase : CallStack::getCurrentInternal not linked, returning null
01-23 21:46:15.582 22280 22339 W RefBase : CallStack::logStackInternal not linked
01-23 21:46:15.584 22280 22339 W RefBase : CallStack::getCurrentInternal not linked, returning null
01-23 21:46:15.584 22280 22339 W RefBase : CallStack::logStackInternal not linked
01-23 21:46:15.585 22280 22280 W BottomSheetBehavior: BottomSheetBehavior now supports multiple callbacks. `setBottomSheetCallback()` removes all existing callbacks, including ones set internally by library authors, which may result in unintended behavior. This may change in the future. Please use `addBottomSheetCallback()` and `removeBottomSheetCallback()` instead to set your own callbacks.
01-23 21:46:15.585 22280 22280 W BottomSheetBehavior: BottomSheetBehavior now supports multiple callbacks. `setBottomSheetCallback()` removes all existing callbacks, including ones set internally by library authors, which may result in unintended behavior. This may change in the future. Please use `addBottomSheetCallback()` and `removeBottomSheetCallback()` instead to set your own callbacks.
01-23 21:46:15.585 22280 22339 W RefBase : CallStack::getCurrentInternal not linked, returning null
01-23 21:46:15.585 22280 22339 W RefBase : CallStack::logStackInternal not linked
01-23 21:46:15.586 22280 22339 W RefBase : CallStack::getCurrentInternal not linked, returning null
01-23 21:46:15.586 22280 22339 W RefBase : CallStack::logStackInternal not linked
01-23 21:46:15.587 22280 22339 W RefBase : CallStack::getCurrentInternal not linked, returning null
01-23 21:46:15.587 22280 22339 W RefBase : CallStack::logStackInternal not linked
01-23 21:46:15.588 22280 22339 W RefBase : CallStack::getCurrentInternal not linked, returning null
01-23 21:46:15.588 22280 22339 W RefBase : CallStack::logStackInternal not linked
