01-23 21:09:45.346 4576 4576 W Looper : Slow Looper main: doFrame is 632ms late because of 2 msg, msg 2 took 629ms (seq=2560 running=329ms runnable=3ms io=253ms late=28ms h=android.view.ViewRootImpl$ViewRootHandler c=android.view.View$PerformClick)
01-23 21:09:58.726 4576 4576 W Activity: Slow Operation: Activity com.mbwhatsapp/.HomeActivity onStop took 139ms
01-23 21:10:00.409 4576 4576 W Looper : Slow Looper main: doFrame is 322ms late because of 1 msg, msg 1 took 451ms (seq=2974 running=33ms runnable=2ms io=399ms late=1ms h=X.10F w=5) --------- beginning of main
01-23 21:14:08.242 9091 9091 E com.mbwhatsapp: Not starting debugger since process cannot load the jdwp agent.
01-23 21:14:08.512 9091 9091 W ResourceType: CREATING STRING CACHE OF 96 bytes
01-23 21:14:08.584 9091 9091 W System.err: java.lang.ClassNotFoundException: mbmodsd.mbmodsw.ui.views.btn.BtnBK
01-23 21:14:08.600 9091 9091 W System.err: at java.lang.Runtime.nativeLoad(Native Method)
01-23 21:14:08.600 9091 9091 W System.err: at java.lang.Runtime.nativeLoad(Runtime.java:1115)
01-23 21:14:08.600 9091 9091 W System.err: at java.lang.Runtime.loadLibrary0(Runtime.java:1069)
01-23 21:14:08.600 9091 9091 W System.err: at java.lang.Runtime.loadLibrary0(Runtime.java:1007)
01-23 21:14:08.600 9091 9091 W System.err: at java.lang.System.loadLibrary(System.java:1667)
01-23 21:14:08.600 9091 9091 W System.err: at arm.EpicVm.<clinit>(Unknown Source:2)
01-23 21:14:08.600 9091 9091 W System.err: at java.lang.Class.newInstance(Native Method)
01-23 21:14:08.600 9091 9091 W System.err: at android.app.AppComponentFactory.instantiateApplication(AppComponentFactory.java:76)
01-23 21:14:08.600 9091 9091 W System.err: at androidx.core.app.CoreComponentFactory.instantiateApplication(Unknown Source:0)
01-23 21:14:08.600 9091 9091 W System.err: at android.app.Instrumentation.newApplication(Instrumentation.java:1155)
01-23 21:14:08.600 9091 9091 W System.err: at android.app.LoadedApk.makeApplication(LoadedApk.java:1224)
01-23 21:14:08.600 9091 9091 W System.err: at android.app.ActivityThread.handleBindApplication(ActivityThread.java:6574)
01-23 21:14:08.600 9091 9091 W System.err: at android.app.ActivityThread.access$1500(ActivityThread.java:235)
01-23 21:14:08.600 9091 9091 W System.err: at android.app.ActivityThread$H.handleMessage(ActivityThread.java:1916)
01-23 21:14:08.600 9091 9091 W System.err: at android.os.Handler.dispatchMessage(Handler.java:107)
01-23 21:14:08.600 9091 9091 W System.err: at android.os.Looper.loop(Looper.java:225)
01-23 21:14:08.600 9091 9091 W System.err: at android.app.ActivityThread.main(ActivityThread.java:7563)
01-23 21:14:08.600 9091 9091 W System.err: at java.lang.reflect.Method.invoke(Native Method)
01-23 21:14:08.600 9091 9091 W System.err: at com.android.internal.os.RuntimeInit$MethodAndArgsCaller.run(RuntimeInit.java:539)
01-23 21:14:08.600 9091 9091 W System.err: at com.android.internal.os.ZygoteInit.main(ZygoteInit.java:994)
01-23 21:14:08.645 9091 9091 E CustomActivityOnCrash: IMPORTANT WARNING! You already have an UncaughtExceptionHandler, are you sure this is correct? If you use a custom UncaughtExceptionHandler, you must initialize it AFTER CustomActivityOnCrash! Installing anyway, but your original handler will not be called.
01-23 21:14:08.730 9091 9091 E libc : Access denied finding property "ro.vendor.df.effect.conflict"
01-23 21:14:09.433 9091 9091 W SigquitBasedANRDetector: Could not open target lib: libart.so
01-23 21:14:09.433 9091 9091 W SigquitBasedANRDetector: Failed to load lib
01-23 21:14:09.526 9091 9149 W com.mbwhatsapp: Class X.2rL failed lock verification and will run slower.
01-23 21:14:09.526 9091 9149 W com.mbwhatsapp: Common causes for lock verification issues are non-optimized dex code
01-23 21:14:09.526 9091 9149 W com.mbwhatsapp: and incorrect proguard optimizations.
01-23 21:14:09.568 9091 9091 W Looper : Slow Looper main: Long Msg: seq=2 plan=21:14:08.315 late=11ms wall=1213ms running=581ms runnable=6ms io=478ms swapin=41ms reclaim=17ms h=android.app.ActivityThread$H w=110
01-23 21:14:09.620 9091 9091 W com.mbwhatsapp: Class com.mbwhatsapp.HomeActivity failed lock verification and will run slower.
01-23 21:14:09.632 9091 9091 W com.mbwhatsapp: Class X.0eU failed lock verification and will run slower.
01-23 21:14:10.259 9091 9091 E ArmVmp : Match on catch block at 0x0a in for 0xb1
01-23 21:14:10.288 9091 9091 E ArmVmp : Match on catch block at 0x0a in for 0x121
01-23 21:14:10.473 9091 9091 W Activity: Slow Operation: Activity com.mbwhatsapp/.HomeActivity onCreate took 807ms
01-23 21:14:10.635 9091 9091 W Activity: Slow Operation: Activity com.mbwhatsapp/.HomeActivity onStart took 159ms
01-23 21:14:10.699 9091 9171 W LOTTIE : Animation contains merge paths. Merge paths are only supported on KitKat+ and must be manually enabled by calling enableMergePathsForKitKatAndAbove().
01-23 21:14:10.746 9091 9091 W Looper : Slow Looper main: Long Msg: seq=3 plan=21:14:08.318 late=1250ms wall=1177ms running=858ms runnable=23ms io=145ms reclaim=6ms h=android.app.ActivityThread$H w=159
01-23 21:14:10.747 9091 9091 W Looper : Slow Looper main: Activity com.mbwhatsapp/.HomeActivity is 1250ms late (wall=1177ms running=858ms ClientTransaction{ callbacks=[android.app.servertransaction.LaunchActivityItem] lifecycleRequest=android.app.servertransaction.ResumeActivityItem }) because of 2 msg, msg 2 took 1213ms (seq=2 running=581ms runnable=6ms io=478ms swapin=41ms reclaim=17ms late=11ms h=android.app.ActivityThread$H w=110)
01-23 21:14:10.747 9091 9091 W Looper : Slow Looper main: Activity com.mbwhatsapp/.HomeActivity is 2428ms late (wall=0ms running=0ms ClientTransaction{ callbacks=[android.app.servertransaction.TopResumedActivityChang eItem] }) because of 3 msg, msg 2 took 1213ms (seq=2 running=581ms runnable=6ms io=478ms swapin=41ms reclaim=17ms late=11ms h=android.app.ActivityThread$H w=110), msg 3 took 1177ms (seq=3 running=858ms runnable=23ms io=145ms reclaim=6ms late=1250ms h=android.app.ActivityThread$H w=159)
01-23 21:14:10.782 9091 9091 W Looper : Slow Looper main: Activity com.mbwhatsapp/.HomeActivity is 477ms late (wall=1ms running=2ms ClientTransaction{ callbacks=[android.app.servertransaction.TopResumedActivityChangeItem] }) because of 16 msg, msg 1 took 1177ms (seq=3 running=858ms runnable=23ms io=145ms reclaim=6ms late=1250ms h=android.app.ActivityThread$H w=159)
01-23 21:14:10.807 9091 9091 W Looper : Slow Looper main: Activity com.mbwhatsapp/.HomeActivity is 478ms late (wall=26ms running=13ms ClientTransaction{ lifecycleRequest=android.app.servertransaction.PauseActivityItem }) because of 17 msg, msg 1 took 1177ms (seq=3 running=858ms runnable=23ms io=145ms reclaim=6ms late=1250ms h=android.app.ActivityThread$H w=159)
01-23 21:14:10.834 9091 9091 W LOTTIE : Animation contains merge paths but they are disabled.
01-23 21:14:11.620 9091 9091 E RecyclerView: No adapter attached; skipping layout
01-23 21:14:11.685 9091 9154 W Gralloc3: mapper 3.x is not supported
01-23 21:14:11.694 9091 9154 E ion : ioctl c0044901 failed with code -1: Invalid argument
01-23 21:14:11.875 9091 9091 W Looper : Slow Looper main: Long Msg: seq=46 plan=21:14:10.740 late=96ms wall=1039ms running=620ms runnable=56ms io=97ms reclaim=1ms h=android.view.Choreographer$FrameHandler c=android.view.Choreographer$FrameDisplayEventReceiver
01-23 21:14:11.982 9091 9091 E ArmVmp : Match on catch block at 0x0a in for 0xc9
01-23 21:14:12.007 9091 9091 W Looper : Slow Looper main: Activity com.mbwhatsapp/mbmodsd.mbmodsw.mbsettings.yo.PauseActivity is 1162ms late (wall=39ms running=16ms ClientTransaction{ callbacks=[android.app.servertransaction.LaunchActivityItem] lifecycleRequest=android.app.servertransaction.PauseActivityItem }) because of 32 msg, msg 27 took 1039ms (seq=46 running=620ms runnable=56ms io=97ms reclaim=1ms late=96ms h=android.view.Choreographer$FrameHandler c=android.view.Choreographer$FrameDisplayEventReceiver), msg 32 took 70ms (seq=51 running=8ms runnable=2ms late=1116ms h=X.10F w=0)
01-23 21:14:12.184 9091 9091 E RecyclerView: No adapter attached; skipping layout
01-23 21:14:12.200 9091 9091 W Looper : Slow Looper main: doFrame is 1153ms late because of 9 msg, msg 1 took 1039ms (seq=46 running=620ms runnable=56ms io=97ms reclaim=1ms late=96ms h=android.view.Choreographer$FrameHandler c=android.view.Choreographer$FrameDisplayEventReceiver), msg 6 took 70ms (seq=51 running=8ms runnable=2ms late=1116ms h=X.10F w=0)
01-23 21:14:12.250 9091 9091 W Looper : Slow Looper main: Activity com.mbwhatsapp/mbmodsd.mbmodsw.mbsettings.yo.PauseActivity is 383ms late (wall=0ms running=0ms ClientTransaction{ callbacks=[android.app.servertransaction.TopResumedActivityChang eItem] }) because of 84 msg, msg 1 took 1039ms (seq=46 running=620ms runnable=56ms io=97ms reclaim=1ms late=96ms h=android.view.Choreographer$FrameHandler c=android.view.Choreographer$FrameDisplayEventReceiver), msg 6 took 70ms (seq=51 running=8ms runnable=2ms late=1116ms h=X.10F w=0), msg 10 took 193ms (seq=55 running=152ms runnable=8ms io=14ms late=1153ms h=android.view.Choreographer$FrameHandler c=android.view.Choreographer$FrameDisplayEventReceiver)
01-23 21:14:12.251 9091 9091 W Looper : Slow Looper main: Activity com.mbwhatsapp/mbmodsd.mbmodsw.mbsettings.yo.PauseActivity is 378ms late (wall=2ms running=2ms ClientTransaction{ lifecycleRequest=android.app.servertransaction.ResumeActivityIte m }) because of 85 msg, msg 1 took 1039ms (seq=46 running=620ms runnable=56ms io=97ms reclaim=1ms late=96ms h=android.view.Choreographer$FrameHandler c=android.view.Choreographer$FrameDisplayEventReceiver), msg 6 took 70ms (seq=51 running=8ms runnable=2ms late=1116ms h=X.10F w=0), msg 10 took 193ms (seq=55 running=152ms runnable=8ms io=14ms late=1153ms h=android.view.Choreographer$FrameHandler c=android.view.Choreographer$FrameDisplayEventReceiver)
01-23 21:14:12.628 9091 9091 W ActivityThread: handleWindowVisibility: no activity for token android.os.BinderProxy@1dc0250
01-23 21:14:12.888 9091 9091 W Looper : Slow Looper main: Activity com.mbwhatsapp/.backup.google.GoogleDriveNewUserSetupActivity is 315ms late (wall=0ms running=0ms ClientTransaction{ callbacks=[android.app.servertransaction.TopResumedActivityChang eItem] }) because of 18 msg, msg 18 took 260ms (seq=186 running=212ms runnable=3ms io=9ms swapin=2ms reclaim=2ms late=55ms h=android.app.ActivityThread$H w=159)
01-23 21:14:15.121 9091 9154 W RenderInspector: QueueBuffer time out on com.mbwhatsapp/com.mbwhatsapp.HomeActivity, count=1, avg=16 ms, max=16 ms.
01-23 21:14:15.258 9091 9116 W LibraryVersion: Failed to get app version for libraryName: firebase-iid
01-23 21:14:15.992 9091 9091 W ActivityThread: handleWindowVisibility: no activity for token android.os.BinderProxy@c57ca
01-23 21:14:16.162 9091 9393 W BpBinder: Slow Binder: BpBinder transact took 922 ms, interface=android.app.IActivityManager, code=20 oneway=false
01-23 21:14:16.289 9091 9091 W com.mbwhatsapp: Verification of void X.5pH.A1Z(android.os.Bundle) took 116.420ms
01-23 21:14:17.000 9091 9091 W Activity: Slow Operation: Activity com.mbwhatsapp/.Conversation onCreate took 956ms
01-23 21:14:17.044 9091 9091 E ArmVmp : Match on catch block at 0x0a in for 0xb9
01-23 21:14:17.052 9091 9091 E ArmVmp : Match on catch block at 0x0a in for 0xb9
01-23 21:14:17.125 9091 9091 W Looper : Slow Looper main: Long Msg: seq=503 plan=21:14:15.979 late=12ms wall=1133ms running=805ms runnable=5ms io=186ms reclaim=6ms h=android.app.ActivityThread$H w=159
01-23 21:14:17.125 9091 9091 W Looper : Slow Looper main: Activity com.mbwhatsapp/.Conversation is 1146ms late (wall=0ms running=0ms ClientTransaction{ callbacks=[android.app.servertransaction.TopResumedActivityChang eItem] }) because of 5 msg, msg 5 took 1133ms (seq=503 running=805ms runnable=5ms io=186ms reclaim=6ms late=12ms h=android.app.ActivityThread$H w=159)
01-23 21:14:17.725 9091 9091 E ArmVmp : Match on catch block at 0xc3 in for 0xa5
01-23 21:14:17.736 9091 9091 E ArmVmp : Match on catch block at 0xc3 in for 0xa1
01-23 21:14:17.822 9091 9091 W Looper : Slow Looper main: doFrame is 1137ms late because of 4 msg, msg 1 took 1133ms (seq=503 running=805ms runnable=5ms io=186ms reclaim=6ms late=12ms h=android.app.ActivityThread$H w=159)
01-23 21:14:17.942 9091 9091 E ArmVmp : Match on catch block at 0xc3 in for 0x99
01-23 21:14:17.949 9091 9091 E ArmVmp : Match on catch block at 0xc3 in for 0x95
01-23 21:14:18.004 9091 9091 W Looper : Slow Looper main: doFrame is 750ms late because of 52 msg, msg 1 took 692ms (seq=507 running=559ms runnable=9ms io=19ms late=1137ms h=android.view.Choreographer$FrameHandler c=android.view.Choreographer$FrameDisplayEventReceiver)
01-23 21:14:18.053 9091 9091 E ArmVmp : Match on catch block at 0xc3 in for 0x91
01-23 21:14:18.059 9091 9091 E ArmVmp : Match on catch block at 0xc3 in for 0x95
01-23 21:14:18.098 9091 9091 E ArmVmp : Match on catch block at 0xc3 in for 0x95
01-23 21:14:18.103 9091 9091 E ArmVmp : Match on catch block at 0xc3 in for 0x99
01-23 21:14:18.120 9091 9091 E ArmVmp : Match on catch block at 0xc3 in for 0x99
01-23 21:14:18.126 9091 9091 E ArmVmp : Match on catch block at 0xc3 in for 0x91
01-23 21:14:18.137 9091 9091 E ArmVmp : Match on catch block at 0xc3 in for 0x91
01-23 21:14:18.143 9091 9091 E ArmVmp : Match on catch block at 0xc3 in for 0x95
01-23 21:14:18.153 9091 9091 E ArmVmp : Match on catch block at 0xc3 in for 0x95
01-23 21:14:18.159 9091 9091 E ArmVmp : Match on catch block at 0xc3 in for 0x99
01-23 21:14:18.170 9091 9091 E ArmVmp : Match on catch block at 0xc3 in for 0x99
01-23 21:14:18.175 9091 9091 E ArmVmp : Match on catch block at 0xc3 in for 0x91
01-23 21:14:18.186 9091 9091 E ArmVmp : Match on catch block at 0xc3 in for 0x91
01-23 21:14:18.191 9091 9091 E ArmVmp : Match on catch block at 0xc3 in for 0x95
01-23 21:14:18.203 9091 9091 E ArmVmp : Match on catch block at 0xc3 in for 0x95
01-23 21:14:18.209 9091 9091 E ArmVmp : Match on catch block at 0xc3 in for 0x99
01-23 21:14:18.219 9091 9091 E ArmVmp : Match on catch block at 0xc3 in for 0x99
01-23 21:14:18.224 9091 9091 E ArmVmp : Match on catch block at 0xc3 in for 0x91
01-23 21:14:18.236 9091 9091 E ArmVmp : Match on catch block at 0xc3 in for 0x91
01-23 21:14:18.241 9091 9091 E ArmVmp : Match on catch block at 0xc3 in for 0x95
01-23 21:14:18.252 9091 9091 E ArmVmp : Match on catch block at 0xc3 in for 0x95
01-23 21:14:18.256 9091 9091 E ArmVmp : Match on catch block at 0xc3 in for 0x99
01-23 21:14:18.269 9091 9091 E ArmVmp : Match on catch block at 0xc3 in for 0x99
01-23 21:14:18.274 9091 9091 E ArmVmp : Match on catch block at 0xc3 in for 0x91
01-23 21:14:18.285 9091 9091 E ArmVmp : Match on catch block at 0xc3 in for 0x91
01-23 21:14:18.291 9091 9091 E ArmVmp : Match on catch block at 0xc3 in for 0x95
01-23 21:14:18.301 9091 9091 E ArmVmp : Match on catch block at 0xc3 in for 0x95
01-23 21:14:18.306 9091 9091 E ArmVmp : Match on catch block at 0xc3 in for 0x99
01-23 21:14:18.318 9091 9091 E ArmVmp : Match on catch block at 0xc3 in for 0x99
01-23 21:14:18.323 9091 9091 E ArmVmp : Match on catch block at 0xc3 in for 0x91
01-23 21:14:18.334 9091 9091 E ArmVmp : Match on catch block at 0xc3 in for 0x91
01-23 21:14:18.340 9091 9091 E ArmVmp : Match on catch block at 0xc3 in for 0x95
01-23 21:14:18.351 9091 9091 E ArmVmp : Match on catch block at 0xc3 in for 0x95
01-23 21:14:18.356 9091 9091 E ArmVmp : Match on catch block at 0xc3 in for 0x99
01-23 21:14:18.375 9091 9091 E ArmVmp : Match on catch block at 0xc3 in for 0x99
01-23 21:14:18.380 9091 9091 E ArmVmp : Match on catch block at 0xc3 in for 0x91
01-23 21:14:18.400 9091 9091 E ArmVmp : Match on catch block at 0xc3 in for 0x91
01-23 21:14:18.405 9091 9091 E ArmVmp : Match on catch block at 0xc3 in for 0x95
01-23 21:14:18.417 9091 9091 E ArmVmp : Match on catch block at 0xc3 in for 0x95
01-23 21:14:18.422 9091 9091 E ArmVmp : Match on catch block at 0xc3 in for 0x99
01-23 21:14:18.516 9091 9091 E ArmVmp : Match on catch block at 0xc3 in for 0x99
01-23 21:14:18.521 9091 9091 E ArmVmp : Match on catch block at 0xc3 in for 0x91
01-23 21:14:18.860 9091 9091 E ArmVmp : Match on catch block at 0xc3 in for 0x99
01-23 21:14:18.866 9091 9091 E ArmVmp : Match on catch block at 0xc3 in for 0x91
01-23 21:14:18.875 9091 9091 E ArmVmp : Match on catch block at 0xc3 in for 0x91
01-23 21:14:18.883 9091 9091 E ArmVmp : Match on catch block at 0xc3 in for 0x95
01-23 21:14:19.026 9091 9091 E ArmVmp : Match on catch block at 0xc3 in for 0x95
01-23 21:14:19.034 9091 9091 E ArmVmp : Match on catch block at 0xc3 in for 0x99
01-23 21:14:19.444 9091 9091 E ArmVmp : Match on catch block at 0xc3 in for 0x91
01-23 21:14:19.451 9091 9091 E ArmVmp : Match on catch block at 0xc3 in for 0x95
01-23 21:14:19.481 9091 9091 E ArmVmp : Match on catch block at 0xc3 in for 0x91
01-23 21:14:19.490 9091 9091 E ArmVmp : Match on catch block at 0xc3 in for 0x95
01-23 21:14:19.520 9091 9091 E ArmVmp : Match on catch block at 0xc3 in for 0x95
01-23 21:14:19.526 9091 9091 E ArmVmp : Match on catch block at 0xc3 in for 0x99
01-23 21:14:20.032 9091 9091 E ArmVmp : Match on catch block at 0xc3 in for 0x99
01-23 21:14:20.038 9091 9091 E ArmVmp : Match on catch block at 0xc3 in for 0x91
01-23 21:14:20.526 9091 9091 E ArmVmp : Match on catch block at 0xc3 in for 0x99
01-23 21:14:20.531 9091 9091 E ArmVmp : Match on catch block at 0xc3 in for 0x91
01-23 21:14:20.986 9091 9091 E ArmVmp : Match on catch block at 0xc3 in for 0x91
01-23 21:14:20.991 9091 9091 E ArmVmp : Match on catch block at 0xc3 in for 0x95
01-23 21:14:21.002 9091 9091 E ArmVmp : Match on catch block at 0xc3 in for 0x95
01-23 21:14:21.008 9091 9091 E ArmVmp : Match on catch block at 0xc3 in for 0x99
01-23 21:14:21.020 9091 9091 E ArmVmp : Match on catch block at 0xc3 in for 0x99
01-23 21:14:21.026 9091 9091 E ArmVmp : Match on catch block at 0xc3 in for 0x91
01-23 21:14:21.036 9091 9091 E ArmVmp : Match on catch block at 0xc3 in for 0x91
01-23 21:14:21.043 9091 9091 E ArmVmp : Match on catch block at 0xc3 in for 0x95
01-23 21:14:21.052 9091 9091 E ArmVmp : Match on catch block at 0xc3 in for 0x95
01-23 21:14:21.060 9091 9091 E ArmVmp : Match on catch block at 0xc3 in for 0x99
01-23 21:14:21.069 9091 9091 E ArmVmp : Match on catch block at 0xc3 in for 0x99
01-23 21:14:21.077 9091 9091 E ArmVmp : Match on catch block at 0xc3 in for 0x91
01-23 21:14:21.085 9091 9091 E ArmVmp : Match on catch block at 0xc3 in for 0x91
01-23 21:14:21.093 9091 9091 E ArmVmp : Match on catch block at 0xc3 in for 0x95
01-23 21:14:21.102 9091 9091 E ArmVmp : Match on catch block at 0xc3 in for 0x95
01-23 21:14:21.109 9091 9091 E ArmVmp : Match on catch block at 0xc3 in for 0x99
01-23 21:14:21.118 9091 9091 E ArmVmp : Match on catch block at 0xc3 in for 0x99
01-23 21:14:21.125 9091 9091 E ArmVmp : Match on catch block at 0xc3 in for 0x91
01-23 21:14:21.134 9091 9091 E ArmVmp : Match on catch block at 0xc3 in for 0x91
01-23 21:14:21.142 9091 9091 E ArmVmp : Match on catch block at 0xc3 in for 0x95
01-23 21:14:21.151 9091 9091 E ArmVmp : Match on catch block at 0xc3 in for 0x95
01-23 21:14:21.159 9091 9091 E ArmVmp : Match on catch block at 0xc3 in for 0x99
01-23 21:14:21.168 9091 9091 E ArmVmp : Match on catch block at 0xc3 in for 0x99
01-23 21:14:21.177 9091 9091 E ArmVmp : Match on catch block at 0xc3 in for 0x91
01-23 21:14:21.185 9091 9091 E ArmVmp : Match on catch block at 0xc3 in for 0x91
01-23 21:14:21.194 9091 9091 E ArmVmp : Match on catch block at 0xc3 in for 0x95
01-23 21:14:21.202 9091 9091 E ArmVmp : Match on catch block at 0xc3 in for 0x95
01-23 21:14:21.210 9091 9091 E ArmVmp : Match on catch block at 0xc3 in for 0x99
01-23 21:14:21.218 9091 9091 E ArmVmp : Match on catch block at 0xc3 in for 0x99
01-23 21:14:21.226 9091 9091 E ArmVmp : Match on catch block at 0xc3 in for 0x91
01-23 21:14:21.233 9091 9091 E ArmVmp : Match on catch block at 0xc3 in for 0x91
01-23 21:14:21.241 9091 9091 E ArmVmp : Match on catch block at 0xc3 in for 0x95
01-23 21:14:21.731 9091 9091 E ArmVmp : Match on catch block at 0xc3 in for 0x95
01-23 21:14:21.737 9091 9091 E ArmVmp : Match on catch block at 0xc3 in for 0x99
01-23 21:14:21.748 9091 9091 E ArmVmp : Match on catch block at 0xc3 in for 0x99
01-23 21:14:21.755 9091 9091 E ArmVmp : Match on catch block at 0xc3 in for 0x91
01-23 21:14:21.777 9091 9091 E ArmVmp : Match on catch block at 0xc3 in for 0x99
01-23 21:14:21.784 9091 9091 E ArmVmp : Match on catch block at 0xc3 in for 0x91
01-23 21:14:21.792 9091 9091 E ArmVmp : Match on catch block at 0xc3 in for 0x91
01-23 21:14:21.798 9091 9091 E ArmVmp : Match on catch block at 0xc3 in for 0x95
01-23 21:14:21.805 9091 9091 E ArmVmp : Match on catch block at 0xc3 in for 0x95
01-23 21:14:21.811 9091 9091 E ArmVmp : Match on catch block at 0xc3 in for 0x99
01-23 21:14:21.817 9091 9091 E ArmVmp : Match on catch block at 0xc3 in for 0x99
01-23 21:14:21.824 9091 9091 E ArmVmp : Match on catch block at 0xc3 in for 0x91
01-23 21:14:21.830 9091 9091 E ArmVmp : Match on catch block at 0xc3 in for 0x91
01-23 21:14:21.837 9091 9091 E ArmVmp : Match on catch block at 0xc3 in for 0x95
01-23 21:14:21.843 9091 9091 E ArmVmp : Match on catch block at 0xc3 in for 0x95
01-23 21:14:21.849 9091 9091 E ArmVmp : Match on catch block at 0xc3 in for 0x99
01-23 21:14:21.859 9091 9091 E ArmVmp : Match on catch block at 0xc3 in for 0x99
01-23 21:14:21.866 9091 9091 E ArmVmp : Match on catch block at 0xc3 in for 0x91
01-23 21:14:21.876 9091 9091 E ArmVmp : Match on catch block at 0xc3 in for 0x91
01-23 21:14:21.883 9091 9091 E ArmVmp : Match on catch block at 0xc3 in for 0x95
01-23 21:14:21.892 9091 9091 E ArmVmp : Match on catch block at 0xc3 in for 0x95
01-23 21:14:21.899 9091 9091 E ArmVmp : Match on catch block at 0xc3 in for 0x99
01-23 21:14:21.908 9091 9091 E ArmVmp : Match on catch block at 0xc3 in for 0x99
01-23 21:14:21.915 9091 9091 E ArmVmp : Match on catch block at 0xc3 in for 0x91
01-23 21:14:21.925 9091 9091 E ArmVmp : Match on catch block at 0xc3 in for 0x91
01-23 21:14:21.932 9091 9091 E ArmVmp : Match on catch block at 0xc3 in for 0x95
01-23 21:14:21.942 9091 9091 E ArmVmp : Match on catch block at 0xc3 in for 0x95
01-23 21:14:21.948 9091 9091 E ArmVmp : Match on catch block at 0xc3 in for 0x99
01-23 21:14:21.958 9091 9091 E ArmVmp : Match on catch block at 0xc3 in for 0x99
01-23 21:14:21.964 9091 9091 E ArmVmp : Match on catch block at 0xc3 in for 0x91
01-23 21:14:21.974 9091 9091 E ArmVmp : Match on catch block at 0xc3 in for 0x91
01-23 21:14:21.981 9091 9091 E ArmVmp : Match on catch block at 0xc3 in for 0x95
01-23 21:14:21.990 9091 9091 E ArmVmp : Match on catch block at 0xc3 in for 0x95
01-23 21:14:21.996 9091 9091 E ArmVmp : Match on catch block at 0xc3 in for 0x99
01-23 21:14:22.007 9091 9091 E ArmVmp : Match on catch block at 0xc3 in for 0x99
01-23 21:14:22.014 9091 9091 E ArmVmp : Match on catch block at 0xc3 in for 0x91
01-23 21:14:22.118 9091 9091 E ArmVmp : Match on catch block at 0xc3 in for 0x91
01-23 21:14:22.125 9091 9091 E ArmVmp : Match on catch block at 0xc3 in for 0x95
01-23 21:14:22.152 9091 9091 E ArmVmp : Match on catch block at 0xc3 in for 0x91
01-23 21:14:22.158 9091 9091 E ArmVmp : Match on catch block at 0xc3 in for 0x95
01-23 21:14:22.172 9091 9091 E ArmVmp : Match on catch block at 0xc3 in for 0x95
01-23 21:14:22.178 9091 9091 E ArmVmp : Match on catch block at 0xc3 in for 0x99
01-23 21:14:22.189 9091 9091 E ArmVmp : Match on catch block at 0xc3 in for 0x99
01-23 21:14:22.197 9091 9091 E ArmVmp : Match on catch block at 0xc3 in for 0x91
01-23 21:14:22.206 9091 9091 E ArmVmp : Match on catch block at 0xc3 in for 0x91
01-23 21:14:22.214 9091 9091 E ArmVmp : Match on catch block at 0xc3 in for 0x95
01-23 21:14:22.230 9091 9091 E ArmVmp : Match on catch block at 0xc3 in for 0x95
01-23 21:14:22.237 9091 9091 E ArmVmp : Match on catch block at 0xc3 in for 0x99
01-23 21:14:22.254 9091 9091 E ArmVmp : Match on catch block at 0xc3 in for 0x99
01-23 21:14:22.260 9091 9091 E ArmVmp : Match on catch block at 0xc3 in for 0x91
01-23 21:14:22.296 9091 9091 E ArmVmp : Match on catch block at 0xc3 in for 0x91
01-23 21:14:22.302 9091 9091 E ArmVmp : Match on catch block at 0xc3 in for 0x95
01-23 21:14:22.320 9091 9091 E ArmVmp : Match on catch block at 0xc3 in for 0x95
01-23 21:14:22.327 9091 9091 E ArmVmp : Match on catch block at 0xc3 in for 0x99
01-23 21:14:22.799 9091 9091 E ArmVmp : Match on catch block at 0xc3 in for 0x99
01-23 21:14:22.806 9091 9091 E ArmVmp : Match on catch block at 0xc3 in for 0x91
01-23 21:14:22.997 9091 9091 E ArmVmp : Match on catch block at 0xc3 in for 0x91
01-23 21:14:23.002 9091 9091 E ArmVmp : Match on catch block at 0xc3 in for 0x95
01-23 21:14:23.506 9091 9091 E ArmVmp : Match on catch block at 0xc3 in for 0x95
01-23 21:14:23.512 9091 9091 E ArmVmp : Match on catch block at 0xc3 in for 0x99
01-23 21:14:23.654 9091 9091 E ArmVmp : Match on catch block at 0xc3 in for 0x99
01-23 21:14:23.661 9091 9091 E ArmVmp : Match on catch block at 0xc3 in for 0x91
01-23 21:14:23.703 9091 9091 E ArmVmp : Match on catch block at 0xc3 in for 0x91
01-23 21:14:23.710 9091 9091 E ArmVmp : Match on catch block at 0xc3 in for 0x95
01-23 21:14:23.720 9091 9091 E ArmVmp : Match on catch block at 0xc3 in for 0x95
01-23 21:14:23.726 9091 9091 E ArmVmp : Match on catch block at 0xc3 in for 0x99
01-23 21:14:23.736 9091 9091 E ArmVmp : Match on catch block at 0xc3 in for 0x99
01-23 21:14:23.742 9091 9091 E ArmVmp : Match on catch block at 0xc3 in for 0x91
01-23 21:14:23.753 9091 9091 E ArmVmp : Match on catch block at 0xc3 in for 0x91
01-23 21:14:23.758 9091 9091 E ArmVmp : Match on catch block at 0xc3 in for 0x95
01-23 21:14:23.769 9091 9091 E ArmVmp : Match on catch block at 0xc3 in for 0x95
01-23 21:14:23.776 9091 9091 E ArmVmp : Match on catch block at 0xc3 in for 0x99
01-23 21:14:23.785 9091 9091 E ArmVmp : Match on catch block at 0xc3 in for 0x99
01-23 21:14:23.790 9091 9091 E ArmVmp : Match on catch block at 0xc3 in for 0x91
01-23 21:14:23.801 9091 9091 E ArmVmp : Match on catch block at 0xc3 in for 0x91
01-23 21:14:23.806 9091 9091 E ArmVmp : Match on catch block at 0xc3 in for 0x95
01-23 21:14:23.818 9091 9091 E ArmVmp : Match on catch block at 0xc3 in for 0x95
01-23 21:14:23.824 9091 9091 E ArmVmp : Match on catch block at 0xc3 in for 0x99
01-23 21:14:23.835 9091 9091 E ArmVmp : Match on catch block at 0xc3 in for 0x99
01-23 21:14:23.842 9091 9091 E ArmVmp : Match on catch block at 0xc3 in for 0x91
01-23 21:14:23.851 9091 9091 E ArmVmp : Match on catch block at 0xc3 in for 0x91
01-23 21:14:23.858 9091 9091 E ArmVmp : Match on catch block at 0xc3 in for 0x95
01-23 21:14:23.868 9091 9091 E ArmVmp : Match on catch block at 0xc3 in for 0x95
01-23 21:14:23.874 9091 9091 E ArmVmp : Match on catch block at 0xc3 in for 0x99
01-23 21:14:23.885 9091 9091 E ArmVmp : Match on catch block at 0xc3 in for 0x99
01-23 21:14:23.891 9091 9091 E ArmVmp : Match on catch block at 0xc3 in for 0x91
01-23 21:14:23.901 9091 9091 E ArmVmp : Match on catch block at 0xc3 in for 0x91
01-23 21:14:23.907 9091 9091 E ArmVmp : Match on catch block at 0xc3 in for 0x95
01-23 21:14:23.918 9091 9091 E ArmVmp : Match on catch block at 0xc3 in for 0x95
01-23 21:14:23.924 9091 9091 E ArmVmp : Match on catch block at 0xc3 in for 0x99
01-23 21:14:23.934 9091 9091 E ArmVmp : Match on catch block at 0xc3 in for 0x99
01-23 21:14:23.940 9091 9091 E ArmVmp : Match on catch block at 0xc3 in for 0x91
01-23 21:14:23.951 9091 9091 E ArmVmp : Match on catch block at 0xc3 in for 0x91
01-23 21:14:23.956 9091 9091 E ArmVmp : Match on catch block at 0xc3 in for 0x95
01-23 21:14:24.181 9091 9091 E ArmVmp : Match on catch block at 0xc3 in for 0x95
01-23 21:14:24.187 9091 9091 E ArmVmp : Match on catch block at 0xc3 in for 0x99
01-23 21:14:24.237 9091 9091 E ArmVmp : Match on catch block at 0xc3 in for 0x91
01-23 21:14:24.242 9091 9091 E ArmVmp : Match on catch block at 0xc3 in for 0x95
01-23 21:14:24.293 9091 9091 E ArmVmp : Match on catch block at 0xc3 in for 0x99
01-23 21:14:24.300 9091 9091 E ArmVmp : Match on catch block at 0xc3 in for 0x91
01-23 21:14:24.309 9091 9091 E ArmVmp : Match on catch block at 0xc3 in for 0x91
01-23 21:14:24.316 9091 9091 E ArmVmp : Match on catch block at 0xc3 in for 0x95
01-23 21:14:24.330 9091 9091 E ArmVmp : Match on catch block at 0xc3 in for 0x95
01-23 21:14:24.335 9091 9091 E ArmVmp : Match on catch block at 0xc3 in for 0x99
01-23 21:14:24.345 9091 9091 E ArmVmp : Match on catch block at 0xc3 in for 0x99
01-23 21:14:24.351 9091 9091 E ArmVmp : Match on catch block at 0xc3 in for 0x91
01-23 21:14:24.369 9091 9091 E ArmVmp : Match on catch block at 0xc3 in for 0x91
01-23 21:14:24.376 9091 9091 E ArmVmp : Match on catch block at 0xc3 in for 0x95
01-23 21:14:24.395 9091 9091 E ArmVmp : Match on catch block at 0xc3 in for 0x95
01-23 21:14:24.401 9091 9091 E ArmVmp : Match on catch block at 0xc3 in for 0x99
01-23 21:14:24.471 9091 9091 E ArmVmp : Match on catch block at 0xc3 in for 0x91
01-23 21:14:24.476 9091 9091 E ArmVmp : Match on catch block at 0xc3 in for 0x95
01-23 21:14:24.517 9091 9091 E ArmVmp : Match on catch block at 0xc3 in for 0x99
01-23 21:14:24.523 9091 9091 E ArmVmp : Match on catch block at 0xc3 in for 0x91
01-23 21:14:24.546 9091 9091 E ArmVmp : Match on catch block at 0xc3 in for 0x99
01-23 21:14:24.551 9091 9091 E ArmVmp : Match on catch block at 0xc3 in for 0x91
01-23 21:14:24.725 9091 9091 E ArmVmp : Match on catch block at 0xc3 in for 0x91
01-23 21:14:24.730 9091 9091 E ArmVmp : Match on catch block at 0xc3 in for 0x95
01-23 21:14:25.130 9091 9091 E ArmVmp : Match on catch block at 0xc3 in for 0x91
01-23 21:14:25.135 9091 9091 E ArmVmp : Match on catch block at 0xc3 in for 0x95
01-23 21:14:25.146 9091 9091 E ArmVmp : Match on catch block at 0xc3 in for 0x95
01-23 21:14:25.153 9091 9091 E ArmVmp : Match on catch block at 0xc3 in for 0x99
01-23 21:14:25.200 9091 9164 W MediaPlayer: Use of stream types is deprecated for operations other than volume control
01-23 21:14:25.200 9091 9164 W MediaPlayer: See the documentation of setAudioStreamType() for what to use instead with android.media.AudioAttributes to qualify your playback use case
01-23 21:14:25.235 9091 9091 E ArmVmp : Match on catch block at 0xc3 in for 0x95
01-23 21:14:25.241 9091 9091 E ArmVmp : Match on catch block at 0xc3 in for 0x99
01-23 21:14:25.570 9091 9091 E ArmVmp : Match on catch block at 0xc3 in for 0x91
01-23 21:14:25.575 9091 9091 E ArmVmp : Match on catch block at 0xc3 in for 0x95
01-23 21:14:25.595 9091 9091 E ArmVmp : Match on catch block at 0xc3 in for 0x91
01-23 21:14:25.600 9091 9091 E ArmVmp : Match on catch block at 0xc3 in for 0x95
01-23 21:14:25.730 9091 9091 E ArmVmp : Match on catch block at 0xc3 in for 0x95
01-23 21:14:25.737 9091 9091 E ArmVmp : Match on catch block at 0xc3 in for 0x99
01-23 21:14:26.224 9091 9091 E ArmVmp : Match on catch block at 0xc3 in for 0x99
01-23 21:14:26.231 9091 9091 E ArmVmp : Match on catch block at 0xc3 in for 0x91
01-23 21:14:26.734 9091 9091 E ArmVmp : Match on catch block at 0xc3 in for 0x91
01-23 21:14:26.741 9091 9091 E ArmVmp : Match on catch block at 0xc3 in for 0x95
01-23 21:14:27.113 9091 9091 E ArmVmp : Match on catch block at 0xc3 in for 0x95
01-23 21:14:27.120 9091 9091 E ArmVmp : Match on catch block at 0xc3 in for 0x99
01-23 21:14:27.130 9091 9091 E ArmVmp : Match on catch block at 0xc3 in for 0x99
01-23 21:14:27.138 9091 9091 E ArmVmp : Match on catch block at 0xc3 in for 0x91
01-23 21:14:27.150 9091 9091 E ArmVmp : Match on catch block at 0xc3 in for 0x91
01-23 21:14:27.160 9091 9091 E ArmVmp : Match on catch block at 0xc3 in for 0x95
01-23 21:14:27.181 9091 9091 E ArmVmp : Match on catch block at 0xc3 in for 0x95
01-23 21:14:27.191 9091 9091 E ArmVmp : Match on catch block at 0xc3 in for 0x99
01-23 21:14:27.204 9091 9091 E ArmVmp : Match on catch block at 0xc3 in for 0x99
01-23 21:14:27.213 9091 9091 E ArmVmp : Match on catch block at 0xc3 in for 0x91
01-23 21:14:27.230 9091 9091 E ArmVmp : Match on catch block at 0xc3 in for 0x91
01-23 21:14:27.239 9091 9091 E ArmVmp : Match on catch block at 0xc3 in for 0x95
01-23 21:14:27.250 9091 9091 E ArmVmp : Match on catch block at 0xc3 in for 0x95
01-23 21:14:27.259 9091 9091 E ArmVmp : Match on catch block at 0xc3 in for 0x99
01-23 21:14:27.279 9091 9091 E ArmVmp : Match on catch block at 0xc3 in for 0x99
01-23 21:14:27.288 9091 9091 E ArmVmp : Match on catch block at 0xc3 in for 0x91
01-23 21:14:27.298 9091 9091 E ArmVmp : Match on catch block at 0xc3 in for 0x91
01-23 21:14:27.307 9091 9091 E ArmVmp : Match on catch block at 0xc3 in for 0x95
01-23 21:14:27.329 9091 9091 E ArmVmp : Match on catch block at 0xc3 in for 0x95
01-23 21:14:27.336 9091 9091 E ArmVmp : Match on catch block at 0xc3 in for 0x99
01-23 21:14:27.347 9091 9091 E ArmVmp : Match on catch block at 0xc3 in for 0x99
01-23 21:14:27.356 9091 9091 E ArmVmp : Match on catch block at 0xc3 in for 0x91
01-23 21:14:27.365 9091 9091 E ArmVmp : Match on catch block at 0xc3 in for 0x91
01-23 21:14:27.373 9091 9091 E ArmVmp : Match on catch block at 0xc3 in for 0x95
01-23 21:14:27.756 9091 9091 E ArmVmp : Match on catch block at 0xc3 in for 0x95
01-23 21:14:27.762 9091 9091 E ArmVmp : Match on catch block at 0xc3 in for 0x99
01-23 21:14:27.821 9091 9091 E ArmVmp : Match on catch block at 0xc3 in for 0x99
01-23 21:14:27.827 9091 9091 E ArmVmp : Match on catch block at 0xc3 in for 0x91
01-23 21:14:27.855 9091 9091 E ArmVmp : Match on catch block at 0xc3 in for 0x91
01-23 21:14:27.861 9091 9091 E ArmVmp : Match on catch block at 0xc3 in for 0x95
01-23 21:14:27.878 9091 9091 E ArmVmp : Match on catch block at 0xc3 in for 0x91
01-23 21:14:27.884 9091 9091 E ArmVmp : Match on catch block at 0xc3 in for 0x95
01-23 21:14:28.265 9091 9091 E ArmVmp : Match on catch block at 0xc3 in for 0x91
01-23 21:14:28.271 9091 9091 E ArmVmp : Match on catch block at 0xc3 in for 0x95
01-23 21:14:28.759 9091 9091 E ArmVmp : Match on catch block at 0xc3 in for 0x95
01-23 21:14:28.765 9091 9091 E ArmVmp : Match on catch block at 0xc3 in for 0x99
01-23 21:14:29.253 9091 9091 E ArmVmp : Match on catch block at 0xc3 in for 0x99
01-23 21:14:29.258 9091 9091 E ArmVmp : Match on catch block at 0xc3 in for 0x91
01-23 21:14:29.452 9091 9091 E ArmVmp : Match on catch block at 0xc3 in for 0x91
01-23 21:14:29.459 9091 9091 E ArmVmp : Match on catch block at 0xc3 in for 0x95
01-23 21:14:29.469 9091 9091 E ArmVmp : Match on catch block at 0xc3 in for 0x95
01-23 21:14:29.477 9091 9091 E ArmVmp : Match on catch block at 0xc3 in for 0x99
01-23 21:14:29.487 9091 9091 E ArmVmp : Match on catch block at 0xc3 in for 0x99
01-23 21:14:29.496 9091 9091 E ArmVmp : Match on catch block at 0xc3 in for 0x91
01-23 21:14:29.505 9091 9091 E ArmVmp : Match on catch block at 0xc3 in for 0x91
01-23 21:14:29.513 9091 9091 E ArmVmp : Match on catch block at 0xc3 in for 0x95
01-23 21:14:29.520 9091 9091 E ArmVmp : Match on catch block at 0xc3 in for 0x95
01-23 21:14:29.528 9091 9091 E ArmVmp : Match on catch block at 0xc3 in for 0x99
01-23 21:14:29.535 9091 9091 E ArmVmp : Match on catch block at 0xc3 in for 0x99
01-23 21:14:29.542 9091 9091 E ArmVmp : Match on catch block at 0xc3 in for 0x91
01-23 21:14:29.550 9091 9091 E ArmVmp : Match on catch block at 0xc3 in for 0x91
01-23 21:14:29.556 9091 9091 E ArmVmp : Match on catch block at 0xc3 in for 0x95
01-23 21:14:29.566 9091 9091 E ArmVmp : Match on catch block at 0xc3 in for 0x95
01-23 21:14:29.573 9091 9091 E ArmVmp : Match on catch block at 0xc3 in for 0x99
01-23 21:14:29.583 9091 9091 E ArmVmp : Match on catch block at 0xc3 in for 0x99
01-23 21:14:29.589 9091 9091 E ArmVmp : Match on catch block at 0xc3 in for 0x91
01-23 21:14:29.599 9091 9091 E ArmVmp : Match on catch block at 0xc3 in for 0x91
01-23 21:14:29.604 9091 9091 E ArmVmp : Match on catch block at 0xc3 in for 0x95
01-23 21:14:29.615 9091 9091 E ArmVmp : Match on catch block at 0xc3 in for 0x95
01-23 21:14:29.620 9091 9091 E ArmVmp : Match on catch block at 0xc3 in for 0x99
01-23 21:14:29.632 9091 9091 E ArmVmp : Match on catch block at 0xc3 in for 0x99
01-23 21:14:29.638 9091 9091 E ArmVmp : Match on catch block at 0xc3 in for 0x91
01-23 21:14:29.649 9091 9091 E ArmVmp : Match on catch block at 0xc3 in for 0x91
01-23 21:14:29.655 9091 9091 E ArmVmp : Match on catch block at 0xc3 in for 0x95
01-23 21:14:29.665 9091 9091 E ArmVmp : Match on catch block at 0xc3 in for 0x95
01-23 21:14:29.672 9091 9091 E ArmVmp : Match on catch block at 0xc3 in for 0x99
01-23 21:14:29.681 9091 9091 E ArmVmp : Match on catch block at 0xc3 in for 0x99
01-23 21:14:29.687 9091 9091 E ArmVmp : Match on catch block at 0xc3 in for 0x91
01-23 21:14:29.698 9091 9091 E ArmVmp : Match on catch block at 0xc3 in for 0x91
01-23 21:14:29.704 9091 9091 E ArmVmp : Match on catch block at 0xc3 in for 0x95
01-23 21:14:29.764 9091 9091 E ArmVmp : Match on catch block at 0xc3 in for 0x95
01-23 21:14:29.770 9091 9091 E ArmVmp : Match on catch block at 0xc3 in for 0x99
01-23 21:14:30.258 9091 9091 E ArmVmp : Match on catch block at 0xc3 in for 0x99
01-23 21:14:30.263 9091 9091 E ArmVmp : Match on catch block at 0xc3 in for 0x91
01-23 21:14:30.768 9091 9091 E ArmVmp : Match on catch block at 0xc3 in for 0x91
01-23 21:14:30.773 9091 9091 E ArmVmp : Match on catch block at 0xc3 in for 0x95
01-23 21:14:31.262 9091 9091 E ArmVmp : Match on catch block at 0xc3 in for 0x95
01-23 21:14:31.267 9091 9091 E ArmVmp : Match on catch block at 0xc3 in for 0x99
01-23 21:14:31.773 9091 9091 E ArmVmp : Match on catch block at 0xc3 in for 0x99
01-23 21:14:31.778 9091 9091 E ArmVmp : Match on catch block at 0xc3 in for 0x91
01-23 21:14:32.239 9091 9091 E ArmVmp : Match on catch block at 0xc3 in for 0x91
01-23 21:14:32.245 9091 9091 E ArmVmp : Match on catch block at 0xc3 in for 0x95
01-23 21:14:32.253 9091 9091 E ArmVmp : Match on catch block at 0xc3 in for 0x95
01-23 21:14:32.259 9091 9091 E ArmVmp : Match on catch block at 0xc3 in for 0x99
01-23 21:14:32.291 9091 9091 E ArmVmp : Match on catch block at 0xc3 in for 0x99
01-23 21:14:32.296 9091 9091 E ArmVmp : Match on catch block at 0xc3 in for 0x91
01-23 21:14:32.551 9091 9091 E ArmVmp : Match on catch block at 0xc3 in for 0x95
01-23 21:14:32.556 9091 9091 E ArmVmp : Match on catch block at 0xc3 in for 0x99
01-23 21:14:33.110 9091 9091 E ArmVmp : Match on catch block at 0xc3 in for 0x95
01-23 21:14:33.116 9091 9091 E ArmVmp : Match on catch block at 0xc3 in for 0x99
01-23 21:14:37.131 9091 9091 W Activity: Slow Operation: Activity com.mbwhatsapp/.HomeActivity onStop took 135ms
01-23 21:14:37.840 9091 9103 W com.mbwhatsapp: Suspending all threads took: 5.506ms --------- beginning of system
01-23 21:21:37.819 9091 9457 E ActivityThread: Failed to find provider info for com.android.contacts
01-23 21:21:38.087 9091 9457 E ActivityThread: Failed to find provider info for com.android.contacts
01-23 21:21:51.394 9091 9091 W Looper : Slow Looper main: Activity com.mbwhatsapp/.Conversation is 640ms late (wall=0ms running=0ms ClientTransaction{ callbacks=[android.app.servertransaction.TopResumedActivityChangeItem] }) because of 6 msg, msg 6 took 632ms (seq=1442 running=372ms runnable=2ms io=177ms reclaim=3ms late=8ms h=android.app.ActivityThread$H w=159)
01-23 21:21:51.922 9091 9091 W Looper : Slow Looper main: doFrame is 637ms late because of 3 msg, msg 1 took 632ms (seq=1442 running=372ms runnable=2ms io=177ms reclaim=3ms late=8ms h=android.app.ActivityThread$H w=159)
01-23 21:21:51.995 9091 9091 W Looper : Slow Looper main: doFrame is 541ms late because of 50 msg, msg 1 took 522ms (seq=1445 running=401ms io=18ms late=637ms h=android.view.Choreographer$FrameHandler c=android.view.Choreographer$FrameDisplayEventReceiver)
01-23 21:25:20.949 9091 9457 E ActivityThread: Failed to find provider info for com.android.contacts
01-23 21:25:21.353 9091 9457 E ActivityThread: Failed to find provider info for com.android.contacts
01-23 21:25:26.576 9091 9457 E ActivityThread: Failed to find provider info for com.android.contacts
01-23 21:25:26.631 9091 9457 E ActivityThread: Failed to find provider info for com.android.contacts
01-23 21:25:29.916 9091 9457 W BpBinder: Slow Binder: BpBinder transact took 704 ms, interface=android.app.IActivityManager, code=20 oneway=false
01-23 21:25:30.202 9091 9457 W BpBinder: Slow Binder: BpBinder transact took 285 ms, interface=android.content.IContentProvider, code=1 oneway=false
01-23 21:25:32.045 9091 9091 W Looper : Slow Looper main: Activity com.mbwhatsapp/.Conversation is 500ms late (wall=0ms running=0ms ClientTransaction{ callbacks=[android.app.servertransaction.TopResumedActivityChangeItem] }) because of 6 msg, msg 1 took 62ms (seq=2569 running=14ms runnable=1ms io=35ms late=13ms h=android.app.ActivityThread$H w=159), msg 6 took 494ms (seq=2574 running=344ms runnable=1ms io=104ms reclaim=2ms late=6ms h=android.app.ActivityThread$H w=159)
01-23 21:25:32.442 9091 9091 W Looper : Slow Looper main: doFrame is 484ms late because of 2 msg, msg 1 took 494ms (seq=2574 running=344ms runnable=1ms io=104ms reclaim=2ms late=6ms h=android.app.ActivityThread$H w=159)
01-23 21:25:32.497 9091 9091 W Looper : Slow Looper main: doFrame is 418ms late because of 49 msg, msg 1 took 397ms (seq=2576 running=269ms runnable=2ms io=35ms late=484ms h=android.view.Choreographer$FrameHandler c=android.view.Choreographer$FrameDisplayEventReceiver)
01-23 21:25:54.564 9091 9091 W Looper : Slow Looper main: doFrame is 418ms late because of 1 msg, msg 1 took 428ms (seq=3647 running=333ms runnable=2ms io=72ms h=android.view.ViewRootImpl$ViewRootHandler c=android.view.View$CheckForLongPress)
01-23 21:26:35.046 9091 9091 W Looper : Slow Looper main: Long Msg: seq=5590 plan=21:26:33.932 late=25ms wall=1088ms running=306ms runnable=4ms io=624ms reclaim=1ms h=android.view.ViewRootImpl$ViewRootHandler c=android.view.View$PerformClick
01-23 21:26:35.180 9091 9091 W Looper : Slow Looper main: doFrame is 1089ms late because of 1 msg, msg 1 took 1088ms (seq=5590 running=306ms runnable=4ms io=624ms reclaim=1ms late=25ms h=android.view.ViewRootImpl$ViewRootHandler c=android.view.View$PerformClick)
01-23 21:26:39.927 9091 9091 W Looper : Slow Looper main: KeyEvent is 565ms late (event_seq=685, code=KEYCODE_BACK, action=ACTION_DOWN) because of 1 msg, msg 1 took 862ms (seq=5756 running=144ms runnable=4ms io=672ms late=1ms h=android.view.Choreographer$FrameHandler c=android.view.Choreographer$FrameDisplayEventReceiver)
01-23 21:26:39.927 9091 9091 W InputEventReceiver: App Input: 565ms before dispatchInputEvent (KeyEvent: event_seq=685, seq=5509233, code=KEYCODE_BACK, action=ACTION_DOWN)
01-23 21:26:40.085 9091 9091 W InputEventReceiver: App Input: Dispatching InputEvent took 159ms in main thread! (KeyEvent: event_seq=685, seq=5509233, code=KEYCODE_BACK, action=ACTION_DOWN)
01-23 21:26:40.132 9091 9091 W Looper : Slow Looper main: doFrame is 826ms late because of 6 msg, msg 1 took 862ms (seq=5756 running=144ms runnable=4ms io=672ms late=1ms h=android.view.Choreographer$FrameHandler c=android.view.Choreographer$FrameDisplayEventReceiver)
01-23 21:26:40.132 9091 9091 W InputEventReceiver: App Input: 772ms before dispatchInputEvent (KeyEvent: event_seq=686, seq=5509235, code=KEYCODE_BACK, action=ACTION_UP)
01-23 21:26:40.468 9091 9091 W InputEventReceiver: App Input: Dispatching InputEvent took 335ms in main thread! (KeyEvent: event_seq=686, seq=5509235, code=KEYCODE_BACK, action=ACTION_UP)
01-23 21:26:40.596 9091 9091 W Looper : Slow Looper main: doFrame is 448ms late because of 15 msg, msg 12 took 188ms (seq=5773 running=11ms io=169ms late=384ms h=X.105 c=X.3gU), msg 14 took 79ms (seq=5775 running=12ms io=64ms late=505ms h=android.os.Handler c=X.3fv)
01-23 21:26:40.861 9091 9091 W BpBinder: Slow Binder: BpBinder transact took 242 ms, interface=android.media.IMediaPlayer, code=20 oneway=false
01-23 21:26:40.881 9091 9091 W Looper : Slow Looper main: doFrame is 306ms late because of 19 msg, msg 6 took 265ms (seq=5782 running=5ms io=19ms late=177ms h=android.os.Handler c=X.5uC)
01-23 21:27:31.005 9091 9091 W Looper : Slow Looper main: Activity com.mbwhatsapp/.Conversation is 608ms late (wall=1ms running=0ms ClientTransaction{ callbacks=[android.app.servertransaction.TopResumedActivityChangeItem] }) because of 5 msg, msg 5 took 594ms (seq=6309 running=351ms runnable=1ms io=202ms reclaim=1ms late=14ms h=android.app.ActivityThread$H w=159)
01-23 21:27:31.444 9091 9091 W Looper : Slow Looper main: doFrame is 598ms late because of 5 msg, msg 4 took 594ms (seq=6309 running=351ms runnable=1ms io=202ms reclaim=1ms late=14ms h=android.app.ActivityThread$H w=159)
01-23 21:27:31.492 9091 9091 W Looper : Slow Looper main: doFrame is 439ms late because of 45 msg, msg 1 took 438ms (seq=6311 running=333ms runnable=2ms io=13ms late=598ms h=android.view.Choreographer$FrameHandler c=android.view.Choreographer$FrameDisplayEventReceiver)
01-23 21:27:39.251 9091 9091 W InputEventReceiver: App Input: Dispatching InputEvent took 211ms in main thread! (MotionEvent: event_seq=706, seq=5509970, action=ACTION_MOVE)
01-23 21:27:41.562 9091 9091 W Activity: Slow Operation: Activity com.mbwhatsapp/.mediaview.MediaViewActivity onStart took 665ms
01-23 21:27:42.527 9091 9091 W Looper : Slow Looper main: Long Msg: seq=6889 plan=21:27:40.446 late=230ms wall=1850ms running=126ms runnable=1ms io=1624ms reclaim=6ms h=android.app.ActivityThread$H w=159
01-23 21:27:42.528 9091 9091 W Looper : Slow Looper main: MotionEvent is 891ms late (event_seq=750, action=ACTION_DOWN) because of 1 msg, msg 1 took 1850ms (seq=6889 running=126ms runnable=1ms io=1624ms reclaim=6ms late=230ms h=android.app.ActivityThread$H w=159)
01-23 21:27:42.528 9091 9091 W InputEventReceiver: App Input: 891ms before dispatchInputEvent (MotionEvent: event_seq=750, seq=5510099, action=ACTION_DOWN)
01-23 21:27:42.536 9091 9091 W InputEventReceiver: App Input: 794ms before dispatchInputEvent (MotionEvent: event_seq=755, seq=5510105, action=ACTION_UP)
01-23 21:27:42.539 9091 9091 W Looper : Slow Looper main: Activity com.mbwhatsapp/.mediaview.MediaViewActivity is 2092ms late (wall=0ms running=0ms ClientTransaction{ callbacks=[android.app.servertransaction.TopResumedActivityChang eItem] }) because of 10 msg, msg 2 took 118ms (seq=6881 running=24ms io=18ms late=51ms h=android.view.Choreographer$FrameHandler c=android.view.Choreographer$FrameDisplayEventReceiver), msg 5 took 70ms (seq=6884 running=22ms io=43ms late=176ms h=android.os.Handler c=mbmodsd.mbmodsw.ui.views.toast.MBON$2), msg 10 took 1850ms (seq=6889 running=126ms runnable=1ms io=1624ms reclaim=6ms late=230ms h=android.app.ActivityThread$H w=159)
01-23 21:27:42.722 9091 9091 W Looper : Slow Looper main: doFrame is 1969ms late because of 10 msg, msg 1 took 70ms (seq=6884 running=22ms io=43ms late=176ms h=android.os.Handler c=mbmodsd.mbmodsw.ui.views.toast.MBON$2), msg 6 took 1850ms (seq=6889 running=126ms runnable=1ms io=1624ms reclaim=6ms late=230ms h=android.app.ActivityThread$H w=159)
01-23 21:27:48.880 9091 9091 W InputEventReceiver: App Input: Dispatching InputEvent took 102ms in main thread! (KeyEvent: event_seq=976, seq=5510667, code=KEYCODE_BACK, action=ACTION_DOWN)
01-23 21:28:29.948 9091 9091 W Looper : Slow Looper main: Activity com.mbwhatsapp/.Conversation is 555ms late (wall=0ms running=0ms ClientTransaction{ callbacks=[android.app.servertransaction.TopResumedActivityChangeItem] }) because of 5 msg, msg 5 took 548ms (seq=8776 running=354ms runnable=1ms io=149ms late=7ms h=android.app.ActivityThread$H w=159)
01-23 21:28:30.485 9091 9091 W Looper : Slow Looper main: doFrame is 537ms late because of 2 msg, msg 1 took 548ms (seq=8776 running=354ms runnable=1ms io=149ms late=7ms h=android.app.ActivityThread$H w=159)
01-23 21:28:30.583 9091 9091 W Looper : Slow Looper main: doFrame is 542ms late because of 46 msg, msg 1 took 537ms (seq=8778 running=424ms runnable=1ms io=11ms reclaim=2ms late=537ms h=android.view.Choreographer$FrameHandler c=android.view.Choreographer$FrameDisplayEventReceiver)
01-23 21:28:37.083 9091 9091 W InputEventReceiver: App Input: Dispatching InputEvent took 215ms in main thread! (MotionEvent: event_seq=1118, seq=5511905, action=ACTION_DOWN)
01-23 21:28:37.689 9091 9091 W InputEventReceiver: App Input: Dispatching InputEvent took 521ms in main thread! (MotionEvent: event_seq=1120, seq=5511950, action=ACTION_UP)
01-23 21:28:38.205 9091 9091 W Looper : Slow Looper main: doFrame is 522ms late
01-23 21:28:38.207 9091 9091 W InputEventReceiver: App Input: 466ms before dispatchInputEvent (MotionEvent: event_seq=1130, seq=5511993, action=ACTION_UP)
01-23 21:28:38.262 9091 9091 W Looper : Slow Looper main: doFrame is 521ms late because of 3 msg, msg 1 took 516ms (seq=9216 running=51ms runnable=1ms io=431ms late=522ms h=android.view.Choreographer$FrameHandler c=android.view.Choreographer$FrameDisplayEventReceiver)
01-23 21:28:39.058 9091 9091 W Looper : Slow Looper main: doFrame is 311ms late because of 3 msg, msg 2 took 127ms (seq=9255 running=16ms runnable=1ms io=105ms late=23ms h=X.104 w=5), msg 3 took 180ms (seq=9256 running=99ms io=65ms late=147ms h=android.view.Choreographer$FrameHandler c=android.view.Choreographer$FrameDisplayEventReceiver) --------- beginning of main
01-23 21:28:54.049 9091 9091 E ArmVmp : Match on catch block at 0xc3 in for 0x95
01-23 21:28:54.054 9091 9091 E ArmVmp : Match on catch block at 0xc3 in for 0x99
01-23 21:28:54.073 9091 9091 E ArmVmp : Match on catch block at 0xc3 in for 0x95
01-23 21:28:54.081 9091 9091 E ArmVmp : Match on catch block at 0xc3 in for 0x99
01-23 21:28:54.110 9091 9091 E ArmVmp : Match on catch block at 0xc3 in for 0x95
01-23 21:28:54.119 9091 9091 E ArmVmp : Match on catch block at 0xc3 in for 0x99
01-23 21:28:54.140 9091 9091 E ArmVmp : Match on catch block at 0xc3 in for 0x95
01-23 21:28:54.147 9091 9091 E ArmVmp : Match on catch block at 0xc3 in for 0x99
01-23 21:28:54.290 9091 9091 E ArmVmp : Match on catch block at 0xc3 in for 0x99
