01-23 20:47:38.196 26005 26005 E CustomActivityOnCrash: at java.lang.Thread.dispatchUncaughtException(Thread.java:2187)
01-23 20:47:38.196 26005 26005 E CustomActivityOnCrash: Caused by: java.lang.ClassNotFoundException: com.mbwhatsapp.Icon59
01-23 20:47:38.196 26005 26005 E CustomActivityOnCrash: ... 10 more
01-23 20:47:38.196 26005 26005 E CustomActivityOnCrash: Failed when resolving the restart activity class via getLaunchIntentForPackage, stack trace follows!
01-23 20:47:38.196 26005 26005 E CustomActivityOnCrash: java.lang.ClassNotFoundException: com.mbwhatsapp.Icon59
01-23 20:47:38.196 26005 26005 E CustomActivityOnCrash: at java.lang.Class.classForName(Native Method)
01-23 20:47:38.196 26005 26005 E CustomActivityOnCrash: at java.lang.Class.forName(Class.java:454)
01-23 20:47:38.196 26005 26005 E CustomActivityOnCrash: at java.lang.Class.forName(Class.java:379)
01-23 20:47:38.196 26005 26005 E CustomActivityOnCrash: at mbmodsd.mbmodsw.crashv2.CustomActivityOnCrash.getLauncherActivity(Native Method)
01-23 20:47:38.196 26005 26005 E CustomActivityOnCrash: at mbmodsd.mbmodsw.crashv2.CustomActivityOnCrash.guessRestartActivityClass(Native Method)
01-23 20:47:38.196 26005 26005 E CustomActivityOnCrash: at mbmodsd.mbmodsw.crashv2.CustomActivityOnCrash.lambda$install$0(Native Method)
01-23 20:47:38.196 26005 26005 E CustomActivityOnCrash: at mbmodsd.mbmodsw.crashv2.CustomActivityOnCrash$ $ExternalSyntheticLambda0.uncaughtException(Native Method)
01-23 20:47:38.196 26005 26005 E CustomActivityOnCrash: at java.lang.ThreadGroup.uncaughtException(ThreadGroup.java:1073)
01-23 20:47:38.196 26005 26005 E CustomActivityOnCrash: at java.lang.ThreadGroup.uncaughtException(ThreadGroup.java:1068)
01-23 20:47:38.196 26005 26005 E CustomActivityOnCrash: at java.lang.Thread.dispatchUncaughtException(Thread.java:2187)
01-23 20:47:38.196 26005 26005 E CustomActivityOnCrash: Caused by: java.lang.ClassNotFoundException: com.mbwhatsapp.Icon59
01-23 20:47:38.196 26005 26005 E CustomActivityOnCrash: ... 10 more
01-23 20:47:38.271 26206 26206 E :error_activit: Not starting debugger since process cannot load the jdwp agent.
01-23 20:47:38.271 26206 26206 E :error_activit: Not starting debugger since process cannot load the jdwp agent.
01-23 20:47:38.282 26114 26163 W BpBinder: Slow Binder: BpBinder transact took 3047 ms, interface=, code=21 oneway=false
01-23 20:47:38.367 26224 26224 E com.mbwhatsapp: Not starting debugger since process cannot load the jdwp agent.
01-23 20:47:38.420 26206 26206 W ResourceType: CREATING STRING CACHE OF 96 bytes
01-23 20:47:38.429 26206 26206 W System.err: java.lang.ClassNotFoundException: mbmodsd.mbmodsw.ui.views.btn.BtnBK
01-23 20:47:38.429 26206 26206 W System.err: at java.lang.Runtime.nativeLoad(Native Method)
01-23 20:47:38.429 26206 26206 W System.err: at java.lang.Runtime.nativeLoad(Runtime.java:1115)
01-23 20:47:38.429 26206 26206 W System.err: at java.lang.Runtime.loadLibrary0(Runtime.java:1069)
01-23 20:47:38.429 26206 26206 W System.err: at java.lang.Runtime.loadLibrary0(Runtime.java:1007)
01-23 20:47:38.429 26206 26206 W System.err: at java.lang.System.loadLibrary(System.java:1667)
01-23 20:47:38.429 26206 26206 W System.err: at arm.EpicVm.<clinit>(Unknown Source:2)
01-23 20:47:38.429 26206 26206 W System.err: at java.lang.Class.newInstance(Native Method)
01-23 20:47:38.430 26206 26206 W System.err: at android.app.AppComponentFactory.instantiateApplication(AppComponentFactory.java:76)
01-23 20:47:38.430 26206 26206 W System.err: at androidx.core.app.CoreComponentFactory.instantiateApplication(Unknown Source:0)
01-23 20:47:38.430 26206 26206 W System.err: at android.app.Instrumentation.newApplication(Instrumentation.java:1155)
01-23 20:47:38.430 26206 26206 W System.err: at android.app.LoadedApk.makeApplication(LoadedApk.java:1224)
01-23 20:47:38.430 26206 26206 W System.err: at android.app.ActivityThread.handleBindApplication(ActivityThread.java:6574)
01-23 20:47:38.430 26206 26206 W System.err: at android.app.ActivityThread.access$1500(ActivityThread.java:235)
01-23 20:47:38.430 26206 26206 W System.err: at android.app.ActivityThread$H.handleMessage(ActivityThread.java:1916)
01-23 20:47:38.430 26206 26206 W System.err: at android.os.Handler.dispatchMessage(Handler.java:107)
01-23 20:47:38.430 26206 26206 W System.err: at android.os.Looper.loop(Looper.java:225)
01-23 20:47:38.430 26206 26206 W System.err: at android.app.ActivityThread.main(ActivityThread.java:7563)
01-23 20:47:38.430 26206 26206 W System.err: at java.lang.reflect.Method.invoke(Native Method)
01-23 20:47:38.430 26206 26206 W System.err: at com.android.internal.os.RuntimeInit$MethodAndArgsCaller.run(RuntimeInit.java:539)
01-23 20:47:38.430 26206 26206 W System.err: at com.android.internal.os.ZygoteInit.main(ZygoteInit.java:994)
01-23 20:47:38.461 26206 26206 E libc : Access denied finding property "ro.vendor.df.effect.conflict"
01-23 20:47:38.497 26224 26224 W ResourceType: CREATING STRING CACHE OF 96 bytes
01-23 20:47:38.506 26224 26224 W System.err: java.lang.ClassNotFoundException: mbmodsd.mbmodsw.ui.views.btn.BtnBK
01-23 20:47:38.507 26224 26224 W System.err: at java.lang.Runtime.nativeLoad(Native Method)
01-23 20:47:38.507 26224 26224 W System.err: at java.lang.Runtime.nativeLoad(Runtime.java:1115)
01-23 20:47:38.507 26224 26224 W System.err: at java.lang.Runtime.loadLibrary0(Runtime.java:1069)
01-23 20:47:38.507 26224 26224 W System.err: at java.lang.Runtime.loadLibrary0(Runtime.java:1007)
01-23 20:47:38.507 26224 26224 W System.err: at java.lang.System.loadLibrary(System.java:1667)
01-23 20:47:38.507 26224 26224 W System.err: at arm.EpicVm.<clinit>(Unknown Source:2)
01-23 20:47:38.507 26224 26224 W System.err: at java.lang.Class.newInstance(Native Method)
01-23 20:47:38.507 26224 26224 W System.err: at android.app.AppComponentFactory.instantiateApplication(AppComponentFactory.java:76)
01-23 20:47:38.507 26224 26224 W System.err: at androidx.core.app.CoreComponentFactory.instantiateApplication(Unknown Source:0)
01-23 20:47:38.507 26224 26224 W System.err: at android.app.Instrumentation.newApplication(Instrumentation.java:1155)
01-23 20:47:38.507 26224 26224 W System.err: at android.app.LoadedApk.makeApplication(LoadedApk.java:1224)
01-23 20:47:38.507 26224 26224 W System.err: at android.app.ActivityThread.handleBindApplication(ActivityThread.java:6574)
01-23 20:47:38.507 26224 26224 W System.err: at android.app.ActivityThread.access$1500(ActivityThread.java:235)
01-23 20:47:38.507 26224 26224 W System.err: at android.app.ActivityThread$H.handleMessage(ActivityThread.java:1916)
01-23 20:47:38.507 26224 26224 W System.err: at android.os.Handler.dispatchMessage(Handler.java:107)
01-23 20:47:38.507 26224 26224 W System.err: at android.os.Looper.loop(Looper.java:225)
01-23 20:47:38.507 26224 26224 W System.err: at android.app.ActivityThread.main(ActivityThread.java:7563)
01-23 20:47:38.507 26224 26224 W System.err: at java.lang.reflect.Method.invoke(Native Method)
01-23 20:47:38.507 26224 26224 W System.err: at com.android.internal.os.RuntimeInit$MethodAndArgsCaller.run(RuntimeInit.java:539)
01-23 20:47:38.507 26224 26224 W System.err: at com.android.internal.os.ZygoteInit.main(ZygoteInit.java:994)
01-23 20:47:38.523 26224 26224 E CustomActivityOnCrash: IMPORTANT WARNING! You already have an UncaughtExceptionHandler, are you sure this is correct? If you use a custom UncaughtExceptionHandler, you must initialize it AFTER CustomActivityOnCrash! Installing anyway, but your original handler will not be called.
01-23 20:47:38.561 26114 26163 W BpBinder: Slow Binder: BpBinder transact took 262 ms, interface=android.app.IActivityManager, code=20 oneway=false
01-23 20:47:38.564 26224 26254 E libc : Access denied finding property "ro.vendor.df.effect.conflict"
01-23 20:47:38.561 26224 26224 W firebase-iid-ex: type=1400 audit(0.0:257025): avc: denied { read } for name="u:object_r:vendor_default_prop:s0" dev="tmpfs" ino=15650 scontext=u:r:untrusted_app:s0:c201,c256,c512,c768 tcontext=u:object_r:vendor_default_prop:s0 tclass=file permissive=0
01-23 20:47:38.599 26224 26254 W LibraryVersion: Failed to get app version for libraryName: firebase-iid
01-23 20:47:38.736 26114 26160 W RenderInspector: DequeueBuffer time out on com.mbwhatsapp/com.mbwhatsapp.accountswitching.secondaryprocess.AccountSwitchingAct ivity, count=1, avg=17 ms, max=17 ms. --------- beginning of main
01-23 20:47:38.736 26114 26160 W RenderInspector: DequeueBuffer time out on com.mbwhatsapp/com.mbwhatsapp.accountswitching.secondaryprocess.AccountSwitchingAct ivity, count=1, avg=17 ms, max=17 ms.
01-23 20:47:38.775 26206 26206 W SigquitBasedANRDetector: Could not open target lib: libart.so
01-23 20:47:38.775 26206 26206 W SigquitBasedANRDetector: Failed to load lib
01-23 20:47:38.775 26206 26206 W SigquitBasedANRDetector: Could not open target lib: libart.so
01-23 20:47:38.775 26206 26206 W SigquitBasedANRDetector: Failed to load lib
01-23 20:47:38.870 26206 26206 E ArmVmp : Match on catch block at 0x8d in for 0xf5
01-23 20:47:38.870 26206 26206 E ArmVmp : Match on catch block at 0x8d in for 0xf5 --------- beginning of main
01-23 20:47:38.870 26206 26206 E ArmVmp : Match on catch block at 0x8d in for 0xf5
01-23 20:47:38.916 26206 26206 E ArmVmp : Match on catch block at 0x8d in for 0xf5
01-23 20:47:38.916 26206 26206 E ArmVmp : Match on catch block at 0x8d in for 0xf5
01-23 20:47:38.916 26206 26206 E ArmVmp : Match on catch block at 0x8d in for 0xf5
01-23 20:47:38.927 26206 26206 E ArmVmp : Match on catch block at 0x4c in for 0xf9
01-23 20:47:38.927 26206 26206 E ArmVmp : Match on catch block at 0x4c in for 0xf9
01-23 20:47:38.927 26206 26206 E ArmVmp : Match on catch block at 0x4c in for 0xf9
01-23 20:47:38.934 26206 26206 E ArmVmp : Match on catch block at 0x4c in for 0xf9
01-23 20:47:38.934 26206 26206 E ArmVmp : Match on catch block at 0x4c in for 0xf9
01-23 20:47:38.934 26206 26206 E ArmVmp : Match on catch block at 0x4c in for 0xf9
01-23 20:47:38.960 26224 26224 W SigquitBasedANRDetector: Could not open target lib: libart.so
01-23 20:47:38.960 26224 26224 W SigquitBasedANRDetector: Could not open target lib: libart.so
01-23 20:47:38.960 26224 26224 W SigquitBasedANRDetector: Failed to load lib
01-23 20:47:38.960 26224 26224 W SigquitBasedANRDetector: Failed to load lib
01-23 20:47:38.960 26224 26224 W SigquitBasedANRDetector: Could not open target lib: libart.so
01-23 20:47:38.960 26224 26224 W SigquitBasedANRDetector: Failed to load lib
01-23 20:47:39.095 26224 26224 W ActivityThread: handleWindowVisibility: no activity for token android.os.BinderProxy@6d679fd
01-23 20:47:39.095 26224 26224 W ActivityThread: handleWindowVisibility: no activity for token android.os.BinderProxy@6d679fd
01-23 20:47:39.095 26224 26224 W ActivityThread: handleWindowVisibility: no activity for token android.os.BinderProxy@6d679fd
01-23 20:47:39.097 26224 26306 W com.mbwhatsapp: Class X.2rL failed lock verification and will run slower.
01-23 20:47:39.097 26224 26306 W com.mbwhatsapp: Common causes for lock verification issues are non-optimized dex code
01-23 20:47:39.097 26224 26306 W com.mbwhatsapp: and incorrect proguard optimizations.
01-23 20:47:39.097 26224 26306 W com.mbwhatsapp: Class X.2rL failed lock verification and will run slower.
01-23 20:47:39.097 26224 26306 W com.mbwhatsapp: Common causes for lock verification issues are non-optimized dex code
01-23 20:47:39.097 26224 26306 W com.mbwhatsapp: Class X.2rL failed lock verification and will run slower.
01-23 20:47:39.097 26224 26306 W com.mbwhatsapp: Common causes for lock verification issues are non-optimized dex code
01-23 20:47:39.097 26224 26306 W com.mbwhatsapp: and incorrect proguard optimizations.
01-23 20:47:39.097 26224 26306 W com.mbwhatsapp: and incorrect proguard optimizations.
01-23 20:47:39.167 26224 26224 W com.mbwhatsapp: Class X.0eU failed lock verification and will run slower.
01-23 20:47:39.167 26224 26224 W com.mbwhatsapp: Class X.0eU failed lock verification and will run slower.
01-23 20:47:39.167 26224 26224 W com.mbwhatsapp: Class X.0eU failed lock verification and will run slower.
01-23 20:47:39.218 26206 26206 E ArmVmp : Match on catch block at 0x8d in for 0x1d9
01-23 20:47:39.218 26206 26206 E ArmVmp : Match on catch block at 0x8d in for 0x1d9
01-23 20:47:39.218 26206 26206 E ArmVmp : Match on catch block at 0x8d in for 0x1d9
01-23 20:47:39.232 26206 26206 E ArmVmp : Match on catch block at 0x4c in for 0x1d5
01-23 20:47:39.232 26206 26206 E ArmVmp : Match on catch block at 0x4c in for 0x1d5
01-23 20:47:39.232 26206 26206 E ArmVmp : Match on catch block at 0x4c in for 0x1d5
01-23 20:47:39.246 26206 26206 E ArmVmp : Match on catch block at 0x4c in for 0x1d5
01-23 20:47:39.246 26206 26206 E ArmVmp : Match on catch block at 0x4c in for 0x1d5
01-23 20:47:39.246 26206 26206 E ArmVmp : Match on catch block at 0x4c in for 0x1d5
01-23 20:47:39.253 26206 26206 E ArmVmp : Match on catch block at 0x4c in for 0x1d5
01-23 20:47:39.253 26206 26206 E ArmVmp : Match on catch block at 0x4c in for 0x1d5
01-23 20:47:39.253 26206 26206 E ArmVmp : Match on catch block at 0x4c in for 0x1d5
01-23 20:47:39.271 26206 26206 E ArmVmp : Match on catch block at 0x0a in for 0x171
01-23 20:47:39.271 26206 26206 E ArmVmp : Match on catch block at 0x0a in for 0x171
01-23 20:47:39.271 26206 26206 E ArmVmp : Match on catch block at 0x0a in for 0x171 --------- beginning of system --------- beginning of system
01-23 20:47:39.363 26206 26206 W Looper : Slow Looper main: Activity com.mbwhatsapp/mbmodsd.mbmodsw.crashv2.DefaultErrorActivity is 466ms late (wall=586ms running=329ms ClientTransaction{ callbacks=[android.app.servertransaction.LaunchActivityItem] lifecycleRequest=android.app.servertransaction.ResumeActivityItem }) because of 2 msg, msg 2 took 463ms (seq=2 running=393ms runnable=8ms io=3ms reclaim=14ms late=8ms h=android.app.ActivityThread$H w=110)
01-23 20:47:39.363 26206 26206 W Looper : Slow Looper main: Activity com.mbwhatsapp/mbmodsd.mbmodsw.crashv2.DefaultErrorActivity is 466ms late (wall=586ms running=329ms ClientTransaction{ callbacks=[android.app.servertransaction.LaunchActivityItem] lifecycleRequest=android.app.servertransaction.ResumeActivityItem }) because of 2 msg, msg 2 took 463ms (seq=2 running=393ms runnable=8ms io=3ms reclaim=14ms late=8ms h=android.app.ActivityThread$H w=110)
01-23 20:47:39.363 26206 26206 W Looper : Slow Looper main: Activity com.mbwhatsapp/mbmodsd.mbmodsw.crashv2.DefaultErrorActivity is 466ms late (wall=586ms running=329ms ClientTransaction{ callbacks=[android.app.servertransaction.LaunchActivityItem] lifecycleRequest=android.app.servertransaction.ResumeActivityItem }) because of 2 msg, msg 2 took 463ms (seq=2 running=393ms runnable=8ms io=3ms reclaim=14ms late=8ms h=android.app.ActivityThread$H w=110)
01-23 20:47:39.364 26206 26206 W Looper : Slow Looper main: Activity com.mbwhatsapp/mbmodsd.mbmodsw.crashv2.DefaultErrorActivity is 1052ms late (wall=1ms running=0ms ClientTransaction{ callbacks=[android.app.servertransaction.TopResumedActivityChang eItem] }) because of 3 msg, msg 2 took 463ms (seq=2 running=393ms runnable=8ms io=3ms reclaim=14ms late=8ms h=android.app.ActivityThread$H w=110), msg 3 took 586ms (seq=3 running=329ms runnable=29ms io=57ms reclaim=9ms late=466ms h=android.app.ActivityThread$H w=159)
01-23 20:47:39.364 26206 26206 W Looper : Slow Looper main: Activity com.mbwhatsapp/mbmodsd.mbmodsw.crashv2.DefaultErrorActivity is 1052ms late (wall=1ms running=0ms ClientTransaction{ callbacks=[android.app.servertransaction.TopResumedActivityChang eItem] }) because of 3 msg, msg 2 took 463ms (seq=2 running=393ms runnable=8ms io=3ms reclaim=14ms late=8ms h=android.app.ActivityThread$H w=110), msg 3 took 586ms (seq=3 running=329ms runnable=29ms io=57ms reclaim=9ms late=466ms h=android.app.ActivityThread$H w=159)
01-23 20:47:39.364 26206 26206 W Looper : Slow Looper main: Activity com.mbwhatsapp/mbmodsd.mbmodsw.crashv2.DefaultErrorActivity is 1052ms late (wall=1ms running=0ms ClientTransaction{ callbacks=[android.app.servertransaction.TopResumedActivityChang eItem] }) because of 3 msg, msg 2 took 463ms (seq=2 running=393ms runnable=8ms io=3ms reclaim=14ms late=8ms h=android.app.ActivityThread$H w=110), msg 3 took 586ms (seq=3 running=329ms runnable=29ms io=57ms reclaim=9ms late=466ms h=android.app.ActivityThread$H w=159)
01-23 20:47:39.370 26206 26206 W Looper : Slow Looper main: Activity com.mbwhatsapp/mbmodsd.mbmodsw.crashv2.DefaultErrorActivity is 795ms late (wall=5ms running=0ms ClientTransaction{ callbacks=[android.app.servertransaction.TopResumedActivityChang eItem] }) because of 5 msg, msg 1 took 463ms (seq=2 running=393ms runnable=8ms io=3ms reclaim=14ms late=8ms h=android.app.ActivityThread$H w=110), msg 2 took 586ms (seq=3 running=329ms runnable=29ms io=57ms reclaim=9ms late=466ms h=android.app.ActivityThread$H w=159)
01-23 20:47:39.370 26206 26206 W Looper : Slow Looper main: Activity com.mbwhatsapp/mbmodsd.mbmodsw.crashv2.DefaultErrorActivity is 795ms late (wall=5ms running=0ms ClientTransaction{ callbacks=[android.app.servertransaction.TopResumedActivityChang eItem] }) because of 5 msg, msg 1 took 463ms (seq=2 running=393ms runnable=8ms io=3ms reclaim=14ms late=8ms h=android.app.ActivityThread$H w=110), msg 2 took 586ms (seq=3 running=329ms runnable=29ms io=57ms reclaim=9ms late=466ms h=android.app.ActivityThread$H w=159)
01-23 20:47:39.370 26206 26206 W Looper : Slow Looper main: Activity com.mbwhatsapp/mbmodsd.mbmodsw.crashv2.DefaultErrorActivity is 795ms late (wall=5ms running=0ms ClientTransaction{ callbacks=[android.app.servertransaction.TopResumedActivityChang eItem] }) because of 5 msg, msg 1 took 463ms (seq=2 running=393ms runnable=8ms io=3ms reclaim=14ms late=8ms h=android.app.ActivityThread$H w=110), msg 2 took 586ms (seq=3 running=329ms runnable=29ms io=57ms reclaim=9ms late=466ms h=android.app.ActivityThread$H w=159)
01-23 20:47:39.375 26206 26206 W Looper : Slow Looper main: Activity com.mbwhatsapp/mbmodsd.mbmodsw.crashv2.DefaultErrorActivity is 798ms late (wall=4ms running=1ms ClientTransaction{ lifecycleRequest=android.app.servertransaction.PauseActivityItem }) because of 6 msg, msg 1 took 463ms (seq=2 running=393ms runnable=8ms io=3ms reclaim=14ms late=8ms h=android.app.ActivityThread$H w=110), msg 2 took 586ms (seq=3 running=329ms runnable=29ms io=57ms reclaim=9ms late=466ms h=android.app.ActivityThread$H w=159)
01-23 20:47:39.375 26206 26206 W Looper : Slow Looper main: Activity com.mbwhatsapp/mbmodsd.mbmodsw.crashv2.DefaultErrorActivity is 798ms late (wall=4ms running=1ms ClientTransaction{ lifecycleRequest=android.app.servertransaction.PauseActivityItem }) because of 6 msg, msg 1 took 463ms (seq=2 running=393ms runnable=8ms io=3ms reclaim=14ms late=8ms h=android.app.ActivityThread$H w=110), msg 2 took 586ms (seq=3 running=329ms runnable=29ms io=57ms reclaim=9ms late=466ms h=android.app.ActivityThread$H w=159)
01-23 20:47:39.375 26206 26206 W Looper : Slow Looper main: Activity com.mbwhatsapp/mbmodsd.mbmodsw.crashv2.DefaultErrorActivity is 798ms late (wall=4ms running=1ms ClientTransaction{ lifecycleRequest=android.app.servertransaction.PauseActivityItem }) because of 6 msg, msg 1 took 463ms (seq=2 running=393ms runnable=8ms io=3ms reclaim=14ms late=8ms h=android.app.ActivityThread$H w=110), msg 2 took 586ms (seq=3 running=329ms runnable=29ms io=57ms reclaim=9ms late=466ms h=android.app.ActivityThread$H w=159)
01-23 20:47:39.448 26224 26224 W com.mbwhatsapp: Class com.mbwhatsapp.HomeActivity failed lock verification and will run slower.
01-23 20:47:39.448 26224 26224 W com.mbwhatsapp: Class com.mbwhatsapp.HomeActivity failed lock verification and will run slower.
01-23 20:47:39.448 26224 26224 W com.mbwhatsapp: Class com.mbwhatsapp.HomeActivity failed lock verification and will run slower.
01-23 20:47:39.495 26206 26290 W Gralloc3: mapper 3.x is not supported
01-23 20:47:39.495 26206 26290 W Gralloc3: mapper 3.x is not supported
01-23 20:47:39.495 26206 26290 W Gralloc3: mapper 3.x is not supported
01-23 20:47:39.500 26206 26290 E ion : ioctl c0044901 failed with code -1: Invalid argument
01-23 20:47:39.500 26206 26290 E ion : ioctl c0044901 failed with code -1: Invalid argument
01-23 20:47:39.500 26206 26290 E ion : ioctl c0044901 failed with code -1: Invalid argument
01-23 20:47:39.516 26224 26224 E ArmVmp : Match on catch block at 0x8d in for 0xd5
01-23 20:47:39.516 26224 26224 E ArmVmp : Match on catch block at 0x8d in for 0xd5
01-23 20:47:39.516 26224 26224 E ArmVmp : Match on catch block at 0x8d in for 0xd5
01-23 20:47:39.630 26224 26224 E ArmVmp : Match on catch block at 0x4c in for 0xd9
01-23 20:47:39.630 26224 26224 E ArmVmp : Match on catch block at 0x4c in for 0xd9
01-23 20:47:39.630 26224 26224 E ArmVmp : Match on catch block at 0x4c in for 0xd9
01-23 20:47:39.665 26224 26224 E ArmVmp : Match on catch block at 0x8d in for 0xd1
01-23 20:47:39.665 26224 26224 E ArmVmp : Match on catch block at 0x8d in for 0xd1
01-23 20:47:39.665 26224 26224 E ArmVmp : Match on catch block at 0x8d in for 0xd1
01-23 20:47:39.742 26206 26206 W Looper : Slow Looper main: doFrame is 319ms late because of 5 msg, msg 1 took 323ms (seq=10 running=96ms runnable=10ms late=73ms h=android.view.Choreographer$FrameHandler c=android.view.Choreographer$FrameDisplayEventReceiver)
01-23 20:47:39.742 26206 26206 W Looper : Slow Looper main: doFrame is 319ms late because of 5 msg, msg 1 took 323ms (seq=10 running=96ms runnable=10ms late=73ms h=android.view.Choreographer$FrameHandler c=android.view.Choreographer$FrameDisplayEventReceiver)
01-23 20:47:39.742 26206 26206 W Looper : Slow Looper main: doFrame is 319ms late because of 5 msg, msg 1 took 323ms (seq=10 running=96ms runnable=10ms late=73ms h=android.view.Choreographer$FrameHandler c=android.view.Choreographer$FrameDisplayEventReceiver)
01-23 20:47:40.054 26224 26224 E ArmVmp : Match on catch block at 0x0a in for 0xb1
01-23 20:47:40.054 26224 26224 E ArmVmp : Match on catch block at 0x0a in for 0xb1
01-23 20:47:40.054 26224 26224 E ArmVmp : Match on catch block at 0x0a in for 0xb1
01-23 20:47:40.076 26224 26324 W BpBinder: Slow Binder: BpBinder transact took 637 ms, interface=android.app.IActivityManager, code=20 oneway=false
01-23 20:47:40.076 26224 26324 W BpBinder: Slow Binder: BpBinder transact took 637 ms, interface=android.app.IActivityManager, code=20 oneway=false
01-23 20:47:40.076 26224 26324 W BpBinder: Slow Binder: BpBinder transact took 637 ms, interface=android.app.IActivityManager, code=20 oneway=false
01-23 20:47:40.097 26224 26224 E ArmVmp : Match on catch block at 0x0a in for 0x129
01-23 20:47:40.097 26224 26224 E ArmVmp : Match on catch block at 0x0a in for 0x129
01-23 20:47:40.097 26224 26224 E ArmVmp : Match on catch block at 0x0a in for 0x129
01-23 20:47:40.295 26224 26224 W Activity: Slow Operation: Activity com.mbwhatsapp/.HomeActivity onCreate took 842ms
01-23 20:47:40.295 26224 26224 W Activity: Slow Operation: Activity com.mbwhatsapp/.HomeActivity onCreate took 842ms
01-23 20:47:40.295 26224 26224 W Activity: Slow Operation: Activity com.mbwhatsapp/.HomeActivity onCreate took 842ms
01-23 20:47:40.363 26224 26224 W Looper : Slow Looper main: Activity com.mbwhatsapp/.HomeActivity is 980ms late (wall=0ms running=0ms ClientTransaction{ callbacks=[android.app.servertransaction.TopResumedActivityChangeItem] }) because of 3 msg, msg 3 took 966ms (seq=14 running=817ms runnable=16ms io=10ms reclaim=12ms late=13ms h=android.app.ActivityThread$H w=159)
01-23 20:47:40.363 26224 26224 W Looper : Slow Looper main: Activity com.mbwhatsapp/.HomeActivity is 980ms late (wall=0ms running=0ms ClientTransaction{ callbacks=[android.app.servertransaction.TopResumedActivityChangeItem] }) because of 3 msg, msg 3 took 966ms (seq=14 running=817ms runnable=16ms io=10ms reclaim=12ms late=13ms h=android.app.ActivityThread$H w=159)
01-23 20:47:40.363 26224 26224 W Looper : Slow Looper main: Activity com.mbwhatsapp/.HomeActivity is 980ms late (wall=0ms running=0ms ClientTransaction{ callbacks=[android.app.servertransaction.TopResumedActivityChangeItem] }) because of 3 msg, msg 3 took 966ms (seq=14 running=817ms runnable=16ms io=10ms reclaim=12ms late=13ms h=android.app.ActivityThread$H w=159)
01-23 20:47:40.435 26206 26206 E WindowManager:
01-23 20:47:40.435 26206 26206 E WindowManager: android.view.WindowLeaked: Activity mbmodsd.mbmodsw.crashv2.DefaultErrorActivity has leaked window DecorView@79fbad8[DefaultErrorActivity] that was originally added here
01-23 20:47:40.435 26206 26206 E WindowManager: at android.view.ViewRootImpl.<init>(ViewRootImpl.java:653)
01-23 20:47:40.435 26206 26206 E WindowManager: at android.view.WindowManagerGlobal.addView(WindowManagerGlobal.java:377)
01-23 20:47:40.435 26206 26206 E WindowManager: at android.view.WindowManagerImpl.addView(WindowManagerImpl.java:96)
01-23 20:47:40.435 26206 26206 E WindowManager: at android.app.Dialog.show(Dialog.java:344)
01-23 20:47:40.435 26206 26206 E WindowManager: at mbmodsd.mbmodsw.mbdialog.mbdialogios.iOSDark.show(Native Method)
01-23 20:47:40.435 26206 26206 E WindowManager: at mbmodsd.mbmodsw.crashv2.DefaultErrorActivity.onCreate(Native Method)
01-23 20:47:40.435 26206 26206 E WindowManager: at android.app.Activity.performCreate(Activity.java:7893)
01-23 20:47:40.435 26206 26206 E WindowManager: at android.app.Activity.performCreate(Activity.java:7880)
01-23 20:47:40.435 26206 26206 E WindowManager: at android.app.Instrumentation.callActivityOnCreate(Instrumentation.java:1306)
01-23 20:47:40.435 26206 26206 E WindowManager: at android.app.ActivityThread.performLaunchActivity(ActivityThread.java:3315)
01-23 20:47:40.435 26206 26206 E WindowManager: at android.app.ActivityThread.handleLaunchActivity(ActivityThread.java:3489)
01-23 20:47:40.435 26206 26206 E WindowManager: at android.app.servertransaction.LaunchActivityItem.execute(LaunchActivityItem.java:83 )
01-23 20:47:40.435 26206 26206 E WindowManager: at android.app.servertransaction.TransactionExecutor.executeCallbacks(TransactionExecu tor.java:135)
01-23 20:47:40.435 26206 26206 E WindowManager: at android.app.servertransaction.TransactionExecutor.execute(TransactionExecutor.java: 95)
01-23 20:47:40.435 26206 26206 E WindowManager: at android.app.ActivityThread$H.handleMessage(ActivityThread.java:2073)
01-23 20:47:40.435 26206 26206 E WindowManager: at android.os.Handler.dispatchMessage(Handler.java:107)
01-23 20:47:40.435 26206 26206 E WindowManager: at android.os.Looper.loop(Looper.java:225)
01-23 20:47:40.435 26206 26206 E WindowManager: at android.app.ActivityThread.main(ActivityThread.java:7563)
01-23 20:47:40.435 26206 26206 E WindowManager: at java.lang.reflect.Method.invoke(Native Method)
01-23 20:47:40.435 26206 26206 E WindowManager: at com.android.internal.os.RuntimeInit$MethodAndArgsCaller.run(RuntimeInit.java:539)
01-23 20:47:40.435 26206 26206 E WindowManager: at com.android.internal.os.ZygoteInit.main(ZygoteInit.java:994)
01-23 20:47:40.435 26206 26206 E WindowManager:
01-23 20:47:40.435 26206 26206 E WindowManager: android.view.WindowLeaked: Activity mbmodsd.mbmodsw.crashv2.DefaultErrorActivity has leaked window DecorView@79fbad8[DefaultErrorActivity] that was originally added here
01-23 20:47:40.435 26206 26206 E WindowManager: at android.view.ViewRootImpl.<init>(ViewRootImpl.java:653)
01-23 20:47:40.435 26206 26206 E WindowManager: at android.view.WindowManagerGlobal.addView(WindowManagerGlobal.java:377)
01-23 20:47:40.435 26206 26206 E WindowManager: at android.view.WindowManagerImpl.addView(WindowManagerImpl.java:96)
01-23 20:47:40.435 26206 26206 E WindowManager: at android.app.Dialog.show(Dialog.java:344)
01-23 20:47:40.435 26206 26206 E WindowManager: at mbmodsd.mbmodsw.mbdialog.mbdialogios.iOSDark.show(Native Method)
01-23 20:47:40.435 26206 26206 E WindowManager: at mbmodsd.mbmodsw.crashv2.DefaultErrorActivity.onCreate(Native Method)
01-23 20:47:40.435 26206 26206 E WindowManager: at android.app.Activity.performCreate(Activity.java:7893)
01-23 20:47:40.435 26206 26206 E WindowManager: at android.app.Activity.performCreate(Activity.java:7880)
01-23 20:47:40.435 26206 26206 E WindowManager: at android.app.Instrumentation.callActivityOnCreate(Instrumentation.java:1306)
01-23 20:47:40.435 26206 26206 E WindowManager: at android.app.ActivityThread.performLaunchActivity(ActivityThread.java:3315)
01-23 20:47:40.435 26206 26206 E WindowManager: at android.app.ActivityThread.handleLaunchActivity(ActivityThread.java:3489)
01-23 20:47:40.435 26206 26206 E WindowManager: at android.app.servertransaction.LaunchActivityItem.execute(LaunchActivityItem.java:83 )
01-23 20:47:40.435 26206 26206 E WindowManager: at android.app.servertransaction.TransactionExecutor.executeCallbacks(TransactionExecu tor.java:135)
01-23 20:47:40.435 26206 26206 E WindowManager: at android.app.servertransaction.TransactionExecutor.execute(TransactionExecutor.java: 95)
01-23 20:47:40.435 26206 26206 E WindowManager: at android.app.ActivityThread$H.handleMessage(ActivityThread.java:2073)
01-23 20:47:40.435 26206 26206 E WindowManager: at android.os.Handler.dispatchMessage(Handler.java:107)
01-23 20:47:40.435 26206 26206 E WindowManager: at android.os.Looper.loop(Looper.java:225)
01-23 20:47:40.435 26206 26206 E WindowManager: at android.app.ActivityThread.main(ActivityThread.java:7563)
01-23 20:47:40.435 26206 26206 E WindowManager: at java.lang.reflect.Method.invoke(Native Method)
01-23 20:47:40.435 26206 26206 E WindowManager: at com.android.internal.os.RuntimeInit$MethodAndArgsCaller.run(RuntimeInit.java:539)
01-23 20:47:40.435 26206 26206 E WindowManager: at com.android.internal.os.ZygoteInit.main(ZygoteInit.java:994)
01-23 20:47:40.435 26206 26206 E WindowManager:
01-23 20:47:40.435 26206 26206 E WindowManager: android.view.WindowLeaked: Activity mbmodsd.mbmodsw.crashv2.DefaultErrorActivity has leaked window DecorView@79fbad8[DefaultErrorActivity] that was originally added here
01-23 20:47:40.435 26206 26206 E WindowManager: at android.view.ViewRootImpl.<init>(ViewRootImpl.java:653)
01-23 20:47:40.435 26206 26206 E WindowManager: at android.view.WindowManagerGlobal.addView(WindowManagerGlobal.java:377)
01-23 20:47:40.435 26206 26206 E WindowManager: at android.view.WindowManagerImpl.addView(WindowManagerImpl.java:96)
01-23 20:47:40.435 26206 26206 E WindowManager: at android.app.Dialog.show(Dialog.java:344)
01-23 20:47:40.435 26206 26206 E WindowManager: at mbmodsd.mbmodsw.mbdialog.mbdialogios.iOSDark.show(Native Method)
01-23 20:47:40.435 26206 26206 E WindowManager: at mbmodsd.mbmodsw.crashv2.DefaultErrorActivity.onCreate(Native Method)
01-23 20:47:40.435 26206 26206 E WindowManager: at android.app.Activity.performCreate(Activity.java:7893)
01-23 20:47:40.435 26206 26206 E WindowManager: at android.app.Activity.performCreate(Activity.java:7880)
01-23 20:47:40.435 26206 26206 E WindowManager: at android.app.Instrumentation.callActivityOnCreate(Instrumentation.java:1306)
01-23 20:47:40.435 26206 26206 E WindowManager: at android.app.ActivityThread.performLaunchActivity(ActivityThread.java:3315)
01-23 20:47:40.435 26206 26206 E WindowManager: at android.app.ActivityThread.handleLaunchActivity(ActivityThread.java:3489)
01-23 20:47:40.435 26206 26206 E WindowManager: at android.app.servertransaction.LaunchActivityItem.execute(LaunchActivityItem.java:83 )
01-23 20:47:40.435 26206 26206 E WindowManager: at android.app.servertransaction.TransactionExecutor.executeCallbacks(TransactionExecu tor.java:135)
01-23 20:47:40.435 26206 26206 E WindowManager: at android.app.servertransaction.TransactionExecutor.execute(TransactionExecutor.java: 95)
01-23 20:47:40.435 26206 26206 E WindowManager: at android.app.ActivityThread$H.handleMessage(ActivityThread.java:2073)
01-23 20:47:40.435 26206 26206 E WindowManager: at android.os.Handler.dispatchMessage(Handler.java:107)
01-23 20:47:40.435 26206 26206 E WindowManager: at android.os.Looper.loop(Looper.java:225)
01-23 20:47:40.435 26206 26206 E WindowManager: at android.app.ActivityThread.main(ActivityThread.java:7563)
01-23 20:47:40.435 26206 26206 E WindowManager: at java.lang.reflect.Method.invoke(Native Method)
01-23 20:47:40.435 26206 26206 E WindowManager: at com.android.internal.os.RuntimeInit$MethodAndArgsCaller.run(RuntimeInit.java:539)
01-23 20:47:40.435 26206 26206 E WindowManager: at com.android.internal.os.ZygoteInit.main(ZygoteInit.java:994)
01-23 20:47:40.836 26224 26224 E ArmVmp : Match on catch block at 0x8d in for 0xe9
01-23 20:47:40.836 26224 26224 E ArmVmp : Match on catch block at 0x8d in for 0xe9
01-23 20:47:40.836 26224 26224 E ArmVmp : Match on catch block at 0x8d in for 0xe9
01-23 20:47:41.012 26224 26224 E ArmVmp : Match on catch block at 0x8d in for 0xe9
01-23 20:47:41.012 26224 26224 E ArmVmp : Match on catch block at 0x8d in for 0xe9
01-23 20:47:41.012 26224 26224 E ArmVmp : Match on catch block at 0x8d in for 0xe9
01-23 20:47:41.151 26224 26224 E ArmVmp : Match on catch block at 0x8d in for 0xe9
01-23 20:47:41.151 26224 26224 E ArmVmp : Match on catch block at 0x8d in for 0xe9
01-23 20:47:41.151 26224 26224 E ArmVmp : Match on catch block at 0x8d in for 0xe9
01-23 20:47:41.268 26224 26224 E ArmVmp : Match on catch block at 0x8d in for 0xe9
01-23 20:47:41.268 26224 26224 E ArmVmp : Match on catch block at 0x8d in for 0xe9
01-23 20:47:41.268 26224 26224 E ArmVmp : Match on catch block at 0x8d in for 0xe9
01-23 20:47:41.376 26224 26224 E ArmVmp : Match on catch block at 0x8d in for 0xe5
01-23 20:47:41.376 26224 26224 E ArmVmp : Match on catch block at 0x8d in for 0xe5
01-23 20:47:41.376 26224 26224 E ArmVmp : Match on catch block at 0x8d in for 0xe5
01-23 20:47:41.468 26224 26224 E ArmVmp : Match on catch block at 0x8d in for 0xe5
01-23 20:47:41.468 26224 26224 E ArmVmp : Match on catch block at 0x8d in for 0xe5
01-23 20:47:41.468 26224 26224 E ArmVmp : Match on catch block at 0x8d in for 0xe5
01-23 20:47:41.571 26224 26224 E ArmVmp : Match on catch block at 0x8d in for 0xe9
01-23 20:47:41.571 26224 26224 E ArmVmp : Match on catch block at 0x8d in for 0xe9
01-23 20:47:41.571 26224 26224 E ArmVmp : Match on catch block at 0x8d in for 0xe9
01-23 20:47:41.673 26224 26224 E ArmVmp : Match on catch block at 0x8d in for 0xe9
01-23 20:47:41.673 26224 26224 E ArmVmp : Match on catch block at 0x8d in for 0xe9
01-23 20:47:41.673 26224 26224 E ArmVmp : Match on catch block at 0x8d in for 0xe9
01-23 20:47:41.758 26224 26224 E RecyclerView: No adapter attached; skipping layout
01-23 20:47:41.758 26224 26224 E RecyclerView: No adapter attached; skipping layout
01-23 20:47:41.758 26224 26224 E RecyclerView: No adapter attached; skipping layout
01-23 20:47:41.771 26224 26224 E RecyclerView: No adapter attached; skipping layout
01-23 20:47:41.771 26224 26224 E RecyclerView: No adapter attached; skipping layout
01-23 20:47:41.771 26224 26224 E RecyclerView: No adapter attached; skipping layout
01-23 20:47:41.815 26224 26327 W Gralloc3: mapper 3.x is not supported
01-23 20:47:41.815 26224 26327 W Gralloc3: mapper 3.x is not supported
01-23 20:47:41.815 26224 26327 W Gralloc3: mapper 3.x is not supported
01-23 20:47:41.818 26224 26327 E ion : ioctl c0044901 failed with code -1: Invalid argument
01-23 20:47:41.818 26224 26327 E ion : ioctl c0044901 failed with code -1: Invalid argument
01-23 20:47:41.818 26224 26327 E ion : ioctl c0044901 failed with code -1: Invalid argument
01-23 20:47:41.906 26224 26224 W Looper : Slow Looper main: Long Msg: seq=42 plan=20:47:40.356 late=78ms wall=1471ms running=1176ms runnable=35ms io=29ms h=android.view.Choreographer$FrameHandler c=android.view.Choreographer$FrameDisplayEventReceiver
01-23 20:47:41.906 26224 26224 W Looper : Slow Looper main: Long Msg: seq=42 plan=20:47:40.356 late=78ms wall=1471ms running=1176ms runnable=35ms io=29ms h=android.view.Choreographer$FrameHandler c=android.view.Choreographer$FrameDisplayEventReceiver
01-23 20:47:41.906 26224 26224 W Looper : Slow Looper main: Long Msg: seq=42 plan=20:47:40.356 late=78ms wall=1471ms running=1176ms runnable=35ms io=29ms h=android.view.Choreographer$FrameHandler c=android.view.Choreographer$FrameDisplayEventReceiver
01-23 20:47:41.918 26224 26224 E ArmVmp : Match on catch block at 0x0a in for 0xc5
01-23 20:47:41.918 26224 26224 E ArmVmp : Match on catch block at 0x0a in for 0xc5
01-23 20:47:41.918 26224 26224 E ArmVmp : Match on catch block at 0x0a in for 0xc5
01-23 20:47:41.932 26224 26224 W Looper : Slow Looper main: Activity com.mbwhatsapp/mbmodsd.mbmodsw.mbsettings.yo.PauseActivity is 1510ms late (wall=22ms running=11ms ClientTransaction{ callbacks=[android.app.servertransaction.LaunchActivityItem] lifecycleRequest=android.app.servertransaction.PauseActivityItem }) because of 21 msg, msg 17 took 1471ms (seq=42 running=1176ms runnable=35ms io=29ms late=78ms h=android.view.Choreographer$FrameHandler c=android.view.Choreographer$FrameDisplayEventReceiver)
01-23 20:47:41.932 26224 26224 W Looper : Slow Looper main: Activity com.mbwhatsapp/mbmodsd.mbmodsw.mbsettings.yo.PauseActivity is 1510ms late (wall=22ms running=11ms ClientTransaction{ callbacks=[android.app.servertransaction.LaunchActivityItem] lifecycleRequest=android.app.servertransaction.PauseActivityItem }) because of 21 msg, msg 17 took 1471ms (seq=42 running=1176ms runnable=35ms io=29ms late=78ms h=android.view.Choreographer$FrameHandler c=android.view.Choreographer$FrameDisplayEventReceiver)
01-23 20:47:41.932 26224 26224 W Looper : Slow Looper main: Activity com.mbwhatsapp/mbmodsd.mbmodsw.mbsettings.yo.PauseActivity is 1510ms late (wall=22ms running=11ms ClientTransaction{ callbacks=[android.app.servertransaction.LaunchActivityItem] lifecycleRequest=android.app.servertransaction.PauseActivityItem }) because of 21 msg, msg 17 took 1471ms (seq=42 running=1176ms runnable=35ms io=29ms late=78ms h=android.view.Choreographer$FrameHandler c=android.view.Choreographer$FrameDisplayEventReceiver)
01-23 20:47:42.009 26224 26224 E RecyclerView: No adapter attached; skipping layout
01-23 20:47:42.009 26224 26224 E RecyclerView: No adapter attached; skipping layout
01-23 20:47:42.009 26224 26224 E RecyclerView: No adapter attached; skipping layout
01-23 20:47:42.020 26224 26224 W Looper : Slow Looper main: doFrame is 1479ms late because of 11 msg, msg 1 took 1471ms (seq=42 running=1176ms runnable=35ms io=29ms late=78ms h=android.view.Choreographer$FrameHandler c=android.view.Choreographer$FrameDisplayEventReceiver)
01-23 20:47:42.020 26224 26224 W Looper : Slow Looper main: doFrame is 1479ms late because of 11 msg, msg 1 took 1471ms (seq=42 running=1176ms runnable=35ms io=29ms late=78ms h=android.view.Choreographer$FrameHandler c=android.view.Choreographer$FrameDisplayEventReceiver)
01-23 20:47:42.020 26224 26224 W Looper : Slow Looper main: doFrame is 1479ms late because of 11 msg, msg 1 took 1471ms (seq=42 running=1176ms runnable=35ms io=29ms late=78ms h=android.view.Choreographer$FrameHandler c=android.view.Choreographer$FrameDisplayEventReceiver)
01-23 20:47:42.010 26224 26224 E RecyclerView: No adapter attached; skipping layout
01-23 20:47:42.010 26224 26224 E RecyclerView: No adapter attached; skipping layout
01-23 20:47:42.010 26224 26224 E RecyclerView: No adapter attached; skipping layout
01-23 20:47:42.039 26224 26224 W Looper : Slow Looper main: Activity com.mbwhatsapp/mbmodsd.mbmodsw.mbsettings.yo.PauseActivity is 903ms late (wall=0ms running=0ms ClientTransaction{ callbacks=[android.app.servertransaction.TopResumedActivityChang eItem] }) because of 67 msg, msg 1 took 1471ms (seq=42 running=1176ms runnable=35ms io=29ms late=78ms h=android.view.Choreographer$FrameHandler c=android.view.Choreographer$FrameDisplayEventReceiver), msg 12 took 86ms (seq=53 running=73ms io=2ms late=1479ms h=android.view.Choreographer$FrameHandler c=android.view.Choreographer$FrameDisplayEventReceiver)
01-23 20:47:42.039 26224 26224 W Looper : Slow Looper main: Activity com.mbwhatsapp/mbmodsd.mbmodsw.mbsettings.yo.PauseActivity is 903ms late (wall=0ms running=0ms ClientTransaction{ callbacks=[android.app.servertransaction.TopResumedActivityChang eItem] }) because of 67 msg, msg 1 took 1471ms (seq=42 running=1176ms runnable=35ms io=29ms late=78ms h=android.view.Choreographer$FrameHandler c=android.view.Choreographer$FrameDisplayEventReceiver), msg 12 took 86ms (seq=53 running=73ms io=2ms late=1479ms h=android.view.Choreographer$FrameHandler c=android.view.Choreographer$FrameDisplayEventReceiver)
01-23 20:47:42.039 26224 26224 W Looper : Slow Looper main: Activity com.mbwhatsapp/mbmodsd.mbmodsw.mbsettings.yo.PauseActivity is 903ms late (wall=0ms running=0ms ClientTransaction{ callbacks=[android.app.servertransaction.TopResumedActivityChang eItem] }) because of 67 msg, msg 1 took 1471ms (seq=42 running=1176ms runnable=35ms io=29ms late=78ms h=android.view.Choreographer$FrameHandler c=android.view.Choreographer$FrameDisplayEventReceiver), msg 12 took 86ms (seq=53 running=73ms io=2ms late=1479ms h=android.view.Choreographer$FrameHandler c=android.view.Choreographer$FrameDisplayEventReceiver)
01-23 20:47:42.040 26224 26224 W Looper : Slow Looper main: Activity com.mbwhatsapp/mbmodsd.mbmodsw.mbsettings.yo.PauseActivity is 900ms late (wall=1ms running=2ms ClientTransaction{ lifecycleRequest=android.app.servertransaction.ResumeActivityIte m }) because of 68 msg, msg 1 took 1471ms (seq=42 running=1176ms runnable=35ms io=29ms late=78ms h=android.view.Choreographer$FrameHandler c=android.view.Choreographer$FrameDisplayEventReceiver), msg 12 took 86ms (seq=53 running=73ms io=2ms late=1479ms h=android.view.Choreographer$FrameHandler c=android.view.Choreographer$FrameDisplayEventReceiver)
01-23 20:47:42.040 26224 26224 W Looper : Slow Looper main: Activity com.mbwhatsapp/mbmodsd.mbmodsw.mbsettings.yo.PauseActivity is 900ms late (wall=1ms running=2ms ClientTransaction{ lifecycleRequest=android.app.servertransaction.ResumeActivityIte m }) because of 68 msg, msg 1 took 1471ms (seq=42 running=1176ms runnable=35ms io=29ms late=78ms h=android.view.Choreographer$FrameHandler c=android.view.Choreographer$FrameDisplayEventReceiver), msg 12 took 86ms (seq=53 running=73ms io=2ms late=1479ms h=android.view.Choreographer$FrameHandler c=android.view.Choreographer$FrameDisplayEventReceiver)
01-23 20:47:42.040 26224 26224 W Looper : Slow Looper main: Activity com.mbwhatsapp/mbmodsd.mbmodsw.mbsettings.yo.PauseActivity is 900ms late (wall=1ms running=2ms ClientTransaction{ lifecycleRequest=android.app.servertransaction.ResumeActivityIte m }) because of 68 msg, msg 1 took 1471ms (seq=42 running=1176ms runnable=35ms io=29ms late=78ms h=android.view.Choreographer$FrameHandler c=android.view.Choreographer$FrameDisplayEventReceiver), msg 12 took 86ms (seq=53 running=73ms io=2ms late=1479ms h=android.view.Choreographer$FrameHandler c=android.view.Choreographer$FrameDisplayEventReceiver)
01-23 20:47:42.889 26224 26373 W BpBinder: Slow Binder: BpBinder transact took 435 ms, interface=android.app.IActivityManager, code=20 oneway=false
01-23 20:47:42.889 26224 26373 W BpBinder: Slow Binder: BpBinder transact took 435 ms, interface=android.app.IActivityManager, code=20 oneway=false
01-23 20:47:42.889 26224 26373 W BpBinder: Slow Binder: BpBinder transact took 435 ms, interface=android.app.IActivityManager, code=20 oneway=false
01-23 20:47:43.015 26224 26224 W Looper : Slow Looper main: Activity com.mbwhatsapp/.backup.google.GoogleDriveNewUserSetupActivity is 392ms late (wall=0ms running=0ms ClientTransaction{ callbacks=[android.app.servertransaction.TopResumedActivityChang eItem] }) because of 29 msg, msg 29 took 235ms (seq=252 running=198ms runnable=1ms io=7ms late=157ms h=android.app.ActivityThread$H w=159)
01-23 20:47:43.015 26224 26224 W Looper : Slow Looper main: Activity com.mbwhatsapp/.backup.google.GoogleDriveNewUserSetupActivity is 392ms late (wall=0ms running=0ms ClientTransaction{ callbacks=[android.app.servertransaction.TopResumedActivityChang eItem] }) because of 29 msg, msg 29 took 235ms (seq=252 running=198ms runnable=1ms io=7ms late=157ms h=android.app.ActivityThread$H w=159)
01-23 20:47:43.015 26224 26224 W Looper : Slow Looper main: Activity com.mbwhatsapp/.backup.google.GoogleDriveNewUserSetupActivity is 392ms late (wall=0ms running=0ms ClientTransaction{ callbacks=[android.app.servertransaction.TopResumedActivityChang eItem] }) because of 29 msg, msg 29 took 235ms (seq=252 running=198ms runnable=1ms io=7ms late=157ms h=android.app.ActivityThread$H w=159)
01-23 20:47:43.057 26224 26224 W Looper : Slow Looper main: doFrame is 354ms late because of 32 msg, msg 27 took 235ms (seq=252 running=198ms runnable=1ms io=7ms late=157ms h=android.app.ActivityThread$H w=159)
01-23 20:47:43.057 26224 26224 W Looper : Slow Looper main: doFrame is 354ms late because of 32 msg, msg 27 took 235ms (seq=252 running=198ms runnable=1ms io=7ms late=157ms h=android.app.ActivityThread$H w=159)
01-23 20:47:43.057 26224 26224 W Looper : Slow Looper main: doFrame is 354ms late because of 32 msg, msg 27 took 235ms (seq=252 running=198ms runnable=1ms io=7ms late=157ms h=android.app.ActivityThread$H w=159)
01-23 20:47:43.109 26224 26224 E ArmVmp : Match on catch block at 0x8d in for 0xd9
01-23 20:47:43.109 26224 26224 E ArmVmp : Match on catch block at 0x8d in for 0xd9
01-23 20:47:43.109 26224 26224 E ArmVmp : Match on catch block at 0x8d in for 0xd9
01-23 20:47:43.129 26224 26224 E ArmVmp : Match on catch block at 0x8d in for 0xd9
01-23 20:47:43.129 26224 26224 E ArmVmp : Match on catch block at 0x8d in for 0xd9
01-23 20:47:43.155 26224 26224 E ArmVmp : Match on catch block at 0x5b in for 0x75
01-23 20:47:43.129 26224 26224 E ArmVmp : Match on catch block at 0x8d in for 0xd9
01-23 20:47:43.155 26224 26224 E ArmVmp : Match on catch block at 0x5b in for 0x75
01-23 20:47:43.155 26224 26224 E ArmVmp : Match on catch block at 0x5b in for 0x75
01-23 20:47:43.755 26224 26224 W Looper : Slow Looper main: doFrame is 336ms late because of 29 msg, msg 1 took 347ms (seq=319 running=294ms runnable=1ms io=1ms late=174ms h=android.view.Choreographer$FrameHandler c=android.view.Choreographer$FrameDisplayEventReceiver)
01-23 20:47:43.755 26224 26224 W Looper : Slow Looper main: doFrame is 336ms late because of 29 msg, msg 1 took 347ms (seq=319 running=294ms runnable=1ms io=1ms late=174ms h=android.view.Choreographer$FrameHandler c=android.view.Choreographer$FrameDisplayEventReceiver)
01-23 20:47:43.755 26224 26224 W Looper : Slow Looper main: doFrame is 336ms late because of 29 msg, msg 1 took 347ms (seq=319 running=294ms runnable=1ms io=1ms late=174ms h=android.view.Choreographer$FrameHandler c=android.view.Choreographer$FrameDisplayEventReceiver)
01-23 20:47:43.783 26224 26327 W RenderInspector: QueueBuffer time out on com.mbwhatsapp/com.mbwhatsapp.HomeActivity, count=2, avg=32 ms, max=35 ms.
01-23 20:47:43.783 26224 26327 W RenderInspector: QueueBuffer time out on com.mbwhatsapp/com.mbwhatsapp.HomeActivity, count=2, avg=32 ms, max=35 ms.
01-23 20:47:43.783 26224 26327 W RenderInspector: QueueBuffer time out on com.mbwhatsapp/com.mbwhatsapp.HomeActivity, count=2, avg=32 ms, max=35 ms.
01-23 20:47:46.364 26114 26114 W ActivityThread: handleWindowVisibility: no activity for token android.os.BinderProxy@acbcbec
01-23 20:47:46.364 26114 26114 W ActivityThread: handleWindowVisibility: no activity for token android.os.BinderProxy@acbcbec
01-23 20:47:46.364 26114 26114 W ActivityThread: handleWindowVisibility: no activity for token android.os.BinderProxy@acbcbec
01-23 20:47:48.632 26114 26503 W BpBinder: Slow Binder: BpBinder transact took 2167 ms, interface=, code=21 oneway=false
01-23 20:47:48.632 26114 26503 W BpBinder: Slow Binder: BpBinder transact took 2167 ms, interface=, code=21 oneway=false
01-23 20:47:48.706 26527 26527 E com.mbwhatsapp: Not starting debugger since process cannot load the jdwp agent.
01-23 20:47:48.706 26527 26527 E com.mbwhatsapp: Not starting debugger since process cannot load the jdwp agent.
01-23 20:47:48.952 26527 26527 W ResourceType: CREATING STRING CACHE OF 96 bytes
01-23 20:47:48.952 26527 26527 W ResourceType: CREATING STRING CACHE OF 96 bytes
01-23 20:47:48.968 26527 26527 W System.err: java.lang.ClassNotFoundException: mbmodsd.mbmodsw.ui.views.btn.BtnBK
01-23 20:47:48.968 26527 26527 W System.err: java.lang.ClassNotFoundException: mbmodsd.mbmodsw.ui.views.btn.BtnBK
01-23 20:47:48.969 26527 26527 W System.err: at java.lang.Runtime.nativeLoad(Native Method)
01-23 20:47:48.969 26527 26527 W System.err: at java.lang.Runtime.nativeLoad(Runtime.java:1115)
01-23 20:47:48.969 26527 26527 W System.err: at java.lang.Runtime.loadLibrary0(Runtime.java:1069)
01-23 20:47:48.969 26527 26527 W System.err: at java.lang.Runtime.loadLibrary0(Runtime.java:1007)
01-23 20:47:48.969 26527 26527 W System.err: at java.lang.System.loadLibrary(System.java:1667)
01-23 20:47:48.969 26527 26527 W System.err: at arm.EpicVm.<clinit>(Unknown Source:2)
01-23 20:47:48.969 26527 26527 W System.err: at java.lang.Class.newInstance(Native Method)
01-23 20:47:48.969 26527 26527 W System.err: at android.app.AppComponentFactory.instantiateApplication(AppComponentFactory.java:76)
01-23 20:47:48.969 26527 26527 W System.err: at androidx.core.app.CoreComponentFactory.instantiateApplication(Unknown Source:0)
01-23 20:47:48.969 26527 26527 W System.err: at android.app.Instrumentation.newApplication(Instrumentation.java:1155)
01-23 20:47:48.969 26527 26527 W System.err: at android.app.LoadedApk.makeApplication(LoadedApk.java:1224)
01-23 20:47:48.969 26527 26527 W System.err: at java.lang.Runtime.nativeLoad(Native Method)
01-23 20:47:48.969 26527 26527 W System.err: at java.lang.Runtime.nativeLoad(Runtime.java:1115)
01-23 20:47:48.969 26527 26527 W System.err: at java.lang.Runtime.loadLibrary0(Runtime.java:1069)
01-23 20:47:48.969 26527 26527 W System.err: at android.app.ActivityThread.handleBindApplication(ActivityThread.java:6574)
01-23 20:47:48.969 26527 26527 W System.err: at java.lang.Runtime.loadLibrary0(Runtime.java:1007)
