01-23 17:03:27.821 20752 20752 W System.err: at com.android.internal.os.ZygoteInit.main(ZygoteInit.java:994)
01-23 17:03:27.886 20752 20752 E libc : Access denied finding property "ro.vendor.df.effect.conflict"
01-23 17:03:27.882 20752 20752 W count_switching: type=1400 audit(0.0:253047): avc: denied { read } for name="u:object_r:vendor_default_prop:s0" dev="tmpfs" ino=15650 scontext=u:r:untrusted_app:s0:c201,c256,c512,c768 tcontext=u:object_r:vendor_default_prop:s0 tclass=file permissive=0 --------- beginning of main
01-23 17:03:28.338 20752 20752 W count_switching: type=1400 audit(0.0:253048): avc: granted { execute } for path="/data/data/com.mbwhatsapp/files/decompressed/libs.spk.zst/libc++_shared.so" dev="mmcblk0p41" ino=69677 scontext=u:r:untrusted_app:s0:c201,c256,c512,c768 tcontext=u:object_r:app_data_file:s0:c201,c256,c512,c768 tclass=file
01-23 17:03:28.338 20752 20752 W count_switching: type=1400 audit(0.0:253048): avc: granted { execute } for path="/data/data/com.mbwhatsapp/files/decompressed/libs.spk.zst/libc++_shared.so" dev="mmcblk0p41" ino=69677 scontext=u:r:untrusted_app:s0:c201,c256,c512,c768 tcontext=u:object_r:app_data_file:s0:c201,c256,c512,c768 tclass=file
01-23 17:03:28.346 20752 20752 W count_switching: type=1400 audit(0.0:253049): avc: granted { execute } for path="/data/data/com.mbwhatsapp/files/decompressed/libs.spk.zst/libvlc.so" dev="mmcblk0p41" ino=77337 scontext=u:r:untrusted_app:s0:c201,c256,c512,c768 tcontext=u:object_r:app_data_file:s0:c201,c256,c512,c768 tclass=file
01-23 17:03:28.346 20752 20752 W count_switching: type=1400 audit(0.0:253049): avc: granted { execute } for path="/data/data/com.mbwhatsapp/files/decompressed/libs.spk.zst/libvlc.so" dev="mmcblk0p41" ino=77337 scontext=u:r:untrusted_app:s0:c201,c256,c512,c768 tcontext=u:object_r:app_data_file:s0:c201,c256,c512,c768 tclass=file
01-23 17:03:28.350 20752 20752 W count_switching: type=1400 audit(0.0:253050): avc: granted { execute } for path="/data/data/com.mbwhatsapp/files/decompressed/libs.spk.zst/libwhatsapp.so" dev="mmcblk0p41" ino=76900 scontext=u:r:untrusted_app:s0:c201,c256,c512,c768 tcontext=u:object_r:app_data_file:s0:c201,c256,c512,c768 tclass=file
01-23 17:03:28.350 20752 20752 W count_switching: type=1400 audit(0.0:253050): avc: granted { execute } for path="/data/data/com.mbwhatsapp/files/decompressed/libs.spk.zst/libwhatsapp.so" dev="mmcblk0p41" ino=76900 scontext=u:r:untrusted_app:s0:c201,c256,c512,c768 tcontext=u:object_r:app_data_file:s0:c201,c256,c512,c768 tclass=file
01-23 17:03:28.414 20752 20752 W count_switching: type=1400 audit(0.0:253051): avc: denied { execmod } for path="/apex/com.android.runtime/lib/bionic/libc.so" dev="loop6" ino=44 scontext=u:r:untrusted_app:s0:c201,c256,c512,c768 tcontext=u:object_r:system_lib_file:s0 tclass=file permissive=0
01-23 17:03:28.414 20752 20752 W count_switching: type=1400 audit(0.0:253051): avc: denied { execmod } for path="/apex/com.android.runtime/lib/bionic/libc.so" dev="loop6" ino=44 scontext=u:r:untrusted_app:s0:c201,c256,c512,c768 tcontext=u:object_r:system_lib_file:s0 tclass=file permissive=0
01-23 17:03:28.434 20752 20752 W SigquitBasedANRDetector: Could not open target lib: libart.so
01-23 17:03:28.434 20752 20752 W SigquitBasedANRDetector: Failed to load lib
01-23 17:03:28.434 20752 20752 W SigquitBasedANRDetector: Could not open target lib: libart.so
01-23 17:03:28.434 20752 20752 W SigquitBasedANRDetector: Failed to load lib
01-23 17:03:28.469 20752 20752 W count_switchin: Class X.0eU failed lock verification and will run slower.
01-23 17:03:28.469 20752 20752 W count_switchin: Class X.0eU failed lock verification and will run slower.
01-23 17:03:28.470 20752 20752 W count_switchin: Common causes for lock verification issues are non-optimized dex code
01-23 17:03:28.470 20752 20752 W count_switchin: Common causes for lock verification issues are non-optimized dex code
01-23 17:03:28.470 20752 20752 W count_switchin: and incorrect proguard optimizations.
01-23 17:03:28.470 20752 20752 W count_switchin: and incorrect proguard optimizations. --------- beginning of system
01-23 17:03:28.608 20752 20752 W Looper : Slow Looper main: Activity com.mbwhatsapp/.accountswitching.secondaryprocess.AccountSwitchingActivity is 841ms late (wall=171ms running=110ms ClientTransaction{ callbacks=[android.app.servertransaction.LaunchActivityItem] lifecycleRequest=android.app.servertransaction.ResumeActivityItem }) because of 2 msg, msg 2 took 836ms (seq=2 running=437ms runnable=3ms io=317ms swapin=1ms reclaim=16ms late=9ms h=android.app.ActivityThread$H w=110)
01-23 17:03:28.608 20752 20752 W Looper : Slow Looper main: Activity com.mbwhatsapp/.accountswitching.secondaryprocess.AccountSwitchingActivity is 841ms late (wall=171ms running=110ms ClientTransaction{ callbacks=[android.app.servertransaction.LaunchActivityItem] lifecycleRequest=android.app.servertransaction.ResumeActivityItem }) because of 2 msg, msg 2 took 836ms (seq=2 running=437ms runnable=3ms io=317ms swapin=1ms reclaim=16ms late=9ms h=android.app.ActivityThread$H w=110)
01-23 17:03:28.608 20752 20752 W Looper : Slow Looper main: Activity com.mbwhatsapp/.accountswitching.secondaryprocess.AccountSwitchingActivity is 1008ms late (wall=0ms running=0ms ClientTransaction{ callbacks=[android.app.servertransaction.TopResumedActivityChang eItem] }) because of 3 msg, msg 2 took 836ms (seq=2 running=437ms runnable=3ms io=317ms swapin=1ms reclaim=16ms late=9ms h=android.app.ActivityThread$H w=110), msg 3 took 171ms (seq=3 running=110ms runnable=1ms io=35ms late=841ms h=android.app.ActivityThread$H w=159)
01-23 17:03:28.608 20752 20752 W Looper : Slow Looper main: Activity com.mbwhatsapp/.accountswitching.secondaryprocess.AccountSwitchingActivity is 1008ms late (wall=0ms running=0ms ClientTransaction{ callbacks=[android.app.servertransaction.TopResumedActivityChang eItem] }) because of 3 msg, msg 2 took 836ms (seq=2 running=437ms runnable=3ms io=317ms swapin=1ms reclaim=16ms late=9ms h=android.app.ActivityThread$H w=110), msg 3 took 171ms (seq=3 running=110ms runnable=1ms io=35ms late=841ms h=android.app.ActivityThread$H w=159)
01-23 17:03:28.770 20752 20795 W Gralloc3: mapper 3.x is not supported
01-23 17:03:28.770 20752 20795 W Gralloc3: mapper 3.x is not supported
01-23 17:03:28.774 20752 20795 E ion : ioctl c0044901 failed with code -1: Invalid argument
01-23 17:03:28.774 20752 20795 E ion : ioctl c0044901 failed with code -1: Invalid argument
01-23 17:03:29.378 20752 20798 W BpBinder: Slow Binder: BpBinder transact took 766 ms, interface=, code=21 oneway=false
01-23 17:03:29.378 20752 20798 W BpBinder: Slow Binder: BpBinder transact took 766 ms, interface=, code=21 oneway=false
01-23 17:03:29.426 20805 20805 E com.mbwhatsapp: Not starting debugger since process cannot load the jdwp agent.
01-23 17:03:29.544 20805 20805 W ResourceType: CREATING STRING CACHE OF 96 bytes
01-23 17:03:29.552 20805 20805 W System.err: java.lang.ClassNotFoundException: mbmodsd.mbmodsw.ui.views.btn.BtnBK
01-23 17:03:29.552 20805 20805 W System.err: at java.lang.Runtime.nativeLoad(Native Method)
01-23 17:03:29.552 20805 20805 W System.err: at java.lang.Runtime.nativeLoad(Runtime.java:1115)
01-23 17:03:29.552 20805 20805 W System.err: at java.lang.Runtime.loadLibrary0(Runtime.java:1069)
01-23 17:03:29.552 20805 20805 W System.err: at java.lang.Runtime.loadLibrary0(Runtime.java:1007)
01-23 17:03:29.552 20805 20805 W System.err: at java.lang.System.loadLibrary(System.java:1667)
01-23 17:03:29.552 20805 20805 W System.err: at arm.EpicVm.<clinit>(Unknown Source:2)
01-23 17:03:29.552 20805 20805 W System.err: at java.lang.Class.newInstance(Native Method)
01-23 17:03:29.552 20805 20805 W System.err: at android.app.AppComponentFactory.instantiateApplication(AppComponentFactory.java:76)
01-23 17:03:29.552 20805 20805 W System.err: at androidx.core.app.CoreComponentFactory.instantiateApplication(Unknown Source:0)
01-23 17:03:29.552 20805 20805 W System.err: at android.app.Instrumentation.newApplication(Instrumentation.java:1155)
01-23 17:03:29.552 20805 20805 W System.err: at android.app.LoadedApk.makeApplication(LoadedApk.java:1224)
01-23 17:03:29.552 20805 20805 W System.err: at android.app.ActivityThread.handleBindApplication(ActivityThread.java:6574)
01-23 17:03:29.552 20805 20805 W System.err: at android.app.ActivityThread.access$1500(ActivityThread.java:235)
01-23 17:03:29.552 20805 20805 W System.err: at android.app.ActivityThread$H.handleMessage(ActivityThread.java:1916)
01-23 17:03:29.553 20805 20805 W System.err: at android.os.Handler.dispatchMessage(Handler.java:107)
01-23 17:03:29.553 20805 20805 W System.err: at android.os.Looper.loop(Looper.java:225)
01-23 17:03:29.553 20805 20805 W System.err: at android.app.ActivityThread.main(ActivityThread.java:7563)
01-23 17:03:29.553 20805 20805 W System.err: at java.lang.reflect.Method.invoke(Native Method)
01-23 17:03:29.553 20805 20805 W System.err: at com.android.internal.os.RuntimeInit$MethodAndArgsCaller.run(RuntimeInit.java:539)
01-23 17:03:29.553 20805 20805 W System.err: at com.android.internal.os.ZygoteInit.main(ZygoteInit.java:994)
01-23 17:03:29.567 20805 20805 E CustomActivityOnCrash: IMPORTANT WARNING! You already have an UncaughtExceptionHandler, are you sure this is correct? If you use a custom UncaughtExceptionHandler, you must initialize it AFTER CustomActivityOnCrash! Installing anyway, but your original handler will not be called.
01-23 17:03:29.599 20752 20798 W BpBinder: Slow Binder: BpBinder transact took 212 ms, interface=android.app.IActivityManager, code=20 oneway=false
01-23 17:03:29.614 20805 20805 E libc : Access denied finding property "ro.vendor.df.effect.conflict"
01-23 17:03:29.610 20805 20805 W com.mbwhatsapp: type=1400 audit(0.0:253053): avc: denied { read } for name="u:object_r:vendor_default_prop:s0" dev="tmpfs" ino=15650 scontext=u:r:untrusted_app:s0:c201,c256,c512,c768 tcontext=u:object_r:vendor_default_prop:s0 tclass=file permissive=0 --------- beginning of main
01-23 17:03:30.842 20805 20805 W com.mbwhatsapp: type=1400 audit(0.0:253054): avc: granted { execute } for path="/data/data/com.mbwhatsapp/files/decompressed/libs.spk.zst/libc++_shared.so" dev="mmcblk0p41" ino=11162 scontext=u:r:untrusted_app:s0:c201,c256,c512,c768 tcontext=u:object_r:app_data_file:s0:c201,c256,c512,c768 tclass=file
01-23 17:03:30.842 20805 20805 W com.mbwhatsapp: type=1400 audit(0.0:253054): avc: granted { execute } for path="/data/data/com.mbwhatsapp/files/decompressed/libs.spk.zst/libc++_shared.so" dev="mmcblk0p41" ino=11162 scontext=u:r:untrusted_app:s0:c201,c256,c512,c768 tcontext=u:object_r:app_data_file:s0:c201,c256,c512,c768 tclass=file
01-23 17:03:30.850 20805 20805 W com.mbwhatsapp: type=1400 audit(0.0:253056): avc: granted { execute } for path="/data/data/com.mbwhatsapp/files/decompressed/libs.spk.zst/libwhatsapp.so" dev="mmcblk0p41" ino=11156 scontext=u:r:untrusted_app:s0:c201,c256,c512,c768 tcontext=u:object_r:app_data_file:s0:c201,c256,c512,c768 tclass=file
01-23 17:03:30.850 20805 20805 W com.mbwhatsapp: type=1400 audit(0.0:253056): avc: granted { execute } for path="/data/data/com.mbwhatsapp/files/decompressed/libs.spk.zst/libwhatsapp.so" dev="mmcblk0p41" ino=11156 scontext=u:r:untrusted_app:s0:c201,c256,c512,c768 tcontext=u:object_r:app_data_file:s0:c201,c256,c512,c768 tclass=file
01-23 17:03:30.898 20805 20805 W com.mbwhatsapp: type=1400 audit(0.0:253057): avc: granted { execute } for path="/data/data/com.mbwhatsapp/files/decompressed/libs.spk.zst/libcurve25519.so" dev="mmcblk0p41" ino=11159 scontext=u:r:untrusted_app:s0:c201,c256,c512,c768 tcontext=u:object_r:app_data_file:s0:c201,c256,c512,c768 tclass=file
01-23 17:03:30.898 20805 20805 W com.mbwhatsapp: type=1400 audit(0.0:253057): avc: granted { execute } for path="/data/data/com.mbwhatsapp/files/decompressed/libs.spk.zst/libcurve25519.so" dev="mmcblk0p41" ino=11159 scontext=u:r:untrusted_app:s0:c201,c256,c512,c768 tcontext=u:object_r:app_data_file:s0:c201,c256,c512,c768 tclass=file
01-23 17:03:30.922 20805 20805 W com.mbwhatsapp: type=1400 audit(0.0:253058): avc: granted { execute } for path="/data/data/com.mbwhatsapp/files/decompressed/libs.spk.zst/libwhatsapp.so" dev="mmcblk0p41" ino=11156 scontext=u:r:untrusted_app:s0:c201,c256,c512,c768 tcontext=u:object_r:app_data_file:s0:c201,c256,c512,c768 tclass=file
01-23 17:03:30.922 20805 20805 W com.mbwhatsapp: type=1400 audit(0.0:253058): avc: granted { execute } for path="/data/data/com.mbwhatsapp/files/decompressed/libs.spk.zst/libwhatsapp.so" dev="mmcblk0p41" ino=11156 scontext=u:r:untrusted_app:s0:c201,c256,c512,c768 tcontext=u:object_r:app_data_file:s0:c201,c256,c512,c768 tclass=file
01-23 17:03:30.930 20805 20805 W com.mbwhatsapp: type=1400 audit(0.0:253062): avc: denied { execmod } for path="/apex/com.android.runtime/lib/bionic/libc.so" dev="loop6" ino=44 scontext=u:r:untrusted_app:s0:c201,c256,c512,c768 tcontext=u:object_r:system_lib_file:s0 tclass=file permissive=0
01-23 17:03:30.930 20805 20805 W com.mbwhatsapp: type=1400 audit(0.0:253062): avc: denied { execmod } for path="/apex/com.android.runtime/lib/bionic/libc.so" dev="loop6" ino=44 scontext=u:r:untrusted_app:s0:c201,c256,c512,c768 tcontext=u:object_r:system_lib_file:s0 tclass=file permissive=0
01-23 17:03:30.953 20805 20805 W SigquitBasedANRDetector: Could not open target lib: libart.so
01-23 17:03:30.953 20805 20805 W SigquitBasedANRDetector: Could not open target lib: libart.so
01-23 17:03:30.953 20805 20805 W SigquitBasedANRDetector: Failed to load lib
01-23 17:03:30.953 20805 20805 W SigquitBasedANRDetector: Failed to load lib
01-23 17:03:31.056 20805 20940 W com.mbwhatsapp: Class X.2rL failed lock verification and will run slower.
01-23 17:03:31.056 20805 20940 W com.mbwhatsapp: Class X.2rL failed lock verification and will run slower.
01-23 17:03:31.056 20805 20940 W com.mbwhatsapp: Common causes for lock verification issues are non-optimized dex code
01-23 17:03:31.056 20805 20940 W com.mbwhatsapp: Common causes for lock verification issues are non-optimized dex code
01-23 17:03:31.056 20805 20940 W com.mbwhatsapp: and incorrect proguard optimizations.
01-23 17:03:31.056 20805 20940 W com.mbwhatsapp: and incorrect proguard optimizations. --------- beginning of system
01-23 17:03:31.086 20805 20805 W Looper : Slow Looper main: Long Msg: seq=2 plan=17:03:29.449 late=1ms wall=1602ms running=1204ms runnable=12ms io=233ms reclaim=17ms h=android.app.ActivityThread$H w=110
01-23 17:03:31.086 20805 20805 W Looper : Slow Looper main: Long Msg: seq=2 plan=17:03:29.449 late=1ms wall=1602ms running=1204ms runnable=12ms io=233ms reclaim=17ms h=android.app.ActivityThread$H w=110
01-23 17:03:31.086 20805 20805 W ActivityThread: handleWindowVisibility: no activity for token android.os.BinderProxy@5008e31
01-23 17:03:31.086 20805 20805 W ActivityThread: handleWindowVisibility: no activity for token android.os.BinderProxy@5008e31
01-23 17:03:31.114 20805 20805 W com.mbwhatsapp: Class X.0eU failed lock verification and will run slower.
01-23 17:03:31.114 20805 20805 W com.mbwhatsapp: Class X.0eU failed lock verification and will run slower.
01-23 17:03:31.319 20805 20805 W Looper : Slow Looper main: Activity com.mbwhatsapp/.Main is 1450ms late (wall=233ms running=169ms ClientTransaction{ callbacks=[android.app.servertransaction.LaunchActivityItem] lifecycleRequest=android.app.servertransaction.ResumeActivityItem }) because of 3 msg, msg 1 took 1602ms (seq=2 running=1204ms runnable=12ms io=233ms reclaim=17ms late=1ms h=android.app.ActivityThread$H w=110)
01-23 17:03:31.320 20805 20805 W Looper : Slow Looper main: Activity com.mbwhatsapp/.Main is 1683ms late (wall=0ms running=0ms ClientTransaction{ callbacks=[android.app.servertransaction.TopResumedActivityChang eItem] }) because of 4 msg, msg 1 took 1602ms (seq=2 running=1204ms runnable=12ms io=233ms reclaim=17ms late=1ms h=android.app.ActivityThread$H w=110), msg 4 took 233ms (seq=5 running=169ms runnable=1ms io=11ms reclaim=3ms late=1450ms h=android.app.ActivityThread$H w=159)
01-23 17:03:31.319 20805 20805 W Looper : Slow Looper main: Activity com.mbwhatsapp/.Main is 1450ms late (wall=233ms running=169ms ClientTransaction{ callbacks=[android.app.servertransaction.LaunchActivityItem] lifecycleRequest=android.app.servertransaction.ResumeActivityItem }) because of 3 msg, msg 1 took 1602ms (seq=2 running=1204ms runnable=12ms io=233ms reclaim=17ms late=1ms h=android.app.ActivityThread$H w=110)
01-23 17:03:31.320 20805 20805 W Looper : Slow Looper main: Activity com.mbwhatsapp/.Main is 1683ms late (wall=0ms running=0ms ClientTransaction{ callbacks=[android.app.servertransaction.TopResumedActivityChang eItem] }) because of 4 msg, msg 1 took 1602ms (seq=2 running=1204ms runnable=12ms io=233ms reclaim=17ms late=1ms h=android.app.ActivityThread$H w=110), msg 4 took 233ms (seq=5 running=169ms runnable=1ms io=11ms reclaim=3ms late=1450ms h=android.app.ActivityThread$H w=159)
01-23 17:03:31.362 20805 20805 W ActivityThread: handleWindowVisibility: no activity for token android.os.BinderProxy@c1a26ef
01-23 17:03:31.362 20805 20805 W ActivityThread: handleWindowVisibility: no activity for token android.os.BinderProxy@c1a26ef
01-23 17:03:31.399 20805 20805 W com.mbwhatsapp: Class com.mbwhatsapp.HomeActivity failed lock verification and will run slower.
01-23 17:03:31.399 20805 20805 W com.mbwhatsapp: Class com.mbwhatsapp.HomeActivity failed lock verification and will run slower.
01-23 17:03:31.481 20805 20805 E ArmVmp : Match on catch block at 0x8d in for 0xd9
01-23 17:03:31.481 20805 20805 E ArmVmp : Match on catch block at 0x8d in for 0xd9
01-23 17:03:31.619 20805 20805 E ArmVmp : Match on catch block at 0x4c in for 0xd1
01-23 17:03:31.619 20805 20805 E ArmVmp : Match on catch block at 0x4c in for 0xd1
01-23 17:03:31.656 20805 20805 E ArmVmp : Match on catch block at 0x8d in for 0xd5
01-23 17:03:31.656 20805 20805 E ArmVmp : Match on catch block at 0x8d in for 0xd5
01-23 17:03:32.055 20805 20940 W BpBinder: Slow Binder: BpBinder transact took 667 ms, interface=android.app.IActivityManager, code=20 oneway=false
01-23 17:03:32.055 20805 20940 W BpBinder: Slow Binder: BpBinder transact took 667 ms, interface=android.app.IActivityManager, code=20 oneway=false
01-23 17:03:32.459 20805 20805 E ArmVmp : Match on catch block at 0x0a in for 0xb5
01-23 17:03:32.459 20805 20805 E ArmVmp : Match on catch block at 0x0a in for 0xb5
01-23 17:03:32.511 20805 20805 E ArmVmp : Match on catch block at 0x0a in for 0x125
01-23 17:03:32.511 20805 20805 E ArmVmp : Match on catch block at 0x0a in for 0x125
01-23 17:03:32.623 20805 20940 W BpBinder: Slow Binder: BpBinder transact took 567 ms, interface=android.content.IContentProvider, code=1 oneway=false
01-23 17:03:32.623 20805 20940 W BpBinder: Slow Binder: BpBinder transact took 567 ms, interface=android.content.IContentProvider, code=1 oneway=false
01-23 17:03:32.752 20805 20805 W Activity: Slow Operation: Activity com.mbwhatsapp/.HomeActivity onCreate took 1349ms
01-23 17:03:32.752 20805 20805 W Activity: Slow Operation: Activity com.mbwhatsapp/.HomeActivity onCreate took 1349ms
01-23 17:03:32.837 20805 20805 W Looper : Slow Looper main: Long Msg: seq=17 plan=17:03:31.350 late=11ms wall=1475ms running=793ms runnable=5ms io=518ms reclaim=4ms h=android.app.ActivityThread$H w=159
01-23 17:03:32.837 20805 20805 W Looper : Slow Looper main: Long Msg: seq=17 plan=17:03:31.350 late=11ms wall=1475ms running=793ms runnable=5ms io=518ms reclaim=4ms h=android.app.ActivityThread$H w=159
01-23 17:03:32.837 20805 20805 W Looper : Slow Looper main: Activity com.mbwhatsapp/.HomeActivity is 1487ms late (wall=0ms running=0ms ClientTransaction{ callbacks=[android.app.servertransaction.TopResumedActivityChang eItem] }) because of 4 msg, msg 4 took 1475ms (seq=17 running=793ms runnable=5ms io=518ms reclaim=4ms late=11ms h=android.app.ActivityThread$H w=159)
01-23 17:03:32.837 20805 20805 W Looper : Slow Looper main: Activity com.mbwhatsapp/.HomeActivity is 1487ms late (wall=0ms running=0ms ClientTransaction{ callbacks=[android.app.servertransaction.TopResumedActivityChang eItem] }) because of 4 msg, msg 4 took 1475ms (seq=17 running=793ms runnable=5ms io=518ms reclaim=4ms late=11ms h=android.app.ActivityThread$H w=159)
01-23 17:03:32.881 20805 20805 W Looper : Slow Looper main: Activity com.mbwhatsapp/.HomeActivity is 351ms late (wall=1ms running=1ms ClientTransaction{ callbacks=[android.app.servertransaction.TopResumedActivityChangeItem] }) because of 11 msg, msg 1 took 1475ms (seq=17 running=793ms runnable=5ms io=518ms reclaim=4ms late=11ms h=android.app.ActivityThread$H w=159)
01-23 17:03:32.881 20805 20805 W Looper : Slow Looper main: Activity com.mbwhatsapp/.HomeActivity is 351ms late (wall=1ms running=1ms ClientTransaction{ callbacks=[android.app.servertransaction.TopResumedActivityChangeItem] }) because of 11 msg, msg 1 took 1475ms (seq=17 running=793ms runnable=5ms io=518ms reclaim=4ms late=11ms h=android.app.ActivityThread$H w=159)
01-23 17:03:32.935 20805 20805 W Activity: Slow Operation: Activity com.mbwhatsapp/.HomeActivity onPause took 53ms
01-23 17:03:32.935 20805 20805 W Activity: Slow Operation: Activity com.mbwhatsapp/.HomeActivity onPause took 53ms
01-23 17:03:32.945 20805 20805 W Looper : Slow Looper main: Activity com.mbwhatsapp/.HomeActivity is 352ms late (wall=63ms running=13ms ClientTransaction{ lifecycleRequest=android.app.servertransaction.PauseActivityItem }) because of 12 msg, msg 1 took 1475ms (seq=17 running=793ms runnable=5ms io=518ms reclaim=4ms late=11ms h=android.app.ActivityThread$H w=159)
01-23 17:03:32.945 20805 20805 W Looper : Slow Looper main: Activity com.mbwhatsapp/.HomeActivity is 352ms late (wall=63ms running=13ms ClientTransaction{ lifecycleRequest=android.app.servertransaction.PauseActivityItem }) because of 12 msg, msg 1 took 1475ms (seq=17 running=793ms runnable=5ms io=518ms reclaim=4ms late=11ms h=android.app.ActivityThread$H w=159)
01-23 17:03:33.581 20805 20805 E ArmVmp : Match on catch block at 0x8d in for 0xe1
01-23 17:03:33.581 20805 20805 E ArmVmp : Match on catch block at 0x8d in for 0xe1
01-23 17:03:33.952 20805 20805 E ArmVmp : Match on catch block at 0x8d in for 0xe1
01-23 17:03:33.952 20805 20805 E ArmVmp : Match on catch block at 0x8d in for 0xe1
01-23 17:03:34.244 20805 20805 E ArmVmp : Match on catch block at 0x8d in for 0xe1
01-23 17:03:34.244 20805 20805 E ArmVmp : Match on catch block at 0x8d in for 0xe1
01-23 17:03:34.367 20805 20805 E ArmVmp : Match on catch block at 0x8d in for 0xe1
01-23 17:03:34.367 20805 20805 E ArmVmp : Match on catch block at 0x8d in for 0xe1
01-23 17:03:34.477 20805 20805 E ArmVmp : Match on catch block at 0x8d in for 0xe9
01-23 17:03:34.477 20805 20805 E ArmVmp : Match on catch block at 0x8d in for 0xe9
01-23 17:03:34.587 20805 20805 E ArmVmp : Match on catch block at 0x8d in for 0xe9
01-23 17:03:34.587 20805 20805 E ArmVmp : Match on catch block at 0x8d in for 0xe9
01-23 17:03:34.693 20805 20805 E ArmVmp : Match on catch block at 0x8d in for 0xe1
01-23 17:03:34.693 20805 20805 E ArmVmp : Match on catch block at 0x8d in for 0xe1
01-23 17:03:34.783 20805 20805 E ArmVmp : Match on catch block at 0x8d in for 0xe1
01-23 17:03:34.783 20805 20805 E ArmVmp : Match on catch block at 0x8d in for 0xe1
01-23 17:03:34.852 20805 20805 E RecyclerView: No adapter attached; skipping layout
01-23 17:03:34.852 20805 20805 E RecyclerView: No adapter attached; skipping layout
01-23 17:03:34.865 20805 20805 E RecyclerView: No adapter attached; skipping layout
01-23 17:03:34.865 20805 20805 E RecyclerView: No adapter attached; skipping layout
01-23 17:03:34.909 20805 20958 W Gralloc3: mapper 3.x is not supported
01-23 17:03:34.909 20805 20958 W Gralloc3: mapper 3.x is not supported
01-23 17:03:34.913 20805 20958 E ion : ioctl c0044901 failed with code -1: Invalid argument
01-23 17:03:34.913 20805 20958 E ion : ioctl c0044901 failed with code -1: Invalid argument
01-23 17:03:35.002 20805 20805 W Looper : Slow Looper main: Long Msg: seq=45 plan=17:03:32.827 late=215ms wall=1959ms running=1300ms runnable=152ms io=219ms reclaim=2ms h=android.view.Choreographer$FrameHandler c=android.view.Choreographer$FrameDisplayEventReceiver
01-23 17:03:35.002 20805 20805 W Looper : Slow Looper main: Long Msg: seq=45 plan=17:03:32.827 late=215ms wall=1959ms running=1300ms runnable=152ms io=219ms reclaim=2ms h=android.view.Choreographer$FrameHandler c=android.view.Choreographer$FrameDisplayEventReceiver
01-23 17:03:35.013 20805 20805 E ArmVmp : Match on catch block at 0x0a in for 0xc1
01-23 17:03:35.013 20805 20805 E ArmVmp : Match on catch block at 0x0a in for 0xc1
01-23 17:03:35.027 20805 20805 W Looper : Slow Looper main: Activity com.mbwhatsapp/mbmodsd.mbmodsw.mbsettings.yo.PauseActivity is 2065ms late (wall=20ms running=11ms ClientTransaction{ callbacks=[android.app.servertransaction.LaunchActivityItem] lifecycleRequest=android.app.servertransaction.PauseActivityItem }) because of 21 msg, msg 1 took 63ms (seq=29 running=13ms io=37ms late=352ms h=android.app.ActivityThread$H w=159), msg 12 took 60ms (seq=40 running=22ms runnable=17ms io=22ms late=202ms h=android.os.Handler c=X.3g8), msg 17 took 1959ms (seq=45 running=1300ms runnable=152ms io=219ms reclaim=2ms late=215ms h=android.view.Choreographer$FrameHandler c=android.view.Choreographer$FrameDisplayEventReceiver)
01-23 17:03:35.027 20805 20805 W Looper : Slow Looper main: Activity com.mbwhatsapp/mbmodsd.mbmodsw.mbsettings.yo.PauseActivity is 2065ms late (wall=20ms running=11ms ClientTransaction{ callbacks=[android.app.servertransaction.LaunchActivityItem] lifecycleRequest=android.app.servertransaction.PauseActivityItem }) because of 21 msg, msg 1 took 63ms (seq=29 running=13ms io=37ms late=352ms h=android.app.ActivityThread$H w=159), msg 12 took 60ms (seq=40 running=22ms runnable=17ms io=22ms late=202ms h=android.os.Handler c=X.3g8), msg 17 took 1959ms (seq=45 running=1300ms runnable=152ms io=219ms reclaim=2ms late=215ms h=android.view.Choreographer$FrameHandler c=android.view.Choreographer$FrameDisplayEventReceiver)
01-23 17:03:35.097 20805 20805 E RecyclerView: No adapter attached; skipping layout
01-23 17:03:35.097 20805 20805 E RecyclerView: No adapter attached; skipping layout
01-23 17:03:35.098 20805 20805 E RecyclerView: No adapter attached; skipping layout
01-23 17:03:35.098 20805 20805 E RecyclerView: No adapter attached; skipping layout
01-23 17:03:35.100 20805 20805 W View : requestLayout() improperly called by androidx.appcompat.view.menu.ActionMenuItemView{88a4cb2 VFED..C.. ......ID 194,0- 290,0 #7f0b0f8a app:id/menuitem_search} during layout: running second layout pass
01-23 17:03:35.100 20805 20805 W View : requestLayout() improperly called by androidx.appcompat.view.menu.ActionMenuItemView{88a4cb2 VFED..C.. ......ID 194,0- 290,0 #7f0b0f8a app:id/menuitem_search} during layout: running second layout pass
01-23 17:03:35.100 20805 20805 W View : requestLayout() improperly called by androidx.appcompat.widget.ActionMenuView{9ed1403 V.E...... ......ID 280,250- 754,250} during layout: running second layout pass
01-23 17:03:35.100 20805 20805 W View : requestLayout() improperly called by androidx.appcompat.widget.ActionMenuView{9ed1403 V.E...... ......ID 280,250- 754,250} during layout: running second layout pass
01-23 17:03:35.111 20805 20805 W Looper : Slow Looper main: doFrame is 1956ms late because of 12 msg, msg 1 took 1959ms (seq=45 running=1300ms runnable=152ms io=219ms reclaim=2ms late=215ms h=android.view.Choreographer$FrameHandler c=android.view.Choreographer$FrameDisplayEventReceiver)
01-23 17:03:35.111 20805 20805 W Looper : Slow Looper main: doFrame is 1956ms late because of 12 msg, msg 1 took 1959ms (seq=45 running=1300ms runnable=152ms io=219ms reclaim=2ms late=215ms h=android.view.Choreographer$FrameHandler c=android.view.Choreographer$FrameDisplayEventReceiver)
01-23 17:03:35.156 20805 20805 W Looper : Slow Looper main: Activity com.mbwhatsapp/mbmodsd.mbmodsw.mbsettings.yo.PauseActivity is 998ms late (wall=0ms running=0ms ClientTransaction{ callbacks=[android.app.servertransaction.TopResumedActivityChang eItem] }) because of 74 msg, msg 1 took 1959ms (seq=45 running=1300ms runnable=152ms io=219ms reclaim=2ms late=215ms h=android.view.Choreographer$FrameHandler c=android.view.Choreographer$FrameDisplayEventReceiver), msg 13 took 80ms (seq=57 running=72ms runnable=1ms io=1ms late=1956ms h=android.view.Choreographer$FrameHandler c=android.view.Choreographer$FrameDisplayEventReceiver)
01-23 17:03:35.156 20805 20805 W Looper : Slow Looper main: Activity com.mbwhatsapp/mbmodsd.mbmodsw.mbsettings.yo.PauseActivity is 998ms late (wall=0ms running=0ms ClientTransaction{ callbacks=[android.app.servertransaction.TopResumedActivityChang eItem] }) because of 74 msg, msg 1 took 1959ms (seq=45 running=1300ms runnable=152ms io=219ms reclaim=2ms late=215ms h=android.view.Choreographer$FrameHandler c=android.view.Choreographer$FrameDisplayEventReceiver), msg 13 took 80ms (seq=57 running=72ms runnable=1ms io=1ms late=1956ms h=android.view.Choreographer$FrameHandler c=android.view.Choreographer$FrameDisplayEventReceiver)
01-23 17:03:35.157 20805 20805 W Looper : Slow Looper main: Activity com.mbwhatsapp/mbmodsd.mbmodsw.mbsettings.yo.PauseActivity is 993ms late (wall=1ms running=1ms ClientTransaction{ lifecycleRequest=android.app.servertransaction.ResumeActivityIte m }) because of 75 msg, msg 1 took 1959ms (seq=45 running=1300ms runnable=152ms io=219ms reclaim=2ms late=215ms h=android.view.Choreographer$FrameHandler c=android.view.Choreographer$FrameDisplayEventReceiver), msg 13 took 80ms (seq=57 running=72ms runnable=1ms io=1ms late=1956ms h=android.view.Choreographer$FrameHandler c=android.view.Choreographer$FrameDisplayEventReceiver)
01-23 17:03:35.157 20805 20805 W Looper : Slow Looper main: Activity com.mbwhatsapp/mbmodsd.mbmodsw.mbsettings.yo.PauseActivity is 993ms late (wall=1ms running=1ms ClientTransaction{ lifecycleRequest=android.app.servertransaction.ResumeActivityIte m }) because of 75 msg, msg 1 took 1959ms (seq=45 running=1300ms runnable=152ms io=219ms reclaim=2ms late=215ms h=android.view.Choreographer$FrameHandler c=android.view.Choreographer$FrameDisplayEventReceiver), msg 13 took 80ms (seq=57 running=72ms runnable=1ms io=1ms late=1956ms h=android.view.Choreographer$FrameHandler c=android.view.Choreographer$FrameDisplayEventReceiver)
01-23 17:03:35.325 20805 20836 W LibraryVersion: Failed to get app version for libraryName: firebase-iid
01-23 17:03:35.325 20805 20836 W LibraryVersion: Failed to get app version for libraryName: firebase-iid
01-23 17:03:35.581 20805 20805 W View : requestLayout() improperly called by DecorView@d77f2e3[HomeActivity] during second layout pass: posting in next frame
01-23 17:03:35.581 20805 20805 W View : requestLayout() improperly called by DecorView@d77f2e3[HomeActivity] during second layout pass: posting in next frame
01-23 17:03:35.714 20805 20805 W ActivityThread: handleWindowVisibility: no activity for token android.os.BinderProxy@463bd8d
01-23 17:03:35.714 20805 20805 W ActivityThread: handleWindowVisibility: no activity for token android.os.BinderProxy@463bd8d
01-23 17:03:35.946 20805 20805 E ArmVmp : Match on catch block at 0x8d in for 0xd5
01-23 17:03:35.946 20805 20805 E ArmVmp : Match on catch block at 0x8d in for 0xd5
01-23 17:03:35.964 20805 20805 E ArmVmp : Match on catch block at 0x8d in for 0xd5
01-23 17:03:35.964 20805 20805 E ArmVmp : Match on catch block at 0x8d in for 0xd5
01-23 17:03:35.993 20805 20805 E ArmVmp : Match on catch block at 0x5b in for 0x71
01-23 17:03:35.993 20805 20805 E ArmVmp : Match on catch block at 0x5b in for 0x71
01-23 17:03:36.568 20805 20805 W Choreographer: Already have a pending vsync event. There should only be one at a time.
01-23 17:03:36.568 20805 20805 W Choreographer: Already have a pending vsync event. There should only be one at a time.
01-23 17:03:36.630 20805 20805 W Looper : Slow Looper main: doFrame is 369ms late because of 22 msg, msg 1 took 334ms (seq=348 running=285ms io=3ms late=39ms h=android.view.Choreographer$FrameHandler c=android.view.Choreographer$FrameDisplayEventReceiver), msg 2 took 53ms (seq=349 running=31ms h=android.view.Choreographer$FrameHandler w=0)
01-23 17:03:36.630 20805 20805 W Looper : Slow Looper main: doFrame is 369ms late because of 22 msg, msg 1 took 334ms (seq=348 running=285ms io=3ms late=39ms h=android.view.Choreographer$FrameHandler c=android.view.Choreographer$FrameDisplayEventReceiver), msg 2 took 53ms (seq=349 running=31ms h=android.view.Choreographer$FrameHandler w=0)
01-23 17:03:36.701 20805 20958 W RenderInspector: QueueBuffer time out on com.mbwhatsapp/com.mbwhatsapp.HomeActivity, count=1, avg=21 ms, max=21 ms.
01-23 17:03:36.701 20805 20958 W RenderInspector: QueueBuffer time out on com.mbwhatsapp/com.mbwhatsapp.HomeActivity, count=1, avg=21 ms, max=21 ms.
01-23 17:03:37.201 20805 20805 W ActivityThread: handleWindowVisibility: no activity for token android.os.BinderProxy@a9e6c37
01-23 17:03:37.201 20805 20805 W ActivityThread: handleWindowVisibility: no activity for token android.os.BinderProxy@a9e6c37
01-23 17:03:37.852 20805 20805 E ArmVmp : Match on catch block at 0x4c in for 0xd1
01-23 17:03:37.852 20805 20805 E ArmVmp : Match on catch block at 0x4c in for 0xd1
01-23 17:03:37.866 20805 20805 E ArmVmp : Match on catch block at 0x8d in for 0xd9
01-23 17:03:37.866 20805 20805 E ArmVmp : Match on catch block at 0x8d in for 0xd9
01-23 17:03:37.876 20805 20805 E ArmVmp : Match on catch block at 0x8d in for 0xd9
01-23 17:03:37.876 20805 20805 E ArmVmp : Match on catch block at 0x8d in for 0xd9
01-23 17:03:37.908 20805 20805 W Activity: Slow Operation: Activity com.mbwhatsapp/.Conversation onCreate took 685ms
01-23 17:03:37.908 20805 20805 W Activity: Slow Operation: Activity com.mbwhatsapp/.Conversation onCreate took 685ms
01-23 17:03:37.954 20805 20805 E ArmVmp : Match on catch block at 0x0a in for 0xb9
01-23 17:03:37.954 20805 20805 E ArmVmp : Match on catch block at 0x0a in for 0xb9
01-23 17:03:37.962 20805 20805 E ArmVmp : Match on catch block at 0x0a in for 0xb9
01-23 17:03:37.962 20805 20805 E ArmVmp : Match on catch block at 0x0a in for 0xb9
01-23 17:03:38.010 20805 20805 E ArmVmp : Match on catch block at 0x8d in for 0x219
01-23 17:03:38.010 20805 20805 E ArmVmp : Match on catch block at 0x8d in for 0x219
01-23 17:03:38.046 20805 20805 E ArmVmp : Match on catch block at 0x4c in for 0x215
01-23 17:03:38.046 20805 20805 E ArmVmp : Match on catch block at 0x4c in for 0x215
01-23 17:03:38.063 20805 20805 E ArmVmp : Match on catch block at 0x4c in for 0x215
01-23 17:03:38.063 20805 20805 E ArmVmp : Match on catch block at 0x4c in for 0x215
01-23 17:03:38.082 20805 20805 E ArmVmp : Match on catch block at 0x0a in for 0x1b1
01-23 17:03:38.082 20805 20805 E ArmVmp : Match on catch block at 0x0a in for 0x1b1
01-23 17:03:38.108 20805 20805 W Activity: Slow Operation: Activity com.mbwhatsapp/.Conversation onStart took 196ms
01-23 17:03:38.108 20805 20805 W Activity: Slow Operation: Activity com.mbwhatsapp/.Conversation onStart took 196ms
01-23 17:03:38.167 20805 20805 W Looper : Slow Looper main: Activity com.mbwhatsapp/.Conversation is 983ms late (wall=0ms running=0ms ClientTransaction{ callbacks=[android.app.servertransaction.TopResumedActivityChangeItem] }) because of 4 msg, msg 4 took 966ms (seq=490 running=780ms runnable=2ms io=64ms reclaim=8ms late=17ms h=android.app.ActivityThread$H w=159)
01-23 17:03:38.167 20805 20805 W Looper : Slow Looper main: Activity com.mbwhatsapp/.Conversation is 983ms late (wall=0ms running=0ms ClientTransaction{ callbacks=[android.app.servertransaction.TopResumedActivityChangeItem] }) because of 4 msg, msg 4 took 966ms (seq=490 running=780ms runnable=2ms io=64ms reclaim=8ms late=17ms h=android.app.ActivityThread$H w=159)
01-23 17:03:38.801 20805 20805 E ArmVmp : Match on catch block at 0x4c in for 0xd1
01-23 17:03:38.801 20805 20805 E ArmVmp : Match on catch block at 0x4c in for 0xd1
01-23 17:03:38.819 20805 20805 E ArmVmp : Match on catch block at 0xc3 in for 0xa1
01-23 17:03:38.819 20805 20805 E ArmVmp : Match on catch block at 0xc3 in for 0xa1
01-23 17:03:38.829 20805 20805 E ArmVmp : Match on catch block at 0xc3 in for 0xa1
01-23 17:03:38.829 20805 20805 E ArmVmp : Match on catch block at 0xc3 in for 0xa1
01-23 17:03:38.900 20805 20805 W Looper : Slow Looper main: doFrame is 994ms late because of 8 msg, msg 3 took 966ms (seq=490 running=780ms runnable=2ms io=64ms reclaim=8ms late=17ms h=android.app.ActivityThread$H w=159)
01-23 17:03:38.900 20805 20805 W Looper : Slow Looper main: doFrame is 994ms late because of 8 msg, msg 3 took 966ms (seq=490 running=780ms runnable=2ms io=64ms reclaim=8ms late=17ms h=android.app.ActivityThread$H w=159)
01-23 17:03:39.036 20805 20805 E ArmVmp : Match on catch block at 0xc3 in for 0x99
01-23 17:03:39.036 20805 20805 E ArmVmp : Match on catch block at 0xc3 in for 0x99
01-23 17:03:39.041 20805 20805 E ArmVmp : Match on catch block at 0xc3 in for 0x91
01-23 17:03:39.041 20805 20805 E ArmVmp : Match on catch block at 0xc3 in for 0x91
01-23 17:03:39.060 20805 20805 W Looper : Slow Looper main: doFrame is 801ms late because of 52 msg, msg 1 took 714ms (seq=496 running=551ms runnable=1ms io=15ms reclaim=3ms late=994ms h=android.view.Choreographer$FrameHandler c=android.view.Choreographer$FrameDisplayEventReceiver), msg 51 took 63ms (seq=546 running=11ms io=11ms reclaim=1ms late=758ms h=android.app.ActivityThread$H w=116)
01-23 17:03:39.060 20805 20805 W Looper : Slow Looper main: doFrame is 801ms late because of 52 msg, msg 1 took 714ms (seq=496 running=551ms runnable=1ms io=15ms reclaim=3ms late=994ms h=android.view.Choreographer$FrameHandler c=android.view.Choreographer$FrameDisplayEventReceiver), msg 51 took 63ms (seq=546 running=11ms io=11ms reclaim=1ms late=758ms h=android.app.ActivityThread$H w=116)
01-23 17:03:39.045 20805 20805 E ArmVmp : Match on catch block at 0xc3 in for 0x91
01-23 17:03:39.045 20805 20805 E ArmVmp : Match on catch block at 0xc3 in for 0x91
01-23 17:03:39.166 20805 20805 E ArmVmp : Match on catch block at 0xc3 in for 0x91
01-23 17:03:39.166 20805 20805 E ArmVmp : Match on catch block at 0xc3 in for 0x91
01-23 17:03:39.172 20805 20805 E ArmVmp : Match on catch block at 0xc3 in for 0x95
01-23 17:03:39.172 20805 20805 E ArmVmp : Match on catch block at 0xc3 in for 0x95
01-23 17:03:39.176 20805 20805 E ArmVmp : Match on catch block at 0xc3 in for 0x95
01-23 17:03:39.176 20805 20805 E ArmVmp : Match on catch block at 0xc3 in for 0x95
01-23 17:03:39.272 20805 20805 E ArmVmp : Match on catch block at 0xc3 in for 0x95
01-23 17:03:39.272 20805 20805 E ArmVmp : Match on catch block at 0xc3 in for 0x95
01-23 17:03:39.278 20805 20805 E ArmVmp : Match on catch block at 0xc3 in for 0x99
01-23 17:03:39.278 20805 20805 E ArmVmp : Match on catch block at 0xc3 in for 0x99
01-23 17:03:39.282 20805 20805 E ArmVmp : Match on catch block at 0xc3 in for 0x99
01-23 17:03:39.282 20805 20805 E ArmVmp : Match on catch block at 0xc3 in for 0x99
01-23 17:03:39.329 20805 20805 E ArmVmp : Match on catch block at 0xc3 in for 0x95
01-23 17:03:39.329 20805 20805 E ArmVmp : Match on catch block at 0xc3 in for 0x95
01-23 17:03:39.335 20805 20805 E ArmVmp : Match on catch block at 0xc3 in for 0x99
01-23 17:03:39.335 20805 20805 E ArmVmp : Match on catch block at 0xc3 in for 0x99
01-23 17:03:39.379 20805 20805 E ArmVmp : Match on catch block at 0xc3 in for 0x99
01-23 17:03:39.385 20805 20805 E ArmVmp : Match on catch block at 0xc3 in for 0x91
01-23 17:03:39.379 20805 20805 E ArmVmp : Match on catch block at 0xc3 in for 0x99
01-23 17:03:39.385 20805 20805 E ArmVmp : Match on catch block at 0xc3 in for 0x91
01-23 17:03:39.388 20805 20805 E ArmVmp : Match on catch block at 0xc3 in for 0x91
01-23 17:03:39.388 20805 20805 E ArmVmp : Match on catch block at 0xc3 in for 0x91
01-23 17:03:39.425 20805 20805 E ArmVmp : Match on catch block at 0xc3 in for 0x91
01-23 17:03:39.425 20805 20805 E ArmVmp : Match on catch block at 0xc3 in for 0x91
01-23 17:03:39.431 20805 20805 E ArmVmp : Match on catch block at 0xc3 in for 0x95
01-23 17:03:39.431 20805 20805 E ArmVmp : Match on catch block at 0xc3 in for 0x95
01-23 17:03:39.469 20805 20805 E ArmVmp : Match on catch block at 0xc3 in for 0x95
01-23 17:03:39.474 20805 20805 E ArmVmp : Match on catch block at 0xc3 in for 0x99
01-23 17:03:39.469 20805 20805 E ArmVmp : Match on catch block at 0xc3 in for 0x95
01-23 17:03:39.474 20805 20805 E ArmVmp : Match on catch block at 0xc3 in for 0x99
01-23 17:03:39.477 20805 20805 E ArmVmp : Match on catch block at 0xc3 in for 0x99
01-23 17:03:39.477 20805 20805 E ArmVmp : Match on catch block at 0xc3 in for 0x99
01-23 17:03:39.640 20805 20805 E ArmVmp : Match on catch block at 0xc3 in for 0x95
01-23 17:03:39.640 20805 20805 E ArmVmp : Match on catch block at 0xc3 in for 0x95
01-23 17:03:39.646 20805 20805 E ArmVmp : Match on catch block at 0xc3 in for 0x99
01-23 17:03:39.646 20805 20805 E ArmVmp : Match on catch block at 0xc3 in for 0x99
01-23 17:03:39.650 20805 20805 E ArmVmp : Match on catch block at 0xc3 in for 0x99
01-23 17:03:39.650 20805 20805 E ArmVmp : Match on catch block at 0xc3 in for 0x99
01-23 17:03:40.148 20805 20805 E ArmVmp : Match on catch block at 0xc3 in for 0x95
01-23 17:03:40.148 20805 20805 E ArmVmp : Match on catch block at 0xc3 in for 0x95
01-23 17:03:40.155 20805 20805 E ArmVmp : Match on catch block at 0xc3 in for 0x99
01-23 17:03:40.155 20805 20805 E ArmVmp : Match on catch block at 0xc3 in for 0x99
01-23 17:03:40.158 20805 20805 E ArmVmp : Match on catch block at 0xc3 in for 0x99
01-23 17:03:40.158 20805 20805 E ArmVmp : Match on catch block at 0xc3 in for 0x99
01-23 17:03:40.235 20805 20805 E ArmVmp : Match on catch block at 0xc3 in for 0x91
01-23 17:03:40.235 20805 20805 E ArmVmp : Match on catch block at 0xc3 in for 0x91
01-23 17:03:40.242 20805 20805 E ArmVmp : Match on catch block at 0xc3 in for 0x95
01-23 17:03:40.242 20805 20805 E ArmVmp : Match on catch block at 0xc3 in for 0x95
01-23 17:03:40.246 20805 20805 E ArmVmp : Match on catch block at 0xc3 in for 0x95
01-23 17:03:40.246 20805 20805 E ArmVmp : Match on catch block at 0xc3 in for 0x95
01-23 17:03:40.588 20805 20805 E ArmVmp : Match on catch block at 0xc3 in for 0x95
01-23 17:03:40.588 20805 20805 E ArmVmp : Match on catch block at 0xc3 in for 0x95
01-23 17:03:40.593 20805 20805 E ArmVmp : Match on catch block at 0xc3 in for 0x99
01-23 17:03:40.593 20805 20805 E ArmVmp : Match on catch block at 0xc3 in for 0x99
01-23 17:03:40.597 20805 20805 E ArmVmp : Match on catch block at 0xc3 in for 0x99
01-23 17:03:40.597 20805 20805 E ArmVmp : Match on catch block at 0xc3 in for 0x99
01-23 17:03:40.666 20805 20805 E ArmVmp : Match on catch block at 0xc3 in for 0x91
01-23 17:03:40.666 20805 20805 E ArmVmp : Match on catch block at 0xc3 in for 0x91
01-23 17:03:40.672 20805 20805 E ArmVmp : Match on catch block at 0xc3 in for 0x95
01-23 17:03:40.672 20805 20805 E ArmVmp : Match on catch block at 0xc3 in for 0x95
01-23 17:03:40.676 20805 20805 E ArmVmp : Match on catch block at 0xc3 in for 0x95
01-23 17:03:40.676 20805 20805 E ArmVmp : Match on catch block at 0xc3 in for 0x95
01-23 17:03:40.732 20805 20805 E ArmVmp : Match on catch block at 0xc3 in for 0x91
01-23 17:03:40.732 20805 20805 E ArmVmp : Match on catch block at 0xc3 in for 0x91
01-23 17:03:40.737 20805 20805 E ArmVmp : Match on catch block at 0xc3 in for 0x95
01-23 17:03:40.737 20805 20805 E ArmVmp : Match on catch block at 0xc3 in for 0x95
01-23 17:03:40.751 20805 20805 E ArmVmp : Match on catch block at 0xc3 in for 0x95
01-23 17:03:40.757 20805 20805 E ArmVmp : Match on catch block at 0xc3 in for 0x99
01-23 17:03:40.751 20805 20805 E ArmVmp : Match on catch block at 0xc3 in for 0x95
01-23 17:03:40.757 20805 20805 E ArmVmp : Match on catch block at 0xc3 in for 0x99
01-23 17:03:40.761 20805 20805 E ArmVmp : Match on catch block at 0xc3 in for 0x99
01-23 17:03:40.761 20805 20805 E ArmVmp : Match on catch block at 0xc3 in for 0x99
01-23 17:03:40.788 20805 20805 E ArmVmp : Match on catch block at 0xc3 in for 0x91
01-23 17:03:40.788 20805 20805 E ArmVmp : Match on catch block at 0xc3 in for 0x91
01-23 17:03:40.793 20805 20805 E ArmVmp : Match on catch block at 0xc3 in for 0x95
01-23 17:03:40.793 20805 20805 E ArmVmp : Match on catch block at 0xc3 in for 0x95
01-23 17:03:40.818 20805 20805 E ArmVmp : Match on catch block at 0xc3 in for 0x95
01-23 17:03:40.823 20805 20805 E ArmVmp : Match on catch block at 0xc3 in for 0x99
01-23 17:03:40.818 20805 20805 E ArmVmp : Match on catch block at 0xc3 in for 0x95
01-23 17:03:40.823 20805 20805 E ArmVmp : Match on catch block at 0xc3 in for 0x99
01-23 17:03:40.827 20805 20805 E ArmVmp : Match on catch block at 0xc3 in for 0x99
01-23 17:03:40.827 20805 20805 E ArmVmp : Match on catch block at 0xc3 in for 0x99
01-23 17:03:40.837 20805 20805 E ArmVmp : Match on catch block at 0xc3 in for 0x91
01-23 17:03:40.837 20805 20805 E ArmVmp : Match on catch block at 0xc3 in for 0x91
01-23 17:03:40.844 20805 20805 E ArmVmp : Match on catch block at 0xc3 in for 0x95
01-23 17:03:40.844 20805 20805 E ArmVmp : Match on catch block at 0xc3 in for 0x95
01-23 17:03:40.848 20805 20805 E ArmVmp : Match on catch block at 0xc3 in for 0x95
01-23 17:03:40.848 20805 20805 E ArmVmp : Match on catch block at 0xc3 in for 0x95
01-23 17:03:40.935 20805 20805 E ArmVmp : Match on catch block at 0xc3 in for 0x99
01-23 17:03:40.935 20805 20805 E ArmVmp : Match on catch block at 0xc3 in for 0x99
01-23 17:03:40.942 20805 20805 E ArmVmp : Match on catch block at 0xc3 in for 0x91
01-23 17:03:40.942 20805 20805 E ArmVmp : Match on catch block at 0xc3 in for 0x91
01-23 17:03:40.946 20805 20805 E ArmVmp : Match on catch block at 0xc3 in for 0x91
01-23 17:03:40.946 20805 20805 E ArmVmp : Match on catch block at 0xc3 in for 0x91
01-23 17:03:40.967 20805 20805 E ArmVmp : Match on catch block at 0xc3 in for 0x91
01-23 17:03:40.967 20805 20805 E ArmVmp : Match on catch block at 0xc3 in for 0x91
01-23 17:03:40.973 20805 20805 E ArmVmp : Match on catch block at 0xc3 in for 0x95
01-23 17:03:40.973 20805 20805 E ArmVmp : Match on catch block at 0xc3 in for 0x95
01-23 17:03:40.977 20805 20805 E ArmVmp : Match on catch block at 0xc3 in for 0x95
01-23 17:03:40.977 20805 20805 E ArmVmp : Match on catch block at 0xc3 in for 0x95
01-23 17:03:41.280 20805 20805 E ArmVmp : Match on catch block at 0xc3 in for 0x95
01-23 17:03:41.280 20805 20805 E ArmVmp : Match on catch block at 0xc3 in for 0x95
01-23 17:03:41.286 20805 20805 E ArmVmp : Match on catch block at 0xc3 in for 0x99
01-23 17:03:41.286 20805 20805 E ArmVmp : Match on catch block at 0xc3 in for 0x99
01-23 17:03:41.290 20805 20805 E ArmVmp : Match on catch block at 0xc3 in for 0x99
01-23 17:03:41.290 20805 20805 E ArmVmp : Match on catch block at 0xc3 in for 0x99
01-23 17:03:41.346 20805 20805 E ArmVmp : Match on catch block at 0xc3 in for 0x91
01-23 17:03:41.346 20805 20805 E ArmVmp : Match on catch block at 0xc3 in for 0x91
01-23 17:03:41.353 20805 20805 E ArmVmp : Match on catch block at 0xc3 in for 0x95
01-23 17:03:41.353 20805 20805 E ArmVmp : Match on catch block at 0xc3 in for 0x95
01-23 17:03:41.357 20805 20805 E ArmVmp : Match on catch block at 0xc3 in for 0x95
01-23 17:03:41.365 20805 20805 E ArmVmp : Match on catch block at 0xc3 in for 0x99
01-23 17:03:41.357 20805 20805 E ArmVmp : Match on catch block at 0xc3 in for 0x95
01-23 17:03:41.365 20805 20805 E ArmVmp : Match on catch block at 0xc3 in for 0x99
01-23 17:03:41.371 20805 20805 E ArmVmp : Match on catch block at 0xc3 in for 0x91
01-23 17:03:41.371 20805 20805 E ArmVmp : Match on catch block at 0xc3 in for 0x91
01-23 17:03:41.376 20805 20805 E ArmVmp : Match on catch block at 0xc3 in for 0x91
01-23 17:03:41.376 20805 20805 E ArmVmp : Match on catch block at 0xc3 in for 0x91
01-23 17:03:41.384 20805 20805 E ArmVmp : Match on catch block at 0xc3 in for 0x95
01-23 17:03:41.384 20805 20805 E ArmVmp : Match on catch block at 0xc3 in for 0x95
01-23 17:03:41.390 20805 20805 E ArmVmp : Match on catch block at 0xc3 in for 0x99
01-23 17:03:41.390 20805 20805 E ArmVmp : Match on catch block at 0xc3 in for 0x99
01-23 17:03:41.395 20805 20805 E ArmVmp : Match on catch block at 0xc3 in for 0x99
01-23 17:03:41.395 20805 20805 E ArmVmp : Match on catch block at 0xc3 in for 0x99
01-23 17:03:41.505 20805 20805 E ArmVmp : Match on catch block at 0xc3 in for 0x99
01-23 17:03:41.505 20805 20805 E ArmVmp : Match on catch block at 0xc3 in for 0x99
01-23 17:03:41.511 20805 20805 E ArmVmp : Match on catch block at 0xc3 in for 0x91
01-23 17:03:41.511 20805 20805 E ArmVmp : Match on catch block at 0xc3 in for 0x91
01-23 17:03:41.514 20805 20805 E ArmVmp : Match on catch block at 0xc3 in for 0x91
01-23 17:03:41.514 20805 20805 E ArmVmp : Match on catch block at 0xc3 in for 0x91
01-23 17:03:41.519 20805 20805 W Choreographer: OPTS_INPUT: First frame was drawed before optimized, so skip!
01-23 17:03:41.519 20805 20805 W Choreographer: OPTS_INPUT: First frame was drawed before optimized, so skip!
01-23 17:03:41.526 20805 20805 E ArmVmp : Match on catch block at 0xc3 in for 0x95
01-23 17:03:41.526 20805 20805 E ArmVmp : Match on catch block at 0xc3 in for 0x95
01-23 17:03:41.532 20805 20805 E ArmVmp : Match on catch block at 0xc3 in for 0x99
01-23 17:03:41.532 20805 20805 E ArmVmp : Match on catch block at 0xc3 in for 0x99
01-23 17:03:41.536 20805 20805 E ArmVmp : Match on catch block at 0xc3 in for 0x99
01-23 17:03:41.536 20805 20805 E ArmVmp : Match on catch block at 0xc3 in for 0x99
01-23 17:03:41.549 20805 20805 E ArmVmp : Match on catch block at 0xc3 in for 0x95
01-23 17:03:41.549 20805 20805 E ArmVmp : Match on catch block at 0xc3 in for 0x95
01-23 17:03:41.554 20805 20805 E ArmVmp : Match on catch block at 0xc3 in for 0x99
01-23 17:03:41.554 20805 20805 E ArmVmp : Match on catch block at 0xc3 in for 0x99
01-23 17:03:41.558 20805 20805 E ArmVmp : Match on catch block at 0xc3 in for 0x99
