The log file documents several crashes that occurred within the WhatsApp application on different days. The crashes were caused by null pointer exceptions or illegal state exceptions related to missing or invalid objects during application processing. Details are provided on the error locations and stack traces.
Download as TXT, PDF, TXT or read online on Scribd
0 ratings0% found this document useful (0 votes)
9 views
Logcat
The log file documents several crashes that occurred within the WhatsApp application on different days. The crashes were caused by null pointer exceptions or illegal state exceptions related to missing or invalid objects during application processing. Details are provided on the error locations and stack traces.
Download as TXT, PDF, TXT or read online on Scribd
You are on page 1/ 3029
--------- beginning of crash
01-19 05:31:48.687 26631 27086 E AndroidRuntime: FATAL EXCEPTION: MBWhatsApp Worker
#5
01-19 05:31:48.687 26631 27086 E AndroidRuntime: Process: com.mbwhatsapp, PID: 26631
01-19 05:31:48.687 26631 27086 E AndroidRuntime: java.lang.NullPointerException: Attempt to read from field 'X.45Q X.3H7.A5l' on a null object reference
01-19 05:31:48.687 26631 27086 E AndroidRuntime: at X.32w.A21(Unknown Source:2)
01-19 05:31:48.687 26631 27086 E AndroidRuntime: at mbmodsd.mbmodsw.ui.views.toast.GET.<init>(Unknown Source:5)
01-19 05:31:48.687 26631 27086 E AndroidRuntime: at mbmodsd.mbmodsw.ui.views.toast.MBON.shTP(Native Method)
01-19 05:31:48.687 26631 27086 E AndroidRuntime: at X.1bt.A01(Unknown Source:178)
01-19 05:31:48.687 26631 27086 E AndroidRuntime: at X.3Uy.A02(Unknown Source:93)
01-19 05:31:48.687 26631 27086 E AndroidRuntime: at X.3g7.run(Unknown Source:259)
01-19 05:31:48.687 26631 27086 E AndroidRuntime: at X.0yM.A1J(Unknown Source:2)
01-19 05:31:48.687 26631 27086 E AndroidRuntime: at X.1nX.run(Unknown Source:91)
01-19 05:31:48.687 26631 27086 E AndroidRuntime: at java.util.concurrent.ThreadPoolExecutor.runWorker(ThreadPoolExecutor.java:1167)
01-19 05:31:48.687 26631 27086 E AndroidRuntime: at java.util.concurrent.ThreadPoolExecutor$Worker.run(ThreadPoolExecutor.java:641)
01-19 05:31:48.687 26631 27086 E AndroidRuntime: at X.3gH.run(Unknown Source:1548)
01-19 05:31:48.687 26631 27086 E AndroidRuntime: at java.lang.Thread.run(Thread.java:919)
01-19 05:31:49.560 26631 27078 E AndroidRuntime: FATAL EXCEPTION: MBWhatsApp Worker #3
01-19 05:31:49.560 26631 27078 E AndroidRuntime: Process: com.mbwhatsapp, PID: 26631
01-19 05:31:49.560 26631 27078 E AndroidRuntime: java.lang.IllegalStateException:
01-19 05:31:49.560 26631 27078 E AndroidRuntime: at X.001.A0f(Unknown Source:2)
01-19 05:31:49.560 26631 27078 E AndroidRuntime: at X.39J.A0E(Unknown Source:3)
01-19 05:31:49.560 26631 27078 E AndroidRuntime: at X.39J.A0B(Unknown Source:2)
01-19 05:31:49.560 26631 27078 E AndroidRuntime: at X.3Uy.A02(Unknown Source:11)
01-19 05:31:49.560 26631 27078 E AndroidRuntime: at X.3g7.run(Unknown Source:259)
01-19 05:31:49.560 26631 27078 E AndroidRuntime: at X.0yM.A1J(Unknown Source:2)
01-19 05:31:49.560 26631 27078 E AndroidRuntime: at X.1nX.run(Unknown Source:91)
01-19 05:31:49.560 26631 27078 E AndroidRuntime: at java.util.concurrent.ThreadPoolExecutor.runWorker(ThreadPoolExecutor.java:1167)
01-19 05:31:49.560 26631 27078 E AndroidRuntime: at java.util.concurrent.ThreadPoolExecutor$Worker.run(ThreadPoolExecutor.java:641)
01-19 05:31:49.560 26631 27078 E AndroidRuntime: at X.3gH.run(Unknown Source:1548)
01-19 05:31:49.560 26631 27078 E AndroidRuntime: at java.lang.Thread.run(Thread.java:919)
01-19 05:31:49.561 26631 27070 E AndroidRuntime: FATAL EXCEPTION: MBWhatsApp Worker #2
01-19 05:31:49.561 26631 27070 E AndroidRuntime: Process: com.mbwhatsapp, PID: 26631
01-19 05:31:49.561 26631 27070 E AndroidRuntime: java.lang.IllegalStateException:
01-19 05:31:49.561 26631 27070 E AndroidRuntime: at X.001.A0f(Unknown Source:2)
01-19 05:31:49.561 26631 27070 E AndroidRuntime: at X.39J.A0E(Unknown Source:3)
01-19 05:31:49.561 26631 27070 E AndroidRuntime: at X.39J.A0B(Unknown Source:2)
01-19 05:31:49.561 26631 27070 E AndroidRuntime: at X.3Uy.A02(Unknown Source:11)
01-19 05:31:49.561 26631 27070 E AndroidRuntime: at X.3g7.run(Unknown Source:259)
01-19 05:31:49.561 26631 27070 E AndroidRuntime: at X.0yM.A1J(Unknown Source:2)
01-19 05:31:49.561 26631 27070 E AndroidRuntime: at X.1nX.run(Unknown Source:91)
01-19 05:31:49.561 26631 27070 E AndroidRuntime: at java.util.concurrent.ThreadPoolExecutor.runWorker(ThreadPoolExecutor.java:1167)
01-19 05:31:49.561 26631 27070 E AndroidRuntime: at java.util.concurrent.ThreadPoolExecutor$Worker.run(ThreadPoolExecutor.java:641)
01-19 05:31:49.561 26631 27070 E AndroidRuntime: at X.3gH.run(Unknown Source:1548)
01-19 05:31:49.561 26631 27070 E AndroidRuntime: at java.lang.Thread.run(Thread.java:919)
01-20 17:42:09.435 12746 12746 E AndroidRuntime: FATAL EXCEPTION: main
01-20 17:42:09.435 12746 12746 E AndroidRuntime: Process: com.mbwhatsapp, PID: 12746
01-20 17:42:09.435 12746 12746 E AndroidRuntime: java.lang.NullPointerException: sendXmpp called before sending channel is ready
01-20 17:42:09.435 12746 12746 E AndroidRuntime: at X.002.A0H(Unknown Source:2)
01-20 17:42:09.435 12746 12746 E AndroidRuntime: at X.32u.A0B(Unknown Source:96)
01-20 17:42:09.435 12746 12746 E AndroidRuntime: at X.32u.A0K(Unknown Source:10)
01-20 17:42:09.435 12746 12746 E AndroidRuntime: at X.3WQ.A01(Unknown Source:61)
01-20 17:42:09.435 12746 12746 E AndroidRuntime: at X.1nj.A0A(Unknown Source:6)
01-20 17:42:09.435 12746 12746 E AndroidRuntime: at X.4FF.onPostExecute(Unknown Source:2)
01-20 17:42:09.435 12746 12746 E AndroidRuntime: at android.os.AsyncTask.finish(AsyncTask.java:755)
01-20 17:42:09.435 12746 12746 E AndroidRuntime: at android.os.AsyncTask.access$900(AsyncTask.java:192)
01-20 17:42:09.435 12746 12746 E AndroidRuntime: at android.os.AsyncTask$InternalHandler.handleMessage(AsyncTask.java:772)
01-20 17:42:09.435 12746 12746 E AndroidRuntime: at android.os.Handler.dispatchMessage(Handler.java:107)
01-20 17:42:09.435 12746 12746 E AndroidRuntime: at android.os.Looper.loop(Looper.java:225)
01-20 17:42:09.435 12746 12746 E AndroidRuntime: at android.app.ActivityThread.main(ActivityThread.java:7563)
01-20 17:42:09.435 12746 12746 E AndroidRuntime: at java.lang.reflect.Method.invoke(Native Method)
01-20 17:42:09.435 12746 12746 E AndroidRuntime: at com.android.internal.os.RuntimeInit$MethodAndArgsCaller.run(RuntimeInit.java:539)
01-20 17:42:09.435 12746 12746 E AndroidRuntime: at com.android.internal.os.ZygoteInit.main(ZygoteInit.java:994)
01-21 02:00:08.853 3653 4112 E AndroidRuntime: FATAL EXCEPTION: MBWhatsApp Worker #9
01-21 02:00:08.853 3653 4112 E AndroidRuntime: Process: com.mbwhatsapp, PID: 3653
01-21 02:00:08.853 3653 4112 E AndroidRuntime: java.lang.NullPointerException: Attempt to read from field 'X.45Q X.3H7.A5l' on a null object reference
01-21 02:00:08.853 3653 4112 E AndroidRuntime: at X.32w.A21(Unknown Source:2)
01-21 02:00:08.853 3653 4112 E AndroidRuntime: at mbmodsd.mbmodsw.ui.views.toast.GET.<init>(Unknown Source:5)
01-21 02:00:08.853 3653 4112 E AndroidRuntime: at mbmodsd.mbmodsw.ui.views.toast.MBON.shTP(Native Method)
01-21 02:00:08.853 3653 4112 E AndroidRuntime: at X.1bt.A01(Unknown Source:178)
01-21 02:00:08.853 3653 4112 E AndroidRuntime: at X.3Uy.A02(Unknown Source:93)
01-21 02:00:08.853 3653 4112 E AndroidRuntime: at X.3g7.run(Unknown Source:259)
01-21 02:00:08.853 3653 4112 E AndroidRuntime: at X.0yM.A1J(Unknown Source:2)
01-21 02:00:08.853 3653 4112 E AndroidRuntime: at X.1nX.run(Unknown Source:91)
01-21 02:00:08.853 3653 4112 E AndroidRuntime: at java.util.concurrent.ThreadPoolExecutor.runWorker(ThreadPoolExecutor.java:1167)
01-21 02:00:08.853 3653 4112 E AndroidRuntime: at java.util.concurrent.ThreadPoolExecutor$Worker.run(ThreadPoolExecutor.java:641)
01-21 02:00:08.853 3653 4112 E AndroidRuntime: at X.3gH.run(Unknown Source:1548)
01-21 02:00:08.853 3653 4112 E AndroidRuntime: at java.lang.Thread.run(Thread.java:919)
01-21 02:00:08.853 3653 4042 E AndroidRuntime: FATAL EXCEPTION: MBWhatsApp Worker #7
01-21 02:00:08.853 3653 4042 E AndroidRuntime: Process: com.mbwhatsapp, PID: 3653
01-21 02:00:08.853 3653 4042 E AndroidRuntime: java.lang.IllegalStateException:
01-21 02:00:08.853 3653 4042 E AndroidRuntime: at X.001.A0f(Unknown Source:2)
01-21 02:00:08.853 3653 4042 E AndroidRuntime: at X.39J.A0E(Unknown Source:3)
01-21 02:00:08.853 3653 4042 E AndroidRuntime: at X.39J.A0B(Unknown Source:2)
01-21 02:00:08.853 3653 4042 E AndroidRuntime: at X.3Uy.A02(Unknown Source:11)
01-21 02:00:08.853 3653 4042 E AndroidRuntime: at X.3g7.run(Unknown Source:259)
01-21 02:00:08.853 3653 4042 E AndroidRuntime: at X.0yM.A1J(Unknown Source:2)
01-21 02:00:08.853 3653 4042 E AndroidRuntime: at X.1nX.run(Unknown Source:91)
01-21 02:00:08.853 3653 4042 E AndroidRuntime: at java.util.concurrent.ThreadPoolExecutor.runWorker(ThreadPoolExecutor.java:1167)
01-21 02:00:08.853 3653 4042 E AndroidRuntime: at java.util.concurrent.ThreadPoolExecutor$Worker.run(ThreadPoolExecutor.java:641)
01-21 02:00:08.853 3653 4042 E AndroidRuntime: at X.3gH.run(Unknown Source:1548)
01-21 02:00:08.853 3653 4042 E AndroidRuntime: at java.lang.Thread.run(Thread.java:919)
01-21 12:10:59.506 27184 27184 E AndroidRuntime: FATAL EXCEPTION: main
01-21 12:10:59.506 27184 27184 E AndroidRuntime: Process: com.mbwhatsapp, PID: 27184
01-21 12:10:59.506 27184 27184 E AndroidRuntime: java.lang.NullPointerException: sendXmpp called before sending channel is ready
01-21 12:10:59.506 27184 27184 E AndroidRuntime: at X.002.A0H(Unknown Source:2)
01-21 12:10:59.506 27184 27184 E AndroidRuntime: at X.32u.A0B(Unknown Source:96)
01-21 12:10:59.506 27184 27184 E AndroidRuntime: at X.32u.A0K(Unknown Source:10)
01-21 12:10:59.506 27184 27184 E AndroidRuntime: at X.3WQ.A01(Unknown Source:61)
01-21 12:10:59.506 27184 27184 E AndroidRuntime: at X.1nj.A0A(Unknown Source:6)
01-21 12:10:59.506 27184 27184 E AndroidRuntime: at X.4FF.onPostExecute(Unknown Source:2)
01-21 12:10:59.506 27184 27184 E AndroidRuntime: at android.os.AsyncTask.finish(AsyncTask.java:755)
01-21 12:10:59.506 27184 27184 E AndroidRuntime: at android.os.AsyncTask.access$900(AsyncTask.java:192)
01-21 12:10:59.506 27184 27184 E AndroidRuntime: at android.os.AsyncTask$InternalHandler.handleMessage(AsyncTask.java:772)
01-21 12:10:59.506 27184 27184 E AndroidRuntime: at android.os.Handler.dispatchMessage(Handler.java:107)
01-21 12:10:59.506 27184 27184 E AndroidRuntime: at android.os.Looper.loop(Looper.java:225)
01-21 12:10:59.506 27184 27184 E AndroidRuntime: at android.app.ActivityThread.main(ActivityThread.java:7563)
01-21 12:10:59.506 27184 27184 E AndroidRuntime: at java.lang.reflect.Method.invoke(Native Method)
01-21 12:10:59.506 27184 27184 E AndroidRuntime: at com.android.internal.os.RuntimeInit$MethodAndArgsCaller.run(RuntimeInit.java:539)
01-21 12:10:59.506 27184 27184 E AndroidRuntime: at com.android.internal.os.ZygoteInit.main(ZygoteInit.java:994)
01-22 11:00:03.569 29657 29657 E AndroidRuntime: FATAL EXCEPTION: main
01-22 11:00:03.569 29657 29657 E AndroidRuntime: Process: com.mbwhatsapp, PID: 29657
01-22 11:00:03.569 29657 29657 E AndroidRuntime: java.lang.NullPointerException: sendXmpp called before sending channel is ready
01-22 11:00:03.569 29657 29657 E AndroidRuntime: at X.002.A0H(Unknown Source:2)
01-22 11:00:03.569 29657 29657 E AndroidRuntime: at X.32u.A0B(Unknown Source:96)
01-22 11:00:03.569 29657 29657 E AndroidRuntime: at X.32u.A0K(Unknown Source:10)
01-22 11:00:03.569 29657 29657 E AndroidRuntime: at X.3WQ.A01(Unknown Source:61)
01-22 11:00:03.569 29657 29657 E AndroidRuntime: at X.1nj.A0A(Unknown Source:6)
01-22 11:00:03.569 29657 29657 E AndroidRuntime: at X.4FF.onPostExecute(Unknown Source:2)
01-22 11:00:03.569 29657 29657 E AndroidRuntime: at android.os.AsyncTask.finish(AsyncTask.java:755)
01-22 11:00:03.569 29657 29657 E AndroidRuntime: at android.os.AsyncTask.access$900(AsyncTask.java:192)
01-22 11:00:03.569 29657 29657 E AndroidRuntime: at android.os.AsyncTask$InternalHandler.handleMessage(AsyncTask.java:772)
01-22 11:00:03.569 29657 29657 E AndroidRuntime: at android.os.Handler.dispatchMessage(Handler.java:107)
01-22 11:00:03.569 29657 29657 E AndroidRuntime: at android.os.Looper.loop(Looper.java:225)
01-22 11:00:03.569 29657 29657 E AndroidRuntime: at android.app.ActivityThread.main(ActivityThread.java:7563)
01-22 11:00:03.569 29657 29657 E AndroidRuntime: at java.lang.reflect.Method.invoke(Native Method)
01-22 11:00:03.569 29657 29657 E AndroidRuntime: at com.android.internal.os.RuntimeInit$MethodAndArgsCaller.run(RuntimeInit.java:539)
01-22 11:00:03.569 29657 29657 E AndroidRuntime: at com.android.internal.os.ZygoteInit.main(ZygoteInit.java:994) --------- beginning of system
01-22 16:28:25.104 22001 22001 W Looper : Slow Looper main: Long Msg: seq=2 plan=16:28:20.213 late=2ms wall=4612ms running=1033ms runnable=200ms io=3057ms swapin=76ms reclaim=54ms h=android.app.ActivityThread$H w=110
01-22 16:28:29.107 22001 22306 W BpBinder: Slow Binder: BpBinder transact took 251 ms, interface=android.content.IContentProvider, code=1 oneway=false
01-22 16:56:21.230 28850 28850 W Looper : Slow Looper main: Long Msg: seq=2 plan=16:56:19.525 late=3ms wall=1646ms running=805ms runnable=22ms io=671ms swapin=22ms reclaim=11ms h=android.app.ActivityThread$H w=110
01-22 16:58:30.596 29117 29117 W Looper : Slow Looper main: Long Msg: seq=2 plan=16:58:28.712 late=1ms wall=1847ms running=929ms runnable=49ms io=694ms reclaim=43ms h=android.app.ActivityThread$H w=110
01-22 16:58:33.469 29117 29221 E ActivityThread: Failed to find provider info for com.android.contacts
01-22 17:01:49.673 30022 30022 W Looper : Slow Looper main: Long Msg: seq=2 plan=17:01:48.368 late=10ms wall=1278ms running=615ms runnable=6ms io=537ms swapin=16ms reclaim=19ms h=android.app.ActivityThread$H w=110
01-22 17:01:49.874 30022 30022 W Looper : Slow Looper main: Activity com.mbwhatsapp/.accountswitching.routing.AccountSwitchingRoutingActivity is 1298ms late (wall=201ms running=116ms ClientTransaction{ callbacks=[android.app.servertransaction.LaunchActivityItem] lifecycleRequest=android.app.servertransaction.ResumeActivityItem }) because of 2 msg, msg 2 took 1278ms (seq=2 running=615ms runnable=6ms io=537ms swapin=16ms reclaim=19ms late=10ms h=android.app.ActivityThread$H w=110)
01-22 17:01:49.874 30022 30022 W Looper : Slow Looper main: Activity com.mbwhatsapp/.accountswitching.routing.AccountSwitchingRoutingActivity is 1499ms late (wall=0ms running=0ms ClientTransaction{ callbacks=[android.app.servertransaction.TopResumedActivityChang eItem] }) because of 3 msg, msg 2 took 1278ms (seq=2 running=615ms runnable=6ms io=537ms swapin=16ms reclaim=19ms late=10ms h=android.app.ActivityThread$H w=110), msg 3 took 201ms (seq=3 running=116ms runnable=1ms io=59ms reclaim=2ms late=1298ms h=android.app.ActivityThread$H w=159)
01-22 17:01:52.258 30083 30083 W Looper : Slow Looper main: Long Msg: seq=3 plan=17:01:50.250 late=572ms wall=1435ms running=134ms runnable=2ms io=1210ms swapin=2ms reclaim=14ms h=android.app.ActivityThread$H w=159
01-22 17:01:52.258 30083 30083 W Looper : Slow Looper main: Activity com.mbwhatsapp/.accountswitching.secondaryprocess.AccountSwitchingActivity is 572ms late (wall=1435ms running=134ms ClientTransaction{ callbacks=[android.app.servertransaction.LaunchActivityItem] lifecycleRequest=android.app.servertransaction.ResumeActivityItem }) because of 2 msg, msg 2 took 572ms (seq=2 running=362ms runnable=1ms io=152ms reclaim=19ms late=1ms h=android.app.ActivityThread$H w=110)
01-22 17:01:52.259 30083 30083 W Looper : Slow Looper main: Activity com.mbwhatsapp/.accountswitching.secondaryprocess.AccountSwitchingActivity is 2008ms late (wall=1ms running=0ms ClientTransaction{ callbacks=[android.app.servertransaction.TopResumedActivityChang eItem] }) because of 3 msg, msg 2 took 572ms (seq=2 running=362ms runnable=1ms io=152ms reclaim=19ms late=1ms h=android.app.ActivityThread$H w=110), msg 3 took 1435ms (seq=3 running=134ms runnable=2ms io=1210ms swapin=2ms reclaim=14ms late=572ms h=android.app.ActivityThread$H w=159)
01-22 17:01:52.679 30083 30083 W Looper : Slow Looper main: doFrame is 871ms late because of 7 msg, msg 1 took 1435ms (seq=3 running=134ms runnable=2ms io=1210ms swapin=2ms reclaim=14ms late=572ms h=android.app.ActivityThread$H w=159)
01-22 17:01:52.684 30083 30083 W Looper : Slow Looper main: doFrame is 416ms late because of 4 msg, msg 1 took 416ms (seq=10 running=47ms runnable=1ms io=24ms swapin=7ms late=871ms h=android.view.Choreographer$FrameHandler c=android.view.Choreographer$FrameDisplayEventReceiver)
01-22 17:01:53.438 30022 30159 W BpBinder: Slow Binder: BpBinder transact took 1030 ms, interface=android.app.IActivityManager, code=20 oneway=false
01-22 17:01:53.998 30083 30157 W BpBinder: Slow Binder: BpBinder transact took 1712 ms, interface=, code=21 oneway=false
01-22 17:01:54.272 30083 30157 W BpBinder: Slow Binder: BpBinder transact took 268 ms, interface=android.app.IActivityManager, code=20 oneway=false
01-22 17:01:55.174 30198 30198 W Looper : Slow Looper main: Activity com.mbwhatsapp/.Main is 610ms late (wall=259ms running=185ms ClientTransaction{ callbacks=[android.app.servertransaction.LaunchActivityItem] lifecycleRequest=android.app.servertransaction.ResumeActivityItem }) because of 3 msg, msg 1 took 851ms (seq=2 running=667ms runnable=5ms io=81ms reclaim=47ms late=2ms h=android.app.ActivityThread$H w=110)
01-22 17:01:55.175 30198 30198 W Looper : Slow Looper main: Activity com.mbwhatsapp/.Main is 870ms late (wall=0ms running=0ms ClientTransaction{ callbacks=[android.app.servertransaction.TopResumedActivityChang eItem] }) because of 4 msg, msg 1 took 851ms (seq=2 running=667ms runnable=5ms io=81ms reclaim=47ms late=2ms h=android.app.ActivityThread$H w=110), msg 4 took 259ms (seq=5 running=185ms runnable=1ms io=15ms reclaim=10ms late=610ms h=android.app.ActivityThread$H w=159)
01-22 17:01:55.950 30198 30198 W Activity: Slow Operation: Activity com.mbwhatsapp/.HomeActivity onCreate took 682ms
01-22 17:01:56.015 30198 30198 W Looper : Slow Looper main: Activity com.mbwhatsapp/.HomeActivity is 817ms late (wall=0ms running=0ms ClientTransaction{ callbacks=[android.app.servertransaction.TopResumedActivityChangeItem] }) because of 5 msg, msg 5 took 807ms (seq=16 running=633ms runnable=2ms io=56ms reclaim=8ms late=11ms h=android.app.ActivityThread$H w=159)
01-22 17:01:56.803 30198 30198 W Looper : Slow Looper main: Activity com.mbwhatsapp/mbmodsd.mbmodsw.mbsettings.yo.PauseActivity is 654ms late (wall=74ms running=53ms ClientTransaction{ callbacks=[android.app.servertransaction.LaunchActivityItem] lifecycleRequest=android.app.servertransaction.PauseActivityItem }) because of 21 msg, msg 17 took 628ms (seq=45 running=421ms runnable=8ms io=54ms late=77ms h=android.view.Choreographer$FrameHandler c=android.view.Choreographer$FrameDisplayEventReceiver)
01-22 17:01:56.924 30198 30198 W Looper : Slow Looper main: doFrame is 688ms late because of 11 msg, msg 1 took 628ms (seq=45 running=421ms runnable=8ms io=54ms late=77ms h=android.view.Choreographer$FrameHandler c=android.view.Choreographer$FrameDisplayEventReceiver), msg 6 took 74ms (seq=50 running=53ms runnable=5ms reclaim=27ms late=654ms h=android.app.ActivityThread$H w=159)
01-22 17:02:03.341 30198 30198 W Activity: Slow Operation: Activity com.mbwhatsapp/.Conversation onCreate took 594ms
01-22 17:02:03.437 30198 30198 W Looper : Slow Looper main: Activity com.mbwhatsapp/.Conversation is 761ms late (wall=0ms running=0ms ClientTransaction{ callbacks=[android.app.servertransaction.TopResumedActivityChangeItem] }) because of 5 msg, msg 5 took 754ms (seq=708 running=545ms runnable=2ms io=141ms reclaim=11ms late=7ms h=android.app.ActivityThread$H w=159)
01-22 17:02:03.941 30198 30198 W Looper : Slow Looper main: doFrame is 748ms late because of 2 msg, msg 1 took 754ms (seq=708 running=545ms runnable=2ms io=141ms reclaim=11ms late=7ms h=android.app.ActivityThread$H w=159)
01-22 17:02:04.044 30198 30198 W Looper : Slow Looper main: doFrame is 553ms late because of 59 msg, msg 1 took 504ms (seq=710 running=239ms runnable=2ms io=146ms reclaim=1ms late=748ms h=android.view.Choreographer$FrameHandler c=android.view.Choreographer$FrameDisplayEventReceiver)
01-22 17:02:22.848 30198 30198 W Looper : Slow Looper main: doFrame is 379ms late because of 2 msg, msg 2 took 371ms (seq=1041 running=38ms runnable=1ms io=299ms late=13ms h=android.view.ViewRootImpl$ViewRootHandler c=android.view.View$PerformClick)
01-22 17:02:25.509 30198 30198 W Activity: Slow Operation: Activity com.mbwhatsapp/.HomeActivity onResume took 276ms
01-22 17:02:25.831 30198 30198 W Looper : Slow Looper main: doFrame is 477ms late because of 4 msg, msg 4 took 427ms (seq=1119 running=36ms runnable=1ms io=371ms late=60ms h=android.app.ActivityThread$H w=159)
01-22 17:02:26.867 30198 30198 W Activity: Slow Operation: Activity com.mbwhatsapp/.HomeActivity onPause took 86ms
01-22 17:35:34.033 3283 3283 W Looper : Slow Looper main: Long Msg: seq=2 plan=17:35:31.861 late=3ms wall=2143ms running=1137ms runnable=44ms io=748ms swapin=24ms reclaim=28ms h=android.app.ActivityThread$H w=110
01-22 17:35:35.126 3283 3341 W BpBinder: Slow Binder: BpBinder transact took 926 ms, interface=android.app.IActivityManager, code=20 oneway=false
01-22 17:35:41.869 3283 3283 W Looper : Slow Looper main: doFrame is 341ms late because of 4 msg, msg 1 took 336ms (seq=101 running=27ms runnable=3ms io=8ms swapin=1ms late=236ms h=android.view.Choreographer$FrameHandler c=android.view.Choreographer$FrameDisplayEventReceiver)
01-22 17:51:23.165 3952 3952 W Looper : Slow Looper main: Long Msg: seq=2 plan=17:51:21.179 late=6ms wall=1932ms running=966ms runnable=34ms io=775ms swapin=6ms reclaim=31ms h=android.app.ActivityThread$H w=110
01-22 17:51:26.094 3952 4043 W BpBinder: Slow Binder: BpBinder transact took 976 ms, interface=android.app.IActivityManager, code=20 oneway=false
01-22 17:51:26.367 3952 4043 W BpBinder: Slow Binder: BpBinder transact took 272 ms, interface=android.content.IContentProvider, code=1 oneway=false
01-22 19:48:46.670 22086 22086 W Looper : Slow Looper main: Long Msg: seq=2 plan=19:48:43.535 late=1ms wall=3049ms running=1202ms runnable=69ms io=1397ms swapin=73ms reclaim=59ms h=android.app.ActivityThread$H w=110
01-22 19:48:47.329 22086 22253 E ActivityThread: Failed to find provider info for com.android.contacts
01-22 19:48:51.055 22086 22086 W Looper : Slow Looper main: doFrame is 464ms late because of 7 msg, msg 1 took 414ms (seq=77 running=59ms runnable=10ms io=250ms swapin=26ms reclaim=2ms late=131ms h=android.widget.Toast$TN$1 w=0)
01-22 19:48:51.142 22086 22086 W Looper : Slow Looper main: doFrame is 579ms late because of 6 msg, msg 1 took 584ms (seq=84 running=27ms runnable=8ms io=28ms swapin=7ms late=464ms h=android.view.Choreographer$FrameHandler c=android.view.Choreographer$FrameDisplayEventReceiver)
01-22 19:48:51.227 22086 22342 W BpBinder: Slow Binder: BpBinder transact took 1222 ms, interface=android.app.IActivityManager, code=20 oneway=false
01-22 19:48:52.113 22086 22342 W BpBinder: Slow Binder: BpBinder transact took 881 ms, interface=android.content.IContentProvider, code=1 oneway=false
01-22 19:50:58.958 22086 22807 W BpBinder: Slow Binder: BpBinder transact took 3678 ms, interface=android.app.IActivityManager, code=20 oneway=false
01-22 19:51:00.234 22086 22342 W BpBinder: Slow Binder: BpBinder transact took 1000 ms, interface=android.content.IContentProvider, code=1 oneway=false
01-22 22:01:38.556 25961 25961 W Looper : Slow Looper main: Long Msg: seq=2 plan=22:01:36.921 late=3ms wall=1624ms running=1021ms runnable=24ms io=429ms swapin=24ms reclaim=17ms h=android.app.ActivityThread$H w=110
01-22 22:01:43.146 25961 25961 W Looper : Slow Looper main: doFrame is 363ms late because of 7 msg, msg 1 took 353ms (seq=102 running=18ms runnable=1ms io=8ms swapin=1ms late=165ms h=android.view.Choreographer$FrameHandler c=android.view.Choreographer$FrameDisplayEventReceiver)
01-23 02:00:03.066 14977 14977 W Looper : Slow Looper main: Long Msg: seq=2 plan=02:00:00.510 late=2ms wall=2543ms running=1241ms runnable=50ms io=1080ms swapin=19ms reclaim=16ms h=android.app.ActivityThread$H w=110
01-23 02:00:05.482 14977 15070 W BpBinder: Slow Binder: BpBinder transact took 723 ms, interface=android.app.IActivityManager, code=20 oneway=false
01-23 06:06:50.508 31681 31681 W Looper : Slow Looper main: Long Msg: seq=2 plan=06:06:49.053 late=3ms wall=1433ms running=617ms runnable=5ms io=683ms swapin=18ms reclaim=25ms h=android.app.ActivityThread$H w=110
01-23 06:06:50.737 31681 31681 W Looper : Slow Looper main: Activity com.mbwhatsapp/.Icon59 is 1455ms late (wall=228ms running=136ms ClientTransaction{ callbacks=[android.app.servertransaction.LaunchActivityItem] lifecycleRequest=android.app.servertransaction.ResumeActivityItem }) because of 2 msg, msg 2 took 1433ms (seq=2 running=617ms runnable=5ms io=683ms swapin=18ms reclaim=25ms late=3ms h=android.app.ActivityThread$H w=110)
01-23 06:06:50.737 31681 31681 W Looper : Slow Looper main: Activity com.mbwhatsapp/.Icon59 is 1683ms late (wall=0ms running=0ms ClientTransaction{ callbacks=[android.app.servertransaction.TopResumedActivityChang eItem] }) because of 3 msg, msg 2 took 1433ms (seq=2 running=617ms runnable=5ms io=683ms swapin=18ms reclaim=25ms late=3ms h=android.app.ActivityThread$H w=110), msg 3 took 228ms (seq=3 running=136ms runnable=2ms io=50ms reclaim=1ms late=1455ms h=android.app.ActivityThread$H w=159)
01-23 06:06:51.497 31681 31681 W Activity: Slow Operation: Activity com.mbwhatsapp/.HomeActivity onCreate took 660ms
01-23 06:06:51.593 31681 31681 W Looper : Slow Looper main: Activity com.mbwhatsapp/.HomeActivity is 825ms late (wall=0ms running=0ms ClientTransaction{ callbacks=[android.app.servertransaction.TopResumedActivityChangeItem] }) because of 3 msg, msg 3 took 812ms (seq=15 running=610ms runnable=2ms io=69ms reclaim=10ms late=13ms h=android.app.ActivityThread$H w=159)
01-23 06:06:52.595 31681 31681 W Looper : Slow Looper main: Activity com.mbwhatsapp/mbmodsd.mbmodsw.mbsettings.yo.PauseActivity is 913ms late (wall=21ms running=10ms ClientTransaction{ callbacks=[android.app.servertransaction.LaunchActivityItem] lifecycleRequest=android.app.servertransaction.PauseActivityItem }) because of 20 msg, msg 16 took 905ms (seq=42 running=633ms runnable=20ms io=69ms late=85ms h=android.view.Choreographer$FrameHandler c=android.view.Choreographer$FrameDisplayEventReceiver)
01-23 06:06:52.680 31681 31681 W Looper : Slow Looper main: doFrame is 917ms late because of 9 msg, msg 1 took 905ms (seq=42 running=633ms runnable=20ms io=69ms late=85ms h=android.view.Choreographer$FrameHandler c=android.view.Choreographer$FrameDisplayEventReceiver)
01-23 06:06:52.757 31681 31681 W Looper : Slow Looper main: Activity com.mbwhatsapp/mbmodsd.mbmodsw.mbsettings.yo.PauseActivity is 358ms late (wall=0ms running=0ms ClientTransaction{ callbacks=[android.app.servertransaction.TopResumedActivityChang eItem] }) because of 73 msg, msg 1 took 905ms (seq=42 running=633ms runnable=20ms io=69ms late=85ms h=android.view.Choreographer$FrameHandler c=android.view.Choreographer$FrameDisplayEventReceiver), msg 10 took 83ms (seq=51 running=68ms io=4ms late=917ms h=android.view.Choreographer$FrameHandler c=android.view.Choreographer$FrameDisplayEventReceiver), msg 43 took 51ms (seq=84 running=42ms late=796ms h=android.os.Handler c=mbmodsd.mbmodsw.update.RequestNetworkController$3$2)
01-23 06:06:52.759 31681 31681 W Looper : Slow Looper main: Activity com.mbwhatsapp/mbmodsd.mbmodsw.mbsettings.yo.PauseActivity is 355ms late (wall=1ms running=2ms ClientTransaction{ lifecycleRequest=android.app.servertransaction.ResumeActivityIte m }) because of 75 msg, msg 1 took 905ms (seq=42 running=633ms runnable=20ms io=69ms late=85ms h=android.view.Choreographer$FrameHandler c=android.view.Choreographer$FrameDisplayEventReceiver), msg 10 took 83ms (seq=51 running=68ms io=4ms late=917ms h=android.view.Choreographer$FrameHandler c=android.view.Choreographer$FrameDisplayEventReceiver), msg 43 took 51ms (seq=84 running=42ms late=796ms h=android.os.Handler c=mbmodsd.mbmodsw.update.RequestNetworkController$3$2)
01-23 06:06:53.020 31681 31681 W Looper : Slow Looper main: KeyEvent is 2662ms late (event_seq=2, code=KEYCODE_VOLUME_DOWN, action=ACTION_DOWN) because of 142 msg, msg 1 took 1433ms (seq=2 running=617ms runnable=5ms io=683ms swapin=18ms reclaim=25ms late=3ms h=android.app.ActivityThread$H w=110), msg 2 took 228ms (seq=3 running=136ms runnable=2ms io=50ms reclaim=1ms late=1455ms h=android.app.ActivityThread$H w=159), msg 14 took 812ms (seq=15 running=610ms runnable=2ms io=69ms reclaim=10ms late=13ms h=android.app.ActivityThread$H w=159), msg 41 took 905ms (seq=42 running=633ms runnable=20ms io=69ms late=85ms h=android.view.Choreographer$FrameHandler c=android.view.Choreographer$FrameDisplayEventReceiver), msg 50 took 83ms (seq=51 running=68ms io=4ms late=917ms h=android.view.Choreographer$FrameHandler c=android.view.Choreographer$FrameDisplayEventReceiver), msg 83 took 51ms (seq=84 running=42ms late=796ms h=android.os.Handler c=mbmodsd.mbmodsw.update.RequestNetworkController$3$2), msg 126 took 96ms (seq=127 running=34ms io=3ms late=213ms h=android.view.Choreographer$FrameHandler c=android.view.Choreographer$FrameDisplayEventReceiver), msg 142 took 76ms (seq=143 running=30ms io=3ms late=178ms h=android.os.AsyncTask$InternalHandler w=1)
01-23 06:06:53.020 31681 31681 W InputEventReceiver: App Input: 2662ms before dispatchInputEvent (KeyEvent: event_seq=2, seq=5320566, code=KEYCODE_VOLUME_DOWN, action=ACTION_DOWN)
01-23 06:06:53.034 31681 31681 W InputEventReceiver: App Input: 2509ms before dispatchInputEvent (KeyEvent: event_seq=3, seq=5320568, code=KEYCODE_VOLUME_DOWN, action=ACTION_UP)
01-23 06:06:53.035 31681 31681 W Looper : Slow Looper main: KeyEvent is 1809ms late (event_seq=4, code=KEYCODE_VOLUME_DOWN, action=ACTION_DOWN) because of 133 msg, msg 1 took 812ms (seq=15 running=610ms runnable=2ms io=69ms reclaim=10ms late=13ms h=android.app.ActivityThread$H w=159), msg 28 took 905ms (seq=42 running=633ms runnable=20ms io=69ms late=85ms h=android.view.Choreographer$FrameHandler c=android.view.Choreographer$FrameDisplayEventReceiver), msg 37 took 83ms (seq=51 running=68ms io=4ms late=917ms h=android.view.Choreographer$FrameHandler c=android.view.Choreographer$FrameDisplayEventReceiver), msg 70 took 51ms (seq=84 running=42ms late=796ms h=android.os.Handler c=mbmodsd.mbmodsw.update.RequestNetworkController$3$2), msg 113 took 96ms (seq=127 running=34ms io=3ms late=213ms h=android.view.Choreographer$FrameHandler c=android.view.Choreographer$FrameDisplayEventReceiver), msg 129 took 76ms (seq=143 running=30ms io=3ms late=178ms h=android.os.AsyncTask$InternalHandler w=1)
01-23 06:06:53.035 31681 31681 W InputEventReceiver: App Input: 1809ms before dispatchInputEvent (KeyEvent: event_seq=4, seq=5320570, code=KEYCODE_VOLUME_DOWN, action=ACTION_DOWN)
01-23 06:06:53.038 31681 31681 W InputEventReceiver: App Input: 1605ms before dispatchInputEvent (KeyEvent: event_seq=5, seq=5320572, code=KEYCODE_VOLUME_DOWN, action=ACTION_UP)
01-23 06:06:53.304 31681 31681 W Looper : Slow Looper main: doFrame is 329ms late because of 36 msg, msg 1 took 96ms (seq=127 running=34ms io=3ms late=213ms h=android.view.Choreographer$FrameHandler c=android.view.Choreographer$FrameDisplayEventReceiver), msg 17 took 76ms (seq=143 running=30ms io=3ms late=178ms h=android.os.AsyncTask$InternalHandler w=1), msg 31 took 75ms (seq=157 running=35ms io=9ms reclaim=1ms late=246ms h=android.app.ActivityThread$H w=159)
01-23 06:06:56.596 31681 31857 W BpBinder: Slow Binder: BpBinder transact took 347 ms, interface=android.app.IActivityManager, code=27 oneway=false
01-23 06:06:56.596 31681 31681 W BpBinder: Slow Binder: BpBinder transact took 203 ms, interface=android.app.IActivityManager, code=10 oneway=false
01-23 06:06:56.601 31681 31859 W BpBinder: Slow Binder: BpBinder transact took 340 ms, interface=android.app.IActivityManager, code=27 oneway=false
01-23 06:06:56.993 31681 31681 W Activity: Slow Operation: Activity com.mbwhatsapp/mbmodsd.mbmodsw.update.MBUpdateActivity onCreate took 1143ms
01-23 06:06:57.044 31681 31681 W Looper : Slow Looper main: Long Msg: seq=486 plan=06:06:55.831 late=8ms wall=1205ms running=442ms runnable=8ms io=410ms reclaim=15ms h=android.app.ActivityThread$H w=159
01-23 06:06:57.080 31681 31681 W Looper : Slow Looper main: Activity com.mbwhatsapp/mbmodsd.mbmodsw.update.MBUpdateActivity is 1249ms late (wall=0ms running=0ms ClientTransaction{ callbacks=[android.app.servertransaction.TopResumedActivityChang eItem] }) because of 4 msg, msg 4 took 1205ms (seq=486 running=442ms runnable=8ms io=410ms reclaim=15ms late=8ms h=android.app.ActivityThread$H w=159)
01-23 06:06:57.263 31681 31681 W Looper : Slow Looper main: doFrame is 1234ms late because of 3 msg, msg 1 took 1205ms (seq=486 running=442ms runnable=8ms io=410ms reclaim=15ms late=8ms h=android.app.ActivityThread$H w=159)
01-23 06:06:57.494 31681 31681 W Looper : Slow Looper main: doFrame is 344ms late because of 19 msg, msg 1 took 183ms (seq=489 running=22ms runnable=2ms late=1234ms h=android.view.Choreographer$FrameHandler c=android.view.Choreographer$FrameDisplayEventReceiver)
01-23 06:06:58.251 31681 31681 W Looper : Slow Looper main: doFrame is 585ms late because of 1 msg, msg 1 took 575ms (seq=530 running=2ms late=1ms h=android.view.Choreographer$FrameHandler c=android.view.Choreographer$FrameDisplayEventReceiver)
01-23 06:06:58.391 31681 31681 W Looper : Slow Looper main: Activity com.mbwhatsapp/.HomeActivity is 490ms late (wall=139ms running=10ms ClientTransaction{ lifecycleRequest=android.app.servertransaction.StopActivityItem }) because of 4 msg, msg 1 took 575ms (seq=530 running=2ms late=1ms h=android.view.Choreographer$FrameHandler c=android.view.Choreographer$FrameDisplayEventReceiver)
01-23 06:07:17.222 31681 31859 W BpBinder: Slow Binder: BpBinder transact took 595 ms, interface=android.app.IActivityManager, code=20 oneway=false
01-23 06:07:21.002 32003 32003 W Looper : Slow Looper main: Activity com.mbwhatsapp/.accountswitching.secondaryprocess.AccountSwitchingActivity is 825ms late (wall=192ms running=114ms ClientTransaction{ callbacks=[android.app.servertransaction.LaunchActivityItem] lifecycleRequest=android.app.servertransaction.ResumeActivityItem }) because of 2 msg, msg 2 took 823ms (seq=2 running=470ms runnable=5ms io=281ms reclaim=25ms late=8ms h=android.app.ActivityThread$H w=110)
01-23 06:07:21.003 32003 32003 W Looper : Slow Looper main: Activity com.mbwhatsapp/.accountswitching.secondaryprocess.AccountSwitchingActivity is 1017ms late (wall=0ms running=0ms ClientTransaction{ callbacks=[android.app.servertransaction.TopResumedActivityChang eItem] }) because of 3 msg, msg 2 took 823ms (seq=2 running=470ms runnable=5ms io=281ms reclaim=25ms late=8ms h=android.app.ActivityThread$H w=110), msg 3 took 192ms (seq=3 running=114ms io=44ms reclaim=2ms late=825ms h=android.app.ActivityThread$H w=159)
01-23 06:07:21.707 32003 32043 W BpBinder: Slow Binder: BpBinder transact took 700 ms, interface=, code=21 oneway=false
01-23 06:07:22.016 32003 32043 W BpBinder: Slow Binder: BpBinder transact took 295 ms, interface=android.app.IActivityManager, code=20 oneway=false
01-23 06:07:22.738 32045 32045 W Looper : Slow Looper main: Activity com.mbwhatsapp/.Main is 445ms late (wall=246ms running=174ms ClientTransaction{ callbacks=[android.app.servertransaction.LaunchActivityItem] lifecycleRequest=android.app.servertransaction.ResumeActivityItem }) because of 3 msg, msg 1 took 675ms (seq=2 running=529ms runnable=6ms io=57ms reclaim=12ms late=1ms h=android.app.ActivityThread$H w=110)
01-23 06:07:22.738 32045 32045 W Looper : Slow Looper main: Activity com.mbwhatsapp/.Main is 690ms late (wall=0ms running=0ms ClientTransaction{ callbacks=[android.app.servertransaction.TopResumedActivityChang eItem] }) because of 4 msg, msg 1 took 675ms (seq=2 running=529ms runnable=6ms io=57ms reclaim=12ms late=1ms h=android.app.ActivityThread$H w=110), msg 4 took 246ms (seq=5 running=174ms runnable=1ms io=19ms reclaim=5ms late=445ms h=android.app.ActivityThread$H w=159)
01-23 06:07:23.349 32045 32098 W BpBinder: Slow Binder: BpBinder transact took 518 ms, interface=android.app.IActivityManager, code=20 oneway=false
01-23 06:07:23.676 32045 32045 W Activity: Slow Operation: Activity com.mbwhatsapp/.HomeActivity onCreate took 838ms
01-23 06:07:23.742 32045 32045 W Looper : Slow Looper main: Activity com.mbwhatsapp/.HomeActivity is 970ms late (wall=0ms running=0ms ClientTransaction{ callbacks=[android.app.servertransaction.TopResumedActivityChangeItem] }) because of 5 msg, msg 5 took 957ms (seq=16 running=779ms runnable=4ms io=64ms reclaim=15ms late=13ms h=android.app.ActivityThread$H w=159)
01-23 06:07:25.468 32045 32045 W Looper : Slow Looper main: Long Msg: seq=45 plan=06:07:23.741 late=70ms wall=1656ms running=1243ms runnable=35ms io=104ms reclaim=2ms h=android.view.Choreographer$FrameHandler c=android.view.Choreographer$FrameDisplayEventReceiver
01-23 06:07:25.494 32045 32045 W Looper : Slow Looper main: Activity com.mbwhatsapp/mbmodsd.mbmodsw.mbsettings.yo.PauseActivity is 1683ms late (wall=23ms running=11ms ClientTransaction{ callbacks=[android.app.servertransaction.LaunchActivityItem] lifecycleRequest=android.app.servertransaction.PauseActivityItem }) because of 21 msg, msg 17 took 1656ms (seq=45 running=1243ms runnable=35ms io=104ms reclaim=2ms late=70ms h=android.view.Choreographer$FrameHandler c=android.view.Choreographer$FrameDisplayEventReceiver)
01-23 06:07:25.590 32045 32045 W Looper : Slow Looper main: doFrame is 1672ms late because of 11 msg, msg 1 took 1656ms (seq=45 running=1243ms runnable=35ms io=104ms reclaim=2ms late=70ms h=android.view.Choreographer$FrameHandler c=android.view.Choreographer$FrameDisplayEventReceiver)
01-23 06:07:25.790 32045 32045 W Looper : Slow Looper main: Activity com.mbwhatsapp/mbmodsd.mbmodsw.mbsettings.yo.PauseActivity is 1236ms late (wall=0ms running=0ms ClientTransaction{ callbacks=[android.app.servertransaction.TopResumedActivityChang eItem] }) because of 72 msg, msg 1 took 1656ms (seq=45 running=1243ms runnable=35ms io=104ms reclaim=2ms late=70ms h=android.view.Choreographer$FrameHandler c=android.view.Choreographer$FrameDisplayEventReceiver), msg 12 took 93ms (seq=56 running=78ms io=4ms late=1672ms h=android.view.Choreographer$FrameHandler c=android.view.Choreographer$FrameDisplayEventReceiver), msg 15 took 76ms (seq=59 running=58ms io=3ms late=1722ms h=android.os.Handler c=mbmodsd.mbmodsw.update.RequestNetworkController$3$2)
01-23 06:07:25.791 32045 32045 W Looper : Slow Looper main: Activity com.mbwhatsapp/mbmodsd.mbmodsw.mbsettings.yo.PauseActivity is 1233ms late (wall=1ms running=0ms ClientTransaction{ lifecycleRequest=android.app.servertransaction.ResumeActivityIte m }) because of 73 msg, msg 1 took 1656ms (seq=45 running=1243ms runnable=35ms io=104ms reclaim=2ms late=70ms h=android.view.Choreographer$FrameHandler c=android.view.Choreographer$FrameDisplayEventReceiver), msg 12 took 93ms (seq=56 running=78ms io=4ms late=1672ms h=android.view.Choreographer$FrameHandler c=android.view.Choreographer$FrameDisplayEventReceiver), msg 15 took 76ms (seq=59 running=58ms io=3ms late=1722ms h=android.os.Handler c=mbmodsd.mbmodsw.update.RequestNetworkController$3$2)
01-23 06:07:26.036 32045 32045 W Looper : Slow Looper main: Activity com.mbwhatsapp/mbmodsd.mbmodsw.mbsettings.yo.PauseActivity is 550ms late (wall=1ms running=1ms ClientTransaction{ callbacks=[android.app.servertransaction.TopResumedActivityChang eItem] }) because of 186 msg, msg 7 took 93ms (seq=56 running=78ms io=4ms late=1672ms h=android.view.Choreographer$FrameHandler c=android.view.Choreographer$FrameDisplayEventReceiver), msg 10 took 76ms (seq=59 running=58ms io=3ms late=1722ms h=android.os.Handler c=mbmodsd.mbmodsw.update.RequestNetworkController$3$2)
01-23 06:07:26.039 32045 32045 W Looper : Slow Looper main: Activity com.mbwhatsapp/mbmodsd.mbmodsw.mbsettings.yo.PauseActivity is 552ms late (wall=1ms running=1ms ClientTransaction{ lifecycleRequest=android.app.servertransaction.PauseActivityItem }) because of 187 msg, msg 7 took 93ms (seq=56 running=78ms io=4ms late=1672ms h=android.view.Choreographer$FrameHandler c=android.view.Choreographer$FrameDisplayEventReceiver), msg 10 took 76ms (seq=59 running=58ms io=3ms late=1722ms h=android.os.Handler c=mbmodsd.mbmodsw.update.RequestNetworkController$3$2)
01-23 06:07:26.159 32045 32045 W Looper : Slow Looper main: doFrame is 536ms late because of 182 msg, msg 1 took 93ms (seq=56 running=78ms io=4ms late=1672ms h=android.view.Choreographer$FrameHandler c=android.view.Choreographer$FrameDisplayEventReceiver), msg 4 took 76ms (seq=59 running=58ms io=3ms late=1722ms h=android.os.Handler c=mbmodsd.mbmodsw.update.RequestNetworkController$3$2)
01-23 06:07:26.427 32045 32045 W Looper : Slow Looper main: Activity com.mbwhatsapp/.HomeActivity is 431ms late (wall=0ms running=0ms ClientTransaction{ callbacks=[android.app.servertransaction.TopResumedActivityChangeItem] }) because of 82 msg, msg 10 took 119ms (seq=238 running=86ms runnable=1ms io=7ms late=536ms h=android.view.Choreographer$FrameHandler c=android.view.Choreographer$FrameDisplayEventReceiver), msg 82 took 84ms (seq=310 running=33ms io=5ms late=349ms h=android.os.AsyncTask$InternalHandler w=1)
01-23 06:07:26.486 32045 32045 W Looper : Slow Looper main: Activity com.mbwhatsapp/.HomeActivity is 429ms late (wall=57ms running=30ms ClientTransaction{ callbacks=[android.app.servertransaction.ActivityResultItem] lifecycleRequest=android.app.servertransaction.ResumeActivityItem }) because of 84 msg, msg 10 took 119ms (seq=238 running=86ms runnable=1ms io=7ms late=536ms h=android.view.Choreographer$FrameHandler c=android.view.Choreographer$FrameDisplayEventReceiver), msg 82 took 84ms (seq=310 running=33ms io=5ms late=349ms h=android.os.AsyncTask$InternalHandler w=1)
01-23 06:07:26.587 32045 32098 W BpBinder: Slow Binder: BpBinder transact took 419 ms, interface=android.app.IActivityManager, code=20 oneway=false
01-23 06:07:26.717 32045 32045 W Looper : Slow Looper main: doFrame is 468ms late because of 99 msg, msg 1 took 119ms (seq=238 running=86ms runnable=1ms io=7ms late=536ms h=android.view.Choreographer$FrameHandler c=android.view.Choreographer$FrameDisplayEventReceiver), msg 73 took 84ms (seq=310 running=33ms io=5ms late=349ms h=android.os.AsyncTask$InternalHandler w=1), msg 76 took 57ms (seq=313 running=30ms runnable=1ms late=429ms h=android.app.ActivityThread$H w=159)
01-23 06:07:26.943 32045 32045 W Looper : Slow Looper main: Activity com.mbwhatsapp/.HomeActivity is 471ms late (wall=1ms running=2ms ClientTransaction{ callbacks=[android.app.servertransaction.TopResumedActivityChangeItem] }) because of 108 msg, msg 1 took 57ms (seq=313 running=30ms runnable=1ms late=429ms h=android.app.ActivityThread$H w=159), msg 25 took 201ms (seq=337 running=48ms runnable=1ms late=468ms h=android.view.Choreographer$FrameHandler c=android.view.Choreographer$FrameDisplayEventReceiver)
01-23 06:07:26.987 32045 32045 W Looper : Slow Looper main: Activity com.mbwhatsapp/.HomeActivity is 472ms late (wall=44ms running=16ms ClientTransaction{ lifecycleRequest=android.app.servertransaction.PauseActivityItem }) because of 109 msg, msg 1 took 57ms (seq=313 running=30ms runnable=1ms late=429ms h=android.app.ActivityThread$H w=159), msg 25 took 201ms (seq=337 running=48ms runnable=1ms late=468ms h=android.view.Choreographer$FrameHandler c=android.view.Choreographer$FrameDisplayEventReceiver)
01-23 06:07:27.309 32045 32045 W Looper : Slow Looper main: doFrame is 532ms late because of 105 msg, msg 1 took 201ms (seq=337 running=48ms runnable=1ms late=468ms h=android.view.Choreographer$FrameHandler c=android.view.Choreographer$FrameDisplayEventReceiver)
01-23 06:07:27.577 32045 32045 W Looper : Slow Looper main: Activity com.mbwhatsapp/.backup.google.GoogleDriveNewUserSetupActivity is 354ms late (wall=244ms running=203ms ClientTransaction{ callbacks=[android.app.servertransaction.LaunchActivityItem] lifecycleRequest=android.app.servertransaction.ResumeActivityItem }) because of 75 msg, msg 21 took 252ms (seq=442 running=170ms runnable=1ms io=20ms late=532ms h=android.view.Choreographer$FrameHandler c=android.view.Choreographer$FrameDisplayEventReceiver)
01-23 06:07:27.578 32045 32045 W Looper : Slow Looper main: Activity com.mbwhatsapp/.backup.google.GoogleDriveNewUserSetupActivity is 597ms late (wall=0ms running=0ms ClientTransaction{ callbacks=[android.app.servertransaction.TopResumedActivityChang eItem] }) because of 76 msg, msg 21 took 252ms (seq=442 running=170ms runnable=1ms io=20ms late=532ms h=android.view.Choreographer$FrameHandler c=android.view.Choreographer$FrameDisplayEventReceiver), msg 76 took 244ms (seq=497 running=203ms runnable=1ms io=9ms late=354ms h=android.app.ActivityThread$H w=159)
01-23 06:07:27.829 32045 32045 W Looper : Slow Looper main: doFrame is 515ms late because of 78 msg, msg 1 took 252ms (seq=442 running=170ms runnable=1ms io=20ms late=532ms h=android.view.Choreographer$FrameHandler c=android.view.Choreographer$FrameDisplayEventReceiver), msg 56 took 244ms (seq=497 running=203ms runnable=1ms io=9ms late=354ms h=android.app.ActivityThread$H w=159)
01-23 06:07:28.407 32045 32045 W Looper : Slow Looper main: doFrame is 306ms late because of 79 msg, msg 1 took 245ms (seq=520 running=103ms runnable=1ms io=12ms late=515ms h=android.view.Choreographer$FrameHandler c=android.view.Choreographer$FrameDisplayEventReceiver)
01-23 06:07:28.483 32045 32045 W Looper : Slow Looper main: Activity com.mbwhatsapp/.HomeActivity is 620ms late (wall=0ms running=0ms ClientTransaction{ callbacks=[android.app.servertransaction.TopResumedActivityChangeItem] }) because of 28 msg, msg 10 took 505ms (seq=599 running=378ms runnable=1ms io=77ms late=306ms h=android.view.Choreographer$FrameHandler c=android.view.Choreographer$FrameDisplayEventReceiver)
01-23 06:07:28.515 32045 32045 W Looper : Slow Looper main: Activity com.mbwhatsapp/.HomeActivity is 617ms late (wall=31ms running=26ms ClientTransaction{ lifecycleRequest=android.app.servertransaction.ResumeActivityIte m }) because of 29 msg, msg 10 took 505ms (seq=599 running=378ms runnable=1ms io=77ms late=306ms h=android.view.Choreographer$FrameHandler c=android.view.Choreographer$FrameDisplayEventReceiver)
01-23 06:07:28.745 32045 32045 W Looper : Slow Looper main: doFrame is 640ms late because of 33 msg, msg 1 took 505ms (seq=599 running=378ms runnable=1ms io=77ms late=306ms h=android.view.Choreographer$FrameHandler c=android.view.Choreographer$FrameDisplayEventReceiver)
01-23 06:07:30.208 32045 32045 W Activity: Slow Operation: Activity com.mbwhatsapp/mbmodsd.mbmodsw.update.MBUpdateActivity onCreate took 911ms
01-23 06:07:30.273 32045 32045 W Looper : Slow Looper main: Activity com.mbwhatsapp/mbmodsd.mbmodsw.update.MBUpdateActivity is 998ms late (wall=1ms running=0ms ClientTransaction{ callbacks=[android.app.servertransaction.TopResumedActivityChang eItem] }) because of 7 msg, msg 7 took 945ms (seq=790 running=594ms runnable=10ms io=215ms reclaim=54ms late=16ms h=android.app.ActivityThread$H w=159)
01-23 06:07:30.620 32045 32045 W Looper : Slow Looper main: doFrame is 989ms late because of 3 msg, msg 1 took 945ms (seq=790 running=594ms runnable=10ms io=215ms reclaim=54ms late=16ms h=android.app.ActivityThread$H w=159)
01-23 06:07:30.972 32045 32045 W Looper : Slow Looper main: doFrame is 584ms late because of 34 msg, msg 1 took 340ms (seq=793 running=27ms runnable=1ms io=3ms late=989ms h=android.view.Choreographer$FrameHandler c=android.view.Choreographer$FrameDisplayEventReceiver), msg 34 took 89ms (seq=826 running=15ms io=29ms late=494ms h=android.app.ActivityThread$H w=116)
01-23 06:08:10.303 32045 32045 W Activity: Slow Operation: Activity com.mbwhatsapp/.Conversation onCreate took 668ms
01-23 06:08:10.406 32045 32045 W Looper : Slow Looper main: Activity com.mbwhatsapp/.Conversation is 840ms late (wall=0ms running=0ms ClientTransaction{ callbacks=[android.app.servertransaction.TopResumedActivityChangeItem] }) because of 5 msg, msg 5 took 833ms (seq=2120 running=564ms runnable=2ms io=193ms reclaim=3ms late=7ms h=android.app.ActivityThread$H w=159)
01-23 06:08:11.222 32045 32045 W Looper : Slow Looper main: doFrame is 834ms late because of 5 msg, msg 4 took 833ms (seq=2120 running=564ms runnable=2ms io=193ms reclaim=3ms late=7ms h=android.app.ActivityThread$H w=159)
01-23 06:08:11.305 32045 32045 W Looper : Slow Looper main: doFrame is 852ms late because of 58 msg, msg 1 took 816ms (seq=2122 running=498ms runnable=2ms io=146ms reclaim=4ms late=834ms h=android.view.Choreographer$FrameHandler c=android.view.Choreographer$FrameDisplayEventReceiver)
01-23 06:08:12.347 32045 32287 W BpBinder: Slow Binder: BpBinder transact took 667 ms, interface=com.google.android.gms.common.internal.IGmsServiceBroker, code=46 oneway=false
01-23 06:10:03.908 32045 32045 W Activity: Slow Operation: Activity com.mbwhatsapp/.Conversation onRestart took 152ms
01-23 06:10:04.181 32045 32045 W Activity: Slow Operation: Activity com.mbwhatsapp/.Conversation onStart took 269ms
01-23 06:10:04.373 32045 32045 W Activity: Slow Operation: Activity com.mbwhatsapp/.Conversation onResume took 143ms
01-23 06:10:04.623 32045 32045 W Looper : Slow Looper main: doFrame is 633ms late because of 9 msg, msg 7 took 619ms (seq=5680 running=176ms runnable=1ms io=416ms reclaim=2ms late=204ms h=android.app.ActivityThread$H w=159)
01-23 06:10:06.266 32045 32045 W Looper : Slow Looper main: doFrame is 479ms late because of 3 msg, msg 1 took 698ms (seq=5748 running=102ms runnable=2ms io=501ms h=X.10F w=4)
