01-01 07:00:01.319 I/heimdall( 1087): handle_proc_ev:164, successfully connected
01-01 07:00:01.319 I/heimdall( 1087): run_iterate_procfs_thread:65, start
01-01 07:00:01.319 E/sscrpcd ( 704):
vendor/qcom/proprietary/commonsys-intf/adsprpc/src/apps_std_imp.c:596:Error
0xffffffff: apps_std getenv failed: ADSP_LIBRARY_PATH Unknown error -1
01-01 07:00:01.319 I/sscrpcd ( 704):
vendor/qcom/proprietary/commonsys-intf/adsprpc/src/apps_std_imp.c:777: Successfully
opened file
/mnt/vendor/persist/sensors/registry/registry/default_sensors.motion_detect.attr_0
01-01 07:00:01.319 E/sscrpcd ( 704):
vendor/qcom/proprietary/commonsys-intf/adsprpc/src/apps_std_imp.c:596:Error
0xffffffff: apps_std getenv failed: ADSP_LIBRARY_PATH Unknown error -1
01-01 07:00:01.319 I/sscrpcd ( 704):
vendor/qcom/proprietary/commonsys-intf/adsprpc/src/apps_std_imp.c:777: Successfully
opened file
/mnt/vendor/persist/sensors/registry/registry/default_sensors.motion_detect.attr_0
01-01 07:00:01.320 I/heimdall( 1087): update_proc_tgid:420, put /system/bin/init(1)
in root memcg
01-01 07:00:01.320 I/heimdall( 1087): update_proc_tgid:420, put (2) in root memcg
01-01 07:00:01.321 E/sscrpcd ( 704):
vendor/qcom/proprietary/commonsys-intf/adsprpc/src/apps_std_imp.c:596:Error
0xffffffff: apps_std getenv failed: ADSP_LIBRARY_PATH Unknown error -1
01-01 07:00:01.322 I/sscrpcd ( 704):
vendor/qcom/proprietary/commonsys-intf/adsprpc/src/apps_std_imp.c:777: Successfully
opened file
/mnt/vendor/persist/sensors/registry/registry/default_sensors.accel.attr_0
01-01 07:00:01.322 I/SEC_componentStore( 982):
GetCodec2SecComponentStore--------------default
01-01 07:00:01.322 I/heimdall( 1087): update_proc_tgid:420, put (3) in root memcg
01-01 07:00:01.322 I/heimdall( 1087): update_proc_tgid:420, put (4) in root memcg
01-01 07:00:01.322 I/heimdall( 1087): update_proc_tgid:420, put (5) in root memcg
01-01 07:00:01.322 I/heimdall( 1087): update_proc_tgid:420, put (6) in root memcg
01-01 07:00:01.322 E/sscrpcd ( 704):
vendor/qcom/proprietary/commonsys-intf/adsprpc/src/apps_std_imp.c:596:Error
0xffffffff: apps_std getenv failed: ADSP_LIBRARY_PATH Unknown error -1
01-01 07:00:01.322 I/sscrpcd ( 704):
vendor/qcom/proprietary/commonsys-intf/adsprpc/src/apps_std_imp.c:777: Successfully
opened file
/mnt/vendor/persist/sensors/registry/registry/default_sensors.accel.attr_0
01-01 07:00:01.322 I/heimdall( 1087): update_proc_tgid:420, put (7) in root memcg
01-01 07:00:01.322 I/heimdall( 1087): update_proc_tgid:420, put (8) in root memcg
01-01 07:00:01.322 I/heimdall( 1087): update_proc_tgid:420, put (9) in root memcg
01-01 07:00:01.322 I/heimdall( 1087): update_proc_tgid:420, put (10) in root memcg
01-01 07:00:01.322 I/heimdall( 1087): update_proc_tgid:420, put (11) in root memcg
01-01 07:00:01.323 I/heimdall( 1087): update_proc_tgid:420, put (12) in root memcg
01-01 07:00:01.323 I/heimdall( 1087): update_proc_tgid:420, put (13) in root memcg
01-01 07:00:01.323 I/heimdall( 1087): update_proc_tgid:420, put (14) in root memcg
01-01 07:00:01.323 I/HidlServiceManagement( 982): Registered
[email protected]::IComponentStore/default (start delay of 537ms)
01-01 07:00:01.323 I/heimdall( 1087): update_proc_tgid:420, put (15) in root memcg
01-01 07:00:01.323 I/SEC_componentStore( 982): Codec2's IComponentStore service
created.
01-01 07:00:01.323 I/SEC_componentStore( 982): Instantiating Codec2's C2---
01-01 07:00:01.323 I/heimdall( 1087): update_proc_tgid:420, put (16) in root memcg
01-01 07:00:01.323 I/heimdall( 1087): update_proc_tgid:420, put (17) in root memcg
01-01 07:00:01.323 E/sscrpcd ( 704):
vendor/qcom/proprietary/commonsys-intf/adsprpc/src/apps_std_imp.c:596:Error
0xffffffff: apps_std getenv failed: ADSP_LIBRARY_PATH Unknown error -1
01-01 07:00:01.323 I/sscrpcd ( 704):
vendor/qcom/proprietary/commonsys-intf/adsprpc/src/apps_std_imp.c:777: Successfully
opened file /mnt/vendor/persist/sensors/registry/registry/default_sensors.geomag_rv
01-01 07:00:01.323 I/heimdall( 1087): update_proc_tgid:420, put (18) in root memcg
01-01 07:00:01.323 I/heimdall( 1087): update_proc_tgid:420, put (19) in root memcg
01-01 07:00:01.323 E/sscrpcd ( 704):
vendor/qcom/proprietary/commonsys-intf/adsprpc/src/apps_std_imp.c:596:Error
0xffffffff: apps_std getenv failed: ADSP_LIBRARY_PATH Unknown error -1
01-01 07:00:01.323 I/sscrpcd ( 704):
vendor/qcom/proprietary/commonsys-intf/adsprpc/src/apps_std_imp.c:777: Successfully
opened file /mnt/vendor/persist/sensors/registry/registry/default_sensors.geomag_rv
01-01 07:00:01.324 I/heimdall( 1087): update_proc_tgid:420, put (20) in root memcg
01-01 07:00:01.324 I/heimdall( 1087): update_proc_tgid:420, put (21) in root memcg
01-01 07:00:01.324 I/heimdall( 1087): update_proc_tgid:420, put (22) in root memcg
01-01 07:00:01.324 I/heimdall( 1087): update_proc_tgid:420, put (23) in root memcg
01-01 07:00:01.324 I/heimdall( 1087): update_proc_tgid:420, put (24) in root memcg
01-01 07:00:01.324 I/heimdall( 1087): update_proc_tgid:420, put (25) in root memcg
01-01 07:00:01.324 I/heimdall( 1087): update_proc_tgid:420, put (26) in root memcg
01-01 07:00:01.324 I/heimdall( 1087): update_proc_tgid:420, put (27) in root memcg
01-01 07:00:01.325 E/sscrpcd ( 704):
vendor/qcom/proprietary/commonsys-intf/adsprpc/src/apps_std_imp.c:596:Error
0xffffffff: apps_std getenv failed: ADSP_LIBRARY_PATH Unknown error -1
01-01 07:00:01.325 I/sscrpcd ( 704):
vendor/qcom/proprietary/commonsys-intf/adsprpc/src/apps_std_imp.c:777: Successfully
opened file /mnt/vendor/persist/sensors/registry/registry/default_sensors.fmv
01-01 07:00:01.325 I/heimdall( 1087): update_proc_tgid:420, put (28) in root memcg
01-01 07:00:01.325 I/heimdall( 1087): update_proc_tgid:420, put (29) in root memcg
01-01 07:00:01.325 I/heimdall( 1087): update_proc_tgid:420, put (30) in root memcg
01-01 07:00:01.325 E/sscrpcd ( 704):
vendor/qcom/proprietary/commonsys-intf/adsprpc/src/apps_std_imp.c:596:Error
0xffffffff: apps_std getenv failed: ADSP_LIBRARY_PATH Unknown error -1
01-01 07:00:01.325 I/heimdall( 1087): update_proc_tgid:420, put (31) in root memcg
01-01 07:00:01.325 I/sscrpcd ( 704):
vendor/qcom/proprietary/commonsys-intf/adsprpc/src/apps_std_imp.c:777: Successfully
opened file /mnt/vendor/persist/sensors/registry/registry/default_sensors.fmv
01-01 07:00:01.326 I/heimdall( 1087): update_proc_tgid:420, put (32) in root memcg
01-01 07:00:01.326 I/heimdall( 1087): update_proc_tgid:420, put (33) in root memcg
01-01 07:00:01.326 I/heimdall( 1087): update_proc_tgid:420, put (34) in root memcg
01-01 07:00:01.326 I/heimdall( 1087): update_proc_tgid:420, put (35) in root memcg
01-01 07:00:01.326 I/heimdall( 1087): update_proc_tgid:420, put (36) in root memcg
01-01 07:00:01.326 I/heimdall( 1087): update_proc_tgid:420, put (37) in root memcg
01-01 07:00:01.326 E/sscrpcd ( 704):
vendor/qcom/proprietary/commonsys-intf/adsprpc/src/apps_std_imp.c:596:Error
0xffffffff: apps_std getenv failed: ADSP_LIBRARY_PATH Unknown error -1
01-01 07:00:01.326 I/sscrpcd ( 704):
vendor/qcom/proprietary/commonsys-intf/adsprpc/src/apps_std_imp.c:777: Successfully
opened file /mnt/vendor/persist/sensors/registry/registry/lsm6dso_0.gyro
01-01 07:00:01.326 I/heimdall( 1087): update_proc_tgid:420, put (38) in root memcg
01-01 07:00:01.326 I/heimdall( 1087): update_proc_tgid:420, put (39) in root memcg
01-01 07:00:01.326 I/heimdall( 1087): update_proc_tgid:420, put (40) in root memcg
01-01 07:00:01.326 I/heimdall( 1087): update_proc_tgid:420, put (41) in root memcg
01-01 07:00:01.326 I/heimdall( 1087): update_proc_tgid:420, put (42) in root memcg
01-01 07:00:01.326 E/sscrpcd ( 704):
vendor/qcom/proprietary/commonsys-intf/adsprpc/src/apps_std_imp.c:596:Error
0xffffffff: apps_std getenv failed: ADSP_LIBRARY_PATH Unknown error -1
01-01 07:00:01.326 I/sscrpcd ( 704):
vendor/qcom/proprietary/commonsys-intf/adsprpc/src/apps_std_imp.c:777: Successfully
opened file /mnt/vendor/persist/sensors/registry/registry/lsm6dso_0.gyro
01-01 07:00:01.326 I/heimdall( 1087): update_proc_tgid:420, put (43) in root memcg
01-01 07:00:01.326 I/heimdall( 1087): update_proc_tgid:420, put (44) in root memcg
01-01 07:00:01.326 I/heimdall( 1087): update_proc_tgid:420, put (45) in root memcg
01-01 07:00:01.326 I/heimdall( 1087): update_proc_tgid:420, put (46) in root memcg
01-01 07:00:01.326 I/heimdall( 1087): update_proc_tgid:420, put (47) in root memcg
01-01 07:00:01.326 I/heimdall( 1087): update_proc_tgid:420, put (48) in root memcg
01-01 07:00:01.327 I/heimdall( 1087): update_proc_tgid:420, put (49) in root memcg
01-01 07:00:01.327 I/heimdall( 1087): update_proc_tgid:420, put (50) in root memcg
01-01 07:00:01.327 I/heimdall( 1087): update_proc_tgid:420, put (51) in root memcg
01-01 07:00:01.327 I/heimdall( 1087): update_proc_tgid:420, put (52) in root memcg
01-01 07:00:01.327 I/heimdall( 1087): update_proc_tgid:420, put (53) in root memcg
01-01 07:00:01.327 I/heimdall( 1087): update_proc_tgid:420, put (54) in root memcg
01-01 07:00:01.327 I/heimdall( 1087): update_proc_tgid:420, put (55) in root memcg
01-01 07:00:01.327 I/heimdall( 1087): update_proc_tgid:420, put (56) in root memcg
01-01 07:00:01.327 I/heimdall( 1087): update_proc_tgid:420, put (57) in root memcg
01-01 07:00:01.327 I/heimdall( 1087): update_proc_tgid:420, put (58) in root memcg
01-01 07:00:01.327 I/heimdall( 1087): update_proc_tgid:420, put (59) in root memcg
01-01 07:00:01.327 I/heimdall( 1087): update_proc_tgid:420, put (60) in root memcg
01-01 07:00:01.327 I/heimdall( 1087): update_proc_tgid:420, put (61) in root memcg
01-01 07:00:01.327 I/heimdall( 1087): update_proc_tgid:420, put (62) in root memcg
01-01 07:00:01.327 I/heimdall( 1087): update_proc_tgid:420, put (63) in root memcg
01-01 07:00:01.327 I/heimdall( 1087): update_proc_tgid:420, put (64) in root memcg
01-01 07:00:01.327 I/heimdall( 1087): update_proc_tgid:420, put (65) in root memcg
01-01 07:00:01.327 I/heimdall( 1087): update_proc_tgid:420, put (66) in root memcg
01-01 07:00:01.327 E/sscrpcd ( 704):
vendor/qcom/proprietary/commonsys-intf/adsprpc/src/apps_std_imp.c:596:Error
0xffffffff: apps_std getenv failed: ADSP_LIBRARY_PATH Unknown error -1
01-01 07:00:01.327 I/sscrpcd ( 704):
vendor/qcom/proprietary/commonsys-intf/adsprpc/src/apps_std_imp.c:777: Successfully
opened file
/mnt/vendor/persist/sensors/registry/registry/sns_gyro_cal_persist_s0.bias
01-01 07:00:01.327 I/heimdall( 1087): update_proc_tgid:420, put (67) in root memcg
01-01 07:00:01.328 I/heimdall( 1087): update_proc_tgid:420, put (68) in root memcg
01-01 07:00:01.328 I/heimdall( 1087): update_proc_tgid:420, put (69) in root memcg
01-01 07:00:01.328 I/heimdall( 1087): update_proc_tgid:420, put (70) in root memcg
01-01 07:00:01.328 I/heimdall( 1087): update_proc_tgid:420, put (71) in root memcg
01-01 07:00:01.328 I/heimdall( 1087): update_proc_tgid:420, put (72) in root memcg
01-01 07:00:01.328 I/heimdall( 1087): update_proc_tgid:420, put (73) in root memcg
01-01 07:00:01.328 E/sscrpcd ( 704):
vendor/qcom/proprietary/commonsys-intf/adsprpc/src/apps_std_imp.c:596:Error
0xffffffff: apps_std getenv failed: ADSP_LIBRARY_PATH Unknown error -1
01-01 07:00:01.328 I/sscrpcd ( 704):
vendor/qcom/proprietary/commonsys-intf/adsprpc/src/apps_std_imp.c:777: Successfully
opened file
/mnt/vendor/persist/sensors/registry/registry/sns_gyro_cal_persist_s0.bias
01-01 07:00:01.329 E/sscrpcd ( 704):
vendor/qcom/proprietary/commonsys-intf/adsprpc/src/apps_std_imp.c:596:Error
0xffffffff: apps_std getenv failed: ADSP_LIBRARY_PATH Unknown error -1
01-01 07:00:01.329 I/sscrpcd ( 704):
vendor/qcom/proprietary/commonsys-intf/adsprpc/src/apps_std_imp.c:777: Successfully
opened file
/mnt/vendor/persist/sensors/registry/registry/default_sensors.rotv.attr_0
01-01 07:00:01.329 E/sscrpcd ( 704):
vendor/qcom/proprietary/commonsys-intf/adsprpc/src/apps_std_imp.c:596:Error
0xffffffff: apps_std getenv failed: ADSP_LIBRARY_PATH Unknown error -1
01-01 07:00:01.329 I/sscrpcd ( 704):
vendor/qcom/proprietary/commonsys-intf/adsprpc/src/apps_std_imp.c:777: Successfully
opened file
/mnt/vendor/persist/sensors/registry/registry/default_sensors.rotv.attr_0
01-01 07:00:01.328 I/heimdall( 1087): update_proc_tgid:420, put (74) in root memcg
01-01 07:00:01.329 I/heimdall( 1087): update_proc_tgid:420, put (75) in root memcg
01-01 07:00:01.329 I/heimdall( 1087): update_proc_tgid:420, put (76) in root memcg
01-01 07:00:01.329 I/heimdall( 1087): update_proc_tgid:420, put (77) in root memcg
01-01 07:00:01.330 I/heimdall( 1087): update_proc_tgid:420, put (78) in root memcg
01-01 07:00:01.330 I/heimdall( 1087): update_proc_tgid:420, put (79) in root memcg
01-01 07:00:01.330 I/heimdall( 1087): update_proc_tgid:420, put (80) in root memcg
01-01 07:00:01.330 I/heimdall( 1087): update_proc_tgid:420, put (81) in root memcg
01-01 07:00:01.330 I/heimdall( 1087): update_proc_tgid:420, put (82) in root memcg
01-01 07:00:01.330 I/heimdall( 1087): update_proc_tgid:420, put (83) in root memcg
01-01 07:00:01.330 I/heimdall( 1087): update_proc_tgid:420, put (84) in root memcg
01-01 07:00:01.330 I/heimdall( 1087): update_proc_tgid:420, put (85) in root memcg
01-01 07:00:01.330 E/sscrpcd ( 704):
vendor/qcom/proprietary/commonsys-intf/adsprpc/src/apps_std_imp.c:596:Error
0xffffffff: apps_std getenv failed: ADSP_LIBRARY_PATH Unknown error -1
01-01 07:00:01.330 I/heimdall( 1087): update_proc_tgid:420, put (86) in root memcg
01-01 07:00:01.330 I/sscrpcd ( 704):
vendor/qcom/proprietary/commonsys-intf/adsprpc/src/apps_std_imp.c:777: Successfully
opened file /mnt/vendor/persist/sensors/registry/registry/sns_facing
01-01 07:00:01.330 I/heimdall( 1087): update_proc_tgid:420, put (87) in root memcg
01-01 07:00:01.330 I/heimdall( 1087): update_proc_tgid:420, put (88) in root memcg
01-01 07:00:01.330 I/heimdall( 1087): update_proc_tgid:420, put (89) in root memcg
01-01 07:00:01.330 I/heimdall( 1087): update_proc_tgid:420, put (90) in root memcg
01-01 07:00:01.330 E/sscrpcd ( 704):
vendor/qcom/proprietary/commonsys-intf/adsprpc/src/apps_std_imp.c:596:Error
0xffffffff: apps_std getenv failed: ADSP_LIBRARY_PATH Unknown error -1
01-01 07:00:01.330 I/sscrpcd ( 704):
vendor/qcom/proprietary/commonsys-intf/adsprpc/src/apps_std_imp.c:777: Successfully
opened file /mnt/vendor/persist/sensors/registry/registry/sns_facing
01-01 07:00:01.331 I/heimdall( 1087): update_proc_tgid:420, put (91) in root memcg
01-01 07:00:01.331 I/heimdall( 1087): update_proc_tgid:420, put (92) in root memcg
01-01 07:00:01.331 I/heimdall( 1087): update_proc_tgid:420, put (93) in root memcg
01-01 07:00:01.331 I/heimdall( 1087): update_proc_tgid:420, put (94) in root memcg
01-01 07:00:01.331 I/heimdall( 1087): update_proc_tgid:420, put (95) in root memcg
01-01 07:00:01.331 I/heimdall( 1087): update_proc_tgid:420, put (96) in root memcg
01-01 07:00:01.331 I/heimdall( 1087): update_proc_tgid:420, put (97) in root memcg
01-01 07:00:01.331 I/heimdall( 1087): update_proc_tgid:420, put (98) in root memcg
01-01 07:00:01.331 I/heimdall( 1087): update_proc_tgid:420, put (99) in root memcg
01-01 07:00:01.332 I/heimdall( 1087): update_proc_tgid:420, put (100) in root memcg
01-01 07:00:01.332 I/heimdall( 1087): update_proc_tgid:420, put (101) in root memcg
01-01 07:00:01.332 E/sscrpcd ( 704):
vendor/qcom/proprietary/commonsys-intf/adsprpc/src/apps_std_imp.c:596:Error
0xffffffff: apps_std getenv failed: ADSP_LIBRARY_PATH Unknown error -1
01-01 07:00:01.332 I/heimdall( 1087): update_proc_tgid:420, put (102) in root memcg
01-01 07:00:01.332 I/sscrpcd ( 704):
vendor/qcom/proprietary/commonsys-intf/adsprpc/src/apps_std_imp.c:777: Successfully
opened file /mnt/vendor/persist/sensors/registry/registry/ak0991x_0_platform
01-01 07:00:01.332 I/heimdall( 1087): update_proc_tgid:420, put (103) in root memcg
01-01 07:00:01.332 I/heimdall( 1087): update_proc_tgid:420, put (104) in root memcg
01-01 07:00:01.332 I/heimdall( 1087): update_proc_tgid:420, put (105) in root memcg
01-01 07:00:01.332 I/heimdall( 1087): update_proc_tgid:420, put (106) in root memcg
01-01 07:00:01.332 E/sscrpcd ( 704):
vendor/qcom/proprietary/commonsys-intf/adsprpc/src/apps_std_imp.c:596:Error
0xffffffff: apps_std getenv failed: ADSP_LIBRARY_PATH Unknown error -1
01-01 07:00:01.332 I/sscrpcd ( 704):
vendor/qcom/proprietary/commonsys-intf/adsprpc/src/apps_std_imp.c:777: Successfully
opened file /mnt/vendor/persist/sensors/registry/registry/ak0991x_0_platform
01-01 07:00:01.332 I/heimdall( 1087): update_proc_tgid:420, put (107) in root memcg
01-01 07:00:01.332 I/heimdall( 1087): update_proc_tgid:420, put (108) in root memcg
01-01 07:00:01.332 I/heimdall( 1087): update_proc_tgid:420, put (109) in root memcg
01-01 07:00:01.332 I/heimdall( 1087): update_proc_tgid:420, put (110) in root memcg
01-01 07:00:01.332 I/heimdall( 1087): update_proc_tgid:420, put (111) in root memcg
01-01 07:00:01.332 I/heimdall( 1087): update_proc_tgid:420, put (112) in root memcg
01-01 07:00:01.332 I/heimdall( 1087): update_proc_tgid:420, put (113) in root memcg
01-01 07:00:01.332 I/heimdall( 1087): update_proc_tgid:420, put (114) in root memcg
01-01 07:00:01.332 I/heimdall( 1087): update_proc_tgid:420, put (115) in root memcg
01-01 07:00:01.333 I/heimdall( 1087): update_proc_tgid:420, put (116) in root memcg
01-01 07:00:01.333 I/heimdall( 1087): update_proc_tgid:420, put (117) in root memcg
01-01 07:00:01.333 I/heimdall( 1087): update_proc_tgid:420, put (118) in root memcg
01-01 07:00:01.333 I/heimdall( 1087): update_proc_tgid:420, put (119) in root memcg
01-01 07:00:01.333 I/heimdall( 1087): update_proc_tgid:420, put (120) in root memcg
01-01 07:00:01.333 I/heimdall( 1087): update_proc_tgid:420, put (121) in root memcg
01-01 07:00:01.333 I/heimdall( 1087): update_proc_tgid:420, put (122) in root memcg
01-01 07:00:01.333 I/heimdall( 1087): update_proc_tgid:420, put (123) in root memcg
01-01 07:00:01.333 I/heimdall( 1087): update_proc_tgid:420, put (124) in root memcg
01-01 07:00:01.333 I/heimdall( 1087): update_proc_tgid:420, put (125) in root memcg
01-01 07:00:01.333 I/heimdall( 1087): update_proc_tgid:420, put (126) in root memcg
01-01 07:00:01.333 I/heimdall( 1087): update_proc_tgid:420, put (127) in root memcg
01-01 07:00:01.333 I/heimdall( 1087): update_proc_tgid:420, put (150) in root memcg
01-01 07:00:01.333 I/heimdall( 1087): update_proc_tgid:420, put (151) in root memcg
01-01 07:00:01.333 I/heimdall( 1087): update_proc_tgid:420, put (152) in root memcg
01-01 07:00:01.333 I/heimdall( 1087): update_proc_tgid:420, put (153) in root memcg
01-01 07:00:01.333 I/heimdall( 1087): update_proc_tgid:420, put (154) in root memcg
01-01 07:00:01.333 I/heimdall( 1087): update_proc_tgid:420, put (155) in root memcg
01-01 07:00:01.333 I/heimdall( 1087): update_proc_tgid:420, put (156) in root memcg
01-01 07:00:01.333 I/heimdall( 1087): update_proc_tgid:420, put (195) in root memcg
01-01 07:00:01.333 E/sscrpcd ( 704):
vendor/qcom/proprietary/commonsys-intf/adsprpc/src/apps_std_imp.c:596:Error
0xffffffff: apps_std getenv failed: ADSP_LIBRARY_PATH Unknown error -1
01-01 07:00:01.333 I/sscrpcd ( 704):
vendor/qcom/proprietary/commonsys-intf/adsprpc/src/apps_std_imp.c:777: Successfully
opened file /mnt/vendor/persist/sensors/registry/registry/lsm6dso_0.hs.config
01-01 07:00:01.334 I/heimdall( 1087): update_proc_tgid:420, put (196) in root memcg
01-01 07:00:01.334 I/heimdall( 1087): update_proc_tgid:420, put (197) in root memcg
01-01 07:00:01.334 I/heimdall( 1087): update_proc_tgid:420, put (198) in root memcg
01-01 07:00:01.334 I/heimdall( 1087): update_proc_tgid:420, put (199) in root memcg
01-01 07:00:01.334 E/sscrpcd ( 704):
vendor/qcom/proprietary/commonsys-intf/adsprpc/src/apps_std_imp.c:596:Error
0xffffffff: apps_std getenv failed: ADSP_LIBRARY_PATH Unknown error -1
01-01 07:00:01.334 I/heimdall( 1087): update_proc_tgid:420, put (200) in root memcg
01-01 07:00:01.334 I/heimdall( 1087): update_proc_tgid:420, put (201) in root memcg
01-01 07:00:01.334 I/sscrpcd ( 704):
vendor/qcom/proprietary/commonsys-intf/adsprpc/src/apps_std_imp.c:777: Successfully
opened file /mnt/vendor/persist/sensors/registry/registry/lsm6dso_0.hs.config
01-01 07:00:01.334 I/heimdall( 1087): update_proc_tgid:420, put (202) in root memcg
01-01 07:00:01.334 I/heimdall( 1087): update_proc_tgid:420, put (204) in root memcg
01-01 07:00:01.334 I/heimdall( 1087): update_proc_tgid:420, put (205) in root memcg
01-01 07:00:01.334 I/heimdall( 1087): update_proc_tgid:420, put (206) in root memcg
01-01 07:00:01.334 I/heimdall( 1087): update_proc_tgid:420, put (207) in root memcg
01-01 07:00:01.334 I/heimdall( 1087): update_proc_tgid:420, put (208) in root memcg
01-01 07:00:01.334 I/heimdall( 1087): update_proc_tgid:420, put (209) in root memcg
01-01 07:00:01.334 I/heimdall( 1087): update_proc_tgid:420, put (210) in root memcg
01-01 07:00:01.334 I/heimdall( 1087): update_proc_tgid:420, put (211) in root memcg
01-01 07:00:01.334 I/heimdall( 1087): update_proc_tgid:420, put (212) in root memcg
01-01 07:00:01.334 I/heimdall( 1087): update_proc_tgid:420, put (213) in root memcg
01-01 07:00:01.334 I/heimdall( 1087): update_proc_tgid:420, put (214) in root memcg
01-01 07:00:01.334 I/heimdall( 1087): update_proc_tgid:420, put (215) in root memcg
01-01 07:00:01.335 I/heimdall( 1087): update_proc_tgid:420, put (216) in root memcg
01-01 07:00:01.335 I/heimdall( 1087): update_proc_tgid:420, put (217) in root memcg
01-01 07:00:01.335 I/heimdall( 1087): update_proc_tgid:420, put (218) in root memcg
01-01 07:00:01.335 I/heimdall( 1087): update_proc_tgid:420, put (219) in root memcg
01-01 07:00:01.335 I/heimdall( 1087): update_proc_tgid:420, put (220) in root memcg
01-01 07:00:01.335 I/heimdall( 1087): update_proc_tgid:420, put (221) in root memcg
01-01 07:00:01.335 I/heimdall( 1087): update_proc_tgid:420, put (222) in root memcg
01-01 07:00:01.335 I/heimdall( 1087): update_proc_tgid:420, put (223) in root memcg
01-01 07:00:01.335 I/heimdall( 1087): update_proc_tgid:420, put (224) in root memcg
01-01 07:00:01.335 I/heimdall( 1087): update_proc_tgid:420, put (225) in root memcg
01-01 07:00:01.335 I/heimdall( 1087): update_proc_tgid:420, put (226) in root memcg
01-01 07:00:01.335 I/heimdall( 1087): update_proc_tgid:420, put (227) in root memcg
01-01 07:00:01.335 I/heimdall( 1087): update_proc_tgid:420, put (228) in root memcg
01-01 07:00:01.335 I/heimdall( 1087): update_proc_tgid:420, put (229) in root memcg
01-01 07:00:01.335 I/heimdall( 1087): update_proc_tgid:420, put (230) in root memcg
01-01 07:00:01.335 E/sscrpcd ( 704):
vendor/qcom/proprietary/commonsys-intf/adsprpc/src/apps_std_imp.c:596:Error
0xffffffff: apps_std getenv failed: ADSP_LIBRARY_PATH Unknown error -1
01-01 07:00:01.335 I/heimdall( 1087): update_proc_tgid:420, put (231) in root memcg
01-01 07:00:01.335 I/sscrpcd ( 704):
vendor/qcom/proprietary/commonsys-intf/adsprpc/src/apps_std_imp.c:777: Successfully
opened file /mnt/vendor/persist/sensors/registry/registry/lsm6dso_0_platform.ff
01-01 07:00:01.335 I/heimdall( 1087): update_proc_tgid:420, put (232) in root memcg
01-01 07:00:01.335 I/heimdall( 1087): update_proc_tgid:420, put (233) in root memcg
01-01 07:00:01.335 I/heimdall( 1087): update_proc_tgid:420, put (234) in root memcg
01-01 07:00:01.335 I/heimdall( 1087): update_proc_tgid:420, put (235) in root memcg
01-01 07:00:01.335 I/heimdall( 1087): update_proc_tgid:420, put (236) in root memcg
01-01 07:00:01.335 I/heimdall( 1087): update_proc_tgid:420, put (237) in root memcg
01-01 07:00:01.335 I/heimdall( 1087): update_proc_tgid:420, put (238) in root memcg
01-01 07:00:01.335 E/sscrpcd ( 704):
vendor/qcom/proprietary/commonsys-intf/adsprpc/src/apps_std_imp.c:596:Error
0xffffffff: apps_std getenv failed: ADSP_LIBRARY_PATH Unknown error -1
01-01 07:00:01.335 I/sscrpcd ( 704):
vendor/qcom/proprietary/commonsys-intf/adsprpc/src/apps_std_imp.c:777: Successfully
opened file /mnt/vendor/persist/sensors/registry/registry/lsm6dso_0_platform.ff
01-01 07:00:01.335 I/heimdall( 1087): update_proc_tgid:420, put (239) in root memcg
01-01 07:00:01.335 I/heimdall( 1087): update_proc_tgid:420, put (240) in root memcg
01-01 07:00:01.335 I/heimdall( 1087): update_proc_tgid:420, put (241) in root memcg
01-01 07:00:01.335 I/heimdall( 1087): update_proc_tgid:420, put (242) in root memcg
01-01 07:00:01.335 I/heimdall( 1087): update_proc_tgid:420, put (243) in root memcg
01-01 07:00:01.335 I/heimdall( 1087): update_proc_tgid:420, put (244) in root memcg
01-01 07:00:01.335 I/heimdall( 1087): update_proc_tgid:420, put (245) in root memcg
01-01 07:00:01.336 I/heimdall( 1087): update_proc_tgid:420, put (246) in root memcg
01-01 07:00:01.336 I/heimdall( 1087): update_proc_tgid:420, put (247) in root memcg
01-01 07:00:01.336 I/heimdall( 1087): update_proc_tgid:420, put (248) in root memcg
01-01 07:00:01.336 I/heimdall( 1087): update_proc_tgid:420, put (249) in root memcg
01-01 07:00:01.336 I/heimdall( 1087): update_proc_tgid:420, put (250) in root memcg
01-01 07:00:01.336 I/heimdall( 1087): update_proc_tgid:420, put (251) in root memcg
01-01 07:00:01.336 I/heimdall( 1087): update_proc_tgid:420, put (252) in root memcg
01-01 07:00:01.336 I/heimdall( 1087): update_proc_tgid:420, put (253) in root memcg
01-01 07:00:01.336 I/heimdall( 1087): update_proc_tgid:420, put (254) in root memcg
01-01 07:00:01.336 I/heimdall( 1087): update_proc_tgid:420, put (255) in root memcg
01-01 07:00:01.336 I/heimdall( 1087): update_proc_tgid:420, put (256) in root memcg
01-01 07:00:01.336 I/heimdall( 1087): update_proc_tgid:420, put (257) in root memcg
01-01 07:00:01.336 I/heimdall( 1087): update_proc_tgid:420, put (258) in root memcg
01-01 07:00:01.336 I/heimdall( 1087): update_proc_tgid:420, put (259) in root memcg
01-01 07:00:01.336 I/heimdall( 1087): update_proc_tgid:420, put (260) in root memcg
01-01 07:00:01.336 I/heimdall( 1087): update_proc_tgid:420, put (261) in root memcg
01-01 07:00:01.336 I/heimdall( 1087): update_proc_tgid:420, put (262) in root memcg
01-01 07:00:01.336 I/heimdall( 1087): update_proc_tgid:420, put (263) in root memcg
01-01 07:00:01.336 I/heimdall( 1087): update_proc_tgid:420, put (264) in root memcg
01-01 07:00:01.336 I/heimdall( 1087): update_proc_tgid:420, put (265) in root memcg
01-01 07:00:01.336 I/heimdall( 1087): update_proc_tgid:420, put (266) in root memcg
01-01 07:00:01.336 I/heimdall( 1087): update_proc_tgid:420, put (267) in root memcg
01-01 07:00:01.337 I/heimdall( 1087): update_proc_tgid:420, put (268) in root memcg
01-01 07:00:01.337 I/heimdall( 1087): update_proc_tgid:420, put (269) in root memcg
01-01 07:00:01.337 I/heimdall( 1087): update_proc_tgid:420, put (270) in root memcg
01-01 07:00:01.337 I/heimdall( 1087): update_proc_tgid:420, put (271) in root memcg
01-01 07:00:01.337 I/heimdall( 1087): update_proc_tgid:420, put (272) in root memcg
01-01 07:00:01.337 I/heimdall( 1087): update_proc_tgid:420, put (273) in root memcg
01-01 07:00:01.337 I/FastMixerState( 1092): sMaxFastTracks = 8
01-01 07:00:01.337 I/heimdall( 1087): update_proc_tgid:420, put (294) in root memcg
01-01 07:00:01.337 I/heimdall( 1087): update_proc_tgid:420, put (295) in root memcg
01-01 07:00:01.337 I/heimdall( 1087): update_proc_tgid:420, put (296) in root memcg
01-01 07:00:01.337 I/heimdall( 1087): update_proc_tgid:420, put (297) in root memcg
01-01 07:00:01.337 I/heimdall( 1087): update_proc_tgid:420, put (298) in root memcg
01-01 07:00:01.337 I/heimdall( 1087): update_proc_tgid:420, put (299) in root memcg
01-01 07:00:01.337 I/heimdall( 1087): update_proc_tgid:420, put (300) in root memcg
01-01 07:00:01.337 I/heimdall( 1087): update_proc_tgid:420, put (301) in root memcg
01-01 07:00:01.337 I/heimdall( 1087): update_proc_tgid:420, put (302) in root memcg
01-01 07:00:01.337 I/heimdall( 1087): update_proc_tgid:420, put (303) in root memcg
01-01 07:00:01.337 I/heimdall( 1087): update_proc_tgid:420, put (304) in root memcg
01-01 07:00:01.337 E/sscrpcd ( 704):
vendor/qcom/proprietary/commonsys-intf/adsprpc/src/apps_std_imp.c:596:Error
0xffffffff: apps_std getenv failed: ADSP_LIBRARY_PATH Unknown error -1
01-01 07:00:01.337 I/heimdall( 1087): update_proc_tgid:420, put (305) in root memcg
01-01 07:00:01.337 I/heimdall( 1087): update_proc_tgid:420, put (306) in root memcg
01-01 07:00:01.337 I/heimdall( 1087): update_proc_tgid:420, put (307) in root memcg
01-01 07:00:01.337 I/heimdall( 1087): update_proc_tgid:420, put (308) in root memcg
01-01 07:00:01.337 I/heimdall( 1087): update_proc_tgid:420, put (309) in root memcg
01-01 07:00:01.337 I/heimdall( 1087): update_proc_tgid:420, put (310) in root memcg
01-01 07:00:01.337 I/heimdall( 1087): update_proc_tgid:420, put (311) in root memcg
01-01 07:00:01.337 I/heimdall( 1087): update_proc_tgid:420, put (312) in root memcg
01-01 07:00:01.337 I/heimdall( 1087): update_proc_tgid:420, put (313) in root memcg
01-01 07:00:01.337 I/heimdall( 1087): update_proc_tgid:420, put (314) in root memcg
01-01 07:00:01.337 I/heimdall( 1087): update_proc_tgid:420, put (315) in root memcg
01-01 07:00:01.337 I/heimdall( 1087): update_proc_tgid:420, put (316) in root memcg
01-01 07:00:01.337 I/sscrpcd ( 704):
vendor/qcom/proprietary/commonsys-intf/adsprpc/src/apps_std_imp.c:777: Successfully
opened file /mnt/vendor/persist/sensors/registry/registry/sns_gyro_cal_persist_s0
01-01 07:00:01.337 I/heimdall( 1087): update_proc_tgid:420, put (317) in root memcg
01-01 07:00:01.337 I/heimdall( 1087): update_proc_tgid:420, put (318) in root memcg
01-01 07:00:01.337 I/heimdall( 1087): update_proc_tgid:420, put (319) in root memcg
01-01 07:00:01.337 I/heimdall( 1087): update_proc_tgid:420, put (320) in root memcg
01-01 07:00:01.337 I/heimdall( 1087): update_proc_tgid:420, put (321) in root memcg
01-01 07:00:01.337 I/heimdall( 1087): update_proc_tgid:420, put (322) in root memcg
01-01 07:00:01.337 I/heimdall( 1087): update_proc_tgid:420, put (323) in root memcg
01-01 07:00:01.337 I/heimdall( 1087): update_proc_tgid:420, put (324) in root memcg
01-01 07:00:01.337 I/heimdall( 1087): update_proc_tgid:420, put (325) in root memcg
01-01 07:00:01.337 I/heimdall( 1087): update_proc_tgid:420, put (326) in root memcg
01-01 07:00:01.337 I/heimdall( 1087): update_proc_tgid:420, put (327) in root memcg
01-01 07:00:01.337 I/heimdall( 1087): update_proc_tgid:420, put (328) in root memcg
01-01 07:00:01.337 I/heimdall( 1087): update_proc_tgid:420, put (329) in root memcg
01-01 07:00:01.337 E/sscrpcd ( 704):
vendor/qcom/proprietary/commonsys-intf/adsprpc/src/apps_std_imp.c:596:Error
0xffffffff: apps_std getenv failed: ADSP_LIBRARY_PATH Unknown error -1
01-01 07:00:01.337 I/heimdall( 1087): update_proc_tgid:420, put (330) in root memcg
01-01 07:00:01.337 I/heimdall( 1087): update_proc_tgid:420, put (331) in root memcg
01-01 07:00:01.337 I/sscrpcd ( 704):
vendor/qcom/proprietary/commonsys-intf/adsprpc/src/apps_std_imp.c:777: Successfully
opened file /mnt/vendor/persist/sensors/registry/registry/sns_gyro_cal_persist_s0
01-01 07:00:01.337 I/heimdall( 1087): update_proc_tgid:420, put (332) in root memcg
01-01 07:00:01.337 I/heimdall( 1087): update_proc_tgid:420, put (333) in root memcg
01-01 07:00:01.337 I/heimdall( 1087): update_proc_tgid:420, put (334) in root memcg
01-01 07:00:01.337 I/heimdall( 1087): update_proc_tgid:420, put (335) in root memcg
01-01 07:00:01.337 I/heimdall( 1087): update_proc_tgid:420, put (336) in root memcg
01-01 07:00:01.337 I/heimdall( 1087): update_proc_tgid:420, put (337) in root memcg
01-01 07:00:01.337 I/heimdall( 1087): update_proc_tgid:420, put (338) in root memcg
01-01 07:00:01.337 I/heimdall( 1087): update_proc_tgid:420, put (339) in root memcg
01-01 07:00:01.337 I/heimdall( 1087): update_proc_tgid:420, put (340) in root memcg
01-01 07:00:01.337 I/heimdall( 1087): update_proc_tgid:420, put (341) in root memcg
01-01 07:00:01.337 I/heimdall( 1087): update_proc_tgid:420, put (342) in root memcg
01-01 07:00:01.337 I/heimdall( 1087): update_proc_tgid:420, put (343) in root memcg
01-01 07:00:01.337 I/heimdall( 1087): update_proc_tgid:420, put (344) in root memcg
01-01 07:00:01.338 I/heimdall( 1087): update_proc_tgid:420, put (345) in root memcg
01-01 07:00:01.338 I/heimdall( 1087): update_proc_tgid:420, put (346) in root memcg
01-01 07:00:01.338 I/heimdall( 1087): update_proc_tgid:420, put (347) in root memcg
01-01 07:00:01.338 I/heimdall( 1087): update_proc_tgid:420, put (348) in root memcg
01-01 07:00:01.338 I/heimdall( 1087): update_proc_tgid:420, put (349) in root memcg
01-01 07:00:01.338 I/heimdall( 1087): update_proc_tgid:420, put (350) in root memcg
01-01 07:00:01.338 I/heimdall( 1087): update_proc_tgid:420, put (351) in root memcg
01-01 07:00:01.338 I/heimdall( 1087): update_proc_tgid:420, put (352) in root memcg
01-01 07:00:01.338 I/heimdall( 1087): update_proc_tgid:420, put (353) in root memcg
01-01 07:00:01.338 I/heimdall( 1087): update_proc_tgid:420, put (354) in root memcg
01-01 07:00:01.338 I/heimdall( 1087): update_proc_tgid:420, put (355) in root memcg
01-01 07:00:01.338 I/heimdall( 1087): update_proc_tgid:420, put (356) in root memcg
01-01 07:00:01.338 I/heimdall( 1087): update_proc_tgid:420, put (357) in root memcg
01-01 07:00:01.338 I/heimdall( 1087): update_proc_tgid:420, put (358) in root memcg
01-01 07:00:01.338 I/heimdall( 1087): update_proc_tgid:420, put (359) in root memcg
01-01 07:00:01.338 I/heimdall( 1087): update_proc_tgid:420, put (360) in root memcg
01-01 07:00:01.338 I/heimdall( 1087): update_proc_tgid:420, put (361) in root memcg
01-01 07:00:01.338 I/heimdall( 1087): update_proc_tgid:420, put (362) in root memcg
01-01 07:00:01.338 I/heimdall( 1087): update_proc_tgid:420, put (363) in root memcg
01-01 07:00:01.338 I/heimdall( 1087): update_proc_tgid:420, put (364) in root memcg
01-01 07:00:01.338 I/heimdall( 1087): update_proc_tgid:420, put (365) in root memcg
01-01 07:00:01.338 I/heimdall( 1087): update_proc_tgid:420, put (366) in root memcg
01-01 07:00:01.338 I/heimdall( 1087): update_proc_tgid:420, put (367) in root memcg
01-01 07:00:01.338 I/heimdall( 1087): update_proc_tgid:420, put (368) in root memcg
01-01 07:00:01.338 I/heimdall( 1087): update_proc_tgid:420, put (369) in root memcg
01-01 07:00:01.338 I/heimdall( 1087): update_proc_tgid:420, put (370) in root memcg
01-01 07:00:01.338 I/heimdall( 1087): update_proc_tgid:420, put (371) in root memcg
01-01 07:00:01.338 I/heimdall( 1087): update_proc_tgid:420, put (372) in root memcg
01-01 07:00:01.338 I/heimdall( 1087): update_proc_tgid:420, put (373) in root memcg
01-01 07:00:01.338 I/heimdall( 1087): update_proc_tgid:420, put (374) in root memcg
01-01 07:00:01.338 I/heimdall( 1087): update_proc_tgid:420, put (375) in root memcg
01-01 07:00:01.338 I/heimdall( 1087): update_proc_tgid:420, put (376) in root memcg
01-01 07:00:01.338 I/heimdall( 1087): update_proc_tgid:420, put (377) in root memcg
01-01 07:00:01.338 I/heimdall( 1087): update_proc_tgid:420, put (378) in root memcg
01-01 07:00:01.338 I/heimdall( 1087): update_proc_tgid:420, put (379) in root memcg
01-01 07:00:01.338 I/heimdall( 1087): update_proc_tgid:420, put (380) in root memcg
01-01 07:00:01.338 I/heimdall( 1087): update_proc_tgid:420, put (381) in root memcg
01-01 07:00:01.338 I/heimdall( 1087): update_proc_tgid:420, put (382) in root memcg
01-01 07:00:01.338 I/heimdall( 1087): update_proc_tgid:420, put (383) in root memcg
01-01 07:00:01.338 I/heimdall( 1087): update_proc_tgid:420, put (384) in root memcg
01-01 07:00:01.338 I/heimdall( 1087): update_proc_tgid:420, put (385) in root memcg
01-01 07:00:01.338 I/heimdall( 1087): update_proc_tgid:420, put (386) in root memcg
01-01 07:00:01.338 I/heimdall( 1087): update_proc_tgid:420, put (387) in root memcg
01-01 07:00:01.338 I/heimdall( 1087): update_proc_tgid:420, put (388) in root memcg
01-01 07:00:01.338 I/heimdall( 1087): update_proc_tgid:420, put (389) in root memcg
01-01 07:00:01.338 I/heimdall( 1087): update_proc_tgid:420, put (390) in root memcg
01-01 07:00:01.338 I/heimdall( 1087): update_proc_tgid:420, put (391) in root memcg
01-01 07:00:01.338 I/heimdall( 1087): update_proc_tgid:420, put (392) in root memcg
01-01 07:00:01.338 I/heimdall( 1087): update_proc_tgid:420, put (393) in root memcg
01-01 07:00:01.338 I/heimdall( 1087): update_proc_tgid:420, put (394) in root memcg
01-01 07:00:01.338 I/heimdall( 1087): update_proc_tgid:420, put (395) in root memcg
01-01 07:00:01.338 I/heimdall( 1087): update_proc_tgid:420, put (396) in root memcg
01-01 07:00:01.338 I/heimdall( 1087): update_proc_tgid:420, put (397) in root memcg
01-01 07:00:01.338 I/heimdall( 1087): update_proc_tgid:420, put (398) in root memcg
01-01 07:00:01.338 I/heimdall( 1087): update_proc_tgid:420, put (399) in root memcg
01-01 07:00:01.338 I/heimdall( 1087): update_proc_tgid:420, put (400) in root memcg
01-01 07:00:01.338 I/heimdall( 1087): update_proc_tgid:420, put (401) in root memcg
01-01 07:00:01.338 I/heimdall( 1087): update_proc_tgid:420, put (402) in root memcg
01-01 07:00:01.338 I/heimdall( 1087): update_proc_tgid:420, put (403) in root memcg
01-01 07:00:01.338 I/heimdall( 1087): update_proc_tgid:420, put (404) in root memcg
01-01 07:00:01.338 I/heimdall( 1087): update_proc_tgid:420, put (405) in root memcg
01-01 07:00:01.338 I/heimdall( 1087): update_proc_tgid:420, put (406) in root memcg
01-01 07:00:01.338 I/heimdall( 1087): update_proc_tgid:420, put (407) in root memcg
01-01 07:00:01.339 I/heimdall( 1087): update_proc_tgid:420, put (408) in root memcg
01-01 07:00:01.339 E/sscrpcd ( 704):
vendor/qcom/proprietary/commonsys-intf/adsprpc/src/apps_std_imp.c:596:Error
0xffffffff: apps_std getenv failed: ADSP_LIBRARY_PATH Unknown error -1
01-01 07:00:01.339 I/heimdall( 1087): update_proc_tgid:420, put (409) in root memcg
01-01 07:00:01.339 I/heimdall( 1087): update_proc_tgid:420, put (410) in root memcg
01-01 07:00:01.339 I/heimdall( 1087): update_proc_tgid:420, put (411) in root memcg
01-01 07:00:01.339 I/sscrpcd ( 704):
vendor/qcom/proprietary/commonsys-intf/adsprpc/src/apps_std_imp.c:777: Successfully
opened file
/mnt/vendor/persist/sensors/registry/registry/default_sensors.sensor_temperature.at
tr_1
01-01 07:00:01.339 I/heimdall( 1087): update_proc_tgid:420, put (412) in root memcg
01-01 07:00:01.339 I/heimdall( 1087): update_proc_tgid:420, put (413) in root memcg
01-01 07:00:01.339 I/heimdall( 1087): update_proc_tgid:420, put (414) in root memcg
01-01 07:00:01.339 I/heimdall( 1087): update_proc_tgid:420, put (415) in root memcg
01-01 07:00:01.339 I/heimdall( 1087): update_proc_tgid:420, put (420) in root memcg
01-01 07:00:01.339 I/heimdall( 1087): update_proc_tgid:420, put (421) in root memcg
01-01 07:00:01.339 I/heimdall( 1087): update_proc_tgid:420, put (422) in root memcg
01-01 07:00:01.339 I/heimdall( 1087): update_proc_tgid:420, put (423) in root memcg
01-01 07:00:01.339 I/heimdall( 1087): update_proc_tgid:420, put (456) in root memcg
01-01 07:00:01.339 I/heimdall( 1087): update_proc_tgid:420, put (457) in root memcg
01-01 07:00:01.339 I/heimdall( 1087): update_proc_tgid:420, put (458) in root memcg
01-01 07:00:01.339 I/heimdall( 1087): update_proc_tgid:420, put (459) in root memcg
01-01 07:00:01.339 I/heimdall( 1087): update_proc_tgid:420, put (460) in root memcg
01-01 07:00:01.339 I/heimdall( 1087): update_proc_tgid:420, put (461) in root memcg
01-01 07:00:01.339 E/sscrpcd ( 704):
vendor/qcom/proprietary/commonsys-intf/adsprpc/src/apps_std_imp.c:596:Error
0xffffffff: apps_std getenv failed: ADSP_LIBRARY_PATH Unknown error -1
01-01 07:00:01.339 I/heimdall( 1087): update_proc_tgid:420, put (462) in root memcg
01-01 07:00:01.339 I/sscrpcd ( 704):
vendor/qcom/proprietary/commonsys-intf/adsprpc/src/apps_std_imp.c:777: Successfully
opened file
/mnt/vendor/persist/sensors/registry/registry/default_sensors.sensor_temperature.at
tr_1
01-01 07:00:01.339 I/heimdall( 1087): update_proc_tgid:420, put (463) in root memcg
01-01 07:00:01.339 I/heimdall( 1087): update_proc_tgid:420, put (464) in root memcg
01-01 07:00:01.339 I/heimdall( 1087): update_proc_tgid:420, put (465) in root memcg
01-01 07:00:01.339 I/heimdall( 1087): update_proc_tgid:420, put (466) in root memcg
01-01 07:00:01.339 I/heimdall( 1087): update_proc_tgid:420, put (467) in root memcg
01-01 07:00:01.339 I/heimdall( 1087): update_proc_tgid:420, put (468) in root memcg
01-01 07:00:01.339 I/heimdall( 1087): update_proc_tgid:420, put (469) in root memcg
01-01 07:00:01.339 I/heimdall( 1087): update_proc_tgid:420, put (470) in root memcg
01-01 07:00:01.339 I/heimdall( 1087): update_proc_tgid:420, put (471) in root memcg
01-01 07:00:01.339 I/heimdall( 1087): update_proc_tgid:420, put (472) in root memcg
01-01 07:00:01.339 I/heimdall( 1087): update_proc_tgid:420, put (473) in root memcg
01-01 07:00:01.339 I/heimdall( 1087): update_proc_tgid:420, put (474) in root memcg
01-01 07:00:01.339 I/heimdall( 1087): update_proc_tgid:420, put (475) in root memcg
01-01 07:00:01.339 I/heimdall( 1087): update_proc_tgid:420, put (476) in root memcg
01-01 07:00:01.339 I/heimdall( 1087): update_proc_tgid:420, put (477) in root memcg
01-01 07:00:01.339 I/heimdall( 1087): update_proc_tgid:420, put (478) in root memcg
01-01 07:00:01.339 I/heimdall( 1087): update_proc_tgid:420, put (479) in root memcg
01-01 07:00:01.339 I/heimdall( 1087): update_proc_tgid:420, put (480) in root memcg
01-01 07:00:01.339 I/heimdall( 1087): update_proc_tgid:420, put (481) in root memcg
01-01 07:00:01.339 I/heimdall( 1087): update_proc_tgid:420, put (482) in root memcg
01-01 07:00:01.339 I/heimdall( 1087): update_proc_tgid:420, put (483) in root memcg
01-01 07:00:01.339 I/heimdall( 1087): update_proc_tgid:420, put (484) in root memcg
01-01 07:00:01.339 I/heimdall( 1087): update_proc_tgid:420, put (485) in root memcg
01-01 07:00:01.339 I/heimdall( 1087): update_proc_tgid:420, put (486) in root memcg
01-01 07:00:01.339 I/heimdall( 1087): update_proc_tgid:420, put (487) in root memcg
01-01 07:00:01.339 I/heimdall( 1087): update_proc_tgid:420, put (488) in root memcg
01-01 07:00:01.339 I/heimdall( 1087): update_proc_tgid:420, put (489) in root memcg
01-01 07:00:01.339 I/heimdall( 1087): update_proc_tgid:420, put (490) in root memcg
01-01 07:00:01.339 I/heimdall( 1087): update_proc_tgid:420, put (491) in root memcg
01-01 07:00:01.339 I/heimdall( 1087): update_proc_tgid:420, put (492) in root memcg
01-01 07:00:01.339 I/heimdall( 1087): update_proc_tgid:420, put (493) in root memcg
01-01 07:00:01.339 I/heimdall( 1087): update_proc_tgid:420, put (494) in root memcg
01-01 07:00:01.339 I/heimdall( 1087): update_proc_tgid:420, put (495) in root memcg
01-01 07:00:01.339 I/heimdall( 1087): update_proc_tgid:420, put (496) in root memcg
01-01 07:00:01.339 I/heimdall( 1087): update_proc_tgid:420, put (497) in root memcg
01-01 07:00:01.339 I/heimdall( 1087): update_proc_tgid:420, put (498) in root memcg
01-01 07:00:01.340 I/heimdall( 1087): update_proc_tgid:420, put (499) in root memcg
01-01 07:00:01.340 I/heimdall( 1087): update_proc_tgid:420, put (500) in root memcg
01-01 07:00:01.340 I/heimdall( 1087): update_proc_tgid:420, put (501) in root memcg
01-01 07:00:01.340 I/heimdall( 1087): update_proc_tgid:420, put (502) in root memcg
01-01 07:00:01.340 I/heimdall( 1087): update_proc_tgid:420, put (503) in root memcg
01-01 07:00:01.340 I/heimdall( 1087): update_proc_tgid:420, put (504) in root memcg
01-01 07:00:01.340 I/heimdall( 1087): update_proc_tgid:420, put (505) in root memcg
01-01 07:00:01.340 I/heimdall( 1087): update_proc_tgid:420, put (506) in root memcg
01-01 07:00:01.340 I/heimdall( 1087): update_proc_tgid:420, put (507) in root memcg
01-01 07:00:01.340 I/heimdall( 1087): update_proc_tgid:420, put (508) in root memcg
01-01 07:00:01.340 I/heimdall( 1087): update_proc_tgid:420, put (509) in root memcg
01-01 07:00:01.340 I/heimdall( 1087): update_proc_tgid:420, put (510) in root memcg
01-01 07:00:01.340 I/heimdall( 1087): update_proc_tgid:420, put (511) in root memcg
01-01 07:00:01.340 I/heimdall( 1087): update_proc_tgid:420, put (512) in root memcg
01-01 07:00:01.340 I/heimdall( 1087): update_proc_tgid:420, put (513) in root memcg
01-01 07:00:01.340 I/heimdall( 1087): update_proc_tgid:420, put (514) in root memcg
01-01 07:00:01.340 I/heimdall( 1087): update_proc_tgid:420, put (515) in root memcg
01-01 07:00:01.340 I/heimdall( 1087): update_proc_tgid:420, put (516) in root memcg
01-01 07:00:01.340 I/heimdall( 1087): update_proc_tgid:420, put (517) in root memcg
01-01 07:00:01.340 E/sscrpcd ( 704):
vendor/qcom/proprietary/commonsys-intf/adsprpc/src/apps_std_imp.c:596:Error
0xffffffff: apps_std getenv failed: ADSP_LIBRARY_PATH Unknown error -1
01-01 07:00:01.340 I/heimdall( 1087): update_proc_tgid:420, put (518) in root memcg
01-01 07:00:01.340 I/heimdall( 1087): update_proc_tgid:420, put (519) in root memcg
01-01 07:00:01.340 I/heimdall( 1087): update_proc_tgid:420, put (520) in root memcg
01-01 07:00:01.340 I/sscrpcd ( 704):
vendor/qcom/proprietary/commonsys-intf/adsprpc/src/apps_std_imp.c:777: Successfully
opened file /mnt/vendor/persist/sensors/registry/registry/ak0991x_0
01-01 07:00:01.340 I/heimdall( 1087): update_proc_tgid:420, put (521) in root memcg
01-01 07:00:01.340 I/heimdall( 1087): update_proc_tgid:420, put (522) in root memcg
01-01 07:00:01.340 I/heimdall( 1087): update_proc_tgid:420, put (523) in root memcg
01-01 07:00:01.340 I/heimdall( 1087): update_proc_tgid:420, put (524) in root memcg
01-01 07:00:01.340 I/heimdall( 1087): update_proc_tgid:420, put (525) in root memcg
01-01 07:00:01.340 I/heimdall( 1087): update_proc_tgid:420, put (526) in root memcg
01-01 07:00:01.340 I/heimdall( 1087): update_proc_tgid:420, put (527) in root memcg
01-01 07:00:01.340 I/heimdall( 1087): update_proc_tgid:420, put (528) in root memcg
01-01 07:00:01.340 I/heimdall( 1087): update_proc_tgid:420, put (529) in root memcg
01-01 07:00:01.340 I/heimdall( 1087): update_proc_tgid:420, put (530) in root memcg
01-01 07:00:01.340 I/heimdall( 1087): update_proc_tgid:420, put (531) in root memcg
01-01 07:00:01.340 I/heimdall( 1087): update_proc_tgid:420, put (532) in root memcg
01-01 07:00:01.340 I/heimdall( 1087): update_proc_tgid:420, put (533) in root memcg
01-01 07:00:01.340 I/heimdall( 1087): update_proc_tgid:420, put (534) in root memcg
01-01 07:00:01.340 I/heimdall( 1087): update_proc_tgid:420, put (535) in root memcg
01-01 07:00:01.340 I/heimdall( 1087): update_proc_tgid:420, put (536) in root memcg
01-01 07:00:01.340 E/sscrpcd ( 704):
vendor/qcom/proprietary/commonsys-intf/adsprpc/src/apps_std_imp.c:596:Error
0xffffffff: apps_std getenv failed: ADSP_LIBRARY_PATH Unknown error -1
01-01 07:00:01.340 I/heimdall( 1087): update_proc_tgid:420, put (537) in root memcg
01-01 07:00:01.340 I/sscrpcd ( 704):
vendor/qcom/proprietary/commonsys-intf/adsprpc/src/apps_std_imp.c:777: Successfully
opened file /mnt/vendor/persist/sensors/registry/registry/ak0991x_0
01-01 07:00:01.340 I/heimdall( 1087): update_proc_tgid:420, put (538) in root memcg
01-01 07:00:01.340 I/heimdall( 1087): update_proc_tgid:420, put (540) in root memcg
01-01 07:00:01.340 I/heimdall( 1087): update_proc_tgid:420, put (541) in root memcg
01-01 07:00:01.340 I/heimdall( 1087): update_proc_tgid:420, put (542) in root memcg
01-01 07:00:01.340 I/heimdall( 1087): update_proc_tgid:420, put (544) in root memcg
01-01 07:00:01.340 I/heimdall( 1087): update_proc_tgid:420, put (545) in root memcg
01-01 07:00:01.340 I/heimdall( 1087): update_proc_tgid:420, put (546) in root memcg
01-01 07:00:01.340 I/heimdall( 1087): update_proc_tgid:420, put (547) in root memcg
01-01 07:00:01.340 I/heimdall( 1087): update_proc_tgid:420, put (548) in root memcg
01-01 07:00:01.341 I/heimdall( 1087): update_proc_tgid:420, put
/system/bin/init(550) in root memcg
01-01 07:00:01.341 I/heimdall( 1087): update_proc_tgid:420, put
/system/bin/ueventd(552) in root memcg
01-01 07:00:01.341 I/heimdall( 1087): update_proc_tgid:420, put (567) in root memcg
01-01 07:00:01.341 I/heimdall( 1087): update_proc_tgid:420, put (568) in root memcg
01-01 07:00:01.341 I/heimdall( 1087): update_proc_tgid:420, put (569) in root memcg
01-01 07:00:01.341 I/heimdall( 1087): update_proc_tgid:420, put (570) in root memcg
01-01 07:00:01.341 I/heimdall( 1087): update_proc_tgid:420, put (571) in root memcg
01-01 07:00:01.341 I/heimdall( 1087): update_proc_tgid:420, put (572) in root memcg
01-01 07:00:01.341 I/heimdall( 1087): update_proc_tgid:420, put (573) in root memcg
01-01 07:00:01.341 I/heimdall( 1087): update_proc_tgid:420, put (574) in root memcg
01-01 07:00:01.341 I/heimdall( 1087): update_proc_tgid:420, put (575) in root memcg
01-01 07:00:01.341 I/heimdall( 1087): update_proc_tgid:420, put (576) in root memcg
01-01 07:00:01.341 I/heimdall( 1087): update_proc_tgid:420, put
/system/bin/logd(596) in root memcg
01-01 07:00:01.341 I/heimdall( 1087): update_proc_tgid:420, put
/system/bin/lmkd(597) in root memcg
01-01 07:00:01.341 I/heimdall( 1087): update_proc_tgid:420, put
/system/bin/servicemanager(598) in root memcg
01-01 07:00:01.341 I/heimdall( 1087): update_proc_tgid:420, put
/system/bin/hwservicemanager(599) in root memcg
01-01 07:00:01.341 I/heimdall( 1087): update_proc_tgid:420, put
/vendor/bin/vndservicemanager(600) in root memcg
01-01 07:00:01.341 I/heimdall( 1087): update_proc_tgid:420, put (601) in root memcg
01-01 07:00:01.341 I/heimdall( 1087): update_proc_tgid:420, put
/vendor/bin/hw/[email protected](610) in root
memcg
01-01 07:00:01.341 I/heimdall( 1087): update_proc_tgid:420, put
/vendor/bin/qseecomd(611) in root memcg
01-01 07:00:01.341 I/heimdall( 1087): update_proc_tgid:420, put
/vendor/bin/hw/[email protected](612) in root memcg
01-01 07:00:01.341 I/heimdall( 1087): update_proc_tgid:420, put
/system/bin/vold(613) in root memcg
01-01 07:00:01.341 I/heimdall( 1087): update_proc_tgid:420, put (619) in root memcg
01-01 07:00:01.341 I/heimdall( 1087): update_proc_tgid:420, put (620) in root memcg
01-01 07:00:01.341 I/heimdall( 1087): update_proc_tgid:420, put (625) in root memcg
01-01 07:00:01.341 I/heimdall( 1087): update_proc_tgid:420, put (626) in root memcg
01-01 07:00:01.341 I/heimdall( 1087): update_proc_tgid:420, put (631) in root memcg
01-01 07:00:01.341 I/heimdall( 1087): update_proc_tgid:420, put (632) in root memcg
