02-03 23:27:52.709 13852 13852 W System.err: at android.os.Looper.loop(Looper.java:264)
02-03 23:27:52.709 13852 13852 W System.err: at android.app.ActivityThread.main(ActivityThread.java:8315)
02-03 23:27:52.709 13852 13852 W System.err: at java.lang.reflect.Method.invoke(Native Method)
02-03 23:27:52.709 13852 13852 W System.err: at com.android.internal.os.RuntimeInit$MethodAndArgsCaller.run(RuntimeInit.java:632)
02-03 23:27:52.709 13852 13852 W System.err: at com.android.internal.os.ZygoteInit.main(ZygoteInit.java:1049)
02-03 23:27:52.748 13852 13852 E CustomActivityOnCrash: IMPORTANT WARNING! You already have an UncaughtExceptionHandler, are you sure this is correct? If you use a custom UncaughtExceptionHandler, you must initialize it AFTER CustomActivityOnCrash! Installing anyway, but your original handler will not be called.
02-03 23:27:53.384 13852 13852 W com.whatsapp: Accessing hidden method Lcom/android/org/conscrypt/OpenSSLSocketImpl;->setUseSessionTickets(Z)V (greylist- max-q,test-api, reflection, denied)
02-03 23:27:53.385 13852 13852 W com.whatsapp: Accessing hidden method Lcom/android/org/conscrypt/AbstractConscryptSocket;->setUseSessionTickets(Z)V (greylist-max-q, reflection, denied)
02-03 23:27:53.469 13852 13852 W linker : Warning: "/data/data/com.whatsapp/files/decompressed/libs.spk.zst/libc++_shared.so" unused DT entry: unknown processor-specific (type 0x70000001 arg 0x0) (ignoring)
02-03 23:27:53.732 13852 13940 W com.whatsapp: Class X.2rL failed lock verification and will run slower.
02-03 23:27:53.732 13852 13940 W com.whatsapp: Common causes for lock verification issues are non-optimized dex code
02-03 23:27:53.732 13852 13940 W com.whatsapp: and incorrect proguard optimizations.
02-03 23:27:54.035 13852 13962 W System : ClassLoader referenced unknown path: system/framework/mediatek-cta.jar
02-03 23:27:54.227 13852 13948 E CheckPermission: _bluetooth code = 1
02-03 23:27:54.229 13852 13948 E CheckPermission: _bluetooth code = 3
02-03 23:27:54.232 13852 13948 E CheckPermission: _bluetooth code = 11 --------- beginning of main
02-04 00:09:33.341 30496 30496 E com.whatsapp: Unknown bits set in runtime_flags: 0x40000000
02-04 00:09:33.356 30496 30496 E com.whatsapp: Not starting debugger since process cannot load the jdwp agent.
02-04 00:09:33.391 30496 30496 E RefClass: java.lang.reflect.InvocationTargetException
02-04 00:09:33.911 30496 30496 E libc : Access denied finding property "ro.odm.prev.product.name"
02-04 00:09:35.323 30496 30496 W System.err: java.lang.ClassNotFoundException: mbmodsd.mbmodsw.ui.views.btn.BtnBK
02-04 00:09:35.324 30496 30496 W System.err: at java.lang.Runtime.nativeLoad(Native Method)
02-04 00:09:35.324 30496 30496 W System.err: at java.lang.Runtime.nativeLoad(Runtime.java:1131)
02-04 00:09:35.324 30496 30496 W System.err: at java.lang.Runtime.loadLibrary0(Runtime.java:1085)
02-04 00:09:35.324 30496 30496 W System.err: at java.lang.Runtime.loadLibrary0(Runtime.java:1008)
02-04 00:09:35.324 30496 30496 W System.err: at java.lang.System.loadLibrary(System.java:1664)
02-04 00:09:35.324 30496 30496 W System.err: at arm.EpicVm.<clinit>(Unknown Source:2)
02-04 00:09:35.325 30496 30496 W System.err: at java.lang.Class.newInstance(Native Method)
02-04 00:09:35.325 30496 30496 W System.err: at android.app.AppComponentFactory.instantiateApplication(AppComponentFactory.java:76)
02-04 00:09:35.325 30496 30496 W System.err: at androidx.core.app.CoreComponentFactory.instantiateApplication(Unknown Source:0)
02-04 00:09:35.334 30496 30496 W System.err: at android.app.Instrumentation.newApplication(Instrumentation.java:1158)
02-04 00:09:35.334 30496 30496 W System.err: at android.app.LoadedApk.makeApplication(LoadedApk.java:1324)
02-04 00:09:35.335 30496 30496 W System.err: at android.app.ActivityThread.handleBindApplication(ActivityThread.java:7272)
02-04 00:09:35.335 30496 30496 W System.err: at android.app.ActivityThread.access$1700(ActivityThread.java:309)
02-04 00:09:35.335 30496 30496 W System.err: at android.app.ActivityThread$H.handleMessage(ActivityThread.java:2194)
02-04 00:09:35.335 30496 30496 W System.err: at android.os.Handler.dispatchMessage(Handler.java:106)
02-04 00:09:35.335 30496 30496 W System.err: at android.os.Looper.loop(Looper.java:264)
02-04 00:09:35.335 30496 30496 W System.err: at android.app.ActivityThread.main(ActivityThread.java:8315)
02-04 00:09:35.335 30496 30496 W System.err: at java.lang.reflect.Method.invoke(Native Method)
02-04 00:09:35.335 30496 30496 W System.err: at com.android.internal.os.RuntimeInit$MethodAndArgsCaller.run(RuntimeInit.java:632)
02-04 00:09:35.335 30496 30496 W System.err: at com.android.internal.os.ZygoteInit.main(ZygoteInit.java:1049)
02-04 00:09:35.537 30496 30496 E CustomActivityOnCrash: IMPORTANT WARNING! You already have an UncaughtExceptionHandler, are you sure this is correct? If you use a custom UncaughtExceptionHandler, you must initialize it AFTER CustomActivityOnCrash! Installing anyway, but your original handler will not be called.
02-04 00:09:39.822 30496 30496 W com.whatsapp: Accessing hidden method Lcom/android/org/conscrypt/OpenSSLSocketImpl;->setUseSessionTickets(Z)V (greylist- max-q,test-api, reflection, denied)
02-04 00:09:39.822 30496 30496 W com.whatsapp: Accessing hidden method Lcom/android/org/conscrypt/AbstractConscryptSocket;->setUseSessionTickets(Z)V (greylist-max-q, reflection, denied)
02-04 00:09:40.423 30496 30496 W linker : Warning: "/data/data/com.whatsapp/files/decompressed/libs.spk.zst/libc++_shared.so" unused DT entry: unknown processor-specific (type 0x70000001 arg 0x0) (ignoring)
02-04 00:09:42.120 30496 30496 E ANR_LOG : >>> msg's executing time is too long
02-04 00:09:42.121 30496 30496 E ANR_LOG : Blocked msg = { when=-8s615ms what=110 target=android.app.ActivityThread$H obj=AppBindData{appInfo=ApplicationInfo{eeb7815 com.whatsapp}} } , cost = 8522 ms
02-04 00:09:42.121 30496 30496 E ANR_LOG : >>>Current msg List is:
02-04 00:09:42.121 30496 30496 E ANR_LOG : Current msg <1> = { when=-8s565ms what=114 target=android.app.ActivityThread$H obj=CreateServiceData{token=android.os.BinderProxy@e16b72a className=com.whatsapp.messaging.MessageService packageName=com.whatsapp intent=null} }
02-04 00:09:42.121 30496 30496 E ANR_LOG : Current msg <2> = { when=-8s565ms what=115 target=android.app.ActivityThread$H obj=ServiceArgsData{token=android.os.BinderProxy@e16b72a startId=56 args=null} }
02-04 00:09:42.121 30496 30496 E ANR_LOG : Current msg <3> = { when=-8s529ms what=0 target=android.app.ActivityThread$H callback=com.android.internal.util.function.pooled.PooledLambdaImpl }
02-04 00:09:42.121 30496 30496 E ANR_LOG : Current msg <4> = { when=-8s527ms what=9999 target=android.app.ActivityThread$H }
02-04 00:09:42.121 30496 30496 E ANR_LOG : Current msg <5> = { when=-6s672ms what=0 target=android.app.ActivityThread$H callback=com.android.internal.util.function.pooled.PooledLambdaImpl }
02-04 00:09:42.121 30496 30496 E ANR_LOG : Current msg <6> = { when=-6s4ms what=0 target=android.app.ActivityThread$H callback=android.app.-$ $Lambda$LoadedApk$ReceiverDispatcher$Args$_BumDX2UKsnxLVrE6UJsJZkotuA }
02-04 00:09:42.121 30496 30496 E ANR_LOG : Current msg <7> = { when=-5s783ms what=0 target=android.app.ActivityThread$H callback=com.android.internal.util.function.pooled.PooledLambdaImpl }
02-04 00:09:42.121 30496 30496 E ANR_LOG : Current msg <8> = { when=-3s435ms what=0 target=android.app.ActivityThread$H callback=android.app.-$ $Lambda$LoadedApk$ReceiverDispatcher$Args$_BumDX2UKsnxLVrE6UJsJZkotuA }
02-04 00:09:42.121 30496 30496 E ANR_LOG : Current msg <9> = { when=-20ms what=0 target=android.app.ActivityThread$H callback=com.android.internal.util.function.pooled.PooledLambdaImpl }
02-04 00:09:42.121 30496 30496 E ANR_LOG : >>>CURRENT MSG DUMP OVER<<<
02-04 00:09:42.489 30496 31347 W com.whatsapp: Class X.2rL failed lock verification and will run slower.
02-04 00:09:42.489 30496 31347 W com.whatsapp: Common causes for lock verification issues are non-optimized dex code
02-04 00:09:42.489 30496 31347 W com.whatsapp: and incorrect proguard optimizations.
02-04 00:09:42.858 30496 30512 W com.whatsapp: Suspending all threads took: 20.339ms
02-04 00:09:43.655 30496 30496 E Parcel : Reading a NULL string not supported here.
02-04 00:09:44.374 30496 31517 W System : ClassLoader referenced unknown path: system/framework/mediatek-cta.jar
02-04 00:09:46.335 30496 31389 E CheckPermission: _bluetooth code = 1
02-04 00:09:46.340 30496 31389 E CheckPermission: _bluetooth code = 3
02-04 00:09:46.342 30496 31389 E CheckPermission: _bluetooth code = 11 --------- beginning of main
02-04 00:11:51.793 2735 2735 E com.whatsapp: Unknown bits set in runtime_flags: 0x40000000
02-04 00:11:51.807 2735 2735 E com.whatsapp: Not starting debugger since process cannot load the jdwp agent.
02-04 00:11:51.833 2735 2735 E RefClass: java.lang.reflect.InvocationTargetException
02-04 00:11:51.922 2735 2735 E libc : Access denied finding property "ro.odm.prev.product.name"
02-04 00:11:52.310 2735 2735 W System.err: java.lang.ClassNotFoundException: mbmodsd.mbmodsw.ui.views.btn.BtnBK
02-04 00:11:52.311 2735 2735 W System.err: at java.lang.Runtime.nativeLoad(Native Method)
02-04 00:11:52.311 2735 2735 W System.err: at java.lang.Runtime.nativeLoad(Runtime.java:1131)
02-04 00:11:52.311 2735 2735 W System.err: at java.lang.Runtime.loadLibrary0(Runtime.java:1085)
02-04 00:11:52.311 2735 2735 W System.err: at java.lang.Runtime.loadLibrary0(Runtime.java:1008)
02-04 00:11:52.311 2735 2735 W System.err: at java.lang.System.loadLibrary(System.java:1664)
02-04 00:11:52.311 2735 2735 W System.err: at arm.EpicVm.<clinit>(Unknown Source:2)
02-04 00:11:52.312 2735 2735 W System.err: at java.lang.Class.newInstance(Native Method)
02-04 00:11:52.312 2735 2735 W System.err: at android.app.AppComponentFactory.instantiateApplication(AppComponentFactory.java:76)
02-04 00:11:52.312 2735 2735 W System.err: at androidx.core.app.CoreComponentFactory.instantiateApplication(Unknown Source:0)
02-04 00:11:52.312 2735 2735 W System.err: at android.app.Instrumentation.newApplication(Instrumentation.java:1158)
02-04 00:11:52.312 2735 2735 W System.err: at android.app.LoadedApk.makeApplication(LoadedApk.java:1324)
02-04 00:11:52.312 2735 2735 W System.err: at android.app.ActivityThread.handleBindApplication(ActivityThread.java:7272)
02-04 00:11:52.312 2735 2735 W System.err: at android.app.ActivityThread.access$1700(ActivityThread.java:309)
02-04 00:11:52.312 2735 2735 W System.err: at android.app.ActivityThread$H.handleMessage(ActivityThread.java:2194)
02-04 00:11:52.312 2735 2735 W System.err: at android.os.Handler.dispatchMessage(Handler.java:106)
02-04 00:11:52.312 2735 2735 W System.err: at android.os.Looper.loop(Looper.java:264)
02-04 00:11:52.312 2735 2735 W System.err: at android.app.ActivityThread.main(ActivityThread.java:8315)
02-04 00:11:52.312 2735 2735 W System.err: at java.lang.reflect.Method.invoke(Native Method)
02-04 00:11:52.312 2735 2735 W System.err: at com.android.internal.os.RuntimeInit$MethodAndArgsCaller.run(RuntimeInit.java:632)
02-04 00:11:52.312 2735 2735 W System.err: at com.android.internal.os.ZygoteInit.main(ZygoteInit.java:1049)
02-04 00:11:52.403 2735 2735 E CustomActivityOnCrash: IMPORTANT WARNING! You already have an UncaughtExceptionHandler, are you sure this is correct? If you use a custom UncaughtExceptionHandler, you must initialize it AFTER CustomActivityOnCrash! Installing anyway, but your original handler will not be called.
02-04 00:11:53.781 2735 2735 W com.whatsapp: Accessing hidden method Lcom/android/org/conscrypt/OpenSSLSocketImpl;->setUseSessionTickets(Z)V (greylist- max-q,test-api, reflection, denied)
02-04 00:11:53.781 2735 2735 W com.whatsapp: Accessing hidden method Lcom/android/org/conscrypt/AbstractConscryptSocket;->setUseSessionTickets(Z)V (greylist-max-q, reflection, denied)
02-04 00:11:53.946 2735 2735 W linker : Warning: "/data/data/com.whatsapp/files/decompressed/libs.spk.zst/libc++_shared.so" unused DT entry: unknown processor-specific (type 0x70000001 arg 0x0) (ignoring)
02-04 00:11:54.286 2735 2735 E ANR_LOG : >>> msg's executing time is too long
02-04 00:11:54.286 2735 2735 E ANR_LOG : Blocked msg = { when=-2s416ms what=110 target=android.app.ActivityThread$H obj=AppBindData{appInfo=ApplicationInfo{38918a3 com.whatsapp}} } , cost = 2405 ms
02-04 00:11:54.286 2735 2735 E ANR_LOG : >>>Current msg List is:
02-04 00:11:54.286 2735 2735 E ANR_LOG : Current msg <1> = { when=-2s412ms what=114 target=android.app.ActivityThread$H obj=CreateServiceData{token=android.os.BinderProxy@7f357a0 className=com.whatsapp.messaging.MessageService packageName=com.whatsapp intent=null} }
02-04 00:11:54.287 2735 2735 E ANR_LOG : Current msg <2> = { when=-2s412ms what=115 target=android.app.ActivityThread$H obj=ServiceArgsData{token=android.os.BinderProxy@7f357a0 startId=56 args=Intent { flg=0x10800000 cmp=com.whatsapp/.voipcalling.VoipActivityV2 (has extras) mCallingUid=10578 }} }
02-04 00:11:54.287 2735 2735 E ANR_LOG : Current msg <3> = { when=-2s408ms what=9999 target=android.app.ActivityThread$H }
02-04 00:11:54.287 2735 2735 E ANR_LOG : Current msg <4> = { when=-2s383ms what=0 target=android.app.ActivityThread$H callback=com.android.internal.util.function.pooled.PooledLambdaImpl }
02-04 00:11:54.287 2735 2735 E ANR_LOG : Current msg <5> = { when=-1s651ms what=0 target=android.app.ActivityThread$H callback=android.app.-$ $Lambda$LoadedApk$ReceiverDispatcher$Args$_BumDX2UKsnxLVrE6UJsJZkotuA }
02-04 00:11:54.287 2735 2735 E ANR_LOG : Current msg <6> = { when=-1s547ms what=0 target=android.app.ActivityThread$H callback=com.android.internal.util.function.pooled.PooledLambdaImpl }
02-04 00:11:54.288 2735 2735 E ANR_LOG : Current msg <7> = { when=-757ms what=0 target=android.app.ActivityThread$H callback=android.app.-$ $Lambda$LoadedApk$ReceiverDispatcher$Args$_BumDX2UKsnxLVrE6UJsJZkotuA }
02-04 00:11:54.288 2735 2735 E ANR_LOG : >>>CURRENT MSG DUMP OVER<<<
02-04 00:11:54.533 2735 3230 W com.whatsapp: Class X.2rL failed lock verification and will run slower.
02-04 00:11:54.533 2735 3230 W com.whatsapp: Common causes for lock verification issues are non-optimized dex code
02-04 00:11:54.533 2735 3230 W com.whatsapp: and incorrect proguard optimizations.
02-04 00:11:54.994 2735 3425 W System : ClassLoader referenced unknown path: system/framework/mediatek-cta.jar
02-04 00:11:56.926 2735 3334 E CheckPermission: _bluetooth code = 1
02-04 00:11:56.935 2735 3334 E CheckPermission: _bluetooth code = 3
02-04 00:11:56.937 2735 3334 E CheckPermission: _bluetooth code = 11 --------- beginning of system --------- beginning of main
02-04 00:15:18.316 11116 11116 E com.whatsapp: Unknown bits set in runtime_flags: 0x40000000
02-04 00:15:18.325 11116 11116 E com.whatsapp: Not starting debugger since process cannot load the jdwp agent.
02-04 00:15:18.361 11116 11116 E RefClass: java.lang.reflect.InvocationTargetException
02-04 00:15:18.845 11116 11116 E libc : Access denied finding property "ro.odm.prev.product.name"
02-04 00:15:20.699 11116 11116 W System.err: java.lang.ClassNotFoundException: mbmodsd.mbmodsw.ui.views.btn.BtnBK
02-04 00:15:20.700 11116 11116 W System.err: at java.lang.Runtime.nativeLoad(Native Method)
02-04 00:15:20.701 11116 11116 W System.err: at java.lang.Runtime.nativeLoad(Runtime.java:1131)
02-04 00:15:20.701 11116 11116 W System.err: at java.lang.Runtime.loadLibrary0(Runtime.java:1085)
02-04 00:15:20.701 11116 11116 W System.err: at java.lang.Runtime.loadLibrary0(Runtime.java:1008)
02-04 00:15:20.701 11116 11116 W System.err: at java.lang.System.loadLibrary(System.java:1664)
02-04 00:15:20.701 11116 11116 W System.err: at arm.EpicVm.<clinit>(Unknown Source:2)
02-04 00:15:20.701 11116 11116 W System.err: at java.lang.Class.newInstance(Native Method)
02-04 00:15:20.702 11116 11116 W System.err: at android.app.AppComponentFactory.instantiateApplication(AppComponentFactory.java:76)
02-04 00:15:20.702 11116 11116 W System.err: at androidx.core.app.CoreComponentFactory.instantiateApplication(Unknown Source:0)
02-04 00:15:20.702 11116 11116 W System.err: at android.app.Instrumentation.newApplication(Instrumentation.java:1158)
02-04 00:15:20.717 11116 11116 W System.err: at android.app.LoadedApk.makeApplication(LoadedApk.java:1324)
02-04 00:15:20.717 11116 11116 W System.err: at android.app.ActivityThread.handleBindApplication(ActivityThread.java:7272)
02-04 00:15:20.717 11116 11116 W System.err: at android.app.ActivityThread.access$1700(ActivityThread.java:309)
02-04 00:15:20.717 11116 11116 W System.err: at android.app.ActivityThread$H.handleMessage(ActivityThread.java:2194)
02-04 00:15:20.718 11116 11116 W System.err: at android.os.Handler.dispatchMessage(Handler.java:106)
02-04 00:15:20.718 11116 11116 W System.err: at android.os.Looper.loop(Looper.java:264)
02-04 00:15:20.718 11116 11116 W System.err: at android.app.ActivityThread.main(ActivityThread.java:8315)
02-04 00:15:20.718 11116 11116 W System.err: at java.lang.reflect.Method.invoke(Native Method)
02-04 00:15:20.719 11116 11116 W System.err: at com.android.internal.os.RuntimeInit$MethodAndArgsCaller.run(RuntimeInit.java:632)
02-04 00:15:20.719 11116 11116 W System.err: at com.android.internal.os.ZygoteInit.main(ZygoteInit.java:1049)
02-04 00:15:20.830 11116 11116 E CustomActivityOnCrash: IMPORTANT WARNING! You already have an UncaughtExceptionHandler, are you sure this is correct? If you use a custom UncaughtExceptionHandler, you must initialize it AFTER CustomActivityOnCrash! Installing anyway, but your original handler will not be called.
02-04 00:15:22.971 11116 11116 W com.whatsapp: Accessing hidden method Lcom/android/org/conscrypt/OpenSSLSocketImpl;->setUseSessionTickets(Z)V (greylist- max-q,test-api, reflection, denied)
02-04 00:15:22.972 11116 11116 W com.whatsapp: Accessing hidden method Lcom/android/org/conscrypt/AbstractConscryptSocket;->setUseSessionTickets(Z)V (greylist-max-q, reflection, denied)
02-04 00:15:23.420 11116 11116 W linker : Warning: "/data/data/com.whatsapp/files/decompressed/libs.spk.zst/libc++_shared.so" unused DT entry: unknown processor-specific (type 0x70000001 arg 0x0) (ignoring)
02-04 00:15:24.378 11116 11116 E ANR_LOG : >>> msg's executing time is too long
02-04 00:15:24.379 11116 11116 E ANR_LOG : Blocked msg = { when=-5s967ms what=110 target=android.app.ActivityThread$H obj=AppBindData{appInfo=ApplicationInfo{38918a3 com.whatsapp}} } , cost = 5952 ms
02-04 00:15:24.379 11116 11116 E ANR_LOG : >>>Current msg List is:
02-04 00:15:24.382 11116 11116 E ANR_LOG : Current msg <1> = { when=-5s957ms what=113 target=android.app.ActivityThread$H obj=ReceiverData{intent=Intent { dat=content://com.whatsapp.provider.contact/contacts/19 flg=0x80010 cmp=com.whatsapp/.notification.MessageNotificationDismissedReceiver (has extras) } packageName=com.whatsapp resultCode=0 resultData=null resultExtras=null} }
02-04 00:15:24.383 11116 11116 E ANR_LOG : Current msg <2> = { when=-5s955ms what=9999 target=android.app.ActivityThread$H }
02-04 00:15:24.383 11116 11116 E ANR_LOG : Current msg <3> = { when=-5s949ms what=114 target=android.app.ActivityThread$H obj=CreateServiceData{token=android.os.BinderProxy@d0f3f59 className=com.whatsapp.messaging.MessageService packageName=com.whatsapp intent=null} }
02-04 00:15:24.383 11116 11116 E ANR_LOG : Current msg <4> = { when=-5s948ms what=115 target=android.app.ActivityThread$H obj=ServiceArgsData{token=android.os.BinderProxy@d0f3f59 startId=60 args=null} }
02-04 00:15:24.384 11116 11116 E ANR_LOG : Current msg <5> = { when=-5s944ms what=113 target=android.app.ActivityThread$H obj=ReceiverData{intent=Intent { flg=0x80010 cmp=com.whatsapp/.notification.MessageNotificationDismissedReceiver (has extras) } packageName=com.whatsapp resultCode=0 resultData=null resultExtras=null} }
02-04 00:15:24.384 11116 11116 E ANR_LOG : Current msg <6> = { when=-3s236ms what=0 target=android.app.ActivityThread$H callback=com.android.internal.util.function.pooled.PooledLambdaImpl }
02-04 00:15:24.398 11116 11116 E ANR_LOG : Current msg <7> = { when=-1s937ms what=0 target=android.app.ActivityThread$H callback=android.app.-$ $Lambda$LoadedApk$ReceiverDispatcher$Args$_BumDX2UKsnxLVrE6UJsJZkotuA }
02-04 00:15:24.398 11116 11116 E ANR_LOG : >>>CURRENT MSG DUMP OVER<<<
02-04 00:15:25.018 11116 11805 W com.whatsapp: Class X.2rL failed lock verification and will run slower.
02-04 00:15:25.018 11116 11805 W com.whatsapp: Common causes for lock verification issues are non-optimized dex code
02-04 00:15:25.018 11116 11805 W com.whatsapp: and incorrect proguard optimizations.
02-04 00:15:26.922 11116 11973 W System : ClassLoader referenced unknown path: system/framework/mediatek-cta.jar
02-04 00:15:27.142 11116 11116 W com.whatsapp: Class X.0eU failed lock verification and will run slower.
02-04 00:15:27.348 11116 11116 E Parcel : Reading a NULL string not supported here.
02-04 00:15:27.514 11116 12105 E libEGL : Invalid file path for libcolorx- loader.so
02-04 00:15:27.596 11116 11116 W com.whatsapp: Class com.whatsapp.HomeActivity failed lock verification and will run slower.
02-04 00:15:27.770 11116 11116 E OplusCustomizeRestrictionManager: sInstance is null, start a new sInstance
02-04 00:15:28.523 11116 11116 E ion : ioctl c0044901 failed with code -1: Invalid argument
02-04 00:15:28.653 11116 11116 E ArmVmp : Match on catch block at 0x0a in for 0xc5
02-04 00:15:28.768 11116 11116 E ArmVmp : Match on catch block at 0x0a in for 0x139
02-04 00:15:28.774 11116 11116 E Parcel : Reading a NULL string not supported here.
02-04 00:15:28.849 11116 12144 W com.whatsapp: Accessing hidden method Lcom/android/org/conscrypt/ConscryptEngineSocket;->setUseSessionTickets(Z)V (greylist-max-q,test-api, reflection, denied)
02-04 00:15:28.849 11116 12144 W com.whatsapp: Accessing hidden method Lcom/android/org/conscrypt/OpenSSLSocketImpl;->setUseSessionTickets(Z)V (greylist- max-q,test-api, reflection, denied)
02-04 00:15:28.849 11116 12144 W com.whatsapp: Accessing hidden method Lcom/android/org/conscrypt/AbstractConscryptSocket;->setUseSessionTickets(Z)V (greylist-max-q, reflection, denied)
02-04 00:15:28.850 11116 12144 W com.whatsapp: Accessing hidden method Lcom/android/org/conscrypt/ConscryptEngineSocket;->setHostname(Ljava/lang/String;)V (greylist-max-q,test-api, reflection, denied)
02-04 00:15:28.855 11116 12144 W com.whatsapp: Accessing hidden method Lcom/android/org/conscrypt/OpenSSLSocketImpl;->setHostname(Ljava/lang/String;)V (greylist-max-q,test-api, reflection, denied)
02-04 00:15:28.855 11116 12144 W com.whatsapp: Accessing hidden method Lcom/android/org/conscrypt/AbstractConscryptSocket;->setHostname(Ljava/lang/ String;)V (greylist-max-q, reflection, denied)
02-04 00:15:28.856 11116 12144 W com.whatsapp: Accessing hidden method Lcom/android/org/conscrypt/OpenSSLSocketImpl;->setAlpnProtocols([B)V (greylist-max- q,test-api, reflection, denied)
02-04 00:15:28.856 11116 12144 W com.whatsapp: Accessing hidden method Lcom/android/org/conscrypt/AbstractConscryptSocket;->setAlpnProtocols([B)V (greylist-max-q, reflection, denied)
02-04 00:15:28.867 11116 11116 E Parcel : Reading a NULL string not supported here.
02-04 00:15:28.945 11116 12155 W System : ClassLoader referenced unknown path: system/framework/mediatek-cta.jar
02-04 00:15:29.008 11116 12144 W com.whatsapp: Accessing hidden method Lcom/android/org/conscrypt/OpenSSLSocketImpl;->getAlpnSelectedProtocol()[B (greylist-max-q,test-api, reflection, denied)
02-04 00:15:29.008 11116 12144 W com.whatsapp: Accessing hidden method Lcom/android/org/conscrypt/AbstractConscryptSocket;->getAlpnSelectedProtocol()[B (greylist-max-q, reflection, denied)
02-04 00:15:29.568 11116 11116 E libEGL : Invalid file path for libcolorx- loader.so
02-04 00:15:29.574 11116 11116 E libEGL : Invalid file path for libcolorx- loader.so
02-04 00:15:29.576 11116 11116 E libEGL : Invalid file path for libcolorx- loader.so
02-04 00:15:29.587 11116 11116 E ANR_LOG : >>> msg's executing time is too long
02-04 00:15:29.587 11116 11116 E ANR_LOG : Blocked msg = { when=-2s152ms what=159 target=android.app.ActivityThread$H obj=ClientTransaction LaunchActivityItem,ResumeActivityItem } , cost = 2138 ms
02-04 00:15:29.587 11116 11116 E ANR_LOG : >>>Current msg List is:
02-04 00:15:29.587 11116 11116 E ANR_LOG : Current msg <1> = { when=-7d4h1m41s176ms what=0 target=android.view.Choreographer$FrameHandler }
02-04 00:15:29.587 11116 11116 E ANR_LOG : Current msg <2> = { when=-2s149ms what=159 target=android.app.ActivityThread$H obj=ClientTransaction TopResumedActivityChangeItem, }
02-04 00:15:29.587 11116 11116 E ANR_LOG : Current msg <3> = { when=-1s827ms what=0 target=android.os.Handler callback=X.0lO }
02-04 00:15:29.587 11116 11116 E ANR_LOG : Current msg <4> = { when=-1s824ms what=0 target=android.os.Handler callback=X.0lO }
02-04 00:15:29.587 11116 11116 E ANR_LOG : Current msg <5> = { when=-1s700ms what=0 target=android.os.Handler callback=X.0lO }
02-04 00:15:29.587 11116 11116 E ANR_LOG : Current msg <6> = { when=-1s629ms what=0 target=android.os.Handler callback=X.0lO }
02-04 00:15:29.587 11116 11116 E ANR_LOG : Current msg <7> = { when=-1s554ms what=0 target=android.app.ActivityThread$H callback=android.app.-$ $Lambda$ActivityThread$A4ykhsPb8qV3ffTqpQDklHSMDJ0 }
02-04 00:15:29.587 11116 11116 E ANR_LOG : Current msg <8> = { when=-1s536ms what=0 target=android.os.Handler callback=X.0lO }
02-04 00:15:29.587 11116 11116 E ANR_LOG : Current msg <9> = { when=-1s451ms what=149 target=android.app.ActivityThread$H obj=android.os.BinderProxy@a69cd64 }
02-04 00:15:29.587 11116 11116 E ANR_LOG : Current msg <10> = { when=-1s370ms what=0 target=android.os.Handler callback=X.0lO }
02-04 00:15:29.587 11116 11116 E ANR_LOG : >>>CURRENT MSG DUMP OVER<<<
02-04 00:15:32.374 11116 11888 E CheckPermission: _bluetooth code = 1
02-04 00:15:32.379 11116 11888 E CheckPermission: _bluetooth code = 3
02-04 00:15:32.382 11116 11888 E CheckPermission: _bluetooth code = 11
02-04 00:15:32.823 11116 12331 E libc : Access denied finding property "vendor.debug.drm.logv"
02-04 00:15:32.834 11116 12331 E libc : Access denied finding property "vendor.debug.drm.logv"
02-04 00:15:32.862 11116 12331 E libc : Access denied finding property "vendor.debug.drm.logd"
02-04 00:15:32.863 11116 12331 E libc : Access denied finding property "vendor.debug.drm.logv"
02-04 00:15:34.086 11116 11116 E RecyclerView: No adapter attached; skipping layout
02-04 00:15:34.116 11116 11116 E ANR_LOG : >>> msg's executing time is too long
02-04 00:15:34.116 11116 11116 E ANR_LOG : Blocked msg = { when=-7d4h1m45s706ms what=0 target=android.view.Choreographer$FrameHandler } , cost = 4529 ms
02-04 00:15:34.116 11116 11116 E ANR_LOG : >>>Current msg List is:
02-04 00:15:34.116 11116 11116 E ANR_LOG : Current msg <1> = { when=-7d4h1m45s706ms what=0 target=android.os.Handler callback=X.3ef }
02-04 00:15:34.116 11116 11116 E ANR_LOG : Current msg <2> = { when=-6s679ms what=159 target=android.app.ActivityThread$H obj=ClientTransaction TopResumedActivityChangeItem, }
02-04 00:15:34.117 11116 11116 E ANR_LOG : Current msg <3> = { when=-6s357ms what=0 target=android.os.Handler callback=X.0lO }
02-04 00:15:34.117 11116 11116 E ANR_LOG : Current msg <4> = { when=-6s354ms what=0 target=android.os.Handler callback=X.0lO }
02-04 00:15:34.117 11116 11116 E ANR_LOG : Current msg <5> = { when=-6s230ms what=0 target=android.os.Handler callback=X.0lO }
02-04 00:15:34.117 11116 11116 E ANR_LOG : Current msg <6> = { when=-6s159ms what=0 target=android.os.Handler callback=X.0lO }
02-04 00:15:34.117 11116 11116 E ANR_LOG : Current msg <7> = { when=-6s84ms what=0 target=android.app.ActivityThread$H callback=android.app.-$ $Lambda$ActivityThread$A4ykhsPb8qV3ffTqpQDklHSMDJ0 }
02-04 00:15:34.117 11116 11116 E ANR_LOG : Current msg <8> = { when=-6s66ms what=0 target=android.os.Handler callback=X.0lO }
02-04 00:15:34.117 11116 11116 E ANR_LOG : Current msg <9> = { when=-5s981ms what=149 target=android.app.ActivityThread$H obj=android.os.BinderProxy@a69cd64 }
02-04 00:15:34.117 11116 11116 E ANR_LOG : Current msg <10> = { when=-5s900ms what=0 target=android.os.Handler callback=X.0lO }
02-04 00:15:34.117 11116 11116 E ANR_LOG : >>>CURRENT MSG DUMP OVER<<<
02-04 00:15:34.117 11116 11116 W Choreographer: Already have a pending vsync event. There should only be one at a time.
02-04 00:15:34.358 11116 11116 E RecyclerView: No adapter attached; skipping layout
02-04 00:15:34.473 11116 12478 E Parcel : Reading a NULL string not supported here.
02-04 00:15:34.534 11116 12503 E libEGL : Invalid file path for libcolorx- loader.so
02-04 00:15:34.535 11116 11116 E ArmVmp : Match on catch block at 0x0a in for 0xd1
02-04 00:15:34.778 11116 11116 E ScreenmodeClient: display mode not support
02-04 00:15:34.850 11116 11441 W LibraryVersion: Failed to get app version for libraryName: firebase-iid
02-04 00:15:35.034 11116 12540 E Parcel : Reading a NULL string not supported here.
02-04 00:15:35.077 11116 12102 E libEGL : Invalid file path for libcolorx- loader.so
02-04 00:15:35.094 11116 12102 E Parcel : Reading a NULL string not supported here.
02-04 00:15:35.095 11116 12102 E Parcel : Reading a NULL string not supported here.
02-04 00:15:35.120 11116 12102 E libEGL : Invalid file path for libcolorx- loader.so
02-04 00:15:35.124 11116 12102 E libEGL : Invalid file path for libcolorx- loader.so
02-04 00:15:35.124 11116 12102 E libEGL : Invalid file path for libcolorx- loader.so
02-04 00:15:35.124 11116 12102 E libEGL : Invalid file path for libcolorx- loader.so
02-04 00:15:35.128 11116 12102 E libEGL : Invalid file path for libcolorx- loader.so
02-04 00:15:35.231 11116 12102 E ion : ioctl c0044901 failed with code -1: Invalid argument
02-04 00:15:36.163 11116 11116 E ArmVmp : Match on catch block at 0x5b in for 0x81
02-04 00:15:38.552 11116 11116 E libEGL : Invalid file path for libcolorx- loader.so
02-04 00:15:38.553 11116 11116 E libEGL : Invalid file path for libcolorx- loader.so
02-04 00:15:38.681 11116 11116 W Choreographer: Already have a pending vsync event. There should only be one at a time.
02-04 00:15:46.074 11116 11116 E Parcel : Reading a NULL string not supported here.
02-04 00:15:46.172 11116 12653 E libEGL : Invalid file path for libcolorx- loader.so
02-04 00:15:46.291 11116 11116 E libEGL : Invalid file path for libcolorx- loader.so
02-04 00:15:46.291 11116 11116 E libEGL : Invalid file path for libcolorx- loader.so
02-04 00:15:46.460 11116 11116 W Choreographer: Already have a pending vsync event. There should only be one at a time.
02-04 00:15:46.541 11116 11116 W BottomSheetBehavior: BottomSheetBehavior now supports multiple callbacks. `setBottomSheetCallback()` removes all existing callbacks, including ones set internally by library authors, which may result in unintended behavior. This may change in the future. Please use `addBottomSheetCallback()` and `removeBottomSheetCallback()` instead to set your own callbacks.
02-04 00:15:46.541 11116 11116 W BottomSheetBehavior: BottomSheetBehavior now supports multiple callbacks. `setBottomSheetCallback()` removes all existing callbacks, including ones set internally by library authors, which may result in unintended behavior. This may change in the future. Please use `addBottomSheetCallback()` and `removeBottomSheetCallback()` instead to set your own callbacks.
02-04 00:15:46.856 11116 11116 W BottomSheetBehavior: BottomSheetBehavior now supports multiple callbacks. `setBottomSheetCallback()` removes all existing callbacks, including ones set internally by library authors, which may result in unintended behavior. This may change in the future. Please use `addBottomSheetCallback()` and `removeBottomSheetCallback()` instead to set your own callbacks.
02-04 00:15:46.856 11116 11116 W BottomSheetBehavior: BottomSheetBehavior now supports multiple callbacks. `setBottomSheetCallback()` removes all existing callbacks, including ones set internally by library authors, which may result in unintended behavior. This may change in the future. Please use `addBottomSheetCallback()` and `removeBottomSheetCallback()` instead to set your own callbacks.
02-04 00:15:46.898 11116 11116 W BottomSheetBehavior: BottomSheetBehavior now supports multiple callbacks. `setBottomSheetCallback()` removes all existing callbacks, including ones set internally by library authors, which may result in unintended behavior. This may change in the future. Please use `addBottomSheetCallback()` and `removeBottomSheetCallback()` instead to set your own callbacks.
02-04 00:15:46.898 11116 11116 W BottomSheetBehavior: BottomSheetBehavior now supports multiple callbacks. `setBottomSheetCallback()` removes all existing callbacks, including ones set internally by library authors, which may result in unintended behavior. This may change in the future. Please use `addBottomSheetCallback()` and `removeBottomSheetCallback()` instead to set your own callbacks.
02-04 00:15:46.935 11116 11116 E RecyclerView: No adapter attached; skipping layout
02-04 00:15:46.940 11116 11116 E RecyclerView: No adapter attached; skipping layout
02-04 00:15:47.182 11116 12663 W AudioCapabilities: Unsupported mime audio/ffmpeg
02-04 00:15:47.183 11116 12663 W AudioCapabilities: Unsupported mime audio/x-adpcm- ms
02-04 00:15:47.183 11116 12663 W AudioCapabilities: Unsupported mime audio/x-adpcm- dvi-ima
02-04 00:15:47.183 11116 12663 W AudioCapabilities: Unsupported mime audio/alac
02-04 00:15:47.184 11116 12663 W AudioCapabilities: Unsupported mime audio/ape
02-04 00:15:47.184 11116 12663 W AudioCapabilities: Unsupported mime audio/x-ms-wma
02-04 00:15:47.185 11116 12663 W VideoCapabilities: Unsupported mime video/ffmpeg
02-04 00:15:47.190 11116 12663 W VideoCapabilities: Unrecognized profile/level 1/32 for video/mp4v-es
02-04 00:15:47.190 11116 12663 W VideoCapabilities: Unrecognized profile/level 32768/2 for video/mp4v-es
02-04 00:15:47.190 11116 12663 W VideoCapabilities: Unrecognized profile/level 32768/64 for video/mp4v-es
02-04 00:15:47.192 11116 12663 W VideoCapabilities: Unsupported mime video/x-ms-wmv
02-04 00:15:47.195 11116 12663 W VideoCapabilities: Unrecognized profile/level 1/32 for video/mp4v-es
02-04 00:15:47.236 11116 12663 E Parcel : Reading a NULL string not supported here.
02-04 00:15:47.457 11116 12671 E OplusACodec: [GetVideoCodingTypeFromMime:L709] mime:video/avc
02-04 00:15:47.470 11116 12671 E MtkACodecExt: setConfig(OMX_CONFIG_ROTATIONTYPE) returned error 0xfffffc0e
02-04 00:15:47.470 11116 12671 E ACodec : [OMX.MTK.VIDEO.DECODER.AVC] failed to setViLTEParameters 1
02-04 00:15:47.870 11116 12677 W Codec2Client: query -- param skipped: index = 1107298332.
02-04 00:15:47.871 11116 12677 W CCodec : This behavior is subject to change. It is recommended that app developers double check whether the requested max input size is in reasonable range.
02-04 00:15:47.895 11116 12677 W Codec2Client: query -- param skipped: index = 1342179345.
02-04 00:15:47.895 11116 12677 W Codec2Client: query -- param skipped: index = 2415921170.
02-04 00:15:47.895 11116 12677 W Codec2Client: query -- param skipped: index = 1610614798.
02-04 00:15:47.898 11116 12677 E FMQ : grantorIdx must be less than 3
02-04 00:15:47.899 11116 12677 E FMQ : grantorIdx must be less than 3
02-04 00:15:47.909 11116 12677 E FMQ : grantorIdx must be less than 3
02-04 00:15:47.929 11116 12672 E FMQ : grantorIdx must be less than 3
02-04 00:15:49.039 11116 12677 W Codec2Client: query -- param skipped: index = 1342179345.
02-04 00:15:49.039 11116 12677 W Codec2Client: query -- param skipped: index = 2415921170.
02-04 00:15:49.039 11116 12677 W Codec2Client: query -- param skipped: index = 1610614798.
02-04 00:15:49.043 11116 12671 W ACodec : Failed to set ANW_HWComposer to OMX, ignoring (-2147483648)
02-04 00:15:49.061 11116 12692 E LoadTask: Unexpected exception loading stream
02-04 00:15:49.061 11116 12692 E LoadTask: java.lang.NullPointerException: file
02-04 00:15:49.061 11116 12692 E LoadTask: at android.net.Uri.fromFile(Uri.java:473)
02-04 00:15:49.061 11116 12692 E LoadTask: at X.3Ze.B7W(Unknown Source:6)
02-04 00:15:49.061 11116 12692 E LoadTask: at X.3EI.B7W(Unknown Source:2)
02-04 00:15:49.061 11116 12692 E LoadTask: at X.7pN.BY8(Unknown Source:16)
02-04 00:15:49.061 11116 12692 E LoadTask: at X.7pV.BD5(Unknown Source:47)
02-04 00:15:49.061 11116 12692 E LoadTask: at X.6OQ.run(Unknown Source:39)
02-04 00:15:49.061 11116 12692 E LoadTask: at java.util.concurrent.ThreadPoolExecutor.runWorker(ThreadPoolExecutor.java:1167)
02-04 00:15:49.061 11116 12692 E LoadTask: at java.util.concurrent.ThreadPoolExecutor$Worker.run(ThreadPoolExecutor.java:641)
02-04 00:15:49.061 11116 12692 E LoadTask: at java.lang.Thread.run(Thread.java:923)
02-04 00:15:49.069 11116 12663 E ExoPlayerImplInternal: Playback error
02-04 00:15:49.069 11116 12663 E ExoPlayerImplInternal: X.6x6: Source error
02-04 00:15:49.069 11116 12663 E ExoPlayerImplInternal: at X.7oZ.handleMessage(Unknown Source:3152)
02-04 00:15:49.069 11116 12663 E ExoPlayerImplInternal: at android.os.Handler.dispatchMessage(Handler.java:102)
02-04 00:15:49.069 11116 12663 E ExoPlayerImplInternal: at android.os.Looper.loop(Looper.java:264)
02-04 00:15:49.069 11116 12663 E ExoPlayerImplInternal: at android.os.HandlerThread.run(HandlerThread.java:67)
02-04 00:15:49.069 11116 12663 E ExoPlayerImplInternal: Caused by: X.6sY: Unexpected NullPointerException: file
02-04 00:15:49.069 11116 12663 E ExoPlayerImplInternal: at X.6OQ.run(Unknown Source:135)
02-04 00:15:49.069 11116 12663 E ExoPlayerImplInternal: at java.util.concurrent.ThreadPoolExecutor.runWorker(ThreadPoolExecutor.java:1167)
02-04 00:15:49.069 11116 12663 E ExoPlayerImplInternal: at java.util.concurrent.ThreadPoolExecutor$Worker.run(ThreadPoolExecutor.java:641)
02-04 00:15:49.069 11116 12663 E ExoPlayerImplInternal: at java.lang.Thread.run(Thread.java:923)
02-04 00:15:49.069 11116 12663 E ExoPlayerImplInternal: Caused by: java.lang.NullPointerException: file
02-04 00:15:49.069 11116 12663 E ExoPlayerImplInternal: at android.net.Uri.fromFile(Uri.java:473)
02-04 00:15:49.069 11116 12663 E ExoPlayerImplInternal: at X.3Ze.B7W(Unknown Source:6)
02-04 00:15:49.069 11116 12663 E ExoPlayerImplInternal: at X.3EI.B7W(Unknown Source:2)
02-04 00:15:49.069 11116 12663 E ExoPlayerImplInternal: at X.7pN.BY8(Unknown Source:16)
02-04 00:15:49.069 11116 12663 E ExoPlayerImplInternal: at X.7pV.BD5(Unknown Source:47)
02-04 00:15:49.069 11116 12663 E ExoPlayerImplInternal: at X.6OQ.run(Unknown Source:39)
02-04 00:15:49.069 11116 12663 E ExoPlayerImplInternal: ... 3 more
02-04 00:15:49.091 11116 11116 W BottomSheetBehavior: BottomSheetBehavior now supports multiple callbacks. `setBottomSheetCallback()` removes all existing callbacks, including ones set internally by library authors, which may result in unintended behavior. This may change in the future. Please use `addBottomSheetCallback()` and `removeBottomSheetCallback()` instead to set your own callbacks.
02-04 00:15:49.091 11116 11116 W BottomSheetBehavior: BottomSheetBehavior now supports multiple callbacks. `setBottomSheetCallback()` removes all existing callbacks, including ones set internally by library authors, which may result in unintended behavior. This may change in the future. Please use `addBottomSheetCallback()` and `removeBottomSheetCallback()` instead to set your own callbacks.
02-04 00:15:49.109 11116 11116 E RecyclerView: No adapter attached; skipping layout
02-04 00:15:49.151 11116 11765 E SQLiteDatabase: Error inserting transferred=0 media_job_uuid=661428ef-40de-437a-98a7-abe3ea9601fc transcoded=0 gif_attribution=0 first_scan_length=0 direct_path=/v/t62.7161- 24/31238269_389722380307516_1567055536798933605_n.enc?ccb=11- 4&oh=01_AdQDnQnDu_asvZ4ZkPcS-Wc8EHtTixupCsdCZKNgozE5sQ&oe=65E5CFCF&_nc_sid=5e03e0 thumbnail_height_width_ratio=1.3333334 is_animated_sticker=0 file_hash=gcwLoUx9zEo1L+4L1KA/Tn8wijL7aRKl4Rz3/KjbCr0= file_path=null file_size=0 partial_media_hash=null face_x=0 face_y=0 height=640 trim_to=0 media_key_timestamp=1706974925000 message_url=https://mmg.whatsapp.net/v/t62.7161- 24/31238269_389722380307516_1567055536798933605_n.enc?ccb=11- 4&oh=01_AdQDnQnDu_asvZ4ZkPcS- Wc8EHtTixupCsdCZKNgozE5sQ&oe=65E5CFCF&_nc_sid=5e03e0&mms3=true media_caption=null trim_from=0 mime_type=video/mp4 partial_media_enc_hash=null width=480 original_file_hash=null has_streaming_sidecar=1 autotransfer_retry_enabled=0 media_upload_handle=null message_row_id=1022 multicast_id=null enc_file_hash=sjEyYNg48eklZYohT500bRZdnHX/+jOvLTPVq6TjDQE= mute_video=0 page_count=0 first_scan_sidecar=null suspicious_content=0 file_length=2680871 media_name=null media_duration=20 chat_row_id=26 media_key=[B@90ac2bd
02-04 00:15:49.151 11116 11765 E SQLiteDatabase: android.database.sqlite.SQLiteConstraintException: UNIQUE constraint failed: message_media.message_row_id (code 1555 SQLITE_CONSTRAINT_PRIMARYKEY)
02-04 00:15:49.151 11116 11765 E SQLiteDatabase: at android.database.sqlite.SQLiteConnection.nativeExecuteForLastInsertedRowId(Native Method)
02-04 00:15:49.151 11116 11765 E SQLiteDatabase: at android.database.sqlite.SQLiteConnection.executeForLastInsertedRowId(SQLiteConnecti on.java:948)
02-04 00:15:49.151 11116 11765 E SQLiteDatabase: at android.database.sqlite.SQLiteSession.executeForLastInsertedRowId(SQLiteSession.jav a:790)
02-04 00:15:49.151 11116 11765 E SQLiteDatabase: at android.database.sqlite.SQLiteStatement.executeInsert(SQLiteStatement.java:88)
02-04 00:15:49.151 11116 11765 E SQLiteDatabase: at android.database.sqlite.SQLiteDatabase.insertWithOnConflict(SQLiteDatabase.java:173 1)
02-04 00:15:49.151 11116 11765 E SQLiteDatabase: at android.database.sqlite.SQLiteDatabase.insert(SQLiteDatabase.java:1600)
02-04 00:15:49.151 11116 11765 E SQLiteDatabase: at X.2tm.A08(Unknown Source:6)
02-04 00:15:49.151 11116 11765 E SQLiteDatabase: at X.35Y.A07(Unknown Source:212)
02-04 00:15:49.151 11116 11765 E SQLiteDatabase: at X.3QF.A14(Unknown Source:470)
02-04 00:15:49.151 11116 11765 E SQLiteDatabase: at X.3gU.run(Unknown Source:982)
02-04 00:15:49.151 11116 11765 E SQLiteDatabase: at android.os.Handler.handleCallback(Handler.java:938)
02-04 00:15:49.151 11116 11765 E SQLiteDatabase: at android.os.Handler.dispatchMessage(Handler.java:99)
02-04 00:15:49.151 11116 11765 E SQLiteDatabase: at X.0zq.dispatchMessage(Unknown Source:4)
02-04 00:15:49.151 11116 11765 E SQLiteDatabase: at android.os.Looper.loop(Looper.java:264)
02-04 00:15:49.151 11116 11765 E SQLiteDatabase: at android.os.HandlerThread.run(HandlerThread.java:67)
02-04 00:15:49.206 11116 11765 E SQLiteDatabase: Error inserting transferred=0 media_job_uuid=661428ef-40de-437a-98a7-abe3ea9601fc transcoded=0 gif_attribution=0 first_scan_length=0 direct_path=/v/t62.7161- 24/31238269_389722380307516_1567055536798933605_n.enc?ccb=11- 4&oh=01_AdQDnQnDu_asvZ4ZkPcS-Wc8EHtTixupCsdCZKNgozE5sQ&oe=65E5CFCF&_nc_sid=5e03e0 thumbnail_height_width_ratio=1.3333334 is_animated_sticker=0 file_hash=gcwLoUx9zEo1L+4L1KA/Tn8wijL7aRKl4Rz3/KjbCr0= file_path=null file_size=0 partial_media_hash=null face_x=0 face_y=0 height=640 trim_to=0 media_key_timestamp=1706974925000 message_url=https://mmg.whatsapp.net/v/t62.7161- 24/31238269_389722380307516_1567055536798933605_n.enc?ccb=11- 4&oh=01_AdQDnQnDu_asvZ4ZkPcS- Wc8EHtTixupCsdCZKNgozE5sQ&oe=65E5CFCF&_nc_sid=5e03e0&mms3=true media_caption=null trim_from=0 mime_type=video/mp4 partial_media_enc_hash=null width=480 original_file_hash=null has_streaming_sidecar=1 autotransfer_retry_enabled=0 media_upload_handle=null message_row_id=1022 multicast_id=null enc_file_hash=sjEyYNg48eklZYohT500bRZdnHX/+jOvLTPVq6TjDQE= mute_video=0 page_count=0 first_scan_sidecar=null suspicious_content=0 file_length=2680871 media_name=null media_duration=20 chat_row_id=26 media_key=[B@90ac2bd
02-04 00:15:49.206 11116 11765 E SQLiteDatabase: android.database.sqlite.SQLiteConstraintException: UNIQUE constraint failed: message_media.message_row_id (code 1555 SQLITE_CONSTRAINT_PRIMARYKEY)
02-04 00:15:49.206 11116 11765 E SQLiteDatabase: at android.database.sqlite.SQLiteConnection.nativeExecuteForLastInsertedRowId(Native Method)
02-04 00:15:49.206 11116 11765 E SQLiteDatabase: at android.database.sqlite.SQLiteConnection.executeForLastInsertedRowId(SQLiteConnecti on.java:948)
02-04 00:15:49.206 11116 11765 E SQLiteDatabase: at android.database.sqlite.SQLiteSession.executeForLastInsertedRowId(SQLiteSession.jav a:790)
02-04 00:15:49.206 11116 11765 E SQLiteDatabase: at android.database.sqlite.SQLiteStatement.executeInsert(SQLiteStatement.java:88)
02-04 00:15:49.206 11116 11765 E SQLiteDatabase: at android.database.sqlite.SQLiteDatabase.insertWithOnConflict(SQLiteDatabase.java:173 1)
02-04 00:15:49.206 11116 11765 E SQLiteDatabase: at android.database.sqlite.SQLiteDatabase.insert(SQLiteDatabase.java:1600)
02-04 00:15:49.206 11116 11765 E SQLiteDatabase: at X.2tm.A08(Unknown Source:6)
02-04 00:15:49.206 11116 11765 E SQLiteDatabase: at X.35Y.A07(Unknown Source:212)
02-04 00:15:49.206 11116 11765 E SQLiteDatabase: at X.3QF.A14(Unknown Source:470)
02-04 00:15:49.206 11116 11765 E SQLiteDatabase: at X.3gU.run(Unknown Source:982)
02-04 00:15:49.206 11116 11765 E SQLiteDatabase: at android.os.Handler.handleCallback(Handler.java:938)
02-04 00:15:49.206 11116 11765 E SQLiteDatabase: at android.os.Handler.dispatchMessage(Handler.java:99)
02-04 00:15:49.206 11116 11765 E SQLiteDatabase: at X.0zq.dispatchMessage(Unknown Source:4)
02-04 00:15:49.206 11116 11765 E SQLiteDatabase: at android.os.Looper.loop(Looper.java:264)
02-04 00:15:49.206 11116 11765 E SQLiteDatabase: at android.os.HandlerThread.run(HandlerThread.java:67)
02-04 00:15:49.256 11116 12694 E LoadTask: Unexpected exception loading stream
02-04 00:15:49.256 11116 12694 E LoadTask: java.lang.NullPointerException: file
02-04 00:15:49.256 11116 12694 E LoadTask: at android.net.Uri.fromFile(Uri.java:473)
02-04 00:15:49.256 11116 12694 E LoadTask: at X.3Ze.B7W(Unknown Source:6)
02-04 00:15:49.256 11116 12694 E LoadTask: at X.3EI.B7W(Unknown Source:2)
02-04 00:15:49.256 11116 12694 E LoadTask: at X.7pN.BY8(Unknown Source:16)
02-04 00:15:49.256 11116 12694 E LoadTask: at X.7pV.BD5(Unknown Source:47)
02-04 00:15:49.256 11116 12694 E LoadTask: at X.6OQ.run(Unknown Source:39)
02-04 00:15:49.256 11116 12694 E LoadTask: at java.util.concurrent.ThreadPoolExecutor.runWorker(ThreadPoolExecutor.java:1167)
02-04 00:15:49.256 11116 12694 E LoadTask: at java.util.concurrent.ThreadPoolExecutor$Worker.run(ThreadPoolExecutor.java:641)
02-04 00:15:49.256 11116 12694 E LoadTask: at java.lang.Thread.run(Thread.java:923)
02-04 00:15:49.261 11116 11116 W BottomSheetBehavior: BottomSheetBehavior now supports multiple callbacks. `setBottomSheetCallback()` removes all existing callbacks, including ones set internally by library authors, which may result in unintended behavior. This may change in the future. Please use `addBottomSheetCallback()` and `removeBottomSheetCallback()` instead to set your own callbacks.
02-04 00:15:49.261 11116 11116 W BottomSheetBehavior: BottomSheetBehavior now supports multiple callbacks. `setBottomSheetCallback()` removes all existing callbacks, including ones set internally by library authors, which may result in unintended behavior. This may change in the future. Please use `addBottomSheetCallback()` and `removeBottomSheetCallback()` instead to set your own callbacks.
02-04 00:15:49.263 11116 12663 E ExoPlayerImplInternal: Playback error
02-04 00:15:49.263 11116 12663 E ExoPlayerImplInternal: X.6x6: Source error
02-04 00:15:49.263 11116 12663 E ExoPlayerImplInternal: at X.7oZ.handleMessage(Unknown Source:3152)
02-04 00:15:49.263 11116 12663 E ExoPlayerImplInternal: at android.os.Handler.dispatchMessage(Handler.java:102)
02-04 00:15:49.263 11116 12663 E ExoPlayerImplInternal: at android.os.Looper.loop(Looper.java:264)
02-04 00:15:49.263 11116 12663 E ExoPlayerImplInternal: at android.os.HandlerThread.run(HandlerThread.java:67)
02-04 00:15:49.263 11116 12663 E ExoPlayerImplInternal: Caused by: X.6sY: Unexpected NullPointerException: file
02-04 00:15:49.263 11116 12663 E ExoPlayerImplInternal: at X.6OQ.run(Unknown Source:135)
02-04 00:15:49.263 11116 12663 E ExoPlayerImplInternal: at java.util.concurrent.ThreadPoolExecutor.runWorker(ThreadPoolExecutor.java:1167)
02-04 00:15:49.263 11116 12663 E ExoPlayerImplInternal: at java.util.concurrent.ThreadPoolExecutor$Worker.run(ThreadPoolExecutor.java:641)
02-04 00:15:49.263 11116 12663 E ExoPlayerImplInternal: at java.lang.Thread.run(Thread.java:923)
02-04 00:15:49.263 11116 12663 E ExoPlayerImplInternal: Caused by: java.lang.NullPointerException: file
02-04 00:15:49.263 11116 12663 E ExoPlayerImplInternal: at android.net.Uri.fromFile(Uri.java:473)
02-04 00:15:49.263 11116 12663 E ExoPlayerImplInternal: at X.3Ze.B7W(Unknown Source:6)
02-04 00:15:49.263 11116 12663 E ExoPlayerImplInternal: at X.3EI.B7W(Unknown Source:2)
02-04 00:15:49.263 11116 12663 E ExoPlayerImplInternal: at X.7pN.BY8(Unknown Source:16)
02-04 00:15:49.263 11116 12663 E ExoPlayerImplInternal: at X.7pV.BD5(Unknown Source:47)
02-04 00:15:49.263 11116 12663 E ExoPlayerImplInternal: at X.6OQ.run(Unknown Source:39)
02-04 00:15:49.263 11116 12663 E ExoPlayerImplInternal: ... 3 more
02-04 00:15:49.313 11116 11116 E RecyclerView: No adapter attached; skipping layout
