02-04 12:31:30.996 21944 22031 E SQLiteDatabase: Error inserting UNIQUE constraint failed: message_media.message_row_id (Sqlite code 1555 SQLITE_CONSTRAINT_PRIMARYKEY), (OS error - 11:Try again)
02-04 12:31:31.001 21944 22031 E SQLiteDatabase: Error inserting UNIQUE constraint failed: message_media.message_row_id (Sqlite code 1555 SQLITE_CONSTRAINT_PRIMARYKEY), (OS error - 11:Try again)
02-04 12:31:31.510 21944 28403 E ACodec : [OMX.hisi.video.decoder.avc] setPortMode on output to DynamicANWBuffer failed w/ err -2147483648
02-04 12:31:31.554 21944 21944 E RecyclerView: No adapter attached; skipping layout
02-04 12:31:31.606 21944 22031 E SQLiteDatabase: Error inserting UNIQUE constraint failed: message_media.message_row_id (Sqlite code 1555 SQLITE_CONSTRAINT_PRIMARYKEY), (OS error - 11:Try again)
02-04 12:31:31.631 21944 22031 E SQLiteDatabase: Error inserting UNIQUE constraint failed: message_media.message_row_id (Sqlite code 1555 SQLITE_CONSTRAINT_PRIMARYKEY), (OS error - 11:Try again)
02-04 12:31:32.924 21944 28428 E ACodec : [OMX.hisi.video.decoder.avc] setPortMode on output to DynamicANWBuffer failed w/ err -2147483648 --------- beginning of main
02-04 12:37:13.965 29956 29956 E com.mbwhatsapp: LoadAppImageStartupCache enabled : 1
02-04 12:37:13.969 29956 29956 E com.mbwhatsapp: Not starting debugger since process cannot load the jdwp agent.
02-04 12:37:14.005 29956 29974 E BehaviorCollectManager: Fail to acquire dataAnalyzerService...
02-04 12:37:14.127 29956 29956 E CustomActivityOnCrash: IMPORTANT WARNING! You already have an UncaughtExceptionHandler, are you sure this is correct? If you use a custom UncaughtExceptionHandler, you must initialize it AFTER CustomActivityOnCrash! Installing anyway, but your original handler will not be called.
02-04 12:37:14.129 29956 29977 E AwareLog: AtomicFileUtils: readFileLines file not exist: android.util.AtomicFile@d0bae9e
02-04 12:37:14.129 29956 29977 E AwareLog: AtomicFileUtils: readFileLines file not exist: android.util.AtomicFile@961ad7f
02-04 12:37:16.862 29956 30005 E SQLiteDatabase: Error inserting UNIQUE constraint failed: message_media.message_row_id (Sqlite code 1555 SQLITE_CONSTRAINT_PRIMARYKEY), (OS error - 11:Try again)
02-04 12:52:10.798 29956 29956 E ArmVmp : Match on catch block at 0x0a in for 0xd1
02-04 12:52:10.817 29956 29956 E ArmVmp : Match on catch block at 0x0a in for 0x149
02-04 12:52:11.827 29956 29956 E RecyclerView: No adapter attached; skipping layout
02-04 12:52:11.940 29956 29956 E ArmVmp : Match on catch block at 0x0a in for 0xe9
02-04 12:52:11.996 29956 29956 E RecyclerView: No adapter attached; skipping layout
02-04 12:52:12.011 29956 29956 E HwViewGroupImpl: parse speed value length error
02-04 12:52:12.211 29956 30005 E SQLiteDatabase: Error inserting UNIQUE constraint failed: message_media.message_row_id (Sqlite code 1555 SQLITE_CONSTRAINT_PRIMARYKEY), (OS error - 11:Try again)
02-04 12:52:12.214 29956 30005 E SQLiteDatabase: Error inserting UNIQUE constraint failed: message_media.message_row_id (Sqlite code 1555 SQLITE_CONSTRAINT_PRIMARYKEY), (OS error - 11:Try again)
02-04 12:52:12.916 29956 30005 E SQLiteDatabase: Error inserting UNIQUE constraint failed: message_media.message_row_id (Sqlite code 1555 SQLITE_CONSTRAINT_PRIMARYKEY), (OS error - 11:Try again)
02-04 12:52:13.163 29956 30005 E SQLiteDatabase: Error inserting UNIQUE constraint failed: message_media.message_row_id (Sqlite code 1555 SQLITE_CONSTRAINT_PRIMARYKEY), (OS error - 11:Try again)
02-04 12:52:14.215 29956 29956 E ArmVmp : Match on catch block at 0x0a in for 0xd9
02-04 12:52:14.219 29956 29956 E ArmVmp : Match on catch block at 0x0a in for 0xd9
02-04 12:52:14.463 29956 29956 E ArmVmp : Match on catch block at 0xc3 in for 0xc1
02-04 12:52:14.467 29956 29956 E ArmVmp : Match on catch block at 0xc3 in for 0xc9
02-04 12:52:14.470 29956 29956 E ArmVmp : Match on catch block at 0xc3 in for 0xc9
02-04 12:52:14.497 29956 30601 E ArmVmp : Match on catch block at 0x48 in for 0x81
02-04 12:52:14.535 29956 29956 E ArmVmp : Match on catch block at 0xc3 in for 0xb9
02-04 12:52:14.538 29956 29956 E ArmVmp : Match on catch block at 0xc3 in for 0xb5
02-04 12:52:14.568 29956 29956 E ArmVmp : Match on catch block at 0xc3 in for 0xb5
02-04 12:52:14.571 29956 29956 E ArmVmp : Match on catch block at 0xc3 in for 0xb9
02-04 12:52:14.573 29956 29956 E ArmVmp : Match on catch block at 0xc3 in for 0xb9
02-04 12:52:14.604 29956 29956 E ArmVmp : Match on catch block at 0xc3 in for 0xb9
02-04 12:52:14.610 29956 29956 E ArmVmp : Match on catch block at 0xc3 in for 0xb1
02-04 12:52:14.613 29956 29956 E ArmVmp : Match on catch block at 0xc3 in for 0xb1
02-04 12:52:14.648 29956 29956 E SpannableStringBuilder: SPAN_EXCLUSIVE_EXCLUSIVE spans cannot have a zero length
02-04 12:52:14.745 29956 30601 E ArmVmp : Match on catch block at 0x48 in for 0x91
02-04 12:52:15.062 29956 29956 E ArmVmp : Match on catch block at 0xc3 in for 0xb5
02-04 12:52:15.068 29956 29956 E ArmVmp : Match on catch block at 0xc3 in for 0xb9
02-04 12:52:15.073 29956 29956 E ArmVmp : Match on catch block at 0xc3 in for 0xb9
02-04 12:52:15.093 29956 29956 E ArmVmp : Match on catch block at 0xc3 in for 0xb1
02-04 12:52:15.097 29956 29956 E ArmVmp : Match on catch block at 0xc3 in for 0xb5
02-04 12:52:15.100 29956 29956 E ArmVmp : Match on catch block at 0xc3 in for 0xb5
02-04 12:52:15.160 29956 29956 E ArmVmp : Match on catch block at 0xc3 in for 0xb9
02-04 12:52:15.164 29956 29956 E ArmVmp : Match on catch block at 0xc3 in for 0xb1
02-04 12:52:15.228 29956 29956 E ArmVmp : Match on catch block at 0xc3 in for 0xb1
02-04 12:52:15.232 29956 29956 E ArmVmp : Match on catch block at 0xc3 in for 0xb5
02-04 12:52:15.235 29956 29956 E ArmVmp : Match on catch block at 0xc3 in for 0xb5
02-04 12:52:15.297 29956 29956 E ArmVmp : Match on catch block at 0xc3 in for 0xb9
02-04 12:52:15.300 29956 29956 E ArmVmp : Match on catch block at 0xc3 in for 0xb1
02-04 12:52:15.303 29956 29956 E ArmVmp : Match on catch block at 0xc3 in for 0xb1
02-04 12:52:15.310 29956 29956 E SpannableStringBuilder: SPAN_EXCLUSIVE_EXCLUSIVE spans cannot have a zero length
02-04 12:52:15.313 29956 29956 E ArmVmp : Match on catch block at 0xc3 in for 0xb5
02-04 12:52:15.317 29956 29956 E ArmVmp : Match on catch block at 0xc3 in for 0xb9
02-04 12:52:15.320 29956 29956 E ArmVmp : Match on catch block at 0xc3 in for 0xb9
02-04 12:52:15.323 29956 29956 E SpannableStringBuilder: SPAN_EXCLUSIVE_EXCLUSIVE spans cannot have a zero length
02-04 12:52:15.405 29956 29956 E ArmVmp : Match on catch block at 0xc3 in for 0xb5
02-04 12:52:15.408 29956 29956 E ArmVmp : Match on catch block at 0xc3 in for 0xb9
02-04 12:52:15.412 29956 29956 E ArmVmp : Match on catch block at 0xc3 in for 0xb9
02-04 12:52:15.429 29956 29956 E ArmVmp : Match on catch block at 0xc3 in for 0xb1
02-04 12:52:15.433 29956 29956 E ArmVmp : Match on catch block at 0xc3 in for 0xb5
02-04 12:52:15.435 29956 29956 E ArmVmp : Match on catch block at 0xc3 in for 0xb5
02-04 12:52:15.475 29956 29956 E ArmVmp : Match on catch block at 0xc3 in for 0xb9
02-04 12:52:15.479 29956 29956 E ArmVmp : Match on catch block at 0xc3 in for 0xb1
02-04 12:52:15.481 29956 29956 E ArmVmp : Match on catch block at 0xc3 in for 0xb1
02-04 12:52:15.558 29956 29956 E ArmVmp : Match on catch block at 0xc3 in for 0xb5
02-04 12:52:15.561 29956 29956 E ArmVmp : Match on catch block at 0xc3 in for 0xb9
02-04 12:52:15.563 29956 29956 E ArmVmp : Match on catch block at 0xc3 in for 0xb9
02-04 12:52:16.058 29956 29956 E ArmVmp : Match on catch block at 0xc3 in for 0xb1
02-04 12:52:16.062 29956 29956 E ArmVmp : Match on catch block at 0xc3 in for 0xb5
02-04 12:52:16.065 29956 29956 E ArmVmp : Match on catch block at 0xc3 in for 0xb5
02-04 12:52:16.557 29956 29956 E ArmVmp : Match on catch block at 0xc3 in for 0xb9
02-04 12:52:16.561 29956 29956 E ArmVmp : Match on catch block at 0xc3 in for 0xb1
02-04 12:52:16.564 29956 29956 E ArmVmp : Match on catch block at 0xc3 in for 0xb1
02-04 12:52:16.973 29956 29956 E ArmVmp : Match on catch block at 0xc3 in for 0xb5
02-04 12:52:16.978 29956 29956 E ArmVmp : Match on catch block at 0xc3 in for 0xb9
02-04 12:52:16.982 29956 29956 E ArmVmp : Match on catch block at 0xc3 in for 0xb9
02-04 12:52:17.038 29956 29956 E ArmVmp : Match on catch block at 0xc3 in for 0xb1
02-04 12:52:17.041 29956 29956 E ArmVmp : Match on catch block at 0xc3 in for 0xb5
02-04 12:52:17.045 29956 29956 E ArmVmp : Match on catch block at 0xc3 in for 0xb5
02-04 12:52:17.055 29956 29956 E ArmVmp : Match on catch block at 0xc3 in for 0xb9
02-04 12:52:17.058 29956 29956 E ArmVmp : Match on catch block at 0xc3 in for 0xb1
02-04 12:52:17.061 29956 29956 E ArmVmp : Match on catch block at 0xc3 in for 0xb1
02-04 12:52:17.072 29956 29956 E ArmVmp : Match on catch block at 0xc3 in for 0xb5
02-04 12:52:17.075 29956 29956 E ArmVmp : Match on catch block at 0xc3 in for 0xb9
02-04 12:52:17.078 29956 29956 E ArmVmp : Match on catch block at 0xc3 in for 0xb9
02-04 12:52:17.105 29956 29956 E ArmVmp : Match on catch block at 0xc3 in for 0xb1
02-04 12:52:17.108 29956 29956 E ArmVmp : Match on catch block at 0xc3 in for 0xb5
02-04 12:52:17.111 29956 29956 E ArmVmp : Match on catch block at 0xc3 in for 0xb5
02-04 12:52:17.121 29956 29956 E ArmVmp : Match on catch block at 0xc3 in for 0xb9
02-04 12:52:17.125 29956 29956 E ArmVmp : Match on catch block at 0xc3 in for 0xb1
02-04 12:52:17.128 29956 29956 E ArmVmp : Match on catch block at 0xc3 in for 0xb1
02-04 12:52:17.138 29956 29956 E ArmVmp : Match on catch block at 0xc3 in for 0xb5
02-04 12:52:17.141 29956 29956 E ArmVmp : Match on catch block at 0xc3 in for 0xb9
02-04 12:52:17.144 29956 29956 E ArmVmp : Match on catch block at 0xc3 in for 0xb9
02-04 12:52:17.170 29956 29956 E ArmVmp : Match on catch block at 0xc3 in for 0xb1
02-04 12:52:17.173 29956 29956 E ArmVmp : Match on catch block at 0xc3 in for 0xb5
02-04 12:52:17.176 29956 29956 E ArmVmp : Match on catch block at 0xc3 in for 0xb5
02-04 12:52:17.187 29956 29956 E ArmVmp : Match on catch block at 0xc3 in for 0xb9
02-04 12:52:17.190 29956 29956 E ArmVmp : Match on catch block at 0xc3 in for 0xb1
02-04 12:52:17.192 29956 29956 E ArmVmp : Match on catch block at 0xc3 in for 0xb1
02-04 12:52:17.204 29956 29956 E ArmVmp : Match on catch block at 0xc3 in for 0xb5
02-04 12:52:17.208 29956 29956 E ArmVmp : Match on catch block at 0xc3 in for 0xb9
02-04 12:52:17.210 29956 29956 E ArmVmp : Match on catch block at 0xc3 in for 0xb9
02-04 12:52:17.237 29956 29956 E ArmVmp : Match on catch block at 0xc3 in for 0xb1
02-04 12:52:17.240 29956 29956 E ArmVmp : Match on catch block at 0xc3 in for 0xb5
02-04 12:52:17.243 29956 29956 E ArmVmp : Match on catch block at 0xc3 in for 0xb5
02-04 12:52:17.254 29956 29956 E ArmVmp : Match on catch block at 0xc3 in for 0xb9
02-04 12:52:17.257 29956 29956 E ArmVmp : Match on catch block at 0xc3 in for 0xb1
02-04 12:52:17.259 29956 29956 E ArmVmp : Match on catch block at 0xc3 in for 0xb1
02-04 12:52:17.298 29956 29956 E ArmVmp : Match on catch block at 0xc3 in for 0xb9
02-04 12:52:17.301 29956 29956 E ArmVmp : Match on catch block at 0xc3 in for 0xb1
02-04 12:52:17.320 29956 29956 E ArmVmp : Match on catch block at 0xc3 in for 0xb1
02-04 12:52:17.322 29956 29956 E ArmVmp : Match on catch block at 0xc3 in for 0xb5
02-04 12:52:17.324 29956 29956 E ArmVmp : Match on catch block at 0xc3 in for 0xb5
02-04 12:52:17.337 29956 29956 E ArmVmp : Match on catch block at 0xc3 in for 0xb9
02-04 12:52:17.339 29956 29956 E ArmVmp : Match on catch block at 0xc3 in for 0xb1
02-04 12:52:17.341 29956 29956 E ArmVmp : Match on catch block at 0xc3 in for 0xb1
02-04 12:52:17.353 29956 29956 E ArmVmp : Match on catch block at 0xc3 in for 0xb5
02-04 12:52:17.355 29956 29956 E ArmVmp : Match on catch block at 0xc3 in for 0xb9
02-04 12:52:17.357 29956 29956 E ArmVmp : Match on catch block at 0xc3 in for 0xb9
02-04 12:52:17.370 29956 29956 E ArmVmp : Match on catch block at 0xc3 in for 0xb1
02-04 12:52:17.373 29956 29956 E ArmVmp : Match on catch block at 0xc3 in for 0xb5
02-04 12:52:17.375 29956 29956 E ArmVmp : Match on catch block at 0xc3 in for 0xb5
02-04 12:52:17.387 29956 29956 E ArmVmp : Match on catch block at 0xc3 in for 0xb9
02-04 12:52:17.389 29956 29956 E ArmVmp : Match on catch block at 0xc3 in for 0xb1
02-04 12:52:17.391 29956 29956 E ArmVmp : Match on catch block at 0xc3 in for 0xb1
02-04 12:52:17.408 29956 29956 E ArmVmp : Match on catch block at 0xc3 in for 0xb5
02-04 12:52:17.410 29956 29956 E ArmVmp : Match on catch block at 0xc3 in for 0xb9
02-04 12:52:17.412 29956 29956 E ArmVmp : Match on catch block at 0xc3 in for 0xb9
02-04 12:52:17.420 29956 29956 E ArmVmp : Match on catch block at 0xc3 in for 0xb1
02-04 12:52:17.423 29956 29956 E ArmVmp : Match on catch block at 0xc3 in for 0xb5
02-04 12:52:17.426 29956 29956 E ArmVmp : Match on catch block at 0xc3 in for 0xb5
02-04 12:52:17.437 29956 29956 E ArmVmp : Match on catch block at 0xc3 in for 0xb9
02-04 12:52:17.439 29956 29956 E ArmVmp : Match on catch block at 0xc3 in for 0xb1
02-04 12:52:17.442 29956 29956 E ArmVmp : Match on catch block at 0xc3 in for 0xb1
02-04 12:52:17.453 29956 29956 E ArmVmp : Match on catch block at 0xc3 in for 0xb5
02-04 12:52:17.456 29956 29956 E ArmVmp : Match on catch block at 0xc3 in for 0xb9
02-04 12:52:17.458 29956 29956 E ArmVmp : Match on catch block at 0xc3 in for 0xb9
02-04 12:52:17.470 29956 29956 E ArmVmp : Match on catch block at 0xc3 in for 0xb1
02-04 12:52:17.473 29956 29956 E ArmVmp : Match on catch block at 0xc3 in for 0xb5
02-04 12:52:17.475 29956 29956 E ArmVmp : Match on catch block at 0xc3 in for 0xb5
02-04 12:52:17.487 29956 29956 E ArmVmp : Match on catch block at 0xc3 in for 0xb9
02-04 12:52:17.492 29956 29956 E ArmVmp : Match on catch block at 0xc3 in for 0xb1
02-04 12:52:17.495 29956 29956 E ArmVmp : Match on catch block at 0xc3 in for 0xb1
02-04 12:52:17.520 29956 29956 E ArmVmp : Match on catch block at 0xc3 in for 0xb5
02-04 12:52:17.523 29956 29956 E ArmVmp : Match on catch block at 0xc3 in for 0xb9
02-04 12:52:17.636 29956 29956 E ArmVmp : Match on catch block at 0xc3 in for 0xb9
02-04 12:52:17.639 29956 29956 E ArmVmp : Match on catch block at 0xc3 in for 0xb1
02-04 12:52:17.641 29956 29956 E ArmVmp : Match on catch block at 0xc3 in for 0xb1
02-04 12:52:17.703 29956 29956 E ArmVmp : Match on catch block at 0xc3 in for 0xb5
02-04 12:52:17.706 29956 29956 E ArmVmp : Match on catch block at 0xc3 in for 0xb9
02-04 12:52:17.708 29956 29956 E ArmVmp : Match on catch block at 0xc3 in for 0xb9
02-04 12:52:17.786 29956 29956 E ArmVmp : Match on catch block at 0xc3 in for 0xb1
02-04 12:52:17.789 29956 29956 E ArmVmp : Match on catch block at 0xc3 in for 0xb5
02-04 12:52:17.792 29956 29956 E ArmVmp : Match on catch block at 0xc3 in for 0xb5
02-04 12:52:17.797 29956 29956 E SpannableStringBuilder: SPAN_EXCLUSIVE_EXCLUSIVE spans cannot have a zero length
02-04 12:52:17.803 29956 29956 E ArmVmp : Match on catch block at 0xc3 in for 0xb9
02-04 12:52:17.805 29956 29956 E ArmVmp : Match on catch block at 0xc3 in for 0xb1
02-04 12:52:17.807 29956 29956 E ArmVmp : Match on catch block at 0xc3 in for 0xb1
02-04 12:52:17.819 29956 29956 E ArmVmp : Match on catch block at 0xc3 in for 0xb5
02-04 12:52:17.821 29956 29956 E ArmVmp : Match on catch block at 0xc3 in for 0xb9
02-04 12:52:17.824 29956 29956 E ArmVmp : Match on catch block at 0xc3 in for 0xb9
02-04 12:52:17.837 29956 29956 E ArmVmp : Match on catch block at 0xc3 in for 0xb1
02-04 12:52:17.840 29956 29956 E ArmVmp : Match on catch block at 0xc3 in for 0xb5
02-04 12:52:17.842 29956 29956 E ArmVmp : Match on catch block at 0xc3 in for 0xb5
02-04 12:52:17.853 29956 29956 E ArmVmp : Match on catch block at 0xc3 in for 0xb9
02-04 12:52:17.855 29956 29956 E ArmVmp : Match on catch block at 0xc3 in for 0xb1
02-04 12:52:17.858 29956 29956 E ArmVmp : Match on catch block at 0xc3 in for 0xb1
02-04 12:52:17.869 29956 29956 E ArmVmp : Match on catch block at 0xc3 in for 0xb5
02-04 12:52:17.872 29956 29956 E ArmVmp : Match on catch block at 0xc3 in for 0xb9
02-04 12:52:17.874 29956 29956 E ArmVmp : Match on catch block at 0xc3 in for 0xb9
02-04 12:52:17.886 29956 29956 E ArmVmp : Match on catch block at 0xc3 in for 0xb1
02-04 12:52:17.888 29956 29956 E ArmVmp : Match on catch block at 0xc3 in for 0xb5
02-04 12:52:17.891 29956 29956 E ArmVmp : Match on catch block at 0xc3 in for 0xb5
02-04 12:52:17.902 29956 29956 E ArmVmp : Match on catch block at 0xc3 in for 0xb9
02-04 12:52:17.905 29956 29956 E ArmVmp : Match on catch block at 0xc3 in for 0xb1
02-04 12:52:17.908 29956 29956 E ArmVmp : Match on catch block at 0xc3 in for 0xb1
02-04 12:52:17.919 29956 29956 E ArmVmp : Match on catch block at 0xc3 in for 0xb5
02-04 12:52:17.922 29956 29956 E ArmVmp : Match on catch block at 0xc3 in for 0xb9
02-04 12:52:17.924 29956 29956 E ArmVmp : Match on catch block at 0xc3 in for 0xb9
02-04 12:52:17.936 29956 29956 E ArmVmp : Match on catch block at 0xc3 in for 0xb1
02-04 12:52:17.939 29956 29956 E ArmVmp : Match on catch block at 0xc3 in for 0xb5
02-04 12:52:17.941 29956 29956 E ArmVmp : Match on catch block at 0xc3 in for 0xb5
02-04 12:52:17.952 29956 29956 E ArmVmp : Match on catch block at 0xc3 in for 0xb9
02-04 12:52:17.955 29956 29956 E ArmVmp : Match on catch block at 0xc3 in for 0xb1
02-04 12:52:17.957 29956 29956 E ArmVmp : Match on catch block at 0xc3 in for 0xb1
02-04 12:52:17.969 29956 29956 E ArmVmp : Match on catch block at 0xc3 in for 0xb5
02-04 12:52:17.971 29956 29956 E ArmVmp : Match on catch block at 0xc3 in for 0xb9
02-04 12:52:17.974 29956 29956 E ArmVmp : Match on catch block at 0xc3 in for 0xb9
02-04 12:52:17.985 29956 29956 E ArmVmp : Match on catch block at 0xc3 in for 0xb1
02-04 12:52:17.988 29956 29956 E ArmVmp : Match on catch block at 0xc3 in for 0xb5
02-04 12:52:17.990 29956 29956 E ArmVmp : Match on catch block at 0xc3 in for 0xb5
02-04 12:52:18.002 29956 29956 E ArmVmp : Match on catch block at 0xc3 in for 0xb9
02-04 12:52:18.005 29956 29956 E ArmVmp : Match on catch block at 0xc3 in for 0xb1
02-04 12:52:18.007 29956 29956 E ArmVmp : Match on catch block at 0xc3 in for 0xb1
02-04 12:52:18.019 29956 29956 E ArmVmp : Match on catch block at 0xc3 in for 0xb5
02-04 12:52:18.022 29956 29956 E ArmVmp : Match on catch block at 0xc3 in for 0xb9
02-04 12:52:18.024 29956 29956 E ArmVmp : Match on catch block at 0xc3 in for 0xb9
02-04 12:52:18.035 29956 29956 E ArmVmp : Match on catch block at 0xc3 in for 0xb1
02-04 12:52:18.038 29956 29956 E ArmVmp : Match on catch block at 0xc3 in for 0xb5
02-04 12:52:18.040 29956 29956 E ArmVmp : Match on catch block at 0xc3 in for 0xb5
02-04 12:52:18.052 29956 29956 E ArmVmp : Match on catch block at 0xc3 in for 0xb9
02-04 12:52:18.054 29956 29956 E ArmVmp : Match on catch block at 0xc3 in for 0xb1
02-04 12:52:18.057 29956 29956 E ArmVmp : Match on catch block at 0xc3 in for 0xb1
02-04 12:52:18.068 29956 29956 E ArmVmp : Match on catch block at 0xc3 in for 0xb5
02-04 12:52:18.071 29956 29956 E ArmVmp : Match on catch block at 0xc3 in for 0xb9
02-04 12:52:18.073 29956 29956 E ArmVmp : Match on catch block at 0xc3 in for 0xb9
02-04 12:52:18.085 29956 29956 E ArmVmp : Match on catch block at 0xc3 in for 0xb1
02-04 12:52:18.088 29956 29956 E ArmVmp : Match on catch block at 0xc3 in for 0xb5
02-04 12:52:18.102 29956 29956 E ArmVmp : Match on catch block at 0xc3 in for 0xb5
02-04 12:52:18.104 29956 29956 E ArmVmp : Match on catch block at 0xc3 in for 0xb9
02-04 12:52:18.106 29956 29956 E ArmVmp : Match on catch block at 0xc3 in for 0xb9
02-04 12:52:18.118 29956 29956 E ArmVmp : Match on catch block at 0xc3 in for 0xb1
02-04 12:52:18.122 29956 29956 E ArmVmp : Match on catch block at 0xc3 in for 0xb5
02-04 12:52:18.124 29956 29956 E ArmVmp : Match on catch block at 0xc3 in for 0xb5
02-04 12:52:18.135 29956 29956 E ArmVmp : Match on catch block at 0xc3 in for 0xb1
02-04 12:52:18.139 29956 29956 E ArmVmp : Match on catch block at 0xc3 in for 0xb5
02-04 12:52:18.142 29956 29956 E ArmVmp : Match on catch block at 0xc3 in for 0xb5
02-04 12:52:18.152 29956 29956 E ArmVmp : Match on catch block at 0xc3 in for 0xb9
02-04 12:52:18.155 29956 29956 E ArmVmp : Match on catch block at 0xc3 in for 0xb1
02-04 12:52:18.158 29956 29956 E ArmVmp : Match on catch block at 0xc3 in for 0xb1
02-04 12:52:18.168 29956 29956 E ArmVmp : Match on catch block at 0xc3 in for 0xb5
02-04 12:52:18.172 29956 29956 E ArmVmp : Match on catch block at 0xc3 in for 0xb9
02-04 12:52:18.174 29956 29956 E ArmVmp : Match on catch block at 0xc3 in for 0xb9
02-04 12:52:18.185 29956 29956 E ArmVmp : Match on catch block at 0xc3 in for 0xb1
02-04 12:52:18.188 29956 29956 E ArmVmp : Match on catch block at 0xc3 in for 0xb5
02-04 12:52:18.190 29956 29956 E ArmVmp : Match on catch block at 0xc3 in for 0xb5
02-04 12:52:18.285 29956 29956 E ArmVmp : Match on catch block at 0xc3 in for 0xb9
02-04 12:52:18.289 29956 29956 E ArmVmp : Match on catch block at 0xc3 in for 0xb1
02-04 12:52:18.291 29956 29956 E ArmVmp : Match on catch block at 0xc3 in for 0xb1
02-04 12:52:18.724 29956 29956 E ArmVmp : Match on catch block at 0xc3 in for 0xb5
02-04 12:52:18.728 29956 29956 E ArmVmp : Match on catch block at 0xc3 in for 0xb9
02-04 12:52:18.731 29956 29956 E ArmVmp : Match on catch block at 0xc3 in for 0xb9
02-04 12:52:18.762 29956 29956 E ArmVmp : Match on catch block at 0xc3 in for 0xb5
02-04 12:52:18.764 29956 29956 E ArmVmp : Match on catch block at 0xc3 in for 0xb9
02-04 12:52:18.767 29956 29956 E ArmVmp : Match on catch block at 0xc3 in for 0xb9
02-04 12:52:18.791 29956 29956 E ArmVmp : Match on catch block at 0xc3 in for 0xb5
02-04 12:52:18.794 29956 29956 E ArmVmp : Match on catch block at 0xc3 in for 0xb9
02-04 12:52:18.802 29956 29956 E ArmVmp : Match on catch block at 0xc3 in for 0xb5
02-04 12:52:18.805 29956 29956 E ArmVmp : Match on catch block at 0xc3 in for 0xb9
02-04 12:52:18.811 29956 29956 E SpannableStringBuilder: SPAN_EXCLUSIVE_EXCLUSIVE spans cannot have a zero length
02-04 12:52:18.851 29956 29956 E ArmVmp : Match on catch block at 0xc3 in for 0xb9
02-04 12:52:18.853 29956 29956 E ArmVmp : Match on catch block at 0xc3 in for 0xb1
02-04 12:52:18.873 29956 29956 E ArmVmp : Match on catch block at 0xc3 in for 0xb1
02-04 12:52:18.876 29956 29956 E ArmVmp : Match on catch block at 0xc3 in for 0xb5
02-04 12:52:18.882 29956 29956 E SpannableStringBuilder: SPAN_EXCLUSIVE_EXCLUSIVE spans cannot have a zero length
02-04 12:52:18.891 29956 29956 E SpannableStringBuilder: SPAN_EXCLUSIVE_EXCLUSIVE spans cannot have a zero length
02-04 12:52:18.893 29956 29956 E ArmVmp : Match on catch block at 0xc3 in for 0xb5
02-04 12:52:18.896 29956 29956 E ArmVmp : Match on catch block at 0xc3 in for 0xb9
02-04 12:52:18.916 29956 29956 E ArmVmp : Match on catch block at 0xc3 in for 0xb5
02-04 12:52:18.918 29956 29956 E ArmVmp : Match on catch block at 0xc3 in for 0xb9
02-04 12:52:18.932 29956 29956 E ArmVmp : Match on catch block at 0xc3 in for 0xb5
02-04 12:52:18.934 29956 29956 E ArmVmp : Match on catch block at 0xc3 in for 0xb9
02-04 12:52:18.949 29956 29956 E ArmVmp : Match on catch block at 0xc3 in for 0xb5
02-04 12:52:18.951 29956 29956 E ArmVmp : Match on catch block at 0xc3 in for 0xb9
02-04 12:52:19.191 29956 29956 E ArmVmp : Match on catch block at 0xc3 in for 0xb5
02-04 12:52:19.194 29956 29956 E ArmVmp : Match on catch block at 0xc3 in for 0xb9
02-04 12:52:19.238 29956 29956 E ArmVmp : Match on catch block at 0xc3 in for 0xb5
02-04 12:52:19.241 29956 29956 E ArmVmp : Match on catch block at 0xc3 in for 0xb9
02-04 12:52:19.260 29956 29956 E ArmVmp : Match on catch block at 0xc3 in for 0xb9
02-04 12:52:19.262 29956 29956 E ArmVmp : Match on catch block at 0xc3 in for 0xb1
02-04 12:52:19.269 29956 29956 E ArmVmp : Match on catch block at 0xc3 in for 0xb9
02-04 12:52:19.271 29956 29956 E ArmVmp : Match on catch block at 0xc3 in for 0xb1
02-04 12:52:19.288 29956 29956 E ArmVmp : Match on catch block at 0xc3 in for 0xb1
02-04 12:52:19.290 29956 29956 E ArmVmp : Match on catch block at 0xc3 in for 0xb5
02-04 12:52:19.298 29956 29956 E ArmVmp : Match on catch block at 0xc3 in for 0xb1
02-04 12:52:19.301 29956 29956 E ArmVmp : Match on catch block at 0xc3 in for 0xb5
02-04 12:52:19.332 29956 29956 E ArmVmp : Match on catch block at 0xc3 in for 0xb1
02-04 12:52:19.334 29956 29956 E ArmVmp : Match on catch block at 0xc3 in for 0xb5
02-04 12:52:19.501 29956 29956 E ArmVmp : Match on catch block at 0xc3 in for 0xb1
02-04 12:52:19.503 29956 29956 E ArmVmp : Match on catch block at 0xc3 in for 0xb5
02-04 12:52:19.567 29956 29956 E ArmVmp : Match on catch block at 0xc3 in for 0xb1
02-04 12:52:19.570 29956 29956 E ArmVmp : Match on catch block at 0xc3 in for 0xb5
02-04 12:52:20.889 29956 29956 E ArmVmp : Match on catch block at 0x0a in for 0xd9
02-04 12:52:20.893 29956 29956 E ArmVmp : Match on catch block at 0x0a in for 0xd5
02-04 12:52:21.117 29956 29956 E ArmVmp : Match on catch block at 0xc3 in for 0xc9
02-04 12:52:21.123 29956 29956 E ArmVmp : Match on catch block at 0xc3 in for 0xc9
02-04 12:52:21.147 29956 30601 E ArmVmp : Match on catch block at 0x48 in for 0x89
02-04 12:52:21.181 29956 29956 E ArmVmp : Match on catch block at 0xc3 in for 0xb1
02-04 12:52:21.183 29956 29956 E ArmVmp : Match on catch block at 0xc3 in for 0xb5
02-04 12:52:21.185 29956 29956 E ArmVmp : Match on catch block at 0xc3 in for 0xb5
02-04 12:52:21.220 29956 29956 E ArmVmp : Match on catch block at 0xc3 in for 0xb1
02-04 12:52:21.222 29956 29956 E ArmVmp : Match on catch block at 0xc3 in for 0xb5
02-04 12:52:21.224 29956 29956 E ArmVmp : Match on catch block at 0xc3 in for 0xb5
02-04 12:52:21.268 29956 29956 E ArmVmp : Match on catch block at 0xc3 in for 0xb1
02-04 12:52:21.270 29956 29956 E ArmVmp : Match on catch block at 0xc3 in for 0xb5
02-04 12:52:21.272 29956 29956 E ArmVmp : Match on catch block at 0xc3 in for 0xb5
02-04 12:52:21.289 29956 29956 E ArmVmp : Match on catch block at 0xc3 in for 0xb1
02-04 12:52:21.291 29956 29956 E ArmVmp : Match on catch block at 0xc3 in for 0xb5
02-04 12:52:21.293 29956 29956 E ArmVmp : Match on catch block at 0xc3 in for 0xb5
02-04 12:52:21.312 29956 29956 E SpannableStringBuilder: SPAN_EXCLUSIVE_EXCLUSIVE spans cannot have a zero length
02-04 12:52:21.314 29956 29956 E ArmVmp : Match on catch block at 0xc3 in for 0xb5
02-04 12:52:21.316 29956 29956 E ArmVmp : Match on catch block at 0xc3 in for 0xb9
02-04 12:52:21.318 29956 29956 E ArmVmp : Match on catch block at 0xc3 in for 0xb9
02-04 12:52:21.331 29956 29956 E ArmVmp : Match on catch block at 0xc3 in for 0xb1
02-04 12:52:21.333 29956 29956 E ArmVmp : Match on catch block at 0xc3 in for 0xb5
02-04 12:52:21.335 29956 29956 E ArmVmp : Match on catch block at 0xc3 in for 0xb5
02-04 12:52:21.343 29956 29956 E ArmVmp : Match on catch block at 0xc3 in for 0xb9
02-04 12:52:21.346 29956 29956 E ArmVmp : Match on catch block at 0xc3 in for 0xb1
02-04 12:52:21.348 29956 29956 E ArmVmp : Match on catch block at 0xc3 in for 0xb1
02-04 12:52:21.359 29956 29956 E ArmVmp : Match on catch block at 0xc3 in for 0xb5
02-04 12:52:21.362 29956 29956 E ArmVmp : Match on catch block at 0xc3 in for 0xb9
02-04 12:52:21.364 29956 29956 E ArmVmp : Match on catch block at 0xc3 in for 0xb9
02-04 12:52:21.376 29956 29956 E ArmVmp : Match on catch block at 0xc3 in for 0xb1
02-04 12:52:21.377 29956 30601 E ArmVmp : Match on catch block at 0x48 in for 0x99
02-04 12:52:21.378 29956 29956 E ArmVmp : Match on catch block at 0xc3 in for 0xb5
02-04 12:52:21.380 29956 29956 E ArmVmp : Match on catch block at 0xc3 in for 0xb5
02-04 12:52:21.392 29956 29956 E ArmVmp : Match on catch block at 0xc3 in for 0xb9
02-04 12:52:21.394 29956 29956 E ArmVmp : Match on catch block at 0xc3 in for 0xb1
02-04 12:52:21.396 29956 29956 E ArmVmp : Match on catch block at 0xc3 in for 0xb1
02-04 12:52:21.409 29956 29956 E ArmVmp : Match on catch block at 0xc3 in for 0xb5
02-04 12:52:21.411 29956 29956 E ArmVmp : Match on catch block at 0xc3 in for 0xb9
02-04 12:52:21.413 29956 29956 E ArmVmp : Match on catch block at 0xc3 in for 0xb9
02-04 12:52:21.426 29956 29956 E ArmVmp : Match on catch block at 0xc3 in for 0xb1
02-04 12:52:21.429 29956 29956 E ArmVmp : Match on catch block at 0xc3 in for 0xb5
02-04 12:52:21.432 29956 29956 E ArmVmp : Match on catch block at 0xc3 in for 0xb5
02-04 12:52:21.447 29956 29956 E ArmVmp : Match on catch block at 0xc3 in for 0xb9
02-04 12:52:21.449 29956 29956 E ArmVmp : Match on catch block at 0xc3 in for 0xb1
02-04 12:52:21.451 29956 29956 E ArmVmp : Match on catch block at 0xc3 in for 0xb1
02-04 12:52:21.459 29956 29956 E ArmVmp : Match on catch block at 0xc3 in for 0xb5
02-04 12:52:21.463 29956 29956 E ArmVmp : Match on catch block at 0xc3 in for 0xb9
02-04 12:52:21.480 29956 29956 E ArmVmp : Match on catch block at 0xc3 in for 0xb9
02-04 12:52:21.482 29956 29956 E ArmVmp : Match on catch block at 0xc3 in for 0xb1
02-04 12:52:21.484 29956 29956 E ArmVmp : Match on catch block at 0xc3 in for 0xb1
02-04 12:52:21.509 29956 29956 E ArmVmp : Match on catch block at 0xc3 in for 0xb5
02-04 12:52:21.512 29956 29956 E ArmVmp : Match on catch block at 0xc3 in for 0xb9
02-04 12:52:21.515 29956 29956 E ArmVmp : Match on catch block at 0xc3 in for 0xb9
02-04 12:52:21.540 29956 29956 E ArmVmp : Match on catch block at 0xc3 in for 0xb1
02-04 12:52:21.542 29956 29956 E ArmVmp : Match on catch block at 0xc3 in for 0xb5
02-04 12:52:21.544 29956 29956 E ArmVmp : Match on catch block at 0xc3 in for 0xb5
02-04 12:52:21.652 29956 29956 E ArmVmp : Match on catch block at 0xc3 in for 0xb9
02-04 12:52:21.654 29956 29956 E ArmVmp : Match on catch block at 0xc3 in for 0xb1
02-04 12:52:21.656 29956 29956 E ArmVmp : Match on catch block at 0xc3 in for 0xb1
02-04 12:52:40.395 29956 29956 E RecyclerView: No adapter attached; skipping layout
02-04 12:52:40.409 29956 29956 E RecyclerView: No adapter attached; skipping layout
02-04 12:52:42.756 29956 29956 E RecyclerView: No adapter attached; skipping layout
02-04 12:52:42.777 29956 29956 E RecyclerView: No adapter attached; skipping layout
02-04 12:52:42.998 29956 30824 E ACodec : [OMX.hisi.video.decoder.avc] setPortMode on output to DynamicANWBuffer failed w/ err -2147483648
02-04 12:52:43.089 29956 30833 E ion : ioctl c0044901 failed with code -1: Not a typewriter
02-04 12:52:43.254 29956 30005 E SQLiteDatabase: Error inserting UNIQUE constraint failed: message_media.message_row_id (Sqlite code 1555 SQLITE_CONSTRAINT_PRIMARYKEY), (OS error - 11:Try again)
02-04 12:52:47.176 29956 29956 E RecyclerView: No adapter attached; skipping layout
02-04 12:52:47.192 29956 29956 E RecyclerView: No adapter attached; skipping layout
02-04 12:52:47.807 29956 29956 E RecyclerView: No adapter attached; skipping layout
02-04 12:52:55.125 29956 29956 E RtgSchedManager: endActivityTransaction: margin state not match
02-04 12:52:55.186 29956 29956 E RtgSchedManager: endActivityTransaction: margin state not match
02-04 12:52:55.501 29956 29956 E RtgSchedManager: endActivityTransaction: margin state not match
02-04 12:52:57.678 29956 29956 E RecyclerView: No adapter attached; skipping layout
02-04 12:52:57.696 29956 29956 E RecyclerView: No adapter attached; skipping layout
02-04 12:56:08.202 29956 30005 E SQLiteDatabase: Error inserting UNIQUE constraint failed: message_media.message_row_id (Sqlite code 1555 SQLITE_CONSTRAINT_PRIMARYKEY), (OS error - 11:Try again)
02-04 13:08:32.432 29956 29956 E ArmVmp : Match on catch block at 0x0a in for 0xd5
02-04 13:08:32.435 29956 29956 E ArmVmp : Match on catch block at 0x0a in for 0xd1
02-04 13:08:32.706 29956 30601 E ArmVmp : Match on catch block at 0x48 in for 0x85
02-04 13:08:32.798 29956 29956 E ArmVmp : Match on catch block at 0xc3 in for 0xc5
02-04 13:08:32.806 29956 29956 E ArmVmp : Match on catch block at 0xc3 in for 0xc5
02-04 13:08:32.917 29956 29956 E ArmVmp : Match on catch block at 0xc3 in for 0xb1
02-04 13:08:32.920 29956 29956 E ArmVmp : Match on catch block at 0xc3 in for 0xb5
02-04 13:08:32.923 29956 29956 E ArmVmp : Match on catch block at 0xc3 in for 0xb5
02-04 13:08:32.946 29956 30601 E ArmVmp : Match on catch block at 0x48 in for 0x95
02-04 13:08:32.974 29956 29956 E ArmVmp : Match on catch block at 0xc3 in for 0xb9
02-04 13:08:32.977 29956 29956 E ArmVmp : Match on catch block at 0xc3 in for 0xb1
02-04 13:08:32.980 29956 29956 E ArmVmp : Match on catch block at 0xc3 in for 0xb1
02-04 13:08:33.010 29956 29956 E ArmVmp : Match on catch block at 0xc3 in for 0xb5
02-04 13:08:33.012 29956 29956 E ArmVmp : Match on catch block at 0xc3 in for 0xb9
02-04 13:08:33.015 29956 29956 E ArmVmp : Match on catch block at 0xc3 in for 0xb9
02-04 13:08:33.037 29956 29956 E ArmVmp : Match on catch block at 0xc3 in for 0xb1
02-04 13:08:33.040 29956 29956 E ArmVmp : Match on catch block at 0xc3 in for 0xb5
02-04 13:08:33.042 29956 29956 E ArmVmp : Match on catch block at 0xc3 in for 0xb5
02-04 13:08:33.055 29956 29956 E ArmVmp : Match on catch block at 0xc3 in for 0xb9
02-04 13:08:33.058 29956 29956 E ArmVmp : Match on catch block at 0xc3 in for 0xb1
02-04 13:08:33.060 29956 29956 E ArmVmp : Match on catch block at 0xc3 in for 0xb1
02-04 13:08:33.063 29956 29956 E SpannableStringBuilder: SPAN_EXCLUSIVE_EXCLUSIVE spans cannot have a zero length
02-04 13:08:33.080 29956 29956 E ArmVmp : Match on catch block at 0xc3 in for 0xb5
02-04 13:08:33.083 29956 29956 E ArmVmp : Match on catch block at 0xc3 in for 0xb9
02-04 13:08:33.086 29956 29956 E ArmVmp : Match on catch block at 0xc3 in for 0xb9
02-04 13:08:33.096 29956 29956 E ArmVmp : Match on catch block at 0xc3 in for 0xb1
02-04 13:08:33.099 29956 29956 E ArmVmp : Match on catch block at 0xc3 in for 0xb5
02-04 13:08:33.101 29956 29956 E ArmVmp : Match on catch block at 0xc3 in for 0xb5
02-04 13:08:33.113 29956 29956 E ArmVmp : Match on catch block at 0xc3 in for 0xb9
02-04 13:08:33.115 29956 29956 E ArmVmp : Match on catch block at 0xc3 in for 0xb1
02-04 13:08:33.117 29956 29956 E ArmVmp : Match on catch block at 0xc3 in for 0xb1
02-04 13:08:33.130 29956 29956 E ArmVmp : Match on catch block at 0xc3 in for 0xb5
02-04 13:08:33.133 29956 29956 E ArmVmp : Match on catch block at 0xc3 in for 0xb9
02-04 13:08:33.135 29956 29956 E ArmVmp : Match on catch block at 0xc3 in for 0xb9
02-04 13:08:33.146 29956 29956 E ArmVmp : Match on catch block at 0xc3 in for 0xb1
02-04 13:08:33.148 29956 29956 E ArmVmp : Match on catch block at 0xc3 in for 0xb5
02-04 13:08:33.151 29956 29956 E ArmVmp : Match on catch block at 0xc3 in for 0xb5
02-04 13:08:33.163 29956 29956 E ArmVmp : Match on catch block at 0xc3 in for 0xb9
02-04 13:08:33.166 29956 29956 E ArmVmp : Match on catch block at 0xc3 in for 0xb1
02-04 13:08:33.168 29956 29956 E ArmVmp : Match on catch block at 0xc3 in for 0xb1
02-04 13:08:33.179 29956 29956 E ArmVmp : Match on catch block at 0xc3 in for 0xb5
02-04 13:08:33.181 29956 29956 E ArmVmp : Match on catch block at 0xc3 in for 0xb9
02-04 13:08:33.196 29956 29956 E ArmVmp : Match on catch block at 0xc3 in for 0xb9
02-04 13:08:33.199 29956 29956 E ArmVmp : Match on catch block at 0xc3 in for 0xb1
02-04 13:08:33.201 29956 29956 E ArmVmp : Match on catch block at 0xc3 in for 0xb1
02-04 13:08:33.213 29956 29956 E ArmVmp : Match on catch block at 0xc3 in for 0xb5
02-04 13:08:33.215 29956 29956 E ArmVmp : Match on catch block at 0xc3 in for 0xb9
02-04 13:08:33.218 29956 29956 E ArmVmp : Match on catch block at 0xc3 in for 0xb9
02-04 13:08:33.229 29956 29956 E ArmVmp : Match on catch block at 0xc3 in for 0xb1
02-04 13:08:33.233 29956 29956 E ArmVmp : Match on catch block at 0xc3 in for 0xb5
02-04 13:08:33.235 29956 29956 E ArmVmp : Match on catch block at 0xc3 in for 0xb5
02-04 13:08:33.246 29956 29956 E ArmVmp : Match on catch block at 0xc3 in for 0xb1
02-04 13:08:33.249 29956 29956 E ArmVmp : Match on catch block at 0xc3 in for 0xb5
02-04 13:08:33.252 29956 29956 E ArmVmp : Match on catch block at 0xc3 in for 0xb5
02-04 13:08:33.264 29956 29956 E ArmVmp : Match on catch block at 0xc3 in for 0xb9
02-04 13:08:33.267 29956 29956 E ArmVmp : Match on catch block at 0xc3 in for 0xb1
02-04 13:08:33.269 29956 29956 E ArmVmp : Match on catch block at 0xc3 in for 0xb1
02-04 13:08:33.279 29956 29956 E ArmVmp : Match on catch block at 0xc3 in for 0xb5
02-04 13:08:33.283 29956 29956 E ArmVmp : Match on catch block at 0xc3 in for 0xb9
02-04 13:08:33.286 29956 29956 E ArmVmp : Match on catch block at 0xc3 in for 0xb9
02-04 13:08:33.346 29956 29956 E ArmVmp : Match on catch block at 0xc3 in for 0xb1
02-04 13:08:33.349 29956 29956 E ArmVmp : Match on catch block at 0xc3 in for 0xb5
02-04 13:08:33.352 29956 29956 E ArmVmp : Match on catch block at 0xc3 in for 0xb5
02-04 13:08:33.412 29956 29956 E ArmVmp : Match on catch block at 0xc3 in for 0xb9
02-04 13:08:33.416 29956 29956 E ArmVmp : Match on catch block at 0xc3 in for 0xb1
02-04 13:08:33.419 29956 29956 E ArmVmp : Match on catch block at 0xc3 in for 0xb1
02-04 13:08:33.446 29956 29956 E ArmVmp : Match on catch block at 0xc3 in for 0xb5
02-04 13:08:33.450 29956 29956 E ArmVmp : Match on catch block at 0xc3 in for 0xb9
02-04 13:08:33.454 29956 29956 E ArmVmp : Match on catch block at 0xc3 in for 0xb9
02-04 13:08:33.479 29956 29956 E ArmVmp : Match on catch block at 0xc3 in for 0xb1
02-04 13:08:33.482 29956 29956 E ArmVmp : Match on catch block at 0xc3 in for 0xb5
02-04 13:08:33.485 29956 29956 E ArmVmp : Match on catch block at 0xc3 in for 0xb5
02-04 13:08:33.513 29956 29956 E ArmVmp : Match on catch block at 0xc3 in for 0xb9
02-04 13:08:33.517 29956 29956 E ArmVmp : Match on catch block at 0xc3 in for 0xb1
02-04 13:08:33.520 29956 29956 E ArmVmp : Match on catch block at 0xc3 in for 0xb1
02-04 13:08:33.547 29956 29956 E ArmVmp : Match on catch block at 0xc3 in for 0xb9
02-04 13:08:33.550 29956 29956 E ArmVmp : Match on catch block at 0xc3 in for 0xb1
02-04 13:08:33.553 29956 29956 E ArmVmp : Match on catch block at 0xc3 in for 0xb1
02-04 13:08:33.576 29956 29956 E ArmVmp : Match on catch block at 0xc3 in for 0xb5
02-04 13:08:33.580 29956 29956 E ArmVmp : Match on catch block at 0xc3 in for 0xb9
02-04 13:08:33.584 29956 29956 E ArmVmp : Match on catch block at 0xc3 in for 0xb9
02-04 13:08:33.621 29956 30005 E SQLiteDatabase: Error inserting UNIQUE constraint failed: message_media.message_row_id (Sqlite code 1555 SQLITE_CONSTRAINT_PRIMARYKEY), (OS error - 11:Try again)
02-04 13:08:33.673 29956 29956 E ArmVmp : Match on catch block at 0xc3 in for 0xb5
02-04 13:08:33.676 29956 29956 E ArmVmp : Match on catch block at 0xc3 in for 0xb9
02-04 13:08:33.678 29956 29956 E ArmVmp : Match on catch block at 0xc3 in for 0xb9
02-04 13:08:33.709 29956 29956 E ArmVmp : Match on catch block at 0xc3 in for 0xb5
02-04 13:08:33.713 29956 29956 E ArmVmp : Match on catch block at 0xc3 in for 0xb9
02-04 13:08:33.716 29956 29956 E ArmVmp : Match on catch block at 0xc3 in for 0xb9
02-04 13:08:33.725 29956 29956 E ArmVmp : Match on catch block at 0xc3 in for 0xb1
02-04 13:08:33.731 29956 29956 E ArmVmp : Match on catch block at 0xc3 in for 0xb5
02-04 13:08:33.735 29956 29956 E ArmVmp : Match on catch block at 0xc3 in for 0xb5
02-04 13:08:33.742 29956 29956 E ArmVmp : Match on catch block at 0xc3 in for 0xb9
02-04 13:08:33.746 29956 29956 E ArmVmp : Match on catch block at 0xc3 in for 0xb1
02-04 13:08:33.750 29956 29956 E ArmVmp : Match on catch block at 0xc3 in for 0xb1
02-04 13:08:33.759 29956 29956 E ArmVmp : Match on catch block at 0xc3 in for 0xb5
02-04 13:08:33.762 29956 29956 E ArmVmp : Match on catch block at 0xc3 in for 0xb9
02-04 13:08:33.764 29956 29956 E ArmVmp : Match on catch block at 0xc3 in for 0xb9
02-04 13:08:33.771 29956 29956 E ArmVmp : Match on catch block at 0xc3 in for 0xb1
02-04 13:08:33.774 29956 29956 E ArmVmp : Match on catch block at 0xc3 in for 0xb5
02-04 13:08:33.776 29956 29956 E ArmVmp : Match on catch block at 0xc3 in for 0xb5
02-04 13:08:33.780 29956 29956 E ArmVmp : Match on catch block at 0xc3 in for 0xb9
02-04 13:08:33.783 29956 29956 E ArmVmp : Match on catch block at 0xc3 in for 0xb1
02-04 13:08:33.785 29956 29956 E ArmVmp : Match on catch block at 0xc3 in for 0xb1
02-04 13:08:33.794 29956 29956 E ArmVmp : Match on catch block at 0xc3 in for 0xb5
02-04 13:08:33.797 29956 29956 E ArmVmp : Match on catch block at 0xc3 in for 0xb9
02-04 13:08:33.799 29956 29956 E ArmVmp : Match on catch block at 0xc3 in for 0xb9
02-04 13:08:33.811 29956 29956 E ArmVmp : Match on catch block at 0xc3 in for 0xb1
02-04 13:08:33.815 29956 29956 E ArmVmp : Match on catch block at 0xc3 in for 0xb5
02-04 13:08:33.817 29956 29956 E ArmVmp : Match on catch block at 0xc3 in for 0xb5
02-04 13:08:33.828 29956 29956 E ArmVmp : Match on catch block at 0xc3 in for 0xb9
02-04 13:08:33.831 29956 29956 E ArmVmp : Match on catch block at 0xc3 in for 0xb1
02-04 13:08:33.833 29956 29956 E ArmVmp : Match on catch block at 0xc3 in for 0xb1
02-04 13:08:33.844 29956 29956 E ArmVmp : Match on catch block at 0xc3 in for 0xb5
02-04 13:08:33.847 29956 29956 E ArmVmp : Match on catch block at 0xc3 in for 0xb9
02-04 13:08:33.849 29956 29956 E ArmVmp : Match on catch block at 0xc3 in for 0xb9
02-04 13:08:33.861 29956 29956 E ArmVmp : Match on catch block at 0xc3 in for 0xb1
02-04 13:08:33.864 29956 29956 E ArmVmp : Match on catch block at 0xc3 in for 0xb5
02-04 13:08:33.866 29956 29956 E ArmVmp : Match on catch block at 0xc3 in for 0xb5
02-04 13:08:33.877 29956 29956 E ArmVmp : Match on catch block at 0xc3 in for 0xb9
02-04 13:08:33.881 29956 29956 E ArmVmp : Match on catch block at 0xc3 in for 0xb1
02-04 13:08:33.883 29956 29956 E ArmVmp : Match on catch block at 0xc3 in for 0xb1
02-04 13:08:33.894 29956 29956 E ArmVmp : Match on catch block at 0xc3 in for 0xb5
02-04 13:08:33.898 29956 29956 E ArmVmp : Match on catch block at 0xc3 in for 0xb9
02-04 13:08:33.901 29956 29956 E ArmVmp : Match on catch block at 0xc3 in for 0xb9
02-04 13:08:33.911 29956 29956 E ArmVmp : Match on catch block at 0xc3 in for 0xb1
02-04 13:08:33.913 29956 29956 E ArmVmp : Match on catch block at 0xc3 in for 0xb5
02-04 13:08:33.915 29956 29956 E ArmVmp : Match on catch block at 0xc3 in for 0xb5
02-04 13:08:33.927 29956 29956 E ArmVmp : Match on catch block at 0xc3 in for 0xb9
02-04 13:08:33.927 29956 30006 E SQLiteDatabase: Error inserting UNIQUE constraint failed: message_media.message_row_id (Sqlite code 1555 SQLITE_CONSTRAINT_PRIMARYKEY), (OS error - 11:Try again)
02-04 13:08:33.930 29956 29956 E ArmVmp : Match on catch block at 0xc3 in for 0xb1
02-04 13:08:33.932 29956 29956 E ArmVmp : Match on catch block at 0xc3 in for 0xb1
02-04 13:08:33.949 29956 29956 E ArmVmp : Match on catch block at 0xc3 in for 0xb5
02-04 13:08:33.952 29956 29956 E ArmVmp : Match on catch block at 0xc3 in for 0xb9
02-04 13:08:33.954 29956 29956 E ArmVmp : Match on catch block at 0xc3 in for 0xb9
02-04 13:08:33.963 29956 29956 E ArmVmp : Match on catch block at 0xc3 in for 0xb1
02-04 13:08:33.966 29956 29956 E ArmVmp : Match on catch block at 0xc3 in for 0xb5
02-04 13:08:33.969 29956 29956 E ArmVmp : Match on catch block at 0xc3 in for 0xb5
02-04 13:08:34.027 29956 29956 E ArmVmp : Match on catch block at 0xc3 in for 0xb9
02-04 13:08:34.030 29956 29956 E ArmVmp : Match on catch block at 0xc3 in for 0xb1
02-04 13:08:34.077 29956 29956 E ArmVmp : Match on catch block at 0xc3 in for 0xb1
02-04 13:08:34.080 29956 29956 E ArmVmp : Match on catch block at 0xc3 in for 0xb5
02-04 13:08:34.082 29956 29956 E ArmVmp : Match on catch block at 0xc3 in for 0xb5
02-04 13:08:34.127 29956 29956 E ArmVmp : Match on catch block at 0xc3 in for 0xb9
02-04 13:08:34.129 29956 29956 E ArmVmp : Match on catch block at 0xc3 in for 0xb1
02-04 13:08:34.131 29956 29956 E ArmVmp : Match on catch block at 0xc3 in for 0xb1
02-04 13:08:34.178 29956 29956 E ArmVmp : Match on catch block at 0xc3 in for 0xb5
02-04 13:08:34.181 29956 29956 E ArmVmp : Match on catch block at 0xc3 in for 0xb9
02-04 13:08:34.183 29956 29956 E ArmVmp : Match on catch block at 0xc3 in for 0xb9
02-04 13:08:34.227 29956 29956 E ArmVmp : Match on catch block at 0xc3 in for 0xb1
02-04 13:08:34.230 29956 29956 E ArmVmp : Match on catch block at 0xc3 in for 0xb5
02-04 13:08:34.233 29956 29956 E ArmVmp : Match on catch block at 0xc3 in for 0xb5
02-04 13:08:34.278 29956 29956 E ArmVmp : Match on catch block at 0xc3 in for 0xb9
02-04 13:08:34.281 29956 29956 E ArmVmp : Match on catch block at 0xc3 in for 0xb1
02-04 13:08:34.283 29956 29956 E ArmVmp : Match on catch block at 0xc3 in for 0xb1
02-04 13:08:34.327 29956 29956 E ArmVmp : Match on catch block at 0xc3 in for 0xb5
02-04 13:08:34.330 29956 29956 E ArmVmp : Match on catch block at 0xc3 in for 0xb9
02-04 13:08:34.333 29956 29956 E ArmVmp : Match on catch block at 0xc3 in for 0xb9
02-04 13:08:34.377 29956 29956 E ArmVmp : Match on catch block at 0xc3 in for 0xb1
02-04 13:08:34.380 29956 29956 E ArmVmp : Match on catch block at 0xc3 in for 0xb5
02-04 13:08:34.382 29956 29956 E ArmVmp : Match on catch block at 0xc3 in for 0xb5
02-04 13:08:34.430 29956 29956 E ArmVmp : Match on catch block at 0xc3 in for 0xb9
02-04 13:08:34.434 29956 29956 E ArmVmp : Match on catch block at 0xc3 in for 0xb1
02-04 13:08:34.438 29956 29956 E ArmVmp : Match on catch block at 0xc3 in for 0xb1
02-04 13:08:34.478 29956 29956 E ArmVmp : Match on catch block at 0xc3 in for 0xb5
02-04 13:08:34.481 29956 29956 E ArmVmp : Match on catch block at 0xc3 in for 0xb9
02-04 13:08:34.484 29956 29956 E ArmVmp : Match on catch block at 0xc3 in for 0xb9
02-04 13:08:34.493 29956 29956 E ArmVmp : Match on catch block at 0xc3 in for 0xb1
02-04 13:08:34.496 29956 29956 E ArmVmp : Match on catch block at 0xc3 in for 0xb5
02-04 13:08:34.498 29956 29956 E ArmVmp : Match on catch block at 0xc3 in for 0xb5
02-04 13:08:34.562 29956 29956 E ArmVmp : Match on catch block at 0xc3 in for 0xb9
02-04 13:08:34.567 29956 29956 E ArmVmp : Match on catch block at 0xc3 in for 0xb1
02-04 13:08:34.570 29956 29956 E ArmVmp : Match on catch block at 0xc3 in for 0xb1
02-04 13:08:34.611 29956 29956 E ArmVmp : Match on catch block at 0xc3 in for 0xb5
02-04 13:08:34.616 29956 29956 E ArmVmp : Match on catch block at 0xc3 in for 0xb9
02-04 13:08:34.620 29956 29956 E ArmVmp : Match on catch block at 0xc3 in for 0xb9
02-04 13:08:34.660 29956 29956 E ArmVmp : Match on catch block at 0xc3 in for 0xb1
02-04 13:08:34.667 29956 29956 E ArmVmp : Match on catch block at 0xc3 in for 0xb5
02-04 13:08:34.671 29956 29956 E ArmVmp : Match on catch block at 0xc3 in for 0xb5
02-04 13:08:34.712 29956 29956 E ArmVmp : Match on catch block at 0xc3 in for 0xb1
02-04 13:08:34.718 29956 29956 E ArmVmp : Match on catch block at 0xc3 in for 0xb5
02-04 13:08:34.722 29956 29956 E ArmVmp : Match on catch block at 0xc3 in for 0xb5
02-04 13:08:34.776 29956 29956 E ArmVmp : Match on catch block at 0xc3 in for 0xb9
02-04 13:08:34.778 29956 29956 E ArmVmp : Match on catch block at 0xc3 in for 0xb1
02-04 13:08:34.780 29956 29956 E ArmVmp : Match on catch block at 0xc3 in for 0xb1
02-04 13:08:34.825 29956 29956 E ArmVmp : Match on catch block at 0xc3 in for 0xb5
02-04 13:08:34.827 29956 29956 E ArmVmp : Match on catch block at 0xc3 in for 0xb9
02-04 13:08:34.831 29956 29956 E ArmVmp : Match on catch block at 0xc3 in for 0xb9
02-04 13:08:34.876 29956 29956 E ArmVmp : Match on catch block at 0xc3 in for 0xb1
02-04 13:08:34.878 29956 29956 E ArmVmp : Match on catch block at 0xc3 in for 0xb5
02-04 13:08:34.880 29956 29956 E ArmVmp : Match on catch block at 0xc3 in for 0xb5
02-04 13:08:34.925 29956 29956 E ArmVmp : Match on catch block at 0xc3 in for 0xb9
02-04 13:08:34.927 29956 29956 E ArmVmp : Match on catch block at 0xc3 in for 0xb1
02-04 13:08:34.929 29956 29956 E ArmVmp : Match on catch block at 0xc3 in for 0xb1
02-04 13:08:34.977 29956 29956 E ArmVmp : Match on catch block at 0xc3 in for 0xb5
02-04 13:08:34.982 29956 29956 E ArmVmp : Match on catch block at 0xc3 in for 0xb9
02-04 13:08:34.986 29956 29956 E ArmVmp : Match on catch block at 0xc3 in for 0xb9
02-04 13:08:35.008 29956 29956 E ArmVmp : Match on catch block at 0xc3 in for 0xb1
02-04 13:08:35.012 29956 29956 E ArmVmp : Match on catch block at 0xc3 in for 0xb5
02-04 13:08:35.015 29956 29956 E ArmVmp : Match on catch block at 0xc3 in for 0xb5
02-04 13:08:35.058 29956 29956 E ArmVmp : Match on catch block at 0xc3 in for 0xb9
02-04 13:08:35.062 29956 29956 E ArmVmp : Match on catch block at 0xc3 in for 0xb1
02-04 13:08:35.065 29956 29956 E ArmVmp : Match on catch block at 0xc3 in for 0xb1
02-04 13:08:35.108 29956 29956 E ArmVmp : Match on catch block at 0xc3 in for 0xb5
02-04 13:08:35.111 29956 29956 E ArmVmp : Match on catch block at 0xc3 in for 0xb9
02-04 13:08:35.113 29956 29956 E ArmVmp : Match on catch block at 0xc3 in for 0xb9
02-04 13:08:35.159 29956 29956 E ArmVmp : Match on catch block at 0xc3 in for 0xb1
02-04 13:08:35.163 29956 29956 E ArmVmp : Match on catch block at 0xc3 in for 0xb5
02-04 13:08:35.166 29956 29956 E ArmVmp : Match on catch block at 0xc3 in for 0xb5
02-04 13:08:35.209 29956 29956 E ArmVmp : Match on catch block at 0xc3 in for 0xb9
02-04 13:08:35.214 29956 29956 E ArmVmp : Match on catch block at 0xc3 in for 0xb1
02-04 13:08:35.218 29956 29956 E ArmVmp : Match on catch block at 0xc3 in for 0xb1
02-04 13:08:35.258 29956 29956 E ArmVmp : Match on catch block at 0xc3 in for 0xb5
02-04 13:08:35.262 29956 29956 E ArmVmp : Match on catch block at 0xc3 in for 0xb9
02-04 13:08:35.309 29956 29956 E ArmVmp : Match on catch block at 0xc3 in for 0xb9
02-04 13:08:35.312 29956 29956 E ArmVmp : Match on catch block at 0xc3 in for 0xb1
02-04 13:08:35.316 29956 29956 E ArmVmp : Match on catch block at 0xc3 in for 0xb1
02-04 13:08:35.357 29956 29956 E ArmVmp : Match on catch block at 0xc3 in for 0xb5
02-04 13:08:35.360 29956 29956 E ArmVmp : Match on catch block at 0xc3 in for 0xb9
02-04 13:08:35.365 29956 29956 E ArmVmp : Match on catch block at 0xc3 in for 0xb9
