01-27 18:31:11.380 26971 26997 E AwareLog: AtomicFileUtils: readFileLines file not exist: android.util.AtomicFile@3b6d564
01-27 18:31:12.397 26971 26971 E ArmVmp : Match on catch block at 0x0a in for 0xd1
01-27 18:31:12.418 26971 26971 E ArmVmp : Match on catch block at 0x0a in for 0x149
01-27 18:31:13.792 26971 26971 E RecyclerView: No adapter attached; skipping layout
01-27 18:31:13.813 26971 26971 E ArmVmp : Match on catch block at 0x0a in for 0xe5
01-27 18:31:13.876 26971 26971 E RecyclerView: No adapter attached; skipping layout
01-27 18:31:13.907 26971 26971 E HwViewGroupImpl: parse speed value length error
01-27 18:31:29.392 26971 26971 E RtgSchedManager: endActivityTransaction: margin state not match
01-27 18:31:29.442 26971 26971 E RtgSchedManager: endActivityTransaction: margin state not match
01-27 18:31:29.447 26971 26971 E RtgSchedManager: endActivityTransaction: margin state not match
01-27 18:31:29.586 26971 26971 E RtgSchedManager: endActivityTransaction: margin state not match
01-27 18:31:29.586 26971 26971 E RtgSchedManager: endActivityTransaction: margin state not match
01-27 18:31:29.593 26971 26971 E RtgSchedManager: endActivityTransaction: margin state not match
01-27 18:31:29.610 26971 26971 E RtgSchedManager: endActivityTransaction: margin state not match
01-27 18:31:29.777 26971 26971 E RtgSchedManager: endActivityTransaction: margin state not match
01-27 18:31:29.788 26971 26971 E RtgSchedManager: endActivityTransaction: margin state not match
01-27 18:31:29.803 26971 26971 E RtgSchedManager: endActivityTransaction: margin state not match
01-27 18:31:42.896 26971 26971 E AwareLog: DynBufManager: endFling hash null
01-27 18:31:43.595 26971 26971 E AwareLog: DynBufManager: endFling hash null
01-27 18:31:49.130 26971 26971 E AwareLog: DynBufManager: endFling hash null
01-27 18:31:50.310 26971 26971 E AwareLog: DynBufManager: endFling hash null
01-27 18:32:20.869 26971 26971 E AwareLog: DynBufManager: endFling hash null
01-27 18:32:50.797 26971 26971 E RtgSchedManager: endActivityTransaction: margin state not match
01-27 18:32:50.849 26971 26971 E RtgSchedManager: endActivityTransaction: margin state not match
01-27 18:32:50.852 26971 26971 E RtgSchedManager: endActivityTransaction: margin state not match
01-27 18:32:51.414 26971 26971 E RtgSchedManager: endActivityTransaction: margin state not match --------- beginning of main
01-28 02:00:09.215 7356 7356 E com.mbwhatsapp: LoadAppImageStartupCache enabled : 1
01-28 02:00:09.222 7356 7356 E com.mbwhatsapp: Not starting debugger since process cannot load the jdwp agent.
01-28 02:00:09.260 7356 7375 E BehaviorCollectManager: Fail to acquire dataAnalyzerService...
01-28 02:00:09.844 7356 7424 E AwareLog: AtomicFileUtils: readFileLines file not exist: android.util.AtomicFile@28faef6
01-28 02:00:09.845 7356 7424 E AwareLog: AtomicFileUtils: readFileLines file not exist: android.util.AtomicFile@6c0a2f7
01-28 02:00:09.860 7356 7356 E CustomActivityOnCrash: IMPORTANT WARNING! You already have an UncaughtExceptionHandler, are you sure this is correct? If you use a custom UncaughtExceptionHandler, you must initialize it AFTER CustomActivityOnCrash! Installing anyway, but your original handler will not be called. --------- beginning of main
01-28 17:58:42.380 12987 12987 E com.mbwhatsapp: LoadAppImageStartupCache enabled : 1
01-28 17:58:42.383 12987 12987 E com.mbwhatsapp: Not starting debugger since process cannot load the jdwp agent.
01-28 17:58:42.422 12987 13007 E BehaviorCollectManager: Fail to acquire dataAnalyzerService...
01-28 17:58:42.542 12987 12987 E CustomActivityOnCrash: IMPORTANT WARNING! You already have an UncaughtExceptionHandler, are you sure this is correct? If you use a custom UncaughtExceptionHandler, you must initialize it AFTER CustomActivityOnCrash! Installing anyway, but your original handler will not be called.
01-28 17:58:42.546 12987 13015 E AwareLog: AtomicFileUtils: readFileLines file not exist: android.util.AtomicFile@6c0a2f7
01-28 17:58:42.547 12987 13015 E AwareLog: AtomicFileUtils: readFileLines file not exist: android.util.AtomicFile@3b6d564
01-28 17:58:43.837 12987 13135 E PlayCore: UID: [10198] PID: [12987] StandardIntegrity : Phonesky is not installed. --------- beginning of main
01-28 18:04:06.576 19243 19243 E com.mbwhatsapp: LoadAppImageStartupCache enabled : 1
01-28 18:04:06.581 19243 19243 E com.mbwhatsapp: Not starting debugger since process cannot load the jdwp agent.
01-28 18:04:06.609 19243 19261 E BehaviorCollectManager: Fail to acquire dataAnalyzerService...
01-28 18:04:06.859 19243 19243 E CustomActivityOnCrash: IMPORTANT WARNING! You already have an UncaughtExceptionHandler, are you sure this is correct? If you use a custom UncaughtExceptionHandler, you must initialize it AFTER CustomActivityOnCrash! Installing anyway, but your original handler will not be called.
01-28 18:04:06.860 19243 19266 E AwareLog: AtomicFileUtils: readFileLines file not exist: android.util.AtomicFile@6c0a2f7
01-28 18:04:06.861 19243 19266 E AwareLog: AtomicFileUtils: readFileLines file not exist: android.util.AtomicFile@3b6d564 --------- beginning of main
01-28 18:19:34.645 31161 31161 E com.mbwhatsapp: LoadAppImageStartupCache enabled : 1
01-28 18:19:34.648 31161 31161 E com.mbwhatsapp: Not starting debugger since process cannot load the jdwp agent.
01-28 18:19:34.672 31161 31179 E BehaviorCollectManager: Fail to acquire dataAnalyzerService...
01-28 18:19:35.048 31161 31161 E CustomActivityOnCrash: IMPORTANT WARNING! You already have an UncaughtExceptionHandler, are you sure this is correct? If you use a custom UncaughtExceptionHandler, you must initialize it AFTER CustomActivityOnCrash! Installing anyway, but your original handler will not be called.
01-28 18:19:35.053 31161 31189 E AwareLog: AtomicFileUtils: readFileLines file not exist: android.util.AtomicFile@6c0a2f7
01-28 18:19:35.053 31161 31189 E AwareLog: AtomicFileUtils: readFileLines file not exist: android.util.AtomicFile@3b6d564 --------- beginning of main
01-28 23:12:52.489 27043 27043 E com.mbwhatsapp: LoadAppImageStartupCache enabled : 1
01-28 23:12:52.498 27043 27043 E com.mbwhatsapp: Not starting debugger since process cannot load the jdwp agent.
01-28 23:12:52.541 27043 27068 E BehaviorCollectManager: Fail to acquire dataAnalyzerService...
01-28 23:12:53.017 27043 27181 E AwareLog: AtomicFileUtils: readFileLines file not exist: android.util.AtomicFile@28faef6
01-28 23:12:53.018 27043 27043 E CustomActivityOnCrash: IMPORTANT WARNING! You already have an UncaughtExceptionHandler, are you sure this is correct? If you use a custom UncaughtExceptionHandler, you must initialize it AFTER CustomActivityOnCrash! Installing anyway, but your original handler will not be called.
01-28 23:12:53.018 27043 27181 E AwareLog: AtomicFileUtils: readFileLines file not exist: android.util.AtomicFile@3b6d564 --------- beginning of main
01-29 02:00:09.217 8669 8669 E com.mbwhatsapp: LoadAppImageStartupCache enabled : 1
01-29 02:00:09.221 8669 8669 E com.mbwhatsapp: Not starting debugger since process cannot load the jdwp agent.
01-29 02:00:09.264 8669 8688 E BehaviorCollectManager: Fail to acquire dataAnalyzerService...
01-29 02:00:09.598 8669 8755 E AwareLog: AtomicFileUtils: readFileLines file not exist: android.util.AtomicFile@28faef6
01-29 02:00:09.599 8669 8755 E AwareLog: AtomicFileUtils: readFileLines file not exist: android.util.AtomicFile@6c0a2f7
01-29 02:00:09.599 8669 8669 E CustomActivityOnCrash: IMPORTANT WARNING! You already have an UncaughtExceptionHandler, are you sure this is correct? If you use a custom UncaughtExceptionHandler, you must initialize it AFTER CustomActivityOnCrash! Installing anyway, but your original handler will not be called. --------- beginning of main
01-29 07:15:36.382 23544 23544 E com.mbwhatsapp: LoadAppImageStartupCache enabled : 1
01-29 07:15:36.387 23544 23544 E com.mbwhatsapp: Not starting debugger since process cannot load the jdwp agent.
01-29 07:15:36.431 23544 23575 E BehaviorCollectManager: Fail to acquire dataAnalyzerService...
01-29 07:15:36.761 23544 23544 E CustomActivityOnCrash: IMPORTANT WARNING! You already have an UncaughtExceptionHandler, are you sure this is correct? If you use a custom UncaughtExceptionHandler, you must initialize it AFTER CustomActivityOnCrash! Installing anyway, but your original handler will not be called.
01-29 07:15:36.763 23544 23579 E AwareLog: AtomicFileUtils: readFileLines file not exist: android.util.AtomicFile@28faef6
01-29 07:15:36.763 23544 23579 E AwareLog: AtomicFileUtils: readFileLines file not exist: android.util.AtomicFile@3b6d564 --------- beginning of main
01-29 08:31:55.887 25882 25882 E com.mbwhatsapp: LoadAppImageStartupCache enabled : 1
01-29 08:31:55.892 25882 25882 E com.mbwhatsapp: Not starting debugger since process cannot load the jdwp agent.
01-29 08:31:55.976 25882 25913 E BehaviorCollectManager: Fail to acquire dataAnalyzerService...
01-29 08:31:56.112 25882 25882 E CustomActivityOnCrash: IMPORTANT WARNING! You already have an UncaughtExceptionHandler, are you sure this is correct? If you use a custom UncaughtExceptionHandler, you must initialize it AFTER CustomActivityOnCrash! Installing anyway, but your original handler will not be called.
01-29 08:31:56.139 25882 25935 E AwareLog: AtomicFileUtils: readFileLines file not exist: android.util.AtomicFile@d5ae8d7
01-29 08:31:56.140 25882 25935 E AwareLog: AtomicFileUtils: readFileLines file not exist: android.util.AtomicFile@444ecad --------- beginning of main
02-01 20:01:13.676 7223 7223 E com.mbwhatsapp: LoadAppImageStartupCache enabled : 1
02-01 20:01:13.681 7223 7223 E com.mbwhatsapp: Not starting debugger since process cannot load the jdwp agent.
02-01 20:01:13.744 7223 7256 E BehaviorCollectManager: Fail to acquire dataAnalyzerService...
02-01 20:01:13.897 7223 7223 E CustomActivityOnCrash: IMPORTANT WARNING! You already have an UncaughtExceptionHandler, are you sure this is correct? If you use a custom UncaughtExceptionHandler, you must initialize it AFTER CustomActivityOnCrash! Installing anyway, but your original handler will not be called.
02-01 20:01:13.903 7223 7271 E AwareLog: AtomicFileUtils: readFileLines file not exist: android.util.AtomicFile@f0c0366
02-01 20:01:13.904 7223 7271 E AwareLog: AtomicFileUtils: readFileLines file not exist: android.util.AtomicFile@80ab6a7
02-01 20:01:14.720 7223 7223 E ArmVmp : Match on catch block at 0x0a in for 0xd5
02-01 20:01:14.735 7223 7223 E ArmVmp : Match on catch block at 0x0a in for 0x141
02-01 20:01:15.489 7223 7453 E PlayCore: UID: [10198] PID: [7223] StandardIntegrity : Phonesky is not installed.
02-01 20:01:15.703 7223 7335 E ArmVmp : Match on catch block at 0x48 in for 0x89
02-01 20:01:15.777 7223 7223 E ArmVmp : Match on catch block at 0x0a in for 0x1e5 --------- beginning of crash
02-01 20:01:15.825 7223 7223 E AndroidRuntime: FATAL EXCEPTION: main
02-01 20:01:15.825 7223 7223 E AndroidRuntime: Process: com.mbwhatsapp, PID: 7223
02-01 20:01:15.825 7223 7223 E AndroidRuntime: android.view.WindowManager$BadTokenException: Unable to add window -- token android.os.BinderProxy@7f7b246 is not valid; is your activity running?
02-01 20:01:15.825 7223 7223 E AndroidRuntime: at android.view.ViewRootImpl.setView(ViewRootImpl.java:1195)
02-01 20:01:15.825 7223 7223 E AndroidRuntime: at android.view.WindowManagerGlobal.addView(WindowManagerGlobal.java:475)
02-01 20:01:15.825 7223 7223 E AndroidRuntime: at android.view.WindowManagerImpl.addView(WindowManagerImpl.java:130)
02-01 20:01:15.825 7223 7223 E AndroidRuntime: at android.app.Dialog.show(Dialog.java:578)
02-01 20:01:15.825 7223 7223 E AndroidRuntime: at mbmodsd.mbmodsw.mbdialog.mbdialogios.iOSDark.show(Native Method)
02-01 20:01:15.825 7223 7223 E AndroidRuntime: at mbmodsd.mbmodsw.mbutils.mbiosdialog.mbiosdialog(Native Method)
02-01 20:01:15.825 7223 7223 E AndroidRuntime: at mbmodsd.mbmodsw.mbutils.mbiosdialog.translatedialog(Native Method)
02-01 20:01:15.825 7223 7223 E AndroidRuntime: at mbmodsd.mbmodsw.home.MBTranslator$2.onSuccess(Native Method)
02-01 20:01:15.825 7223 7223 E AndroidRuntime: at mbmodsd.mbmodsw.home.MBTranslator$Async.onPostExecute(Native Method)
02-01 20:01:15.825 7223 7223 E AndroidRuntime: at mbmodsd.mbmodsw.home.MBTranslator$Async.onPostExecute(Native Method)
02-01 20:01:15.825 7223 7223 E AndroidRuntime: at android.os.AsyncTask.finish(AsyncTask.java:797)
02-01 20:01:15.825 7223 7223 E AndroidRuntime: at android.os.AsyncTask.access$900(AsyncTask.java:195)
02-01 20:01:15.825 7223 7223 E AndroidRuntime: at android.os.AsyncTask$InternalHandler.handleMessage(AsyncTask.java:814)
02-01 20:01:15.825 7223 7223 E AndroidRuntime: at android.os.Handler.dispatchMessage(Handler.java:110)
02-01 20:01:15.825 7223 7223 E AndroidRuntime: at android.os.Looper.loop(Looper.java:219)
02-01 20:01:15.825 7223 7223 E AndroidRuntime: at android.app.ActivityThread.main(ActivityThread.java:8668)
02-01 20:01:15.825 7223 7223 E AndroidRuntime: at java.lang.reflect.Method.invoke(Native Method)
02-01 20:01:15.825 7223 7223 E AndroidRuntime: at com.android.internal.os.RuntimeInit$MethodAndArgsCaller.run(RuntimeInit.java:513)
02-01 20:01:15.825 7223 7223 E AndroidRuntime: at com.android.internal.os.ZygoteInit.main(ZygoteInit.java:1109)
02-01 20:01:15.825 7223 7223 E CustomActivityOnCrash: App has crashed, executing CustomActivityOnCrash's UncaughtExceptionHandler
02-01 20:01:15.825 7223 7223 E CustomActivityOnCrash: android.view.WindowManager$BadTokenException: Unable to add window -- token android.os.BinderProxy@7f7b246 is not valid; is your activity running?
02-01 20:01:15.825 7223 7223 E CustomActivityOnCrash: at android.view.ViewRootImpl.setView(ViewRootImpl.java:1195)
02-01 20:01:15.825 7223 7223 E CustomActivityOnCrash: at android.view.WindowManagerGlobal.addView(WindowManagerGlobal.java:475)
02-01 20:01:15.825 7223 7223 E CustomActivityOnCrash: at android.view.WindowManagerImpl.addView(WindowManagerImpl.java:130)
02-01 20:01:15.825 7223 7223 E CustomActivityOnCrash: at android.app.Dialog.show(Dialog.java:578)
02-01 20:01:15.825 7223 7223 E CustomActivityOnCrash: at mbmodsd.mbmodsw.mbdialog.mbdialogios.iOSDark.show(Native Method)
02-01 20:01:15.825 7223 7223 E CustomActivityOnCrash: at mbmodsd.mbmodsw.mbutils.mbiosdialog.mbiosdialog(Native Method)
02-01 20:01:15.825 7223 7223 E CustomActivityOnCrash: at mbmodsd.mbmodsw.mbutils.mbiosdialog.translatedialog(Native Method)
02-01 20:01:15.825 7223 7223 E CustomActivityOnCrash: at mbmodsd.mbmodsw.home.MBTranslator$2.onSuccess(Native Method)
02-01 20:01:15.825 7223 7223 E CustomActivityOnCrash: at mbmodsd.mbmodsw.home.MBTranslator$Async.onPostExecute(Native Method)
02-01 20:01:15.825 7223 7223 E CustomActivityOnCrash: at mbmodsd.mbmodsw.home.MBTranslator$Async.onPostExecute(Native Method)
02-01 20:01:15.825 7223 7223 E CustomActivityOnCrash: at android.os.AsyncTask.finish(AsyncTask.java:797)
02-01 20:01:15.825 7223 7223 E CustomActivityOnCrash: at android.os.AsyncTask.access$900(AsyncTask.java:195)
02-01 20:01:15.825 7223 7223 E CustomActivityOnCrash: at android.os.AsyncTask$InternalHandler.handleMessage(AsyncTask.java:814)
02-01 20:01:15.825 7223 7223 E CustomActivityOnCrash: at android.os.Handler.dispatchMessage(Handler.java:110)
02-01 20:01:15.825 7223 7223 E CustomActivityOnCrash: at android.os.Looper.loop(Looper.java:219)
02-01 20:01:15.825 7223 7223 E CustomActivityOnCrash: at android.app.ActivityThread.main(ActivityThread.java:8668)
02-01 20:01:15.825 7223 7223 E CustomActivityOnCrash: at java.lang.reflect.Method.invoke(Native Method)
02-01 20:01:15.825 7223 7223 E CustomActivityOnCrash: at com.android.internal.os.RuntimeInit$MethodAndArgsCaller.run(RuntimeInit.java:513)
02-01 20:01:15.825 7223 7223 E CustomActivityOnCrash: at com.android.internal.os.ZygoteInit.main(ZygoteInit.java:1109)
02-01 20:01:15.834 7223 7223 E ArmVmp : Match on catch block at 0x1c in for 0x191
02-01 20:01:15.835 7223 7223 E CustomActivityOnCrash: Failed when resolving the restart activity class via getLaunchIntentForPackage, stack trace follows!
02-01 20:01:15.835 7223 7223 E CustomActivityOnCrash: java.lang.ClassNotFoundException: com.mbwhatsapp.Icon0
02-01 20:01:15.835 7223 7223 E CustomActivityOnCrash: at java.lang.Class.classForName(Native Method)
02-01 20:01:15.835 7223 7223 E CustomActivityOnCrash: at java.lang.Class.forName(Class.java:454)
02-01 20:01:15.835 7223 7223 E CustomActivityOnCrash: at java.lang.Class.forName(Class.java:379)
02-01 20:01:15.835 7223 7223 E CustomActivityOnCrash: at mbmodsd.mbmodsw.crashv2.CustomActivityOnCrash.getLauncherActivity(Native Method)
02-01 20:01:15.835 7223 7223 E CustomActivityOnCrash: at mbmodsd.mbmodsw.crashv2.CustomActivityOnCrash.guessRestartActivityClass(Native Method)
02-01 20:01:15.835 7223 7223 E CustomActivityOnCrash: at mbmodsd.mbmodsw.crashv2.CustomActivityOnCrash.lambda$install$0(Native Method)
02-01 20:01:15.835 7223 7223 E CustomActivityOnCrash: at mbmodsd.mbmodsw.crashv2.CustomActivityOnCrash$ $ExternalSyntheticLambda0.uncaughtException(Native Method)
02-01 20:01:15.835 7223 7223 E CustomActivityOnCrash: at java.lang.ThreadGroup.uncaughtException(ThreadGroup.java:1073)
02-01 20:01:15.835 7223 7223 E CustomActivityOnCrash: at java.lang.ThreadGroup.uncaughtException(ThreadGroup.java:1068)
02-01 20:01:15.835 7223 7223 E CustomActivityOnCrash: at java.lang.Thread.dispatchUncaughtException(Thread.java:2198)
02-01 20:01:15.835 7223 7223 E CustomActivityOnCrash: Caused by: java.lang.ClassNotFoundException: com.mbwhatsapp.Icon0
02-01 20:01:15.835 7223 7223 E CustomActivityOnCrash: ... 10 more --------- beginning of main
02-01 20:01:16.073 7569 7569 E :error_activit: LoadAppImageStartupCache enabled : 1
02-01 20:01:16.076 7569 7569 E :error_activit: Not starting debugger since process cannot load the jdwp agent.
02-01 20:01:16.125 7569 7587 E BehaviorCollectManager: Fail to acquire dataAnalyzerService... --------- beginning of main
02-01 20:01:16.626 7648 7648 E com.mbwhatsapp: LoadAppImageStartupCache enabled : 1
02-01 20:01:16.628 7648 7648 E com.mbwhatsapp: Not starting debugger since process cannot load the jdwp agent.
02-01 20:01:16.662 7648 7666 E BehaviorCollectManager: Fail to acquire dataAnalyzerService...
02-01 20:01:16.732 7648 7648 E CustomActivityOnCrash: IMPORTANT WARNING! You already have an UncaughtExceptionHandler, are you sure this is correct? If you use a custom UncaughtExceptionHandler, you must initialize it AFTER CustomActivityOnCrash! Installing anyway, but your original handler will not be called.
02-01 20:01:16.738 7648 7673 E AwareLog: AtomicFileUtils: readFileLines file not exist: android.util.AtomicFile@6d1196d
02-01 20:01:16.739 7648 7673 E AwareLog: AtomicFileUtils: readFileLines file not exist: android.util.AtomicFile@6d89487
02-01 20:01:17.676 7648 7774 E PlayCore: UID: [10198] PID: [7648] StandardIntegrity : Phonesky is not installed.
02-01 20:01:21.177 7648 7648 E ArmVmp : Match on catch block at 0x0a in for 0xd5
02-01 20:01:21.204 7648 7648 E ArmVmp : Match on catch block at 0x0a in for 0x141
02-01 20:01:26.190 7648 7648 E ArmVmp : Match on catch block at 0x0a in for 0xe1 --------- beginning of main
02-01 20:12:09.630 10153 10153 E com.mbwhatsapp: LoadAppImageStartupCache enabled : 1
02-01 20:12:09.635 10153 10153 E com.mbwhatsapp: Not starting debugger since process cannot load the jdwp agent.
02-01 20:12:09.665 10153 10182 E BehaviorCollectManager: Fail to acquire dataAnalyzerService...
02-01 20:12:09.759 10153 10153 E CustomActivityOnCrash: IMPORTANT WARNING! You already have an UncaughtExceptionHandler, are you sure this is correct? If you use a custom UncaughtExceptionHandler, you must initialize it AFTER CustomActivityOnCrash! Installing anyway, but your original handler will not be called.
02-01 20:12:09.767 10153 10208 E AwareLog: AtomicFileUtils: readFileLines file not exist: android.util.AtomicFile@7d12cc6
02-01 20:12:09.768 10153 10208 E AwareLog: AtomicFileUtils: readFileLines file not exist: android.util.AtomicFile@6d89487
02-01 20:12:10.321 10153 10215 E FirebaseInstanceId: Token retrieval failed without exception message. Will retry token retrieval --------- beginning of main
02-01 20:30:33.633 23451 23451 E com.mbwhatsapp: LoadAppImageStartupCache enabled : 1
02-01 20:30:33.637 23451 23451 E com.mbwhatsapp: Not starting debugger since process cannot load the jdwp agent.
02-01 20:30:33.700 23451 23483 E BehaviorCollectManager: Fail to acquire dataAnalyzerService...
02-01 20:30:33.984 23451 23451 E CustomActivityOnCrash: IMPORTANT WARNING! You already have an UncaughtExceptionHandler, are you sure this is correct? If you use a custom UncaughtExceptionHandler, you must initialize it AFTER CustomActivityOnCrash! Installing anyway, but your original handler will not be called.
02-01 20:30:33.999 23451 23510 E AwareLog: AtomicFileUtils: readFileLines file not exist: android.util.AtomicFile@f0c0366
02-01 20:30:34.003 23451 23510 E AwareLog: AtomicFileUtils: readFileLines file not exist: android.util.AtomicFile@80ab6a7
02-01 20:30:34.765 23451 23515 E FirebaseInstanceId: Token retrieval failed without exception message. Will retry token retrieval --------- beginning of main
02-01 20:38:38.603 32182 32182 E com.mbwhatsapp: LoadAppImageStartupCache enabled : 1
02-01 20:38:38.611 32182 32182 E com.mbwhatsapp: Not starting debugger since process cannot load the jdwp agent.
02-01 20:38:38.663 32182 32200 E BehaviorCollectManager: Fail to acquire dataAnalyzerService...
02-01 20:38:38.887 32182 32182 E CustomActivityOnCrash: IMPORTANT WARNING! You already have an UncaughtExceptionHandler, are you sure this is correct? If you use a custom UncaughtExceptionHandler, you must initialize it AFTER CustomActivityOnCrash! Installing anyway, but your original handler will not be called.
02-01 20:38:38.897 32182 32206 E AwareLog: AtomicFileUtils: readFileLines file not exist: android.util.AtomicFile@c099fc1
02-01 20:38:38.898 32182 32206 E AwareLog: AtomicFileUtils: readFileLines file not exist: android.util.AtomicFile@f0c0366 --------- beginning of main
02-02 12:26:04.274 16512 16512 E com.mbwhatsapp: LoadAppImageStartupCache enabled : 1
02-02 12:26:04.278 16512 16512 E com.mbwhatsapp: Not starting debugger since process cannot load the jdwp agent.
02-02 12:26:04.329 16512 16532 E BehaviorCollectManager: Fail to acquire dataAnalyzerService...
02-02 12:26:04.410 16512 16512 E CustomActivityOnCrash: IMPORTANT WARNING! You already have an UncaughtExceptionHandler, are you sure this is correct? If you use a custom UncaughtExceptionHandler, you must initialize it AFTER CustomActivityOnCrash! Installing anyway, but your original handler will not be called.
02-02 12:26:04.420 16512 16540 E AwareLog: AtomicFileUtils: readFileLines file not exist: android.util.AtomicFile@99ff223
02-02 12:26:04.421 16512 16540 E AwareLog: AtomicFileUtils: readFileLines file not exist: android.util.AtomicFile@ef2f320
02-02 12:26:05.129 16512 16512 E ArmVmp : Match on catch block at 0x0a in for 0xd5
02-02 12:26:05.151 16512 16512 E ArmVmp : Match on catch block at 0x0a in for 0x141
02-02 12:26:05.859 16512 16582 E PlayCore: UID: [10198] PID: [16512] StandardIntegrity : Phonesky is not installed.
02-02 12:26:08.638 16512 16512 E ArmVmp : Match on catch block at 0x0a in for 0xe5
02-02 12:26:11.399 16512 16512 E ArmVmp : Match on catch block at 0x0a in for 0xd1
02-02 12:26:11.410 16512 16512 E ArmVmp : Match on catch block at 0x0a in for 0x145
02-02 12:26:20.262 16512 16512 E ArmVmp : Match on catch block at 0x0a in for 0xe1 --------- beginning of main
02-02 12:26:40.517 17144 17144 E com.mbwhatsapp: LoadAppImageStartupCache enabled : 1
02-02 12:26:40.520 17144 17144 E com.mbwhatsapp: Not starting debugger since process cannot load the jdwp agent.
02-02 12:26:40.544 17144 17162 E BehaviorCollectManager: Fail to acquire dataAnalyzerService...
02-02 12:26:40.620 17144 17144 E CustomActivityOnCrash: IMPORTANT WARNING! You already have an UncaughtExceptionHandler, are you sure this is correct? If you use a custom UncaughtExceptionHandler, you must initialize it AFTER CustomActivityOnCrash! Installing anyway, but your original handler will not be called.
02-02 12:26:40.625 17144 17166 E AwareLog: AtomicFileUtils: readFileLines file not exist: android.util.AtomicFile@f0c0366
02-02 12:26:40.626 17144 17166 E AwareLog: AtomicFileUtils: readFileLines file not exist: android.util.AtomicFile@80ab6a7 --------- beginning of main
02-02 17:50:57.076 11116 11116 E com.mbwhatsapp: LoadAppImageStartupCache enabled : 1
02-02 17:50:57.080 11116 11116 E com.mbwhatsapp: Not starting debugger since process cannot load the jdwp agent.
02-02 17:50:57.122 11116 11136 E BehaviorCollectManager: Fail to acquire dataAnalyzerService...
02-02 17:50:57.538 11116 11116 E CustomActivityOnCrash: IMPORTANT WARNING! You already have an UncaughtExceptionHandler, are you sure this is correct? If you use a custom UncaughtExceptionHandler, you must initialize it AFTER CustomActivityOnCrash! Installing anyway, but your original handler will not be called.
02-02 17:50:57.540 11116 11144 E AwareLog: AtomicFileUtils: readFileLines file not exist: android.util.AtomicFile@c099fc1
02-02 17:50:57.541 11116 11144 E AwareLog: AtomicFileUtils: readFileLines file not exist: android.util.AtomicFile@f0c0366 --------- beginning of main
02-02 20:12:11.045 17445 17445 E com.mbwhatsapp: LoadAppImageStartupCache enabled : 1
02-02 20:12:11.053 17445 17445 E com.mbwhatsapp: Not starting debugger since process cannot load the jdwp agent.
02-02 20:12:11.091 17445 17469 E BehaviorCollectManager: Fail to acquire dataAnalyzerService...
02-02 20:12:11.408 17445 17445 E CustomActivityOnCrash: IMPORTANT WARNING! You already have an UncaughtExceptionHandler, are you sure this is correct? If you use a custom UncaughtExceptionHandler, you must initialize it AFTER CustomActivityOnCrash! Installing anyway, but your original handler will not be called.
02-02 20:12:11.408 17445 17473 E AwareLog: AtomicFileUtils: readFileLines file not exist: android.util.AtomicFile@c099fc1
02-02 20:12:11.409 17445 17473 E AwareLog: AtomicFileUtils: readFileLines file not exist: android.util.AtomicFile@f0c0366 --------- beginning of main
02-02 20:19:58.934 18510 18510 E com.mbwhatsapp: LoadAppImageStartupCache enabled : 1
02-02 20:19:58.940 18510 18510 E com.mbwhatsapp: Not starting debugger since process cannot load the jdwp agent.
02-02 20:19:58.982 18510 18528 E BehaviorCollectManager: Fail to acquire dataAnalyzerService...
02-02 20:19:59.087 18510 18510 E CustomActivityOnCrash: IMPORTANT WARNING! You already have an UncaughtExceptionHandler, are you sure this is correct? If you use a custom UncaughtExceptionHandler, you must initialize it AFTER CustomActivityOnCrash! Installing anyway, but your original handler will not be called.
02-02 20:19:59.093 18510 18532 E AwareLog: AtomicFileUtils: readFileLines file not exist: android.util.AtomicFile@f0c0366
02-02 20:19:59.094 18510 18532 E AwareLog: AtomicFileUtils: readFileLines file not exist: android.util.AtomicFile@80ab6a7 --------- beginning of main
02-03 22:53:47.996 14745 14745 E com.mbwhatsapp: LoadAppImageStartupCache enabled : 1
02-03 22:53:48.000 14745 14745 E com.mbwhatsapp: Not starting debugger since process cannot load the jdwp agent.
02-03 22:53:48.055 14745 14763 E BehaviorCollectManager: Fail to acquire dataAnalyzerService...
02-03 22:53:48.275 14745 14745 E CustomActivityOnCrash: IMPORTANT WARNING! You already have an UncaughtExceptionHandler, are you sure this is correct? If you use a custom UncaughtExceptionHandler, you must initialize it AFTER CustomActivityOnCrash! Installing anyway, but your original handler will not be called.
02-03 22:53:48.276 14745 14769 E AwareLog: AtomicFileUtils: readFileLines file not exist: android.util.AtomicFile@f0c0366
02-03 22:53:48.277 14745 14769 E AwareLog: AtomicFileUtils: readFileLines file not exist: android.util.AtomicFile@80ab6a7
02-03 22:53:50.994 14745 14869 E PlayCore: UID: [10198] PID: [14745] StandardIntegrity : Phonesky is not installed.
02-03 22:53:53.520 14745 14745 E RtgSchedManager: endActivityTransaction: margin state not match
02-03 22:53:53.538 14745 14745 E RtgSchedManager: endActivityTransaction: margin state not match
02-03 22:58:54.689 14745 14745 E RtgSchedManager: endActivityTransaction: margin state not match
02-03 22:59:23.208 14745 14745 E RtgSchedManager: endActivityTransaction: margin state not match
02-03 22:59:23.297 14745 14745 E RtgSchedManager: endActivityTransaction: margin state not match
02-03 22:59:23.398 14745 14745 E RtgSchedManager: endActivityTransaction: margin state not match
02-03 22:59:44.659 14745 14745 E RtgSchedManager: endActivityTransaction: margin state not match
02-03 22:59:44.693 14745 14745 E RtgSchedManager: endActivityTransaction: margin state not match
02-03 22:59:44.921 14745 14745 E RtgSchedManager: endActivityTransaction: margin state not match
02-03 22:59:45.417 14745 14745 E RtgSchedManager: endActivityTransaction: margin state not match
02-03 22:59:45.418 14745 14745 E SpannableStringBuilder: SPAN_EXCLUSIVE_EXCLUSIVE spans cannot have a zero length
02-03 22:59:45.429 14745 14745 E SpannableStringBuilder: SPAN_EXCLUSIVE_EXCLUSIVE spans cannot have a zero length
02-03 22:59:53.385 14745 14745 E RtgSchedManager: endActivityTransaction: margin state not match
02-03 22:59:53.510 14745 14745 E RtgSchedManager: endActivityTransaction: margin state not match
02-03 22:59:53.531 14745 14745 E RtgSchedManager: endActivityTransaction: margin state not match
02-03 22:59:53.531 14745 14745 E RtgSchedManager: endActivityTransaction: margin state not match
02-03 22:59:53.725 14745 14814 E libc : Access denied finding property "ro.kirin.product.platform"
02-03 22:59:53.729 14745 14814 E libc : Access denied finding property "ro.kirin.product.platform"
02-03 22:59:53.822 14745 14814 E libc : Access denied finding property "ro.kirin.product.platform"
02-03 22:59:53.920 14745 14814 E libc : Access denied finding property "ro.kirin.product.platform"
02-03 22:59:54.015 14745 14745 E ArmVmp : Match on catch block at 0x0a in for 0xd5
02-03 22:59:54.051 14745 14745 E ArmVmp : Match on catch block at 0x0a in for 0x149
02-03 22:59:54.253 14745 14745 E RtgSchedManager: endActivityTransaction: margin state not match
02-03 22:59:54.253 14745 14745 E RtgSchedManager: endActivityTransaction: margin state not match
02-03 22:59:54.258 14745 14745 E RtgSchedManager: endActivityTransaction: margin state not match
02-03 22:59:54.289 14745 14745 E RtgSchedManager: endActivityTransaction: margin state not match
02-03 22:59:55.306 14745 14745 E RecyclerView: No adapter attached; skipping layout
02-03 22:59:55.462 14745 14745 E ArmVmp : Match on catch block at 0x0a in for 0xe5
02-03 22:59:55.530 14745 14745 E RecyclerView: No adapter attached; skipping layout
02-03 22:59:55.543 14745 14745 E HwViewGroupImpl: parse speed value length error
02-03 22:59:59.014 14745 14745 E ArmVmp : Match on catch block at 0x0a in for 0xd5
02-03 22:59:59.019 14745 14745 E ArmVmp : Match on catch block at 0x0a in for 0xd5
02-03 22:59:59.489 14745 14745 E ArmVmp : Match on catch block at 0xc3 in for 0xc5
02-03 22:59:59.492 14745 14745 E ArmVmp : Match on catch block at 0xc3 in for 0xc1
02-03 22:59:59.495 14745 14745 E ArmVmp : Match on catch block at 0xc3 in for 0xc1
02-03 22:59:59.644 14745 14745 E ArmVmp : Match on catch block at 0xc3 in for 0xb9
02-03 22:59:59.647 14745 14745 E ArmVmp : Match on catch block at 0xc3 in for 0xb5
02-03 22:59:59.649 14745 14745 E ArmVmp : Match on catch block at 0xc3 in for 0xb5
02-03 22:59:59.713 14745 14745 E ArmVmp : Match on catch block at 0xc3 in for 0xb1
02-03 22:59:59.716 14745 14745 E ArmVmp : Match on catch block at 0xc3 in for 0xb5
02-03 22:59:59.718 14745 14745 E ArmVmp : Match on catch block at 0xc3 in for 0xb5
02-03 22:59:59.749 14745 14745 E ArmVmp : Match on catch block at 0xc3 in for 0xb9
02-03 22:59:59.752 14745 14745 E ArmVmp : Match on catch block at 0xc3 in for 0xb1
02-03 22:59:59.754 14745 14745 E ArmVmp : Match on catch block at 0xc3 in for 0xb1
02-03 22:59:59.796 14745 14745 E SpannableStringBuilder: SPAN_EXCLUSIVE_EXCLUSIVE spans cannot have a zero length
02-03 22:59:59.893 14745 14745 E ArmVmp : Match on catch block at 0xc3 in for 0xb1
02-03 22:59:59.897 14745 14745 E ArmVmp : Match on catch block at 0xc3 in for 0xb5
02-03 22:59:59.900 14745 14745 E ArmVmp : Match on catch block at 0xc3 in for 0xb5
02-03 22:59:59.959 14745 14745 E ArmVmp : Match on catch block at 0xc3 in for 0xb1
02-03 22:59:59.962 14745 14745 E ArmVmp : Match on catch block at 0xc3 in for 0xb5
02-03 22:59:59.965 14745 14745 E ArmVmp : Match on catch block at 0xc3 in for 0xb5
02-03 23:00:00.026 14745 14745 E ArmVmp : Match on catch block at 0xc3 in for 0xb1
02-03 23:00:00.030 14745 14745 E ArmVmp : Match on catch block at 0xc3 in for 0xb5
02-03 23:00:00.094 14745 14745 E ArmVmp : Match on catch block at 0xc3 in for 0xb5
02-03 23:00:00.099 14745 14745 E ArmVmp : Match on catch block at 0xc3 in for 0xb9
02-03 23:00:00.104 14745 14745 E ArmVmp : Match on catch block at 0xc3 in for 0xb9
02-03 23:00:00.177 14745 14745 E ArmVmp : Match on catch block at 0xc3 in for 0xb1
02-03 23:00:00.179 14745 14745 E ArmVmp : Match on catch block at 0xc3 in for 0xb5
02-03 23:00:00.182 14745 14745 E ArmVmp : Match on catch block at 0xc3 in for 0xb5
02-03 23:00:00.192 14745 14745 E ArmVmp : Match on catch block at 0xc3 in for 0xb9
02-03 23:00:00.195 14745 14745 E ArmVmp : Match on catch block at 0xc3 in for 0xb1
02-03 23:00:00.197 14745 14745 E ArmVmp : Match on catch block at 0xc3 in for 0xb1
02-03 23:00:00.230 14745 14745 E ArmVmp : Match on catch block at 0xc3 in for 0xb9
02-03 23:00:00.232 14745 14745 E ArmVmp : Match on catch block at 0xc3 in for 0xb1
02-03 23:00:00.235 14745 14745 E ArmVmp : Match on catch block at 0xc3 in for 0xb1
02-03 23:00:00.242 14745 14745 E ArmVmp : Match on catch block at 0xc3 in for 0xb5
02-03 23:00:00.244 14745 14745 E ArmVmp : Match on catch block at 0xc3 in for 0xb9
02-03 23:00:00.246 14745 14745 E ArmVmp : Match on catch block at 0xc3 in for 0xb9
02-03 23:00:00.292 14745 14745 E ArmVmp : Match on catch block at 0xc3 in for 0xb1
02-03 23:00:00.295 14745 14745 E ArmVmp : Match on catch block at 0xc3 in for 0xb5
02-03 23:00:00.298 14745 14745 E ArmVmp : Match on catch block at 0xc3 in for 0xb5
02-03 23:00:00.442 14745 14745 E ArmVmp : Match on catch block at 0xc3 in for 0xb5
02-03 23:00:00.450 14745 14745 E ArmVmp : Match on catch block at 0xc3 in for 0xb9
02-03 23:00:00.452 14745 14745 E ArmVmp : Match on catch block at 0xc3 in for 0xb9
02-03 23:00:00.499 14745 14745 E ArmVmp : Match on catch block at 0xc3 in for 0xb5
02-03 23:00:00.501 14745 14745 E ArmVmp : Match on catch block at 0xc3 in for 0xb9
02-03 23:00:00.503 14745 14745 E ArmVmp : Match on catch block at 0xc3 in for 0xb9
02-03 23:00:16.144 14745 14745 E AwareLog: DynBufManager: endFling hash null
02-03 23:00:16.729 14745 14745 E AwareLog: DynBufManager: endFling hash null
02-03 23:00:17.863 14745 14745 E AwareLog: DynBufManager: endFling hash null
02-03 23:00:19.605 14745 14745 E ArmVmp : Match on catch block at 0x0a in for 0xd1
02-03 23:00:19.608 14745 14745 E ArmVmp : Match on catch block at 0x0a in for 0xd9
02-03 23:00:19.748 14745 14745 E ArmVmp : Match on catch block at 0xc3 in for 0xc9
02-03 23:00:19.751 14745 14745 E ArmVmp : Match on catch block at 0xc3 in for 0xc9
02-03 23:00:19.802 14745 14745 E ArmVmp : Match on catch block at 0xc3 in for 0xb1
02-03 23:00:19.805 14745 14745 E ArmVmp : Match on catch block at 0xc3 in for 0xb5
02-03 23:00:19.837 14745 14745 E ArmVmp : Match on catch block at 0xc3 in for 0xb9
02-03 23:00:19.840 14745 14745 E ArmVmp : Match on catch block at 0xc3 in for 0xb1
02-03 23:00:19.884 14745 14745 E ArmVmp : Match on catch block at 0xc3 in for 0xb1
02-03 23:00:19.888 14745 14745 E ArmVmp : Match on catch block at 0xc3 in for 0xb5
02-03 23:00:19.902 14745 14745 E ArmVmp : Match on catch block at 0xc3 in for 0xb9
02-03 23:00:19.904 14745 14745 E ArmVmp : Match on catch block at 0xc3 in for 0xb1
02-03 23:00:19.918 14745 14745 E SpannableStringBuilder: SPAN_EXCLUSIVE_EXCLUSIVE spans cannot have a zero length
02-03 23:00:20.126 14745 14745 E ArmVmp : Match on catch block at 0xc3 in for 0xb1
02-03 23:00:20.129 14745 14745 E ArmVmp : Match on catch block at 0xc3 in for 0xb5
02-03 23:00:20.143 14745 14745 E ArmVmp : Match on catch block at 0xc3 in for 0xb9
02-03 23:00:20.147 14745 14745 E ArmVmp : Match on catch block at 0xc3 in for 0xb1
02-03 23:00:20.159 14745 14745 E ArmVmp : Match on catch block at 0xc3 in for 0xb5
02-03 23:00:20.161 14745 14745 E ArmVmp : Match on catch block at 0xc3 in for 0xb9
02-03 23:00:20.306 14745 14745 E ArmVmp : Match on catch block at 0xc3 in for 0xb5
02-03 23:00:20.309 14745 14745 E ArmVmp : Match on catch block at 0xc3 in for 0xb9
02-03 23:00:20.321 14745 14745 E ArmVmp : Match on catch block at 0xc3 in for 0xb9
02-03 23:00:20.324 14745 14745 E ArmVmp : Match on catch block at 0xc3 in for 0xb1
02-03 23:00:20.329 14745 14745 E ArmVmp : Match on catch block at 0xc3 in for 0xb1
02-03 23:00:20.333 14745 14745 E ArmVmp : Match on catch block at 0xc3 in for 0xb5
02-03 23:00:20.352 14745 14745 E ArmVmp : Match on catch block at 0xc3 in for 0xb1
02-03 23:00:20.357 14745 14745 E ArmVmp : Match on catch block at 0xc3 in for 0xb5
02-03 23:00:20.377 14745 14745 E ArmVmp : Match on catch block at 0xc3 in for 0xb9
02-03 23:00:20.380 14745 14745 E ArmVmp : Match on catch block at 0xc3 in for 0xb1
02-03 23:00:20.385 14745 14745 E SpannableStringBuilder: SPAN_EXCLUSIVE_EXCLUSIVE spans cannot have a zero length
02-03 23:00:20.387 14745 14745 E ArmVmp : Match on catch block at 0xc3 in for 0xb1
02-03 23:00:20.390 14745 14745 E ArmVmp : Match on catch block at 0xc3 in for 0xb5
02-03 23:00:20.425 14745 14745 E ArmVmp : Match on catch block at 0xc3 in for 0xb5
02-03 23:00:20.428 14745 14745 E ArmVmp : Match on catch block at 0xc3 in for 0xb9
02-03 23:00:20.440 14745 14745 E ArmVmp : Match on catch block at 0xc3 in for 0xb5
02-03 23:00:20.442 14745 14745 E ArmVmp : Match on catch block at 0xc3 in for 0xb9
02-03 23:00:20.470 14745 14745 E ArmVmp : Match on catch block at 0xc3 in for 0xb9
02-03 23:00:20.473 14745 14745 E ArmVmp : Match on catch block at 0xc3 in for 0xb1
02-03 23:00:20.537 14745 14745 E ArmVmp : Match on catch block at 0xc3 in for 0xb1
02-03 23:00:20.540 14745 14745 E ArmVmp : Match on catch block at 0xc3 in for 0xb5
02-03 23:00:20.603 14745 14745 E ArmVmp : Match on catch block at 0xc3 in for 0xb5
02-03 23:00:20.607 14745 14745 E ArmVmp : Match on catch block at 0xc3 in for 0xb9
02-03 23:00:20.674 14745 14745 E ArmVmp : Match on catch block at 0xc3 in for 0xb9
02-03 23:00:20.680 14745 14745 E ArmVmp : Match on catch block at 0xc3 in for 0xb1
02-03 23:00:20.738 14745 14745 E ArmVmp : Match on catch block at 0xc3 in for 0xb1
02-03 23:00:20.742 14745 14745 E ArmVmp : Match on catch block at 0xc3 in for 0xb5
02-03 23:00:20.804 14745 14745 E ArmVmp : Match on catch block at 0xc3 in for 0xb5
02-03 23:00:20.807 14745 14745 E ArmVmp : Match on catch block at 0xc3 in for 0xb9
02-03 23:00:20.869 14745 14745 E ArmVmp : Match on catch block at 0xc3 in for 0xb9
02-03 23:00:20.872 14745 14745 E ArmVmp : Match on catch block at 0xc3 in for 0xb1
02-03 23:00:20.886 14745 14745 E ArmVmp : Match on catch block at 0xc3 in for 0xb1
02-03 23:00:20.888 14745 14745 E ArmVmp : Match on catch block at 0xc3 in for 0xb5
02-03 23:00:21.105 14745 14745 E ArmVmp : Match on catch block at 0xc3 in for 0xb9
02-03 23:00:21.108 14745 14745 E ArmVmp : Match on catch block at 0xc3 in for 0xb1
02-03 23:00:21.241 14745 14745 E ArmVmp : Match on catch block at 0xc3 in for 0xb9
02-03 23:00:21.245 14745 14745 E ArmVmp : Match on catch block at 0xc3 in for 0xb1
02-03 23:00:21.264 14745 14745 E RecyclerView: No adapter attached; skipping layout
02-03 23:00:21.374 14745 14745 E ArmVmp : Match on catch block at 0xc3 in for 0xb5
02-03 23:00:21.377 14745 14745 E ArmVmp : Match on catch block at 0xc3 in for 0xb9
02-03 23:00:21.411 14745 14745 E ArmVmp : Match on catch block at 0xc3 in for 0xb5
02-03 23:00:21.415 14745 14745 E ArmVmp : Match on catch block at 0xc3 in for 0xb9
02-03 23:00:21.733 14745 14745 E ArmVmp : Match on catch block at 0xc3 in for 0xb5
02-03 23:00:21.736 14745 14745 E ArmVmp : Match on catch block at 0xc3 in for 0xb9
02-03 23:00:22.253 14745 14745 E ArmVmp : Match on catch block at 0xc3 in for 0xb1
02-03 23:00:22.261 14745 14745 E ArmVmp : Match on catch block at 0xc3 in for 0xb5
02-03 23:00:22.887 14745 14745 E RecyclerView: No adapter attached; skipping layout
02-03 23:00:22.887 14745 14745 E RecyclerView: No adapter attached; skipping layout
02-03 23:00:22.962 14745 14745 E ArmVmp : Match on catch block at 0x0a in for 0xb9
02-03 23:00:23.007 14745 14745 E ArmVmp : Match on catch block at 0x0a in for 0xb9
02-03 23:00:23.017 14745 14745 E ArmVmp : Match on catch block at 0xc3 in for 0xb1
02-03 23:00:23.022 14745 14745 E ArmVmp : Match on catch block at 0xc3 in for 0xb5
02-03 23:00:23.034 14745 14745 E ArmVmp : Match on catch block at 0xc3 in for 0xb5
02-03 23:00:23.038 14745 14745 E ArmVmp : Match on catch block at 0xc3 in for 0xb9
02-03 23:00:23.176 14745 14745 E ArmVmp : Match on catch block at 0xc3 in for 0xb9
02-03 23:00:23.179 14745 14745 E ArmVmp : Match on catch block at 0xc3 in for 0xb1
02-03 23:00:23.287 14745 14745 E ArmVmp : Match on catch block at 0xc3 in for 0xb5
02-03 23:00:23.290 14745 14745 E ArmVmp : Match on catch block at 0xc3 in for 0xb9
02-03 23:00:23.362 14745 14745 E ArmVmp : Match on catch block at 0xc3 in for 0xb9
02-03 23:00:23.365 14745 14745 E ArmVmp : Match on catch block at 0xc3 in for 0xb1
02-03 23:00:24.650 14745 14745 E ArmVmp : Match on catch block at 0xc3 in for 0xb1
02-03 23:00:24.652 14745 14745 E ArmVmp : Match on catch block at 0xc3 in for 0xb5
02-03 23:00:24.663 14745 14745 E ArmVmp : Match on catch block at 0xc3 in for 0xb5
02-03 23:00:24.665 14745 14745 E ArmVmp : Match on catch block at 0xc3 in for 0xb9
02-03 23:00:26.257 14745 14745 E ArmVmp : Match on catch block at 0xc3 in for 0xb5
02-03 23:00:26.261 14745 14745 E ArmVmp : Match on catch block at 0xc3 in for 0xb9
02-03 23:00:26.321 14745 14745 E ArmVmp : Match on catch block at 0xc3 in for 0xb9
02-03 23:00:26.324 14745 14745 E ArmVmp : Match on catch block at 0xc3 in for 0xb1
02-03 23:00:26.338 14745 14745 E ArmVmp : Match on catch block at 0xc3 in for 0xb1
02-03 23:00:26.341 14745 14745 E ArmVmp : Match on catch block at 0xc3 in for 0xb5
02-03 23:00:26.389 14745 14745 E ArmVmp : Match on catch block at 0xc3 in for 0xb5
02-03 23:00:26.392 14745 14745 E ArmVmp : Match on catch block at 0xc3 in for 0xb9
02-03 23:00:26.404 14745 14745 E ArmVmp : Match on catch block at 0xc3 in for 0xb9
02-03 23:00:26.408 14745 14745 E ArmVmp : Match on catch block at 0xc3 in for 0xb1
02-03 23:00:26.454 14745 14745 E ArmVmp : Match on catch block at 0xc3 in for 0xb1
02-03 23:00:26.457 14745 14745 E ArmVmp : Match on catch block at 0xc3 in for 0xb5
02-03 23:00:26.471 14745 14745 E ArmVmp : Match on catch block at 0xc3 in for 0xb5
02-03 23:00:26.478 14745 14745 E ArmVmp : Match on catch block at 0xc3 in for 0xb9
02-03 23:00:26.520 14745 14745 E ArmVmp : Match on catch block at 0xc3 in for 0xb9
02-03 23:00:26.524 14745 14745 E ArmVmp : Match on catch block at 0xc3 in for 0xb1
02-03 23:00:26.537 14745 14745 E ArmVmp : Match on catch block at 0xc3 in for 0xb1
02-03 23:00:26.542 14745 14745 E ArmVmp : Match on catch block at 0xc3 in for 0xb5
02-03 23:00:26.553 14745 14745 E ArmVmp : Match on catch block at 0xc3 in for 0xb5
02-03 23:00:26.559 14745 14745 E ArmVmp : Match on catch block at 0xc3 in for 0xb9
02-03 23:00:26.587 14745 14745 E ArmVmp : Match on catch block at 0xc3 in for 0xb9
02-03 23:00:26.589 14745 14745 E ArmVmp : Match on catch block at 0xc3 in for 0xb1
02-03 23:00:29.057 14745 14745 E ArmVmp : Match on catch block at 0xc3 in for 0xb1
02-03 23:00:29.059 14745 14745 E ArmVmp : Match on catch block at 0xc3 in for 0xb5
02-03 23:00:29.076 14745 14745 E ArmVmp : Match on catch block at 0xc3 in for 0xb5
02-03 23:00:29.078 14745 14745 E ArmVmp : Match on catch block at 0xc3 in for 0xb9
02-03 23:00:29.100 14745 14745 E ArmVmp : Match on catch block at 0xc3 in for 0xb9
02-03 23:00:29.102 14745 14745 E ArmVmp : Match on catch block at 0xc3 in for 0xb1
02-03 23:00:29.125 14745 14745 E SpannableStringBuilder: SPAN_EXCLUSIVE_EXCLUSIVE spans cannot have a zero length
02-03 23:00:29.537 14745 14745 E ArmVmp : Match on catch block at 0xc3 in for 0xb1
02-03 23:00:29.540 14745 14745 E ArmVmp : Match on catch block at 0xc3 in for 0xb5
02-03 23:00:29.548 14745 14745 E ArmVmp : Match on catch block at 0xc3 in for 0xb5
02-03 23:00:29.551 14745 14745 E ArmVmp : Match on catch block at 0xc3 in for 0xb9
02-03 23:00:29.593 14745 14745 E ArmVmp : Match on catch block at 0xc3 in for 0xb1
02-03 23:00:29.596 14745 14745 E ArmVmp : Match on catch block at 0xc3 in for 0xb5
02-03 23:00:29.603 14745 14745 E ArmVmp : Match on catch block at 0xc3 in for 0xb5
02-03 23:00:29.606 14745 14745 E ArmVmp : Match on catch block at 0xc3 in for 0xb9
02-03 23:00:30.030 14745 14745 E ArmVmp : Match on catch block at 0xc3 in for 0xb9
02-03 23:00:30.036 14745 14745 E ArmVmp : Match on catch block at 0xc3 in for 0xb1
02-03 23:00:30.095 14745 14745 E ArmVmp : Match on catch block at 0xc3 in for 0xb5
02-03 23:00:30.098 14745 14745 E ArmVmp : Match on catch block at 0xc3 in for 0xb9
02-03 23:00:30.160 14745 14745 E ArmVmp : Match on catch block at 0xc3 in for 0xb5
02-03 23:00:30.164 14745 14745 E ArmVmp : Match on catch block at 0xc3 in for 0xb9
02-03 23:00:30.446 14745 14745 E ArmVmp : Match on catch block at 0xc3 in for 0xb9
02-03 23:00:30.450 14745 14745 E ArmVmp : Match on catch block at 0xc3 in for 0xb1
02-03 23:00:30.502 14745 14745 E ArmVmp : Match on catch block at 0xc3 in for 0xb1
02-03 23:00:30.504 14745 14745 E ArmVmp : Match on catch block at 0xc3 in for 0xb5
02-03 23:00:35.948 14745 14745 E AwareLog: DynBufManager: endFling hash null
02-03 23:00:38.949 14745 14745 E ArmVmp : Match on catch block at 0x0a in for 0x105
02-03 23:00:38.965 14745 14745 E ArmVmp : Match on catch block at 0x22 in for 0xc1
02-03 23:00:39.061 14745 14745 E ArmVmp : Match on catch block at 0x0a in for 0xc1
02-03 23:00:39.109 14745 14745 E ArmVmp : Match on catch block at 0x0a in for 0xe9
02-03 23:00:39.152 14745 14745 E ArmVmp : Match on catch block at 0xc3 in for 0xc9
02-03 23:00:39.170 14745 14745 E ArmVmp : Match on catch block at 0xc3 in for 0xc9
02-03 23:00:39.225 14745 14745 E ArmVmp : Match on catch block at 0xc3 in for 0xb5
02-03 23:00:39.229 14745 14745 E ArmVmp : Match on catch block at 0xc3 in for 0xb9
02-03 23:00:39.231 14745 14745 E ArmVmp : Match on catch block at 0xc3 in for 0xb1
02-03 23:00:39.233 14745 14745 E ArmVmp : Match on catch block at 0xc3 in for 0xb5
02-03 23:00:39.235 14745 14745 E ArmVmp : Match on catch block at 0xc3 in for 0xb9
02-03 23:00:39.237 14745 14745 E ArmVmp : Match on catch block at 0xc3 in for 0xb1
02-03 23:00:39.238 14745 14745 E ArmVmp : Match on catch block at 0xc3 in for 0xb5
02-03 23:00:39.255 14745 14745 E ArmVmp : Match on catch block at 0xc3 in for 0xb1
02-03 23:00:39.258 14745 14745 E ArmVmp : Match on catch block at 0xc3 in for 0xb5
02-03 23:00:39.260 14745 14745 E ArmVmp : Match on catch block at 0xc3 in for 0xb9
02-03 23:00:39.262 14745 14745 E ArmVmp : Match on catch block at 0xc3 in for 0xb1
02-03 23:00:39.263 14745 14745 E ArmVmp : Match on catch block at 0xc3 in for 0xb5
02-03 23:00:39.264 14745 14745 E ArmVmp : Match on catch block at 0xc3 in for 0xb9
02-03 23:00:39.266 14745 14745 E ArmVmp : Match on catch block at 0xc3 in for 0xb1
02-03 23:00:39.290 14745 14745 E ArmVmp : Match on catch block at 0xc3 in for 0xb9
02-03 23:00:39.293 14745 14745 E ArmVmp : Match on catch block at 0xc3 in for 0xb1
02-03 23:00:39.294 14745 14745 E ArmVmp : Match on catch block at 0xc3 in for 0xb5
02-03 23:00:39.296 14745 14745 E ArmVmp : Match on catch block at 0xc3 in for 0xb9
02-03 23:00:39.298 14745 14745 E ArmVmp : Match on catch block at 0xc3 in for 0xb1
02-03 23:00:39.299 14745 14745 E ArmVmp : Match on catch block at 0xc3 in for 0xb5
02-03 23:00:39.300 14745 14745 E ArmVmp : Match on catch block at 0xc3 in for 0xb9
02-03 23:00:39.318 14745 14745 E ArmVmp : Match on catch block at 0xc3 in for 0xb5
02-03 23:00:39.321 14745 14745 E ArmVmp : Match on catch block at 0xc3 in for 0xb9
02-03 23:00:39.323 14745 14745 E ArmVmp : Match on catch block at 0xc3 in for 0xb1
02-03 23:00:39.324 14745 14745 E ArmVmp : Match on catch block at 0xc3 in for 0xb5
02-03 23:00:39.325 14745 14745 E ArmVmp : Match on catch block at 0xc3 in for 0xb9
02-03 23:00:39.326 14745 14745 E ArmVmp : Match on catch block at 0xc3 in for 0xb1
02-03 23:00:39.328 14745 14745 E ArmVmp : Match on catch block at 0xc3 in for 0xb5
02-03 23:00:39.336 14745 14745 E ArmVmp : Match on catch block at 0xc3 in for 0xb1
02-03 23:00:39.341 14745 14745 E ArmVmp : Match on catch block at 0xc3 in for 0xb5
02-03 23:00:39.342 14745 14745 E ArmVmp : Match on catch block at 0xc3 in for 0xb9
02-03 23:00:39.344 14745 14745 E ArmVmp : Match on catch block at 0xc3 in for 0xb1
02-03 23:00:39.345 14745 14745 E ArmVmp : Match on catch block at 0xc3 in for 0xb5
02-03 23:00:39.346 14745 14745 E ArmVmp : Match on catch block at 0xc3 in for 0xb9
02-03 23:00:39.348 14745 14745 E ArmVmp : Match on catch block at 0xc3 in for 0xb1
02-03 23:00:39.353 14745 14745 E ArmVmp : Match on catch block at 0xc3 in for 0xb9
02-03 23:00:39.356 14745 14745 E ArmVmp : Match on catch block at 0xc3 in for 0xb1
02-03 23:00:39.357 14745 14745 E ArmVmp : Match on catch block at 0xc3 in for 0xb5
02-03 23:00:39.359 14745 14745 E ArmVmp : Match on catch block at 0xc3 in for 0xb9
02-03 23:00:39.360 14745 14745 E ArmVmp : Match on catch block at 0xc3 in for 0xb1
02-03 23:00:39.361 14745 14745 E ArmVmp : Match on catch block at 0xc3 in for 0xb5
