02-04 09:40:52.721 24659 24683 E DatabaseUtils: at android.content.ContentProvider$Transport.enforceFilePermission(ContentProvider.jav a:597)
02-04 09:40:52.721 24659 24683 E DatabaseUtils: at android.content.ContentProvider$Transport.openTypedAssetFile(ContentProvider.java:5 11)
02-04 09:40:52.721 24659 24683 E DatabaseUtils: at android.content.ContentProviderNative.onTransact(ContentProviderNative.java:307)
02-04 09:40:52.721 24659 24683 E DatabaseUtils: at android.os.Binder.execTransactInternal(Binder.java:1028)
02-04 09:40:52.721 24659 24683 E DatabaseUtils: at android.os.Binder.execTransact(Binder.java:1001)
02-04 09:40:52.723 24659 25141 E DatabaseUtils: Writing exception to parcel
02-04 09:40:52.723 24659 25141 E DatabaseUtils: java.lang.SecurityException: Permission Denial: reading com.mbwhatsapp.contentprovider.MediaProvider uri content://com.mbwhatsapp.provider.media/item/2639ab31-1d09-4f9c-8684-4c0ef0554738 from pid=2138, uid=10050 requires the provider be exported, or grantUriPermission()
02-04 09:40:52.723 24659 25141 E DatabaseUtils: at android.content.ContentProvider.enforceReadPermissionInner(ContentProvider.java:733 )
02-04 09:40:52.723 24659 25141 E DatabaseUtils: at android.content.ContentProvider$Transport.enforceReadPermission(ContentProvider.jav a:606)
02-04 09:40:52.723 24659 25141 E DatabaseUtils: at android.content.ContentProvider$Transport.enforceFilePermission(ContentProvider.jav a:597)
02-04 09:40:52.723 24659 25141 E DatabaseUtils: at android.content.ContentProvider$Transport.openTypedAssetFile(ContentProvider.java:5 11)
02-04 09:40:52.723 24659 25141 E DatabaseUtils: at android.content.ContentProviderNative.onTransact(ContentProviderNative.java:307)
02-04 09:40:52.723 24659 25141 E DatabaseUtils: at android.os.Binder.execTransactInternal(Binder.java:1028)
02-04 09:40:52.723 24659 25141 E DatabaseUtils: at android.os.Binder.execTransact(Binder.java:1001)
02-04 09:40:52.723 24659 24682 E DatabaseUtils: Writing exception to parcel
02-04 09:40:52.723 24659 24682 E DatabaseUtils: java.lang.SecurityException: Permission Denial: reading com.mbwhatsapp.contentprovider.MediaProvider uri content://com.mbwhatsapp.provider.media/item/a15a7f24-e4ad-4333-91fe-84ee60810f6e from pid=2138, uid=10050 requires the provider be exported, or grantUriPermission()
02-04 09:40:52.723 24659 24682 E DatabaseUtils: at android.content.ContentProvider.enforceReadPermissionInner(ContentProvider.java:733 )
02-04 09:40:52.723 24659 24682 E DatabaseUtils: at android.content.ContentProvider$Transport.enforceReadPermission(ContentProvider.jav a:606)
02-04 09:40:52.723 24659 24682 E DatabaseUtils: at android.content.ContentProvider$Transport.enforceFilePermission(ContentProvider.jav a:597)
02-04 09:40:52.723 24659 24682 E DatabaseUtils: at android.content.ContentProvider$Transport.openTypedAssetFile(ContentProvider.java:5 11)
02-04 09:40:52.723 24659 24682 E DatabaseUtils: at android.content.ContentProviderNative.onTransact(ContentProviderNative.java:307)
02-04 09:40:52.723 24659 24682 E DatabaseUtils: at android.os.Binder.execTransactInternal(Binder.java:1028)
02-04 09:40:52.723 24659 24682 E DatabaseUtils: at android.os.Binder.execTransact(Binder.java:1001)
02-04 09:40:52.723 24659 24675 E DatabaseUtils: Writing exception to parcel
02-04 09:40:52.723 24659 24675 E DatabaseUtils: java.lang.SecurityException: Permission Denial: reading com.mbwhatsapp.contentprovider.MediaProvider uri content://com.mbwhatsapp.provider.media/item/b82d2c48-8aff-4ecf-9019-e9acfa982499 from pid=2138, uid=10050 requires the provider be exported, or grantUriPermission()
02-04 09:40:52.723 24659 24675 E DatabaseUtils: at android.content.ContentProvider.enforceReadPermissionInner(ContentProvider.java:733 )
02-04 09:40:52.723 24659 24675 E DatabaseUtils: at android.content.ContentProvider$Transport.enforceReadPermission(ContentProvider.jav a:606)
02-04 09:40:52.723 24659 24675 E DatabaseUtils: at android.content.ContentProvider$Transport.enforceFilePermission(ContentProvider.jav a:597)
02-04 09:40:52.723 24659 24675 E DatabaseUtils: at android.content.ContentProvider$Transport.openTypedAssetFile(ContentProvider.java:5 11)
02-04 09:40:52.723 24659 24675 E DatabaseUtils: at android.content.ContentProviderNative.onTransact(ContentProviderNative.java:307)
02-04 09:40:52.723 24659 24675 E DatabaseUtils: at android.os.Binder.execTransactInternal(Binder.java:1028)
02-04 09:40:52.723 24659 24675 E DatabaseUtils: at android.os.Binder.execTransact(Binder.java:1001)
02-04 09:40:52.810 24659 24710 E SQLiteDatabase: Error inserting UNIQUE constraint failed: message_media.message_row_id (Sqlite code 1555 SQLITE_CONSTRAINT_PRIMARYKEY), (OS error - 11:Try again)
02-04 09:40:53.872 24659 24710 E SQLiteDatabase: Error inserting UNIQUE constraint failed: message_media.message_row_id (Sqlite code 1555 SQLITE_CONSTRAINT_PRIMARYKEY), (OS error - 11:Try again)
02-04 09:40:53.954 24659 24710 E SQLiteDatabase: Error inserting UNIQUE constraint failed: message_media.message_row_id (Sqlite code 1555 SQLITE_CONSTRAINT_PRIMARYKEY), (OS error - 11:Try again)
02-04 09:40:54.471 24659 24710 E SQLiteDatabase: Error inserting UNIQUE constraint failed: message_media.message_row_id (Sqlite code 1555 SQLITE_CONSTRAINT_PRIMARYKEY), (OS error - 11:Try again)
02-04 09:40:55.166 24659 24710 E SQLiteDatabase: Error inserting UNIQUE constraint failed: message_media.message_row_id (Sqlite code 1555 SQLITE_CONSTRAINT_PRIMARYKEY), (OS error - 11:Try again)
02-04 09:40:55.281 24659 24710 E SQLiteDatabase: Error inserting UNIQUE constraint failed: message_media.message_row_id (Sqlite code 1555 SQLITE_CONSTRAINT_PRIMARYKEY), (OS error - 11:Try again)
02-04 09:40:56.216 24659 24710 E SQLiteDatabase: Error inserting UNIQUE constraint failed: message_media.message_row_id (Sqlite code 1555 SQLITE_CONSTRAINT_PRIMARYKEY), (OS error - 11:Try again)
02-04 09:40:56.694 24659 24710 E SQLiteDatabase: Error inserting UNIQUE constraint failed: message_media.message_row_id (Sqlite code 1555 SQLITE_CONSTRAINT_PRIMARYKEY), (OS error - 11:Try again)
02-04 09:40:56.764 24659 24675 E DatabaseUtils: Writing exception to parcel
02-04 09:40:56.764 24659 24675 E DatabaseUtils: java.lang.SecurityException: Permission Denial: reading com.mbwhatsapp.contentprovider.MediaProvider uri content://com.mbwhatsapp.provider.media/item/cdd807e6-6285-483d-ae64-03409a557a73 from pid=2138, uid=10050 requires the provider be exported, or grantUriPermission()
02-04 09:40:56.764 24659 24675 E DatabaseUtils: at android.content.ContentProvider.enforceReadPermissionInner(ContentProvider.java:733 )
02-04 09:40:56.764 24659 24675 E DatabaseUtils: at android.content.ContentProvider$Transport.enforceReadPermission(ContentProvider.jav a:606)
02-04 09:40:56.764 24659 24675 E DatabaseUtils: at android.content.ContentProvider$Transport.enforceFilePermission(ContentProvider.jav a:597)
02-04 09:40:56.764 24659 24675 E DatabaseUtils: at android.content.ContentProvider$Transport.openTypedAssetFile(ContentProvider.java:5 11)
02-04 09:40:56.764 24659 24675 E DatabaseUtils: at android.content.ContentProviderNative.onTransact(ContentProviderNative.java:307)
02-04 09:40:56.764 24659 24675 E DatabaseUtils: at android.os.Binder.execTransactInternal(Binder.java:1028)
02-04 09:40:56.764 24659 24675 E DatabaseUtils: at android.os.Binder.execTransact(Binder.java:1001)
02-04 09:40:56.764 24659 24682 E DatabaseUtils: Writing exception to parcel
02-04 09:40:56.764 24659 24682 E DatabaseUtils: java.lang.SecurityException: Permission Denial: reading com.mbwhatsapp.contentprovider.MediaProvider uri content://com.mbwhatsapp.provider.media/item/8815dfb0-65c3-45ce-b602-2f6f5ebbcefc from pid=2138, uid=10050 requires the provider be exported, or grantUriPermission()
02-04 09:40:56.764 24659 24682 E DatabaseUtils: at android.content.ContentProvider.enforceReadPermissionInner(ContentProvider.java:733 )
02-04 09:40:56.764 24659 24682 E DatabaseUtils: at android.content.ContentProvider$Transport.enforceReadPermission(ContentProvider.jav a:606)
02-04 09:40:56.764 24659 24682 E DatabaseUtils: at android.content.ContentProvider$Transport.enforceFilePermission(ContentProvider.jav a:597)
02-04 09:40:56.764 24659 24682 E DatabaseUtils: at android.content.ContentProvider$Transport.openTypedAssetFile(ContentProvider.java:5 11)
02-04 09:40:56.764 24659 24682 E DatabaseUtils: at android.content.ContentProviderNative.onTransact(ContentProviderNative.java:307)
02-04 09:40:56.764 24659 24682 E DatabaseUtils: at android.os.Binder.execTransactInternal(Binder.java:1028)
02-04 09:40:56.764 24659 24682 E DatabaseUtils: at android.os.Binder.execTransact(Binder.java:1001)
02-04 09:40:56.766 24659 24683 E DatabaseUtils: Writing exception to parcel
02-04 09:40:56.766 24659 24683 E DatabaseUtils: java.lang.SecurityException: Permission Denial: reading com.mbwhatsapp.contentprovider.MediaProvider uri content://com.mbwhatsapp.provider.media/item/f57b287a-5a88-45c5-a476-647aafe092d9 from pid=2138, uid=10050 requires the provider be exported, or grantUriPermission()
02-04 09:40:56.766 24659 24683 E DatabaseUtils: at android.content.ContentProvider.enforceReadPermissionInner(ContentProvider.java:733 )
02-04 09:40:56.766 24659 24683 E DatabaseUtils: at android.content.ContentProvider$Transport.enforceReadPermission(ContentProvider.jav a:606)
02-04 09:40:56.766 24659 24683 E DatabaseUtils: at android.content.ContentProvider$Transport.enforceFilePermission(ContentProvider.jav a:597)
02-04 09:40:56.766 24659 24683 E DatabaseUtils: at android.content.ContentProvider$Transport.openTypedAssetFile(ContentProvider.java:5 11)
02-04 09:40:56.766 24659 24683 E DatabaseUtils: at android.content.ContentProviderNative.onTransact(ContentProviderNative.java:307)
02-04 09:40:56.766 24659 24683 E DatabaseUtils: at android.os.Binder.execTransactInternal(Binder.java:1028)
02-04 09:40:56.766 24659 24683 E DatabaseUtils: at android.os.Binder.execTransact(Binder.java:1001)
02-04 09:40:56.766 24659 24848 E DatabaseUtils: Writing exception to parcel
02-04 09:40:56.766 24659 24848 E DatabaseUtils: java.lang.SecurityException: Permission Denial: reading com.mbwhatsapp.contentprovider.MediaProvider uri content://com.mbwhatsapp.provider.media/item/c4e8299d-e7c1-47c2-a312-ba7dbff70a2c from pid=2138, uid=10050 requires the provider be exported, or grantUriPermission()
02-04 09:40:56.766 24659 24848 E DatabaseUtils: at android.content.ContentProvider.enforceReadPermissionInner(ContentProvider.java:733 )
02-04 09:40:56.766 24659 24848 E DatabaseUtils: at android.content.ContentProvider$Transport.enforceReadPermission(ContentProvider.jav a:606)
02-04 09:40:56.766 24659 24848 E DatabaseUtils: at android.content.ContentProvider$Transport.enforceFilePermission(ContentProvider.jav a:597)
02-04 09:40:56.766 24659 24848 E DatabaseUtils: at android.content.ContentProvider$Transport.openTypedAssetFile(ContentProvider.java:5 11)
02-04 09:40:56.766 24659 24848 E DatabaseUtils: at android.content.ContentProviderNative.onTransact(ContentProviderNative.java:307)
02-04 09:40:56.766 24659 24848 E DatabaseUtils: at android.os.Binder.execTransactInternal(Binder.java:1028)
02-04 09:40:56.766 24659 24848 E DatabaseUtils: at android.os.Binder.execTransact(Binder.java:1001)
02-04 09:40:56.767 24659 25141 E DatabaseUtils: Writing exception to parcel
02-04 09:40:56.767 24659 25141 E DatabaseUtils: java.lang.SecurityException: Permission Denial: reading com.mbwhatsapp.contentprovider.MediaProvider uri content://com.mbwhatsapp.provider.media/item/eeb062a6-c65b-4ea9-9d1f-13e0c1a915b7 from pid=2138, uid=10050 requires the provider be exported, or grantUriPermission()
02-04 09:40:56.767 24659 25141 E DatabaseUtils: at android.content.ContentProvider.enforceReadPermissionInner(ContentProvider.java:733 )
02-04 09:40:56.767 24659 25141 E DatabaseUtils: at android.content.ContentProvider$Transport.enforceReadPermission(ContentProvider.jav a:606)
02-04 09:40:56.767 24659 25141 E DatabaseUtils: at android.content.ContentProvider$Transport.enforceFilePermission(ContentProvider.jav a:597)
02-04 09:40:56.767 24659 25141 E DatabaseUtils: at android.content.ContentProvider$Transport.openTypedAssetFile(ContentProvider.java:5 11)
02-04 09:40:56.767 24659 25141 E DatabaseUtils: at android.content.ContentProviderNative.onTransact(ContentProviderNative.java:307)
02-04 09:40:56.767 24659 25141 E DatabaseUtils: at android.os.Binder.execTransactInternal(Binder.java:1028)
02-04 09:40:56.767 24659 25141 E DatabaseUtils: at android.os.Binder.execTransact(Binder.java:1001)
02-04 09:40:57.826 24659 24710 E SQLiteDatabase: Error inserting UNIQUE constraint failed: message_media.message_row_id (Sqlite code 1555 SQLITE_CONSTRAINT_PRIMARYKEY), (OS error - 11:Try again)
02-04 09:40:58.066 24659 24848 E DatabaseUtils: Writing exception to parcel
02-04 09:40:58.066 24659 24848 E DatabaseUtils: java.lang.SecurityException: Permission Denial: reading com.mbwhatsapp.contentprovider.MediaProvider uri content://com.mbwhatsapp.provider.media/item/60121903-5753-4d3e-8256-5de3ca956f70 from pid=2138, uid=10050 requires the provider be exported, or grantUriPermission()
02-04 09:40:58.066 24659 24848 E DatabaseUtils: at android.content.ContentProvider.enforceReadPermissionInner(ContentProvider.java:733 )
02-04 09:40:58.066 24659 24848 E DatabaseUtils: at android.content.ContentProvider$Transport.enforceReadPermission(ContentProvider.jav a:606)
02-04 09:40:58.066 24659 24848 E DatabaseUtils: at android.content.ContentProvider$Transport.enforceFilePermission(ContentProvider.jav a:597)
02-04 09:40:58.066 24659 24848 E DatabaseUtils: at android.content.ContentProvider$Transport.openTypedAssetFile(ContentProvider.java:5 11)
02-04 09:40:58.066 24659 24848 E DatabaseUtils: at android.content.ContentProviderNative.onTransact(ContentProviderNative.java:307)
02-04 09:40:58.066 24659 24848 E DatabaseUtils: at android.os.Binder.execTransactInternal(Binder.java:1028)
02-04 09:40:58.066 24659 24848 E DatabaseUtils: at android.os.Binder.execTransact(Binder.java:1001)
02-04 09:40:58.131 24659 24710 E SQLiteDatabase: Error inserting UNIQUE constraint failed: message_media.message_row_id (Sqlite code 1555 SQLITE_CONSTRAINT_PRIMARYKEY), (OS error - 11:Try again)
02-04 09:40:59.056 24659 24710 E SQLiteDatabase: Error inserting UNIQUE constraint failed: message_media.message_row_id (Sqlite code 1555 SQLITE_CONSTRAINT_PRIMARYKEY), (OS error - 11:Try again)
02-04 09:40:59.696 24659 24710 E SQLiteDatabase: Error inserting UNIQUE constraint failed: message_media.message_row_id (Sqlite code 1555 SQLITE_CONSTRAINT_PRIMARYKEY), (OS error - 11:Try again)
02-04 09:40:59.916 24659 24710 E SQLiteDatabase: Error inserting UNIQUE constraint failed: message_media.message_row_id (Sqlite code 1555 SQLITE_CONSTRAINT_PRIMARYKEY), (OS error - 11:Try again)
02-04 09:41:00.133 24659 24710 E SQLiteDatabase: Error inserting UNIQUE constraint failed: message_media.message_row_id (Sqlite code 1555 SQLITE_CONSTRAINT_PRIMARYKEY), (OS error - 11:Try again)
02-04 09:41:01.347 24659 24710 E SQLiteDatabase: Error inserting UNIQUE constraint failed: message_media.message_row_id (Sqlite code 1555 SQLITE_CONSTRAINT_PRIMARYKEY), (OS error - 11:Try again)
02-04 09:41:01.636 24659 24710 E SQLiteDatabase: Error inserting UNIQUE constraint failed: message_media.message_row_id (Sqlite code 1555 SQLITE_CONSTRAINT_PRIMARYKEY), (OS error - 11:Try again)
02-04 09:41:01.814 24659 24710 E SQLiteDatabase: Error inserting UNIQUE constraint failed: message_media.message_row_id (Sqlite code 1555 SQLITE_CONSTRAINT_PRIMARYKEY), (OS error - 11:Try again)
02-04 09:41:02.035 24659 25141 E DatabaseUtils: Writing exception to parcel
02-04 09:41:02.035 24659 25141 E DatabaseUtils: java.lang.SecurityException: Permission Denial: reading com.mbwhatsapp.contentprovider.MediaProvider uri content://com.mbwhatsapp.provider.media/item/5407ba6c-672a-4617-9e2c-0014f2d2fa86 from pid=2138, uid=10050 requires the provider be exported, or grantUriPermission()
02-04 09:41:02.035 24659 25141 E DatabaseUtils: at android.content.ContentProvider.enforceReadPermissionInner(ContentProvider.java:733 )
02-04 09:41:02.035 24659 25141 E DatabaseUtils: at android.content.ContentProvider$Transport.enforceReadPermission(ContentProvider.jav a:606)
02-04 09:41:02.035 24659 25141 E DatabaseUtils: at android.content.ContentProvider$Transport.enforceFilePermission(ContentProvider.jav a:597)
02-04 09:41:02.035 24659 25141 E DatabaseUtils: at android.content.ContentProvider$Transport.openTypedAssetFile(ContentProvider.java:5 11)
02-04 09:41:02.035 24659 25141 E DatabaseUtils: at android.content.ContentProviderNative.onTransact(ContentProviderNative.java:307)
02-04 09:41:02.035 24659 25141 E DatabaseUtils: at android.os.Binder.execTransactInternal(Binder.java:1028)
02-04 09:41:02.035 24659 25141 E DatabaseUtils: at android.os.Binder.execTransact(Binder.java:1001)
02-04 09:41:02.036 24659 24848 E DatabaseUtils: Writing exception to parcel
02-04 09:41:02.036 24659 24848 E DatabaseUtils: java.lang.SecurityException: Permission Denial: reading com.mbwhatsapp.contentprovider.MediaProvider uri content://com.mbwhatsapp.provider.media/item/2741d792-f915-4d46-b39b-fb5636a6bb3a from pid=2138, uid=10050 requires the provider be exported, or grantUriPermission()
02-04 09:41:02.036 24659 24848 E DatabaseUtils: at android.content.ContentProvider.enforceReadPermissionInner(ContentProvider.java:733 )
02-04 09:41:02.036 24659 24848 E DatabaseUtils: at android.content.ContentProvider$Transport.enforceReadPermission(ContentProvider.jav a:606)
02-04 09:41:02.036 24659 24848 E DatabaseUtils: at android.content.ContentProvider$Transport.enforceFilePermission(ContentProvider.jav a:597)
02-04 09:41:02.036 24659 24848 E DatabaseUtils: at android.content.ContentProvider$Transport.openTypedAssetFile(ContentProvider.java:5 11)
02-04 09:41:02.036 24659 24848 E DatabaseUtils: at android.content.ContentProviderNative.onTransact(ContentProviderNative.java:307)
02-04 09:41:02.036 24659 24848 E DatabaseUtils: at android.os.Binder.execTransactInternal(Binder.java:1028)
02-04 09:41:02.036 24659 24848 E DatabaseUtils: at android.os.Binder.execTransact(Binder.java:1001)
02-04 09:41:02.037 24659 25141 E DatabaseUtils: Writing exception to parcel
02-04 09:41:02.037 24659 25141 E DatabaseUtils: java.lang.SecurityException: Permission Denial: reading com.mbwhatsapp.contentprovider.MediaProvider uri content://com.mbwhatsapp.provider.media/item/ea86dfd6-a901-4d98-bf31-e1a449dd6a5c from pid=2138, uid=10050 requires the provider be exported, or grantUriPermission()
02-04 09:41:02.037 24659 25141 E DatabaseUtils: at android.content.ContentProvider.enforceReadPermissionInner(ContentProvider.java:733 )
02-04 09:41:02.037 24659 25141 E DatabaseUtils: at android.content.ContentProvider$Transport.enforceReadPermission(ContentProvider.jav a:606)
02-04 09:41:02.037 24659 25141 E DatabaseUtils: at android.content.ContentProvider$Transport.enforceFilePermission(ContentProvider.jav a:597)
02-04 09:41:02.037 24659 25141 E DatabaseUtils: at android.content.ContentProvider$Transport.openTypedAssetFile(ContentProvider.java:5 11)
02-04 09:41:02.037 24659 25141 E DatabaseUtils: at android.content.ContentProviderNative.onTransact(ContentProviderNative.java:307)
02-04 09:41:02.037 24659 25141 E DatabaseUtils: at android.os.Binder.execTransactInternal(Binder.java:1028)
02-04 09:41:02.037 24659 25141 E DatabaseUtils: at android.os.Binder.execTransact(Binder.java:1001)
02-04 09:41:02.037 24659 24682 E DatabaseUtils: Writing exception to parcel
02-04 09:41:02.037 24659 24682 E DatabaseUtils: java.lang.SecurityException: Permission Denial: reading com.mbwhatsapp.contentprovider.MediaProvider uri content://com.mbwhatsapp.provider.media/item/af1da4c2-699b-4ec0-abc2-2a638b1c3ed4 from pid=2138, uid=10050 requires the provider be exported, or grantUriPermission()
02-04 09:41:02.037 24659 24682 E DatabaseUtils: at android.content.ContentProvider.enforceReadPermissionInner(ContentProvider.java:733 )
02-04 09:41:02.037 24659 24682 E DatabaseUtils: at android.content.ContentProvider$Transport.enforceReadPermission(ContentProvider.jav a:606)
02-04 09:41:02.037 24659 24682 E DatabaseUtils: at android.content.ContentProvider$Transport.enforceFilePermission(ContentProvider.jav a:597)
02-04 09:41:02.037 24659 24682 E DatabaseUtils: at android.content.ContentProvider$Transport.openTypedAssetFile(ContentProvider.java:5 11)
02-04 09:41:02.037 24659 24682 E DatabaseUtils: at android.content.ContentProviderNative.onTransact(ContentProviderNative.java:307)
02-04 09:41:02.037 24659 24682 E DatabaseUtils: at android.os.Binder.execTransactInternal(Binder.java:1028)
02-04 09:41:02.037 24659 24682 E DatabaseUtils: at android.os.Binder.execTransact(Binder.java:1001)
02-04 09:41:02.038 24659 24678 E DatabaseUtils: Writing exception to parcel
02-04 09:41:02.038 24659 24678 E DatabaseUtils: java.lang.SecurityException: Permission Denial: reading com.mbwhatsapp.contentprovider.MediaProvider uri content://com.mbwhatsapp.provider.media/item/d540657a-1261-4be5-a31c-4c793c6f77d5 from pid=2138, uid=10050 requires the provider be exported, or grantUriPermission()
02-04 09:41:02.038 24659 24678 E DatabaseUtils: at android.content.ContentProvider.enforceReadPermissionInner(ContentProvider.java:733 )
02-04 09:41:02.038 24659 24678 E DatabaseUtils: at android.content.ContentProvider$Transport.enforceReadPermission(ContentProvider.jav a:606)
02-04 09:41:02.038 24659 24678 E DatabaseUtils: at android.content.ContentProvider$Transport.enforceFilePermission(ContentProvider.jav a:597)
02-04 09:41:02.038 24659 24678 E DatabaseUtils: at android.content.ContentProvider$Transport.openTypedAssetFile(ContentProvider.java:5 11)
02-04 09:41:02.038 24659 24678 E DatabaseUtils: at android.content.ContentProviderNative.onTransact(ContentProviderNative.java:307)
02-04 09:41:02.038 24659 24678 E DatabaseUtils: at android.os.Binder.execTransactInternal(Binder.java:1028)
02-04 09:41:02.038 24659 24678 E DatabaseUtils: at android.os.Binder.execTransact(Binder.java:1001)
02-04 09:41:02.049 24659 24678 E DatabaseUtils: Writing exception to parcel
02-04 09:41:02.049 24659 24678 E DatabaseUtils: java.lang.SecurityException: Permission Denial: reading com.mbwhatsapp.contentprovider.MediaProvider uri content://com.mbwhatsapp.provider.media/item/df200a07-f73e-4939-be01-2886273ffb38 from pid=2138, uid=10050 requires the provider be exported, or grantUriPermission()
02-04 09:41:02.049 24659 24678 E DatabaseUtils: at android.content.ContentProvider.enforceReadPermissionInner(ContentProvider.java:733 )
02-04 09:41:02.049 24659 24678 E DatabaseUtils: at android.content.ContentProvider$Transport.enforceReadPermission(ContentProvider.jav a:606)
02-04 09:41:02.049 24659 24678 E DatabaseUtils: at android.content.ContentProvider$Transport.enforceFilePermission(ContentProvider.jav a:597)
02-04 09:41:02.049 24659 24678 E DatabaseUtils: at android.content.ContentProvider$Transport.openTypedAssetFile(ContentProvider.java:5 11)
02-04 09:41:02.049 24659 24678 E DatabaseUtils: at android.content.ContentProviderNative.onTransact(ContentProviderNative.java:307)
02-04 09:41:02.049 24659 24678 E DatabaseUtils: at android.os.Binder.execTransactInternal(Binder.java:1028)
02-04 09:41:02.049 24659 24678 E DatabaseUtils: at android.os.Binder.execTransact(Binder.java:1001)
02-04 09:41:02.148 24659 24710 E SQLiteDatabase: Error inserting UNIQUE constraint failed: message_media.message_row_id (Sqlite code 1555 SQLITE_CONSTRAINT_PRIMARYKEY), (OS error - 11:Try again)
02-04 09:41:03.669 24659 24710 E SQLiteDatabase: Error inserting UNIQUE constraint failed: message_media.message_row_id (Sqlite code 1555 SQLITE_CONSTRAINT_PRIMARYKEY), (OS error - 11:Try again)
02-04 09:41:04.671 24659 24710 E SQLiteDatabase: Error inserting UNIQUE constraint failed: message_media.message_row_id (Sqlite code 1555 SQLITE_CONSTRAINT_PRIMARYKEY), (OS error - 11:Try again)
02-04 09:41:04.945 24659 24710 E SQLiteDatabase: Error inserting UNIQUE constraint failed: message_media.message_row_id (Sqlite code 1555 SQLITE_CONSTRAINT_PRIMARYKEY), (OS error - 11:Try again)
02-04 09:41:05.587 24659 24710 E SQLiteDatabase: Error inserting UNIQUE constraint failed: message_media.message_row_id (Sqlite code 1555 SQLITE_CONSTRAINT_PRIMARYKEY), (OS error - 11:Try again)
02-04 09:41:05.633 24659 24682 E DatabaseUtils: Writing exception to parcel
02-04 09:41:05.633 24659 24682 E DatabaseUtils: java.lang.SecurityException: Permission Denial: reading com.mbwhatsapp.contentprovider.MediaProvider uri content://com.mbwhatsapp.provider.media/item/1bf8c3c7-68ac-4c60-9e2a-e54f2253ca14 from pid=2138, uid=10050 requires the provider be exported, or grantUriPermission()
02-04 09:41:05.633 24659 24682 E DatabaseUtils: at android.content.ContentProvider.enforceReadPermissionInner(ContentProvider.java:733 )
02-04 09:41:05.633 24659 24682 E DatabaseUtils: at android.content.ContentProvider$Transport.enforceReadPermission(ContentProvider.jav a:606)
02-04 09:41:05.633 24659 24682 E DatabaseUtils: at android.content.ContentProvider$Transport.enforceFilePermission(ContentProvider.jav a:597)
02-04 09:41:05.633 24659 24682 E DatabaseUtils: at android.content.ContentProvider$Transport.openTypedAssetFile(ContentProvider.java:5 11)
02-04 09:41:05.633 24659 24682 E DatabaseUtils: at android.content.ContentProviderNative.onTransact(ContentProviderNative.java:307)
02-04 09:41:05.633 24659 24682 E DatabaseUtils: at android.os.Binder.execTransactInternal(Binder.java:1028)
02-04 09:41:05.633 24659 24682 E DatabaseUtils: at android.os.Binder.execTransact(Binder.java:1001)
02-04 09:41:05.633 24659 24683 E DatabaseUtils: Writing exception to parcel
02-04 09:41:05.633 24659 24683 E DatabaseUtils: java.lang.SecurityException: Permission Denial: reading com.mbwhatsapp.contentprovider.MediaProvider uri content://com.mbwhatsapp.provider.media/item/399d3a46-0739-4138-beb2-eeb801121b69 from pid=2138, uid=10050 requires the provider be exported, or grantUriPermission()
02-04 09:41:05.633 24659 24683 E DatabaseUtils: at android.content.ContentProvider.enforceReadPermissionInner(ContentProvider.java:733 )
02-04 09:41:05.633 24659 24683 E DatabaseUtils: at android.content.ContentProvider$Transport.enforceReadPermission(ContentProvider.jav a:606)
02-04 09:41:05.633 24659 24683 E DatabaseUtils: at android.content.ContentProvider$Transport.enforceFilePermission(ContentProvider.jav a:597)
02-04 09:41:05.633 24659 24683 E DatabaseUtils: at android.content.ContentProvider$Transport.openTypedAssetFile(ContentProvider.java:5 11)
02-04 09:41:05.633 24659 24683 E DatabaseUtils: at android.content.ContentProviderNative.onTransact(ContentProviderNative.java:307)
02-04 09:41:05.633 24659 24683 E DatabaseUtils: at android.os.Binder.execTransactInternal(Binder.java:1028)
02-04 09:41:05.633 24659 24683 E DatabaseUtils: at android.os.Binder.execTransact(Binder.java:1001)
02-04 09:41:05.634 24659 25141 E DatabaseUtils: Writing exception to parcel
02-04 09:41:05.634 24659 25141 E DatabaseUtils: java.lang.SecurityException: Permission Denial: reading com.mbwhatsapp.contentprovider.MediaProvider uri content://com.mbwhatsapp.provider.media/item/e2175e0d-7cfd-48f0-bbd5-6a1b635f0da3 from pid=2138, uid=10050 requires the provider be exported, or grantUriPermission()
02-04 09:41:05.634 24659 25141 E DatabaseUtils: at android.content.ContentProvider.enforceReadPermissionInner(ContentProvider.java:733 )
02-04 09:41:05.634 24659 25141 E DatabaseUtils: at android.content.ContentProvider$Transport.enforceReadPermission(ContentProvider.jav a:606)
02-04 09:41:05.634 24659 25141 E DatabaseUtils: at android.content.ContentProvider$Transport.enforceFilePermission(ContentProvider.jav a:597)
02-04 09:41:05.634 24659 25141 E DatabaseUtils: at android.content.ContentProvider$Transport.openTypedAssetFile(ContentProvider.java:5 11)
02-04 09:41:05.634 24659 25141 E DatabaseUtils: at android.content.ContentProviderNative.onTransact(ContentProviderNative.java:307)
02-04 09:41:05.634 24659 25141 E DatabaseUtils: at android.os.Binder.execTransactInternal(Binder.java:1028)
02-04 09:41:05.634 24659 25141 E DatabaseUtils: at android.os.Binder.execTransact(Binder.java:1001)
02-04 09:41:05.634 24659 24675 E DatabaseUtils: Writing exception to parcel
02-04 09:41:05.634 24659 24675 E DatabaseUtils: java.lang.SecurityException: Permission Denial: reading com.mbwhatsapp.contentprovider.MediaProvider uri content://com.mbwhatsapp.provider.media/item/790e0895-dec8-4dc0-b2d0-288318329ea1 from pid=2138, uid=10050 requires the provider be exported, or grantUriPermission()
02-04 09:41:05.634 24659 24675 E DatabaseUtils: at android.content.ContentProvider.enforceReadPermissionInner(ContentProvider.java:733 )
02-04 09:41:05.634 24659 24675 E DatabaseUtils: at android.content.ContentProvider$Transport.enforceReadPermission(ContentProvider.jav a:606)
02-04 09:41:05.634 24659 24675 E DatabaseUtils: at android.content.ContentProvider$Transport.enforceFilePermission(ContentProvider.jav a:597)
02-04 09:41:05.634 24659 24675 E DatabaseUtils: at android.content.ContentProvider$Transport.openTypedAssetFile(ContentProvider.java:5 11)
02-04 09:41:05.634 24659 24675 E DatabaseUtils: at android.content.ContentProviderNative.onTransact(ContentProviderNative.java:307)
02-04 09:41:05.634 24659 24675 E DatabaseUtils: at android.os.Binder.execTransactInternal(Binder.java:1028)
02-04 09:41:05.634 24659 24675 E DatabaseUtils: at android.os.Binder.execTransact(Binder.java:1001)
02-04 09:41:05.636 24659 24675 E DatabaseUtils: Writing exception to parcel
02-04 09:41:05.636 24659 24675 E DatabaseUtils: java.lang.SecurityException: Permission Denial: reading com.mbwhatsapp.contentprovider.MediaProvider uri content://com.mbwhatsapp.provider.media/item/88717766-2cea-4684-9f93-4c26cbcd0007 from pid=2138, uid=10050 requires the provider be exported, or grantUriPermission()
02-04 09:41:05.636 24659 24675 E DatabaseUtils: at android.content.ContentProvider.enforceReadPermissionInner(ContentProvider.java:733 )
02-04 09:41:05.636 24659 24675 E DatabaseUtils: at android.content.ContentProvider$Transport.enforceReadPermission(ContentProvider.jav a:606)
02-04 09:41:05.636 24659 24675 E DatabaseUtils: at android.content.ContentProvider$Transport.enforceFilePermission(ContentProvider.jav a:597)
02-04 09:41:05.636 24659 24675 E DatabaseUtils: at android.content.ContentProvider$Transport.openTypedAssetFile(ContentProvider.java:5 11)
02-04 09:41:05.636 24659 24675 E DatabaseUtils: at android.content.ContentProviderNative.onTransact(ContentProviderNative.java:307)
02-04 09:41:05.636 24659 24675 E DatabaseUtils: at android.os.Binder.execTransactInternal(Binder.java:1028)
02-04 09:41:05.636 24659 24675 E DatabaseUtils: at android.os.Binder.execTransact(Binder.java:1001)
02-04 09:41:05.638 24659 24848 E DatabaseUtils: Writing exception to parcel
02-04 09:41:05.638 24659 24848 E DatabaseUtils: java.lang.SecurityException: Permission Denial: reading com.mbwhatsapp.contentprovider.MediaProvider uri content://com.mbwhatsapp.provider.media/item/61ec59d7-2a47-47e6-974a-f9046219d9c7 from pid=2138, uid=10050 requires the provider be exported, or grantUriPermission()
02-04 09:41:05.638 24659 24848 E DatabaseUtils: at android.content.ContentProvider.enforceReadPermissionInner(ContentProvider.java:733 )
02-04 09:41:05.638 24659 24848 E DatabaseUtils: at android.content.ContentProvider$Transport.enforceReadPermission(ContentProvider.jav a:606)
02-04 09:41:05.638 24659 24848 E DatabaseUtils: at android.content.ContentProvider$Transport.enforceFilePermission(ContentProvider.jav a:597)
02-04 09:41:05.638 24659 24848 E DatabaseUtils: at android.content.ContentProvider$Transport.openTypedAssetFile(ContentProvider.java:5 11)
02-04 09:41:05.638 24659 24848 E DatabaseUtils: at android.content.ContentProviderNative.onTransact(ContentProviderNative.java:307)
02-04 09:41:05.638 24659 24848 E DatabaseUtils: at android.os.Binder.execTransactInternal(Binder.java:1028)
02-04 09:41:05.638 24659 24848 E DatabaseUtils: at android.os.Binder.execTransact(Binder.java:1001)
02-04 09:41:05.647 24659 25141 E DatabaseUtils: Writing exception to parcel
02-04 09:41:05.647 24659 25141 E DatabaseUtils: java.lang.SecurityException: Permission Denial: reading com.mbwhatsapp.contentprovider.MediaProvider uri content://com.mbwhatsapp.provider.media/item/af0b32e7-811d-46fb-bfd3-a2e63f7f6625 from pid=2138, uid=10050 requires the provider be exported, or grantUriPermission()
02-04 09:41:05.647 24659 25141 E DatabaseUtils: at android.content.ContentProvider.enforceReadPermissionInner(ContentProvider.java:733 )
02-04 09:41:05.647 24659 25141 E DatabaseUtils: at android.content.ContentProvider$Transport.enforceReadPermission(ContentProvider.jav a:606)
02-04 09:41:05.647 24659 25141 E DatabaseUtils: at android.content.ContentProvider$Transport.enforceFilePermission(ContentProvider.jav a:597)
02-04 09:41:05.647 24659 25141 E DatabaseUtils: at android.content.ContentProvider$Transport.openTypedAssetFile(ContentProvider.java:5 11)
02-04 09:41:05.647 24659 25141 E DatabaseUtils: at android.content.ContentProviderNative.onTransact(ContentProviderNative.java:307)
02-04 09:41:05.647 24659 25141 E DatabaseUtils: at android.os.Binder.execTransactInternal(Binder.java:1028)
02-04 09:41:05.647 24659 25141 E DatabaseUtils: at android.os.Binder.execTransact(Binder.java:1001)
02-04 09:41:05.676 24659 24683 E DatabaseUtils: Writing exception to parcel
02-04 09:41:05.676 24659 24683 E DatabaseUtils: java.lang.SecurityException: Permission Denial: reading com.mbwhatsapp.contentprovider.MediaProvider uri content://com.mbwhatsapp.provider.media/item/3834e5d9-67f3-422d-9b8f-8c192720b737 from pid=2138, uid=10050 requires the provider be exported, or grantUriPermission()
02-04 09:41:05.676 24659 24683 E DatabaseUtils: at android.content.ContentProvider.enforceReadPermissionInner(ContentProvider.java:733 )
02-04 09:41:05.676 24659 24683 E DatabaseUtils: at android.content.ContentProvider$Transport.enforceReadPermission(ContentProvider.jav a:606)
02-04 09:41:05.676 24659 24683 E DatabaseUtils: at android.content.ContentProvider$Transport.enforceFilePermission(ContentProvider.jav a:597)
02-04 09:41:05.676 24659 24683 E DatabaseUtils: at android.content.ContentProvider$Transport.openTypedAssetFile(ContentProvider.java:5 11)
02-04 09:41:05.676 24659 24683 E DatabaseUtils: at android.content.ContentProviderNative.onTransact(ContentProviderNative.java:307)
02-04 09:41:05.676 24659 24683 E DatabaseUtils: at android.os.Binder.execTransactInternal(Binder.java:1028)
02-04 09:41:05.676 24659 24683 E DatabaseUtils: at android.os.Binder.execTransact(Binder.java:1001)
02-04 09:41:05.684 24659 24682 E DatabaseUtils: Writing exception to parcel
02-04 09:41:05.684 24659 24682 E DatabaseUtils: java.lang.SecurityException: Permission Denial: reading com.mbwhatsapp.contentprovider.MediaProvider uri content://com.mbwhatsapp.provider.media/item/fba957a3-eb47-4b91-b90d-c11f9c893f12 from pid=2138, uid=10050 requires the provider be exported, or grantUriPermission()
02-04 09:41:05.684 24659 24682 E DatabaseUtils: at android.content.ContentProvider.enforceReadPermissionInner(ContentProvider.java:733 )
02-04 09:41:05.684 24659 24682 E DatabaseUtils: at android.content.ContentProvider$Transport.enforceReadPermission(ContentProvider.jav a:606)
02-04 09:41:05.684 24659 24682 E DatabaseUtils: at android.content.ContentProvider$Transport.enforceFilePermission(ContentProvider.jav a:597)
02-04 09:41:05.684 24659 24682 E DatabaseUtils: at android.content.ContentProvider$Transport.openTypedAssetFile(ContentProvider.java:5 11)
02-04 09:41:05.684 24659 24682 E DatabaseUtils: at android.content.ContentProviderNative.onTransact(ContentProviderNative.java:307)
02-04 09:41:05.684 24659 24682 E DatabaseUtils: at android.os.Binder.execTransactInternal(Binder.java:1028)
02-04 09:41:05.684 24659 24682 E DatabaseUtils: at android.os.Binder.execTransact(Binder.java:1001)
02-04 09:41:05.689 24659 24848 E DatabaseUtils: Writing exception to parcel
02-04 09:41:05.689 24659 24848 E DatabaseUtils: java.lang.SecurityException: Permission Denial: reading com.mbwhatsapp.contentprovider.MediaProvider uri content://com.mbwhatsapp.provider.media/item/97e6f7aa-ef3f-4089-a6e2-90838e8e813d from pid=2138, uid=10050 requires the provider be exported, or grantUriPermission()
02-04 09:41:05.689 24659 24848 E DatabaseUtils: at android.content.ContentProvider.enforceReadPermissionInner(ContentProvider.java:733 )
02-04 09:41:05.689 24659 24848 E DatabaseUtils: at android.content.ContentProvider$Transport.enforceReadPermission(ContentProvider.jav a:606)
02-04 09:41:05.689 24659 24848 E DatabaseUtils: at android.content.ContentProvider$Transport.enforceFilePermission(ContentProvider.jav a:597)
02-04 09:41:05.689 24659 24848 E DatabaseUtils: at android.content.ContentProvider$Transport.openTypedAssetFile(ContentProvider.java:5 11)
02-04 09:41:05.689 24659 24848 E DatabaseUtils: at android.content.ContentProviderNative.onTransact(ContentProviderNative.java:307)
02-04 09:41:05.689 24659 24848 E DatabaseUtils: at android.os.Binder.execTransactInternal(Binder.java:1028)
02-04 09:41:05.689 24659 24848 E DatabaseUtils: at android.os.Binder.execTransact(Binder.java:1001)
02-04 09:41:05.690 24659 25141 E DatabaseUtils: Writing exception to parcel
02-04 09:41:05.690 24659 25141 E DatabaseUtils: java.lang.SecurityException: Permission Denial: reading com.mbwhatsapp.contentprovider.MediaProvider uri content://com.mbwhatsapp.provider.media/item/e945b923-b799-47a5-8fc3-8b9863d40491 from pid=2138, uid=10050 requires the provider be exported, or grantUriPermission()
02-04 09:41:05.690 24659 25141 E DatabaseUtils: at android.content.ContentProvider.enforceReadPermissionInner(ContentProvider.java:733 )
02-04 09:41:05.690 24659 25141 E DatabaseUtils: at android.content.ContentProvider$Transport.enforceReadPermission(ContentProvider.jav a:606)
02-04 09:41:05.690 24659 25141 E DatabaseUtils: at android.content.ContentProvider$Transport.enforceFilePermission(ContentProvider.jav a:597)
02-04 09:41:05.690 24659 25141 E DatabaseUtils: at android.content.ContentProvider$Transport.openTypedAssetFile(ContentProvider.java:5 11)
02-04 09:41:05.690 24659 25141 E DatabaseUtils: at android.content.ContentProviderNative.onTransact(ContentProviderNative.java:307)
02-04 09:41:05.690 24659 25141 E DatabaseUtils: at android.os.Binder.execTransactInternal(Binder.java:1028)
02-04 09:41:05.690 24659 25141 E DatabaseUtils: at android.os.Binder.execTransact(Binder.java:1001)
02-04 09:41:05.691 24659 24682 E DatabaseUtils: Writing exception to parcel
02-04 09:41:05.691 24659 24682 E DatabaseUtils: java.lang.SecurityException: Permission Denial: reading com.mbwhatsapp.contentprovider.MediaProvider uri content://com.mbwhatsapp.provider.media/item/7c698754-9840-45c0-a5ac-bf42e2ab838e from pid=2138, uid=10050 requires the provider be exported, or grantUriPermission()
02-04 09:41:05.691 24659 24682 E DatabaseUtils: at android.content.ContentProvider.enforceReadPermissionInner(ContentProvider.java:733 )
02-04 09:41:05.691 24659 24682 E DatabaseUtils: at android.content.ContentProvider$Transport.enforceReadPermission(ContentProvider.jav a:606)
02-04 09:41:05.691 24659 24682 E DatabaseUtils: at android.content.ContentProvider$Transport.enforceFilePermission(ContentProvider.jav a:597)
02-04 09:41:05.691 24659 24682 E DatabaseUtils: at android.content.ContentProvider$Transport.openTypedAssetFile(ContentProvider.java:5 11)
02-04 09:41:05.691 24659 24682 E DatabaseUtils: at android.content.ContentProviderNative.onTransact(ContentProviderNative.java:307)
02-04 09:41:05.691 24659 24682 E DatabaseUtils: at android.os.Binder.execTransactInternal(Binder.java:1028)
02-04 09:41:05.691 24659 24682 E DatabaseUtils: at android.os.Binder.execTransact(Binder.java:1001)
02-04 09:41:05.693 24659 24675 E DatabaseUtils: Writing exception to parcel
02-04 09:41:05.693 24659 24675 E DatabaseUtils: java.lang.SecurityException: Permission Denial: reading com.mbwhatsapp.contentprovider.MediaProvider uri content://com.mbwhatsapp.provider.media/item/5d080fc2-b3d8-4447-80e0-df9faf1a9dc3 from pid=2138, uid=10050 requires the provider be exported, or grantUriPermission()
02-04 09:41:05.693 24659 24675 E DatabaseUtils: at android.content.ContentProvider.enforceReadPermissionInner(ContentProvider.java:733 )
02-04 09:41:05.693 24659 24675 E DatabaseUtils: at android.content.ContentProvider$Transport.enforceReadPermission(ContentProvider.jav a:606)
02-04 09:41:05.693 24659 24675 E DatabaseUtils: at android.content.ContentProvider$Transport.enforceFilePermission(ContentProvider.jav a:597)
02-04 09:41:05.693 24659 24675 E DatabaseUtils: at android.content.ContentProvider$Transport.openTypedAssetFile(ContentProvider.java:5 11)
02-04 09:41:05.693 24659 24675 E DatabaseUtils: at android.content.ContentProviderNative.onTransact(ContentProviderNative.java:307)
02-04 09:41:05.693 24659 24675 E DatabaseUtils: at android.os.Binder.execTransactInternal(Binder.java:1028)
02-04 09:41:05.693 24659 24675 E DatabaseUtils: at android.os.Binder.execTransact(Binder.java:1001)
02-04 09:41:05.707 24659 24683 E DatabaseUtils: Writing exception to parcel
02-04 09:41:05.707 24659 24683 E DatabaseUtils: java.lang.SecurityException: Permission Denial: reading com.mbwhatsapp.contentprovider.MediaProvider uri content://com.mbwhatsapp.provider.media/item/95d7cc64-2bfb-442e-950b-e4a6177c28a8 from pid=2138, uid=10050 requires the provider be exported, or grantUriPermission()
02-04 09:41:05.707 24659 24683 E DatabaseUtils: at android.content.ContentProvider.enforceReadPermissionInner(ContentProvider.java:733 )
02-04 09:41:05.707 24659 24683 E DatabaseUtils: at android.content.ContentProvider$Transport.enforceReadPermission(ContentProvider.jav a:606)
02-04 09:41:05.707 24659 24683 E DatabaseUtils: at android.content.ContentProvider$Transport.enforceFilePermission(ContentProvider.jav a:597)
02-04 09:41:05.707 24659 24683 E DatabaseUtils: at android.content.ContentProvider$Transport.openTypedAssetFile(ContentProvider.java:5 11)
02-04 09:41:05.707 24659 24683 E DatabaseUtils: at android.content.ContentProviderNative.onTransact(ContentProviderNative.java:307)
02-04 09:41:05.707 24659 24683 E DatabaseUtils: at android.os.Binder.execTransactInternal(Binder.java:1028)
02-04 09:41:05.707 24659 24683 E DatabaseUtils: at android.os.Binder.execTransact(Binder.java:1001)
02-04 09:41:06.084 24659 24710 E SQLiteDatabase: Error inserting UNIQUE constraint failed: message_media.message_row_id (Sqlite code 1555 SQLITE_CONSTRAINT_PRIMARYKEY), (OS error - 11:Try again)
02-04 09:41:06.448 24659 24710 E SQLiteDatabase: Error inserting UNIQUE constraint failed: message_media.message_row_id (Sqlite code 1555 SQLITE_CONSTRAINT_PRIMARYKEY), (OS error - 11:Try again)
02-04 09:41:06.763 24659 24710 E SQLiteDatabase: Error inserting UNIQUE constraint failed: message_media.message_row_id (Sqlite code 1555 SQLITE_CONSTRAINT_PRIMARYKEY), (OS error - 11:Try again)
02-04 09:41:07.246 24659 24710 E SQLiteDatabase: Error inserting UNIQUE constraint failed: message_media.message_row_id (Sqlite code 1555 SQLITE_CONSTRAINT_PRIMARYKEY), (OS error - 11:Try again)
02-04 09:41:14.154 24659 24710 E LOGLIMIT: process com.mbwhatsapp drop 19 lines, from time:1707061265 to time:1707061274, threshold:13050
02-04 09:41:14.483 24659 24710 E SQLiteDatabase: Error inserting UNIQUE constraint failed: message_media.message_row_id (Sqlite code 1555 SQLITE_CONSTRAINT_PRIMARYKEY), (OS error - 11:Try again)
02-04 09:41:15.103 24659 24710 E SQLiteDatabase: Error inserting UNIQUE constraint failed: message_media.message_row_id (Sqlite code 1555 SQLITE_CONSTRAINT_PRIMARYKEY), (OS error - 11:Try again)
02-04 09:41:15.328 24659 24710 E SQLiteDatabase: Error inserting UNIQUE constraint failed: message_media.message_row_id (Sqlite code 1555 SQLITE_CONSTRAINT_PRIMARYKEY), (OS error - 11:Try again)
02-04 09:41:52.225 24659 24659 E ArmVmp : Match on catch block at 0x0a in for 0xd1
02-04 09:41:52.243 24659 24659 E ArmVmp : Match on catch block at 0x0a in for 0x141
02-04 09:41:53.277 24659 24659 E RecyclerView: No adapter attached; skipping layout
02-04 09:41:53.395 24659 24659 E ArmVmp : Match on catch block at 0x0a in for 0xe1
02-04 09:41:53.446 24659 24659 E RecyclerView: No adapter attached; skipping layout
02-04 09:41:53.478 24659 24659 E HwViewGroupImpl: parse speed value length error
02-04 09:41:55.406 24659 24659 E ArmVmp : Match on catch block at 0x0a in for 0xd9
02-04 09:41:55.410 24659 24659 E ArmVmp : Match on catch block at 0x0a in for 0xd9
02-04 09:41:55.616 24659 24659 E ArmVmp : Match on catch block at 0xc3 in for 0xc5
02-04 09:41:55.620 24659 24659 E ArmVmp : Match on catch block at 0xc3 in for 0xc1
02-04 09:41:55.623 24659 24659 E ArmVmp : Match on catch block at 0xc3 in for 0xc1
02-04 09:41:55.684 24659 26250 E ArmVmp : Match on catch block at 0x48 in for 0x89
02-04 09:41:55.688 24659 24659 E ArmVmp : Match on catch block at 0xc3 in for 0xb5
02-04 09:41:55.690 24659 24659 E ArmVmp : Match on catch block at 0xc3 in for 0xb1
02-04 09:41:55.741 24659 24659 E ArmVmp : Match on catch block at 0xc3 in for 0xb1
02-04 09:41:55.744 24659 24659 E ArmVmp : Match on catch block at 0xc3 in for 0xb5
02-04 09:41:55.746 24659 24659 E ArmVmp : Match on catch block at 0xc3 in for 0xb5
02-04 09:41:55.774 24659 24659 E ArmVmp : Match on catch block at 0xc3 in for 0xb9
02-04 09:41:55.776 24659 24659 E ArmVmp : Match on catch block at 0xc3 in for 0xb1
02-04 09:41:55.780 24659 24659 E ArmVmp : Match on catch block at 0xc3 in for 0xb1
02-04 09:41:55.788 24659 24659 E SpannableStringBuilder: SPAN_EXCLUSIVE_EXCLUSIVE spans cannot have a zero length
02-04 09:41:55.913 24659 26250 E ArmVmp : Match on catch block at 0x48 in for 0x91
02-04 09:41:56.231 24659 24659 E ArmVmp : Match on catch block at 0xc3 in for 0xb1
02-04 09:41:56.239 24659 24659 E ArmVmp : Match on catch block at 0xc3 in for 0xb5
02-04 09:41:56.244 24659 24659 E ArmVmp : Match on catch block at 0xc3 in for 0xb5
02-04 09:41:56.277 24659 24659 E ArmVmp : Match on catch block at 0xc3 in for 0xb9
02-04 09:41:56.282 24659 24659 E ArmVmp : Match on catch block at 0xc3 in for 0xb1
02-04 09:41:56.284 24659 24659 E ArmVmp : Match on catch block at 0xc3 in for 0xb1
02-04 09:41:56.345 24659 24659 E ArmVmp : Match on catch block at 0xc3 in for 0xb5
02-04 09:41:56.350 24659 24659 E ArmVmp : Match on catch block at 0xc3 in for 0xb9
02-04 09:41:56.353 24659 24659 E ArmVmp : Match on catch block at 0xc3 in for 0xb9
02-04 09:41:56.411 24659 24659 E ArmVmp : Match on catch block at 0xc3 in for 0xb1
02-04 09:41:56.414 24659 24659 E ArmVmp : Match on catch block at 0xc3 in for 0xb5
02-04 09:41:56.417 24659 24659 E ArmVmp : Match on catch block at 0xc3 in for 0xb5
02-04 09:41:56.476 24659 24659 E ArmVmp : Match on catch block at 0xc3 in for 0xb9
02-04 09:41:56.480 24659 24659 E ArmVmp : Match on catch block at 0xc3 in for 0xb1
02-04 09:41:56.482 24659 24659 E ArmVmp : Match on catch block at 0xc3 in for 0xb1
02-04 09:41:56.545 24659 24659 E ArmVmp : Match on catch block at 0xc3 in for 0xb5
02-04 09:41:56.549 24659 24659 E ArmVmp : Match on catch block at 0xc3 in for 0xb9
02-04 09:41:56.613 24659 24659 E ArmVmp : Match on catch block at 0xc3 in for 0xb9
02-04 09:41:56.616 24659 24659 E ArmVmp : Match on catch block at 0xc3 in for 0xb1
02-04 09:41:56.619 24659 24659 E ArmVmp : Match on catch block at 0xc3 in for 0xb1
02-04 09:41:56.659 24659 24659 E ArmVmp : Match on catch block at 0xc3 in for 0xb5
02-04 09:41:56.662 24659 24659 E ArmVmp : Match on catch block at 0xc3 in for 0xb9
02-04 09:41:56.665 24659 24659 E ArmVmp : Match on catch block at 0xc3 in for 0xb9
02-04 09:41:56.733 24659 24710 E SQLiteDatabase: Error inserting UNIQUE constraint failed: message_media.message_row_id (Sqlite code 1555 SQLITE_CONSTRAINT_PRIMARYKEY), (OS error - 11:Try again)
02-04 09:41:56.794 24659 24659 E ArmVmp : Match on catch block at 0xc3 in for 0xb5
02-04 09:41:56.796 24659 24659 E ArmVmp : Match on catch block at 0xc3 in for 0xb9
02-04 09:41:56.798 24659 24659 E ArmVmp : Match on catch block at 0xc3 in for 0xb9
02-04 09:41:56.807 24659 24659 E ArmVmp : Match on catch block at 0xc3 in for 0xb5
02-04 09:41:56.811 24659 24659 E ArmVmp : Match on catch block at 0xc3 in for 0xb9
02-04 09:41:56.814 24659 24659 E ArmVmp : Match on catch block at 0xc3 in for 0xb9
02-04 09:41:56.825 24659 24659 E ArmVmp : Match on catch block at 0xc3 in for 0xb1
02-04 09:41:56.829 24659 24659 E ArmVmp : Match on catch block at 0xc3 in for 0xb5
02-04 09:41:56.831 24659 24659 E ArmVmp : Match on catch block at 0xc3 in for 0xb5
02-04 09:41:56.842 24659 24659 E ArmVmp : Match on catch block at 0xc3 in for 0xb9
02-04 09:41:56.845 24659 24659 E ArmVmp : Match on catch block at 0xc3 in for 0xb1
02-04 09:41:56.847 24659 24659 E ArmVmp : Match on catch block at 0xc3 in for 0xb1
02-04 09:41:56.859 24659 24659 E ArmVmp : Match on catch block at 0xc3 in for 0xb5
02-04 09:41:56.863 24659 24659 E ArmVmp : Match on catch block at 0xc3 in for 0xb9
02-04 09:41:56.866 24659 24659 E ArmVmp : Match on catch block at 0xc3 in for 0xb9
02-04 09:41:56.875 24659 24659 E ArmVmp : Match on catch block at 0xc3 in for 0xb1
02-04 09:41:56.878 24659 24659 E ArmVmp : Match on catch block at 0xc3 in for 0xb5
02-04 09:41:56.880 24659 24659 E ArmVmp : Match on catch block at 0xc3 in for 0xb5
02-04 09:41:56.892 24659 24659 E ArmVmp : Match on catch block at 0xc3 in for 0xb9
02-04 09:41:56.895 24659 24659 E ArmVmp : Match on catch block at 0xc3 in for 0xb1
02-04 09:41:56.898 24659 24659 E ArmVmp : Match on catch block at 0xc3 in for 0xb1
02-04 09:41:56.908 24659 24659 E ArmVmp : Match on catch block at 0xc3 in for 0xb5
02-04 09:41:56.912 24659 24659 E ArmVmp : Match on catch block at 0xc3 in for 0xb9
02-04 09:41:56.915 24659 24659 E ArmVmp : Match on catch block at 0xc3 in for 0xb9
