02-04 09:38:33.884 13316 13418 E SQLiteDatabase: Error inserting UNIQUE constraint failed: message_media.message_row_id (Sqlite code 1555 SQLITE_CONSTRAINT_PRIMARYKEY), (OS error - 11:Try again)
02-04 09:38:33.989 13316 13418 E SQLiteDatabase: Error inserting UNIQUE constraint failed: message_media.message_row_id (Sqlite code 1555 SQLITE_CONSTRAINT_PRIMARYKEY), (OS error - 11:Try again)
02-04 09:38:34.293 13316 13316 E ArmVmp : Match on catch block at 0xc3 in for 0xb5
02-04 09:38:34.298 13316 13316 E ArmVmp : Match on catch block at 0xc3 in for 0xb9
02-04 09:38:34.302 13316 13316 E ArmVmp : Match on catch block at 0xc3 in for 0xb9
02-04 09:38:34.319 13316 13316 E ArmVmp : Match on catch block at 0xc3 in for 0xb1
02-04 09:38:34.324 13316 13316 E ArmVmp : Match on catch block at 0xc3 in for 0xb5
02-04 09:38:34.329 13316 13316 E ArmVmp : Match on catch block at 0xc3 in for 0xb5
02-04 09:38:34.348 13316 13316 E ArmVmp : Match on catch block at 0xc3 in for 0xb1
02-04 09:38:34.358 13316 13316 E ArmVmp : Match on catch block at 0xc3 in for 0xb5
02-04 09:38:34.365 13316 13316 E ArmVmp : Match on catch block at 0xc3 in for 0xb5
02-04 09:38:34.448 13316 13418 E SQLiteDatabase: Error inserting UNIQUE constraint failed: message_media.message_row_id (Sqlite code 1555 SQLITE_CONSTRAINT_PRIMARYKEY), (OS error - 11:Try again)
02-04 09:38:34.814 13316 13316 E ArmVmp : Match on catch block at 0xc3 in for 0xb5
02-04 09:38:34.823 13316 13316 E ArmVmp : Match on catch block at 0xc3 in for 0xb9
02-04 09:38:34.828 13316 13316 E ArmVmp : Match on catch block at 0xc3 in for 0xb9
02-04 09:38:34.838 13316 13316 E ArmVmp : Match on catch block at 0xc3 in for 0xb1
02-04 09:38:34.843 13316 13316 E ArmVmp : Match on catch block at 0xc3 in for 0xb5
02-04 09:38:34.847 13316 13316 E ArmVmp : Match on catch block at 0xc3 in for 0xb5
02-04 09:38:34.861 13316 13316 E ArmVmp : Match on catch block at 0xc3 in for 0xb9
02-04 09:38:34.867 13316 13316 E ArmVmp : Match on catch block at 0xc3 in for 0xb1
02-04 09:38:34.872 13316 13316 E ArmVmp : Match on catch block at 0xc3 in for 0xb1
02-04 09:38:34.886 13316 13418 E SQLiteDatabase: Error inserting UNIQUE constraint failed: message_media.message_row_id (Sqlite code 1555 SQLITE_CONSTRAINT_PRIMARYKEY), (OS error - 11:Try again)
02-04 09:38:35.204 13316 13316 E ArmVmp : Match on catch block at 0xc3 in for 0xb5
02-04 09:38:35.211 13316 13316 E ArmVmp : Match on catch block at 0xc3 in for 0xb9
02-04 09:38:35.215 13316 13316 E ArmVmp : Match on catch block at 0xc3 in for 0xb9
02-04 09:38:35.233 13316 13316 E ArmVmp : Match on catch block at 0xc3 in for 0xb5
02-04 09:38:35.246 13316 13316 E ArmVmp : Match on catch block at 0xc3 in for 0xb9
02-04 09:38:35.250 13316 13316 E ArmVmp : Match on catch block at 0xc3 in for 0xb9
02-04 09:38:35.331 13316 13418 E SQLiteDatabase: Error inserting UNIQUE constraint failed: message_media.message_row_id (Sqlite code 1555 SQLITE_CONSTRAINT_PRIMARYKEY), (OS error - 11:Try again)
02-04 09:38:35.370 13316 13316 E ArmVmp : Match on catch block at 0xc3 in for 0xb5
02-04 09:38:35.375 13316 13316 E ArmVmp : Match on catch block at 0xc3 in for 0xb9
02-04 09:38:35.381 13316 13316 E ArmVmp : Match on catch block at 0xc3 in for 0xb9
02-04 09:38:35.523 13316 13316 E ArmVmp : Match on catch block at 0xc3 in for 0xb9
02-04 09:38:35.529 13316 13316 E ArmVmp : Match on catch block at 0xc3 in for 0xb1
02-04 09:38:35.533 13316 13316 E ArmVmp : Match on catch block at 0xc3 in for 0xb1
02-04 09:38:35.550 13316 13316 E ArmVmp : Match on catch block at 0xc3 in for 0xb9
02-04 09:38:35.556 13316 13316 E ArmVmp : Match on catch block at 0xc3 in for 0xb1
02-04 09:38:35.563 13316 13316 E ArmVmp : Match on catch block at 0xc3 in for 0xb1
02-04 09:38:35.674 13316 13418 E SQLiteDatabase: Error inserting UNIQUE constraint failed: message_media.message_row_id (Sqlite code 1555 SQLITE_CONSTRAINT_PRIMARYKEY), (OS error - 11:Try again)
02-04 09:38:35.870 13316 13316 E ArmVmp : Match on catch block at 0xc3 in for 0xb1
02-04 09:38:35.876 13316 13316 E ArmVmp : Match on catch block at 0xc3 in for 0xb5
02-04 09:38:35.880 13316 13316 E ArmVmp : Match on catch block at 0xc3 in for 0xb5
02-04 09:38:36.012 13316 13316 E ArmVmp : Match on catch block at 0xc3 in for 0xb5
02-04 09:38:36.016 13316 13316 E ArmVmp : Match on catch block at 0xc3 in for 0xb9
02-04 09:38:36.022 13316 13316 E ArmVmp : Match on catch block at 0xc3 in for 0xb9
02-04 09:38:36.036 13316 13316 E ArmVmp : Match on catch block at 0xc3 in for 0xb5
02-04 09:38:36.042 13316 13316 E ArmVmp : Match on catch block at 0xc3 in for 0xb9
02-04 09:38:36.047 13316 13316 E ArmVmp : Match on catch block at 0xc3 in for 0xb9
02-04 09:38:36.094 13316 13418 E SQLiteDatabase: Error inserting UNIQUE constraint failed: message_media.message_row_id (Sqlite code 1555 SQLITE_CONSTRAINT_PRIMARYKEY), (OS error - 11:Try again)
02-04 09:38:36.268 13316 13316 E ArmVmp : Match on catch block at 0xc3 in for 0xb9
02-04 09:38:36.274 13316 13316 E ArmVmp : Match on catch block at 0xc3 in for 0xb1
02-04 09:38:36.279 13316 13316 E ArmVmp : Match on catch block at 0xc3 in for 0xb1
02-04 09:38:36.290 13316 13316 E ArmVmp : Match on catch block at 0xc3 in for 0xb9
02-04 09:38:36.293 13316 13316 E ArmVmp : Match on catch block at 0xc3 in for 0xb1
02-04 09:38:36.295 13316 13316 E ArmVmp : Match on catch block at 0xc3 in for 0xb1
02-04 09:38:36.370 13316 13316 E ArmVmp : Match on catch block at 0xc3 in for 0xb9
02-04 09:38:36.374 13316 13316 E ArmVmp : Match on catch block at 0xc3 in for 0xb1
02-04 09:38:36.378 13316 13316 E ArmVmp : Match on catch block at 0xc3 in for 0xb1
02-04 09:38:36.391 13316 13418 E SQLiteDatabase: Error inserting UNIQUE constraint failed: message_media.message_row_id (Sqlite code 1555 SQLITE_CONSTRAINT_PRIMARYKEY), (OS error - 11:Try again)
02-04 09:38:36.848 13316 13316 E ArmVmp : Match on catch block at 0xc3 in for 0xb5
02-04 09:38:36.852 13316 13316 E ArmVmp : Match on catch block at 0xc3 in for 0xb9
02-04 09:38:36.855 13316 13316 E ArmVmp : Match on catch block at 0xc3 in for 0xb9
02-04 09:38:36.865 13316 13316 E ArmVmp : Match on catch block at 0xc3 in for 0xb5
02-04 09:38:36.869 13316 13316 E ArmVmp : Match on catch block at 0xc3 in for 0xb9
02-04 09:38:36.872 13316 13316 E ArmVmp : Match on catch block at 0xc3 in for 0xb9
02-04 09:38:36.884 13316 13316 E ArmVmp : Match on catch block at 0xc3 in for 0xb1
02-04 09:38:36.890 13316 13316 E ArmVmp : Match on catch block at 0xc3 in for 0xb5
02-04 09:38:36.895 13316 13316 E ArmVmp : Match on catch block at 0xc3 in for 0xb5
02-04 09:38:37.157 13316 13418 E SQLiteDatabase: Error inserting UNIQUE constraint failed: message_media.message_row_id (Sqlite code 1555 SQLITE_CONSTRAINT_PRIMARYKEY), (OS error - 11:Try again)
02-04 09:38:37.308 13316 13316 E ArmVmp : Match on catch block at 0xc3 in for 0xb1
02-04 09:38:37.312 13316 13316 E ArmVmp : Match on catch block at 0xc3 in for 0xb5
02-04 09:38:37.315 13316 13316 E ArmVmp : Match on catch block at 0xc3 in for 0xb5
02-04 09:38:37.326 13316 13316 E ArmVmp : Match on catch block at 0xc3 in for 0xb1
02-04 09:38:37.330 13316 13316 E ArmVmp : Match on catch block at 0xc3 in for 0xb5
02-04 09:38:37.333 13316 13316 E ArmVmp : Match on catch block at 0xc3 in for 0xb5
02-04 09:38:37.381 13316 13316 E ArmVmp : Match on catch block at 0xc3 in for 0xb9
02-04 09:38:37.387 13316 13316 E ArmVmp : Match on catch block at 0xc3 in for 0xb1
02-04 09:38:37.391 13316 13316 E ArmVmp : Match on catch block at 0xc3 in for 0xb1
02-04 09:38:37.520 13316 13418 E SQLiteDatabase: Error inserting UNIQUE constraint failed: message_media.message_row_id (Sqlite code 1555 SQLITE_CONSTRAINT_PRIMARYKEY), (OS error - 11:Try again)
02-04 09:38:37.882 13316 13316 E ArmVmp : Match on catch block at 0xc3 in for 0xb1
02-04 09:38:37.889 13316 13316 E ArmVmp : Match on catch block at 0xc3 in for 0xb5
02-04 09:38:37.895 13316 13316 E ArmVmp : Match on catch block at 0xc3 in for 0xb5
02-04 09:38:38.397 13316 13316 E ArmVmp : Match on catch block at 0xc3 in for 0xb9
02-04 09:38:38.403 13316 13316 E ArmVmp : Match on catch block at 0xc3 in for 0xb1
02-04 09:38:38.409 13316 13316 E ArmVmp : Match on catch block at 0xc3 in for 0xb1
02-04 09:38:38.896 13316 13316 E ArmVmp : Match on catch block at 0xc3 in for 0xb5
02-04 09:38:38.904 13316 13316 E ArmVmp : Match on catch block at 0xc3 in for 0xb9
02-04 09:38:38.909 13316 13316 E ArmVmp : Match on catch block at 0xc3 in for 0xb9
02-04 09:38:38.963 13316 13316 E ArmVmp : Match on catch block at 0xc3 in for 0xb1
02-04 09:38:38.970 13316 13316 E ArmVmp : Match on catch block at 0xc3 in for 0xb5
02-04 09:38:38.976 13316 13316 E ArmVmp : Match on catch block at 0xc3 in for 0xb5
02-04 09:38:38.996 13316 13316 E ArmVmp : Match on catch block at 0xc3 in for 0xb9
02-04 09:38:39.003 13316 13316 E ArmVmp : Match on catch block at 0xc3 in for 0xb1
02-04 09:38:39.010 13316 13316 E ArmVmp : Match on catch block at 0xc3 in for 0xb1
02-04 09:38:39.029 13316 13316 E ArmVmp : Match on catch block at 0xc3 in for 0xb5
02-04 09:38:39.036 13316 13316 E ArmVmp : Match on catch block at 0xc3 in for 0xb9
02-04 09:38:39.041 13316 13316 E ArmVmp : Match on catch block at 0xc3 in for 0xb9
02-04 09:38:39.062 13316 13316 E ArmVmp : Match on catch block at 0xc3 in for 0xb1
02-04 09:38:39.069 13316 13316 E ArmVmp : Match on catch block at 0xc3 in for 0xb5
02-04 09:38:39.076 13316 13316 E ArmVmp : Match on catch block at 0xc3 in for 0xb5
02-04 09:38:39.096 13316 13316 E ArmVmp : Match on catch block at 0xc3 in for 0xb9
02-04 09:38:39.103 13316 13316 E ArmVmp : Match on catch block at 0xc3 in for 0xb1
02-04 09:38:39.110 13316 13316 E ArmVmp : Match on catch block at 0xc3 in for 0xb1
02-04 09:38:39.128 13316 13316 E ArmVmp : Match on catch block at 0xc3 in for 0xb5
02-04 09:38:39.136 13316 13316 E ArmVmp : Match on catch block at 0xc3 in for 0xb9
02-04 09:38:39.143 13316 13316 E ArmVmp : Match on catch block at 0xc3 in for 0xb9
02-04 09:38:39.161 13316 13316 E ArmVmp : Match on catch block at 0xc3 in for 0xb1
02-04 09:38:39.167 13316 13316 E ArmVmp : Match on catch block at 0xc3 in for 0xb5
02-04 09:38:39.171 13316 13316 E ArmVmp : Match on catch block at 0xc3 in for 0xb5
02-04 09:38:39.194 13316 13316 E ArmVmp : Match on catch block at 0xc3 in for 0xb9
02-04 09:38:39.201 13316 13316 E ArmVmp : Match on catch block at 0xc3 in for 0xb1
02-04 09:38:39.206 13316 13316 E ArmVmp : Match on catch block at 0xc3 in for 0xb1
02-04 09:38:39.228 13316 13316 E ArmVmp : Match on catch block at 0xc3 in for 0xb5
02-04 09:38:39.235 13316 13316 E ArmVmp : Match on catch block at 0xc3 in for 0xb9
02-04 09:38:39.241 13316 13316 E ArmVmp : Match on catch block at 0xc3 in for 0xb9
02-04 09:38:39.394 13316 13316 E ArmVmp : Match on catch block at 0xc3 in for 0xb1
02-04 09:38:39.402 13316 13316 E ArmVmp : Match on catch block at 0xc3 in for 0xb5
02-04 09:38:39.408 13316 13316 E ArmVmp : Match on catch block at 0xc3 in for 0xb5
02-04 09:38:39.893 13316 13316 E ArmVmp : Match on catch block at 0xc3 in for 0xb9
02-04 09:38:39.898 13316 13316 E ArmVmp : Match on catch block at 0xc3 in for 0xb1
02-04 09:38:39.902 13316 13316 E ArmVmp : Match on catch block at 0xc3 in for 0xb1
02-04 09:38:40.392 13316 13316 E ArmVmp : Match on catch block at 0xc3 in for 0xb5
02-04 09:38:40.398 13316 13316 E ArmVmp : Match on catch block at 0xc3 in for 0xb9
02-04 09:38:40.404 13316 13316 E ArmVmp : Match on catch block at 0xc3 in for 0xb9
02-04 09:38:40.697 13316 13316 E ArmVmp : Match on catch block at 0xc3 in for 0xb5
02-04 09:38:40.700 13316 13316 E ArmVmp : Match on catch block at 0xc3 in for 0xb9
02-04 09:38:40.702 13316 13316 E ArmVmp : Match on catch block at 0xc3 in for 0xb9
02-04 09:38:40.809 13316 13316 E ArmVmp : Match on catch block at 0xc3 in for 0xb5
02-04 09:38:40.816 13316 13316 E ArmVmp : Match on catch block at 0xc3 in for 0xb9
02-04 09:38:40.819 13316 13316 E ArmVmp : Match on catch block at 0xc3 in for 0xb9
02-04 09:38:42.412 24659 24659 E com.mbwhatsapp: LoadAppImageStartupCache enabled : 1
02-04 09:38:42.416 24659 24659 E com.mbwhatsapp: Not starting debugger since process cannot load the jdwp agent.
02-04 09:38:42.460 24659 24677 E BehaviorCollectManager: Fail to acquire dataAnalyzerService...
02-04 09:38:42.758 24659 24659 E CustomActivityOnCrash: IMPORTANT WARNING! You already have an UncaughtExceptionHandler, are you sure this is correct? If you use a custom UncaughtExceptionHandler, you must initialize it AFTER CustomActivityOnCrash! Installing anyway, but your original handler will not be called.
02-04 09:38:42.765 24659 24681 E AwareLog: AtomicFileUtils: readFileLines file not exist: android.util.AtomicFile@d0bae9e
02-04 09:38:42.766 24659 24681 E AwareLog: AtomicFileUtils: readFileLines file not exist: android.util.AtomicFile@961ad7f
02-04 09:38:55.096 24659 24710 E SQLiteDatabase: Error inserting UNIQUE constraint failed: message_media.message_row_id (Sqlite code 1555 SQLITE_CONSTRAINT_PRIMARYKEY), (OS error - 11:Try again)
02-04 09:38:55.208 24659 24710 E SQLiteDatabase: Error inserting UNIQUE constraint failed: message_media.message_row_id (Sqlite code 1555 SQLITE_CONSTRAINT_PRIMARYKEY), (OS error - 11:Try again)
02-04 09:38:55.525 24659 24710 E SQLiteDatabase: Error inserting UNIQUE constraint failed: message_media.message_row_id (Sqlite code 1555 SQLITE_CONSTRAINT_PRIMARYKEY), (OS error - 11:Try again)
02-04 09:38:55.759 24659 24710 E SQLiteDatabase: Error inserting UNIQUE constraint failed: message_media.message_row_id (Sqlite code 1555 SQLITE_CONSTRAINT_PRIMARYKEY), (OS error - 11:Try again)
02-04 09:38:55.892 24659 24710 E SQLiteDatabase: Error inserting UNIQUE constraint failed: message_media.message_row_id (Sqlite code 1555 SQLITE_CONSTRAINT_PRIMARYKEY), (OS error - 11:Try again)
02-04 09:39:10.488 24659 24683 E DatabaseUtils: Writing exception to parcel
02-04 09:39:10.488 24659 24683 E DatabaseUtils: java.lang.SecurityException: Permission Denial: reading com.mbwhatsapp.contentprovider.MediaProvider uri content://com.mbwhatsapp.provider.media/item/de0f045f-81f8-406e-a52b-2d54e5ccdb42 from pid=2138, uid=10050 requires the provider be exported, or grantUriPermission()
02-04 09:39:10.488 24659 24683 E DatabaseUtils: at android.content.ContentProvider.enforceReadPermissionInner(ContentProvider.java:733 )
02-04 09:39:10.488 24659 24683 E DatabaseUtils: at android.content.ContentProvider$Transport.enforceReadPermission(ContentProvider.jav a:606)
02-04 09:39:10.488 24659 24683 E DatabaseUtils: at android.content.ContentProvider$Transport.enforceFilePermission(ContentProvider.jav a:597)
02-04 09:39:10.488 24659 24683 E DatabaseUtils: at android.content.ContentProvider$Transport.openTypedAssetFile(ContentProvider.java:5 11)
02-04 09:39:10.488 24659 24683 E DatabaseUtils: at android.content.ContentProviderNative.onTransact(ContentProviderNative.java:307)
02-04 09:39:10.488 24659 24683 E DatabaseUtils: at android.os.Binder.execTransactInternal(Binder.java:1028)
02-04 09:39:10.488 24659 24683 E DatabaseUtils: at android.os.Binder.execTransact(Binder.java:1001)
02-04 09:39:10.552 24659 24710 E SQLiteDatabase: Error inserting UNIQUE constraint failed: message_media.message_row_id (Sqlite code 1555 SQLITE_CONSTRAINT_PRIMARYKEY), (OS error - 11:Try again)
02-04 09:39:10.654 24659 24710 E SQLiteDatabase: Error inserting UNIQUE constraint failed: message_media.message_row_id (Sqlite code 1555 SQLITE_CONSTRAINT_PRIMARYKEY), (OS error - 11:Try again)
02-04 09:39:10.947 24659 24682 E DatabaseUtils: Writing exception to parcel
02-04 09:39:10.947 24659 24682 E DatabaseUtils: java.lang.SecurityException: Permission Denial: reading com.mbwhatsapp.contentprovider.MediaProvider uri content://com.mbwhatsapp.provider.media/item/95c44f0b-5bc5-4ccf-966e-56802a4879dd from pid=2138, uid=10050 requires the provider be exported, or grantUriPermission()
02-04 09:39:10.947 24659 24682 E DatabaseUtils: at android.content.ContentProvider.enforceReadPermissionInner(ContentProvider.java:733 )
02-04 09:39:10.947 24659 24682 E DatabaseUtils: at android.content.ContentProvider$Transport.enforceReadPermission(ContentProvider.jav a:606)
02-04 09:39:10.947 24659 24682 E DatabaseUtils: at android.content.ContentProvider$Transport.enforceFilePermission(ContentProvider.jav a:597)
02-04 09:39:10.947 24659 24682 E DatabaseUtils: at android.content.ContentProvider$Transport.openTypedAssetFile(ContentProvider.java:5 11)
02-04 09:39:10.947 24659 24682 E DatabaseUtils: at android.content.ContentProviderNative.onTransact(ContentProviderNative.java:307)
02-04 09:39:10.947 24659 24682 E DatabaseUtils: at android.os.Binder.execTransactInternal(Binder.java:1028)
02-04 09:39:10.947 24659 24682 E DatabaseUtils: at android.os.Binder.execTransact(Binder.java:1001)
02-04 09:39:10.947 24659 24678 E DatabaseUtils: Writing exception to parcel
02-04 09:39:10.947 24659 24678 E DatabaseUtils: java.lang.SecurityException: Permission Denial: reading com.mbwhatsapp.contentprovider.MediaProvider uri content://com.mbwhatsapp.provider.media/item/128e20dd-3f92-4a13-8a71-2d8ece01c13e from pid=2138, uid=10050 requires the provider be exported, or grantUriPermission()
02-04 09:39:10.947 24659 24678 E DatabaseUtils: at android.content.ContentProvider.enforceReadPermissionInner(ContentProvider.java:733 )
02-04 09:39:10.947 24659 24678 E DatabaseUtils: at android.content.ContentProvider$Transport.enforceReadPermission(ContentProvider.jav a:606)
02-04 09:39:10.947 24659 24678 E DatabaseUtils: at android.content.ContentProvider$Transport.enforceFilePermission(ContentProvider.jav a:597)
02-04 09:39:10.947 24659 24678 E DatabaseUtils: at android.content.ContentProvider$Transport.openTypedAssetFile(ContentProvider.java:5 11)
02-04 09:39:10.947 24659 24678 E DatabaseUtils: at android.content.ContentProviderNative.onTransact(ContentProviderNative.java:307)
02-04 09:39:10.947 24659 24678 E DatabaseUtils: at android.os.Binder.execTransactInternal(Binder.java:1028)
02-04 09:39:10.947 24659 24678 E DatabaseUtils: at android.os.Binder.execTransact(Binder.java:1001)
02-04 09:39:10.948 24659 24676 E DatabaseUtils: Writing exception to parcel
02-04 09:39:10.948 24659 24676 E DatabaseUtils: java.lang.SecurityException: Permission Denial: reading com.mbwhatsapp.contentprovider.MediaProvider uri content://com.mbwhatsapp.provider.media/item/f0c420d5-ed8b-4049-9c1d-c6540008dc19 from pid=2138, uid=10050 requires the provider be exported, or grantUriPermission()
02-04 09:39:10.948 24659 24676 E DatabaseUtils: at android.content.ContentProvider.enforceReadPermissionInner(ContentProvider.java:733 )
02-04 09:39:10.948 24659 24676 E DatabaseUtils: at android.content.ContentProvider$Transport.enforceReadPermission(ContentProvider.jav a:606)
02-04 09:39:10.948 24659 24676 E DatabaseUtils: at android.content.ContentProvider$Transport.enforceFilePermission(ContentProvider.jav a:597)
02-04 09:39:10.948 24659 24676 E DatabaseUtils: at android.content.ContentProvider$Transport.openTypedAssetFile(ContentProvider.java:5 11)
02-04 09:39:10.948 24659 24676 E DatabaseUtils: at android.content.ContentProviderNative.onTransact(ContentProviderNative.java:307)
02-04 09:39:10.948 24659 24676 E DatabaseUtils: at android.os.Binder.execTransactInternal(Binder.java:1028)
02-04 09:39:10.948 24659 24676 E DatabaseUtils: at android.os.Binder.execTransact(Binder.java:1001)
02-04 09:39:10.949 24659 24678 E DatabaseUtils: Writing exception to parcel
02-04 09:39:10.949 24659 24678 E DatabaseUtils: java.lang.SecurityException: Permission Denial: reading com.mbwhatsapp.contentprovider.MediaProvider uri content://com.mbwhatsapp.provider.media/item/b462edfa-16bc-424c-9a15-9af18f578855 from pid=2138, uid=10050 requires the provider be exported, or grantUriPermission()
02-04 09:39:10.949 24659 24678 E DatabaseUtils: at android.content.ContentProvider.enforceReadPermissionInner(ContentProvider.java:733 )
02-04 09:39:10.949 24659 24678 E DatabaseUtils: at android.content.ContentProvider$Transport.enforceReadPermission(ContentProvider.jav a:606)
02-04 09:39:10.949 24659 24678 E DatabaseUtils: at android.content.ContentProvider$Transport.enforceFilePermission(ContentProvider.jav a:597)
02-04 09:39:10.949 24659 24678 E DatabaseUtils: at android.content.ContentProvider$Transport.openTypedAssetFile(ContentProvider.java:5 11)
02-04 09:39:10.949 24659 24678 E DatabaseUtils: at android.content.ContentProviderNative.onTransact(ContentProviderNative.java:307)
02-04 09:39:10.949 24659 24678 E DatabaseUtils: at android.os.Binder.execTransactInternal(Binder.java:1028)
02-04 09:39:10.949 24659 24678 E DatabaseUtils: at android.os.Binder.execTransact(Binder.java:1001)
02-04 09:39:10.953 24659 24683 E DatabaseUtils: Writing exception to parcel
02-04 09:39:10.953 24659 24683 E DatabaseUtils: java.lang.SecurityException: Permission Denial: reading com.mbwhatsapp.contentprovider.MediaProvider uri content://com.mbwhatsapp.provider.media/item/361bbc1f-c3b9-409c-a039-a490c148f262 from pid=2138, uid=10050 requires the provider be exported, or grantUriPermission()
02-04 09:39:10.953 24659 24683 E DatabaseUtils: at android.content.ContentProvider.enforceReadPermissionInner(ContentProvider.java:733 )
02-04 09:39:10.953 24659 24683 E DatabaseUtils: at android.content.ContentProvider$Transport.enforceReadPermission(ContentProvider.jav a:606)
02-04 09:39:10.953 24659 24683 E DatabaseUtils: at android.content.ContentProvider$Transport.enforceFilePermission(ContentProvider.jav a:597)
02-04 09:39:10.953 24659 24683 E DatabaseUtils: at android.content.ContentProvider$Transport.openTypedAssetFile(ContentProvider.java:5 11)
02-04 09:39:10.953 24659 24683 E DatabaseUtils: at android.content.ContentProviderNative.onTransact(ContentProviderNative.java:307)
02-04 09:39:10.953 24659 24683 E DatabaseUtils: at android.os.Binder.execTransactInternal(Binder.java:1028)
02-04 09:39:10.953 24659 24683 E DatabaseUtils: at android.os.Binder.execTransact(Binder.java:1001)
02-04 09:39:11.003 24659 24710 E SQLiteDatabase: Error inserting UNIQUE constraint failed: message_media.message_row_id (Sqlite code 1555 SQLITE_CONSTRAINT_PRIMARYKEY), (OS error - 11:Try again)
02-04 09:39:11.401 24659 24710 E SQLiteDatabase: Error inserting UNIQUE constraint failed: message_media.message_row_id (Sqlite code 1555 SQLITE_CONSTRAINT_PRIMARYKEY), (OS error - 11:Try again)
02-04 09:39:11.479 24659 24710 E SQLiteDatabase: Error inserting UNIQUE constraint failed: message_media.message_row_id (Sqlite code 1555 SQLITE_CONSTRAINT_PRIMARYKEY), (OS error - 11:Try again)
02-04 09:39:12.222 24659 24710 E SQLiteDatabase: Error inserting UNIQUE constraint failed: message_media.message_row_id (Sqlite code 1555 SQLITE_CONSTRAINT_PRIMARYKEY), (OS error - 11:Try again)
02-04 09:39:13.212 24659 24710 E SQLiteDatabase: Error inserting UNIQUE constraint failed: message_media.message_row_id (Sqlite code 1555 SQLITE_CONSTRAINT_PRIMARYKEY), (OS error - 11:Try again)
02-04 09:39:13.512 24659 24710 E SQLiteDatabase: Error inserting UNIQUE constraint failed: message_media.message_row_id (Sqlite code 1555 SQLITE_CONSTRAINT_PRIMARYKEY), (OS error - 11:Try again)
02-04 09:39:13.650 24659 24710 E SQLiteDatabase: Error inserting UNIQUE constraint failed: message_media.message_row_id (Sqlite code 1555 SQLITE_CONSTRAINT_PRIMARYKEY), (OS error - 11:Try again)
02-04 09:39:14.261 24659 24710 E SQLiteDatabase: Error inserting UNIQUE constraint failed: message_media.message_row_id (Sqlite code 1555 SQLITE_CONSTRAINT_PRIMARYKEY), (OS error - 11:Try again)
02-04 09:39:16.726 24659 24710 E SQLiteDatabase: Error inserting UNIQUE constraint failed: message_media.message_row_id (Sqlite code 1555 SQLITE_CONSTRAINT_PRIMARYKEY), (OS error - 11:Try again)
02-04 09:39:16.851 24659 24710 E SQLiteDatabase: Error inserting UNIQUE constraint failed: message_media.message_row_id (Sqlite code 1555 SQLITE_CONSTRAINT_PRIMARYKEY), (OS error - 11:Try again)
02-04 09:39:17.943 24659 24710 E SQLiteDatabase: Error inserting UNIQUE constraint failed: message_media.message_row_id (Sqlite code 1555 SQLITE_CONSTRAINT_PRIMARYKEY), (OS error - 11:Try again)
02-04 09:39:18.036 24659 24710 E SQLiteDatabase: Error inserting UNIQUE constraint failed: message_media.message_row_id (Sqlite code 1555 SQLITE_CONSTRAINT_PRIMARYKEY), (OS error - 11:Try again)
02-04 09:39:18.245 24659 24710 E SQLiteDatabase: Error inserting UNIQUE constraint failed: message_media.message_row_id (Sqlite code 1555 SQLITE_CONSTRAINT_PRIMARYKEY), (OS error - 11:Try again)
02-04 09:39:20.579 24659 24710 E SQLiteDatabase: Error inserting UNIQUE constraint failed: message_media.message_row_id (Sqlite code 1555 SQLITE_CONSTRAINT_PRIMARYKEY), (OS error - 11:Try again)
02-04 09:39:20.960 24659 24678 E DatabaseUtils: Writing exception to parcel
02-04 09:39:20.960 24659 24678 E DatabaseUtils: java.lang.SecurityException: Permission Denial: reading com.mbwhatsapp.contentprovider.MediaProvider uri content://com.mbwhatsapp.provider.media/item/b7310ce0-af1e-4c9b-88cf-836d51590d7b from pid=2138, uid=10050 requires the provider be exported, or grantUriPermission()
02-04 09:39:20.960 24659 24678 E DatabaseUtils: at android.content.ContentProvider.enforceReadPermissionInner(ContentProvider.java:733 )
02-04 09:39:20.960 24659 24678 E DatabaseUtils: at android.content.ContentProvider$Transport.enforceReadPermission(ContentProvider.jav a:606)
02-04 09:39:20.960 24659 24678 E DatabaseUtils: at android.content.ContentProvider$Transport.enforceFilePermission(ContentProvider.jav a:597)
02-04 09:39:20.960 24659 24678 E DatabaseUtils: at android.content.ContentProvider$Transport.openTypedAssetFile(ContentProvider.java:5 11)
02-04 09:39:20.960 24659 24678 E DatabaseUtils: at android.content.ContentProviderNative.onTransact(ContentProviderNative.java:307)
02-04 09:39:20.960 24659 24678 E DatabaseUtils: at android.os.Binder.execTransactInternal(Binder.java:1028)
02-04 09:39:20.960 24659 24678 E DatabaseUtils: at android.os.Binder.execTransact(Binder.java:1001)
02-04 09:39:20.961 24659 24682 E DatabaseUtils: Writing exception to parcel
02-04 09:39:20.961 24659 24682 E DatabaseUtils: java.lang.SecurityException: Permission Denial: reading com.mbwhatsapp.contentprovider.MediaProvider uri content://com.mbwhatsapp.provider.media/item/b9f0a00a-fc47-40c7-a368-ee9c14822915 from pid=2138, uid=10050 requires the provider be exported, or grantUriPermission()
02-04 09:39:20.961 24659 24682 E DatabaseUtils: at android.content.ContentProvider.enforceReadPermissionInner(ContentProvider.java:733 )
02-04 09:39:20.961 24659 24682 E DatabaseUtils: at android.content.ContentProvider$Transport.enforceReadPermission(ContentProvider.jav a:606)
02-04 09:39:20.961 24659 24682 E DatabaseUtils: at android.content.ContentProvider$Transport.enforceFilePermission(ContentProvider.jav a:597)
02-04 09:39:20.961 24659 24682 E DatabaseUtils: at android.content.ContentProvider$Transport.openTypedAssetFile(ContentProvider.java:5 11)
02-04 09:39:20.961 24659 24682 E DatabaseUtils: at android.content.ContentProviderNative.onTransact(ContentProviderNative.java:307)
02-04 09:39:20.961 24659 24682 E DatabaseUtils: at android.os.Binder.execTransactInternal(Binder.java:1028)
02-04 09:39:20.961 24659 24682 E DatabaseUtils: at android.os.Binder.execTransact(Binder.java:1001)
02-04 09:39:20.963 24659 24676 E DatabaseUtils: Writing exception to parcel
02-04 09:39:20.963 24659 24676 E DatabaseUtils: java.lang.SecurityException: Permission Denial: reading com.mbwhatsapp.contentprovider.MediaProvider uri content://com.mbwhatsapp.provider.media/item/6a8007ad-f471-40ba-8efc-ec518e09c8b7 from pid=2138, uid=10050 requires the provider be exported, or grantUriPermission()
02-04 09:39:20.963 24659 24676 E DatabaseUtils: at android.content.ContentProvider.enforceReadPermissionInner(ContentProvider.java:733 )
02-04 09:39:20.963 24659 24676 E DatabaseUtils: at android.content.ContentProvider$Transport.enforceReadPermission(ContentProvider.jav a:606)
02-04 09:39:20.963 24659 24676 E DatabaseUtils: at android.content.ContentProvider$Transport.enforceFilePermission(ContentProvider.jav a:597)
02-04 09:39:20.963 24659 24676 E DatabaseUtils: at android.content.ContentProvider$Transport.openTypedAssetFile(ContentProvider.java:5 11)
02-04 09:39:20.963 24659 24676 E DatabaseUtils: at android.content.ContentProviderNative.onTransact(ContentProviderNative.java:307)
02-04 09:39:20.963 24659 24676 E DatabaseUtils: at android.os.Binder.execTransactInternal(Binder.java:1028)
02-04 09:39:20.963 24659 24676 E DatabaseUtils: at android.os.Binder.execTransact(Binder.java:1001)
02-04 09:39:20.967 24659 24678 E DatabaseUtils: Writing exception to parcel
02-04 09:39:20.967 24659 24678 E DatabaseUtils: java.lang.SecurityException: Permission Denial: reading com.mbwhatsapp.contentprovider.MediaProvider uri content://com.mbwhatsapp.provider.media/item/7e06f83e-2df7-46be-9fbc-e71f871ed2df from pid=2138, uid=10050 requires the provider be exported, or grantUriPermission()
02-04 09:39:20.967 24659 24678 E DatabaseUtils: at android.content.ContentProvider.enforceReadPermissionInner(ContentProvider.java:733 )
02-04 09:39:20.967 24659 24678 E DatabaseUtils: at android.content.ContentProvider$Transport.enforceReadPermission(ContentProvider.jav a:606)
02-04 09:39:20.967 24659 24678 E DatabaseUtils: at android.content.ContentProvider$Transport.enforceFilePermission(ContentProvider.jav a:597)
02-04 09:39:20.967 24659 24678 E DatabaseUtils: at android.content.ContentProvider$Transport.openTypedAssetFile(ContentProvider.java:5 11)
02-04 09:39:20.967 24659 24678 E DatabaseUtils: at android.content.ContentProviderNative.onTransact(ContentProviderNative.java:307)
02-04 09:39:20.967 24659 24678 E DatabaseUtils: at android.os.Binder.execTransactInternal(Binder.java:1028)
02-04 09:39:20.967 24659 24678 E DatabaseUtils: at android.os.Binder.execTransact(Binder.java:1001)
02-04 09:39:20.968 24659 24848 E DatabaseUtils: Writing exception to parcel
02-04 09:39:20.968 24659 24848 E DatabaseUtils: java.lang.SecurityException: Permission Denial: reading com.mbwhatsapp.contentprovider.MediaProvider uri content://com.mbwhatsapp.provider.media/item/775ed62f-451b-4eee-a24f-0fee8f1c6bea from pid=2138, uid=10050 requires the provider be exported, or grantUriPermission()
02-04 09:39:20.968 24659 24848 E DatabaseUtils: at android.content.ContentProvider.enforceReadPermissionInner(ContentProvider.java:733 )
02-04 09:39:20.968 24659 24848 E DatabaseUtils: at android.content.ContentProvider$Transport.enforceReadPermission(ContentProvider.jav a:606)
02-04 09:39:20.968 24659 24848 E DatabaseUtils: at android.content.ContentProvider$Transport.enforceFilePermission(ContentProvider.jav a:597)
02-04 09:39:20.968 24659 24848 E DatabaseUtils: at android.content.ContentProvider$Transport.openTypedAssetFile(ContentProvider.java:5 11)
02-04 09:39:20.968 24659 24848 E DatabaseUtils: at android.content.ContentProviderNative.onTransact(ContentProviderNative.java:307)
02-04 09:39:20.968 24659 24848 E DatabaseUtils: at android.os.Binder.execTransactInternal(Binder.java:1028)
02-04 09:39:20.968 24659 24848 E DatabaseUtils: at android.os.Binder.execTransact(Binder.java:1001)
02-04 09:39:20.974 24659 24683 E DatabaseUtils: Writing exception to parcel
02-04 09:39:20.974 24659 24683 E DatabaseUtils: java.lang.SecurityException: Permission Denial: reading com.mbwhatsapp.contentprovider.MediaProvider uri content://com.mbwhatsapp.provider.media/item/5ba70745-6a72-4a5e-aa0f-414e7ae8c960 from pid=2138, uid=10050 requires the provider be exported, or grantUriPermission()
02-04 09:39:20.974 24659 24683 E DatabaseUtils: at android.content.ContentProvider.enforceReadPermissionInner(ContentProvider.java:733 )
02-04 09:39:20.974 24659 24683 E DatabaseUtils: at android.content.ContentProvider$Transport.enforceReadPermission(ContentProvider.jav a:606)
02-04 09:39:20.974 24659 24683 E DatabaseUtils: at android.content.ContentProvider$Transport.enforceFilePermission(ContentProvider.jav a:597)
02-04 09:39:20.974 24659 24683 E DatabaseUtils: at android.content.ContentProvider$Transport.openTypedAssetFile(ContentProvider.java:5 11)
02-04 09:39:20.974 24659 24683 E DatabaseUtils: at android.content.ContentProviderNative.onTransact(ContentProviderNative.java:307)
02-04 09:39:20.974 24659 24683 E DatabaseUtils: at android.os.Binder.execTransactInternal(Binder.java:1028)
02-04 09:39:20.974 24659 24683 E DatabaseUtils: at android.os.Binder.execTransact(Binder.java:1001)
02-04 09:39:21.102 24659 24710 E SQLiteDatabase: Error inserting UNIQUE constraint failed: message_media.message_row_id (Sqlite code 1555 SQLITE_CONSTRAINT_PRIMARYKEY), (OS error - 11:Try again)
02-04 09:39:21.218 24659 24710 E SQLiteDatabase: Error inserting UNIQUE constraint failed: message_media.message_row_id (Sqlite code 1555 SQLITE_CONSTRAINT_PRIMARYKEY), (OS error - 11:Try again)
02-04 09:39:21.641 24659 24710 E SQLiteDatabase: Error inserting UNIQUE constraint failed: message_media.message_row_id (Sqlite code 1555 SQLITE_CONSTRAINT_PRIMARYKEY), (OS error - 11:Try again)
02-04 09:39:22.079 24659 24710 E SQLiteDatabase: Error inserting UNIQUE constraint failed: message_media.message_row_id (Sqlite code 1555 SQLITE_CONSTRAINT_PRIMARYKEY), (OS error - 11:Try again)
02-04 09:39:22.189 24659 24710 E SQLiteDatabase: Error inserting UNIQUE constraint failed: message_media.message_row_id (Sqlite code 1555 SQLITE_CONSTRAINT_PRIMARYKEY), (OS error - 11:Try again)
02-04 09:39:22.289 24659 24848 E DatabaseUtils: Writing exception to parcel
02-04 09:39:22.289 24659 24848 E DatabaseUtils: java.lang.SecurityException: Permission Denial: reading com.mbwhatsapp.contentprovider.MediaProvider uri content://com.mbwhatsapp.provider.media/item/d8b8e605-9003-448a-8e32-516b683178c5 from pid=2138, uid=10050 requires the provider be exported, or grantUriPermission()
02-04 09:39:22.289 24659 24848 E DatabaseUtils: at android.content.ContentProvider.enforceReadPermissionInner(ContentProvider.java:733 )
02-04 09:39:22.289 24659 24848 E DatabaseUtils: at android.content.ContentProvider$Transport.enforceReadPermission(ContentProvider.jav a:606)
02-04 09:39:22.289 24659 24848 E DatabaseUtils: at android.content.ContentProvider$Transport.enforceFilePermission(ContentProvider.jav a:597)
02-04 09:39:22.289 24659 24848 E DatabaseUtils: at android.content.ContentProvider$Transport.openTypedAssetFile(ContentProvider.java:5 11)
02-04 09:39:22.289 24659 24848 E DatabaseUtils: at android.content.ContentProviderNative.onTransact(ContentProviderNative.java:307)
02-04 09:39:22.289 24659 24848 E DatabaseUtils: at android.os.Binder.execTransactInternal(Binder.java:1028)
02-04 09:39:22.289 24659 24848 E DatabaseUtils: at android.os.Binder.execTransact(Binder.java:1001)
02-04 09:39:22.290 24659 24678 E DatabaseUtils: Writing exception to parcel
02-04 09:39:22.290 24659 24678 E DatabaseUtils: java.lang.SecurityException: Permission Denial: reading com.mbwhatsapp.contentprovider.MediaProvider uri content://com.mbwhatsapp.provider.media/item/9e7db178-fabd-4020-86d7-61bb21f5293f from pid=2138, uid=10050 requires the provider be exported, or grantUriPermission()
02-04 09:39:22.290 24659 24678 E DatabaseUtils: at android.content.ContentProvider.enforceReadPermissionInner(ContentProvider.java:733 )
02-04 09:39:22.290 24659 24678 E DatabaseUtils: at android.content.ContentProvider$Transport.enforceReadPermission(ContentProvider.jav a:606)
02-04 09:39:22.290 24659 24678 E DatabaseUtils: at android.content.ContentProvider$Transport.enforceFilePermission(ContentProvider.jav a:597)
02-04 09:39:22.290 24659 24678 E DatabaseUtils: at android.content.ContentProvider$Transport.openTypedAssetFile(ContentProvider.java:5 11)
02-04 09:39:22.290 24659 24678 E DatabaseUtils: at android.content.ContentProviderNative.onTransact(ContentProviderNative.java:307)
02-04 09:39:22.290 24659 24678 E DatabaseUtils: at android.os.Binder.execTransactInternal(Binder.java:1028)
02-04 09:39:22.290 24659 24678 E DatabaseUtils: at android.os.Binder.execTransact(Binder.java:1001)
02-04 09:39:22.291 24659 24676 E DatabaseUtils: Writing exception to parcel
02-04 09:39:22.291 24659 24676 E DatabaseUtils: java.lang.SecurityException: Permission Denial: reading com.mbwhatsapp.contentprovider.MediaProvider uri content://com.mbwhatsapp.provider.media/item/296870af-e535-495f-b083-cc0cad8fccf5 from pid=2138, uid=10050 requires the provider be exported, or grantUriPermission()
02-04 09:39:22.291 24659 24676 E DatabaseUtils: at android.content.ContentProvider.enforceReadPermissionInner(ContentProvider.java:733 )
02-04 09:39:22.291 24659 24676 E DatabaseUtils: at android.content.ContentProvider$Transport.enforceReadPermission(ContentProvider.jav a:606)
02-04 09:39:22.291 24659 24676 E DatabaseUtils: at android.content.ContentProvider$Transport.enforceFilePermission(ContentProvider.jav a:597)
02-04 09:39:22.291 24659 24676 E DatabaseUtils: at android.content.ContentProvider$Transport.openTypedAssetFile(ContentProvider.java:5 11)
02-04 09:39:22.291 24659 24676 E DatabaseUtils: at android.content.ContentProviderNative.onTransact(ContentProviderNative.java:307)
02-04 09:39:22.291 24659 24676 E DatabaseUtils: at android.os.Binder.execTransactInternal(Binder.java:1028)
02-04 09:39:22.291 24659 24676 E DatabaseUtils: at android.os.Binder.execTransact(Binder.java:1001)
02-04 09:39:22.294 24659 24682 E DatabaseUtils: Writing exception to parcel
02-04 09:39:22.294 24659 24682 E DatabaseUtils: java.lang.SecurityException: Permission Denial: reading com.mbwhatsapp.contentprovider.MediaProvider uri content://com.mbwhatsapp.provider.media/item/9744a2d5-8cd1-4606-a697-8470f7f80337 from pid=2138, uid=10050 requires the provider be exported, or grantUriPermission()
02-04 09:39:22.294 24659 24682 E DatabaseUtils: at android.content.ContentProvider.enforceReadPermissionInner(ContentProvider.java:733 )
02-04 09:39:22.294 24659 24682 E DatabaseUtils: at android.content.ContentProvider$Transport.enforceReadPermission(ContentProvider.jav a:606)
02-04 09:39:22.294 24659 24682 E DatabaseUtils: at android.content.ContentProvider$Transport.enforceFilePermission(ContentProvider.jav a:597)
02-04 09:39:22.294 24659 24682 E DatabaseUtils: at android.content.ContentProvider$Transport.openTypedAssetFile(ContentProvider.java:5 11)
02-04 09:39:22.294 24659 24682 E DatabaseUtils: at android.content.ContentProviderNative.onTransact(ContentProviderNative.java:307)
02-04 09:39:22.294 24659 24682 E DatabaseUtils: at android.os.Binder.execTransactInternal(Binder.java:1028)
02-04 09:39:22.294 24659 24682 E DatabaseUtils: at android.os.Binder.execTransact(Binder.java:1001)
02-04 09:39:22.294 24659 24848 E DatabaseUtils: Writing exception to parcel
02-04 09:39:22.294 24659 24848 E DatabaseUtils: java.lang.SecurityException: Permission Denial: reading com.mbwhatsapp.contentprovider.MediaProvider uri content://com.mbwhatsapp.provider.media/item/7c4d7a04-7975-4c1d-9d9a-5fb09df4fad4 from pid=2138, uid=10050 requires the provider be exported, or grantUriPermission()
02-04 09:39:22.294 24659 24848 E DatabaseUtils: at android.content.ContentProvider.enforceReadPermissionInner(ContentProvider.java:733 )
02-04 09:39:22.294 24659 24848 E DatabaseUtils: at android.content.ContentProvider$Transport.enforceReadPermission(ContentProvider.jav a:606)
02-04 09:39:22.294 24659 24848 E DatabaseUtils: at android.content.ContentProvider$Transport.enforceFilePermission(ContentProvider.jav a:597)
02-04 09:39:22.294 24659 24848 E DatabaseUtils: at android.content.ContentProvider$Transport.openTypedAssetFile(ContentProvider.java:5 11)
02-04 09:39:22.294 24659 24848 E DatabaseUtils: at android.content.ContentProviderNative.onTransact(ContentProviderNative.java:307)
02-04 09:39:22.294 24659 24848 E DatabaseUtils: at android.os.Binder.execTransactInternal(Binder.java:1028)
02-04 09:39:22.294 24659 24848 E DatabaseUtils: at android.os.Binder.execTransact(Binder.java:1001)
02-04 09:39:22.294 24659 24683 E DatabaseUtils: Writing exception to parcel
02-04 09:39:22.294 24659 24683 E DatabaseUtils: java.lang.SecurityException: Permission Denial: reading com.mbwhatsapp.contentprovider.MediaProvider uri content://com.mbwhatsapp.provider.media/item/d12de425-259e-4cb6-a870-55cbbe6e6860 from pid=2138, uid=10050 requires the provider be exported, or grantUriPermission()
02-04 09:39:22.294 24659 24683 E DatabaseUtils: at android.content.ContentProvider.enforceReadPermissionInner(ContentProvider.java:733 )
02-04 09:39:22.294 24659 24683 E DatabaseUtils: at android.content.ContentProvider$Transport.enforceReadPermission(ContentProvider.jav a:606)
02-04 09:39:22.294 24659 24683 E DatabaseUtils: at android.content.ContentProvider$Transport.enforceFilePermission(ContentProvider.jav a:597)
02-04 09:39:22.294 24659 24683 E DatabaseUtils: at android.content.ContentProvider$Transport.openTypedAssetFile(ContentProvider.java:5 11)
02-04 09:39:22.294 24659 24683 E DatabaseUtils: at android.content.ContentProviderNative.onTransact(ContentProviderNative.java:307)
02-04 09:39:22.294 24659 24683 E DatabaseUtils: at android.os.Binder.execTransactInternal(Binder.java:1028)
02-04 09:39:22.294 24659 24683 E DatabaseUtils: at android.os.Binder.execTransact(Binder.java:1001)
02-04 09:39:22.749 24659 24710 E SQLiteDatabase: Error inserting UNIQUE constraint failed: message_media.message_row_id (Sqlite code 1555 SQLITE_CONSTRAINT_PRIMARYKEY), (OS error - 11:Try again)
02-04 09:39:23.138 24659 24710 E SQLiteDatabase: Error inserting UNIQUE constraint failed: message_media.message_row_id (Sqlite code 1555 SQLITE_CONSTRAINT_PRIMARYKEY), (OS error - 11:Try again)
02-04 09:39:23.527 24659 24710 E SQLiteDatabase: Error inserting UNIQUE constraint failed: message_media.message_row_id (Sqlite code 1555 SQLITE_CONSTRAINT_PRIMARYKEY), (OS error - 11:Try again)
02-04 09:39:24.092 24659 24710 E SQLiteDatabase: Error inserting UNIQUE constraint failed: message_media.message_row_id (Sqlite code 1555 SQLITE_CONSTRAINT_PRIMARYKEY), (OS error - 11:Try again)
02-04 09:39:29.556 24659 24710 E SQLiteDatabase: Error inserting UNIQUE constraint failed: message_media.message_row_id (Sqlite code 1555 SQLITE_CONSTRAINT_PRIMARYKEY), (OS error - 11:Try again)
02-04 09:39:29.987 24659 24710 E SQLiteDatabase: Error inserting UNIQUE constraint failed: message_media.message_row_id (Sqlite code 1555 SQLITE_CONSTRAINT_PRIMARYKEY), (OS error - 11:Try again)
02-04 09:39:30.188 24659 24710 E SQLiteDatabase: Error inserting UNIQUE constraint failed: message_media.message_row_id (Sqlite code 1555 SQLITE_CONSTRAINT_PRIMARYKEY), (OS error - 11:Try again)
02-04 09:39:31.097 24659 24710 E SQLiteDatabase: Error inserting UNIQUE constraint failed: message_media.message_row_id (Sqlite code 1555 SQLITE_CONSTRAINT_PRIMARYKEY), (OS error - 11:Try again)
02-04 09:39:31.301 24659 24710 E SQLiteDatabase: Error inserting UNIQUE constraint failed: message_media.message_row_id (Sqlite code 1555 SQLITE_CONSTRAINT_PRIMARYKEY), (OS error - 11:Try again)
02-04 09:39:32.331 24659 24710 E SQLiteDatabase: Error inserting UNIQUE constraint failed: message_media.message_row_id (Sqlite code 1555 SQLITE_CONSTRAINT_PRIMARYKEY), (OS error - 11:Try again)
02-04 09:39:33.400 24659 24710 E SQLiteDatabase: Error inserting UNIQUE constraint failed: message_media.message_row_id (Sqlite code 1555 SQLITE_CONSTRAINT_PRIMARYKEY), (OS error - 11:Try again)
02-04 09:39:33.453 24659 24848 E DatabaseUtils: Writing exception to parcel
02-04 09:39:33.453 24659 24848 E DatabaseUtils: java.lang.SecurityException: Permission Denial: reading com.mbwhatsapp.contentprovider.MediaProvider uri content://com.mbwhatsapp.provider.media/item/a2d53784-34bb-4ac9-8771-ed2ded5e380a from pid=2138, uid=10050 requires the provider be exported, or grantUriPermission()
02-04 09:39:33.453 24659 24848 E DatabaseUtils: at android.content.ContentProvider.enforceReadPermissionInner(ContentProvider.java:733 )
02-04 09:39:33.453 24659 24848 E DatabaseUtils: at android.content.ContentProvider$Transport.enforceReadPermission(ContentProvider.jav a:606)
02-04 09:39:33.453 24659 24848 E DatabaseUtils: at android.content.ContentProvider$Transport.enforceFilePermission(ContentProvider.jav a:597)
02-04 09:39:33.453 24659 24848 E DatabaseUtils: at android.content.ContentProvider$Transport.openTypedAssetFile(ContentProvider.java:5 11)
02-04 09:39:33.453 24659 24848 E DatabaseUtils: at android.content.ContentProviderNative.onTransact(ContentProviderNative.java:307)
02-04 09:39:33.453 24659 24848 E DatabaseUtils: at android.os.Binder.execTransactInternal(Binder.java:1028)
02-04 09:39:33.453 24659 24848 E DatabaseUtils: at android.os.Binder.execTransact(Binder.java:1001)
02-04 09:39:33.457 24659 24683 E DatabaseUtils: Writing exception to parcel
02-04 09:39:33.457 24659 24683 E DatabaseUtils: java.lang.SecurityException: Permission Denial: reading com.mbwhatsapp.contentprovider.MediaProvider uri content://com.mbwhatsapp.provider.media/item/018f016c-26eb-474f-809c-8b68e09106a6 from pid=2138, uid=10050 requires the provider be exported, or grantUriPermission()
02-04 09:39:33.457 24659 24683 E DatabaseUtils: at android.content.ContentProvider.enforceReadPermissionInner(ContentProvider.java:733 )
02-04 09:39:33.457 24659 24683 E DatabaseUtils: at android.content.ContentProvider$Transport.enforceReadPermission(ContentProvider.jav a:606)
02-04 09:39:33.457 24659 24683 E DatabaseUtils: at android.content.ContentProvider$Transport.enforceFilePermission(ContentProvider.jav a:597)
02-04 09:39:33.457 24659 24683 E DatabaseUtils: at android.content.ContentProvider$Transport.openTypedAssetFile(ContentProvider.java:5 11)
02-04 09:39:33.457 24659 24683 E DatabaseUtils: at android.content.ContentProviderNative.onTransact(ContentProviderNative.java:307)
02-04 09:39:33.457 24659 24683 E DatabaseUtils: at android.os.Binder.execTransactInternal(Binder.java:1028)
02-04 09:39:33.457 24659 24683 E DatabaseUtils: at android.os.Binder.execTransact(Binder.java:1001)
02-04 09:39:33.457 24659 24848 E DatabaseUtils: Writing exception to parcel
02-04 09:39:33.457 24659 24848 E DatabaseUtils: java.lang.SecurityException: Permission Denial: reading com.mbwhatsapp.contentprovider.MediaProvider uri content://com.mbwhatsapp.provider.media/item/9ac3ce0d-3f77-4a72-a74c-a0492ea3751e from pid=2138, uid=10050 requires the provider be exported, or grantUriPermission()
02-04 09:39:33.457 24659 24848 E DatabaseUtils: at android.content.ContentProvider.enforceReadPermissionInner(ContentProvider.java:733 )
02-04 09:39:33.457 24659 24848 E DatabaseUtils: at android.content.ContentProvider$Transport.enforceReadPermission(ContentProvider.jav a:606)
02-04 09:39:33.457 24659 24848 E DatabaseUtils: at android.content.ContentProvider$Transport.enforceFilePermission(ContentProvider.jav a:597)
02-04 09:39:33.457 24659 24848 E DatabaseUtils: at android.content.ContentProvider$Transport.openTypedAssetFile(ContentProvider.java:5 11)
02-04 09:39:33.457 24659 24848 E DatabaseUtils: at android.content.ContentProviderNative.onTransact(ContentProviderNative.java:307)
02-04 09:39:33.457 24659 24848 E DatabaseUtils: at android.os.Binder.execTransactInternal(Binder.java:1028)
02-04 09:39:33.457 24659 24848 E DatabaseUtils: at android.os.Binder.execTransact(Binder.java:1001)
02-04 09:39:33.557 24659 24710 E SQLiteDatabase: Error inserting UNIQUE constraint failed: message_media.message_row_id (Sqlite code 1555 SQLITE_CONSTRAINT_PRIMARYKEY), (OS error - 11:Try again)
02-04 09:39:33.987 24659 24710 E SQLiteDatabase: Error inserting UNIQUE constraint failed: message_media.message_row_id (Sqlite code 1555 SQLITE_CONSTRAINT_PRIMARYKEY), (OS error - 11:Try again)
02-04 09:39:34.602 24659 24710 E SQLiteDatabase: Error inserting UNIQUE constraint failed: message_media.message_row_id (Sqlite code 1555 SQLITE_CONSTRAINT_PRIMARYKEY), (OS error - 11:Try again)
02-04 09:40:01.994 24659 24710 E SQLiteDatabase: Error inserting UNIQUE constraint failed: message_media.message_row_id (Sqlite code 1555 SQLITE_CONSTRAINT_PRIMARYKEY), (OS error - 11:Try again)
02-04 09:40:02.101 24659 24710 E SQLiteDatabase: Error inserting UNIQUE constraint failed: message_media.message_row_id (Sqlite code 1555 SQLITE_CONSTRAINT_PRIMARYKEY), (OS error - 11:Try again)
02-04 09:40:02.211 24659 24710 E SQLiteDatabase: Error inserting UNIQUE constraint failed: message_media.message_row_id (Sqlite code 1555 SQLITE_CONSTRAINT_PRIMARYKEY), (OS error - 11:Try again)
02-04 09:40:02.363 24659 24710 E SQLiteDatabase: Error inserting UNIQUE constraint failed: message_media.message_row_id (Sqlite code 1555 SQLITE_CONSTRAINT_PRIMARYKEY), (OS error - 11:Try again)
02-04 09:40:02.620 24659 24710 E SQLiteDatabase: Error inserting UNIQUE constraint failed: message_media.message_row_id (Sqlite code 1555 SQLITE_CONSTRAINT_PRIMARYKEY), (OS error - 11:Try again)
02-04 09:40:03.842 24659 24710 E SQLiteDatabase: Error inserting UNIQUE constraint failed: message_media.message_row_id (Sqlite code 1555 SQLITE_CONSTRAINT_PRIMARYKEY), (OS error - 11:Try again)
02-04 09:40:03.926 24659 24710 E SQLiteDatabase: Error inserting UNIQUE constraint failed: message_media.message_row_id (Sqlite code 1555 SQLITE_CONSTRAINT_PRIMARYKEY), (OS error - 11:Try again)
02-04 09:40:08.636 24659 24710 E SQLiteDatabase: Error inserting UNIQUE constraint failed: message_media.message_row_id (Sqlite code 1555 SQLITE_CONSTRAINT_PRIMARYKEY), (OS error - 11:Try again)
02-04 09:40:08.959 24659 24710 E SQLiteDatabase: Error inserting UNIQUE constraint failed: message_media.message_row_id (Sqlite code 1555 SQLITE_CONSTRAINT_PRIMARYKEY), (OS error - 11:Try again)
02-04 09:40:09.199 24659 24710 E SQLiteDatabase: Error inserting UNIQUE constraint failed: message_media.message_row_id (Sqlite code 1555 SQLITE_CONSTRAINT_PRIMARYKEY), (OS error - 11:Try again)
02-04 09:40:09.358 24659 24848 E DatabaseUtils: Writing exception to parcel
