01-27 14:48:03.522 17023 17023 E ArmVmp : Match on catch block at 0xc3 in for 0xb9
01-27 14:48:03.525 17023 17023 E ArmVmp : Match on catch block at 0xc3 in for 0xb1
01-27 14:48:03.725 17023 17023 E ArmVmp : Match on catch block at 0xc3 in for 0xb1
01-27 14:48:03.727 17023 17023 E ArmVmp : Match on catch block at 0xc3 in for 0xb5
01-27 14:48:03.921 17023 17023 E ArmVmp : Match on catch block at 0xc3 in for 0xb5
01-27 14:48:03.924 17023 17023 E ArmVmp : Match on catch block at 0xc3 in for 0xb9
01-27 14:48:04.071 17023 17023 E ArmVmp : Match on catch block at 0xc3 in for 0xb9
01-27 14:48:04.074 17023 17023 E ArmVmp : Match on catch block at 0xc3 in for 0xb1
01-27 14:48:04.080 17023 17023 E SpannableStringBuilder: SPAN_EXCLUSIVE_EXCLUSIVE spans cannot have a zero length
01-27 14:48:04.088 17023 17023 E ArmVmp : Match on catch block at 0xc3 in for 0xb1
01-27 14:48:04.090 17023 17023 E ArmVmp : Match on catch block at 0xc3 in for 0xb5
01-27 14:48:04.104 17023 17023 E ArmVmp : Match on catch block at 0xc3 in for 0xb5
01-27 14:48:04.107 17023 17023 E ArmVmp : Match on catch block at 0xc3 in for 0xb9
01-27 14:48:04.121 17023 17023 E ArmVmp : Match on catch block at 0xc3 in for 0xb9
01-27 14:48:04.123 17023 17023 E ArmVmp : Match on catch block at 0xc3 in for 0xb1
01-27 14:48:04.137 17023 17023 E ArmVmp : Match on catch block at 0xc3 in for 0xb1
01-27 14:48:04.140 17023 17023 E ArmVmp : Match on catch block at 0xc3 in for 0xb5
01-27 14:48:04.154 17023 17023 E ArmVmp : Match on catch block at 0xc3 in for 0xb5
01-27 14:48:04.157 17023 17023 E ArmVmp : Match on catch block at 0xc3 in for 0xb9
01-27 14:48:04.171 17023 17023 E ArmVmp : Match on catch block at 0xc3 in for 0xb9
01-27 14:48:04.173 17023 17023 E ArmVmp : Match on catch block at 0xc3 in for 0xb1
01-27 14:48:04.187 17023 17023 E ArmVmp : Match on catch block at 0xc3 in for 0xb1
01-27 14:48:04.190 17023 17023 E ArmVmp : Match on catch block at 0xc3 in for 0xb5
01-27 14:48:04.204 17023 17023 E ArmVmp : Match on catch block at 0xc3 in for 0xb5
01-27 14:48:04.207 17023 17023 E ArmVmp : Match on catch block at 0xc3 in for 0xb9
01-27 14:48:04.221 17023 17023 E ArmVmp : Match on catch block at 0xc3 in for 0xb9
01-27 14:48:04.223 17023 17023 E ArmVmp : Match on catch block at 0xc3 in for 0xb1
01-27 14:48:04.237 17023 17023 E ArmVmp : Match on catch block at 0xc3 in for 0xb1
01-27 14:48:04.239 17023 17023 E ArmVmp : Match on catch block at 0xc3 in for 0xb5
01-27 14:48:04.254 17023 17023 E ArmVmp : Match on catch block at 0xc3 in for 0xb5
01-27 14:48:04.257 17023 17023 E ArmVmp : Match on catch block at 0xc3 in for 0xb9
01-27 14:48:04.270 17023 17023 E ArmVmp : Match on catch block at 0xc3 in for 0xb9
01-27 14:48:04.273 17023 17023 E ArmVmp : Match on catch block at 0xc3 in for 0xb1
01-27 14:48:04.287 17023 17023 E ArmVmp : Match on catch block at 0xc3 in for 0xb1
01-27 14:48:04.289 17023 17023 E ArmVmp : Match on catch block at 0xc3 in for 0xb5
01-27 14:48:04.304 17023 17023 E ArmVmp : Match on catch block at 0xc3 in for 0xb5
01-27 14:48:04.306 17023 17023 E ArmVmp : Match on catch block at 0xc3 in for 0xb9
01-27 14:48:04.320 17023 17023 E ArmVmp : Match on catch block at 0xc3 in for 0xb9
01-27 14:48:04.323 17023 17023 E ArmVmp : Match on catch block at 0xc3 in for 0xb1
01-27 14:48:04.337 17023 17023 E ArmVmp : Match on catch block at 0xc3 in for 0xb1
01-27 14:48:04.339 17023 17023 E ArmVmp : Match on catch block at 0xc3 in for 0xb5
01-27 14:48:04.354 17023 17023 E ArmVmp : Match on catch block at 0xc3 in for 0xb5
01-27 14:48:04.356 17023 17023 E ArmVmp : Match on catch block at 0xc3 in for 0xb9
01-27 14:48:04.370 17023 17023 E ArmVmp : Match on catch block at 0xc3 in for 0xb9
01-27 14:48:04.373 17023 17023 E ArmVmp : Match on catch block at 0xc3 in for 0xb1
01-27 14:48:04.387 17023 17023 E ArmVmp : Match on catch block at 0xc3 in for 0xb1
01-27 14:48:04.389 17023 17023 E ArmVmp : Match on catch block at 0xc3 in for 0xb5
01-27 14:48:04.403 17023 17023 E ArmVmp : Match on catch block at 0xc3 in for 0xb5
01-27 14:48:04.406 17023 17023 E ArmVmp : Match on catch block at 0xc3 in for 0xb9
01-27 14:48:04.420 17023 17023 E ArmVmp : Match on catch block at 0xc3 in for 0xb9
01-27 14:48:04.422 17023 17023 E ArmVmp : Match on catch block at 0xc3 in for 0xb1
01-27 14:48:04.437 17023 17023 E ArmVmp : Match on catch block at 0xc3 in for 0xb1
01-27 14:48:04.439 17023 17023 E ArmVmp : Match on catch block at 0xc3 in for 0xb5
01-27 14:48:04.453 17023 17023 E ArmVmp : Match on catch block at 0xc3 in for 0xb5
01-27 14:48:04.456 17023 17023 E ArmVmp : Match on catch block at 0xc3 in for 0xb9
01-27 14:48:04.470 17023 17023 E ArmVmp : Match on catch block at 0xc3 in for 0xb9
01-27 14:48:04.472 17023 17023 E ArmVmp : Match on catch block at 0xc3 in for 0xb1
01-27 14:48:04.572 17023 17023 E ArmVmp : Match on catch block at 0xc3 in for 0xb1
01-27 14:48:04.576 17023 17023 E ArmVmp : Match on catch block at 0xc3 in for 0xb5
01-27 14:48:04.740 17023 17023 E ArmVmp : Match on catch block at 0xc3 in for 0xb5
01-27 14:48:04.746 17023 17023 E ArmVmp : Match on catch block at 0xc3 in for 0xb9
01-27 14:48:04.777 17023 17023 E ArmVmp : Match on catch block at 0xc3 in for 0xb1
01-27 14:48:04.780 17023 17023 E ArmVmp : Match on catch block at 0xc3 in for 0xb5
01-27 14:48:04.823 17023 17023 E ArmVmp : Match on catch block at 0xc3 in for 0xb5
01-27 14:48:04.825 17023 17023 E ArmVmp : Match on catch block at 0xc3 in for 0xb9
01-27 14:48:04.829 17023 17023 E SpannableStringBuilder: SPAN_EXCLUSIVE_EXCLUSIVE spans cannot have a zero length
01-27 14:48:04.842 17023 17023 E ArmVmp : Match on catch block at 0xc3 in for 0xb1
01-27 14:48:04.844 17023 17023 E ArmVmp : Match on catch block at 0xc3 in for 0xb5
01-27 14:48:04.849 17023 17023 E SpannableStringBuilder: SPAN_EXCLUSIVE_EXCLUSIVE spans cannot have a zero length
01-27 14:48:04.859 17023 17023 E SpannableStringBuilder: SPAN_EXCLUSIVE_EXCLUSIVE spans cannot have a zero length
01-27 14:48:04.869 17023 17023 E ArmVmp : Match on catch block at 0xc3 in for 0xb9
01-27 14:48:04.873 17023 17023 E ArmVmp : Match on catch block at 0xc3 in for 0xb1
01-27 14:48:04.880 17023 17023 E ArmVmp : Match on catch block at 0xc3 in for 0xb1
01-27 14:48:04.883 17023 17023 E ArmVmp : Match on catch block at 0xc3 in for 0xb5
01-27 14:48:04.902 17023 17023 E ArmVmp : Match on catch block at 0xc3 in for 0xb5
01-27 14:48:04.904 17023 17023 E ArmVmp : Match on catch block at 0xc3 in for 0xb9
01-27 14:48:04.918 17023 17023 E ArmVmp : Match on catch block at 0xc3 in for 0xb9
01-27 14:48:04.920 17023 17023 E ArmVmp : Match on catch block at 0xc3 in for 0xb1
01-27 14:48:04.935 17023 17023 E ArmVmp : Match on catch block at 0xc3 in for 0xb1
01-27 14:48:04.938 17023 17023 E ArmVmp : Match on catch block at 0xc3 in for 0xb5
01-27 14:48:04.952 17023 17023 E ArmVmp : Match on catch block at 0xc3 in for 0xb5
01-27 14:48:04.955 17023 17023 E ArmVmp : Match on catch block at 0xc3 in for 0xb9
01-27 14:48:04.969 17023 17023 E ArmVmp : Match on catch block at 0xc3 in for 0xb9
01-27 14:48:04.971 17023 17023 E ArmVmp : Match on catch block at 0xc3 in for 0xb1
01-27 14:48:05.144 17023 17023 E ArmVmp : Match on catch block at 0xc3 in for 0xb9
01-27 14:48:05.147 17023 17023 E ArmVmp : Match on catch block at 0xc3 in for 0xb1
01-27 14:48:05.158 17023 17023 E ArmVmp : Match on catch block at 0xc3 in for 0xb9
01-27 14:48:05.161 17023 17023 E ArmVmp : Match on catch block at 0xc3 in for 0xb1
01-27 14:48:05.268 17023 17023 E ArmVmp : Match on catch block at 0xc3 in for 0xb5
01-27 14:48:05.271 17023 17023 E ArmVmp : Match on catch block at 0xc3 in for 0xb9
01-27 14:48:05.416 17023 17023 E ArmVmp : Match on catch block at 0xc3 in for 0xb9
01-27 14:48:05.419 17023 17023 E ArmVmp : Match on catch block at 0xc3 in for 0xb1
01-27 14:48:05.428 17023 17023 E ArmVmp : Match on catch block at 0xc3 in for 0xb9
01-27 14:48:05.430 17023 17023 E ArmVmp : Match on catch block at 0xc3 in for 0xb1
01-27 14:48:05.520 17023 17023 E ArmVmp : Match on catch block at 0xc3 in for 0xb1
01-27 14:48:05.523 17023 17023 E ArmVmp : Match on catch block at 0xc3 in for 0xb5
01-27 14:48:05.534 17023 17023 E ArmVmp : Match on catch block at 0xc3 in for 0xb5
01-27 14:48:05.537 17023 17023 E ArmVmp : Match on catch block at 0xc3 in for 0xb9
01-27 14:48:05.552 17023 17023 E ArmVmp : Match on catch block at 0xc3 in for 0xb9
01-27 14:48:05.555 17023 17023 E ArmVmp : Match on catch block at 0xc3 in for 0xb1
01-27 14:48:05.762 17023 17023 E ArmVmp : Match on catch block at 0xc3 in for 0xb5
01-27 14:48:05.764 17023 17023 E ArmVmp : Match on catch block at 0xc3 in for 0xb9
01-27 14:48:05.820 17023 17023 E ArmVmp : Match on catch block at 0xc3 in for 0xb5
01-27 14:48:05.822 17023 17023 E ArmVmp : Match on catch block at 0xc3 in for 0xb9
01-27 14:48:06.804 17023 17023 E ArmVmp : Match on catch block at 0x0a in for 0xd5
01-27 14:48:06.807 17023 17023 E ArmVmp : Match on catch block at 0x0a in for 0xd1
01-27 14:48:06.968 17023 17023 E ArmVmp : Match on catch block at 0xc3 in for 0xc9
01-27 14:48:06.971 17023 17023 E ArmVmp : Match on catch block at 0xc3 in for 0xc9
01-27 14:48:07.031 17023 17023 E ArmVmp : Match on catch block at 0xc3 in for 0xb5
01-27 14:48:07.034 17023 17023 E ArmVmp : Match on catch block at 0xc3 in for 0xb9
01-27 14:48:07.059 17023 17023 E ArmVmp : Match on catch block at 0xc3 in for 0xb5
01-27 14:48:07.061 17023 17023 E ArmVmp : Match on catch block at 0xc3 in for 0xb9
01-27 14:48:07.069 17023 17755 E ArmVmp : Match on catch block at 0x48 in for 0x81
01-27 14:48:07.084 17023 17023 E ArmVmp : Match on catch block at 0xc3 in for 0xb9
01-27 14:48:07.086 17023 17023 E ArmVmp : Match on catch block at 0xc3 in for 0xb1
01-27 14:48:07.131 17023 17023 E SpannableStringBuilder: SPAN_EXCLUSIVE_EXCLUSIVE spans cannot have a zero length
01-27 14:48:07.309 17023 17755 E ArmVmp : Match on catch block at 0x48 in for 0x95
01-27 14:48:07.365 17023 17023 E ArmVmp : Match on catch block at 0xc3 in for 0xb5
01-27 14:48:07.366 17023 17828 E libc : Access denied finding property "ro.kirin.product.platform"
01-27 14:48:07.367 17023 17023 E ArmVmp : Match on catch block at 0xc3 in for 0xb9
01-27 14:48:07.403 17023 17829 E ion : ioctl c0044901 failed with code -1: Not a typewriter
01-27 14:48:07.434 17023 17828 E libc : Access denied finding property "ro.kirin.product.platform"
01-27 14:48:07.498 17023 17828 E libc : Access denied finding property "ro.kirin.product.platform"
01-27 14:48:07.574 17023 17023 E ArmVmp : Match on catch block at 0xc3 in for 0xb5
01-27 14:48:07.577 17023 17023 E ArmVmp : Match on catch block at 0xc3 in for 0xb9
01-27 14:48:07.590 17023 17828 E libc : Access denied finding property "ro.kirin.product.platform"
01-27 14:48:07.699 17023 17023 E ArmVmp : Match on catch block at 0xc3 in for 0xb9
01-27 14:48:07.705 17023 17023 E ArmVmp : Match on catch block at 0xc3 in for 0xb1
01-27 14:48:07.726 17023 17828 E libc : Access denied finding property "ro.kirin.product.platform"
01-27 14:48:07.760 17023 17828 E libc : Access denied finding property "ro.kirin.product.platform"
01-27 14:48:07.761 17023 17023 E ArmVmp : Match on catch block at 0xc3 in for 0xb5
01-27 14:48:07.763 17023 17023 E ArmVmp : Match on catch block at 0xc3 in for 0xb9
01-27 14:48:07.828 17023 17023 E ArmVmp : Match on catch block at 0xc3 in for 0xb9
01-27 14:48:07.831 17023 17023 E ArmVmp : Match on catch block at 0xc3 in for 0xb1
01-27 14:48:07.894 17023 17023 E ArmVmp : Match on catch block at 0xc3 in for 0xb5
01-27 14:48:07.898 17023 17023 E ArmVmp : Match on catch block at 0xc3 in for 0xb9
01-27 14:48:07.960 17023 17023 E ArmVmp : Match on catch block at 0xc3 in for 0xb1
01-27 14:48:07.962 17023 17023 E ArmVmp : Match on catch block at 0xc3 in for 0xb5
01-27 14:48:08.026 17023 17023 E ArmVmp : Match on catch block at 0xc3 in for 0xb9
01-27 14:48:08.029 17023 17023 E ArmVmp : Match on catch block at 0xc3 in for 0xb1
01-27 14:48:08.094 17023 17023 E ArmVmp : Match on catch block at 0xc3 in for 0xb9
01-27 14:48:08.096 17023 17023 E ArmVmp : Match on catch block at 0xc3 in for 0xb1
01-27 14:48:08.659 17023 17023 E ArmVmp : Match on catch block at 0xc3 in for 0xb9
01-27 14:48:08.662 17023 17023 E ArmVmp : Match on catch block at 0xc3 in for 0xb1
01-27 14:48:08.724 17023 17023 E ArmVmp : Match on catch block at 0xc3 in for 0xb1
01-27 14:48:08.727 17023 17023 E ArmVmp : Match on catch block at 0xc3 in for 0xb5
01-27 14:48:08.741 17023 17023 E ArmVmp : Match on catch block at 0xc3 in for 0xb5
01-27 14:48:08.744 17023 17023 E ArmVmp : Match on catch block at 0xc3 in for 0xb9
01-27 14:48:08.791 17023 17023 E ArmVmp : Match on catch block at 0xc3 in for 0xb9
01-27 14:48:08.794 17023 17023 E ArmVmp : Match on catch block at 0xc3 in for 0xb1
01-27 14:48:08.808 17023 17023 E ArmVmp : Match on catch block at 0xc3 in for 0xb1
01-27 14:48:08.811 17023 17023 E ArmVmp : Match on catch block at 0xc3 in for 0xb5
01-27 14:48:08.886 17023 17023 E ArmVmp : Match on catch block at 0xc3 in for 0xb9
01-27 14:48:08.889 17023 17023 E ArmVmp : Match on catch block at 0xc3 in for 0xb1
01-27 14:48:08.915 17023 17023 E ArmVmp : Match on catch block at 0xc3 in for 0xb5
01-27 14:48:08.917 17023 17023 E ArmVmp : Match on catch block at 0xc3 in for 0xb9
01-27 14:48:08.949 17023 17023 E SpannableStringBuilder: SPAN_EXCLUSIVE_EXCLUSIVE spans cannot have a zero length
01-27 14:48:09.406 17023 17023 E ArmVmp : Match on catch block at 0xc3 in for 0xb1
01-27 14:48:09.408 17023 17023 E ArmVmp : Match on catch block at 0xc3 in for 0xb5
01-27 14:48:09.905 17023 17023 E ArmVmp : Match on catch block at 0xc3 in for 0xb5
01-27 14:48:09.907 17023 17023 E ArmVmp : Match on catch block at 0xc3 in for 0xb9
01-27 14:48:10.455 17023 17023 E ArmVmp : Match on catch block at 0xc3 in for 0xb5
01-27 14:48:10.457 17023 17023 E ArmVmp : Match on catch block at 0xc3 in for 0xb9
01-27 14:48:10.466 17023 17023 E ArmVmp : Match on catch block at 0xc3 in for 0xb9
01-27 14:48:10.469 17023 17023 E ArmVmp : Match on catch block at 0xc3 in for 0xb1
01-27 14:48:10.484 17023 17023 E ArmVmp : Match on catch block at 0xc3 in for 0xb1
01-27 14:48:10.487 17023 17023 E ArmVmp : Match on catch block at 0xc3 in for 0xb5
01-27 14:48:10.497 17023 17023 E ArmVmp : Match on catch block at 0xc3 in for 0xb9
01-27 14:48:10.501 17023 17023 E ArmVmp : Match on catch block at 0xc3 in for 0xb1
01-27 14:48:10.522 17023 17023 E ArmVmp : Match on catch block at 0xc3 in for 0xb1
01-27 14:48:10.524 17023 17023 E ArmVmp : Match on catch block at 0xc3 in for 0xb5
01-27 14:48:10.537 17023 17023 E ArmVmp : Match on catch block at 0xc3 in for 0xb5
01-27 14:48:10.539 17023 17023 E ArmVmp : Match on catch block at 0xc3 in for 0xb9
01-27 14:48:10.553 17023 17023 E ArmVmp : Match on catch block at 0xc3 in for 0xb9
01-27 14:48:10.557 17023 17023 E ArmVmp : Match on catch block at 0xc3 in for 0xb1
01-27 14:48:10.570 17023 17023 E ArmVmp : Match on catch block at 0xc3 in for 0xb1
01-27 14:48:10.572 17023 17023 E ArmVmp : Match on catch block at 0xc3 in for 0xb5
01-27 14:48:10.587 17023 17023 E ArmVmp : Match on catch block at 0xc3 in for 0xb9
01-27 14:48:10.589 17023 17023 E ArmVmp : Match on catch block at 0xc3 in for 0xb1
01-27 14:48:10.603 17023 17023 E ArmVmp : Match on catch block at 0xc3 in for 0xb1
01-27 14:48:10.605 17023 17023 E ArmVmp : Match on catch block at 0xc3 in for 0xb5
01-27 14:48:10.791 17023 17023 E ArmVmp : Match on catch block at 0xc3 in for 0xb9
01-27 14:48:10.795 17023 17023 E ArmVmp : Match on catch block at 0xc3 in for 0xb1
01-27 14:48:10.802 17023 17023 E ArmVmp : Match on catch block at 0xc3 in for 0xb9
01-27 14:48:10.805 17023 17023 E ArmVmp : Match on catch block at 0xc3 in for 0xb1
01-27 14:48:10.820 17023 17023 E ArmVmp : Match on catch block at 0xc3 in for 0xb1
01-27 14:48:10.824 17023 17023 E ArmVmp : Match on catch block at 0xc3 in for 0xb5
01-27 14:48:10.837 17023 17023 E ArmVmp : Match on catch block at 0xc3 in for 0xb5
01-27 14:48:10.839 17023 17023 E ArmVmp : Match on catch block at 0xc3 in for 0xb9
01-27 14:48:10.852 17023 17023 E ArmVmp : Match on catch block at 0xc3 in for 0xb9
01-27 14:48:10.855 17023 17023 E ArmVmp : Match on catch block at 0xc3 in for 0xb1
01-27 14:48:10.869 17023 17023 E ArmVmp : Match on catch block at 0xc3 in for 0xb1
01-27 14:48:10.873 17023 17023 E ArmVmp : Match on catch block at 0xc3 in for 0xb5
01-27 14:48:10.887 17023 17023 E ArmVmp : Match on catch block at 0xc3 in for 0xb9
01-27 14:48:10.891 17023 17023 E ArmVmp : Match on catch block at 0xc3 in for 0xb1
01-27 14:48:10.904 17023 17023 E ArmVmp : Match on catch block at 0xc3 in for 0xb1
01-27 14:48:10.907 17023 17023 E ArmVmp : Match on catch block at 0xc3 in for 0xb5
01-27 14:48:10.919 17023 17023 E ArmVmp : Match on catch block at 0xc3 in for 0xb5
01-27 14:48:10.923 17023 17023 E ArmVmp : Match on catch block at 0xc3 in for 0xb9
01-27 14:48:10.937 17023 17023 E ArmVmp : Match on catch block at 0xc3 in for 0xb9
01-27 14:48:10.941 17023 17023 E ArmVmp : Match on catch block at 0xc3 in for 0xb1
01-27 14:48:10.953 17023 17023 E ArmVmp : Match on catch block at 0xc3 in for 0xb1
01-27 14:48:10.957 17023 17023 E ArmVmp : Match on catch block at 0xc3 in for 0xb5
01-27 14:48:10.970 17023 17023 E ArmVmp : Match on catch block at 0xc3 in for 0xb5
01-27 14:48:10.973 17023 17023 E ArmVmp : Match on catch block at 0xc3 in for 0xb9
01-27 14:48:10.986 17023 17023 E ArmVmp : Match on catch block at 0xc3 in for 0xb9
01-27 14:48:10.990 17023 17023 E ArmVmp : Match on catch block at 0xc3 in for 0xb1
01-27 14:48:11.005 17023 17023 E ArmVmp : Match on catch block at 0xc3 in for 0xb5
01-27 14:48:11.008 17023 17023 E ArmVmp : Match on catch block at 0xc3 in for 0xb9
01-27 14:48:11.021 17023 17023 E ArmVmp : Match on catch block at 0xc3 in for 0xb9
01-27 14:48:11.027 17023 17023 E ArmVmp : Match on catch block at 0xc3 in for 0xb1
01-27 14:48:11.037 17023 17023 E ArmVmp : Match on catch block at 0xc3 in for 0xb1
01-27 14:48:11.042 17023 17023 E ArmVmp : Match on catch block at 0xc3 in for 0xb5
01-27 14:48:11.055 17023 17023 E ArmVmp : Match on catch block at 0xc3 in for 0xb5
01-27 14:48:11.060 17023 17023 E ArmVmp : Match on catch block at 0xc3 in for 0xb9
01-27 14:48:11.070 17023 17023 E ArmVmp : Match on catch block at 0xc3 in for 0xb9
01-27 14:48:11.081 17023 17023 E ArmVmp : Match on catch block at 0xc3 in for 0xb1
01-27 14:48:11.089 17023 17023 E ArmVmp : Match on catch block at 0xc3 in for 0xb1
01-27 14:48:11.093 17023 17023 E ArmVmp : Match on catch block at 0xc3 in for 0xb5
01-27 14:48:11.105 17023 17023 E ArmVmp : Match on catch block at 0xc3 in for 0xb9
01-27 14:48:11.109 17023 17023 E ArmVmp : Match on catch block at 0xc3 in for 0xb1
01-27 14:48:11.121 17023 17023 E ArmVmp : Match on catch block at 0xc3 in for 0xb1
01-27 14:48:11.125 17023 17023 E ArmVmp : Match on catch block at 0xc3 in for 0xb5
01-27 14:48:11.136 17023 17023 E ArmVmp : Match on catch block at 0xc3 in for 0xb5
01-27 14:48:11.141 17023 17023 E ArmVmp : Match on catch block at 0xc3 in for 0xb9
01-27 14:48:11.153 17023 17023 E ArmVmp : Match on catch block at 0xc3 in for 0xb9
01-27 14:48:11.157 17023 17023 E ArmVmp : Match on catch block at 0xc3 in for 0xb1
01-27 14:48:11.171 17023 17023 E ArmVmp : Match on catch block at 0xc3 in for 0xb1
01-27 14:48:11.177 17023 17023 E ArmVmp : Match on catch block at 0xc3 in for 0xb5
01-27 14:48:11.193 17023 17023 E ArmVmp : Match on catch block at 0xc3 in for 0xb9
01-27 14:48:11.200 17023 17023 E ArmVmp : Match on catch block at 0xc3 in for 0xb1
01-27 14:48:11.213 17023 17023 E ArmVmp : Match on catch block at 0xc3 in for 0xb5
01-27 14:48:11.218 17023 17023 E ArmVmp : Match on catch block at 0xc3 in for 0xb9
01-27 14:48:11.229 17023 17023 E ArmVmp : Match on catch block at 0xc3 in for 0xb1
01-27 14:48:11.235 17023 17023 E ArmVmp : Match on catch block at 0xc3 in for 0xb5
01-27 14:48:11.248 17023 17023 E ArmVmp : Match on catch block at 0xc3 in for 0xb9
01-27 14:48:11.251 17023 17023 E ArmVmp : Match on catch block at 0xc3 in for 0xb1
01-27 14:48:11.785 17023 17023 E ArmVmp : Match on catch block at 0xc3 in for 0xb1
01-27 14:48:11.791 17023 17023 E ArmVmp : Match on catch block at 0xc3 in for 0xb5
01-27 14:48:12.386 17023 17023 E ArmVmp : Match on catch block at 0xc3 in for 0xb1
01-27 14:48:12.393 17023 17023 E ArmVmp : Match on catch block at 0xc3 in for 0xb5
01-27 14:48:12.451 17023 17023 E ArmVmp : Match on catch block at 0xc3 in for 0xb1
01-27 14:48:12.457 17023 17023 E ArmVmp : Match on catch block at 0xc3 in for 0xb5
01-27 14:48:12.484 17023 17023 E ArmVmp : Match on catch block at 0xc3 in for 0xb9
01-27 14:48:12.489 17023 17023 E ArmVmp : Match on catch block at 0xc3 in for 0xb1
01-27 14:48:12.518 17023 17023 E ArmVmp : Match on catch block at 0xc3 in for 0xb1
01-27 14:48:12.522 17023 17023 E ArmVmp : Match on catch block at 0xc3 in for 0xb5
01-27 14:48:12.552 17023 17023 E ArmVmp : Match on catch block at 0xc3 in for 0xb1
01-27 14:48:12.558 17023 17023 E ArmVmp : Match on catch block at 0xc3 in for 0xb5
01-27 14:48:12.572 17023 17023 E ArmVmp : Match on catch block at 0xc3 in for 0xb5
01-27 14:48:12.580 17023 17023 E ArmVmp : Match on catch block at 0xc3 in for 0xb9
01-27 14:48:12.601 17023 17023 E ArmVmp : Match on catch block at 0xc3 in for 0xb1
01-27 14:48:12.608 17023 17023 E ArmVmp : Match on catch block at 0xc3 in for 0xb5
01-27 14:48:12.633 17023 17023 E ArmVmp : Match on catch block at 0xc3 in for 0xb5
01-27 14:48:12.642 17023 17023 E ArmVmp : Match on catch block at 0xc3 in for 0xb9
01-27 14:48:12.669 17023 17023 E ArmVmp : Match on catch block at 0xc3 in for 0xb5
01-27 14:48:12.675 17023 17023 E ArmVmp : Match on catch block at 0xc3 in for 0xb9
01-27 14:48:12.685 17023 17023 E ArmVmp : Match on catch block at 0xc3 in for 0xb9
01-27 14:48:12.692 17023 17023 E ArmVmp : Match on catch block at 0xc3 in for 0xb1
01-27 14:48:12.717 17023 17023 E ArmVmp : Match on catch block at 0xc3 in for 0xb5
01-27 14:48:12.723 17023 17023 E ArmVmp : Match on catch block at 0xc3 in for 0xb9
01-27 14:48:12.817 17023 17023 E ArmVmp : Match on catch block at 0xc3 in for 0xb9
01-27 14:48:12.826 17023 17023 E ArmVmp : Match on catch block at 0xc3 in for 0xb1
01-27 14:48:13.831 17023 17023 E ArmVmp : Match on catch block at 0xc3 in for 0xb5
01-27 14:48:13.839 17023 17023 E ArmVmp : Match on catch block at 0xc3 in for 0xb9
01-27 14:48:14.794 17023 17023 E ArmVmp : Match on catch block at 0xc3 in for 0xb5
01-27 14:48:14.801 17023 17023 E ArmVmp : Match on catch block at 0xc3 in for 0xb9
01-27 14:48:15.799 17023 17023 E ArmVmp : Match on catch block at 0xc3 in for 0xb5
01-27 14:48:15.808 17023 17023 E ArmVmp : Match on catch block at 0xc3 in for 0xb9
01-27 14:48:16.823 17023 17023 E ArmVmp : Match on catch block at 0xc3 in for 0xb5
01-27 14:48:16.831 17023 17023 E ArmVmp : Match on catch block at 0xc3 in for 0xb9
01-27 14:48:17.840 17023 17023 E ArmVmp : Match on catch block at 0xc3 in for 0xb5
01-27 14:48:17.848 17023 17023 E ArmVmp : Match on catch block at 0xc3 in for 0xb9
01-27 14:48:18.787 17023 17023 E ArmVmp : Match on catch block at 0xc3 in for 0xb9
01-27 14:48:18.794 17023 17023 E ArmVmp : Match on catch block at 0xc3 in for 0xb1
01-27 14:48:19.799 17023 17023 E ArmVmp : Match on catch block at 0xc3 in for 0xb5
01-27 14:48:19.805 17023 17023 E ArmVmp : Match on catch block at 0xc3 in for 0xb9
01-27 14:48:19.868 17023 17023 E ArmVmp : Match on catch block at 0xc3 in for 0xb1
01-27 14:48:19.875 17023 17023 E ArmVmp : Match on catch block at 0xc3 in for 0xb5
01-27 14:48:19.893 17023 17023 E ArmVmp : Match on catch block at 0xc3 in for 0xb9
01-27 14:48:19.902 17023 17023 E ArmVmp : Match on catch block at 0xc3 in for 0xb1
01-27 14:48:19.919 17023 17023 E ArmVmp : Match on catch block at 0xc3 in for 0xb5
01-27 14:48:19.927 17023 17023 E ArmVmp : Match on catch block at 0xc3 in for 0xb9
01-27 14:48:19.942 17023 17023 E ArmVmp : Match on catch block at 0xc3 in for 0xb1
01-27 14:48:19.948 17023 17023 E ArmVmp : Match on catch block at 0xc3 in for 0xb5
01-27 14:48:19.961 17023 17023 E ArmVmp : Match on catch block at 0xc3 in for 0xb5
01-27 14:48:19.967 17023 17023 E ArmVmp : Match on catch block at 0xc3 in for 0xb9
01-27 14:48:19.979 17023 17023 E ArmVmp : Match on catch block at 0xc3 in for 0xb1
01-27 14:48:19.988 17023 17023 E ArmVmp : Match on catch block at 0xc3 in for 0xb5
01-27 14:48:20.002 17023 17023 E ArmVmp : Match on catch block at 0xc3 in for 0xb5
01-27 14:48:20.008 17023 17023 E ArmVmp : Match on catch block at 0xc3 in for 0xb9
01-27 14:48:20.032 17023 17023 E ArmVmp : Match on catch block at 0xc3 in for 0xb1
01-27 14:48:20.039 17023 17023 E ArmVmp : Match on catch block at 0xc3 in for 0xb5
01-27 14:48:20.052 17023 17023 E ArmVmp : Match on catch block at 0xc3 in for 0xb9
01-27 14:48:20.057 17023 17023 E ArmVmp : Match on catch block at 0xc3 in for 0xb1
01-27 14:48:20.069 17023 17023 E ArmVmp : Match on catch block at 0xc3 in for 0xb5
01-27 14:48:20.074 17023 17023 E ArmVmp : Match on catch block at 0xc3 in for 0xb9
01-27 14:48:20.086 17023 17023 E ArmVmp : Match on catch block at 0xc3 in for 0xb1
01-27 14:48:20.090 17023 17023 E ArmVmp : Match on catch block at 0xc3 in for 0xb5
01-27 14:48:20.103 17023 17023 E ArmVmp : Match on catch block at 0xc3 in for 0xb9
01-27 14:48:20.111 17023 17023 E ArmVmp : Match on catch block at 0xc3 in for 0xb1
01-27 14:48:20.125 17023 17023 E ArmVmp : Match on catch block at 0xc3 in for 0xb5
01-27 14:48:20.130 17023 17023 E ArmVmp : Match on catch block at 0xc3 in for 0xb9
01-27 14:48:20.141 17023 17023 E ArmVmp : Match on catch block at 0xc3 in for 0xb1
01-27 14:48:20.147 17023 17023 E ArmVmp : Match on catch block at 0xc3 in for 0xb5
01-27 14:48:20.160 17023 17023 E ArmVmp : Match on catch block at 0xc3 in for 0xb9
01-27 14:48:20.165 17023 17023 E ArmVmp : Match on catch block at 0xc3 in for 0xb1
01-27 14:48:20.174 17023 17023 E ArmVmp : Match on catch block at 0xc3 in for 0xb5
01-27 14:48:20.179 17023 17023 E ArmVmp : Match on catch block at 0xc3 in for 0xb9
01-27 14:48:20.812 17023 17023 E ArmVmp : Match on catch block at 0xc3 in for 0xb5
01-27 14:48:20.818 17023 17023 E ArmVmp : Match on catch block at 0xc3 in for 0xb9
01-27 14:48:21.826 17023 17023 E ArmVmp : Match on catch block at 0xc3 in for 0xb9
01-27 14:48:21.833 17023 17023 E ArmVmp : Match on catch block at 0xc3 in for 0xb1
01-27 14:48:22.912 17023 17023 E ArmVmp : Match on catch block at 0xc3 in for 0xb9
01-27 14:48:22.915 17023 17023 E ArmVmp : Match on catch block at 0xc3 in for 0xb1
01-27 14:48:22.930 17023 17023 E ArmVmp : Match on catch block at 0xc3 in for 0xb1
01-27 14:48:22.936 17023 17023 E ArmVmp : Match on catch block at 0xc3 in for 0xb5
01-27 14:48:22.961 17023 17023 E ArmVmp : Match on catch block at 0xc3 in for 0xb9
01-27 14:48:22.965 17023 17023 E ArmVmp : Match on catch block at 0xc3 in for 0xb1
01-27 14:48:22.990 17023 17023 E ArmVmp : Match on catch block at 0xc3 in for 0xb1
01-27 14:48:22.994 17023 17023 E ArmVmp : Match on catch block at 0xc3 in for 0xb5
01-27 14:48:23.006 17023 17023 E ArmVmp : Match on catch block at 0xc3 in for 0xb5
01-27 14:48:23.010 17023 17023 E ArmVmp : Match on catch block at 0xc3 in for 0xb9
01-27 14:48:23.106 17023 17023 E ArmVmp : Match on catch block at 0xc3 in for 0xb5
01-27 14:48:23.110 17023 17023 E ArmVmp : Match on catch block at 0xc3 in for 0xb9
01-27 14:48:23.142 17023 17023 E ArmVmp : Match on catch block at 0xc3 in for 0xb5
01-27 14:48:23.146 17023 17023 E ArmVmp : Match on catch block at 0xc3 in for 0xb9
01-27 14:48:23.173 17023 17023 E ArmVmp : Match on catch block at 0xc3 in for 0xb1
01-27 14:48:23.177 17023 17023 E ArmVmp : Match on catch block at 0xc3 in for 0xb5
01-27 14:48:23.186 17023 17023 E ArmVmp : Match on catch block at 0xc3 in for 0xb5
01-27 14:48:23.190 17023 17023 E ArmVmp : Match on catch block at 0xc3 in for 0xb9
01-27 14:48:23.203 17023 17023 E ArmVmp : Match on catch block at 0xc3 in for 0xb9
01-27 14:48:23.207 17023 17023 E ArmVmp : Match on catch block at 0xc3 in for 0xb1
01-27 14:48:23.219 17023 17023 E ArmVmp : Match on catch block at 0xc3 in for 0xb1
01-27 14:48:23.225 17023 17023 E ArmVmp : Match on catch block at 0xc3 in for 0xb5
01-27 14:48:23.238 17023 17023 E ArmVmp : Match on catch block at 0xc3 in for 0xb5
01-27 14:48:23.251 17023 17023 E ArmVmp : Match on catch block at 0xc3 in for 0xb9
01-27 14:48:23.259 17023 17023 E ArmVmp : Match on catch block at 0xc3 in for 0xb9
01-27 14:48:23.264 17023 17023 E ArmVmp : Match on catch block at 0xc3 in for 0xb1
01-27 14:48:23.274 17023 17023 E ArmVmp : Match on catch block at 0xc3 in for 0xb1
01-27 14:48:23.279 17023 17023 E ArmVmp : Match on catch block at 0xc3 in for 0xb5
01-27 14:48:23.290 17023 17023 E ArmVmp : Match on catch block at 0xc3 in for 0xb5
01-27 14:48:23.298 17023 17023 E ArmVmp : Match on catch block at 0xc3 in for 0xb9
01-27 14:48:23.310 17023 17023 E ArmVmp : Match on catch block at 0xc3 in for 0xb9
01-27 14:48:23.317 17023 17023 E ArmVmp : Match on catch block at 0xc3 in for 0xb1
01-27 14:48:23.327 17023 17023 E ArmVmp : Match on catch block at 0xc3 in for 0xb1
01-27 14:48:23.334 17023 17023 E ArmVmp : Match on catch block at 0xc3 in for 0xb5
01-27 14:48:23.344 17023 17023 E ArmVmp : Match on catch block at 0xc3 in for 0xb5
01-27 14:48:23.349 17023 17023 E ArmVmp : Match on catch block at 0xc3 in for 0xb9
01-27 14:48:23.361 17023 17023 E ArmVmp : Match on catch block at 0xc3 in for 0xb9
01-27 14:48:23.369 17023 17023 E ArmVmp : Match on catch block at 0xc3 in for 0xb1
01-27 14:48:23.384 17023 17023 E ArmVmp : Match on catch block at 0xc3 in for 0xb1
01-27 14:48:23.393 17023 17023 E ArmVmp : Match on catch block at 0xc3 in for 0xb5
01-27 14:48:23.406 17023 17023 E ArmVmp : Match on catch block at 0xc3 in for 0xb5
01-27 14:48:23.413 17023 17023 E ArmVmp : Match on catch block at 0xc3 in for 0xb9
01-27 14:48:23.426 17023 17023 E ArmVmp : Match on catch block at 0xc3 in for 0xb9
01-27 14:48:23.431 17023 17023 E ArmVmp : Match on catch block at 0xc3 in for 0xb1
01-27 14:48:23.454 17023 17023 E ArmVmp : Match on catch block at 0xc3 in for 0xb1
01-27 14:48:23.459 17023 17023 E ArmVmp : Match on catch block at 0xc3 in for 0xb5
01-27 14:48:23.473 17023 17023 E ArmVmp : Match on catch block at 0xc3 in for 0xb9
01-27 14:48:23.479 17023 17023 E ArmVmp : Match on catch block at 0xc3 in for 0xb1
01-27 14:48:23.490 17023 17023 E ArmVmp : Match on catch block at 0xc3 in for 0xb1
01-27 14:48:23.497 17023 17023 E ArmVmp : Match on catch block at 0xc3 in for 0xb5
01-27 14:48:23.520 17023 17023 E ArmVmp : Match on catch block at 0xc3 in for 0xb5
01-27 14:48:23.525 17023 17023 E ArmVmp : Match on catch block at 0xc3 in for 0xb9
01-27 14:48:23.536 17023 17023 E ArmVmp : Match on catch block at 0xc3 in for 0xb9
01-27 14:48:23.543 17023 17023 E ArmVmp : Match on catch block at 0xc3 in for 0xb1
01-27 14:48:23.556 17023 17080 E SQLiteDatabase: Error inserting UNIQUE constraint failed: message_media.message_row_id (Sqlite code 1555 SQLITE_CONSTRAINT_PRIMARYKEY), (OS error - 11:Try again)
01-27 14:48:23.561 17023 17023 E ArmVmp : Match on catch block at 0xc3 in for 0xb5
01-27 14:48:23.566 17023 17023 E ArmVmp : Match on catch block at 0xc3 in for 0xb9
01-27 14:48:23.586 17023 17023 E ArmVmp : Match on catch block at 0xc3 in for 0xb9
01-27 14:48:23.591 17023 17023 E ArmVmp : Match on catch block at 0xc3 in for 0xb1
01-27 14:48:23.603 17023 17023 E ArmVmp : Match on catch block at 0xc3 in for 0xb1
01-27 14:48:23.610 17023 17023 E ArmVmp : Match on catch block at 0xc3 in for 0xb5
01-27 14:48:23.671 17023 17023 E ArmVmp : Match on catch block at 0xc3 in for 0xb9
01-27 14:48:23.676 17023 17023 E ArmVmp : Match on catch block at 0xc3 in for 0xb1
01-27 14:48:23.687 17023 17023 E ArmVmp : Match on catch block at 0xc3 in for 0xb1
01-27 14:48:23.691 17023 17023 E ArmVmp : Match on catch block at 0xc3 in for 0xb5
01-27 14:48:23.919 17023 17023 E ArmVmp : Match on catch block at 0xc3 in for 0xb9
01-27 14:48:23.925 17023 17023 E ArmVmp : Match on catch block at 0xc3 in for 0xb1
01-27 14:48:23.959 17023 17023 E ArmVmp : Match on catch block at 0xc3 in for 0xb5
01-27 14:48:23.964 17023 17023 E ArmVmp : Match on catch block at 0xc3 in for 0xb9
01-27 14:48:23.998 17023 17023 E ArmVmp : Match on catch block at 0xc3 in for 0xb9
01-27 14:48:24.004 17023 17023 E ArmVmp : Match on catch block at 0xc3 in for 0xb1
01-27 14:48:24.311 17023 17023 E ArmVmp : Match on catch block at 0xc3 in for 0xb5
01-27 14:48:24.317 17023 17023 E ArmVmp : Match on catch block at 0xc3 in for 0xb9
01-27 14:48:24.328 17023 17023 E ArmVmp : Match on catch block at 0xc3 in for 0xb5
01-27 14:48:24.332 17023 17023 E ArmVmp : Match on catch block at 0xc3 in for 0xb9
01-27 14:48:24.350 17023 17023 E ArmVmp : Match on catch block at 0xc3 in for 0xb9
01-27 14:48:24.353 17023 17023 E ArmVmp : Match on catch block at 0xc3 in for 0xb1
01-27 14:48:24.580 17023 17023 E ArmVmp : Match on catch block at 0xc3 in for 0xb9
01-27 14:48:24.586 17023 17023 E ArmVmp : Match on catch block at 0xc3 in for 0xb1
01-27 14:48:24.627 17023 17023 E ArmVmp : Match on catch block at 0xc3 in for 0xb9
01-27 14:48:24.630 17023 17023 E ArmVmp : Match on catch block at 0xc3 in for 0xb1
01-27 14:48:29.795 17023 17023 E RecyclerView: No adapter attached; skipping layout
01-27 14:48:29.797 17023 17023 E RecyclerView: No adapter attached; skipping layout
01-27 14:48:30.150 17023 18009 E ACodec : [OMX.hisi.video.decoder.avc] setPortMode on output to DynamicANWBuffer failed w/ err -2147483648
01-27 14:48:30.847 17023 17080 E SQLiteDatabase: Error inserting UNIQUE constraint failed: message_media.message_row_id (Sqlite code 1555 SQLITE_CONSTRAINT_PRIMARYKEY), (OS error - 11:Try again)
01-27 14:48:31.117 17023 17080 E SQLiteDatabase: Error inserting UNIQUE constraint failed: message_media.message_row_id (Sqlite code 1555 SQLITE_CONSTRAINT_PRIMARYKEY), (OS error - 11:Try again)
01-27 14:48:38.413 17023 17023 E SpannableStringBuilder: SPAN_EXCLUSIVE_EXCLUSIVE spans cannot have a zero length
01-27 14:48:38.432 17023 17023 E SpannableStringBuilder: SPAN_EXCLUSIVE_EXCLUSIVE spans cannot have a zero length
01-27 14:48:38.477 17023 17023 E RecyclerView: No adapter attached; skipping layout
01-27 14:48:38.478 17023 17023 E RecyclerView: No adapter attached; skipping layout
01-27 14:48:39.479 17023 17023 E RecyclerView: No adapter attached; skipping layout
01-27 14:48:39.480 17023 17023 E RecyclerView: No adapter attached; skipping layout
01-27 14:48:42.632 17023 17023 E RecyclerView: No adapter attached; skipping layout
01-27 14:48:42.710 17023 17023 E RecyclerView: No adapter attached; skipping layout
01-27 14:48:44.276 17023 17023 E RecyclerView: No adapter attached; skipping layout
01-27 14:48:44.277 17023 17023 E RecyclerView: No adapter attached; skipping layout
01-27 14:48:47.927 17023 17023 E RtgSchedManager: endActivityTransaction: margin state not match
01-27 14:48:47.988 17023 17023 E RtgSchedManager: endActivityTransaction: margin state not match
01-27 14:48:48.188 17023 17023 E RtgSchedManager: endActivityTransaction: margin state not match
01-27 14:48:48.215 17023 17023 E RtgSchedManager: endActivityTransaction: margin state not match
01-27 14:48:48.257 17023 17023 E RtgSchedManager: endActivityTransaction: margin state not match
01-27 14:50:00.265 17023 17023 E ArmVmp : Match on catch block at 0x0a in for 0xd9
01-27 14:50:00.268 17023 17023 E ArmVmp : Match on catch block at 0x0a in for 0xd5
01-27 14:50:00.389 17023 17755 E ArmVmp : Match on catch block at 0x48 in for 0x89
01-27 14:50:00.509 17023 17755 E ArmVmp : Match on catch block at 0x48 in for 0x91
01-27 14:50:00.546 17023 17023 E ArmVmp : Match on catch block at 0xc3 in for 0xc5
01-27 14:50:00.549 17023 17023 E ArmVmp : Match on catch block at 0xc3 in for 0xc5
01-27 14:50:00.665 17023 17023 E ArmVmp : Match on catch block at 0xc3 in for 0xb9
01-27 14:50:00.669 17023 17023 E ArmVmp : Match on catch block at 0xc3 in for 0xb1
01-27 14:50:00.692 17023 17023 E ArmVmp : Match on catch block at 0xc3 in for 0xb9
01-27 14:50:00.695 17023 17023 E ArmVmp : Match on catch block at 0xc3 in for 0xb1
01-27 14:50:00.734 17023 17023 E ArmVmp : Match on catch block at 0xc3 in for 0xb1
01-27 14:50:00.737 17023 17023 E ArmVmp : Match on catch block at 0xc3 in for 0xb5
01-27 14:50:00.754 17023 17023 E ArmVmp : Match on catch block at 0xc3 in for 0xb1
01-27 14:50:00.757 17023 17023 E ArmVmp : Match on catch block at 0xc3 in for 0xb5
01-27 14:50:00.767 17023 17023 E SpannableStringBuilder: SPAN_EXCLUSIVE_EXCLUSIVE spans cannot have a zero length
01-27 14:50:00.770 17023 17023 E ArmVmp : Match on catch block at 0xc3 in for 0xb1
01-27 14:50:00.773 17023 17023 E ArmVmp : Match on catch block at 0xc3 in for 0xb5
01-27 14:50:00.787 17023 17023 E ArmVmp : Match on catch block at 0xc3 in for 0xb5
01-27 14:50:00.789 17023 17023 E ArmVmp : Match on catch block at 0xc3 in for 0xb9
01-27 14:50:00.803 17023 17023 E ArmVmp : Match on catch block at 0xc3 in for 0xb9
01-27 14:50:00.806 17023 17023 E ArmVmp : Match on catch block at 0xc3 in for 0xb1
01-27 14:50:00.820 17023 17023 E ArmVmp : Match on catch block at 0xc3 in for 0xb1
01-27 14:50:00.823 17023 17023 E ArmVmp : Match on catch block at 0xc3 in for 0xb5
01-27 14:50:00.837 17023 17023 E ArmVmp : Match on catch block at 0xc3 in for 0xb5
01-27 14:50:00.842 17023 17023 E ArmVmp : Match on catch block at 0xc3 in for 0xb9
01-27 14:50:00.853 17023 17023 E ArmVmp : Match on catch block at 0xc3 in for 0xb9
01-27 14:50:00.857 17023 17023 E ArmVmp : Match on catch block at 0xc3 in for 0xb1
01-27 14:50:00.870 17023 17023 E ArmVmp : Match on catch block at 0xc3 in for 0xb1
01-27 14:50:00.873 17023 17023 E ArmVmp : Match on catch block at 0xc3 in for 0xb5
01-27 14:50:00.886 17023 17023 E ArmVmp : Match on catch block at 0xc3 in for 0xb5
01-27 14:50:00.889 17023 17023 E ArmVmp : Match on catch block at 0xc3 in for 0xb9
01-27 14:50:00.903 17023 17023 E ArmVmp : Match on catch block at 0xc3 in for 0xb9
01-27 14:50:00.906 17023 17023 E ArmVmp : Match on catch block at 0xc3 in for 0xb1
01-27 14:50:00.920 17023 17023 E ArmVmp : Match on catch block at 0xc3 in for 0xb1
01-27 14:50:00.923 17023 17023 E ArmVmp : Match on catch block at 0xc3 in for 0xb5
01-27 14:50:00.937 17023 17023 E ArmVmp : Match on catch block at 0xc3 in for 0xb5
01-27 14:50:00.940 17023 17023 E ArmVmp : Match on catch block at 0xc3 in for 0xb9
01-27 14:50:00.953 17023 17023 E ArmVmp : Match on catch block at 0xc3 in for 0xb9
01-27 14:50:00.957 17023 17023 E ArmVmp : Match on catch block at 0xc3 in for 0xb1
01-27 14:50:00.970 17023 17023 E ArmVmp : Match on catch block at 0xc3 in for 0xb1
01-27 14:50:00.973 17023 17023 E ArmVmp : Match on catch block at 0xc3 in for 0xb5
01-27 14:50:00.986 17023 17023 E ArmVmp : Match on catch block at 0xc3 in for 0xb5
01-27 14:50:00.989 17023 17023 E ArmVmp : Match on catch block at 0xc3 in for 0xb9
01-27 14:50:01.004 17023 17023 E ArmVmp : Match on catch block at 0xc3 in for 0xb9
01-27 14:50:01.009 17023 17023 E ArmVmp : Match on catch block at 0xc3 in for 0xb1
01-27 14:50:01.122 17023 17023 E ArmVmp : Match on catch block at 0xc3 in for 0xb9
01-27 14:50:01.132 17023 17023 E ArmVmp : Match on catch block at 0xc3 in for 0xb1
01-27 14:50:01.206 17023 17023 E ArmVmp : Match on catch block at 0xc3 in for 0xb1
01-27 14:50:01.211 17023 17023 E ArmVmp : Match on catch block at 0xc3 in for 0xb5
01-27 14:50:01.238 17023 17023 E ArmVmp : Match on catch block at 0xc3 in for 0xb5
01-27 14:50:01.243 17023 17023 E ArmVmp : Match on catch block at 0xc3 in for 0xb9
01-27 14:50:01.270 17023 17023 E ArmVmp : Match on catch block at 0xc3 in for 0xb9
01-27 14:50:01.274 17023 17023 E ArmVmp : Match on catch block at 0xc3 in for 0xb1
01-27 14:50:01.303 17023 17023 E ArmVmp : Match on catch block at 0xc3 in for 0xb1
01-27 14:50:01.308 17023 17023 E ArmVmp : Match on catch block at 0xc3 in for 0xb5
01-27 14:50:01.393 17023 17023 E ArmVmp : Match on catch block at 0xc3 in for 0xb5
01-27 14:50:01.398 17023 17023 E ArmVmp : Match on catch block at 0xc3 in for 0xb9
01-27 14:50:01.424 17023 17023 E ArmVmp : Match on catch block at 0xc3 in for 0xb9
01-27 14:50:01.429 17023 17023 E ArmVmp : Match on catch block at 0xc3 in for 0xb1
01-27 14:50:01.474 17023 17023 E ArmVmp : Match on catch block at 0xc3 in for 0xb9
01-27 14:50:01.478 17023 17023 E ArmVmp : Match on catch block at 0xc3 in for 0xb1
01-27 14:50:01.510 17023 17023 E ArmVmp : Match on catch block at 0xc3 in for 0xb1
01-27 14:50:01.518 17023 17023 E ArmVmp : Match on catch block at 0xc3 in for 0xb5
01-27 14:50:01.755 17023 17023 E ArmVmp : Match on catch block at 0xc3 in for 0xb9
01-27 14:50:01.761 17023 17023 E ArmVmp : Match on catch block at 0xc3 in for 0xb1
01-27 14:50:01.821 17023 17023 E ArmVmp : Match on catch block at 0xc3 in for 0xb5
01-27 14:50:01.824 17023 17023 E ArmVmp : Match on catch block at 0xc3 in for 0xb9
01-27 14:50:01.833 17023 17023 E SpannableStringBuilder: SPAN_EXCLUSIVE_EXCLUSIVE spans cannot have a zero length
01-27 14:50:01.842 17023 17023 E ArmVmp : Match on catch block at 0xc3 in for 0xb9
01-27 14:50:01.845 17023 17023 E ArmVmp : Match on catch block at 0xc3 in for 0xb1
01-27 14:50:01.854 17023 17023 E SpannableStringBuilder: SPAN_EXCLUSIVE_EXCLUSIVE spans cannot have a zero length
01-27 14:50:01.948 17023 17023 E ArmVmp : Match on catch block at 0xc3 in for 0xb1
01-27 14:50:01.952 17023 17023 E ArmVmp : Match on catch block at 0xc3 in for 0xb5
01-27 14:50:01.974 17023 17023 E ArmVmp : Match on catch block at 0xc3 in for 0xb1
01-27 14:50:01.977 17023 17023 E ArmVmp : Match on catch block at 0xc3 in for 0xb5
01-27 14:50:02.233 17023 17023 E ArmVmp : Match on catch block at 0xc3 in for 0xb5
01-27 14:50:02.237 17023 17023 E ArmVmp : Match on catch block at 0xc3 in for 0xb9
01-27 14:50:02.305 17023 17023 E ArmVmp : Match on catch block at 0xc3 in for 0xb1
01-27 14:50:02.309 17023 17023 E ArmVmp : Match on catch block at 0xc3 in for 0xb5
01-27 14:50:02.327 17023 17023 E ArmVmp : Match on catch block at 0xc3 in for 0xb1
01-27 14:50:02.333 17023 17023 E ArmVmp : Match on catch block at 0xc3 in for 0xb5
01-27 14:50:02.349 17023 17023 E ArmVmp : Match on catch block at 0xc3 in for 0xb5
01-27 14:50:02.352 17023 17023 E ArmVmp : Match on catch block at 0xc3 in for 0xb9
01-27 14:50:02.366 17023 17023 E ArmVmp : Match on catch block at 0xc3 in for 0xb9
01-27 14:50:02.370 17023 17023 E ArmVmp : Match on catch block at 0xc3 in for 0xb1
01-27 14:50:02.383 17023 17023 E ArmVmp : Match on catch block at 0xc3 in for 0xb1
01-27 14:50:02.387 17023 17023 E ArmVmp : Match on catch block at 0xc3 in for 0xb5
01-27 14:50:02.400 17023 17023 E ArmVmp : Match on catch block at 0xc3 in for 0xb5
01-27 14:50:02.404 17023 17023 E ArmVmp : Match on catch block at 0xc3 in for 0xb9
01-27 14:50:02.424 17023 17023 E ArmVmp : Match on catch block at 0xc3 in for 0xb9
01-27 14:50:02.427 17023 17023 E ArmVmp : Match on catch block at 0xc3 in for 0xb1
01-27 14:50:02.434 17023 17023 E ArmVmp : Match on catch block at 0xc3 in for 0xb1
01-27 14:50:02.438 17023 17023 E ArmVmp : Match on catch block at 0xc3 in for 0xb5
01-27 14:50:02.449 17023 17023 E ArmVmp : Match on catch block at 0xc3 in for 0xb5
01-27 14:50:02.452 17023 17023 E ArmVmp : Match on catch block at 0xc3 in for 0xb9
01-27 14:50:02.465 17023 17023 E ArmVmp : Match on catch block at 0xc3 in for 0xb9
01-27 14:50:02.469 17023 17023 E ArmVmp : Match on catch block at 0xc3 in for 0xb1
01-27 14:50:02.482 17023 17023 E ArmVmp : Match on catch block at 0xc3 in for 0xb1
01-27 14:50:02.487 17023 17023 E ArmVmp : Match on catch block at 0xc3 in for 0xb5
01-27 14:50:02.499 17023 17023 E ArmVmp : Match on catch block at 0xc3 in for 0xb5
01-27 14:50:02.502 17023 17023 E ArmVmp : Match on catch block at 0xc3 in for 0xb9
01-27 14:50:02.815 17023 17023 E ArmVmp : Match on catch block at 0xc3 in for 0xb1
01-27 14:50:02.819 17023 17023 E ArmVmp : Match on catch block at 0xc3 in for 0xb5
01-27 14:50:02.860 17023 17023 E ArmVmp : Match on catch block at 0xc3 in for 0xb9
01-27 14:50:02.863 17023 17023 E ArmVmp : Match on catch block at 0xc3 in for 0xb1
01-27 14:50:02.896 17023 17023 E ArmVmp : Match on catch block at 0xc3 in for 0xb1
01-27 14:50:02.900 17023 17023 E ArmVmp : Match on catch block at 0xc3 in for 0xb5
01-27 14:50:02.963 17023 17023 E ArmVmp : Match on catch block at 0xc3 in for 0xb9
01-27 14:50:02.969 17023 17023 E ArmVmp : Match on catch block at 0xc3 in for 0xb1
01-27 14:50:02.995 17023 17023 E ArmVmp : Match on catch block at 0xc3 in for 0xb9
01-27 14:50:02.998 17023 17023 E ArmVmp : Match on catch block at 0xc3 in for 0xb1
01-27 14:50:03.011 17023 17023 E SpannableStringBuilder: SPAN_EXCLUSIVE_EXCLUSIVE spans cannot have a zero length
01-27 14:50:03.013 17023 17023 E ArmVmp : Match on catch block at 0xc3 in for 0xb1
01-27 14:50:03.018 17023 17023 E ArmVmp : Match on catch block at 0xc3 in for 0xb5
01-27 14:50:03.021 17023 17023 E SpannableStringBuilder: SPAN_EXCLUSIVE_EXCLUSIVE spans cannot have a zero length
01-27 14:50:03.023 17023 17023 E ArmVmp : Match on catch block at 0xc3 in for 0xb5
01-27 14:50:03.026 17023 17023 E ArmVmp : Match on catch block at 0xc3 in for 0xb9
01-27 14:50:03.032 17023 17023 E ArmVmp : Match on catch block at 0xc3 in for 0xb9
01-27 14:50:03.036 17023 17023 E ArmVmp : Match on catch block at 0xc3 in for 0xb1
01-27 14:50:03.041 17023 17023 E SpannableStringBuilder: SPAN_EXCLUSIVE_EXCLUSIVE spans cannot have a zero length
01-27 14:50:03.047 17023 17023 E ArmVmp : Match on catch block at 0xc3 in for 0xb1
01-27 14:50:03.052 17023 17023 E ArmVmp : Match on catch block at 0xc3 in for 0xb5
01-27 14:50:03.152 17023 17023 E ArmVmp : Match on catch block at 0xc3 in for 0xb5
01-27 14:50:03.156 17023 17023 E ArmVmp : Match on catch block at 0xc3 in for 0xb9
01-27 14:50:03.168 17023 17023 E ArmVmp : Match on catch block at 0xc3 in for 0xb9
01-27 14:50:03.172 17023 17023 E ArmVmp : Match on catch block at 0xc3 in for 0xb1
01-27 14:50:03.365 17023 17023 E ArmVmp : Match on catch block at 0xc3 in for 0xb5
01-27 14:50:03.369 17023 17023 E ArmVmp : Match on catch block at 0xc3 in for 0xb9
01-27 14:50:03.444 17023 17023 E ArmVmp : Match on catch block at 0xc3 in for 0xb9
01-27 14:50:03.447 17023 17023 E ArmVmp : Match on catch block at 0xc3 in for 0xb1
01-27 14:50:03.491 17023 17023 E ArmVmp : Match on catch block at 0xc3 in for 0xb1
01-27 14:50:03.495 17023 17023 E ArmVmp : Match on catch block at 0xc3 in for 0xb5
01-27 14:50:03.547 17023 17023 E ArmVmp : Match on catch block at 0xc3 in for 0xb5
01-27 14:50:03.551 17023 17023 E ArmVmp : Match on catch block at 0xc3 in for 0xb9
01-27 14:50:03.638 17023 17023 E ArmVmp : Match on catch block at 0xc3 in for 0xb1
01-27 14:50:03.641 17023 17023 E ArmVmp : Match on catch block at 0xc3 in for 0xb5
01-27 14:50:03.688 17023 17023 E ArmVmp : Match on catch block at 0xc3 in for 0xb1
01-27 14:50:03.691 17023 17023 E ArmVmp : Match on catch block at 0xc3 in for 0xb5
01-27 14:50:03.703 17023 17023 E ArmVmp : Match on catch block at 0xc3 in for 0xb5
01-27 14:50:03.707 17023 17023 E ArmVmp : Match on catch block at 0xc3 in for 0xb9
01-27 14:50:03.721 17023 17023 E ArmVmp : Match on catch block at 0xc3 in for 0xb9
01-27 14:50:03.724 17023 17023 E ArmVmp : Match on catch block at 0xc3 in for 0xb1
01-27 14:50:03.745 17023 17023 E ArmVmp : Match on catch block at 0xc3 in for 0xb9
01-27 14:50:03.748 17023 17023 E ArmVmp : Match on catch block at 0xc3 in for 0xb1
01-27 14:50:03.763 17023 17023 E ArmVmp : Match on catch block at 0xc3 in for 0xb1
01-27 14:50:03.766 17023 17023 E ArmVmp : Match on catch block at 0xc3 in for 0xb5
01-27 14:50:03.790 17023 17023 E ArmVmp : Match on catch block at 0xc3 in for 0xb9
01-27 14:50:03.794 17023 17023 E ArmVmp : Match on catch block at 0xc3 in for 0xb1
01-27 14:50:03.830 17023 17023 E ArmVmp : Match on catch block at 0xc3 in for 0xb1
01-27 14:50:03.834 17023 17023 E ArmVmp : Match on catch block at 0xc3 in for 0xb5
01-27 14:50:03.870 17023 17023 E ArmVmp : Match on catch block at 0xc3 in for 0xb9
01-27 14:50:03.873 17023 17023 E ArmVmp : Match on catch block at 0xc3 in for 0xb1
01-27 14:50:03.974 17023 17023 E ArmVmp : Match on catch block at 0xc3 in for 0xb1
01-27 14:50:03.977 17023 17023 E ArmVmp : Match on catch block at 0xc3 in for 0xb5
01-27 14:50:04.023 17023 17023 E ArmVmp : Match on catch block at 0xc3 in for 0xb1
01-27 14:50:04.026 17023 17023 E ArmVmp : Match on catch block at 0xc3 in for 0xb5
01-27 14:50:04.043 17023 17023 E ArmVmp : Match on catch block at 0xc3 in for 0xb5
01-27 14:50:04.047 17023 17023 E ArmVmp : Match on catch block at 0xc3 in for 0xb9
01-27 14:50:05.811 17023 17023 E RtgSchedManager: endActivityTransaction: margin state not match
01-27 14:50:05.835 17023 17023 E RtgSchedManager: endActivityTransaction: margin state not match
01-27 14:50:44.311 17023 17080 E SQLiteDatabase: Error inserting UNIQUE constraint failed: message_media.message_row_id (Sqlite code 1555 SQLITE_CONSTRAINT_PRIMARYKEY), (OS error - 11:Try again)
01-27 14:53:20.743 17023 17023 E RtgSchedManager: endActivityTransaction: margin state not match
01-27 14:53:20.831 17023 17023 E RtgSchedManager: endActivityTransaction: margin state not match
01-27 14:53:20.961 17023 17023 E RtgSchedManager: endActivityTransaction: margin state not match --------- beginning of main
01-27 18:31:11.194 26971 26971 E com.mbwhatsapp: LoadAppImageStartupCache enabled : 1
01-27 18:31:11.197 26971 26971 E com.mbwhatsapp: Not starting debugger since process cannot load the jdwp agent.
01-27 18:31:11.249 26971 26990 E BehaviorCollectManager: Fail to acquire dataAnalyzerService...
01-27 18:31:11.375 26971 26971 E CustomActivityOnCrash: IMPORTANT WARNING! You already have an UncaughtExceptionHandler, are you sure this is correct? If you use a custom UncaughtExceptionHandler, you must initialize it AFTER CustomActivityOnCrash! Installing anyway, but your original handler will not be called.
01-27 18:31:11.379 26971 26997 E AwareLog: AtomicFileUtils: readFileLines file not exist: android.util.AtomicFile@6c0a2f7
