02-04 10:44:39.410 12195 12195 E ArmVmp : Match on catch block at 0xc3 in for 0x7135a10025
02-04 10:44:39.456 12195 12195 E IPCThreadState: attemptIncStrongHandle(104): Not supported
02-04 10:44:39.456 12195 12195 E IPCThreadState: attemptIncStrongHandle(86): Not supported
02-04 10:44:39.486 12195 12195 E ArmVmp : Match on catch block at 0xc3 in for 0x7135a10025
02-04 10:44:39.490 12195 12195 E ArmVmp : Match on catch block at 0xc3 in for 0x7135a10025
02-04 10:44:39.516 12195 12195 E ArmVmp : Match on catch block at 0xc3 in for 0x7135a10025
02-04 10:44:39.521 12195 12195 E ArmVmp : Match on catch block at 0xc3 in for 0x7135a10025
02-04 10:44:39.539 12195 12195 E ArmVmp : Match on catch block at 0xc3 in for 0x7135a10025
02-04 10:44:39.544 12195 12195 E ArmVmp : Match on catch block at 0xc3 in for 0x7135a10025
02-04 10:44:39.555 12195 12195 E ArmVmp : Match on catch block at 0xc3 in for 0x7135a10025
02-04 10:44:39.557 12195 12195 E ArmVmp : Match on catch block at 0xc3 in for 0x7135a10025
02-04 10:44:39.806 12195 12195 E ArmVmp : Match on catch block at 0xc3 in for 0x7135a10025
02-04 10:44:39.812 12195 12195 E ArmVmp : Match on catch block at 0xc3 in for 0x7135a10025
02-04 10:44:41.277 12195 12195 E OplusBracketLog: [OplusViewMirrorManager] updateHostViewRootIfNeeded, not support android.view.ViewRootImpl@cf929c4
02-04 10:44:41.286 12195 12195 E IPCThreadState: attemptIncStrongHandle(99): Not supported
02-04 10:44:41.303 12195 26678 W Parcel : Expecting binder but got null!
02-04 10:44:42.688 12195 12195 E RippleDrawable: The RippleDrawable.STYLE_PATTERNED animation is not supported for a non-hardware accelerated Canvas. Skipping animation.
02-04 10:44:42.692 12195 12195 E RippleDrawable: The RippleDrawable.STYLE_PATTERNED animation is not--------- beginning of main
02-04 10:44:42.854 12195 12195 E OplusBracketLog: [OplusViewMirrorManager] updateHostViewRootIfNeeded, not support android.view.ViewRootImpl@e94137d
02-04 10:44:42.864 12195 12195 E IPCThreadState: attemptIncStrongHandle(85): Not supported
02-04 10:44:42.883 12195 26678 W Parcel : Expecting binder but got null!
02-04 10:44:42.884 12195 12195 W TextView: onProvideContentCaptureStructure(): calling assumeLayout()
02-04 10:44:42.884 12195 12195 W TextView: onProvideContentCaptureStructure(): calling assumeLayout()
02-04 10:44:45.037 12195 12195 W ViewRootImpl: Not reporting timeline because gpuCompletedTime is 7.185903397773695E10ms ahead of presentTime. FRAME_TIMELINE_VSYNC_ID=54008771, INPUT_EVENT_ID=194345881
02-04 10:44:45.062 12195 12195 W ViewRootImpl: Not reporting timeline because gpuCompletedTime is 9.15224893272139E12ms ahead of presentTime. FRAME_TIMELINE_VSYNC_ID=54008807, INPUT_EVENT_ID=718203939
02-04 10:44:45.066 12195 12195 W ViewRootImpl: Not reporting timeline because gpuCompletedTime is 4.611509413132648E12ms ahead of presentTime. FRAME_TIMELINE_VSYNC_ID=54008829, INPUT_EVENT_ID=1032743930
02-04 10:44:45.077 12195 12195 W ViewRootImpl: Not reporting timeline because gpuCompletedTime is 9.152242548180127E12ms ahead of presentTime. FRAME_TIMELINE_VSYNC_ID=54008851, INPUT_EVENT_ID=598633813
02-04 10:44:45.086 12195 12195 W ViewRootImpl: Not reporting timeline because gpuCompletedTime is 1.4391662795969635E11ms ahead of presentTime. FRAME_TIMELINE_VSYNC_ID=54008873, INPUT_EVENT_ID=810919725
02-04 10:44:45.112 12195 12195 W ViewRootImpl: Not reporting timeline because gpuCompletedTime is 9.152819772456906E12ms ahead of presentTime. FRAME_TIMELINE_VSYNC_ID=54008917, INPUT_EVENT_ID=475924335
02-04 10:44:45.121 12195 12195 W ViewRootImpl: Not reporting timeline because gpuCompletedTime is 4.61150941307664E12ms ahead of presentTime. FRAME_TIMELINE_VSYNC_ID=54008939, INPUT_EVENT_ID=358063897
02-04 10:44:45.134 12195 12195 W ViewRootImpl: Not reporting timeline because gpuCompletedTime is 9.152243559622213E12ms ahead of presentTime. FRAME_TIMELINE_VSYNC_ID=54008961, INPUT_EVENT_ID=333558631
02-04 10:44:45.145 12195 12195 W ViewRootImpl: Not reporting timeline because gpuCompletedTime is 7.185903386563326E10ms ahead of presentTime. FRAME_TIMELINE_VSYNC_ID=54008983, INPUT_EVENT_ID=7880334
02-04 10:44:45.166 12195 12195 W ViewRootImpl: Not reporting timeline because gpuCompletedTime is 9.152248919724463E12ms ahead of presentTime. FRAME_TIMELINE_VSYNC_ID=54009027, INPUT_EVENT_ID=584506273
02-04 10:44:45.187 12195 12195 W ViewRootImpl: Not reporting timeline because gpuCompletedTime is 4.611509413020646E12ms ahead of presentTime. FRAME_TIMELINE_VSYNC_ID=54009049, INPUT_EVENT_ID=76273417
02-04 10:44:45.200 12195 12195 W ViewRootImpl: Not reporting timeline because gpuCompletedTime is 9.152244218810365E12ms ahead of presentTime. FRAME_TIMELINE_VSYNC_ID=54009071, INPUT_EVENT_ID=880587446
02-04 10:44:45.208 12195 12195 W ViewRootImpl: Not reporting timeline because gpuCompletedTime is 1.4391662784761694E11ms ahead of presentTime. FRAME_TIMELINE_VSYNC_ID=54009093, INPUT_EVENT_ID=555556916
02-04 10:44:45.230 12195 12195 W ViewRootImpl: Not reporting timeline because gpuCompletedTime is 9.152814927621828E12ms ahead of presentTime. FRAME_TIMELINE_VSYNC_ID=54009137, INPUT_EVENT_ID=741868088
02-04 10:44:45.233 12195 12195 W ViewRootImpl: Not reporting timeline because gpuCompletedTime is 4.611509412964635E12ms ahead of presentTime. FRAME_TIMELINE_VSYNC_ID=54009159, INPUT_EVENT_ID=872149354
02-04 10:44:45.239 12195 12195 W ViewRootImpl: Not reporting timeline because gpuCompletedTime is 9.152246774259963E12ms ahead of presentTime. FRAME_TIMELINE_VSYNC_ID=54009181, INPUT_EVENT_ID=367923192
02-04 10:44:45.252 12195 12195 W ViewRootImpl: Not reporting timeline because gpuCompletedTime is 1.4391662779169565E11ms ahead of presentTime. FRAME_TIMELINE_VSYNC_ID=54009203, INPUT_EVENT_ID=961180021
02-04 10:44:45.704 16465 16465 E com.whatsapp: Unknown bits set in runtime_flags: 0x40000000
02-04 10:44:45.708 16465 16465 E com.whatsapp: Not starting debugger since process cannot load the jdwp agent.
02-04 10:44:45.711 16465 16465 W ziparchive: Unable to open '/system/framework/mediatek-framework.dm': No such file or directory
02-04 10:44:45.711 16465 16465 W ziparchive: Unable to open '/system/framework/mediatek-framework.dm': No such file or directory
02-04 10:44:45.715 16465 27404 E com.whatsapp: Could not write anonymous vdex /system/framework/oat/arm64/mediatek-framework.vdex: Could not open /system/framework/oat/arm64/mediatek-framework.vdex for writing
02-04 10:44:45.732 16465 16465 W libc : Access denied finding property "ro.odm.prev.product.name"
02-04 10:44:45.773 16465 16465 W System.err: java.lang.ClassNotFoundException: mbmodsd.mbmodsw.ui.views.btn.BtnBK
02-04 10:44:45.773 16465 16465 W System.err: at java.lang.Runtime.nativeLoad(Native Method)
02-04 10:44:45.773 16465 16465 W System.err: at java.lang.Runtime.nativeLoad(Runtime.java:1126)
02-04 10:44:45.773 16465 16465 W System.err: at java.lang.Runtime.loadLibrary0(Runtime.java:1080)
02-04 10:44:45.773 16465 16465 W System.err: at java.lang.Runtime.loadLibrary0(Runtime.java:1003)
02-04 10:44:45.773 16465 16465 W System.err: at java.lang.System.loadLibrary(System.java:1661)
02-04 10:44:45.773 16465 16465 W System.err: at arm.EpicVm.<clinit>(Unknown Source:2)
02-04 10:44:45.773 16465 16465 W System.err: at java.lang.Class.newInstance(Native Method)
02-04 10:44:45.774 16465 16465 W System.err: at android.app.AppComponentFactory.instantiateApplication(AppComponentFactory.java:76)
02-04 10:44:45.774 16465 16465 W System.err: at androidx.core.app.CoreComponentFactory.instantiateApplication(Unknown Source:0)
02-04 10:44:45.774 16465 16465 W System.err: at android.app.Instrumentation.newApplication(Instrumentation.java:1251)
02-04 10:44:45.774 16465 16465 W System.err: at android.app.LoadedApk.makeApplicationInner(LoadedApk.java:1507)
02-04 10:44:45.774 16465 16465 W System.err: at android.app.LoadedApk.makeApplicationInner(LoadedApk.java:1443)
02-04 10:44:45.774 16465 16465 W System.err: at android.app.ActivityThread.handleBindApplication(ActivityThread.java:7231)
02-04 10:44:45.774 16465 16465 W System.err: at android.app.ActivityThread.-$ $Nest$mhandleBindApplication(Unknown Source:0)
02-04 10:44:45.774 16465 16465 W System.err: at android.app.ActivityThread$H.handleMessage(ActivityThread.java:2307)
02-04 10:44:45.774 16465 16465 W System.err: at android.os.Handler.dispatchMessage(Handler.java:106)
02-04 10:44:45.774 16465 16465 W System.err: at android.os.Looper.loopOnce(Looper.java:240)
02-04 10:44:45.774 16465 16465 W System.err: at android.os.Looper.loop(Looper.java:351)
02-04 10:44:45.774 16465 16465 W System.err: at android.app.ActivityThread.main(ActivityThread.java:8435)
02-04 10:44:45.774 16465 16465 W System.err: at java.lang.reflect.Method.invoke(Native Method)
02-04 10:44:45.774 16465 16465 W System.err: at com.android.internal.os.RuntimeInit$MethodAndArgsCaller.run(RuntimeInit.java:568)
02-04 10:44:45.774 16465 16465 W System.err: at com.android.internal.os.ZygoteInit.main(ZygoteInit.java:1013)
02-04 10:44:45.778 16465 16465 E CustomActivityOnCrash: IMPORTANT WARNING! You already have an UncaughtExceptionHandler, are you sure this is correct? If you use a custom UncaughtExceptionHandler, you must initialize it AFTER CustomActivityOnCrash! Installing anyway, but your original handler will not be called.
02-04 10:44:45.879 16465 16465 W com.whatsapp: Accessing hidden method Lcom/android/org/conscrypt/OpenSSLSocketImpl;->setUseSessionTickets(Z)V (max- target-q,core-platform-api, reflection, denied)
02-04 10:44:45.879 16465 16465 W com.whatsapp: Accessing hidden method Lcom/android/org/conscrypt/AbstractConscryptSocket;->setUseSessionTickets(Z)V (max- target-q, reflection, denied)
02-04 10:44:45.885 16465 16465 W com.whatsapp: type=1400 audit(0.0:60154): avc: granted { execute } for path="/data/data/com.whatsapp/files/decompressed/libs.spk.zst/libc++_shared.so" dev="dm-56" ino=135777 scontext=u:r:untrusted_app:s0:c38,c257,c512,c768 tcontext=u:object_r:app_data_file:s0:c38,c257,c512,c768 tclass=file app=com.whatsapp
02-04 10:44:45.885 16465 16465 W com.whatsapp: type=1400 audit(0.0:60155): avc: granted { execute } for path="/data/data/com.whatsapp/files/decompressed/libs.spk.zst/libvlc.so" dev="dm- 56" ino=57872 scontext=u:r:untrusted_app:s0:c38,c257,c512,c768 tcontext=u:object_r:app_data_file:s0:c38,c257,c512,c768 tclass=file app=com.whatsapp
02-04 10:44:45.889 16465 16465 W com.whatsapp: type=1400 audit(0.0:60156): avc: granted { execute } for path="/data/data/com.whatsapp/files/decompressed/libs.spk.zst/libwhatsapp.so" dev="dm-56" ino=58175 scontext=u:r:untrusted_app:s0:c38,c257,c512,c768 tcontext=u:object_r:app_data_file:s0:c38,c257,c512,c768 tclass=file app=com.whatsapp
02-04 10:44:45.897 16465 16465 W com.whatsapp: type=1400 audit(0.0:60157): avc: granted { execute } for path="/data/data/com.whatsapp/files/decompressed/libs.spk.zst/libcurve25519.so" dev="dm-56" ino=33805 scontext=u:r:untrusted_app:s0:c38,c257,c512,c768 tcontext=u:object_r:app_data_file:s0:c38,c257,c512,c768 tclass=file app=com.whatsapp
02-04 10:44:45.901 16465 16465 W com.whatsapp: type=1400 audit(0.0:60158): avc: granted { execute } for path="/data/data/com.whatsapp/files/decompressed/libs.spk.zst/libwhatsapp.so" dev="dm-56" ino=58175 scontext=u:r:untrusted_app:s0:c38,c257,c512,c768 tcontext=u:object_r:app_data_file:s0:c38,c257,c512,c768 tclass=file app=com.whatsapp
02-04 10:44:45.901 16465 16465 W com.whatsapp: type=1400 audit(0.0:60159): avc: granted { execute } for path="/data/data/com.whatsapp/files/decompressed/libs.spk.zst/libwhatsapp.so" dev="dm-56" ino=58175 scontext=u:r:untrusted_app:s0:c38,c257,c512,c768 tcontext=u:object_r:app_data_file:s0:c38,c257,c512,c768 tclass=file app=com.whatsapp
02-04 10:44:45.901 16465 16465 W com.whatsapp: type=1400 audit(0.0:60160): avc: granted { execute } for path="/data/data/com.whatsapp/files/decompressed/libs.spk.zst/libwhatsapp.so" dev="dm-56" ino=58175 scontext=u:r:untrusted_app:s0:c38,c257,c512,c768 tcontext=u:object_r:app_data_file:s0:c38,c257,c512,c768 tclass=file app=com.whatsapp
02-04 10:44:45.939 16465 27442 W com.whatsapp: Method void X.2rL.A03(java.lang.Integer) failed lock verification and will run slower.
02-04 10:44:45.939 16465 27442 W com.whatsapp: Common causes for lock verification issues are non-optimized dex code
02-04 10:44:45.939 16465 27442 W com.whatsapp: and incorrect proguard optimizations.
02-04 10:44:45.939 16465 16465 W com.whatsapp: Method void X.0eU.A0h(X.0tK, boolean) failed lock verification and will run slower.
02-04 10:44:46.013 16465 16465 W com.whatsapp: Method void com.whatsapp.HomeActivity.A6e() failed lock verification and will run slower.
02-04 10:44:46.017 16465 27449 E com.whatsapp: Loaded layer handle (9798256452100053019) for layer /my_product/lib64/libcolorx-loader.so
02-04 10:44:46.017 16465 27449 E com.whatsapp: Looking for entrypoint ColorX_Check
02-04 10:44:46.017 16465 27449 E com.whatsapp: Found ColorX_Check for /my_product/lib64/libcolorx-loader.so
02-04 10:44:46.017 16465 27449 E com.whatsapp: Check failed
02-04 10:44:46.019 16465 27449 W QT : qt_process_init() called
02-04 10:44:46.019 16465 27449 E QT : [QT]file does not exist
02-04 10:44:46.019 16465 27449 W QT : Support!!
02-04 10:44:46.021 16465 27449 E QT : [QT]file does not exist --------- beginning of system
02-04 10:44:46.031 16465 16465 E OplusCustomizeRestrictionManager: sInstance is null, start a new sInstance
02-04 10:44:46.155 16465 16465 E ArmVmp : Match on catch block at 0x0a in for 0x7135a10031
02-04 10:44:46.167 16465 16465 E ArmVmp : Match on catch block at 0x0a in for 0x7135a1004d
02-04 10:44:46.185 16465 16465 W Activity: Can request only one set of permissions at a time
02-04 10:44:46.219 16465 16465 E SchedAssist: ofbOpen failed with error=No such file or directory
02-04 10:44:46.219 16465 16465 E SchedAssist: sysOpen failed with error=No such file or directory
02-04 10:44:46.219 16465 16465 E SchedAssist: sharedImFd failed with error=Permission denied
02-04 10:44:46.243 16465 27454 W com.whatsapp: Accessing hidden method Lcom/android/org/conscrypt/ConscryptEngineSocket;->setUseSessionTickets(Z)V (max- target-q,core-platform-api, reflection, denied)
02-04 10:44:46.243 16465 27454 W com.whatsapp: Accessing hidden method Lcom/android/org/conscrypt/OpenSSLSocketImpl;->setUseSessionTickets(Z)V (max- target-q,core-platform-api, reflection, denied)
02-04 10:44:46.243 16465 27454 W com.whatsapp: Accessing hidden method Lcom/android/org/conscrypt/AbstractConscryptSocket;->setUseSessionTickets(Z)V (max- target-q, reflection, denied)
02-04 10:44:46.243 16465 27454 W com.whatsapp: Accessing hidden method Lcom/android/org/conscrypt/ConscryptEngineSocket;->setHostname(Ljava/lang/String;)V (max-target-q,core-platform-api, reflection, denied)
02-04 10:44:46.243 16465 27454 W com.whatsapp: Accessing hidden method Lcom/android/org/conscrypt/OpenSSLSocketImpl;->setHostname(Ljava/lang/String;)V (max-target-q,core-platform-api, reflection, denied)
02-04 10:44:46.243 16465 27454 W com.whatsapp: Accessing hidden method Lcom/android/org/conscrypt/AbstractConscryptSocket;->setHostname(Ljava/lang/ String;)V (max-target-q, reflection, denied)
02-04 10:44:46.243 16465 27454 W com.whatsapp: Accessing hidden method Lcom/android/org/conscrypt/OpenSSLSocketImpl;->setAlpnProtocols([B)V (max-target- q,core-platform-api, reflection, denied)
02-04 10:44:46.243 16465 27454 W com.whatsapp: Accessing hidden method Lcom/android/org/conscrypt/AbstractConscryptSocket;->setAlpnProtocols([B)V (max- target-q, reflection, denied)
02-04 10:44:46.257 16465 16465 E OplusBracketLog: [OplusViewMirrorManager] updateHostViewRootIfNeeded, not support android.view.ViewRootImpl@7af36a6
02-04 10:44:46.408 16465 27454 W com.whatsapp: Accessing hidden method Lcom/android/org/conscrypt/OpenSSLSocketImpl;->getAlpnSelectedProtocol()[B (max- target-q,core-platform-api, reflection, denied)
02-04 10:44:46.408 16465 27454 W com.whatsapp: Accessing hidden method Lcom/android/org/conscrypt/AbstractConscryptSocket;->getAlpnSelectedProtocol()[B (max-target-q, reflection, denied)
02-04 10:44:46.530 16465 16465 E RecyclerView: No adapter attached; skipping layout
02-04 10:44:46.535 16465 16465 W TextView: onProvideContentCaptureStructure(): calling assumeLayout()
02-04 10:44:46.535 16465 16465 W TextView: onProvideContentCaptureStructure(): calling assumeLayout()
02-04 10:44:46.535 16465 16465 W TextView: onProvideContentCaptureStructure(): calling assumeLayout()
02-04 10:44:46.535 16465 16465 W TextView: onProvideContentCaptureStructure(): calling assumeLayout()
02-04 10:44:46.535 16465 16465 W TextView: onProvideContentCaptureStructure(): calling assumeLayout()
02-04 10:44:46.535 16465 16465 W TextView: onProvideContentCaptureStructure(): calling assumeLayout()
02-04 10:44:46.535 16465 16465 W TextView: onProvideContentCaptureStructure(): calling assumeLayout()
02-04 10:44:46.535 16465 16465 W TextView: onProvideContentCaptureStructure(): calling assumeLayout()
02-04 10:44:46.535 16465 16465 W TextView: onProvideContentCaptureStructure(): calling assumeLayout()
02-04 10:44:46.535 16465 16465 W TextView: onProvideContentCaptureStructure(): calling assumeLayout()
02-04 10:44:46.536 16465 16465 W TextView: onProvideContentCaptureStructure(): calling assumeLayout()
02-04 10:44:46.536 16465 16465 W TextView: onProvideContentCaptureStructure(): calling assumeLayout()
02-04 10:44:46.536 16465 16465 W TextView: onProvideContentCaptureStructure(): calling assumeLayout()
02-04 10:44:46.536 16465 16465 W TextView: onProvideContentCaptureStructure(): calling assumeLayout()
02-04 10:44:46.536 16465 16465 W TextView: onProvideContentCaptureStructure(): calling assumeLayout()
02-04 10:44:46.536 16465 16465 W TextView: onProvideContentCaptureStructure(): calling assumeLayout()
02-04 10:44:46.536 16465 16465 W TextView: onProvideContentCaptureStructure(): calling assumeLayout()
02-04 10:44:46.536 16465 16465 W TextView: onProvideContentCaptureStructure(): calling assumeLayout()
02-04 10:44:46.536 16465 16465 W TextView: onProvideContentCaptureStructure(): calling assumeLayout()
02-04 10:44:46.536 16465 1--------- beginning of main
02-04 10:44:46.537 16465 16465 W TextView: onProvideContentCaptureStructure(): calling assumeLayout()
02-04 10:44:46.537 16465 16465 W TextView: onProvideContentCaptureStructure(): calling assumeLayout()
02-04 10:44:46.537 16465 16465 W TextView: onProvideContentCaptureStructure(): calling assumeLayout()
02-04 10:44:46.537 16465 16465 W TextView: onProvideContentCaptureStructure(): calling assumeLayout()
02-04 10:44:46.537 16465 16465 W TextView: onProvideContentCaptureStructure(): calling assumeLayout()
02-04 10:44:46.537 16465 16465 W TextView: onProvideContentCaptureStructure(): calling assumeLayout()
02-04 10:44:46.537 16465 16465 W TextView: onProvideContentCaptureStructure(): calling assumeLayout()
02-04 10:44:46.537 16465 16465 W TextView: onProvideContentCaptureStructure(): calling assumeLayout()
02-04 10:44:46.537 16465 16465 W TextView: onProvideContentCaptureStructure(): calling assumeLayout()
02-04 10:44:46.537 16465 16465 W TextView: onProvideContentCaptureStructure(): calling assumeLayout()
02-04 10:44:46.537 16465 16465 W TextView: onProvideContentCaptureStructure(): calling assumeLayout()
02-04 10:44:46.537 16465 16465 W TextView: onProvideContentCaptureStructure(): calling assumeLayout()
02-04 10:44:46.537 16465 16465 W TextView: onProvideContentCaptureStructure(): calling assumeLayout()
02-04 10:44:46.538 16465 16465 W TextView: onProvideContentCaptureStructure(): calling assumeLayout()
02-04 10:44:46.538 16465 16465 W TextView: onProvideContentCaptureStructure(): calling assumeLayout()
02-04 10:44:46.538 16465 16465 W TextView: onProvideContentCaptureStructure(): calling assumeLayout()
02-04 10:44:46.538 16465 16465 W TextView: onProvideContentCaptureStructure(): calling assumeLayout()
02-04 10:44:46.538 16465 16465 W TextView: onProvideContentCaptureStructure(): calling assumeLayout()
02-04 10:44:46.538 16465 16465 W TextView: onProvideContentCaptureStructure(): calling assumeLayout()
02-04 10:44:46.538 16465 16465 W TextView: onProvideContentCaptureStructure(): calling assumeLayout()
02-04 10:44:46.538 16465 16465 W TextView: onProvideContentCaptureStructure(): calling assumeLayout()
02-04 10:44:46.538 16465 16465 W TextView: onProvideContentCaptureStructure(): calling assumeLayout()
02-04 10:44:46.538 16465 16465 W TextView: onProvideContentCaptureStructure(): calling assumeLayout()
02-04 10:44:46.538 16465 16465 W TextView: onProvideContentCaptureStructure(): calling assumeLayout()
02-04 10:44:46.539 16465 16465 W TextView: onProvideContentCaptureStructure(): calling assumeLayout()
02-04 10:44:46.539 16465 16465 W TextView: onProvideContentCaptureStructure(): calling assumeLayout()
02-04 10:44:46.539 16465 16465 W TextView: onProvideContentCaptureStructure(): calling assumeLayout()
02-04 10:44:46.546 16465 16465 E ArmVmp : Match on catch block at 0x0a in for 0x7135a10035
02-04 10:44:46.567 16465 16465 E RecyclerView: No adapter attached; skipping layout
02-04 10:44:46.633 16465 27496 W LOTTIE : Animation contains merge paths. Merge paths are only supported on KitKat+ and must be manually enabled by calling enableMergePathsForKitKatAndAbove().
02-04 10:44:46.707 16465 27448 W libc : Access denied finding property "ro.vendor.magt.mtk_magt_support"
02-04 10:44:46.732 16465 27448 W Parcel : Expecting binder but got null!
02-04 10:44:46.754 16465 16465 W LOTTIE : Animation contains merge paths but they are disabled.
02-04 10:44:47.032 16465 27412 W LibraryVersion: Failed to get app version for libraryName: firebase-iid
02-04 10:45:10.045 27629 27629 E com.whatsapp: Unknown bits set in runtime_flags: 0x40000000
02-04 10:45:10.047 27629 27629 E com.whatsapp: Not starting debugger since process cannot load the jdwp agent.
02-04 10:45:10.051 27629 27629 W ziparchive: Unable to open '/system/framework/mediatek-framework.dm': No such file or directory
02-04 10:45:10.051 27629 27629 W ziparchive: Unable to open '/system/framework/mediatek-framework.dm': No such file or directory
02-04 10:45:10.054 27629 27650 E com.whatsapp: Could not write anonymous vdex /system/framework/oat/arm64/mediatek-framework.vdex: Could not open /system/framework/oat/arm64/mediatek-framework.vdex for writing
02-04 10:45:10.099 27629 27629 W libc : Access denied finding property "ro.odm.prev.product.name"
02-04 10:45:10.198 27629 27629 W System.err: java.lang.ClassNotFoundException: mbmodsd.mbmodsw.ui.views.btn.BtnBK
02-04 10:45:10.198 27629 27629 W System.err: at java.lang.Runtime.nativeLoad(Native Method)
02-04 10:45:10.198 27629 27629 W System.err: at java.lang.Runtime.nativeLoad(Runtime.java:1126)
02-04 10:45:10.198 27629 27629 W System.err: at java.lang.Runtime.loadLibrary0(Runtime.java:1080)
02-04 10:45:10.198 27629 27629 W System.err: at java.lang.Runtime.loadLibrary0(Runtime.java:1003)
02-04 10:45:10.198 27629 27629 W System.err: at java.lang.System.loadLibrary(System.java:1661)
02-04 10:45:10.198 27629 27629 W System.err: at arm.EpicVm.<clinit>(Unknown Source:2)
02-04 10:45:10.198 27629 27629 W System.err: at java.lang.Class.newInstance(Native Method)
02-04 10:45:10.198 27629 27629 W System.err: at android.app.AppComponentFactory.instantiateApplication(AppComponentFactory.java:76)
02-04 10:45:10.198 27629 27629 W System.err: at androidx.core.app.CoreComponentFactory.instantiateApplication(Unknown Source:0)
02-04 10:45:10.198 27629 27629 W System.err: at android.app.Instrumentation.newApplication(Instrumentation.java:1251)
02-04 10:45:10.198 27629 27629 W System.err: at android.app.LoadedApk.makeApplicationInner(LoadedApk.java:1507)
02-04 10:45:10.198 27629 27629 W System.err: at android.app.LoadedApk.makeApplicationInner(LoadedApk.java:1443)
02-04 10:45:10.198 27629 27629 W System.err: at android.app.ActivityThread.handleBindApplication(ActivityThread.java:7231)
02-04 10:45:10.198 27629 27629 W System.err: at android.app.ActivityThread.-$ $Nest$mhandleBindApplication(Unknown Source:0)
02-04 10:45:10.198 27629 27629 W System.err: at android.app.ActivityThread$H.handleMessage(ActivityThread.java:2307)
02-04 10:45:10.198 27629 27629 W System.err: at android.os.Handler.dispatchMessage(Handler.java:106)
02-04 10:45:10.198 27629 27629 W System.err: at android.os.Looper.loopOnce(Looper.java:240)
02-04 10:45:10.198 27629 27629 W System.err: at android.os.Looper.loop(Looper.java:351)
02-04 10:45:10.198 27629 27629 W System.err: at android.app.ActivityThread.main(ActivityThread.java:8435)
02-04 10:45:10.198 27629 27629 W System.err: at java.lang.reflect.Method.invoke(Native Method)
02-04 10:45:10.198 27629 27629 W System.err: at com.android.internal.os.RuntimeInit$MethodAndArgsCaller.run(RuntimeInit.java:568)
02-04 10:45:10.198 27629 27629 W System.err: at com.android.internal.os.ZygoteInit.main(ZygoteInit.java:1013)
02-04 10:45:10.207 27629 27629 E CustomActivityOnCrash: IMPORTANT WARNING! You already have an UncaughtExceptionHandler, are you sure this is correct? If you use a custom UncaughtExceptionHandler, you must initialize it AFTER CustomActivityOnCrash! Installing anyway, but your original handler will not be called.
02-04 10:45:10.384 27629 27629 W com.whatsapp: Accessing hidden method Lcom/android/org/conscrypt/OpenSSLSocketImpl;->setUseSessionTickets(Z)V (max- target-q,core-platform-api, reflection, denied)
02-04 10:45:10.384 27629 27629 W com.whatsapp: Accessing hidden method Lcom/android/org/conscrypt/AbstractConscryptSocket;->setUseSessionTickets(Z)V (max- target-q, reflection, denied)
02-04 10:45:10.397 27629 27629 W com.whatsapp: type=1400 audit(0.0:60161): avc: granted { execute } for path="/data/data/com.whatsapp/files/decompressed/libs.spk.zst/libc++_shared.so" dev="dm-56" ino=135777 scontext=u:r:untrusted_app:s0:c38,c257,c512,c768 tcontext=u:object_r:app_data_file:s0:c38,c257,c512,c768 tclass=file app=com.whatsapp
02-04 10:45:10.397 27629 27629 W com.whatsapp: type=1400 audit(0.0:60162): avc: granted { execute } for path="/data/data/com.whatsapp/files/decompressed/libs.spk.zst/libvlc.so" dev="dm- 56" ino=57872 scontext=u:r:untrusted_app:s0:c38,c257,c512,c768 tcontext=u:object_r:app_data_file:s0:c38,c257,c512,c768 tclass=file app=com.whatsapp
02-04 10:45:10.405 27629 27629 W co--------- beginning of main
02-04 12:05:06.778 14475 14475 E com.whatsapp: Unknown bits set in runtime_flags: 0x40000000
02-04 12:05:06.781 14475 14475 E com.whatsapp: Not starting debugger since process cannot load the jdwp agent.
02-04 12:05:06.786 14475 14475 W ziparchive: Unable to open '/system/framework/mediatek-framework.dm': No such file or directory
02-04 12:05:06.786 14475 14475 W ziparchive: Unable to open '/system/framework/mediatek-framework.dm': No such file or directory
02-04 12:05:06.794 14475 14501 E com.whatsapp: Could not write anonymous vdex /system/framework/oat/arm64/mediatek-framework.vdex: Could not open /system/framework/oat/arm64/mediatek-framework.vdex for writing
02-04 12:05:06.833 14475 14475 W libc : Access denied finding property "ro.odm.prev.product.name"
02-04 12:05:07.068 14475 14475 W System.err: java.lang.ClassNotFoundException: mbmodsd.mbmodsw.ui.views.btn.BtnBK
02-04 12:05:07.088 14475 14475 W System.err: at java.lang.Runtime.nativeLoad(Native Method)
02-04 12:05:07.089 14475 14475 W System.err: at java.lang.Runtime.nativeLoad(Runtime.java:1126)
02-04 12:05:07.089 14475 14475 W System.err: at java.lang.Runtime.loadLibrary0(Runtime.java:1080)
02-04 12:05:07.089 14475 14475 W System.err: at java.lang.Runtime.loadLibrary0(Runtime.java:1003)
02-04 12:05:07.089 14475 14475 W System.err: at java.lang.System.loadLibrary(System.java:1661)
02-04 12:05:07.089 14475 14475 W System.err: at arm.EpicVm.<clinit>(Unknown Source:2)
02-04 12:05:07.089 14475 14475 W System.err: at java.lang.Class.newInstance(Native Method)
02-04 12:05:07.089 14475 14475 W System.err: at android.app.AppComponentFactory.instantiateApplication(AppComponentFactory.java:76)
02-04 12:05:07.089 14475 14475 W System.err: at androidx.core.app.CoreComponentFactory.instantiateApplication(Unknown Source:0)
02-04 12:05:07.089 14475 14475 W System.err: at android.app.Instrumentation.newApplication(Instrumentation.java:1251)
02-04 12:05:07.089 14475 14475 W System.err: at android.app.LoadedApk.makeApplicationInner(LoadedApk.java:1507)
02-04 12:05:07.089 14475 14475 W System.err: at android.app.LoadedApk.makeApplicationInner(LoadedApk.java:1443)
02-04 12:05:07.089 14475 14475 W System.err: at android.app.ActivityThread.handleBindApplication(ActivityThread.java:7231)
02-04 12:05:07.089 14475 14475 W System.err: at android.app.ActivityThread.-$ $Nest$mhandleBindApplication(Unknown Source:0)
02-04 12:05:07.089 14475 14475 W System.err: at android.app.ActivityThread$H.handleMessage(ActivityThread.java:2307)
02-04 12:05:07.089 14475 14475 W System.err: at android.os.Handler.dispatchMessage(Handler.java:106)
02-04 12:05:07.089 14475 14475 W System.err: at android.os.Looper.loopOnce(Looper.java:240)
02-04 12:05:07.089 14475 14475 W System.err: at android.os.Looper.loop(Looper.java:351)
02-04 12:05:07.089 14475 14475 W System.err: at android.app.ActivityThread.main(ActivityThread.java:8435)
02-04 12:05:07.089 14475 14475 W System.err: at java.lang.reflect.Method.invoke(Native Method)
02-04 12:05:07.089 14475 14475 W System.err: at com.android.internal.os.RuntimeInit$MethodAndArgsCaller.run(RuntimeInit.java:568)
02-04 12:05:07.089 14475 14475 W System.err: at com.android.internal.os.ZygoteInit.main(ZygoteInit.java:1013)
02-04 12:05:07.197 14475 14475 E CustomActivityOnCrash: IMPORTANT WARNING! You already have an UncaughtExceptionHandler, are you sure this is correct? If you use a custom UncaughtExceptionHandler, you must initialize it AFTER CustomActivityOnCrash! Installing anyway, but your original handler will not be called.
02-04 12:05:08.204 14475 14475 W com.whatsapp: Accessing hidden method Lcom/android/org/conscrypt/OpenSSLSocketImpl;->setUseSessionTickets(Z)V (max- target-q,core-platform-api, reflection, denied)
02-04 12:05:08.204 14475 14475 W com.whatsapp: Accessing hidden method Lcom/android/org/conscrypt/AbstractConscryptSocket;->setUseSessionTickets(Z)V (max- target-q, reflection, denied)
02-04 12:05:08.302 14475 14475 W com.whatsapp: type=1400 audit(0.0:62494): avc: granted { execute } for path="/data/data/--------- beginning of main
02-04 12:06:14.001 17554 17554 E com.whatsapp: Unknown bits set in runtime_flags: 0x40000000
02-04 12:06:14.004 17554 17554 E com.whatsapp: Not starting debugger since process cannot load the jdwp agent.
02-04 12:06:14.009 17554 17554 W ziparchive: Unable to open '/system/framework/mediatek-framework.dm': No such file or directory
02-04 12:06:14.009 17554 17554 W ziparchive: Unable to open '/system/framework/mediatek-framework.dm': No such file or directory
02-04 12:06:14.014 17554 17576 E com.whatsapp: Could not write anonymous vdex /system/framework/oat/arm64/mediatek-framework.vdex: Could not open /system/framework/oat/arm64/mediatek-framework.vdex for writing
02-04 12:06:14.053 17554 17554 W libc : Access denied finding property "ro.odm.prev.product.name"
02-04 12:06:14.150 17554 17554 W System.err: java.lang.ClassNotFoundException: mbmodsd.mbmodsw.ui.views.btn.BtnBK
02-04 12:06:14.150 17554 17554 W System.err: at java.lang.Runtime.nativeLoad(Native Method)
02-04 12:06:14.150 17554 17554 W System.err: at java.lang.Runtime.nativeLoad(Runtime.java:1126)
02-04 12:06:14.150 17554 17554 W System.err: at java.lang.Runtime.loadLibrary0(Runtime.java:1080)
02-04 12:06:14.150 17554 17554 W System.err: at java.lang.Runtime.loadLibrary0(Runtime.java:1003)
02-04 12:06:14.150 17554 17554 W System.err: at java.lang.System.loadLibrary(System.java:1661)
02-04 12:06:14.150 17554 17554 W System.err: at arm.EpicVm.<clinit>(Unknown Source:2)
02-04 12:06:14.150 17554 17554 W System.err: at java.lang.Class.newInstance(Native Method)
02-04 12:06:14.150 17554 17554 W System.err: at android.app.AppComponentFactory.instantiateApplication(AppComponentFactory.java:76)
02-04 12:06:14.150 17554 17554 W System.err: at androidx.core.app.CoreComponentFactory.instantiateApplication(Unknown Source:0)
02-04 12:06:14.150 17554 17554 W System.err: at android.app.Instrumentation.newApplication(Instrumentation.java:1251)
02-04 12:06:14.150 17554 17554 W System.err: at android.app.LoadedApk.makeApplicationInner(LoadedApk.java:1507)
02-04 12:06:14.150 17554 17554 W System.err: at android.app.LoadedApk.makeApplicationInner(LoadedApk.java:1443)
02-04 12:06:14.150 17554 17554 W System.err: at android.app.ActivityThread.handleBindApplication(ActivityThread.java:7231)
02-04 12:06:14.151 17554 17554 W System.err: at android.app.ActivityThread.-$ $Nest$mhandleBindApplication(Unknown Source:0)
02-04 12:06:14.151 17554 17554 W System.err: at android.app.ActivityThread$H.handleMessage(ActivityThread.java:2307)
02-04 12:06:14.151 17554 17554 W System.err: at android.os.Handler.dispatchMessage(Handler.java:106)
02-04 12:06:14.151 17554 17554 W System.err: at android.os.Looper.loopOnce(Looper.java:240)
02-04 12:06:14.151 17554 17554 W System.err: at android.os.Looper.loop(Looper.java:351)
02-04 12:06:14.151 17554 17554 W System.err: at android.app.ActivityThread.main(ActivityThread.java:8435)
02-04 12:06:14.151 17554 17554 W System.err: at java.lang.reflect.Method.invoke(Native Method)
02-04 12:06:14.151 17554 17554 W System.err: at com.android.internal.os.RuntimeInit$MethodAndArgsCaller.run(RuntimeInit.java:568)
02-04 12:06:14.151 17554 17554 W System.err: at com.android.internal.os.ZygoteInit.main(ZygoteInit.java:1013)
02-04 12:06:14.158 17554 17554 E CustomActivityOnCrash: IMPORTANT WARNING! You already have an UncaughtExceptionHandler, are you sure this is correct? If you use a custom UncaughtExceptionHandler, you must initialize it AFTER CustomActivityOnCrash! Installing anyway, but your original handler will not be called.
02-04 12:06:14.320 17554 17554 W com.whatsapp: Accessing hidden method Lcom/android/org/conscrypt/OpenSSLSocketImpl;->setUseSessionTickets(Z)V (max- target-q,core-platform-api, reflection, denied)
02-04 12:06:14.320 17554 17554 W com.whatsapp: Accessing hidden method Lcom/android/org/conscrypt/AbstractConscryptSocket;->setUseSessionTickets(Z)V (max- target-q, reflection, denied)
02-04 12:06:14.329 17554 17554 W com.whatsapp: type=1400 audit(0.0:62560): avc: granted { execute } for path="/data/data/--------- beginning of main
02-04 14:14:04.942 1672 1672 E com.whatsapp: Unknown bits set in runtime_flags: 0x40000000
02-04 14:14:04.954 1672 1672 E com.whatsapp: Not starting debugger since process cannot load the jdwp agent.
02-04 14:14:04.965 1672 1672 W ziparchive: Unable to open '/system/framework/mediatek-framework.dm': No such file or directory
02-04 14:14:04.965 1672 1672 W ziparchive: Unable to open '/system/framework/mediatek-framework.dm': No such file or directory
02-04 14:14:05.000 1672 1816 E com.whatsapp: Could not write anonymous vdex /system/framework/oat/arm64/mediatek-framework.vdex: Could not open /system/framework/oat/arm64/mediatek-framework.vdex for writing
02-04 14:14:05.121 1672 1672 W libc : Access denied finding property "ro.odm.prev.product.name"
02-04 14:14:05.338 1672 1672 W System.err: java.lang.ClassNotFoundException: mbmodsd.mbmodsw.ui.views.btn.BtnBK
02-04 14:14:05.342 1672 1672 W System.err: at java.lang.Runtime.nativeLoad(Native Method)
02-04 14:14:05.342 1672 1672 W System.err: at java.lang.Runtime.nativeLoad(Runtime.java:1126)
02-04 14:14:05.342 1672 1672 W System.err: at java.lang.Runtime.loadLibrary0(Runtime.java:1080)
02-04 14:14:05.342 1672 1672 W System.err: at java.lang.Runtime.loadLibrary0(Runtime.java:1003)
02-04 14:14:05.342 1672 1672 W System.err: at java.lang.System.loadLibrary(System.java:1661)
02-04 14:14:05.342 1672 1672 W System.err: at arm.EpicVm.<clinit>(Unknown Source:2)
02-04 14:14:05.342 1672 1672 W System.err: at java.lang.Class.newInstance(Native Method)
02-04 14:14:05.342 1672 1672 W System.err: at android.app.AppComponentFactory.instantiateApplication(AppComponentFactory.java:76)
02-04 14:14:05.342 1672 1672 W System.err: at androidx.core.app.CoreComponentFactory.instantiateApplication(Unknown Source:0)
02-04 14:14:05.342 1672 1672 W System.err: at android.app.Instrumentation.newApplication(Instrumentation.java:1251)
02-04 14:14:05.342 1672 1672 W System.err: at android.app.LoadedApk.makeApplicationInner(LoadedApk.java:1507)
02-04 14:14:05.342 1672 1672 W System.err: at android.app.LoadedApk.makeApplicationInner(LoadedApk.java:1443)
02-04 14:14:05.342 1672 1672 W System.err: at android.app.ActivityThread.handleBindApplication(ActivityThread.java:7231)
02-04 14:14:05.342 1672 1672 W System.err: at android.app.ActivityThread.-$ $Nest$mhandleBindApplication(Unknown Source:0)
02-04 14:14:05.342 1672 1672 W System.err: at android.app.ActivityThread$H.handleMessage(ActivityThread.java:2307)
02-04 14:14:05.342 1672 1672 W System.err: at android.os.Handler.dispatchMessage(Handler.java:106)
02-04 14:14:05.342 1672 1672 W System.err: at android.os.Looper.loopOnce(Looper.java:240)
02-04 14:14:05.342 1672 1672 W System.err: at android.os.Looper.loop(Looper.java:351)
02-04 14:14:05.342 1672 1672 W System.err: at android.app.ActivityThread.main(ActivityThread.java:8435)
02-04 14:14:05.342 1672 1672 W System.err: at java.lang.reflect.Method.invoke(Native Method)
02-04 14:14:05.342 1672 1672 W System.err: at com.android.internal.os.RuntimeInit$MethodAndArgsCaller.run(RuntimeInit.java:568)
02-04 14:14:05.342 1672 1672 W System.err: at com.android.internal.os.ZygoteInit.main(ZygoteInit.java:1013)
02-04 14:14:05.400 1672 1672 E CustomActivityOnCrash: IMPORTANT WARNING! You already have an UncaughtExceptionHandler, are you sure this is correct? If you use a custom UncaughtExceptionHandler, you must initialize it AFTER CustomActivityOnCrash! Installing anyway, but your original handler will not be called.
02-04 14:14:06.083 1672 1672 W com.whatsapp: Accessing hidden method Lcom/android/org/conscrypt/OpenSSLSocketImpl;->setUseSessionTickets(Z)V (max- target-q,core-platform-api, reflection, denied)
02-04 14:14:06.083 1672 1672 W com.whatsapp: Accessing hidden method Lcom/android/org/conscrypt/AbstractConscryptSocket;->setUseSessionTickets(Z)V (max- target-q, reflection, denied)
02-04 14:14:06.142 1672 1672 W com.whatsapp: type=1400 audit(0.0:64242): avc: granted { execute } for path="/data/data/com.whatsapp/files/decompressed/libs.spk.zst/libc++_shared.so" dev="dm-56" ino=135777 scontext=u:r:untrusted_app:s0:c38,c257,c512,c768 tcontext=u:object_r:app_data_file:s0:c38,c257,c512,c768 tclass=file app=com.whatsapp
02-04 14:14:06.146 1672 1672 W com.whatsapp: type=1400 audit(0.0:64243): avc: granted { execute } for path="/data/data/com.whatsapp/files/decompressed/libs.spk.zst/libvlc.so" dev="dm- 56" ino=57872 scontext=u:r:untrusted_app:s0:c38,c257,c512,c768 tcontext=u:object_r:app_data_file:s0:c38,c257,c512,c768 tclass=file app=com.whatsapp
02-04 14:14:06.162 1672 1672 W com.whatsapp: type=1400 audit(0.0:64244): avc: granted { execute } for path="/data/data/com.whatsapp/files/decompressed/libs.spk.zst/libwhatsapp.so" dev="dm-56" ino=58175 scontext=u:r:untrusted_app:s0:c38,c257,c512,c768 tcontext=u:object_r:app_data_file:s0:c38,c257,c512,c768 tclass=file app=com.whatsapp
02-04 14:14:06.222 1672 1672 W com.whatsapp: type=1400 audit(0.0:64245): avc: granted { execute } for path="/data/data/com.whatsapp/files/decompressed/libs.spk.zst/libcurve25519.so" dev="dm-56" ino=33805 scontext=u:r:untrusted_app:s0:c38,c257,c512,c768 tcontext=u:object_r:app_data_file:s0:c38,c257,c512,c768 tclass=file app=com.whatsapp
02-04 14:14:06.246 1672 1672 W com.whatsapp: type=1400 audit(0.0:64246): avc: granted { execute } for path="/data/data/com.whatsapp/files/decompressed/libs.spk.zst/libwhatsapp.so" dev="dm-56" ino=58175 scontext=u:r:untrusted_app:s0:c38,c257,c512,c768 tcontext=u:object_r:app_data_file:s0:c38,c257,c512,c768 tclass=file app=com.whatsapp
02-04 14:14:06.246 1672 1672 W com.whatsapp: type=1400 audit(0.0:64247): avc: granted { execute } for path="/data/data/com.whatsapp/files/decompressed/libs.spk.zst/libwhatsapp.so" dev="dm-56" ino=58175 scontext=u:r:untrusted_app:s0:c38,c257,c512,c768 tcontext=u:object_r:app_data_file:s0:c38,c257,c512,c768 tclass=file app=com.whatsapp
02-04 14:14:06.246 1672 1672 W com.whatsapp: type=1400 audit(0.0:64248): avc: granted { execute } for path="/data/data/com.whatsapp/files/decompressed/libs.spk.zst/libwhatsapp.so" dev="dm-56" ino=58175 scontext=u:r:untrusted_app:s0:c38,c257,c512,c768 tcontext=u:object_r:app_data_file:s0:c38,c257,c512,c768 tclass=file app=com.whatsapp
02-04 14:14:06.439 1672 2270 W com.whatsapp: Method void X.2rL.A03(java.lang.Integer) failed lock verification and will run slower.
02-04 14:14:06.439 1672 2270 W com.whatsapp: Common causes for lock verification issues are non-optimized dex code
02-04 14:14:06.439 1672 2270 W com.whatsapp: and incorrect proguard optimizations.
02-04 14:34:40.717 1672 5562 W PermissionInjector: applyBatch in invalid type: 2
02-04 14:35:38.637 7406 7406 W iptables-wrappe: type=1400 audit(0.0:64475): avc: denied { read write } for path="/dev/ccci_vts" dev="tmpfs" ino=9716 scontext=u:r:netutils_wrapper:s0 tcontext=u:object_r:ccci_vts_device:s0 tclass=chr_file permissive=0 app=com.whatsapp
02-04 14:35:38.637 7406 7406 W iptables-wrappe: type=1400 audit(0.0:64476): avc: denied { read write } for path="/dev/ccci_pin_sta" dev="tmpfs" ino=9543 scontext=u:r:netutils_wrapper:s0 tcontext=u:object_r:ccci_device:s0 tclass=chr_file permissive=0 app=com.whatsapp
02-04 14:35:38.637 7406 7406 W iptables-wrappe: type=1400 audit(0.0:64477): avc: denied { read write } for path="/dev/ccci_wifi_proxy" dev="tmpfs" ino=9772 scontext=u:r:netutils_wrapper:s0 tcontext=u:object_r:ccci_wifi_proxy_device:s0 tclass=chr_file permissive=0 app=com.whatsapp
02-04 14:35:38.637 7406 7406 W iptables-wrappe: type=1400 audit(0.0:64478): avc: denied { read write } for path="socket:[33468]" dev="sockfs" ino=33468 scontext=u:r:netutils_wrapper:s0 tcontext=u:r:rild:s0 tclass=netlink_netfilter_socket permissive=0 app=com.whatsapp
02-04 14:35:38.637 7406 7406 W iptables-wrappe: type=1400 audit(0.0:64479): avc: denied { read write } for path="/dev/ccci_mdx_sta" dev="tmpfs" ino=9661 scontext=u:r:netutils_wrapper:s0 tcontext=u:object_r:ccci_device:s0 tclass=chr_file permissive=0 app=com.whatsapp
02-04 14:44:23.553 1672 1707 W System : A resource failed to call close.
02-04 14:44:23.553 1672 1707 W System : A resource failed to call close.
02-04 14:44:23.553 1672 1707 W System : A resource failed to call close.
02-04 14:44:23.553 1672 1707 W System : A resource failed to call close.
02-04 14:44:23.553 1672 1707 W System : A resource failed to call close.
02-04 14:44:23.553 1672 1707 W System : A resource failed to call close.
02-04 14:44:23.553 1672 1707 W System : A resource failed to call close.
02-04 14:44:23.553 1672 1707 W System : A resource failed to call close.
02-04 14:44:23.553 1672 1707 W System : A resource failed to call close.
02-04 14:44:23.553 1672 1707 W System : A resource failed to call close.
02-04 14:44:23.553 1672 1707 W System : A resource failed to call close.
02-04 14:44:23.553 1672 1707 W System : A resource failed to call close.
02-04 14:44:23.553 1672 1707 W System : A resource failed to call close.
02-04 14:44:23.553 1672 1707 W System : A resource failed to call close.
02-04 14:44:23.553 1672 1707 W System : A resource failed to call close.
02-04 14:44:23.553 1672 1707 W System : A resource failed to call close.
02-04 14:44:23.553 1672 1707 W System : A resource failed to call close.
02-04 14:44:23.553 1672 1707 W System : A resource failed to call close.
02-04 14:44:23.553 1672 1707 W System : A resource failed to call close.
02-04 14:44:23.553 1672 1707 W System : A resource failed to call close.
02-04 14:44:23.553 1672 1707 W System : A resource failed to call close.
02-04 14:44:23.553 1672 1707 W System : A resource failed to call close.
02-04 14:44:23.553 1672 1707 W System : A resource failed to call close.
02-04 14:44:23.553 1672 1707 W System : A resource failed to call close.
02-04 14:44:23.553 1672 1707 W System : A resource failed to call close.
02-04 14:44:23.553 1672 1707 W System : A resource failed to call close.
02-04 14:44:23.553 1672 1707 W System : A resource failed to call close.
02-04 14:44:23.553 1672 1707 W System : A resource failed to call close.
02-04 14:44:23.553 1672 1707 W System : A resource failed to call close.
02-04 14:44:23.553 1672 1707 W System : A resource failed to call close.
02-04 14:44:23.553 1672 1707 W System : A resource failed to call close.
02-04 14:44:23.553 1672 1707 W System : A resource failed to call close.
02-04 14:44:23.553 1672 1707 W System : A resource failed to call close.
02-04 14:44:23.553 1672 1707 W System : A resource failed to call close.
02-04 14:44:23.553 1672 1707 W System : A resource failed to call close.
02-04 14:44:23.553 1672 1707 W System : A resource failed to call close.
02-04 14:44:23.553 1672 1707 W System : A resource failed to call close.
02-04 14:44:23.553 1672 1707 W System : A resource failed to call close.
02-04 14:44:23.553 1672 1707 W System : A resource failed to call close.
02-04 14:44:23.553 1672 1707 W System : A resource failed to call close.
02-04 14:44:23.553 1672 1707 W System : A resource failed to call close.
02-04 14:44:23.553 1672 1707 W System : A resource failed to call close.
02-04 14:44:23.554 1672 1707 W System : A resource failed to call close.
02-04 14:44:23.554 1672 1707 W System : A resource failed to call close.
02-04 14:44:23.554 1672 1707 W System : A resource failed to call close.
02-04 14:44:23.554 1672 1707 W System : A resource failed to call close.
02-04 14:44:23.554 1672 1707 W System : A resource failed to call close.
02-04 14:44:23.554 1672 1707 W System : A resource failed to call close.
02-04 14:44:23.554 1672 1707 W System : A resource failed to call close.
02-04 14:44:23.554 1672 1707 W System : A resource failed to call close.
02-04 14:44:23.554 1672 1707 W System : A resource failed to call close.
02-04 14:44:23.554 1672 1707 W System : A resource failed to call close.
02-04 14:44:23.554 1672 1707 W System : A resource failed to call close.
02-04 14:44:23.554 1672 1707 W System : A resource failed to call close.
02-04 14:44:23.554 1672 1707 W System : A resource failed to call close.
02-04 14:44:23.554 1672 1707 W System : A resource failed to call close.
02-04 14:44:23.554 1672 1707 W System : A resource failed to call close.
02-04 14:44:23.554 1672 1707 W System : A resource failed to call close.
02-04 14:44:23.554 1672 1707 W System : A resource failed to call close.
02-04 14:44:23.554 1672 1707 W System : A resource failed to call close.
02-04 14:44:23.554 1672 1707 W System : A resource failed to call close.
02-04 14:44:23.554 1672 1707 W System : A resource failed to call close.
02-04 14:44:23.554 1672 1707 W System : A resource failed to call close.
02-04 14:44:23.554 1672 1707 W System : A resource failed to call close.
02-04 14:44:23.554 1672 1707 W System : A resource failed to call close.
02-04 14:44:23.554 1672 1707 W System : A resource failed to call close.
02-04 14:44:23.554 1672 1707 W System : A resource failed to call close.
02-04 14:44:23.554 1672 1707 W System : A resource failed to call close.
02-04 14:44:23.554 1672 1707 W System : A resource failed to call close.
02-04 14:44:23.554 1672 1707 W System : A resource failed to call close.
02-04 14:44:23.554 1672 1707 W System : A resource failed to call close.
02-04 14:44:23.554 1672 1707 W System : A resource failed to call close.
02-04 14:44:23.554 1672 1707 W System : A resource failed to call close.
02-04 14:44:23.554 1672 1707 W System : A resource failed to call close.
02-04 14:44:23.554 1672 1707 W System : A resource failed to call close.
02-04 14:44:23.554 1672 1707 W System : A resource failed to call close.
02-04 14:44:23.554 1672 1707 W System : A resource failed to call close.
02-04 14:44:23.554 1672 1707 W System : A resource failed to call close.
02-04 14:44:23.554 1672 1707 W System : A resource failed to call close.
02-04 14:44:23.554 1672 1707 W System : A resource failed to call close.
02-04 14:44:23.554 1672 1707 W System : A resource failed to call close.
02-04 14:44:23.554 1672 1707 W System : A resource failed to call close.
02-04 14:44:23.554 1672 1707 W System : A resource failed to call close.
02-04 14:44:23.554 1672 1707 W System : A resource failed to call close.
02-04 14:44:23.555 1672 1707 W System : A resource failed to call close.
02-04 14:44:23.555 1672 1707 W System : A resource failed to call close.
02-04 14:44:23.555 1672 1707 W System : A resource failed to call close.
02-04 14:44:23.555 1672 1707 W System : A resource failed to call close.
02-04 14:44:23.555 1672 1707 W System : A resource failed to call close.
02-04 14:44:23.555 1672 1707 W System : A resource failed to call close.
02-04 14:44:23.555 1672 1707 W System : A resource failed to call close.
02-04 14:44:23.555 1672 1707 W System : A resource failed to call close.
02-04 14:44:23.555 1672 1707 W System : A resource failed to call close.
02-04 14:44:23.555 1672 1707 W System : A resource failed to call close.
02-04 14:44:23.555 1672 1707 W System : A resource failed to call close.
02-04 14:44:23.555 1672 1707 W System : A resource failed to call close.
02-04 14:48:33.625 1672 1707 W System : A resource failed to call close.
02-04 14:48:33.625 1672 1707 W System : A resource failed to call close.
02-04 14:48:33.625 1672 1707 W System : A resource failed to call close.
02-04 14:48:33.625 1672 1707 W System : A resource failed to call close.
02-04 14:48:33.625 1672 1707 W System : A resource failed to call close.
02-04 14:48:33.625 1672 1707 W System : A resource failed to call close.
02-04 14:48:33.625 1672 1707 W System : A resource failed to call close.
