We take content rights seriously. If you suspect this is your content, claim it here.
Available Formats
Download as TXT, PDF, TXT or read online on Scribd
You are on page 1/ 359
--------- beginning of main
02-03 22:39:38.407 6711 6711 E com.whatsapp: Unknown bits set in runtime_flags:
0x40000000
02-03 22:39:38.414 6711 6711 E com.whatsapp: Not starting debugger since process cannot load the jdwp agent.
02-03 22:39:38.423 6711 6711 W ziparchive: Unable to open '/system/framework/mediatek-framework.dm': No such file or directory
02-03 22:39:38.423 6711 6711 W ziparchive: Unable to open '/system/framework/mediatek-framework.dm': No such file or directory
02-03 22:39:38.440 6711 6734 E com.whatsapp: Could not write anonymous vdex /system/framework/oat/arm64/mediatek-framework.vdex: Could not open /system/framework/oat/arm64/mediatek-framework.vdex for writing
02-03 22:39:38.500 6711 6711 W libc : Access denied finding property "ro.odm.prev.product.name"
02-03 22:39:38.737 6711 6711 W System.err: java.lang.ClassNotFoundException: mbmodsd.mbmodsw.ui.views.btn.BtnBK
02-03 22:39:38.742 6711 6711 W System.err: at java.lang.Runtime.nativeLoad(Native Method)
02-03 22:39:38.743 6711 6711 W System.err: at java.lang.Runtime.nativeLoad(Runtime.java:1126)
02-03 22:39:38.743 6711 6711 W System.err: at java.lang.Runtime.loadLibrary0(Runtime.java:1080)
02-03 22:39:38.743 6711 6711 W System.err: at java.lang.Runtime.loadLibrary0(Runtime.java:1003)
02-03 22:39:38.743 6711 6711 W System.err: at java.lang.System.loadLibrary(System.java:1661)
02-03 22:39:38.743 6711 6711 W System.err: at arm.EpicVm.<clinit>(Unknown Source:2)
02-03 22:39:38.743 6711 6711 W System.err: at java.lang.Class.newInstance(Native Method)
02-03 22:39:38.743 6711 6711 W System.err: at android.app.AppComponentFactory.instantiateApplication(AppComponentFactory.java:76)
02-03 22:39:38.743 6711 6711 W System.err: at androidx.core.app.CoreComponentFactory.instantiateApplication(Unknown Source:0)
02-03 22:39:38.743 6711 6711 W System.err: at android.app.Instrumentation.newApplication(Instrumentation.java:1251)
02-03 22:39:38.743 6711 6711 W System.err: at android.app.LoadedApk.makeApplicationInner(LoadedApk.java:1507)
02-03 22:39:38.743 6711 6711 W System.err: at android.app.LoadedApk.makeApplicationInner(LoadedApk.java:1443)
02-03 22:39:38.743 6711 6711 W System.err: at android.app.ActivityThread.handleBindApplication(ActivityThread.java:7231)
02-03 22:39:38.743 6711 6711 W System.err: at android.app.ActivityThread.-$ $Nest$mhandleBindApplication(Unknown Source:0)
02-03 22:39:38.743 6711 6711 W System.err: at android.app.ActivityThread$H.handleMessage(ActivityThread.java:2307)
02-03 22:39:38.743 6711 6711 W System.err: at android.os.Handler.dispatchMessage(Handler.java:106)
02-03 22:39:38.743 6711 6711 W System.err: at android.os.Looper.loopOnce(Looper.java:240)
02-03 22:39:38.743 6711 6711 W System.err: at android.os.Looper.loop(Looper.java:351)
02-03 22:39:38.743 6711 6711 W System.err: at android.app.ActivityThread.main(ActivityThread.java:8435)
02-03 22:39:38.743 6711 6711 W System.err: at java.lang.reflect.Method.invoke(Native Method)
02-03 22:39:38.743 6711 6711 W System.err: at com.android.internal.os.RuntimeInit$MethodAndArgsCaller.run(RuntimeInit.java:568)
02-03 22:39:38.743 6711 6711 W System.err: at com.android.internal.os.ZygoteInit.main(ZygoteInit.java:1013)
02-03 22:39:38.767 6711 6711 E CustomActivityOnCrash: IMPORTANT WARNING! You already have an UncaughtExceptionHandler, are you sure this is correct? If you use a custom UncaughtExceptionHandler, you must initialize it AFTER CustomActivityOnCrash! Installing anyway, but your original handler will not be called.
02-03 22:39:39.318 6711 6711 W com.whatsapp: Accessing hidden method Lcom/android/org/conscrypt/OpenSSLSocketImpl;->setUseSessionTickets(Z)V (max- target-q,core-platform-api, reflection, denied)
02-03 22:39:39.318 6711 6711 W com.whatsapp: Accessing hidden method Lcom/android/org/conscrypt/AbstractConscryptSocket;->setUseSessionTickets(Z)V (max- target-q, reflection, denied)
02-03 22:39:39.338 6711 6711 W com.whatsapp: type=1400 audit(0.0:54416): avc: granted { execute } for path="/data/data/com.whatsapp/files/decompressed/libs.spk.zst/libc++_shared.so" dev="dm-56" ino=135777 scontext=u:r:untrusted_app:s0:c38,c257,c512,c768 tcontext=u:object_r:app_data_file:s0:c38,c257,c512,c768 tclass=file app=com.whatsapp
02-03 22:39:39.342 6711 6711 W com.whatsapp: type=1400 audit(0.0:54417): avc: granted { execute } for path="/data/data/com.whatsapp/files/decompressed/libs.spk.zst/libvlc.so" dev="dm- 56" ino=57872 scontext=u:r:untrusted_app:s0:c38,c257,c512,c768 tcontext=u:object_r:app_data_file:s0:c38,c257,c512,c768 tclass=file app=com.whatsapp
02-03 22:39:39.350 6711 6711 W com.whatsapp: type=1400 audit(0.0:54418): avc: granted { execute } for path="/data/data/com.whatsapp/files/decompressed/libs.spk.zst/libwhatsapp.so" dev="dm-56" ino=58175 scontext=u:r:untrusted_app:s0:c38,c257,c512,c768 tcontext=u:object_r:app_data_file:s0:c38,c257,c512,c768 tclass=file app=com.whatsapp
02-03 22:39:39.390 6711 6711 W com.whatsapp: type=1400 audit(0.0:54419): avc: granted { execute } for path="/data/data/com.whatsapp/files/decompressed/libs.spk.zst/libcurve25519.so" dev="dm-56" ino=33805 scontext=u:r:untrusted_app:s0:c38,c257,c512,c768 tcontext=u:object_r:app_data_file:s0:c38,c257,c512,c768 tclass=file app=com.whatsapp
02-03 22:39:39.406 6711 6711 W com.whatsapp: type=1400 audit(0.0:54420): avc: granted { execute } for path="/data/data/com.whatsapp/files/decompressed/libs.spk.zst/libwhatsapp.so" dev="dm-56" ino=58175 scontext=u:r:untrusted_app:s0:c38,c257,c512,c768 tcontext=u:object_r:app_data_file:s0:c38,c257,c512,c768 tclass=file app=com.whatsapp
02-03 22:39:39.406 6711 6711 W com.whatsapp: type=1400 audit(0.0:54421): avc: granted { execute } for path="/data/data/com.whatsapp/files/decompressed/libs.spk.zst/libwhatsapp.so" dev="dm-56" ino=58175 scontext=u:r:untrusted_app:s0:c38,c257,c512,c768 tcontext=u:object_r:app_data_file:s0:c38,c257,c512,c768 tclass=file app=com.whatsapp
02-03 22:39:39.406 6711 6711 W com.whatsapp: type=1400 audit(0.0:54422): avc: granted { execute } for path="/data/data/com.whatsapp/files/decompressed/libs.spk.zst/libwhatsapp.so" dev="dm-56" ino=58175 scontext=u:r:untrusted_app:s0:c38,c257,c512,c768 tcontext=u:object_r:app_data_file:s0:c38,c257,c512,c768 tclass=file app=com.whatsapp
02-03 22:39:39.478 6711 6946 W com.whatsapp: Method void X.2rL.A03(java.lang.Integer) failed lock verification and will run slower.
02-03 22:39:39.478 6711 6946 W com.whatsapp: Common causes for lock verification issues are non-optimized dex code
02-03 22:39:39.478 6711 6946 W com.whatsapp: and incorrect proguard optimizations.
02-03 23:23:26.083 6711 6728 W com.whatsapp: Suspending all threads took: 33.699ms
02-03 23:23:26.092 6711 6728 W com.whatsapp: Reducing the number of considered missed Gc histogram windows from 261 to 100
02-03 23:23:28.660 6711 6972 W PermissionInjector: applyBatch in invalid type: 2
02-03 23:23:29.111 6711 6943 E SQLiteDatabase: Error inserting transferred=0 media_job_uuid=4b7b07b2-9839-4466-b0a3-30a6586e5e89 transcoded=0 gif_attribution=0 first_scan_length=0 direct_path=/v/t62.7161- 24/33006565_776440954649486_5584661942152888525_n.enc?ccb=11- 4&oh=01_AdT4nBi0qlaQBHtPU7u91j0K9dWUmxa625NZ4wyBx1PLHQ&oe=65E68B1A&_nc_sid=5e03e0 thumbnail_height_width_ratio=1.7846154 is_animated_sticker=0 file_hash=mE6fOymklifbRWt7IZk44M6iGMqH3i86T4zOf0EUyQA= file_path=null file_size=0 partial_media_hash=null face_x=0 face_y=0 height=1024 trim_to=0 media_key_timestamp=1707019462000 message_url=https://mmg.whatsapp.net/v/t62.7161- 24/33006565_776440954649486_5584661942152888525_n.enc?ccb=11- 4&oh=01_AdT4nBi0qlaQBHtPU7u91j0K9dWUmxa625NZ4wyBx1PLHQ&oe=65E68B1A&_nc_sid=5e03e0&m ms3=true media_caption=null trim_from=0 mime_type=video/mp4 partial_media_enc_hash=null width=576 original_file_hash=null has_streaming_sidecar=1 autotransfer_retry_enabled=1 media_upload_handle=null message_row_id=2419 multicast_id=null enc_file_hash=5gR+NrYZIX75wojGdBJ8dG1zf8HJcIxVvfrIAhvmr28= mute_video=0 page_count=0 first_scan_sidecar=null suspicious_content=0 file_length=1887084 media_name=null media_duration=14 chat_row_id=8 media_key=[B@d18af8f
02-03 23:23:29.111 6711 6943 E SQLiteDatabase: android.database.sqlite.SQLiteConstraintException: UNIQUE constraint failed: message_media.message_row_id (code 1555 SQLITE_CONSTRAINT_PRIMARYKEY)
02-03 23:23:29.111 6711 6943 E SQLiteDatabase: at android.database.sqlite.SQLiteConnection.nativeExecuteForLastInsertedRowId(Native Method)
02-03 23:23:29.111 6711 6943 E SQLiteDatabase: at android.database.sqlite.SQLiteConnection.executeForLastInsertedRowId(SQLiteConnecti on.java:967)
02-03 23:23:29.111 6711 6943 E SQLiteDatabase: at android.database.sqlite.SQLiteSession.executeForLastInsertedRowId(SQLiteSession.jav a:790)
02-03 23:23:29.111 6711 6943 E SQLiteDatabase: at android.database.sqlite.SQLiteStatement.executeInsert(SQLiteStatement.java:89)
02-03 23:23:29.111 6711 6943 E SQLiteDatabase: at android.database.sqlite.SQLiteDatabase.insertWithOnConflict(SQLiteDatabase.java:186 8)
02-03 23:23:29.111 6711 6943 E SQLiteDatabase: at android.database.sqlite.SQLiteDatabase.insert(SQLiteDatabase.java:1737)
02-03 23:23:29.111 6711 6943 E SQLiteDatabase: at X.2tm.A08(Unknown Source:6)
02-03 23:23:29.111 6711 6943 E SQLiteDatabase: at X.35Y.A07(Unknown Source:212)
02-03 23:23:29.111 6711 6943 E SQLiteDatabase: at X.3QF.A14(Unknown Source:470)
02-03 23:23:29.111 6711 6943 E SQLiteDatabase: at X.3gU.run(Unknown Source:982)
02-03 23:23:29.111 6711 6943 E SQLiteDatabase: at android.os.Handler.handleCallback(Handler.java:942)
02-03 23:23:29.111 6711 6943 E SQLiteDatabase: at android.os.Handler.dispatchMessage(Handler.java:99)
02-03 23:23:29.111 6711 6943 E SQLiteDatabase: at X.0zq.dispatchMessage(Unknown Source:4)
02-03 23:23:29.111 6711 6943 E SQLiteDatabase: at android.os.Looper.loopOnce(Looper.java:240)
02-03 23:23:29.111 6711 6943 E SQLiteDatabase: at android.os.Looper.loop(Looper.java:351)
02-03 23:23:29.111 6711 6943 E SQLiteDatabase: at android.os.HandlerThread.run(HandlerThread.java:67)
02-04 00:02:16.975 6711 6728 W com.whatsapp: Reducing the number of considered missed Gc histogram windows from 206 to 100
02-04 00:32:07.183 6711 6728 W com.whatsapp: Reducing the number of considered missed Gc histogram windows from 176 to 100
02-04 00:51:06.438 6711 6728 W com.whatsapp: Reducing the number of considered missed Gc histogram windows from 114 to 100
02-04 00:51:06.828 6711 6977 E WM-WorkerWrapper: Work [ id=6d71d679-7c28-4168- a58c-f1d02f0bc42f, tags={ com.whatsapp.privacy.protocol.xmpp.DisclosureGetStageByIdsWorker, tag.whatsapp.privacy.GetDisclosureStageByIds } ] failed because it threw an exception/error
02-04 00:51:06.828 6711 6977 E WM-WorkerWrapper: java.util.concurrent.ExecutionException: X.0pD: The completer object was garbage collected - this future would otherwise never complete. The tag was: Failure {mOutputData=Data {}}
02-04 00:51:06.828 6711 6977 E WM-WorkerWrapper: at X.0i9.A02(Unknown Source:20)
02-04 00:51:06.828 6711 6977 E WM-WorkerWrapper: at X.0i9.get(Unknown Source:47)
02-04 00:51:06.828 6711 6977 E WM-WorkerWrapper: at X.0lz.run(Unknown Source:4)
02-04 00:51:06.828 6711 6977 E WM-WorkerWrapper: at X.0m4.run(Unknown Source:2)
02-04 00:51:06.828 6711 6977 E WM-WorkerWrapper: at java.util.concurrent.ThreadPoolExecutor.runWorker(ThreadPoolExecutor.java:1145)
02-04 00:51:06.828 6711 6977 E WM-WorkerWrapper: at java.util.concurrent.ThreadPoolExecutor$Worker.run(ThreadPoolExecutor.java:644)
02-04 00:51:06.828 6711 6977 E WM-WorkerWrapper: at java.lang.Thread.run(Thread.java:1012)
02-04 00:51:06.828 6711 6977 E WM-WorkerWrapper: Caused by: X.0pD: The completer object was garbage collected - this future would otherwise never complete. The tag was: Failure {mOutputData=Data {}}
02-04 00:51:07.439 6711 6943 E SQLiteDatabase: Error inserting transferred=0 media_job_uuid=a4b46716-28ad-4694-9e90-fc0aee98b74d transcoded=0 gif_attribution=0 first_scan_length=0 direct_path=/v/t62.7161- 24/30022134_400833625649314_2170822721248554908_n.enc?ccb=11- 4&oh=01_AdQfuBoKyCw1680kacN346twkvp4tUapibe1oqEiDBSIEg&oe=65E6B6D9&_nc_sid=5e03e0 thumbn--------- beginning of main
02-04 08:41:39.244 31027 31027 E com.whatsapp: Unknown bits set in runtime_flags: 0x40000000
02-04 08:41:39.288 31027 31027 E com.whatsapp: Not starting debugger since process cannot load the jdwp agent.
02-04 08:41:39.295 31027 31027 W ziparchive: Unable to open '/system/framework/mediatek-framework.dm': No such file or directory
02-04 08:41:39.296 31027 31027 W ziparchive: Unable to open '/system/framework/mediatek-framework.dm': No such file or directory
02-04 08:41:39.310 31027 31064 E com.whatsapp: Could not write anonymous vdex /system/framework/oat/arm64/mediatek-framework.vdex: Could not open /system/framework/oat/arm64/mediatek-framework.vdex for writing
02-04 08:41:39.432 31027 31027 W libc : Access denied finding property "ro.odm.prev.product.name"
02-04 08:41:39.674 31027 31027 W System.err: java.lang.ClassNotFoundException: mbmodsd.mbmodsw.ui.views.btn.BtnBK
02-04 08:41:39.675 31027 31027 W System.err: at java.lang.Runtime.nativeLoad(Native Method)
02-04 08:41:39.675 31027 31027 W System.err: at java.lang.Runtime.nativeLoad(Runtime.java:1126)
02-04 08:41:39.675 31027 31027 W System.err: at java.lang.Runtime.loadLibrary0(Runtime.java:1080)
02-04 08:41:39.675 31027 31027 W System.err: at java.lang.Runtime.loadLibrary0(Runtime.java:1003)
02-04 08:41:39.676 31027 31027 W System.err: at java.lang.System.loadLibrary(System.java:1661)
02-04 08:41:39.676 31027 31027 W System.err: at arm.EpicVm.<clinit>(Unknown Source:2)
02-04 08:41:39.676 31027 31027 W System.err: at java.lang.Class.newInstance(Native Method)
02-04 08:41:39.676 31027 31027 W System.err: at android.app.AppComponentFactory.instantiateApplication(AppComponentFactory.java:76)
02-04 08:41:39.676 31027 31027 W System.err: at androidx.core.app.CoreComponentFactory.instantiateApplication(Unknown Source:0)
02-04 08:41:39.676 31027 31027 W System.err: at android.app.Instrumentation.newApplication(Instrumentation.java:1251)
02-04 08:41:39.676 31027 31027 W System.err: at android.app.LoadedApk.makeApplicationInner(LoadedApk.java:1507)
02-04 08:41:39.676 31027 31027 W System.err: at android.app.LoadedApk.makeApplicationInner(LoadedApk.java:1443)
02-04 08:41:39.676 31027 31027 W System.err: at android.app.ActivityThread.handleBindApplication(ActivityThread.java:7231)
02-04 08:41:39.676 31027 31027 W System.err: at android.app.ActivityThread.-$ $Nest$mhandleBindApplication(Unknown Source:0)
02-04 08:41:39.676 31027 31027 W System.err: at android.app.ActivityThread$H.handleMessage(ActivityThread.java:2307)
02-04 08:41:39.676 31027 31027 W System.err: at android.os.Handler.dispatchMessage(Handler.java:106)
02-04 08:41:39.676 31027 31027 W System.err: at android.os.Looper.loopOnce(Looper.java:240)
02-04 08:41:39.676 31027 31027 W System.err: at android.os.Looper.loop(Looper.java:351)
02-04 08:41:39.676 31027 31027 W System.err: at android.app.ActivityThread.main(ActivityThread.java:8435)
02-04 08:41:39.676 31027 31027 W System.err: at java.lang.reflect.Method.invoke(Native Method)
02-04 08:41:39.676 31027 31027 W System.err: at com.android.internal.os.RuntimeInit$MethodAndArgsCaller.run(RuntimeInit.java:568)
02-04 08:41:39.676 31027 31027 W System.err: at com.android.internal.os.ZygoteInit.main(ZygoteInit.java:1013)
02-04 08:41:39.701 31027 31027 E CustomActivityOnCrash: IMPORTANT WARNING! You already have an UncaughtExceptionHandler, are you sure this is correct? If you use a custom UncaughtExceptionHandler, you must initialize it AFTER CustomActivityOnCrash! Installing anyway, but your original handler will not be called.
02-04 08:41:40.574 31027 31027 W com.whatsapp: Accessing hidden method Lcom/android/org/conscrypt/OpenSSLSocketImpl;->setUseSessionTickets(Z)V (max- target-q,core-platform-api, reflection, denied)
02-04 08:41:40.574 31027 31027 W com.whatsapp: Accessing hidden method Lcom/android/org/conscrypt/AbstractConscryptSocket;->setUseSessionTickets(Z)V (max- target-q, reflection, denied)
02-04 08:41:40.619 31027 31027 W com.whatsapp: type=1400 audit(0.0:58286): avc: granted { execute } for path="/data/data/--------- beginning of main
02-04 09:36:29.257 12195 12195 E com.whatsapp: Unknown bits set in runtime_flags: 0x40000000
02-04 09:36:29.260 12195 12195 E com.whatsapp: Not starting debugger since process cannot load the jdwp agent.
02-04 09:36:29.264 12195 12195 W ziparchive: Unable to open '/system/framework/mediatek-framework.dm': No such file or directory
02-04 09:36:29.264 12195 12195 W ziparchive: Unable to open '/system/framework/mediatek-framework.dm': No such file or directory
02-04 09:36:29.267 12195 12214 E com.whatsapp: Could not write anonymous vdex /system/framework/oat/arm64/mediatek-framework.vdex: Could not open /system/framework/oat/arm64/mediatek-framework.vdex for writing
02-04 09:36:29.300 12195 12195 W libc : Access denied finding property "ro.odm.prev.product.name"
02-04 09:36:29.434 12195 12195 W System.err: java.lang.ClassNotFoundException: mbmodsd.mbmodsw.ui.views.btn.BtnBK
02-04 09:36:29.434 12195 12195 W System.err: at java.lang.Runtime.nativeLoad(Native Method)
02-04 09:36:29.434 12195 12195 W System.err: at java.lang.Runtime.nativeLoad(Runtime.java:1126)
02-04 09:36:29.434 12195 12195 W System.err: at java.lang.Runtime.loadLibrary0(Runtime.java:1080)
02-04 09:36:29.434 12195 12195 W System.err: at java.lang.Runtime.loadLibrary0(Runtime.java:1003)
02-04 09:36:29.434 12195 12195 W System.err: at java.lang.System.loadLibrary(System.java:1661)
02-04 09:36:29.434 12195 12195 W System.err: at arm.EpicVm.<clinit>(Unknown Source:2)
02-04 09:36:29.434 12195 12195 W System.err: at java.lang.Class.newInstance(Native Method)
02-04 09:36:29.434 12195 12195 W System.err: at android.app.AppComponentFactory.instantiateApplication(AppComponentFactory.java:76)
02-04 09:36:29.434 12195 12195 W System.err: at androidx.core.app.CoreComponentFactory.instantiateApplication(Unknown Source:0)
02-04 09:36:29.434 12195 12195 W System.err: at android.app.Instrumentation.newApplication(Instrumentation.java:1251)
02-04 09:36:29.434 12195 12195 W System.err: at android.app.LoadedApk.makeApplicationInner(LoadedApk.java:1507)
02-04 09:36:29.434 12195 12195 W System.err: at android.app.LoadedApk.makeApplicationInner(LoadedApk.java:1443)
02-04 09:36:29.434 12195 12195 W System.err: at android.app.ActivityThread.handleBindApplication(ActivityThread.java:7231)
02-04 09:36:29.434 12195 12195 W System.err: at android.app.ActivityThread.-$ $Nest$mhandleBindApplication(Unknown Source:0)
02-04 09:36:29.434 12195 12195 W System.err: at android.app.ActivityThread$H.handleMessage(ActivityThread.java:2307)
02-04 09:36:29.434 12195 12195 W System.err: at android.os.Handler.dispatchMessage(Handler.java:106)
02-04 09:36:29.434 12195 12195 W System.err: at android.os.Looper.loopOnce(Looper.java:240)
02-04 09:36:29.434 12195 12195 W System.err: at android.os.Looper.loop(Looper.java:351)
02-04 09:36:29.434 12195 12195 W System.err: at android.app.ActivityThread.main(ActivityThread.java:8435)
02-04 09:36:29.434 12195 12195 W System.err: at java.lang.reflect.Method.invoke(Native Method)
02-04 09:36:29.434 12195 12195 W System.err: at com.android.internal.os.RuntimeInit$MethodAndArgsCaller.run(RuntimeInit.java:568)
02-04 09:36:29.434 12195 12195 W System.err: at com.android.internal.os.ZygoteInit.main(ZygoteInit.java:1013)
02-04 09:36:29.449 12195 12195 E CustomActivityOnCrash: IMPORTANT WARNING! You already have an UncaughtExceptionHandler, are you sure this is correct? If you use a custom UncaughtExceptionHandler, you must initialize it AFTER CustomActivityOnCrash! Installing anyway, but your original handler will not be called.
02-04 09:36:29.658 12195 12195 W com.whatsapp: Accessing hidden method Lcom/android/org/conscrypt/OpenSSLSocketImpl;->setUseSessionTickets(Z)V (max- target-q,core-platform-api, reflection, denied)
02-04 09:36:29.658 12195 12195 W com.whatsapp: Accessing hidden method Lcom/android/org/conscrypt/AbstractConscryptSocket;->setUseSessionTickets(Z)V (max- target-q, reflection, denied)
02-04 09:36:29.692 12195 12195 W com.whatsapp: type=1400 audit(0.0:59220): avc: granted { execute } for path="/data/data/com.whatsapp/files/decompressed/libs.spk.zst/libvlc.so" dev="dm- 56" ino=57872 scontext=u:r:untrusted_app:s0:c38,c257,c512,c768 tcontext=u:object_r:app_data_file:s0:c38,c257,c512,c768 tclass=file app=com.whatsapp
02-04 09:36:29.708 12195 12195 W com.whatsapp: type=1400 audit(0.0:59221): avc: granted { execute } for path="/data/data/com.whatsapp/files/decompressed/libs.spk.zst/libwhatsapp.so" dev="dm-56" ino=58175 scontext=u:r:untrusted_app:s0:c38,c257,c512,c768 tcontext=u:object_r:app_data_file:s0:c38,c257,c512,c768 tclass=file app=com.whatsapp
02-04 09:36:29.736 12195 12195 W com.whatsapp: type=1400 audit(0.0:59222): avc: granted { execute } for path="/data/data/com.whatsapp/files/decompressed/libs.spk.zst/libcurve25519.so" dev="dm-56" ino=33805 scontext=u:r:untrusted_app:s0:c38,c257,c512,c768 tcontext=u:object_r:app_data_file:s0:c38,c257,c512,c768 tclass=file app=com.whatsapp
02-04 09:36:29.748 12195 12195 W com.whatsapp: type=1400 audit(0.0:59223): avc: granted { execute } for path="/data/data/com.whatsapp/files/decompressed/libs.spk.zst/libwhatsapp.so" dev="dm-56" ino=58175 scontext=u:r:untrusted_app:s0:c38,c257,c512,c768 tcontext=u:object_r:app_data_file:s0:c38,c257,c512,c768 tclass=file app=com.whatsapp
02-04 09:36:29.811 12195 12258 W com.whatsapp: Method void X.2rL.A03(java.lang.Integer) failed lock verification and will run slower.
02-04 09:36:29.811 12195 12258 W com.whatsapp: Common causes for lock verification issues are non-optimized dex code
02-04 09:36:29.811 12195 12258 W com.whatsapp: and incorrect proguard optimizations.
02-04 10:35:03.350 12195 12208 W com.whatsapp: Reducing the number of considered missed Gc histogram windows from 136 to 100
02-04 10:43:59.248 12195 12195 W com.whatsapp: Method void X.0eU.A0h(X.0tK, boolean) failed lock verification and will run slower.
02-04 10:43:59.367 12195 12195 W com.whatsapp: Method void com.whatsapp.HomeActivity.A6e() failed lock verification and will run slower.
02-04 10:43:59.368 12195 26679 E com.whatsapp: Loaded layer handle (14573726934188870357) for layer /my_product/lib64/libcolorx-loader.so
02-04 10:43:59.368 12195 26679 E com.whatsapp: Looking for entrypoint ColorX_Check
02-04 10:43:59.368 12195 26679 E com.whatsapp: Found ColorX_Check for /my_product/lib64/libcolorx-loader.so
02-04 10:43:59.368 12195 26679 E com.whatsapp: Check failed
02-04 10:43:59.368 12195 26679 W QT : qt_process_init() called
02-04 10:43:59.368 12195 26679 E QT : [QT]file does not exist
02-04 10:43:59.368 12195 26679 W QT : Support!!
02-04 10:43:59.369 12195 26679 E QT : [QT]file does not exist --------- beginning of system
02-04 10:43:59.401 12195 12195 E OplusCustomizeRestrictionManager: sInstance is null, start a new sInstance
02-04 10:43:59.564 12195 12195 E ArmVmp : Match on catch block at 0x0a in for 0x7135a10031
02-04 10:43:59.575 12195 12195 E ArmVmp : Match on catch block at 0x0a in for 0x7135a1004d
02-04 10:43:59.604 12195 12195 W Activity: Can request only one set of permissions at a time
02-04 10:43:59.664 12195 12195 E SchedAssist: ofbOpen failed with error=No such file or directory
02-04 10:43:59.664 12195 12195 E SchedAssist: sysOpen failed with error=No such file or directory
02-04 10:43:59.664 12195 12195 E SchedAssist: sharedImFd failed with error=Permission denied
02-04 10:43:59.671 12195 26716 W com.whatsapp: Accessing hidden method Lcom/android/org/conscrypt/ConscryptEngineSocket;->setUseSessionTickets(Z)V (max- target-q,core-platform-api, reflection, denied)
02-04 10:43:59.672 12195 26716 W com.whatsapp: Accessing hidden method Lcom/android/org/conscrypt/OpenSSLSocketImpl;->setUseSessionTickets(Z)V (max- target-q,core-platform-api, reflection, denied)
02-04 10:43:59.672 12195 26716 W com.whatsapp: Accessing hidden method Lcom/android/org/conscrypt/AbstractConscryptSocket;->setUseSessionTickets(Z)V (max- target-q, reflection, denied)
02-04 10:43:59.672 12195 26716 W com.whatsapp: Accessing hidden method Lcom/android/org/conscrypt/ConscryptEngineSocket;->setHostname(Ljava/lang/String;)V (max-target-q,core-platform-api, reflection, denied)
02-04 10:43:59.672 12195 26716 W com.whatsapp: Accessing hidden method Lcom/android/org/conscrypt/OpenSSLSocketImpl;->setHostname(Ljava/lang/String;)V (max-target-q,core-platform-api, reflection, denied)
02-04 10:43:59.672 12195 26716 W com.whatsapp: Accessing hidden method Lcom/android/org/conscrypt/AbstractConscryptSocket;->setHostname(Ljava/lang/ String;)V (max-target-q, reflection, denied)
02-04 10:43:59.672 12195 26716 W com.whatsapp: Accessing hidden method Lcom/android/org/conscrypt/OpenSSLSocketImpl;->setAlpnProtocols([B)V (max-target- q,core-platform-api, reflection, denied)
02-04 10:43:59.672 12195 26716 W com.whatsapp: Accessing hidden method Lcom/android/org/conscrypt/AbstractConscryptSocket;->setAlpnProtocols([B)V (max- target-q, reflection, denied)
02-04 10:43:59.704 12195 12195 E OplusBracketLog: [OplusViewMirrorManager] updateHostViewRootIfNeeded, not support android.view.ViewRootImpl@295b2fc
02-04 10:43:59.837 12195 26716 W com.whatsapp: Accessing hidden method Lcom/android/org/conscrypt/OpenSSLSocketImpl;->getAlpnSelectedProtocol()[B (max- target-q,core-platform-api, reflection, denied)
02-04 10:43:59.837 12195 26716 W com.whatsapp: Accessing hidden method Lcom/android/org/conscrypt/AbstractConscryptSocket;->getAlpnSelectedProtocol()[B (max-target-q, reflection, denied)
02-04 10:44:00.049 12195 12195 E RecyclerView: No adapter attached; skipping layout
02-04 10:44:00.085 12195 26678 W libc : Access denied finding property "ro.vendor.magt.mtk_magt_support"
02-04 10:44:00.117 12195 26678 W Parcel : Expecting binder but got null!
02-04 10:44:00.118 12195 12195 W TextView: onProvideContentCaptureStructure(): calling assumeLayout()
02-04 10:44:00.118 12195 12195 W TextView: onProvideContentCaptureStructure(): calling assumeLayout()
02-04 10:44:00.118 12195 12195 W TextView: onProvideContentCaptureStructure(): calling assumeLayout()
02-04 10:44:00.118 12195 12195 W TextView: onProvideContentCaptureStructure(): calling assumeLayout()
02-04 10:44:00.118 12195 12195 W TextView: onProvideContentCaptureStructure(): calling assumeLayout()
02-04 10:44:00.119 12195 12195 W TextView: onProvideContentCaptureStructure(): calling assumeLayout()
02-04 10:44:00.119 12195 12195 W TextView: onProvideContentCaptureStructure(): calling assumeLayout()
02-04 10:44:00.119 12195 12195 W TextView: onProvideContentCaptureStructure(): calling assumeLayout()
02-04 10:44:00.119 12195 12195 W TextView: onProvideContentCaptureStructure(): calling assumeLayout()
02-04 10:44:00.119 12195 12195 W TextView: onProvideContentCaptureStructure(): calling assumeLayout()
02-04 10:44:00.119 12195 12195 W TextView: onProvideContentCaptureStructure(): calling assumeLayout()
02-04 10:44:00.119 12195 12195 W TextView: onProvideContentCaptureStructure(): calling assumeLayout()
02-04 10:44:00.119 12195 12195 W TextView: onProvideContentCaptureStructure(): calling assumeLayout()
02-04 10:44:00.119 12195 12195 W TextView: onProvideContentCaptureStructure(): calling assumeLayout()
02-04 10:44:00.119 12195 12195 W TextView: onProvideContentCaptureStructure(): calling assumeLayout()
02-04 10:44:00.119 12195 12195 W TextView: onProvideContentCaptureStructure(): calling assumeLayout()
02-04 10:44:00.119 12195 12195 W TextView: onProvideContentCaptureStructure(): calling assumeLayout()
02-04 10:44:00.120 12195 12195 W TextView: onProvideContentCaptureStructure(): calling assumeLayout()
02-04 10:44:00.120 12195 12195 W TextView: onProvideContentCaptureStructure(): calling assumeLayout()
02-04 10:44:00.120 12195 12195 W TextView: onProvideContentCaptureStructure(): calling assumeLayout()
02-04 10:44:00.120 12195 12195 W TextView: onProvideContentCaptureStructure(): calling assumeLayout()
02-04 10:44:00.120 12195 12195 W TextView: onProvideContentCaptureStructure(): calling assumeLayout()
02-04 10:44:00.120 12195 12195 W TextView: onProvideContentCaptureStructure(): calling assumeLayout()
02-04 10:44:00.120 12195 12195 W TextView: onProvideContentCaptureStructure(): calling assumeLayout()
02-04 10:44:00.120 12195 12195 W TextView: onProvideContentCaptureStructure(): calling assumeLayout()
02-04 10:44:00.120 12195 12195 W TextView: onProvideContentCaptureStructure(): calling assumeLayout()
02-04 10:44:00.120 12195 12195 W TextView: onProvideContentCaptureStructure(): calling assumeLayout()
02-04 10:44:00.120 12195 12195 W TextView: onProvideContentCaptureStructure(): calling assumeLayout()
02-04 10:44:00.120 12195 12195 W TextView: onProvideContentCaptureStructure(): calling assumeLayout()
02-04 10:44:00.120 12195 12195 W TextView: onProvideContentCaptureStructure(): calling assumeLayout()
02-04 10:44:00.120 12195 12195 W TextView: onProvideContentCaptureStructure(): calling assumeLayout()
02-04 10:44:00.120 12195 12195 W TextView: onProvideContentCaptureStructure(): calling assumeLayout()
02-04 10:44:00.121 12195 12195 W TextView: onProvideContentCaptureStructure(): calling assumeLayout()
02-04 10:44:00.121 12195 12195 W TextView: onProvideContentCaptureStructure(): calling assumeLayout()
02-04 10:44:00.121 12195 12195 W TextView: onProvideContentCaptureStructure(): calling assumeLayout()
02-04 10:44:00.121 12195 12195 W TextView: onProvideContentCaptureStructure(): calling assumeLayout()
02-04 10:44:00.121 12195 12195 W TextView: onProvideContentCaptureStructure(): calling assumeLayout()
02-04 10:44:00.121 12195 12195 W TextView: onProvideContentCaptureStructure(): calling assumeLayout()
02-04 10:44:00.121 12195 12195 W TextView: onProvideContentCaptureStructure(): calling assumeLayout()
02-04 10:44:00.121 12195 12195 W TextView: onProvideContentCaptureStructure(): calling assumeLayout()
02-04 10:44:00.121 12195 12195 W TextView: onProvideContentCaptureStructure(): calling assumeLayout()
02-04 10:44:00.121 12195 12195 W TextView: onProvideContentCaptureStructure(): calling assumeLayout()
02-04 10:44:00.121 12195 12195 W TextView: onProvideContentCaptureStructure(): calling assumeLayout()
02-04 10:44:00.121 12195 12195 W TextView: onProvideContentCaptureStructure(): calling assumeLayout()
02-04 10:44:00.121 12195 12195 W TextView: onProvideContentCaptureStructure(): calling assumeLayout()
02-04 10:44:00.121 12195 12195 W TextView: onProvideContentCaptureStructure(): calling assumeLayout()
02-04 10:44:00.122 12195 12195 W TextView: onProvideContentCaptureStructure(): calling assumeLayout()
02-04 10:44:00.122 12195 12195 W TextView: onProvideContentCaptureStructure(): calling assumeLayout()
02-04 10:44:00.122 12195 12195 W TextView: onProvideContentCaptureStructure(): calling assumeLayout()
02-04 10:44:00.122 12195 12195 W TextView: onProvideContentCaptureStructure(): calling assumeLayout()
02-04 10:44:00.131 12195 12195 E ArmVmp : Match on catch block at 0x0a in for 0x7135a10035
02-04 10:44:00.168 12195 12195 E RecyclerView: No adapter attached; skipping layout
02-04 10:44:00.268 12195 26885 W LibraryVersion: Failed to get app version for libraryName: firebase-iid
02-04 10:44:00.308 12195 26894 W LOTTIE : Animation contains merge paths. Merge paths are only supported on KitKat+ and must be manually enabled by calling enableMergePathsForKitKatAndAbove().
02-04 10:44:00.421 12195 12195 W LOTTIE : Animation contains merge paths but they are disabled.
02-04 10:44:05.175 12195 27153 E RenderScript: Failed loading RS driver: dlopen failed: library "libRSDriver_mtk.so" not found
02-04 10:44:05.175 12195 27153 E RenderScript: Failed to load runtime libRSDriver_mtk.so, loading default
02-04 10:44:05.209 12195 12195 E ArmVmp : Match on catch block at 0x0a in for 0x7135a1005d
02-04 10:44:05.226 12195 12195 E OplusBracketLog: [OplusViewMirrorManager] updateHostViewRootIfNeeded, not support android.view.ViewRootImpl@6579c8b
02-04 10:44:05.255 12195 26678 W Parcel : Expecting binder but got null!
02-04 10:44:08.470 12195 12195 E RippleDrawable: The RippleDrawable.STYLE_PATTERNED animation is not supported for a non-hardware accelerated Canvas. Skipping animation.
02-04 10:44:08.477 12195 12195 E RippleDrawable: The RippleDrawable.STYLE_PATTERNED animation is not supported for a non-hardware accelerated Canvas. Skipping animation.
02-04 10:44:08.488 12195 12195 E RippleDrawable: The RippleDrawable.STYLE_PATTERNED animation is not supported for a non-hardware accelerated Canvas. Skipping animation.
02-04 10:44:08.613 12195 12208 W com.whatsapp: Cleared Reference was only reachable from finalizer (only reported once)
02-04 10:44:08.643 12195 12195 E OplusBracketLog: [OplusViewMirrorManager] updateHostViewRootIfNeeded, not support android.view.ViewRootImpl@32f3ce7
02-04 10:44:08.656 12195 12195 E IPCThreadState: attemptIncStrongHandle(112): Not supported
02-04 10:44:08.668 12195 26678 W Parcel : Expecting binder but got null!
02-04 10:44:08.668 12195 12195 W TextView: onProvideContentCaptureStructure(): calling assumeLayout()
02-04 10:44:08.669 12195 12195 W TextView: onProvideContentCaptureStructure(): calling assumeLayout()
02-04 10:44:08.669 12195 12195 W TextView: onProvideContentCaptureStructure(): calling assumeLayout()
02-04 10:44:10.740 12195 12195 W OnBackInvokedCallback: OnBackInvokedCallback is not enabled for the application.
02-04 10:44:10.740 12195 12195 W OnBackInvokedCallback: Set 'android:enableOnBackInvokedCallback="true"' in the application manifest.
02-04 10:44:14.014 12195 12195 E IPCThreadState: attemptIncStrongHandle(79): Not supported
02-04 10:44:14.147 12195 12195 E ArmVmp : Match on catch block at 0x0a in for 0x7135a10035
02-04 10:44:14.149 12195 12195 E ArmVmp : Match on catch block at 0x0a in for 0x7135a10035
02-04 10:44:14.186 12195 12195 E OplusBracketLog: [OplusViewMirrorManager] updateHostViewRootIfNeeded, not support android.view.ViewRootImpl@ad0fa0
02-04 10:44:14.222 12195 12195 E ArmVmp : Match on catch block at 0xc3 in for 0x7135a10021
02-04 10:44:14.225 12195 12195 E ArmVmp : Match on catch block at 0xc3 in for 0x7135a10021
02-04 10:44:14.236 12195 26678 W Parcel : Expecting binder but got null!
02-04 10:44:14.236 12195 12195 W TextView: onProvideContentCaptureStructure(): calling assumeLayout()
02-04 10:44:14.237 12195 12195 W TextView: onProvideContentCaptureStructure(): calling assumeLayout()
02-04 10:44:14.237 12195 12195 W TextView: onProvideContentCaptureStructure(): calling assumeLayout()
02-04 10:44:14.237 12195 12195 W TextView: onProvideContentCaptureStructure(): calling assumeLayout()
02-04 10:44:14.261 12195 12195 E ArmVmp : Match on catch block at 0xc3 in for 0x7135a10025
02-04 10:44:14.262 12195 12195 E ArmVmp : Match on catch block at 0xc3 in for 0x7135a10025
02-04 10:44:14.282 12195 12195 E ArmVmp : Match on catch block at 0xc3 in for 0x7135a10025
02-04 10:44:14.283 12195 12195 E ArmVmp : Match on catch block at 0xc3 in for 0x7135a10025
02-04 10:44:14.292 12195 12195 E ArmVmp : Match on catch block at 0xc3 in for 0x7135a10025
02-04 10:44:14.294 12195 12195 E ArmVmp : Match on catch block at 0xc3 in for 0x7135a10025
02-04 10:44:14.300 12195 12195 E ArmVmp : Match on catch block at 0xc3 in for 0x7135a10025
02-04 10:44:14.302 12195 12195 E ArmVmp : Match on catch block at 0xc3 in for 0x7135a10025
02-04 10:44:14.311 12195 12195 E ArmVmp : Match on catch block at 0xc3 in for 0x7135a10025
02-04 10:44:14.313 12195 12195 E ArmVmp : Match on catch block at 0xc3 in for 0x7135a10025
02-04 10:44:14.323 12195 12195 E ArmVmp : Match on catch block at 0xc3 in for 0x7135a10025
02-04 10:44:14.324 12195 12195 E ArmVmp : Match on catch block at 0xc3 in for 0x7135a10025
02-04 10:44:14.326 12195 12195 W OnBackInvokedCallback: OnBackInvokedCallback is not enabled for the application.
02-04 10:44:14.326 12195 12195 W OnBackInvokedCallback: Set 'android:enableOnBackInvokedCallback="true"' in the application manifest.
02-04 10:44:14.338 12195 12195 E ArmVmp : Match on catch block at 0xc3 in for 0x7135a10025
02-04 10:44:14.340 12195 12195 E ArmVmp : Match on catch block at 0xc3 in for 0x7135a10025
02-04 10:44:14.342 12195 12195 W RemoteInputConnectionImpl: requestCursorAnchorInfo on inactive InputConnection
02-04 10:44:14.346 12195 12195 E ArmVmp : Match on catch block at 0xc3 in for 0x7135a10025
02-04 10:44:14.349 12195 12195 E ArmVmp : Match on catch block at 0xc3 in for 0x7135a10025
02-04 10:44:14.357 12195 12195 E ArmVmp : Match on catch block at 0xc3 in for 0x7135a10025
02-04 10:44:14.358 12195 12195 E ArmVmp : Match on catch block at 0xc3 in for 0x7135a10025
02-04 10:44:14.368 12195 12195 E ArmVmp : Match on catch block at 0xc3 in for 0x7135a10025
02-04 10:44:14.370 12195 12195 E ArmVmp : Match on catch block at 0xc3 in for 0x7135a10025
02-04 10:44:14.375 12195 12195 W OnBackInvokedCallback: OnBackInvokedCallback is not enabled for the application.
02-04 10:44:14.375 12195 12195 W OnBackInvokedCallback: Set 'android:enableOnBackInvokedCallback="true"' in the application manifest.
02-04 10:44:14.379 12195 12195 E ArmVmp : Match on catch block at 0xc3 in for 0x7135a10025
02-04 10:44:14.380 12195 12195 E ArmVmp : Match on catch block at 0xc3 in for 0x7135a10025
02-04 10:44:14.390 12195 12195 E ArmVmp : Match on catch block at 0xc3 in for 0x7135a10025
02-04 10:44:14.392 12195 12195 E ArmVmp : Match on catch block at 0xc3 in for 0x7135a10025
02-04 10:44:14.583 12195 12195 E ArmVmp : Match on catch block at 0xc3 in for 0x7135a10025
02-04 10:44:14.584 12195 12195 E ArmVmp : Match on catch block at 0xc3 in for 0x7135a10025
02-04 10:44:14.591 12195 12195 E ArmVmp : Match on catch block at 0xc3 in for 0x7135a10025
02-04 10:44:14.593 12195 12195 E ArmVmp : Match on catch block at 0xc3 in for 0x7135a10025
02-04 10:44:14.841 12195 12195 E ArmVmp : Match on catch block at 0xc3 in for 0x7135a10025
02-04 10:44:14.845 12195 12195 E ArmVmp : Match on catch block at 0xc3 in for 0x7135a10025
02-04 10:44:15.338 12195 12195 E ArmVmp : Match on catch block at 0xc3 in for 0x7135a10025
02-04 10:44:15.340 12195 12195 E ArmVmp : Match on catch block at 0xc3 in for 0x7135a10025
02-04 10:44:15.455 12195 12195 E ArmVmp : Match on catch block at 0xc3 in for 0x7135a10025
02-04 10:44:15.457 12195 12195 E ArmVmp : Match on catch block at 0xc3 in for 0x7135a10025
02-04 10:44:15.837 12195 12195 E ArmVmp : Match on catch block at 0xc3 in for 0x7135a10025
02-04 10:44:15.839 12195 12195 E ArmVmp : Match on catch block at 0xc3 in for 0x7135a10025
02-04 10:44:16.344 12195 12195 E ArmVmp : Match on catch block at 0xc3 in for 0x7135a10025
02-04 10:44:16.348 12195 12195 E ArmVmp : Match on catch block at 0xc3 in for 0x7135a10025
02-04 10:44:16.380 12195 12195 E ArmVmp : Match on catch block at 0xc3 in for 0x7135a10025
02-04 10:44:16.384 12195 12195 E ArmVmp : Match on catch block at 0xc3 in for 0x7135a10025
02-04 10:44:16.416 12195 12195 E ArmVmp : Match on catch block at 0xc3 in for 0x7135a10025
02-04 10:44:16.420 12195 12195 E ArmVmp : Match on catch block at 0xc3 in for 0x7135a10025
02-04 10:44:16.454 12195 12195 E ArmVmp : Match on catch block at 0xc3 in for 0x7135a10025
02-04 10:44:16.458 12195 12195 E ArmVmp : Match on catch block at 0xc3 in for 0x7135a10025
02-04 10:44:16.511 12195 12195 E ArmVmp : Match on catch block at 0xc3 in for 0x7135a10025
02-04 10:44:16.515 12195 12195 E ArmVmp : Match on catch block at 0xc3 in for 0x7135a10025
02-04 10:44:16.522 12195 12195 E ArmVmp : Match on catch block at 0xc3 in for 0x7135a10025
02-04 10:44:16.525 12195 12195 E ArmVmp : Match on catch block at 0xc3 in for 0x7135a10025
02-04 10:44:16.532 12195 12195 E ArmVmp : Match on catch block at 0xc3 in for 0x7135a10025
02-04 10:44:16.534 12195 12195 E ArmVmp : Match on catch block at 0xc3 in for 0x7135a10025
02-04 10:44:16.543 12195 12195 E ArmVmp : Match on catch block at 0xc3 in for 0x7135a10025
02-04 10:44:16.546 12195 12195 E ArmVmp : Match on catch block at 0xc3 in for 0x7135a10025
02-04 10:44:16.554 12195 12195 E ArmVmp : Match on catch block at 0xc3 in for 0x7135a10025
02-04 10:44:16.557 12195 12195 E ArmVmp : Match on catch block at 0xc3 in for 0x7135a10025
02-04 10:44:16.565 12195 12195 E ArmVmp : Match on catch block at 0xc3 in for 0x7135a10025
02-04 10:44:16.567 12195 12195 E ArmVmp : Match on catch block at 0xc3 in for 0x7135a10025
02-04 10:44:16.588 12195 12195 E ArmVmp : Match on catch block at 0xc3 in for 0x7135a10025
02-04 10:44:16.590 12195 12195 E ArmVmp : Match on catch block at 0xc3 in for 0x7135a10025
02-04 10:44:16.599 12195 12195 E ArmVmp : Match on catch block at 0xc3 in for 0x7135a10025
02-04 10:44:16.601 12195 12195 E ArmVmp : Match on catch block at 0xc3 in for 0x7135a10025
02-04 10:44:16.610 12195 12195 E ArmVmp : Match on catch block at 0xc3 in for 0x7135a10025
02-04 10:44:16.612 12195 12195 E ArmVmp : Match on catch block at 0xc3 in for 0x7135a10025
02-04 10:44:16.621 12195 12195 E ArmVmp : Match on catch block at 0xc3 in for 0x7135a10025
02-04 10:44:16.623 12195 12195 E ArmVmp : Match on catch block at 0xc3 in for 0x7135a10025
02-04 10:44:16.644 12195 12195 E ArmVmp : Match on catch block at 0xc3 in for 0x7135a10025
02-04 10:44:16.646 12195 12195 E ArmVmp : Match on catch block at 0xc3 in for 0x7135a10025
02-04 10:44:16.679 12195 12195 E ArmVmp : Match on catch block at 0xc3 in for 0x7135a10025
02-04 10:44:16.683 12195 12195 E ArmVmp : Match on catch block at 0xc3 in for 0x7135a10025
02-04 10:44:16.701 12195 12195 E ArmVmp : Match on catch block at 0xc3 in for 0x7135a10025
02-04 10:44:16.704 12195 12195 E ArmVmp : Match on catch block at 0xc3 in for 0x7135a10025
02-04 10:44:16.713 12195 12195 E ArmVmp : Match on catch block at 0xc3 in for 0x7135a10025
02-04 10:44:16.715 12195 12195 E ArmVmp : Match on catch block at 0xc3 in for 0x7135a10025
02-04 10:44:16.724 12195 12195 E ArmVmp : Match on catch block at 0xc3 in for 0x7135a10025
02-04 10:44:16.726 12195 12195 E ArmVmp : Match on catch block at 0xc3 in for 0x7135a10025
02-04 10:44:16.734 12195 12195 E ArmVmp : Match on catch block at 0xc3 in for 0x7135a10025
02-04 10:44:16.736 12195 12195 E ArmVmp : Match on catch block at 0xc3 in for 0x7135a10025
02-04 10:44:16.745 12195 12195 E ArmVmp : Match on catch block at 0xc3 in for 0x7135a10025
02-04 10:44:16.747 12195 12195 E ArmVmp : Match on catch block at 0xc3 in for 0x7135a10025
02-04 10:44:16.756 12195 12195 E ArmVmp : Match on catch block at 0xc3 in for 0x7135a10025
02-04 10:44:16.759 12195 12195 E ArmVmp : Match on catch block at 0xc3 in for 0x7135a10025
02-04 10:44:16.767 12195 12195 E ArmVmp : Match on catch block at 0xc3 in for 0x7135a10025
02-04 10:44:16.770 12195 12195 E ArmVmp : Match on catch block at 0xc3 in for 0x7135a10025
02-04 10:44:16.778 12195 12195 E ArmVmp : Match on catch block at 0xc3 in for 0x7135a10025
02-04 10:44:16.781 12195 12195 E ArmVmp : Match on catch block at 0xc3 in for 0x7135a10025
02-04 10:44:16.812 12195 12195 E ArmVmp : Match on catch block at 0xc3 in for 0x7135a10025
02-04 10:44:16.816 12195 12195 E ArmVmp : Match on catch block at 0xc3 in for 0x7135a10025
02-04 10:44:16.824 12195 12195 E ArmVmp : Match on catch block at 0xc3 in for 0x7135a10025
02-04 10:44:16.828 12195 12195 E ArmVmp : Match on catch block at 0xc3 in for 0x7135a10025
02-04 10:44:16.835 12195 12195 E ArmVmp : Match on catch block at 0xc3 in for 0x7135a10025
02-04 10:44:16.839 12195 12195 E ArmVmp : Match on catch block at 0xc3 in for 0x7135a10025
02-04 10:44:16.846 12195 12195 E ArmVmp : Match on catch block at 0xc3 in for 0x7135a10025
02-04 10:44:16.851 12195 12195 E ArmVmp : Match on catch block at 0xc3 in for 0x7135a10025
02-04 10:44:16.858 12195 12195 E ArmVmp : Match on catch block at 0xc3 in for 0x7135a10025
02-04 10:44:16.863 12195 12195 E ArmVmp : Match on catch block at 0xc3 in for 0x7135a10025
02-04 10:44:16.870 12195 12195 E ArmVmp : Match on catch block at 0xc3 in for 0x7135a10025
02-04 10:44:16.874 12195 12195 E ArmVmp : Match on catch block at 0xc3 in for 0x7135a10025
02-04 10:44:16.881 12195 12195 E ArmVmp : Match on catch block at 0xc3 in for 0x7135a10025
02-04 10:44:16.886 12195 12195 E ArmVmp : Match on catch block at 0xc3 in for 0x7135a10025
02-04 10:44:16.894 12195 12195 E ArmVmp : Match on catch block at 0xc3 in for 0x7135a10025
02-04 10:44:16.897 12195 12195 E ArmVmp : Match on catch block at 0xc3 in for 0x7135a10025
02-04 10:44:16.905 12195 12195 E ArmVmp : Match on catch block at 0xc3 in for 0x7135a10025
02-04 10:44:16.909 12195 12195 E ArmVmp : Match on catch block at 0xc3 in for 0x7135a10025
02-04 10:44:16.915 12195 12195 E ArmVmp : Match on catch block at 0xc3 in for 0x7135a10025
02-04 10:44:16.919 12195 12195 E ArmVmp : Match on catch block at 0xc3 in for 0x7135a10025
02-04 10:44:17.362 12195 12195 E ArmVmp : Match on catch block at 0xc3 in for 0x7135a10025
02-04 10:44:17.380 12195 12195 E ArmVmp : Match on catch block at 0xc3 in for 0x7135a10025
02-04 10:44:17.715 12195 12195 E ArmVmp : Match on catch block at 0xc3 in for 0x7135a10025
02-04 10:44:17.718 12195 12195 E ArmVmp : Match on catch block at 0xc3 in for 0x7135a10025
02-04 10:44:17.731 12195 12195 E ArmVmp : Match on catch block at 0xc3 in for 0x7135a10025
02-04 10:44:17.734 12195 12195 E ArmVmp : Match on catch block at 0xc3 in for 0x7135a10025
02-04 10:44:17.843 12195 12195 E ArmVmp : Match on catch block at 0xc3 in for 0x7135a10025
02-04 10:44:17.847 12195 12195 E ArmVmp : Match on catch block at 0xc3 in for 0x7135a10025
02-04 10:44:18.263 12195 12195 E ArmVmp : Match on catch block at 0xc3 in for 0x7135a10025
02-04 10:44:18.265 12195 12195 E ArmVmp : Match on catch block at 0xc3 in for 0x7135a10025
02-04 10:44:18.279 12195 12195 E ArmVmp : Match on catch block at 0xc3 in for 0x7135a10025
02-04 10:44:18.281 12195 12195 E ArmVmp : Match on catch block at 0xc3 in for 0x7135a10025
02-04 10:44:18.330 12195 12195 E IPCThreadState: attemptIncStrongHandle(122): Not supported
02-04 10:44:18.330 12195 12195 E IPCThreadState: attemptIncStrongHandle(104): Not supported
02-04 10:44:18.367 12195 12195 E ArmVmp : Match on catch block at 0xc3 in for 0x7135a10025
02-04 10:44:18.370 12195 12195 E ArmVmp : Match on catch block at 0xc3 in for 0x7135a10025
02-04 10:44:18.399 12195 12195 E ArmVmp : Match on catch block at 0xc3 in for 0x7135a10025
02-04 10:44:18.404 12195 12195 E ArmVmp : Match on catch block at 0xc3 in for 0x7135a10025
02-04 10:44:18.425 12195 12195 E ArmVmp : Match on catch block at 0xc3 in for 0x7135a10025
02-04 10:44:18.430 12195 12195 E ArmVmp : Match on catch block at 0xc3 in for 0x7135a10025
02-04 10:44:18.686 12195 12195 E ArmVmp : Match on catch block at 0xc3 in for 0x7135a10025
02-04 10:44:18.690 12195 12195 E ArmVmp : Match on catch block at 0xc3 in for 0x7135a10025
02-04 10:44:20.154 12195 12195 E ArmVmp : Match on catch block at 0x0a in for 0x7135a10035
02-04 10:44:20.155 12195 12195 E ArmVmp : Match on catch block at 0x0a in for 0x7135a10035
02-04 10:44:20.179 12195 12195 E OplusBracketLog: [OplusViewMirrorManager] updateHostViewRootIfNeeded, not support android.view.ViewRootImpl@867aa44
02-04 10:44:20.193 12195 12195 E IPCThreadState: attemptIncStrongHandle(79): Not supported
02-04 10:44:20.268 12195 12195 E ArmVmp : Match on catch block at 0xc3 in for 0x7135a10021
02-04 10:44:20.270 12195 12195 E ArmVmp : Match on catch block at 0xc3 in for 0x7135a10021
02-04 10:44:20.272 12195 12195 E ArmVmp : Match on catch block at 0xc3 in for 0x7135a10021
02-04 10:44:20.283 12195 26678 W Parcel : Expecting binder but got null!
02-04 10:44:20.284 12195 12195 W TextView: onProvideContentCaptureStructure(): calling assumeLayout()
02-04 10:44:20.284 12195 12195 W TextView: onProvideContentCaptureStructure(): calling assumeLayout()
02-04 10:44:20.284 12195 12195 W TextView: onProvideContentCaptureStructure(): calling assumeLayout()
02-04 10:44:20.284 12195 12195 W TextView: onProvideContentCaptureStructure(): calling assumeLayout()
02-04 10:44:20.284 12195 12195 W TextView: onProvideContentCaptureStructure(): calling assumeLayout()
02-04 10:44:20.284 12195 12195 W TextView: onProvideContentCaptureStructure(): calling assumeLayout()
02-04 10:44:20.284 12195 12195 W TextView: onProvideContentCaptureStructure(): calling assumeLayout()
02-04 10:44:20.285 12195 12195 W TextView: onProvideContentCaptureStructure(): calling assumeLayout()
02-04 10:44:20.285 12195 12195 W TextView: onProvideContentCaptureStructure(): calling assumeLayout()
02-04 10:44:20.285 12195 12195 W TextView: onProvideContentCaptureStructure(): calling assumeLayout()
02-04 10:44:20.285 12195 12195 W TextView: onProvideContentCaptureStructure(): calling assumeLayout()
02-04 10:44:20.285 12195 12195 W TextView: onProvideContentCaptureStructure(): calling assumeLayout()
02-04 10:44:20.285 12195 12195 W TextView: onProvideContentCaptureStructure(): calling assumeLayout()
02-04 10:44:20.285 12195 12195 W TextView: onProvideContentCaptureStructure(): calling assumeLayout()
02-04 10:44:20.286 12195 12195 W TextView: onProvideContentCaptureStructure(): calling assumeLayout()
02-04 10:44:20.296 12195 12195 E ArmVmp : Match on catch block at 0xc3 in for 0x7135a10025
02-04 10:44:20.298 12195 12195 E ArmVmp : Match on catch block at 0xc3 in for 0x7135a10025
02-04 10:44:20.300 12195 12195 E ArmVmp : Match on catch block at 0xc3 in for 0x7135a10025
02-04 10:44:20.319 12195 12195 E ArmVmp : Match on catch block at 0xc3 in for 0x7135a10025
02-04 10:44:20.324 12195 12195 E ArmVmp : Match on catch block at 0xc3 in for 0x7135a10025
02-04 10:44:20.325 12195 12195 E ArmVmp : Match on catch block at 0xc3 in for 0x7135a10025
02-04 10:44:20.340 12195 12195 E ArmVmp : Match on catch block at 0xc3 in for 0x7135a10025
02-04 10:44:20.343 12195 12195 E ArmVmp : Match on catch block at 0xc3 in for 0x7135a10025
