02-04 20:41:40.093 6223 6223 W ziparchive: Unable to open '/system/framework/mediatek-framework.dm': No such file or directory
02-04 20:41:40.097 6223 6246 E com.whatsapp: Could not write anonymous vdex /system/framework/oat/arm64/mediatek-framework.vdex: Could not open /system/framework/oat/arm64/mediatek-framework.vdex for writing
02-04 20:41:40.137 6223 6223 W libc : Access denied finding property "ro.odm.prev.product.name"
02-04 20:41:40.246 6223 6223 W System.err: java.lang.ClassNotFoundException: mbmodsd.mbmodsw.ui.views.btn.BtnBK
02-04 20:41:40.246 6223 6223 W System.err: at java.lang.Runtime.nativeLoad(Native Method)
02-04 20:41:40.246 6223 6223 W System.err: at java.lang.Runtime.nativeLoad(Runtime.java:1126)
02-04 20:41:40.246 6223 6223 W System.err: at java.lang.Runtime.loadLibrary0(Runtime.java:1080)
02-04 20:41:40.246 6223 6223 W System.err: at java.lang.Runtime.loadLibrary0(Runtime.java:1003)
02-04 20:41:40.246 6223 6223 W System.err: at java.lang.System.loadLibrary(System.java:1661)
02-04 20:41:40.247 6223 6223 W System.err: at arm.EpicVm.<clinit>(Unknown Source:2)
02-04 20:41:40.247 6223 6223 W System.err: at java.lang.Class.newInstance(Native Method)
02-04 20:41:40.247 6223 6223 W System.err: at android.app.AppComponentFactory.instantiateApplication(AppComponentFactory.java:76)
02-04 20:41:40.247 6223 6223 W System.err: at androidx.core.app.CoreComponentFactory.instantiateApplication(Unknown Source:0)
02-04 20:41:40.247 6223 6223 W System.err: at android.app.Instrumentation.newApplication(Instrumentation.java:1251)
02-04 20:41:40.247 6223 6223 W System.err: at android.app.LoadedApk.makeApplicationInner(LoadedApk.java:1507)
02-04 20:41:40.247 6223 6223 W System.err: at android.app.LoadedApk.makeApplicationInner(LoadedApk.java:1443)
02-04 20:41:40.247 6223 6223 W System.err: at android.app.ActivityThread.handleBindApplication(ActivityThread.java:7231)
02-04 20:41:40.247 6223 6223 W System.err: at android.app.ActivityThread.-$ $Nest$mhandleBindApplication(Unknown Source:0)
02-04 20:41:40.247 6223 6223 W System.err: at android.app.ActivityThread$H.handleMessage(ActivityThread.java:2307)
02-04 20:41:40.247 6223 6223 W System.err: at android.os.Handler.dispatchMessage(Handler.java:106)
02-04 20:41:40.247 6223 6223 W System.err: at android.os.Looper.loopOnce(Looper.java:240)
02-04 20:41:40.247 6223 6223 W System.err: at android.os.Looper.loop(Looper.java:351)
02-04 20:41:40.247 6223 6223 W System.err: at android.app.ActivityThread.main(ActivityThread.java:8435)
02-04 20:41:40.247 6223 6223 W System.err: at java.lang.reflect.Method.invoke(Native Method)
02-04 20:41:40.247 6223 6223 W System.err: at com.android.internal.os.RuntimeInit$MethodAndArgsCaller.run(RuntimeInit.java:568)
02-04 20:41:40.247 6223 6223 W System.err: at com.android.internal.os.ZygoteInit.main(ZygoteInit.java:1013)
02-04 20:41:40.261 6223 6223 E CustomActivityOnCrash: IMPORTANT WARNING! You already have an UncaughtExceptionHandler, are you sure this is correct? If you use a custom UncaughtExceptionHandler, you must initialize it AFTER CustomActivityOnCrash! Installing anyway, but your original handler will not be called.
02-04 20:41:40.333 6223 6255 W LibraryVersion: Failed to get app version for libraryName: firebase-iid
02-04 20:41:40.661 6223 6223 W com.whatsapp: Accessing hidden method Lcom/android/org/conscrypt/OpenSSLSocketImpl;->setUseSessionTickets(Z)V (max- target-q,core-platform-api, reflection, denied)
02-04 20:41:40.662 6223 6223 W com.whatsapp: Accessing hidden method Lcom/android/org/conscrypt/AbstractConscryptSocket;->setUseSessionTickets(Z)V (max- target-q, reflection, denied)
02-04 20:41:40.722 6223 6223 W com.whatsapp: type=1400 audit(0.0:66598): avc: granted { execute } for path="/data/data/com.whatsapp/files/decompressed/libs.spk.zst/libc++_shared.so" dev="dm-56" ino=135777 scontext=u:r:untrusted_app:s0:c38,c257,c512,c768 tcontext=u:object_r:app_data_file:s0:c38,c257,c512,c768 tclass=file app=com.whatsapp
02-04 20:41:40.738 6223 6223 W com.whatsapp: type=1400 audit(0.0:66599): avc: granted { execute } for path="/data/data/com.whatsapp/files/decompressed/libs.spk.zst/libvlc.so" dev="dm- 56" ino=57872 scontext=u:r:untrusted_app:s0:c38,c257,c512,c768 tcontext=u:object_r:app_data_file:s0:c38,c257,c512,c768 tclass=file app=com.whatsapp
02-04 20:41:40.750 6223 6223 W com.whatsapp: type=1400 audit(0.0:66600): avc: granted { execute } for path="/data/data/com.whatsapp/files/decompressed/libs.spk.zst/libwhatsapp.so" dev="dm-56" ino=58175 scontext=u:r:untrusted_app:s0:c38,c257,c512,c768 tcontext=u:object_r:app_data_file:s0:c38,c257,c512,c768 tclass=file app=com.whatsapp
02-04 20:41:40.810 6223 6223 W com.whatsapp: type=1400 audit(0.0:66601): avc: granted { execute } for path="/data/data/com.whatsapp/files/decompressed/libs.spk.zst/libcurve25519.so" dev="dm-56" ino=33805 scontext=u:r:untrusted_app:s0:c38,c257,c512,c768 tcontext=u:object_r:app_data_file:s0:c38,c257,c512,c768 tclass=file app=com.whatsapp
02-04 20:41:40.818 6223 6223 W com.whatsapp: type=1400 audit(0.0:66602): avc: granted { execute } for path="/data/data/com.whatsapp/files/decompressed/libs.spk.zst/libwhatsapp.so" dev="dm-56" ino=58175 scontext=u:r:untrusted_app:s0:c38,c257,c512,c768 tcontext=u:object_r:app_data_file:s0:c38,c257,c512,c768 tclass=file app=com.whatsapp
02-04 20:41:40.942 6223 6352 W com.whatsapp: Method void X.2rL.A03(java.lang.Integer) failed lock verification and will run slower.
02-04 20:41:40.942 6223 6352 W com.whatsapp: Common causes for lock verification issues are non-optimized dex code
02-04 20:41:40.942 6223 6352 W com.whatsapp: and incorrect proguard optimizations.
02-04 20:41:47.183 6223 6244 W OplusExSystemServiceHelper: checkOplusExSystemService intent getComponent is null
02-04 21:29:24.235 6223 6223 W com.whatsapp: Method void X.0eU.A0h(X.0tK, boolean) failed lock verification and will run slower.
02-04 21:29:24.317 6223 6223 W com.whatsapp: Method void com.whatsapp.HomeActivity.A6e() failed lock verification and will run slower.
02-04 21:29:24.318 6223 21092 E com.whatsapp: Loaded layer handle (3496599732253712147) for layer /my_product/lib64/libcolorx-loader.so
02-04 21:29:24.318 6223 21092 E com.whatsapp: Looking for entrypoint ColorX_Check
02-04 21:29:24.318 6223 21092 E com.whatsapp: Found ColorX_Check for /my_product/lib64/libcolorx-loader.so
02-04 21:29:24.318 6223 21092 E com.whatsapp: Check failed
02-04 21:29:24.320 6223 21092 W QT : qt_process_init() called
02-04 21:29:24.320 6223 21092 E QT : [QT]file does not exist
02-04 21:29:24.320 6223 21092 W QT : Support!!
02-04 21:29:24.321 6223 21092 E QT : [QT]file does not exist --------- beginning of system
02-04 21:29:24.344 6223 6223 E OplusCustomizeRestrictionManager: sInstance is null, start a new sInstance
02-04 21:29:24.486 6223 6223 E ArmVmp : Match on catch block at 0x0a in for 0x7135a10031
02-04 21:29:24.498 6223 6223 E ArmVmp : Match on catch block at 0x0a in for 0x7135a1004d
02-04 21:29:24.530 6223 6223 W Activity: Can request only one set of permissions at a time
02-04 21:29:24.570 6223 6223 E SchedAssist: ofbOpen failed with error=No such file or directory
02-04 21:29:24.571 6223 6223 E SchedAssist: sysOpen failed with error=No such file or directory
02-04 21:29:24.571 6223 6223 E SchedAssist: sharedImFd failed with error=Permission denied
02-04 21:29:24.603 6223 6223 E OplusBracketLog: [OplusViewMirrorManager] updateHostViewRootIfNeeded, not support android.view.ViewRootImpl@1572f6e
02-04 21:29:24.666 6223 21097 W com.whatsapp: Accessing hidden method Lcom/android/org/conscrypt/ConscryptEngineSocket;->setUseSessionTickets(Z)V (max- target-q,core-platform-api, reflection, denied)
02-04 21:29:24.667 6223 21097 W com.whatsapp: Accessing hidden method Lcom/android/org/conscrypt/OpenSSLSocketImpl;->setUseSessionTickets(Z)V (max- target-q,core-platform-api, reflection, denied)
02-04 21:29:24.667 6223 21097 W com.whatsapp: Accessing hidden method Lcom/android/org/conscrypt/AbstractConscryptSocket;->setUseSessionTickets(Z)V (max- target-q, reflection, denied)
02-04 21:29:24.667 6223 21097 W com.whatsapp: Accessing hidden method Lcom/android/org/conscrypt/ConscryptEngineSocket;->setHostname(Ljava/lang/String;)V (max-target-q,core-platform-api, reflection, denied)
02-04 21:29:24.667 6223 21097 W com.whatsapp: Accessing hidden method Lcom/android/org/conscrypt/OpenSSLSocketImpl;->setHostname(Ljava/lang/String;)V (max-target-q,core-platform-api, reflection, denied)
02-04 21:29:24.667 6223 21097 W com.whatsapp: Accessing hidden method Lcom/android/org/conscrypt/AbstractConscryptSocket;->setHostname(Ljava/lang/ String;)V (max-target-q, reflection, denied)
02-04 21:29:24.667 6223 21097 W com.whatsapp: Accessing hidden method Lcom/android/org/conscrypt/OpenSSLSocketImpl;->setAlpnProtocols([B)V (max-target- q,core-platform-api, reflection, denied)
02-04 21:29:24.667 6223 21097 W com.whatsapp: Accessing hidden method Lcom/android/org/conscrypt/AbstractConscryptSocket;->setAlpnProtocols([B)V (max- target-q, reflection, denied)
02-04 21:29:24.904 6223 6223 E RecyclerView: No adapter attached; skipping layout
02-04 21:29:24.908 6223 6223 W TextView: onProvideContentCaptureStructure(): calling assumeLayout()
02-04 21:29:24.909 6223 6223 W TextView: onProvideContentCaptureStructure(): calling assumeLayout()
02-04 21:29:24.909 6223 6223 W TextView: onProvideContentCaptureStructure(): calling assumeLayout()
02-04 21:29:24.909 6223 6223 W TextView: onProvideContentCaptureStructure(): calling assumeLayout()
02-04 21:29:24.909 6223 6223 W TextView: onProvideContentCaptureStructure(): calling assumeLayout()
02-04 21:29:24.909 6223 6223 W TextView: onProvideContentCaptureStructure(): calling assumeLayout()
02-04 21:29:24.909 6223 6223 W TextView: onProvideContentCaptureStructure(): calling assumeLayout()
02-04 21:29:24.909 6223 6223 W TextView: onProvideContentCaptureStructure(): calling assumeLayout()
02-04 21:29:24.909 6223 6223 W TextView: onProvideContentCaptureStructure(): calling assumeLayout()
02-04 21:29:24.909 6223 6223 W TextView: onProvideContentCaptureStructure(): calling assumeLayout()
02-04 21:29:24.909 6223 6223 W TextView: onProvideContentCaptureStructure(): calling assumeLayout()
02-04 21:29:24.909 6223 6223 W TextView: onProvideContentCaptureStructure(): calling assumeLayout()
02-04 21:29:24.910 6223 6223 W TextView: onProvideContentCaptureStructure(): calling assumeLayout()
02-04 21:29:24.910 6223 6223 W TextView: onProvideContentCaptureStructure(): calling assumeLayout()
02-04 21:29:24.910 6223 6223 W TextView: onProvideContentCaptureStructure(): calling assumeLayout()
02-04 21:29:24.910 6223 6223 W TextView: onProvideContentCaptureStructure(): calling assumeLayout()
02-04 21:29:24.910 6223 6223 W TextView: onProvideContentCaptureStructure(): calling assumeLayout()
02-04 21:29:24.910 6223 6223 W TextView: onProvideContentCaptureStructure(): calling assumeLayout()
02-04 21:29:24.910 6223 6223 W TextView: onProvideContentCaptureStructure(): calling assumeLayout()
02-04 21:29:24.910 6223 6223 W TextView: onProvideContentCaptureStructure(): calling assumeLayout()
02-04 21:29:24.910 6223 6223 W TextView: onProvideContentCaptureStructure(): calling assumeLayout()
02-04 21:29:24.910 6223 6223 W TextView: onProvideContentCaptureStructure(): calling assumeLayout()
02-04 21:29:24.910 6223 6223 W TextView: onProvideContentCaptureStructure(): calling assumeLayout()
02-04 21:29:24.910 6223 6223 W TextView: onProvideContentCaptureStructure(): calling assumeLayout()
02-04 21:29:24.910 6223 6223 W TextView: onProvideContentCaptureStructure(): calling assumeLayout()
02-04 21:29:24.910 6223 6223 W TextView: onProvideContentCaptureStructure(): calling assumeLayout()
02-04 21:29:24.911 6223 6223 W TextView: onProvideContentCaptureStructure(): calling assumeLayout()
02-04 21:29:24.911 6223 6223 W TextView: onProvideContentCaptureStructure(): calling assumeLayout()
02-04 21:29:24.911 6223 6223 W TextView: onProvideContentCaptureStructure(): calling assumeLayout()
02-04 21:29:24.911 6223 6223 W TextView: onProvideContentCaptureStructure(): calling assumeLayout()
02-04 21:29:24.911 6223 6223 W TextView: onProvideContentCaptureStructure(): calling assumeLayout()
02-04 21:29:24.911 6223 6223 W TextView: onProvideContentCaptureStructure(): calling assumeLayout()
02-04 21:29:24.911 6223 6223 W TextView: onProvideContentCaptureStructure(): calling assumeLayout()
02-04 21:29:24.911 6223 6223 W TextView: onProvideContentCaptureStructure(): calling assumeLayout()
02-04 21:29:24.911 6223 6223 W TextView: onProvideContentCaptureStructure(): calling assumeLayout()
02-04 21:29:24.911 6223 6223 W TextView: onProvideContentCaptureStructure(): calling assumeLayout()
02-04 21:29:24.911 6223 6223 W TextView: onProvideContentCaptureStructure(): calling assumeLayout()
02-04 21:29:24.911 6223 6223 W TextView: onProvideContentCaptureStructure(): calling assumeLayout()
02-04 21:29:24.911 6223 6223 W TextView: onProvideContentCaptureStructure(): calling assumeLayout()
02-04 21:29:24.912 6223 6223 W TextView: onProvideContentCaptureStructure(): calling assumeLayout()
02-04 21:29:24.912 6223 6223 W TextView: onProvideContentCaptureStructure(): calling assumeLayout()
02-04 21:29:24.912 6223 6223 W TextView: onProvideContentCaptureStructure(): calling assumeLayout()
02-04 21:29:24.912 6223 6223 W TextView: onProvideContentCaptureStructure(): calling assumeLayout()
02-04 21:29:24.912 6223 6223 W TextView: onProvideContentCaptureStructure(): calling assumeLayout()
02-04 21:29:24.912 6223 6223 W TextView: onProvideContentCaptureStructure(): calling assumeLayout()
02-04 21:29:24.912 6223 6223 W TextView: onProvideContentCaptureStructure(): calling assumeLayout()
02-04 21:29:24.912 6223 6223 W TextView: onProvideContentCaptureStructure(): calling assumeLayout()
02-04 21:29:24.912 6223 6223 W TextView: onProvideContentCaptureStructure(): calling assumeLayout()
02-04 21:29:24.912 6223 6223 W TextView: onProvideContentCaptureStructure(): calling assumeLayout()
02-04 21:29:24.912 6223 6223 W TextView: onProvideContentCaptureStructure(): calling assumeLayout()
02-04 21:29:24.913 6223 6223 W TextView: onProvideContentCaptureStructure(): calling assumeLayout()
02-04 21:29:24.916 6223 6223 E ArmVmp : Match on catch block at 0x0a in for 0x7135a10035
02-04 21:29:24.937 6223 6223 E RecyclerView: No adapter attached; skipping layout
02-04 21:29:24.951 6223 21097 W com.whatsapp: Accessing hidden method Lcom/android/org/conscrypt/OpenSSLSocketImpl;->getAlpnSelectedProtocol()[B (max- target-q,core-platform-api, reflection, denied)
02-04 21:29:24.951 6223 21097 W com.whatsapp: Accessing hidden method Lcom/android/org/conscrypt/AbstractConscryptSocket;->getAlpnSelectedProtocol()[B (max-target-q, reflection, denied)
02-04 21:29:25.004 6223 21123 W LOTTIE : Animation contains merge paths. Merge paths are only supported on KitKat+ and must be manually enabled by calling enableMergePathsForKitKatAndAbove().
02-04 21:29:25.084 6223 21091 W libc : Access denied finding property "ro.vendor.magt.mtk_magt_support"
02-04 21:29:25.107 6223 21091 W Parcel : Expecting binder but got null!
02-04 21:29:25.116 6223 6223 W LOTTIE : Animation contains merge paths but they are disabled.
02-04 21:29:25.243 6223 7063 W WM-Processor: Didn't find WorkSpec for id WorkGenerationalId(workSpecId=26693cd9-45fb-44da-9489-4370ddfadc92, generation=0)
02-04 21:29:26.561 6223 21170 E RenderScript: Failed loading RS driver: dlopen failed: library "libRSDriver_mtk.so" not found
02-04 21:29:26.561 6223 21170 E RenderScript: Failed to load runtime libRSDriver_mtk.so, loading default
02-04 21:29:26.655 6223 6223 E ArmVmp : Match on catch block at 0x0a in for 0x7135a10035
02-04 21:29:26.658 6223 6223 E ArmVmp : Match on catch block at 0x0a in for 0x7135a10035
02-04 21:29:26.686 6223 6223 E OplusBracketLog: [OplusViewMirrorManager] updateHostViewRootIfNeeded, not support android.view.ViewRootImpl@33d787
02-04 21:29:26.786 6223 6223 E ArmVmp : Match on catch block at 0xc3 in for 0x7135a10021
02-04 21:29:26.790 6223 6223 E ArmVmp : Match on catch block at 0xc3 in for 0x7135a10021
02-04 21:29:26.808 6223 21091 W Parcel : Expecting binder but got null!
02-04 21:29:26.809 6223 6223 W TextView: onProvideContentCaptureStructure(): calling assumeLayout()
02-04 21:29:26.809 6223 6223 W TextView: onProvideContentCaptureStructure(): calling assumeLayout()
02-04 21:29:26.809 6223 6223 W TextView: onProvideContentCaptureStructure(): calling assumeLayout()
02-04 21:29:26.809 6223 6223 W TextView: onProvideContentCaptureStructure(): calling assumeLayout()
02-04 21:29:26.809 6223 6223 W TextView: onProvideContentCaptureStructure(): calling assumeLayout()
02-04 21:29:26.810 6223 6223 W TextView: onProvideContentCaptureStructure(): calling assumeLayout()
02-04 21:29:26.810 6223 6223 W TextView: onProvideContentCaptureStructure(): calling assumeLayout()
02-04 21:29:26.810 6223 6223 W TextView: onProvideContentCaptureStructure(): calling assumeLayout()
02-04 21:29:26.810 6223 6223 W TextView: onProvideContentCaptureStructure(): calling assumeLayout()
02-04 21:29:26.810 6223 6223 W TextView: onProvideContentCaptureStructure(): calling assumeLayout()
02-04 21:29:26.810 6223 6223 W TextView: onProvideContentCaptureStructure(): calling assumeLayout()
02-04 21:29:26.810 6223 6223 W TextView: onProvideContentCaptureStructure(): calling assumeLayout()
02-04 21:29:26.811 6223 6223 W TextView: onProvideContentCaptureStructure(): calling assumeLayout()
02-04 21:29:26.811 6223 6223 W TextView: onProvideContentCaptureStructure(): calling assumeLayout()
02-04 21:29:26.830 6223 6223 E ArmVmp : Match on catch block at 0xc3 in for 0x7135a10025
02-04 21:29:26.832 6223 6223 E ArmVmp : Match on catch block at 0xc3 in for 0x7135a10025
02-04 21:29:26.860 6223 6223 E ArmVmp : Match on catch block at 0xc3 in for 0x7135a10025
02-04 21:29:26.862 6223 6223 E ArmVmp : Match on catch block at 0xc3 in for 0x7135a10025
02-04 21:29:26.872 6223 6223 E ArmVmp : Match on catch block at 0xc3 in for 0x7135a10025
02-04 21:29:26.875 6223 6223 E ArmVmp : Match on catch block at 0xc3 in for 0x7135a10025
02-04 21:29:26.887 6223 6223 E ArmVmp : Match on catch block at 0xc3 in for 0x7135a10025
02-04 21:29:26.889 6223 6223 E ArmVmp : Match on catch block at 0xc3 in for 0x7135a10025
02-04 21:29:26.910 6223 6223 E ArmVmp : Match on catch block at 0xc3 in for 0x7135a10025
02-04 21:29:26.912 6223 6223 E ArmVmp : Match on catch block at 0xc3 in for 0x7135a10025
02-04 21:29:26.920 6223 6223 E ArmVmp : Match on catch block at 0xc3 in for 0x7135a10025
02-04 21:29:26.924 6223 6223 E ArmVmp : Match on catch block at 0xc3 in for 0x7135a10025
02-04 21:29:26.931 6223 6223 E ArmVmp : Match on catch block at 0xc3 in for 0x7135a10025
02-04 21:29:26.933 6223 6223 E ArmVmp : Match on catch block at 0xc3 in for 0x7135a10025
02-04 21:29:26.942 6223 6223 E ArmVmp : Match on catch block at 0xc3 in for 0x7135a10025
02-04 21:29:26.946 6223 6223 E ArmVmp : Match on catch block at 0xc3 in for 0x7135a10025
02-04 21:29:26.953 6223 6223 E ArmVmp : Match on catch block at 0xc3 in for 0x7135a10025
02-04 21:29:26.956 6223 6223 E ArmVmp : Match on catch block at 0xc3 in for 0x7135a10025
02-04 21:29:26.964 6223 6223 E ArmVmp : Match on catch block at 0xc3 in for 0x7135a10025
02-04 21:29:26.966 6223 6223 E ArmVmp : Match on catch block at 0xc3 in for 0x7135a10025
02-04 21:29:27.403 6223 6223 E ArmVmp : Match on catch block at 0xc3 in for 0x7135a10025
02-04 21:29:27.416 6223 6223 E ArmVmp : Match on catch block at 0xc3 in for 0x7135a10025
02-04 21:29:27.911 6223 6223 E ArmVmp : Match on catch block at 0xc3 in for 0x7135a10025
02-04 21:29:27.920 6223 6223 E ArmVmp : Match on catch block at 0xc3 in for 0x7135a10025
02-04 21:29:28.035 6223 6223 E ArmVmp : Match on catch block at 0xc3 in for 0x7135a10025
02-04 21:29:28.037 6223 6223 E ArmVmp : Match on catch block at 0xc3 in for 0x7135a10025
02-04 21:29:28.065 6223 6223 W OnBackInvokedCallback: OnBackInvokedCallback is not enabled for the application.
02-04 21:29:28.065 6223 6223 W OnBackInvokedCallback: Set 'android:enableOnBackInvokedCallback="true"' in the application manifest.
02-04 21:29:28.101 6223 6223 E ArmVmp : Match on catch block at 0xc3 in for 0x7135a10025
02-04 21:29:28.103 6223 6223 E ArmVmp : Match on catch block at 0xc3 in for 0x7135a10025
02-04 21:29:28.110 6223 6223 E ArmVmp : Match on catch block at 0xc3 in for 0x7135a10025
02-04 21:29:28.114 6223 6223 E ArmVmp : Match on catch block at 0xc3 in for 0x7135a10025
02-04 21:29:28.412 6223 6223 E ArmVmp : Match on catch block at 0xc3 in for 0x7135a10025
02-04 21:29:28.415 6223 6223 E ArmVmp : Match on catch block at 0xc3 in for 0x7135a10025
02-04 21:29:28.673 6223 6223 E ArmVmp : Match on catch block at 0xc3 in for 0x7135a10025
02-04 21:29:28.682 6223 6223 E ArmVmp : Match on catch block at 0xc3 in for 0x7135a10025
02-04 21:29:28.697 6223 6223 E ArmVmp : Match on catch block at 0xc3 in for 0x7135a10025
02-04 21:29:28.700 6223 6223 E ArmVmp : Match on catch block at 0xc3 in for 0x7135a10025
02-04 21:29:28.703 6223 6223 E ArmVmp : Match on catch block at 0xc3 in for 0x7135a10025
02-04 21:29:28.705 6223 6223 E ArmVmp : Match on catch block at 0xc3 in for 0x7135a10025
02-04 21:29:28.713 6223 6223 E ArmVmp : Match on catch block at 0xc3 in for 0x7135a10025
02-04 21:29:28.715 6223 6223 E ArmVmp : Match on catch block at 0xc3 in for 0x7135a10025
02-04 21:29:28.725 6223 6223 E ArmVmp : Match on catch block at 0xc3 in for 0x7135a10025
02-04 21:29:28.727 6223 6223 E ArmVmp : Match on catch block at 0xc3 in for 0x7135a10025
02-04 21:29:28.736 6223 6223 E ArmVmp : Match on catch block at 0xc3 in for 0x7135a10025
02-04 21:29:28.738 6223 6223 E ArmVmp : Match on catch block at 0xc3 in for 0x7135a10025
02-04 21:29:28.748 6223 6223 E ArmVmp : Match on catch block at 0xc3 in for 0x7135a10025
02-04 21:29:28.750 6223 6223 E ArmVmp : Match on catch block at 0xc3 in for 0x7135a10025
02-04 21:29:28.759 6223 6223 E ArmVmp : Match on catch block at 0xc3 in for 0x7135a10025
02-04 21:29:28.763 6223 6223 E ArmVmp : Match on catch block at 0xc3 in for 0x7135a10025
02-04 21:29:28.770 6223 6223 E ArmVmp : Match on catch block at 0xc3 in for 0x7135a10025
02-04 21:29:28.773 6223 6223 E ArmVmp : Match on catch block at 0xc3 in for 0x7135a10025
02-04 21:29:28.783 6223 6223 E ArmVmp : Match on catch block at 0xc3 in for 0x7135a10025
02-04 21:29:28.786 6223 6223 E ArmVmp : Match on catch block at 0xc3 in for 0x7135a10025
02-04 21:29:28.793 6223 6223 E ArmVmp : Match on catch block at 0xc3 in for 0x7135a10025
02-04 21:29:28.795 6223 6223 E ArmVmp : Match on catch block at 0xc3 in for 0x7135a10025
02-04 21:29:28.804 6223 6223 E ArmVmp : Match on catch block at 0xc3 in for 0x7135a10025
02-04 21:29:28.807 6223 6223 E ArmVmp : Match on catch block at 0xc3 in for 0x7135a10025
02-04 21:29:28.815 6223 6223 E ArmVmp : Match on catch block at 0xc3 in for 0x7135a10025
02-04 21:29:28.819 6223 6223 E ArmVmp : Match on catch block at 0xc3 in for 0x7135a10025
02-04 21:29:28.826 6223 6223 E ArmVmp : Match on catch block at 0xc3 in for 0x7135a10025
02-04 21:29:28.830 6223 6223 E ArmVmp : Match on catch block at 0xc3 in for 0x7135a10025
02-04 21:29:28.837 6223 6223 E ArmVmp : Match on catch block at 0xc3 in for 0x7135a10025
02-04 21:29:28.841 6223 6223 E ArmVmp : Match on catch block at 0xc3 in for 0x7135a10025
02-04 21:29:28.848 6223 6223 E ArmVmp : Match on catch block at 0xc3 in for 0x7135a10025
02-04 21:29:28.852 6223 6223 E ArmVmp : Match on catch block at 0xc3 in for 0x7135a10025
02-04 21:29:28.860 6223 6223 E ArmVmp : Match on catch block at 0xc3 in for 0x7135a10025
02-04 21:29:28.862 6223 6223 E ArmVmp : Match on catch block at 0xc3 in for 0x7135a10025
02-04 21:29:28.916 6223 6223 E ArmVmp : Match on catch block at 0xc3 in for 0x7135a10025
02-04 21:29:28.920 6223 6223 E ArmVmp : Match on catch block at 0xc3 in for 0x7135a10025
02-04 21:29:29.107 6223 6223 E ArmVmp : Match on catch block at 0xc3 in for 0x7135a10025
02-04 21:29:29.111 6223 6223 E ArmVmp : Match on catch block at 0xc3 in for 0x7135a10025
02-04 21:29:29.208 6223 6223 E ArmVmp : Match on catch block at 0xc3 in for 0x7135a10025
02-04 21:29:29.214 6223 6223 E ArmVmp : Match on catch block at 0xc3 in for 0x7135a10025
02-04 21:29:29.320 6223 6223 E ArmVmp : Match on catch block at 0xc3 in for 0x7135a10025
02-04 21:29:29.323 6223 6223 E ArmVmp : Match on catch block at 0xc3 in for 0x7135a10025
02-04 21:29:29.827 6223 6223 E ArmVmp : Match on catch block at 0xc3 in for 0x7135a10025
02-04 21:29:29.833 6223 6223 E ArmVmp : Match on catch block at 0xc3 in for 0x7135a10025
02-04 21:29:30.255 6223 6223 E ArmVmp : Match on catch block at 0xc3 in for 0x7135a10025
02-04 21:29:30.257 6223 6223 E ArmVmp : Match on catch block at 0xc3 in for 0x7135a10025
02-04 21:29:30.397 6223 6223 E ArmVmp : Match on catch block at 0xc3 in for 0x7135a10025
02-04 21:29:30.399 6223 6223 E ArmVmp : Match on catch block at 0xc3 in for 0x7135a10025
02-04 21:29:30.666 6223 6223 E ArmVmp : Match on catch block at 0xc3 in for 0x7135a10025
02-04 21:29:30.669 6223 6223 E ArmVmp : Match on catch block at 0xc3 in for 0x7135a10025
02-04 21:29:30.681 6223 6223 E ArmVmp : Match on catch block at 0xc3 in for 0x7135a10025
02-04 21:29:30.684 6223 6223 E ArmVmp : Match on catch block at 0xc3 in for 0x7135a10025
02-04 21:29:30.703 6223 6223 E ArmVmp : Match on catch block at 0xc3 in for 0x7135a10025
02-04 21:29:30.705 6223 6223 E ArmVmp : Match on catch block at 0xc3 in for 0x7135a10025
02-04 21:29:30.711 6223 6223 E ArmVmp : Match on catch block at 0xc3 in for 0x7135a10025
02-04 21:29:30.713 6223 6223 E ArmVmp : Match on catch block at 0xc3 in for 0x7135a10025
02-04 21:29:30.722 6223 6223 E ArmVmp : Match on catch block at 0xc3 in for 0x7135a10025
02-04 21:29:30.725 6223 6223 E ArmVmp : Match on catch block at 0xc3 in for 0x7135a10025
02-04 21:29:30.733 6223 6223 E ArmVmp : Match on catch block at 0xc3 in for 0x7135a10025
02-04 21:29:30.736 6223 6223 E ArmVmp : Match on catch block at 0xc3 in for 0x7135a10025
02-04 21:29:30.758 6223 6223 E ArmVmp : Match on catch block at 0xc3 in for 0x7135a10025
02-04 21:29:30.761 6223 6223 E ArmVmp : Match on catch block at 0xc3 in for 0x7135a10025
02-04 21:29:30.769 6223 6223 E ArmVmp : Match on catch block at 0xc3 in for 0x7135a10025
02-04 21:29:30.773 6223 6223 E ArmVmp : Match on catch block at 0xc3 in for 0x7135a10025
02-04 21:29:30.783 6223 6223 E ArmVmp : Match on catch block at 0xc3 in for 0x7135a10025
02-04 21:29:30.785 6223 6223 E ArmVmp : Match on catch block at 0xc3 in for 0x7135a10025
02-04 21:29:30.789 6223 6223 E ArmVmp : Match on catch block at 0xc3 in for 0x7135a10025
02-04 21:29:30.792 6223 6223 E ArmVmp : Match on catch block at 0xc3 in for 0x7135a10025
02-04 21:29:30.800 6223 6223 E ArmVmp : Match on catch block at 0xc3 in for 0x7135a10025
02-04 21:29:30.803 6223 6223 E ArmVmp : Match on catch block at 0xc3 in for 0x7135a10025
02-04 21:29:30.811 6223 6223 E ArmVmp : Match on catch block at 0xc3 in for 0x7135a10025
02-04 21:29:30.817 6223 6223 E ArmVmp : Match on catch block at 0xc3 in for 0x7135a10025
02-04 21:29:30.822 6223 6223 E ArmVmp : Match on catch block at 0xc3 in for 0x7135a10025
02-04 21:29:30.825 6223 6223 E ArmVmp : Match on catch block at 0xc3 in for 0x7135a10025
02-04 21:29:30.834 6223 6223 E ArmVmp : Match on catch block at 0xc3 in for 0x7135a10025
02-04 21:29:30.837 6223 6223 E ArmVmp : Match on catch block at 0xc3 in for 0x7135a10025
02-04 21:29:30.845 6223 6223 E ArmVmp : Match on catch block at 0xc3 in for 0x7135a10025
02-04 21:29:30.848 6223 6223 E ArmVmp : Match on catch block at 0xc3 in for 0x7135a10025
02-04 21:29:30.857 6223 6223 E ArmVmp : Match on catch block at 0xc3 in for 0x7135a10025
02-04 21:29:30.859 6223 6223 E ArmVmp : Match on catch block at 0xc3 in for 0x7135a10025
02-04 21:29:30.868 6223 6223 E ArmVmp : Match on catch block at 0xc3 in for 0x7135a10025
02-04 21:29:30.871 6223 6223 E ArmVmp : Match on catch block at 0xc3 in for 0x7135a10025
02-04 21:29:31.062 6223 6223 E ArmVmp : Match on catch block at 0xc3 in for 0x7135a10025
02-04 21:29:31.066 6223 6223 E ArmVmp : Match on catch block at 0xc3 in for 0x7135a10025
02-04 21:29:31.085 6223 21106 W MediaPlayer: Use of stream types is deprecated for operations other than volume control
02-04 21:29:31.085 6223 21106 W MediaPlayer: See the documentation of setAudioStreamType() for what to use instead with android.media.AudioAttributes to qualify your playback use case
02-04 21:29:31.182 6223 6223 E ArmVmp : Match on catch block at 0xc3 in for 0x7135a10025
02-04 21:29:31.185 6223 6223 E ArmVmp : Match on catch block at 0xc3 in for 0x7135a10025
02-04 21:29:31.521 6223 6223 E ArmVmp : Match on catch block at 0xc3 in for 0x7135a10025
02-04 21:29:31.526 6223 6223 E ArmVmp : Match on catch block at 0xc3 in for 0x7135a10025
02-04 21:29:31.542 6223 6223 E ArmVmp : Match on catch block at 0xc3 in for 0x7135a10025
02-04 21:29:31.545 6223 6223 E ArmVmp : Match on catch block at 0xc3 in for 0x7135a10025
02-04 21:29:31.551 6223 6223 E ArmVmp : Match on catch block at 0xc3 in for 0x7135a10025
02-04 21:29:31.554 6223 6223 E ArmVmp : Match on catch block at 0xc3 in for 0x7135a10025
02-04 21:29:31.562 6223 6223 E ArmVmp : Match on catch block at 0xc3 in for 0x7135a10025
02-04 21:29:31.566 6223 6223 E ArmVmp : Match on catch block at 0xc3 in for 0x7135a10025
02-04 21:29:31.574 6223 6223 E ArmVmp : Match on catch block at 0xc3 in for 0x7135a10025
02-04 21:29:31.577 6223 6223 E ArmVmp : Match on catch block at 0xc3 in for 0x7135a10025
02-04 21:29:31.585 6223 6223 E ArmVmp : Match on catch block at 0xc3 in for 0x7135a10025
02-04 21:29:31.588 6223 6223 E ArmVmp : Match on catch block at 0xc3 in for 0x7135a10025
02-04 21:29:31.596 6223 6223 E ArmVmp : Match on catch block at 0xc3 in for 0x7135a10025
02-04 21:29:31.599 6223 6223 E ArmVmp : Match on catch block at 0xc3 in for 0x7135a10025
02-04 21:29:31.608 6223 6223 E ArmVmp : Match on catch block at 0xc3 in for 0x7135a10025
02-04 21:29:31.612 6223 6223 E ArmVmp : Match on catch block at 0xc3 in for 0x7135a10025
02-04 21:29:31.620 6223 6223 E ArmVmp : Match on catch block at 0xc3 in for 0x7135a10025
02-04 21:29:31.624 6223 6223 E ArmVmp : Match on catch block at 0xc3 in for 0x7135a10025
02-04 21:29:31.633 6223 6223 E ArmVmp : Match on catch block at 0xc3 in for 0x7135a10025
02-04 21:29:31.637 6223 6223 E ArmVmp : Match on catch block at 0xc3 in for 0x7135a10025
02-04 21:29:31.654 6223 6223 E ArmVmp : Match on catch block at 0xc3 in for 0x7135a10025
02-04 21:29:31.657 6223 6223 E ArmVmp : Match on catch block at 0xc3 in for 0x7135a10025
02-04 21:29:31.664 6223 6223 E ArmVmp : Match on catch block at 0xc3 in for 0x7135a10025
02-04 21:29:31.673 6223 6223 E ArmVmp : Match on catch block at 0xc3 in for 0x7135a10025
02-04 21:29:31.675 6223 6223 E ArmVmp : Match on catch block at 0xc3 in for 0x7135a10025
02-04 21:29:31.677 6223 6223 E ArmVmp : Match on catch block at 0xc3 in for 0x7135a10025
02-04 21:29:31.687 6223 6223 E ArmVmp : Match on catch block at 0xc3 in for 0x7135a10025
02-04 21:29:31.691 6223 6223 E ArmVmp : Match on catch block at 0xc3 in for 0x7135a10025
02-04 21:29:31.698 6223 6223 E ArmVmp : Match on catch block at 0xc3 in for 0x7135a10025
02-04 21:29:31.701 6223 6223 E ArmVmp : Match on catch block at 0xc3 in for 0x7135a10025
02-04 21:29:31.709 6223 6223 E ArmVmp : Match on catch block at 0xc3 in for 0x7135a10025
02-04 21:29:31.714 6223 6223 E ArmVmp : Match on catch block at 0xc3 in for 0x7135a10025
02-04 21:29:31.822 6223 6223 E ArmVmp : Match on catch block at 0xc3 in for 0x7135a10025
02-04 21:29:31.826 6223 6223 E ArmVmp : Match on catch block at 0xc3 in for 0x7135a10025
02-04 21:29:31.889 6223 6223 E ArmVmp : Match on catch block at 0xc3 in for 0x7135a10025
02-04 21:29:31.894 6223 6223 E ArmVmp : Match on catch block at 0xc3 in for 0x7135a10025
02-04 21:29:32.125 6223 6223 E ArmVmp : Match on catch block at 0xc3 in for 0x7135a10025
02-04 21:29:32.132 6223 6223 E ArmVmp : Match on catch block at 0xc3 in for 0x7135a10025
02-04 21:29:32.408 6223 6223 E ArmVmp : Match on catch block at 0xc3 in for 0x7135a10025
02-04 21:29:32.414 6223 6223 E ArmVmp : Match on catch block at 0xc3 in for 0x7135a10025
02-04 21:29:32.619 6223 6223 E ArmVmp : Match on catch block at 0xc3 in for 0x7135a10025
02-04 21:29:32.623 6223 6223 E ArmVmp : Match on catch block at 0xc3 in for 0x7135a10025
02-04 21:29:32.629 6223 6223 E ArmVmp : Match on catch block at 0xc3 in for 0x7135a10025
02-04 21:29:32.631 6223 6223 E ArmVmp : Match on catch block at 0xc3 in for 0x7135a10025
02-04 21:29:32.640 6223 6223 E ArmVmp : Match on catch block at 0xc3 in for 0x7135a10025
02-04 21:29:32.643 6223 6223 E ArmVmp : Match on catch block at 0xc3 in for 0x7135a10025
02-04 21:29:32.651 6223 6223 E ArmVmp : Match on catch block at 0xc3 in for 0x7135a10025
02-04 21:29:32.654 6223 6223 E ArmVmp : Match on catch block at 0xc3 in for 0x7135a10025
02-04 21:29:32.662 6223 6223 E ArmVmp : Match on catch block at 0xc3 in for 0x7135a10025
02-04 21:29:32.665 6223 6223 E ArmVmp : Match on catch block at 0xc3 in for 0x7135a10025
02-04 21:29:32.674 6223 6223 E ArmVmp : Match on catch block at 0xc3 in for 0x7135a10025
02-04 21:29:32.677 6223 6223 E ArmVmp : Match on catch block at 0xc3 in for 0x7135a10025
02-04 21:29:32.685 6223 6223 E ArmVmp : Match on catch block at 0xc3 in for 0x7135a10025
02-04 21:29:32.687 6223 6223 E ArmVmp : Match on catch block at 0xc3 in for 0x7135a10025
02-04 21:29:32.696 6223 6223 E ArmVmp : Match on catch block at 0xc3 in for 0x7135a10025
02-04 21:29:32.700 6223 6223 E ArmVmp : Match on catch block at 0xc3 in for 0x7135a10025
02-04 21:29:32.707 6223 6223 E ArmVmp : Match on catch block at 0xc3 in for 0x7135a10025
02-04 21:29:32.710 6223 6223 E ArmVmp : Match on catch block at 0xc3 in for 0x7135a10025
02-04 21:29:32.719 6223 6223 E ArmVmp : Match on catch block at 0xc3 in for 0x7135a10025
02-04 21:29:32.722 6223 6223 E ArmVmp : Match on catch block at 0xc3 in for 0x7135a10025
02-04 21:29:32.730 6223 6223 E ArmVmp : Match on catch block at 0xc3 in for 0x7135a10025
02-04 21:29:32.734 6223 6223 E ArmVmp : Match on catch block at 0xc3 in for 0x7135a10025
02-04 21:29:32.741 6223 6223 E ArmVmp : Match on catch block at 0xc3 in for 0x7135a10025
02-04 21:29:32.745 6223 6223 E ArmVmp : Match on catch block at 0xc3 in for 0x7135a10025
02-04 21:29:32.753 6223 6223 E ArmVmp : Match on catch block at 0xc3 in for 0x7135a10025
02-04 21:29:32.757 6223 6223 E ArmVmp : Match on catch block at 0xc3 in for 0x7135a10025
02-04 21:29:32.764 6223 6223 E ArmVmp : Match on catch block at 0xc3 in for 0x7135a10025
02-04 21:29:32.767 6223 6223 E ArmVmp : Match on catch block at 0xc3 in for 0x7135a10025
02-04 21:29:32.775 6223 6223 E ArmVmp : Match on catch block at 0xc3 in for 0x7135a10025
02-04 21:29:32.779 6223 6223 E ArmVmp : Match on catch block at 0xc3 in for 0x7135a10025
02-04 21:29:32.785 6223 6223 E ArmVmp : Match on catch block at 0xc3 in for 0x7135a10025
02-04 21:29:32.788 6223 6223 E ArmVmp : Match on catch block at 0xc3 in for 0x7135a10025
02-04 21:29:32.797 6223 6223 E ArmVmp : Match on catch block at 0xc3 in for 0x7135a10025
02-04 21:29:32.804 6223 6223 E ArmVmp : Match on catch block at 0xc3 in for 0x7135a10025
02-04 21:29:32.817 6223 6223 E ArmVmp : Match on catch block at 0xc3 in for 0x7135a10025
02-04 21:29:32.820 6223 6223 E ArmVmp : Match on catch block at 0xc3 in for 0x7135a10025
02-04 21:29:32.830 6223 6223 E ArmVmp : Match on catch block at 0xc3 in for 0x7135a10025
02-04 21:29:32.833 6223 6223 E ArmVmp : Match on catch block at 0xc3 in for 0x7135a10025
02-04 21:29:32.841 6223 6223 E ArmVmp : Match on catch block at 0xc3 in for 0x7135a10025
02-04 21:29:32.844 6223 6223 E ArmVmp : Match on catch block at 0xc3 in for 0x7135a10025
02-04 21:29:32.853 6223 6223 E ArmVmp : Match on catch block at 0xc3 in for 0x7135a10025
02-04 21:29:32.855 6223 6223 E ArmVmp : Match on catch block at 0xc3 in for 0x7135a10025
02-04 21:29:32.864 6223 6223 E ArmVmp : Match on catch block at 0xc3 in for 0x7135a10025
02-04 21:29:32.867 6223 6223 E ArmVmp : Match on catch block at 0xc3 in for 0x7135a10025
02-04 21:29:32.875 6223 6223 E ArmVmp : Match on catch block at 0xc3 in for 0x7135a10025
02-04 21:29:32.879 6223 6223 E ArmVmp : Match on catch block at 0xc3 in for 0x7135a10025
02-04 21:29:32.887 6223 6223 E ArmVmp : Match on catch block at 0xc3 in for 0x7135a10025
02-04 21:29:32.890 6223 6223 E ArmVmp : Match on catch block at 0xc3 in for 0x7135a10025
02-04 21:29:32.898 6223 6223 E ArmVmp : Match on catch block at 0xc3 in for 0x7135a10025
02-04 21:29:32.900 6223 6223 E ArmVmp : Match on catch block at 0xc3 in for 0x7135a10025
02-04 21:29:32.909 6223 6223 E ArmVmp : Match on catch block at 0xc3 in for 0x7135a10025
02-04 21:29:32.913 6223 6223 E ArmVmp : Match on catch block at 0xc3 in for 0x7135a10025
02-04 21:29:32.921 6223 6223 E ArmVmp : Match on catch block at 0xc3 in for 0x7135a10025
02-04 21:29:32.924 6223 6223 E ArmVmp : Match on catch block at 0xc3 in for 0x7135a10025
02-04 21:29:32.933 6223 6223 E ArmVmp : Match on catch block at 0xc3 in for 0x7135a10025
02-04 21:29:32.937 6223 6223 E ArmVmp : Match on catch block at 0xc3 in for 0x7135a10025
02-04 21:29:32.943 6223 6223 E ArmVmp : Match on catch block at 0xc3 in for 0x7135a10025
02-04 21:29:32.948 6223 6223 E ArmVmp : Match on catch block at 0xc3 in for 0x7135a10025
02-04 21:29:32.955 6223 6223 E ArmVmp : Match on catch block at 0xc3 in for 0x7135a10025
02-04 21:29:32.958 6223 6223 E ArmVmp : Match on catch block at 0xc3 in for 0x7135a10025
02-04 21:29:32.965 6223 6223 E ArmVmp : Match on catch block at 0xc3 in for 0x7135a10025
02-04 21:29:32.969 6223 6223 E ArmVmp : Match on catch block at 0xc3 in for 0x7135a10025
02-04 21:29:32.977 6223 6223 E ArmVmp : Match on catch block at 0xc3 in for 0x7135a10025
02-04 21:29:32.980 6223 6223 E ArmVmp : Match on catch block at 0xc3 in for 0x7135a10025
02-04 21:29:32.988 6223 6223 E ArmVmp : Match on catch block at 0xc3 in for 0x7135a10025
02-04 21:29:32.991 6223 6223 E ArmVmp : Match on catch block at 0xc3 in for 0x7135a10025
02-04 21:29:32.999 6223 6223 E ArmVmp : Match on catch block at 0xc3 in for 0x7135a10025
02-04 21:29:33.002 6223 6223 E ArmVmp : Match on catch block at 0xc3 in for 0x7135a10025
02-04 21:29:33.011 6223 6223 E ArmVmp : Match on catch block at 0xc3 in for 0x7135a10025
02-04 21:29:33.014 6223 6223 E ArmVmp : Match on catch block at 0xc3 in for 0x7135a10025
02-04 21:29:33.021 6223 6223 E ArmVmp : Match on catch block at 0xc3 in for 0x7135a10025
02-04 21:29:33.023 6223 6223 E ArmVmp : Match on catch block at 0xc3 in for 0x7135a10025
02-04 21:29:33.327 6223 6223 E ArmVmp : Match on catch block at 0xc3 in for 0x7135a10025
02-04 21:29:33.331 6223 6223 E ArmVmp : Match on catch block at 0xc3 in for 0x7135a10025
02-04 21:29:33.562 6223 6223 E ArmVmp : Match on catch block at 0xc3 in for 0x7135a10025
02-04 21:29:33.566 6223 6223 E ArmVmp : Match on catch block at 0xc3 in for 0x7135a10025
02-04 21:29:34.021 6223 6223 E ArmVmp : Match on catch block at 0xc3 in for 0x7135a10025
02-04 21:29:34.025 6223 6223 E ArmVmp : Match on catch block at 0xc3 in for 0x7135a10025
02-04 21:29:34.097 6223 6223 E ArmVmp : Match on catch block at 0xc3 in for 0x7135a10025
02-04 21:29:34.102 6223 6223 E ArmVmp : Match on catch block at 0xc3 in for 0x7135a10025
02-04 21:29:34.187 6223 6223 E ArmVmp : Match on catch block at 0xc3 in for 0x7135a10025
02-04 21:29:34.190 6223 6223 E ArmVmp : Match on catch block at 0xc3 in for 0x7135a10025
02-04 21:29:34.289 6223 6223 E ArmVmp : Match on catch block at 0xc3 in for 0x7135a10025
02-04 21:29:34.296 6223 6223 E ArmVmp : Match on catch block at 0xc3 in for 0x7135a10025
02-04 21:29:34.468 6223 6223 E ArmVmp : Match on catch block at 0xc3 in for 0x7135a10025
02-04 21:29:34.473 6223 6223 E ArmVmp : Match on catch block at 0xc3 in for 0x7135a10025
02-04 21:29:34.636 6223 6223 E ArmVmp : Match on catch block at 0xc3 in for 0x7135a10025
02-04 21:29:34.639 6223 6223 E ArmVmp : Match on catch block at 0xc3 in for 0x7135a10025
02-04 21:29:34.692 6223 6223 E ArmVmp : Match on catch block at 0xc3 in for 0x7135a10025
02-04 21:29:34.698 6223 6223 E ArmVmp : Match on catch block at 0xc3 in for 0x7135a10025
02-04 21:29:34.838 6223 6223 E ArmVmp : Match on catch block at 0xc3 in for 0x7135a10025
02-04 21:29:34.841 6223 6223 E ArmVmp : Match on catch block at 0xc3 in for 0x7135a10025
02-04 21:29:34.939 6223 6223 E ArmVmp : Match on catch block at 0xc3 in for 0x7135a10025
02-04 21:29:34.942 6223 6223 E ArmVmp : Match on catch block at 0xc3 in for 0x7135a10025
02-04 21:29:35.108 6223 6223 E ArmVmp : Match on catch block at 0xc3 in for 0x7135a10025
02-04 21:29:35.116 6223 6223 E ArmVmp : Match on catch block at 0xc3 in for 0x7135a10025
02-04 21:29:35.317 6223 6223 E ArmVmp : Match on catch block at 0xc3 in for 0x7135a10025
02-04 21:29:35.320 6223 6223 E ArmVmp : Match on catch block at 0xc3 in for 0x7135a10025
02-04 21:29:35.331 6223 6223 E ArmVmp : Match on catch block at 0xc3 in for 0x7135a10025
02-04 21:29:35.334 6223 6223 E ArmVmp : Match on catch block at 0xc3 in for 0x7135a10025
02-04 21:29:35.387 6223 6223 E ArmVmp : Match on catch block at 0xc3 in for 0x7135a10025
02-04 21:29:35.389 6223 6223 E ArmVmp : Match on catch block at 0xc3 in for 0x7135a10025
02-04 21:29:35.757 6223 6223 E ArmVmp : Match on catch block at 0xc3 in for 0x7135a10025
02-04 21:29:35.762 6223 6223 E ArmVmp : Match on catch block at 0xc3 in for 0x7135a10025
02-04 21:29:35.791 6223 6223 E ArmVmp : Match on catch block at 0xc3 in for 0x7135a10025
02-04 21:29:35.793 6223 6223 E ArmVmp : Match on catch block at 0xc3 in for 0x7135a10025
02-04 21:29:35.926 6223 6223 E ArmVmp : Match on catch block at 0xc3 in for 0x7135a10025
02-04 21:29:35.928 6223 6223 E ArmVmp : Match on catch block at 0xc3 in for 0x7135a10025
02-04 21:29:36.016 6223 6223 E ArmVmp : Match on catch block at 0xc3 in for 0x7135a10025
02-04 21:29:36.019 6223 6223 E ArmVmp : Match on catch block at 0xc3 in for 0x7135a10025
02-04 21:29:36.138 6223 6223 E ArmVmp : Match on catch block at 0xc3 in for 0x7135a10025
02-04 21:29:36.141 6223 6223 E ArmVmp : Match on catch block at 0xc3 in for 0x7135a10025
02-04 21:29:36.150 6223 6223 E ArmVmp : Match on catch block at 0xc3 in for 0x7135a10025
02-04 21:29:36.152 6223 6223 E ArmVmp : Match on catch block at 0xc3 in for 0x7135a10025
02-04 21:29:36.512 6223 6223 E ArmVmp : Match on catch block at 0xc3 in for 0x7135a10025
02-04 21:29:36.515 6223 6223 E ArmVmp : Match on catch block at 0xc3 in for 0x7135a10025
02-04 21:29:36.532 6223 6223 E ArmVmp : Match on catch block at 0xc3 in for 0x7135a10025
02-04 21:29:36.536 6223 6223 E ArmVmp : Match on catch block at 0xc3 in for 0x7135a10025
02-04 21:29:36.645 6223 6223 E ArmVmp : Match on catch block at 0xc3 in for 0x7135a10025
02-04 21:29:36.649 6223 6223 E ArmVmp : Match on catch block at 0xc3 in for 0x7135a10025
02-04 21:29:37.131 6223 6223 E ArmVmp : Match on catch block at 0xc3 in for 0x7135a10025
02-04 21:29:37.133 6223 6223 E ArmVmp : Match on catch block at 0xc3 in for 0x7135a10025
02-04 21:29:37.148 6223 6223 E ArmVmp : Match on catch block at 0xc3 in for 0x7135a10025
02-04 21:29:37.151 6223 6223 E ArmVmp : Match on catch block at 0xc3 in for 0x7135a10025
02-04 21:29:37.372 6223 6223 E ArmVmp : Match on catch block at 0xc3 in for 0x7135a10025
02-04 21:29:37.375 6223 6223 E ArmVmp : Match on catch block at 0xc3 in for 0x7135a10025
02-04 21:29:37.390 6223 6223 E ArmVmp : Match on catch block at 0xc3 in for 0x7135a10025
02-04 21:29:37.392 6223 6223 E ArmVmp : Match on catch block at 0xc3 in for 0x7135a10025
02-04 21:29:37.409 6223 6223 E ArmVmp : Match on catch block at 0xc3 in for 0x7135a10025
02-04 21:29:37.411 6223 6223 E ArmVmp : Match on catch block at 0xc3 in for 0x7135a10025
02-04 21:29:37.433 6223 6223 E ArmVmp : Match on catch block at 0xc3 in for 0x7135a10025
02-04 21:29:37.435 6223 6223 E ArmVmp : Match on catch block at 0xc3 in for 0x7135a10025
02-04 21:29:37.442 6223 6223 E ArmVmp : Match on catch block at 0xc3 in for 0x7135a10025
02-04 21:29:37.444 6223 6223 E ArmVmp : Match on catch block at 0xc3 in for 0x7135a10025
02-04 21:29:37.452 6223 6223 E ArmVmp : Match on catch block at 0xc3 in for 0x7135a10025
02-04 21:29:37.454 6223 6223 E ArmVmp : Match on catch block at 0xc3 in for 0x7135a10025
02-04 21:29:37.462 6223 6223 E ArmVmp : Match on catch block at 0xc3 in for 0x7135a10025
02-04 21:29:37.463 6223 6223 E ArmVmp : Match on catch block at 0xc3 in for 0x7135a10025
02-04 21:29:37.473 6223 6223 E ArmVmp : Match on catch block at 0xc3 in for 0x7135a10025
02-04 21:29:37.475 6223 6223 E ArmVmp : Match on catch block at 0xc3 in for 0x7135a10025
02-04 21:29:37.484 6223 6223 E ArmVmp : Match on catch block at 0xc3 in for 0x7135a10025
02-04 21:29:37.488 6223 6223 E ArmVmp : Match on catch block at 0xc3 in for 0x7135a10025
02-04 21:29:37.504 6223 6223 E ArmVmp : Match on catch block at 0xc3 in for 0x7135a10025
02-04 21:29:37.506 6223 6223 E ArmVmp : Match on catch block at 0xc3 in for 0x7135a10025
02-04 21:29:37.512 6223 6223 E ArmVmp : Match on catch block at 0xc3 in for 0x7135a10025
02-04 21:29:37.514 6223 6223 E ArmVmp : Match on catch block at 0xc3 in for 0x7135a10025
02-04 21:29:37.518 6223 6223 E ArmVmp : Match on catch block at 0xc3 in for 0x7135a10025
02-04 21:29:37.519 6223 6223 E ArmVmp : Match on catch block at 0xc3 in for 0x7135a10025
02-04 21:29:37.529 6223 6223 E ArmVmp : Match on catch block at 0xc3 in for 0x7135a10025
02-04 21:29:37.534 6223 6223 E ArmVmp : Match on catch block at 0xc3 in for 0x7135a10025
02-04 21:29:37.540 6223 6223 E ArmVmp : Match on catch block at 0xc3 in for 0x7135a10025
02-04 21:29:37.542 6223 6223 E ArmVmp : Match on catch block at 0xc3 in for 0x7135a10025
02-04 21:29:37.551 6223 6223 E ArmVmp : Match on catch block at 0xc3 in for 0x7135a10025
02-04 21:29:37.554 6223 6223 E ArmVmp : Match on catch block at 0xc3 in for 0x7135a10025
02-04 21:29:37.563 6223 6223 E ArmVmp : Match on catch block at 0xc3 in for 0x7135a10025
02-04 21:29:37.565 6223 6223 E ArmVmp : Match on catch block at 0xc3 in for 0x7135a10025
02-04 21:29:37.574 6223 6223 E ArmVmp : Match on catch block at 0xc3 in for 0x7135a10025
02-04 21:29:37.577 6223 6223 E ArmVmp : Match on catch block at 0xc3 in for 0x7135a10025
02-04 21:29:37.792 6223 6223 E ArmVmp : Match on catch block at 0xc3 in for 0x7135a10025
02-04 21:29:37.798 6223 6223 E ArmVmp : Match on catch block at 0xc3 in for 0x7135a10025
02-04 21:29:37.811 6223 21106 W MediaPlayer: Use of stream types is deprecated for operations other than volume control
02-04 21:29:37.811 6223 21106 W MediaPlayer: See the documentation of setAudioStreamType() for what to use instead with android.media.AudioAttributes to qualify your playback use case
02-04 21:29:37.897 6223 6223 E ArmVmp : Match on catch block at 0xc3 in for 0x7135a10025
02-04 21:29:37.909 6223 6223 E ArmVmp : Match on catch block at 0xc3 in for 0x7135a10025
02-04 21:29:38.073 6223 6223 E ArmVmp : Match on catch block at 0xc3 in for 0x7135a10025
02-04 21:29:38.076 6223 6223 E ArmVmp : Match on catch block at 0xc3 in for 0x7135a10025
02-04 21:29:38.082 6223 6223 E ArmVmp : Match on catch block at 0xc3 in for 0x7135a10025
02-04 21:29:38.084 6223 6223 E ArmVmp : Match on catch block at 0xc3 in for 0x7135a10025
02-04 21:29:38.091 6223 6223 E ArmVmp : Match on catch block at 0xc3 in for 0x7135a10025
02-04 21:29:38.094 6223 6223 E ArmVmp : Match on catch block at 0xc3 in for 0x7135a10025
02-04 21:29:38.102 6223 6223 E ArmVmp : Match on catch block at 0xc3 in for 0x7135a10025
02-04 21:29:38.105 6223 6223 E ArmVmp : Match on catch block at 0xc3 in for 0x7135a10025
02-04 21:29:38.135 6223 6223 E ArmVmp : Match on catch block at 0xc3 in for 0x7135a10025
02-04 21:29:38.136 6223 6223 E ArmVmp : Match on catch block at 0xc3 in for 0x7135a10025
02-04 21:29:38.144 6223 6223 E ArmVmp : Match on catch block at 0xc3 in for 0x7135a10025
02-04 21:29:38.146 6223 6223 E ArmVmp : Match on catch block at 0xc3 in for 0x7135a10025
02-04 21:29:38.154 6223 6223 E ArmVmp : Match on catch block at 0xc3 in for 0x7135a10025
02-04 21:29:38.156 6223 6223 E ArmVmp : Match on catch block at 0xc3 in for 0x7135a10025
02-04 21:29:38.161 6223 6223 E ArmVmp : Match on catch block at 0xc3 in for 0x7135a10025
02-04 21:29:38.163 6223 6223 E ArmVmp : Match on catch block at 0xc3 in for 0x7135a10025
02-04 21:29:38.169 6223 6223 E ArmVmp : Match on catch block at 0xc3 in for 0x7135a10025
02-04 21:29:38.171 6223 6223 E ArmVmp : Match on catch block at 0xc3 in for 0x7135a10025
02-04 21:29:38.180 6223 6223 E ArmVmp : Match on catch block at 0xc3 in for 0x7135a10025
02-04 21:29:38.182 6223 6223 E ArmVmp : Match on catch block at 0xc3 in for 0x7135a10025
02-04 21:29:38.191 6223 6223 E ArmVmp : Match on catch block at 0xc3 in for 0x7135a10025
02-04 21:29:38.194 6223 6223 E ArmVmp : Match on catch block at 0xc3 in for 0x7135a10025
02-04 21:29:38.203 6223 6223 E ArmVmp : Match on catch block at 0xc3 in for 0x7135a10025
02-04 21:29:38.206 6223 6223 E ArmVmp : Match on catch block at 0xc3 in for 0x7135a10025
02-04 21:29:38.214 6223 6223 E ArmVmp : Match on catch block at 0xc3 in for 0x7135a10025
02-04 21:29:38.216 6223 6223 E ArmVmp : Match on catch block at 0xc3 in for 0x7135a10025
02-04 21:29:38.225 6223 6223 E ArmVmp : Match on catch block at 0xc3 in for 0x7135a10025
02-04 21:29:38.228 6223 6223 E ArmVmp : Match on catch block at 0xc3 in for 0x7135a10025
02-04 21:29:38.236 6223 6223 E ArmVmp : Match on catch block at 0xc3 in for 0x7135a10025
02-04 21:29:38.241 6223 6223 E ArmVmp : Match on catch block at 0xc3 in for 0x7135a10025
02-04 21:29:38.247 6223 6223 E ArmVmp : Match on catch block at 0xc3 in for 0x7135a10025
02-04 21:29:38.250 6223 6223 E ArmVmp : Match on catch block at 0xc3 in for 0x7135a10025
02-04 21:29:38.259 6223 6223 E ArmVmp : Match on catch block at 0xc3 in for 0x7135a10025
02-04 21:29:38.262 6223 6223 E ArmVmp : Match on catch block at 0xc3 in for 0x7135a10025
