02-06 00:10:31.569 28492 28492 W TextView: onProvideContentCaptureStructure(): calling assumeLayout()
02-06 00:10:31.569 28492 28492 W TextView: onProvideContentCaptureStructure(): calling assumeLayout()
02-06 00:10:31.569 28492 28492 W TextView: onProvideContentCaptureStructure(): calling assumeLayout()
02-06 00:10:31.569 28492 28492 W TextView: onProvideContentCaptureStructure(): calling assumeLayout()
02-06 00:10:31.569 28492 28492 W TextView: onProvideContentCaptureStructure(): calling assumeLayout()
02-06 00:10:31.569 28492 28492 W TextView: onProvideContentCaptureStructure(): calling assumeLayout()
02-06 00:10:31.569 28492 28492 W TextView: onProvideContentCaptureStructure(): calling assumeLayout()
02-06 00:10:31.569 28492 28492 W TextView: onProvideContentCaptureStructure(): calling assumeLayout()
02-06 00:10:31.569 28492 28492 W TextView: onProvideContentCaptureStructure(): calling assumeLayout()
02-06 00:10:31.570 28492 28492 W TextView: onProvideContentCaptureStructure(): calling assumeLayout()
02-06 00:10:31.570 28492 28492 W TextView: onProvideContentCaptureStructure(): calling assumeLayout()
02-06 00:10:31.570 28492 28492 W TextView: onProvideContentCaptureStructure(): calling assumeLayout()
02-06 00:10:31.570 28492 28492 W TextView: onProvideContentCaptureStructure(): calling assumeLayout()
02-06 00:10:31.570 28492 28492 W TextView: onProvideContentCaptureStructure(): calling assumeLayout()
02-06 00:10:31.570 28492 28492 W TextView: onProvideContentCaptureStructure(): calling assumeLayout()
02-06 00:10:31.570 28492 28492 W TextView: onProvideContentCaptureStructure(): calling assumeLayout()
02-06 00:10:31.570 28492 28492 W TextView: onProvideContentCaptureStructure(): calling assumeLayout()
02-06 00:10:31.570 28492 28492 W TextView: onProvideContentCaptureStructure(): calling assumeLayout()
02-06 00:10:31.570 28492 28492 W TextView: onProvideContentCaptureStructure(): calling assumeLayout()
02-06 00:10:31.570 28492 28492 W TextView: onProvideContentCaptureStructure(): calling assumeLayout()
02-06 00:10:31.570 28492 28492 W TextView: onProvideContentCaptureStructure(): calling assumeLayout()
02-06 00:10:31.570 28492 28492 W TextView: onProvideContentCaptureStructure(): calling assumeLayout()
02-06 00:10:31.571 28492 28492 W TextView: onProvideContentCaptureStructure(): calling assumeLayout()
02-06 00:10:31.571 28492 28492 W TextView: onProvideContentCaptureStructure(): calling assumeLayout()
02-06 00:10:31.571 28492 28492 W TextView: onProvideContentCaptureStructure(): calling assumeLayout()
02-06 00:10:31.572 28492 28492 W TextView: onProvideContentCaptureStructure(): calling assumeLayout()
02-06 00:10:31.572 28492 28492 W TextView: onProvideContentCaptureStructure(): calling assumeLayout()
02-06 00:10:31.572 28492 28492 W TextView: onProvideContentCaptureStructure(): calling assumeLayout()
02-06 00:10:31.572 28492 28492 W TextView: onProvideContentCaptureStructure(): calling assumeLayout()
02-06 00:10:31.572 28492 28492 W TextView: onProvideContentCaptureStructure(): calling assumeLayout()
02-06 00:10:31.572 28492 28492 W TextView: onProvideContentCaptureStructure(): calling assumeLayout()
02-06 00:10:31.572 28492 28492 W TextView: onProvideContentCaptureStructure(): calling assumeLayout()
02-06 00:10:31.572 28492 28492 W TextView: onProvideContentCaptureStructure(): calling assumeLayout()
02-06 00:10:31.573 28492 28492 W TextView: onProvideContentCaptureStructure(): calling assumeLayout()
02-06 00:10:31.573 28492 28492 W TextView: onProvideContentCaptureStructure(): calling assumeLayout()
02-06 00:10:31.573 28492 28492 W TextView: onProvideContentCaptureStructure(): calling assumeLayout()
02-06 00:10:31.573 28492 28492 W TextView: onProvideContentCaptureStructure(): calling assumeLayout()
02-06 00:10:31.573 28492 28492 W TextView: onProvideContentCaptureStructure(): calling assumeLayout()
02-06 00:10:31.573 28492 28492 W TextView: onProvideContentCaptureStructure(): calling assumeLayout()
02-06 00:10:31.573 28492 28492 W TextView: onProvideContentCaptureStructure(): calling assumeLayout()
02-06 00:10:31.574 28492 28492 W TextView: onProvideContentCaptureStructure(): calling assumeLayout()
02-06 00:10:31.579 28492 28492 E ArmVmp : Match on catch block at 0x0a in for 0x7135a10035
02-06 00:10:31.604 28492 28492 E RecyclerView: No adapter attached; skipping layout
02-06 00:10:31.693 28492 30188 W LOTTIE : Animation contains merge paths. Merge paths are only supported on KitKat+ and must be manually enabled by calling enableMergePathsForKitKatAndAbove().
02-06 00:10:31.805 28492 28492 W LOTTIE : Animation contains merge paths but they are disabled.
02-06 00:10:34.768 28492 28492 E OplusBracketLog: [OplusViewMirrorManager] updateHostViewRootIfNeeded, not support android.view.ViewRootImpl@28a7386
02-06 00:10:34.808 28492 30054 W Parcel : Expecting binder but got null!
02-06 00:10:34.829 28492 28492 W BottomSheetBehavior: BottomSheetBehavior now supports multiple callbacks. `setBottomSheetCallback()` removes all existing callbacks, including ones set internally by library authors, which may result in unintended behavior. This may change in the future. Please use `addBottomSheetCallback()` and `removeBottomSheetCallback()` instead to set your own callbacks.
02-06 00:10:34.829 28492 28492 W BottomSheetBehavior: BottomSheetBehavior now supports multiple callbacks. `setBottomSheetCallback()` removes all existing callbacks, including ones set internally by library authors, which may result in unintended behavior. This may change in the future. Please use `addBottomSheetCallback()` and `removeBottomSheetCallback()` instead to set your own callbacks.
02-06 00:10:34.895 28492 28492 W BottomSheetBehavior: BottomSheetBehavior now supports multiple callbacks. `setBottomSheetCallback()` removes all existing callbacks, including ones set internally by library authors, which may result in unintended behavior. This may change in the future. Please use `addBottomSheetCallback()` and `removeBottomSheetCallback()` instead to set your own callbacks.
02-06 00:10:34.895 28492 28492 W BottomSheetBehavior: BottomSheetBehavior now supports multiple callbacks. `setBottomSheetCallback()` removes all existing callbacks, including ones set internally by library authors, which may result in unintended behavior. This may change in the future. Please use `addBottomSheetCallback()` and `removeBottomSheetCallback()` instead to set your own callbacks.
02-06 00:10:34.905 28492 28492 E RecyclerView: No adapter attached; skipping layout
02-06 00:10:35.203 28492 28640 E SQLiteDatabase: Error inserting transferred=1 media_job_uuid=38529435-0e20-40da-89a2-82f52e43a031 transcoded=0 gif_attribution=0 first_scan_length=4933 direct_path=/v/t62.7118- 24/30730783_392108836805913_2972816648967754774_n.enc?ccb=11- 4&oh=01_AdTDwnTxiGpMKhJkvYxq94GWNXKnN4arL8COc7a-XOUWug&oe=65E9371D&_nc_sid=5e03e0 thumbnail_height_width_ratio=1.7777778 is_animated_sticker=0 file_hash=7UjZ1EJwTzxx8Ko3H3OwXBAP3sm5iszq8UUdFT40JcA= file_path=Media/.Statuses/d0f3f8b38af24c80b0dc33e1b502a697.jpg file_size=41043 partial_media_hash=0nqAouop0B7uYB6mZJmejayPiZRIScU1RF3ayXXolY0= face_x=142 face_y=290 height=1080 trim_to=0 media_key_timestamp=1707192647000 message_url=https://mmg.whatsapp.net/v/t62.7118- 24/30730783_392108836805913_2972816648967754774_n.enc?ccb=11- 4&oh=01_AdTDwnTxiGpMKhJkvYxq94GWNXKnN4arL8COc7a- XOUWug&oe=65E9371D&_nc_sid=5e03e0&mms3=true media_caption=null trim_from=0 mime_type=image/jpeg partial_media_enc_hash=null width=608 original_file_hash=null has_streaming_sidecar=1 autotransfer_retry_enabled=1 media_upload_handle=null message_row_id=2433 multicast_id=null enc_file_hash=/PW0oPQRzZuSdeORNC4DfbPsBUwg2IUvJbfdhd7D5No= mute_video=0 page_count=0 first_scan_sidecar=[B@7695798 suspicious_content=0 file_length=41043 media_name=null media_duration=0 chat_row_id=8 media_key=[B@81acbf1
02-06 00:10:35.203 28492 28640 E SQLiteDatabase: android.database.sqlite.SQLiteConstraintException: UNIQUE constraint failed: message_media.message_row_id (code 1555 SQLITE_CONSTRAINT_PRIMARYKEY)
02-06 00:10:35.203 28492 28640 E SQLiteDatabase: at android.database.sqlite.SQLiteConnection.nativeExecuteForLastInsertedRowId(Native Method)
02-06 00:10:35.203 28492 28640 E SQLiteDatabase: at android.database.sqlite.SQLiteConnection.executeForLastInsertedRowId(SQLiteConnecti on.java:967)
02-06 00:10:35.203 28492 28640 E SQLiteDatabase: at android.database.sqlite.SQLiteSession.executeForLastInsertedRowId(SQLiteSession.jav a:790)
02-06 00:10:35.203 28492 28640 E SQLiteDatabase: at android.database.sqlite.SQLiteStatement.executeInsert(SQLiteStatement.java:89)
02-06 00:10:35.203 28492 28640 E SQLiteDatabase: at android.database.sqlite.SQLiteDatabase.insertWithOnConflict(SQLiteDatabase.java:186 8)
02-06 00:10:35.203 28492 28640 E SQLiteDatabase: at android.database.sqlite.SQLiteDatabase.insert(SQLiteDatabase.java:1737)
02-06 00:10:35.203 28492 28640 E SQLiteDatabase: at X.2tm.A08(Unknown Source:6)
02-06 00:10:35.203 28492 28640 E SQLiteDatabase: at X.35Y.A07(Unknown Source:212)
02-06 00:10:35.203 28492 28640 E SQLiteDatabase: at X.3QF.A14(Unknown Source:470)
02-06 00:10:35.203 28492 28640 E SQLiteDatabase: at X.3gU.run(Unknown Source:982)
02-06 00:10:35.203 28492 28640 E SQLiteDatabase: at android.os.Handler.handleCallback(Handler.java:942)
02-06 00:10:35.203 28492 28640 E SQLiteDatabase: at android.os.Handler.dispatchMessage(Handler.java:99)
02-06 00:10:35.203 28492 28640 E SQLiteDatabase: at X.0zq.dispatchMessage(Unknown Source:4)
02-06 00:10:35.203 28492 28640 E SQLiteDatabase: at android.os.Looper.loopOnce(Looper.java:240)
02-06 00:10:35.203 28492 28640 E SQLiteDatabase: at android.os.Looper.loop(Looper.java:351)
02-06 00:10:35.203 28492 28640 E SQLiteDatabase: at android.os.HandlerThread.run(HandlerThread.java:67)
02-06 00:10:35.466 28492 28662 E ion : ioctl c0044901 failed with code -1: Invalid argument
02-06 00:10:35.572 28492 28640 E SQLiteDatabase: Error inserting transferred=1 media_job_uuid=05087974-8eb3-4fbe-809b-9446464a506a transcoded=0 gif_attribution=0 first_scan_length=0 direct_path=/o1/v/t62.7118-24/f1/m269/up-oil-image-47d2046b- ce01-4a4b-a930-fe9a9e87ccd1?ccb=9- 4&oh=01_AdTDHtiS8k8vSG94EFgRGMZNQ1e80XdlqXWLqa6SPJ8LDA&oe=65E91458&_nc_sid=000000 thumbnail_height_width_ratio=1.7777778 is_animated_sticker=0 file_hash=DYVwTQkfrd2q0W9MWJn2+UeUuXcfeyEyBLtlWLP5d8U= file_path=Media/.Statuses/d685cbe8015d4e1088eaf721c7a1753d.jpg file_size=318392 partial_media_hash=null face_x=0 face_y=0 height=1472 trim_to=0 media_key_timestamp=1707192698000 message_url=https://mmg.whatsapp.net/o1/v/t62.7118-24/f1/m269/up-oil-image- 47d2046b-ce01-4a4b-a930-fe9a9e87ccd1?ccb=9- 4&oh=01_AdTDHtiS8k8vSG94EFgRGMZNQ1e80XdlqXWLqa6SPJ8LDA&oe=65E91458&_nc_sid=000000&m ms3=true media_caption=null trim_from=0 mime_type=image/jpeg partial_media_enc_hash=null width=828 original_file_hash=null has_streaming_sidecar=0 autotransfer_retry_enabled=1 media_upload_handle=null message_row_id=2434 multicast_id=null enc_file_hash=LaRj2uHaIOgLpC0GspWAKFIEuSRaZ39QanmJ7IpZ2ys= mute_video=0 page_count=0 first_scan_sidecar=null suspicious_content=0 file_length=318392 media_name=null media_duration=0 chat_row_id=8 media_key=[B@c5ccc85
02-06 00:10:35.572 28492 28640 E SQLiteDatabase: android.database.sqlite.SQLiteConstraintException: UNIQUE constraint failed: message_media.message_row_id (code 1555 SQLITE_CONSTRAINT_PRIMARYKEY)
02-06 00:10:35.572 28492 28640 E SQLiteDatabase: at android.database.sqlite.SQLiteConnection.nativeExecuteForLastInsertedRowId(Native Method)
02-06 00:10:35.572 28492 28640 E SQLiteDatabase: at android.database.sqlite.SQLiteConnection.executeForLastInsertedRowId(SQLiteConnecti on.java:967)
02-06 00:10:35.572 28492 28640 E SQLiteDatabase: at android.database.sqlite.SQLiteSession.executeForLastInsertedRowId(SQLiteSession.jav a:790)
02-06 00:10:35.572 28492 28640 E SQLiteDatabase: at android.database.sqlite.SQLiteStatement.executeInsert(SQLiteStatement.java:89)
02-06 00:10:35.572 28492 28640 E SQLiteDatabase: at android.database.sqlite.SQLiteDatabase.insertWithOnConflict(SQLiteDatabase.java:186 8)
02-06 00:10:35.572 28492 28640 E SQLiteDatabase: at android.database.sqlite.SQLiteDatabase.insert(SQLiteDatabase.java:1737)
02-06 00:10:35.572 28492 28640 E SQLiteDatabase: at X.2tm.A08(Unknown Source:6)
02-06 00:10:35.572 28492 28640 E SQLiteDatabase: at X.35Y.A07(Unknown Source:212)
02-06 00:10:35.572 28492 28640 E SQLiteDatabase: at X.3QF.A14(Unknown Source:470)
02-06 00:10:35.572 28492 28640 E SQLiteDatabase: at X.3gU.run(Unknown Source:982)
02-06 00:10:35.572 28492 28640 E SQLiteDatabase: at android.os.Handler.handleCallback(Handler.java:942)
02-06 00:10:35.572 28492 28640 E SQLiteDatabase: at android.os.Handler.dispatchMessage(Handler.java:99)
02-06 00:10:35.572 28492 28640 E SQLiteDatabase: at X.0zq.dispatchMessage(Unknown Source:4)
02-06 00:10:35.572 28492 28640 E SQLiteDatabase: at android.os.Looper.loopOnce(Looper.java:240)
02-06 00:10:35.572 28492 28640 E SQLiteDatabase: at android.os.Looper.loop(Looper.java:351)
02-06 00:10:35.572 28492 28640 E SQLiteDatabase: at android.os.HandlerThread.run(HandlerThread.java:67)
02-06 00:10:36.015 28492 28492 W BottomSheetBehavior: BottomSheetBehavior now supports multiple callbacks. `setBottomSheetCallback()` removes all existing callbacks, including ones set internally by library authors, which may result in unintended behavior. This may change in the future. Please use `addBottomSheetCallback()` and `removeBottomSheetCallback()` instead to set your own callbacks.
02-06 00:10:36.015 28492 28492 W BottomSheetBehavior: BottomSheetBehavior now supports multiple callbacks. `setBottomSheetCallback()` removes all existing callbacks, including ones set internally by library authors, which may result in unintended behavior. This may change in the future. Please use `addBottomSheetCallback()` and `removeBottomSheetCallback()` instead to set your own callbacks.
02-06 00:10:36.025 28492 28492 E RecyclerView: No adapter attached; skipping layout
02-06 00:10:36.495 28492 28640 E SQLiteDatabase: Error inserting transferred=0 media_job_uuid=cdcfd959-daa8-4aec-b39a-bc6e3e1f9419 transcoded=0 gif_attribution=0 first_scan_length=0 direct_path=/v/t62.7161- 24/32577346_360124163482190_1745110190771113655_n.enc?ccb=11- 4&oh=01_AdSH5VL7U0nDhvYDwj0T-ZmN4wE282LpePzx6GTzx5qkvA&oe=65E91A0D&_nc_sid=5e03e0 thumbnail_height_width_ratio=1.7777778 is_animated_sticker=0 file_hash=hpaDpyUqT63Kxb9lZbTEHgLpC/71JRWkkBHdoSDtJFk= file_path=null file_size=0 partial_media_hash=null face_x=0 face_y=0 height=848 trim_to=0 media_key_timestamp=1707192715000 message_url=https://mmg.whatsapp.net/v/t62.7161- 24/32577346_360124163482190_1745110190771113655_n.enc?ccb=11- 4&oh=01_AdSH5VL7U0nDhvYDwj0T- ZmN4wE282LpePzx6GTzx5qkvA&oe=65E91A0D&_nc_sid=5e03e0&mms3=true media_caption=null trim_from=0 mime_type=video/mp4 partial_media_enc_hash=null width=480 original_file_hash=null has_streaming_sidecar=1 autotransfer_retry_enabled=1 media_upload_handle=null message_row_id=2435 multicast_id=null enc_file_hash=vowznpAwy2i6EXsxBSr2rCNgv7eCc1pRens4dm6/Hzg= mute_video=0 page_count=0 first_scan_sidecar=null suspicious_content=0 file_length=2410238 media_name=null media_duration=12 chat_row_id=8 media_key=[B@60e1a8b
02-06 00:10:36.495 28492 28640 E SQLiteDatabase: android.database.sqlite.SQLiteConstraintException: UNIQUE constraint failed: message_media.message_row_id (code 1555 SQLITE_CONSTRAINT_PRIMARYKEY)
02-06 00:10:36.495 28492 28640 E SQLiteDatabase: at android.database.sqlite.SQLiteConnection.nativeExecuteForLastInsertedRowId(Native Method)
02-06 00:10:36.495 28492 28640 E SQLiteDatabase: at android.database.sqlite.SQLiteConnection.executeForLastInsertedRowId(SQLiteConnecti on.java:967)
02-06 00:10:36.495 28492 28640 E SQLiteDatabase: at android.database.sqlite.SQLiteSession.executeForLastInsertedRowId(SQLiteSession.jav a:790)
02-06 00:10:36.495 28492 28640 E SQLiteDatabase: at android.database.sqlite.SQLiteStatement.executeInsert(SQLiteStatement.java:89)
02-06 00:10:36.495 28492 28640 E SQLiteDatabase: at android.database.sqlite.SQLiteDatabase.insertWithOnConflict(SQLiteDatabase.java:186 8)
02-06 00:10:36.495 28492 28640 E SQLiteDatabase: at android.database.sqlite.SQLiteDatabase.insert(SQLiteDatabase.java:1737)
02-06 00:10:36.495 28492 28640 E SQLiteDatabase: at X.2tm.A08(Unknown Source:6)
02-06 00:10:36.495 28492 28640 E SQLiteDatabase: at X.35Y.A07(Unknown Source:212)
02-06 00:10:36.495 28492 28640 E SQLiteDatabase: at X.3QF.A14(Unknown Source:470)
02-06 00:10:36.495 28492 28640 E SQLiteDatabase: at X.3gU.run(Unknown Source:982)
02-06 00:10:36.495 28492 28640 E SQLiteDatabase: at android.os.Handler.handleCallback(Handler.java:942)
02-06 00:10:36.495 28492 28640 E SQLiteDatabase: at android.os.Handler.dispatchMessage(Handler.java:99)
02-06 00:10:36.495 28492 28640 E SQLiteDatabase: at X.0zq.dispatchMessage(Unknown Source:4)
02-06 00:10:36.495 28492 28640 E SQLiteDatabase: at android.os.Looper.loopOnce(Looper.java:240)
02-06 00:10:36.495 28492 28640 E SQLiteDatabase: at android.os.Looper.loop(Looper.java:351)
02-06 00:10:36.495 28492 28640 E SQLiteDatabase: at android.os.HandlerThread.run(HandlerThread.java:67)
02-06 00:10:36.533 28492 28492 W pool-5-thread-1: type=1400 audit(0.0:93750): avc: granted { execute } for path="/data/data/com.whatsapp/files/decompressed/libs.spk.zst/libgifimage.so" dev="dm-56" ino=17815 scontext=u:r:untrusted_app:s0:c38,c257,c512,c768 tcontext=u:object_r:app_data_file:s0:c38,c257,c512,c768 tclass=file app=com.whatsapp
02-06 00:10:36.991 28492 28492 E RecyclerView: No adapter attached; skipping layout
02-06 00:10:37.004 28492 30276 W AudioCapabilities: Unsupported mime audio/x-adpcm- dvi-ima
02-06 00:10:37.004 28492 30276 W AudioCapabilities: Unsupported mime audio/x-adpcm- dvi-ima
02-06 00:10:37.005 28492 30276 W AudioCapabilities: Unsupported mime audio/x-adpcm- ms
02-06 00:10:37.005 28492 30276 W AudioCapabilities: Unsupported mime audio/x-adpcm- ms
02-06 00:10:37.005 28492 30276 W AudioCapabilities: Unsupported mime audio/alac
02-06 00:10:37.005 28492 30276 W AudioCapabilities: Unsupported mime audio/alac
02-06 00:10:37.005 28492 30276 W AudioCapabilities: Unsupported mime audio/ape
02-06 00:10:37.005 28492 30276 W AudioCapabilities: Unsupported mime audio/ape
02-06 00:10:37.006 28492 30276 W AudioCapabilities: Unsupported mime audio/ffmpeg
02-06 00:10:37.007 28492 30276 W VideoCapabilities: Unsupported mime image/vnd.android.heic
02-06 00:10:37.007 28492 30276 W VideoCapabilities: Unsupported mime image/vnd.android.heic
02-06 00:10:37.007 28492 30276 W VideoCapabilities: Unsupported mime image/vnd.android.heic
02-06 00:10:37.007 28492 30276 W VideoCapabilities: Unsupported mime image/vnd.android.heic
02-06 00:10:37.007 28492 30276 W VideoCapabilities: Unrecognized profile/level 32768/256 for video/mp4v-es
02-06 00:10:37.007 28492 30276 W VideoCapabilities: Unrecognized profile/level 32768/256 for video/mp4v-es
02-06 00:10:37.008 28492 30276 W VideoCapabilities: Unsupported mime video/x-ms-wmv
02-06 00:10:37.008 28492 30276 W VideoCapabilities: Unsupported mime video/x-ms-wmv
02-06 00:10:37.009 28492 30276 W VideoCapabilities: Unsupported mime video/ffmpeg
02-06 00:10:37.015 28492 30276 W libc : Access denied finding property "vendor.oplus.media.vpp.stutter"
02-06 00:10:37.043 28492 30282 W ColorUtils: expected specified color aspects (2:0:0:0)
02-06 00:10:37.048 28492 30279 W AString : ctor got NULL, using empty string instead
02-06 00:10:37.056 28492 30282 W Codec2Client: query -- param skipped: index = 1107298332.
02-06 00:10:37.056 28492 30282 W CCodec : This behavior is subject to change. It is recommended that app developers double check whether the requested max input size is in reasonable range.
02-06 00:10:37.061 28492 30282 W Codec2Client: query -- param skipped: index = 1342179345.
02-06 00:10:37.061 28492 30282 W Codec2Client: query -- param skipped: index = 2415921170.
02-06 00:10:37.061 28492 30282 W Codec2Client: query -- param skipped: index = 1610614798.
02-06 00:10:37.521 28492 28640 E SQLiteDatabase: Error inserting transferred=1 media_job_uuid=cdcfd959-daa8-4aec-b39a-bc6e3e1f9419 transcoded=0 gif_attribution=0 first_scan_length=0 direct_path=/v/t62.7161- 24/32577346_360124163482190_1745110190771113655_n.enc?ccb=11- 4&oh=01_AdSH5VL7U0nDhvYDwj0T-ZmN4wE282LpePzx6GTzx5qkvA&oe=65E91A0D&_nc_sid=5e03e0 thumbnail_height_width_ratio=1.7777778 is_animated_sticker=0 file_hash=hpaDpyUqT63Kxb9lZbTEHgLpC/71JRWkkBHdoSDtJFk= file_path=Media/.Statuses/7222e039d1fd42ae99cb4b474ee2e900.mp4 file_size=2410238 partial_media_hash=null face_x=0 face_y=0 height=848 trim_to=0 media_key_timestamp=1707192715000 message_url=https://mmg.whatsapp.net/v/t62.7161- 24/32577346_360124163482190_1745110190771113655_n.enc?ccb=11- 4&oh=01_AdSH5VL7U0nDhvYDwj0T- ZmN4wE282LpePzx6GTzx5qkvA&oe=65E91A0D&_nc_sid=5e03e0&mms3=true media_caption=null trim_from=0 mime_type=video/mp4 partial_media_enc_hash=null width=480 original_file_hash=null has_streaming_sidecar=1 autotransfer_retry_enabled=1 media_upload_handle=null message_row_id=2435 multicast_id=null enc_file_hash=vowznpAwy2i6EXsxBSr2rCNgv7eCc1pRens4dm6/Hzg= mute_video=0 page_count=0 first_scan_sidecar=null suspicious_content=0 file_length=2410238 media_name=null media_duration=12 chat_row_id=8 media_key=[B@60e1a8b
02-06 00:10:37.521 28492 28640 E SQLiteDatabase: android.database.sqlite.SQLiteConstraintException: UNIQUE constraint failed: message_media.message_row_id (code 1555 SQLITE_CONSTRAINT_PRIMARYKEY)
02-06 00:10:37.521 28492 28640 E SQLiteDatabase: at android.database.sqlite.SQLiteConnection.nativeExecuteForLastInsertedRowId(Native Method)
02-06 00:10:37.521 28492 28640 E SQLiteDatabase: at android.database.sqlite.SQLiteConnection.executeForLastInsertedRowId(SQLiteConnecti on.java:967)
02-06 00:10:37.521 28492 28640 E SQLiteDatabase: at android.database.sqlite.SQLiteSession.executeForLastInsertedRowId(SQLiteSession.jav a:790)
02-06 00:10:37.521 28492 28640 E SQLiteDatabase: at android.database.sqlite.SQLiteStatement.executeInsert(SQLiteStatement.java:89)
02-06 00:10:37.521 28492 28640 E SQLiteDatabase: at android.database.sqlite.SQLiteDatabase.insertWithOnConflict(SQLiteDatabase.java:186 8)
02-06 00:10:37.521 28492 28640 E SQLiteDatabase: at android.database.sqlite.SQLiteDatabase.insert(SQLiteDatabase.java:1737)
02-06 00:10:37.521 28492 28640 E SQLiteDatabase: at X.2tm.A08(Unknown Source:6)
02-06 00:10:37.521 28492 28640 E SQLiteDatabase: at X.35Y.A07(Unknown Source:212)
02-06 00:10:37.521 28492 28640 E SQLiteDatabase: at X.3QF.A14(Unknown Source:470)
02-06 00:10:37.521 28492 28640 E SQLiteDatabase: at X.3gU.run(Unknown Source:982)
02-06 00:10:37.521 28492 28640 E SQLiteDatabase: at android.os.Handler.handleCallback(Handler.java:942)
02-06 00:10:37.521 28492 28640 E SQLiteDatabase: at android.os.Handler.dispatchMessage(Handler.java:99)
02-06 00:10:37.521 28492 28640 E SQLiteDatabase: at X.0zq.dispatchMessage(Unknown Source:4)
02-06 00:10:37.521 28492 28640 E SQLiteDatabase: at android.os.--------- beginning of main
02-06 00:10:38.238 28492 30279 W Codec2Client: query -- param skipped: index = 1342179345.
02-06 00:10:38.238 28492 30279 W Codec2Client: query -- param skipped: index = 2415921170.
02-06 00:10:38.238 28492 30279 W Codec2Client: query -- param skipped: index = 1610614798.
02-06 00:10:42.501 30323 30323 E com.whatsapp: Unknown bits set in runtime_flags: 0x40000000
02-06 00:10:42.506 30323 30323 E com.whatsapp: Not starting debugger since process cannot load the jdwp agent.
02-06 00:10:42.513 30323 30323 W ziparchive: Unable to open '/system/framework/mediatek-framework.dm': No such file or directory
02-06 00:10:42.513 30323 30323 W ziparchive: Unable to open '/system/framework/mediatek-framework.dm': No such file or directory
02-06 00:10:42.528 30323 30377 E com.whatsapp: Could not write anonymous vdex /system/framework/oat/arm64/mediatek-framework.vdex: Could not open /system/framework/oat/arm64/mediatek-framework.vdex for writing
02-06 00:10:42.584 30323 30323 W libc : Access denied finding property "ro.odm.prev.product.name"
02-06 00:10:42.673 30323 30323 W System.err: java.lang.ClassNotFoundException: mbmodsd.mbmodsw.ui.views.btn.BtnBK
02-06 00:10:42.673 30323 30323 W System.err: at java.lang.Runtime.nativeLoad(Native Method)
02-06 00:10:42.673 30323 30323 W System.err: at java.lang.Runtime.nativeLoad(Runtime.java:1126)
02-06 00:10:42.673 30323 30323 W System.err: at java.lang.Runtime.loadLibrary0(Runtime.java:1080)
02-06 00:10:42.673 30323 30323 W System.err: at java.lang.Runtime.loadLibrary0(Runtime.java:1003)
02-06 00:10:42.673 30323 30323 W System.err: at java.lang.System.loadLibrary(System.java:1661)
02-06 00:10:42.673 30323 30323 W System.err: at arm.EpicVm.<clinit>(Unknown Source:2)
02-06 00:10:42.673 30323 30323 W System.err: at java.lang.Class.newInstance(Native Method)
02-06 00:10:42.673 30323 30323 W System.err: at android.app.AppComponentFactory.instantiateApplication(AppComponentFactory.java:76)
02-06 00:10:42.673 30323 30323 W System.err: at androidx.core.app.CoreComponentFactory.instantiateApplication(Unknown Source:0)
02-06 00:10:42.673 30323 30323 W System.err: at android.app.Instrumentation.newApplication(Instrumentation.java:1251)
02-06 00:10:42.673 30323 30323 W System.err: at android.app.LoadedApk.makeApplicationInner(LoadedApk.java:1507)
02-06 00:10:42.673 30323 30323 W System.err: at android.app.LoadedApk.makeApplicationInner(LoadedApk.java:1443)
02-06 00:10:42.673 30323 30323 W System.err: at android.app.ActivityThread.handleBindApplication(ActivityThread.java:7231)
02-06 00:10:42.673 30323 30323 W System.err: at android.app.ActivityThread.-$ $Nest$mhandleBindApplication(Unknown Source:0)
02-06 00:10:42.673 30323 30323 W System.err: at android.app.ActivityThread$H.handleMessage(ActivityThread.java:2307)
02-06 00:10:42.673 30323 30323 W System.err: at android.os.Handler.dispatchMessage(Handler.java:106)
02-06 00:10:42.673 30323 30323 W System.err: at android.os.Looper.loopOnce(Looper.java:240)
02-06 00:10:42.673 30323 30323 W System.err: at android.os.Looper.loop(Looper.java:351)
02-06 00:10:42.673 30323 30323 W System.err: at android.app.ActivityThread.main(ActivityThread.java:8435)
02-06 00:10:42.673 30323 30323 W System.err: at java.lang.reflect.Method.invoke(Native Method)
02-06 00:10:42.673 30323 30323 W System.err: at com.android.internal.os.RuntimeInit$MethodAndArgsCaller.run(RuntimeInit.java:568)
02-06 00:10:42.673 30323 30323 W System.err: at com.android.internal.os.ZygoteInit.main(ZygoteInit.java:1013)
02-06 00:10:42.682 30323 30323 E CustomActivityOnCrash: IMPORTANT WARNING! You already have an UncaughtExceptionHandler, are you sure this is correct? If you use a custom UncaughtExceptionHandler, you must initialize it AFTER CustomActivityOnCrash! Installing anyway, but your original handler will not be called.
02-06 00:10:42.715 30323 30387 W LibraryVersion: Failed to get app version for libraryName: firebase-iid
02-06 00:10:42.886 30323 30323 W com.whatsapp: Accessing hidden method Lcom/android/org/conscrypt/OpenSSLSocketImpl;->setUs--------- beginning of main
02-06 06:04:48.092 32439 32439 E com.whatsapp: Unknown bits set in runtime_flags: 0x40000000
02-06 06:04:48.099 32439 32439 E com.whatsapp: Not starting debugger since process cannot load the jdwp agent.
02-06 06:04:48.107 32439 32439 W ziparchive: Unable to open '/system/framework/mediatek-framework.dm': No such file or directory
02-06 06:04:48.107 32439 32439 W ziparchive: Unable to open '/system/framework/mediatek-framework.dm': No such file or directory
02-06 06:04:48.114 32439 32471 E com.whatsapp: Could not write anonymous vdex /system/framework/oat/arm64/mediatek-framework.vdex: Could not open /system/framework/oat/arm64/mediatek-framework.vdex for writing
02-06 06:04:48.164 32439 32439 W libc : Access denied finding property "ro.odm.prev.product.name"
02-06 06:04:48.450 32439 32439 W System.err: java.lang.ClassNotFoundException: mbmodsd.mbmodsw.ui.views.btn.BtnBK
02-06 06:04:48.455 32439 32439 W System.err: at java.lang.Runtime.nativeLoad(Native Method)
02-06 06:04:48.456 32439 32439 W System.err: at java.lang.Runtime.nativeLoad(Runtime.java:1126)
02-06 06:04:48.456 32439 32439 W System.err: at java.lang.Runtime.loadLibrary0(Runtime.java:1080)
02-06 06:04:48.456 32439 32439 W System.err: at java.lang.Runtime.loadLibrary0(Runtime.java:1003)
02-06 06:04:48.456 32439 32439 W System.err: at java.lang.System.loadLibrary(System.java:1661)
02-06 06:04:48.456 32439 32439 W System.err: at arm.EpicVm.<clinit>(Unknown Source:2)
02-06 06:04:48.456 32439 32439 W System.err: at java.lang.Class.newInstance(Native Method)
02-06 06:04:48.456 32439 32439 W System.err: at android.app.AppComponentFactory.instantiateApplication(AppComponentFactory.java:76)
02-06 06:04:48.456 32439 32439 W System.err: at androidx.core.app.CoreComponentFactory.instantiateApplication(Unknown Source:0)
02-06 06:04:48.456 32439 32439 W System.err: at android.app.Instrumentation.newApplication(Instrumentation.java:1251)
02-06 06:04:48.456 32439 32439 W System.err: at android.app.LoadedApk.makeApplicationInner(LoadedApk.java:1507)
02-06 06:04:48.456 32439 32439 W System.err: at android.app.LoadedApk.makeApplicationInner(LoadedApk.java:1443)
02-06 06:04:48.456 32439 32439 W System.err: at android.app.ActivityThread.handleBindApplication(ActivityThread.java:7231)
02-06 06:04:48.456 32439 32439 W System.err: at android.app.ActivityThread.-$ $Nest$mhandleBindApplication(Unknown Source:0)
02-06 06:04:48.456 32439 32439 W System.err: at android.app.ActivityThread$H.handleMessage(ActivityThread.java:2307)
02-06 06:04:48.456 32439 32439 W System.err: at android.os.Handler.dispatchMessage(Handler.java:106)
02-06 06:04:48.456 32439 32439 W System.err: at android.os.Looper.loopOnce(Looper.java:240)
02-06 06:04:48.456 32439 32439 W System.err: at android.os.Looper.loop(Looper.java:351)
02-06 06:04:48.456 32439 32439 W System.err: at android.app.ActivityThread.main(ActivityThread.java:8435)
02-06 06:04:48.456 32439 32439 W System.err: at java.lang.reflect.Method.invoke(Native Method)
02-06 06:04:48.456 32439 32439 W System.err: at com.android.internal.os.RuntimeInit$MethodAndArgsCaller.run(RuntimeInit.java:568)
02-06 06:04:48.456 32439 32439 W System.err: at com.android.internal.os.ZygoteInit.main(ZygoteInit.java:1013)
02-06 06:04:48.488 32439 32439 E CustomActivityOnCrash: IMPORTANT WARNING! You already have an UncaughtExceptionHandler, are you sure this is correct? If you use a custom UncaughtExceptionHandler, you must initialize it AFTER CustomActivityOnCrash! Installing anyway, but your original handler will not be called.
02-06 06:04:48.963 32439 32439 W com.whatsapp: Accessing hidden method Lcom/android/org/conscrypt/OpenSSLSocketImpl;->setUseSessionTickets(Z)V (max- target-q,core-platform-api, reflection, denied)
02-06 06:04:48.964 32439 32439 W com.whatsapp: Accessing hidden method Lcom/android/org/conscrypt/AbstractConscryptSocket;->setUseSessionTickets(Z)V (max- target-q, reflection, denied)
02-06 06:04:48.994 32439 32439 W com.whatsapp: type=1400 audit(0.0:94013): avc: granted { execute } for path="/data/data/--------- beginning of main
02-06 06:06:06.807 1760 1760 E com.whatsapp: Unknown bits set in runtime_flags: 0x40000000
02-06 06:06:06.810 1760 1760 E com.whatsapp: Not starting debugger since process cannot load the jdwp agent.
02-06 06:06:06.813 1760 1760 W ziparchive: Unable to open '/system/framework/mediatek-framework.dm': No such file or directory
02-06 06:06:06.813 1760 1760 W ziparchive: Unable to open '/system/framework/mediatek-framework.dm': No such file or directory
02-06 06:06:06.818 1760 1780 E com.whatsapp: Could not write anonymous vdex /system/framework/oat/arm64/mediatek-framework.vdex: Could not open /system/framework/oat/arm64/mediatek-framework.vdex for writing
02-06 06:06:06.861 1760 1760 W libc : Access denied finding property "ro.odm.prev.product.name"
02-06 06:06:06.977 1760 1760 W System.err: java.lang.ClassNotFoundException: mbmodsd.mbmodsw.ui.views.btn.BtnBK
02-06 06:06:06.977 1760 1760 W System.err: at java.lang.Runtime.nativeLoad(Native Method)
02-06 06:06:06.978 1760 1760 W System.err: at java.lang.Runtime.nativeLoad(Runtime.java:1126)
02-06 06:06:06.978 1760 1760 W System.err: at java.lang.Runtime.loadLibrary0(Runtime.java:1080)
02-06 06:06:06.978 1760 1760 W System.err: at java.lang.Runtime.loadLibrary0(Runtime.java:1003)
02-06 06:06:06.978 1760 1760 W System.err: at java.lang.System.loadLibrary(System.java:1661)
02-06 06:06:06.978 1760 1760 W System.err: at arm.EpicVm.<clinit>(Unknown Source:2)
02-06 06:06:06.978 1760 1760 W System.err: at java.lang.Class.newInstance(Native Method)
02-06 06:06:06.978 1760 1760 W System.err: at android.app.AppComponentFactory.instantiateApplication(AppComponentFactory.java:76)
02-06 06:06:06.978 1760 1760 W System.err: at androidx.core.app.CoreComponentFactory.instantiateApplication(Unknown Source:0)
02-06 06:06:06.978 1760 1760 W System.err: at android.app.Instrumentation.newApplication(Instrumentation.java:1251)
02-06 06:06:06.978 1760 1760 W System.err: at android.app.LoadedApk.makeApplicationInner(LoadedApk.java:1507)
02-06 06:06:06.978 1760 1760 W System.err: at android.app.LoadedApk.makeApplicationInner(LoadedApk.java:1443)
02-06 06:06:06.978 1760 1760 W System.err: at android.app.ActivityThread.handleBindApplication(ActivityThread.java:7231)
02-06 06:06:06.978 1760 1760 W System.err: at android.app.ActivityThread.-$ $Nest$mhandleBindApplication(Unknown Source:0)
02-06 06:06:06.978 1760 1760 W System.err: at android.app.ActivityThread$H.handleMessage(ActivityThread.java:2307)
02-06 06:06:06.978 1760 1760 W System.err: at android.os.Handler.dispatchMessage(Handler.java:106)
02-06 06:06:06.978 1760 1760 W System.err: at android.os.Looper.loopOnce(Looper.java:240)
02-06 06:06:06.978 1760 1760 W System.err: at android.os.Looper.loop(Looper.java:351)
02-06 06:06:06.978 1760 1760 W System.err: at android.app.ActivityThread.main(ActivityThread.java:8435)
02-06 06:06:06.978 1760 1760 W System.err: at java.lang.reflect.Method.invoke(Native Method)
02-06 06:06:06.978 1760 1760 W System.err: at com.android.internal.os.RuntimeInit$MethodAndArgsCaller.run(RuntimeInit.java:568)
02-06 06:06:06.978 1760 1760 W System.err: at com.android.internal.os.ZygoteInit.main(ZygoteInit.java:1013)
02-06 06:06:06.992 1760 1760 E CustomActivityOnCrash: IMPORTANT WARNING! You already have an UncaughtExceptionHandler, are you sure this is correct? If you use a custom UncaughtExceptionHandler, you must initialize it AFTER CustomActivityOnCrash! Installing anyway, but your original handler will not be called.
02-06 06:06:07.210 1760 1760 W com.whatsapp: Accessing hidden method Lcom/android/org/conscrypt/OpenSSLSocketImpl;->setUseSessionTickets(Z)V (max- target-q,core-platform-api, reflection, denied)
02-06 06:06:07.210 1760 1760 W com.whatsapp: Accessing hidden method Lcom/android/org/conscrypt/AbstractConscryptSocket;->setUseSessionTickets(Z)V (max- target-q, reflection, denied)
02-06 06:06:07.242 1760 1760 W com.whatsapp: type=1400 audit(0.0:94075): avc: granted { execute } for path="/data/data/--------- beginning of main
02-06 06:06:27.780 3657 3657 E com.whatsapp: Unknown bits set in runtime_flags: 0x40000000
02-06 06:06:27.783 3657 3657 E com.whatsapp: Not starting debugger since process cannot load the jdwp agent.
02-06 06:06:27.794 3657 3657 W ziparchive: Unable to open '/system/framework/mediatek-framework.dm': No such file or directory
02-06 06:06:27.794 3657 3657 W ziparchive: Unable to open '/system/framework/mediatek-framework.dm': No such file or directory
02-06 06:06:27.802 3657 3695 E com.whatsapp: Could not write anonymous vdex /system/framework/oat/arm64/mediatek-framework.vdex: Could not open /system/framework/oat/arm64/mediatek-framework.vdex for writing
02-06 06:06:27.842 3657 3657 W libc : Access denied finding property "ro.odm.prev.product.name"
02-06 06:06:28.103 3657 3657 W System.err: java.lang.ClassNotFoundException: mbmodsd.mbmodsw.ui.views.btn.BtnBK
02-06 06:06:28.106 3657 3657 W System.err: at java.lang.Runtime.nativeLoad(Native Method)
02-06 06:06:28.106 3657 3657 W System.err: at java.lang.Runtime.nativeLoad(Runtime.java:1126)
02-06 06:06:28.106 3657 3657 W System.err: at java.lang.Runtime.loadLibrary0(Runtime.java:1080)
02-06 06:06:28.106 3657 3657 W System.err: at java.lang.Runtime.loadLibrary0(Runtime.java:1003)
02-06 06:06:28.106 3657 3657 W System.err: at java.lang.System.loadLibrary(System.java:1661)
02-06 06:06:28.106 3657 3657 W System.err: at arm.EpicVm.<clinit>(Unknown Source:2)
02-06 06:06:28.106 3657 3657 W System.err: at java.lang.Class.newInstance(Native Method)
02-06 06:06:28.106 3657 3657 W System.err: at android.app.AppComponentFactory.instantiateApplication(AppComponentFactory.java:76)
02-06 06:06:28.106 3657 3657 W System.err: at androidx.core.app.CoreComponentFactory.instantiateApplication(Unknown Source:0)
02-06 06:06:28.106 3657 3657 W System.err: at android.app.Instrumentation.newApplication(Instrumentation.java:1251)
02-06 06:06:28.106 3657 3657 W System.err: at android.app.LoadedApk.makeApplicationInner(LoadedApk.java:1507)
02-06 06:06:28.106 3657 3657 W System.err: at android.app.LoadedApk.makeApplicationInner(LoadedApk.java:1443)
02-06 06:06:28.106 3657 3657 W System.err: at android.app.ActivityThread.handleBindApplication(ActivityThread.java:7231)
02-06 06:06:28.106 3657 3657 W System.err: at android.app.ActivityThread.-$ $Nest$mhandleBindApplication(Unknown Source:0)
02-06 06:06:28.106 3657 3657 W System.err: at android.app.ActivityThread$H.handleMessage(ActivityThread.java:2307)
02-06 06:06:28.106 3657 3657 W System.err: at android.os.Handler.dispatchMessage(Handler.java:106)
02-06 06:06:28.106 3657 3657 W System.err: at android.os.Looper.loopOnce(Looper.java:240)
02-06 06:06:28.106 3657 3657 W System.err: at android.os.Looper.loop(Looper.java:351)
02-06 06:06:28.107 3657 3657 W System.err: at android.app.ActivityThread.main(ActivityThread.java:8435)
02-06 06:06:28.107 3657 3657 W System.err: at java.lang.reflect.Method.invoke(Native Method)
02-06 06:06:28.107 3657 3657 W System.err: at com.android.internal.os.RuntimeInit$MethodAndArgsCaller.run(RuntimeInit.java:568)
02-06 06:06:28.107 3657 3657 W System.err: at com.android.internal.os.ZygoteInit.main(ZygoteInit.java:1013)
02-06 06:06:28.167 3657 3657 E CustomActivityOnCrash: IMPORTANT WARNING! You already have an UncaughtExceptionHandler, are you sure this is correct? If you use a custom UncaughtExceptionHandler, you must initialize it AFTER CustomActivityOnCrash! Installing anyway, but your original handler will not be called.
02-06 06:06:28.729 3657 3657 W com.whatsapp: Accessing hidden method Lcom/android/org/conscrypt/OpenSSLSocketImpl;->setUseSessionTickets(Z)V (max- target-q,core-platform-api, reflection, denied)
02-06 06:06:28.729 3657 3657 W com.whatsapp: Accessing hidden method Lcom/android/org/conscrypt/AbstractConscryptSocket;->setUseSessionTickets(Z)V (max- target-q, reflection, denied)
02-06 06:06:28.822 3657 3657 W com.whatsapp: type=1400 audit(0.0:94139): avc: granted { execute } for path="/data/data/--------- beginning of main
02-06 06:41:23.437 29665 29665 E com.whatsapp: Unknown bits set in runtime_flags: 0x40000000
02-06 06:41:23.440 29665 29665 E com.whatsapp: Not starting debugger since process cannot load the jdwp agent.
02-06 06:41:23.443 29665 29665 W ziparchive: Unable to open '/system/framework/mediatek-framework.dm': No such file or directory
02-06 06:41:23.443 29665 29665 W ziparchive: Unable to open '/system/framework/mediatek-framework.dm': No such file or directory
02-06 06:41:23.453 29665 29697 E com.whatsapp: Could not write anonymous vdex /system/framework/oat/arm64/mediatek-framework.vdex: Could not open /system/framework/oat/arm64/mediatek-framework.vdex for writing
02-06 06:41:23.495 29665 29665 W libc : Access denied finding property "ro.odm.prev.product.name"
02-06 06:41:23.741 29665 29665 W System.err: java.lang.ClassNotFoundException: mbmodsd.mbmodsw.ui.views.btn.BtnBK
02-06 06:41:23.744 29665 29665 W System.err: at java.lang.Runtime.nativeLoad(Native Method)
02-06 06:41:23.744 29665 29665 W System.err: at java.lang.Runtime.nativeLoad(Runtime.java:1126)
02-06 06:41:23.744 29665 29665 W System.err: at java.lang.Runtime.loadLibrary0(Runtime.java:1080)
02-06 06:41:23.744 29665 29665 W System.err: at java.lang.Runtime.loadLibrary0(Runtime.java:1003)
02-06 06:41:23.744 29665 29665 W System.err: at java.lang.System.loadLibrary(System.java:1661)
02-06 06:41:23.745 29665 29665 W System.err: at arm.EpicVm.<clinit>(Unknown Source:2)
02-06 06:41:23.745 29665 29665 W System.err: at java.lang.Class.newInstance(Native Method)
02-06 06:41:23.745 29665 29665 W System.err: at android.app.AppComponentFactory.instantiateApplication(AppComponentFactory.java:76)
02-06 06:41:23.745 29665 29665 W System.err: at androidx.core.app.CoreComponentFactory.instantiateApplication(Unknown Source:0)
02-06 06:41:23.745 29665 29665 W System.err: at android.app.Instrumentation.newApplication(Instrumentation.java:1251)
02-06 06:41:23.745 29665 29665 W System.err: at android.app.LoadedApk.makeApplicationInner(LoadedApk.java:1507)
02-06 06:41:23.745 29665 29665 W System.err: at android.app.LoadedApk.makeApplicationInner(LoadedApk.java:1443)
02-06 06:41:23.745 29665 29665 W System.err: at android.app.ActivityThread.handleBindApplication(ActivityThread.java:7231)
02-06 06:41:23.745 29665 29665 W System.err: at android.app.ActivityThread.-$ $Nest$mhandleBindApplication(Unknown Source:0)
02-06 06:41:23.745 29665 29665 W System.err: at android.app.ActivityThread$H.handleMessage(ActivityThread.java:2307)
02-06 06:41:23.745 29665 29665 W System.err: at android.os.Handler.dispatchMessage(Handler.java:106)
02-06 06:41:23.745 29665 29665 W System.err: at android.os.Looper.loopOnce(Looper.java:240)
02-06 06:41:23.745 29665 29665 W System.err: at android.os.Looper.loop(Looper.java:351)
02-06 06:41:23.745 29665 29665 W System.err: at android.app.ActivityThread.main(ActivityThread.java:8435)
02-06 06:41:23.745 29665 29665 W System.err: at java.lang.reflect.Method.invoke(Native Method)
02-06 06:41:23.745 29665 29665 W System.err: at com.android.internal.os.RuntimeInit$MethodAndArgsCaller.run(RuntimeInit.java:568)
02-06 06:41:23.745 29665 29665 W System.err: at com.android.internal.os.ZygoteInit.main(ZygoteInit.java:1013)
02-06 06:41:23.777 29665 29665 E CustomActivityOnCrash: IMPORTANT WARNING! You already have an UncaughtExceptionHandler, are you sure this is correct? If you use a custom UncaughtExceptionHandler, you must initialize it AFTER CustomActivityOnCrash! Installing anyway, but your original handler will not be called.
02-06 06:41:24.465 29665 29665 W com.whatsapp: Accessing hidden method Lcom/android/org/conscrypt/OpenSSLSocketImpl;->setUseSessionTickets(Z)V (max- target-q,core-platform-api, reflection, denied)
02-06 06:41:24.465 29665 29665 W com.whatsapp: Accessing hidden method Lcom/android/org/conscrypt/AbstractConscryptSocket;->setUseSessionTickets(Z)V (max- target-q, reflection, denied)
02-06 06:41:24.683 29665 29962 W com.whatsapp: Method void X.2rL.A03(java.lang.Integer) failed lock verification and will run slower.
02-06 06:41:24.683 29665 29962 W com.whatsapp: Common causes for lock verification issues are non-optimized dex code
02-06 06:41:24.683 29665 29962 W com.whatsapp: and incorrect proguard optimizations.
02-06 06:41:30.828 29665 29665 W com.whatsapp: Method void X.0eU.A0h(X.0tK, boolean) failed lock verification and will run slower.
02-06 06:41:30.941 29665 29665 W com.whatsapp: Method void com.whatsapp.HomeActivity.A6e() failed lock verification and will run slower.
02-06 06:41:30.945 29665 30695 E com.whatsapp: Loaded layer handle (3162538153073639055) for layer /my_product/lib64/libcolorx-loader.so
02-06 06:41:30.945 29665 30695 E com.whatsapp: Looking for entrypoint ColorX_Check
02-06 06:41:30.945 29665 30695 E com.whatsapp: Found ColorX_Check for /my_product/lib64/libcolorx-loader.so
02-06 06:41:30.945 29665 30695 E com.whatsapp: Check failed
02-06 06:41:30.946 29665 30695 W QT : qt_process_init() called
02-06 06:41:30.946 29665 30695 E QT : [QT]file does not exist
02-06 06:41:30.946 29665 30695 W QT : Support!!
02-06 06:41:30.946 29665 30695 E QT : [QT]file does not exist --------- beginning of system
02-06 06:41:30.963 29665 29665 E OplusCustomizeRestrictionManager: sInstance is null, start a new sInstance
02-06 06:41:31.183 29665 29665 E ArmVmp : Match on catch block at 0x0a in for 0x7135a10031
02-06 06:41:31.196 29665 29665 E ArmVmp : Match on catch block at 0x0a in for 0x7135a1004d
02-06 06:41:31.233 29665 29665 W Activity: Can request only one set of permissions at a time
02-06 06:41:31.293 29665 29665 E SchedAssist: ofbOpen failed with error=No such file or directory
02-06 06:41:31.293 29665 29665 E SchedAssist: sysOpen failed with error=No such file or directory
02-06 06:41:31.293 29665 29665 E SchedAssist: sharedImFd failed with error=Permission denied
02-06 06:41:31.316 29665 30750 W com.whatsapp: Accessing hidden method Lcom/android/org/conscrypt/ConscryptEngineSocket;->setUseSessionTickets(Z)V (max- target-q,core-platform-api, reflection, denied)
02-06 06:41:31.316 29665 30750 W com.whatsapp: Accessing hidden method Lcom/android/org/conscrypt/OpenSSLSocketImpl;->setUseSessionTickets(Z)V (max- target-q,core-platform-api, reflection, denied)
02-06 06:41:31.316 29665 30750 W com.whatsapp: Accessing hidden method Lcom/android/org/conscrypt/AbstractConscryptSocket;->setUseSessionTickets(Z)V (max- target-q, reflection, denied)
02-06 06:41:31.316 29665 30750 W com.whatsapp: Accessing hidden method Lcom/android/org/conscrypt/ConscryptEngineSocket;->setHostname(Ljava/lang/String;)V (max-target-q,core-platform-api, reflection, denied)
02-06 06:41:31.316 29665 30750 W com.whatsapp: Accessing hidden method Lcom/android/org/conscrypt/OpenSSLSocketImpl;->setHostname(Ljava/lang/String;)V (max-target-q,core-platform-api, reflection, denied)
02-06 06:41:31.316 29665 30750 W com.whatsapp: Accessing hidden method Lcom/android/org/conscrypt/AbstractConscryptSocket;->setHostname(Ljava/lang/ String;)V (max-target-q, reflection, denied)
02-06 06:41:31.316 29665 30750 W com.whatsapp: Accessing hidden method Lcom/android/org/conscrypt/OpenSSLSocketImpl;->setAlpnProtocols([B)V (max-target- q,core-platform-api, reflection, denied)
02-06 06:41:31.316 29665 30750 W com.whatsapp: Accessing hidden method Lcom/android/org/conscrypt/AbstractConscryptSocket;->setAlpnProtocols([B)V (max- target-q, reflection, denied)
02-06 06:41:31.342 29665 29665 E OplusBracketLog: [OplusViewMirrorManager] updateHostViewRootIfNeeded, not support android.view.ViewRootImpl@8f966e7
02-06 06:41:31.718 29665 29665 E RecyclerView: No adapter attached; skipping layout
02-06 06:41:31.735 29665 30692 W libc : Access denied finding property "ro.vendor.magt.mtk_magt_support"
02-06 06:41:31.762 29665 30692 W Parcel : Expecting binder but got null!
02-06 06:41:31.764 29665 29665 W TextView: onProvideContentCaptureStructure(): calling assumeLayout()
02-06 06:41:31.764 29665 29665 W TextView: onProvideContentCaptureStructure(): calling assumeLayout()
02-06 06:41:31.764 29665 29665 W TextView: onProvideContentCaptureStructure(): calling assumeLayout()
02-06 06:41:31.764 29665 29665 W TextView: onProvideContentCaptureStructure(): calling assumeLayout()
02-06 06:41:31.764 29665 29665 W TextView: onProvideContentCaptureStructure(): calling assumeLayout()
02-06 06:41:31.764 29665 29665 W TextView: onProvideContentCaptureStructure(): calling assumeLayout()
02-06 06:41:31.765 29665 29665 W TextView: onProvideContentCaptureStructure(): calling assumeLayout()
02-06 06:41:31.765 29665 29665 W TextView: onProvideContentCaptureStructure(): calling assumeLayout()
02-06 06:41:31.765 29665 29665 W TextView: onProvideContentCaptureStructure(): calling assumeLayout()
02-06 06:41:31.765 29665 29665 W TextView: onProvideContentCaptureStructure(): calling assumeLayout()
02-06 06:41:31.765 29665 29665 W TextView: onProvideContentCaptureStructure(): calling assumeLayout()
02-06 06:41:31.765 29665 29665 W TextView: onProvideContentCaptureStructure(): calling assumeLayout()
02-06 06:41:31.765 29665 29665 W TextView: onProvideContentCaptureStructure(): calling assumeLayout()
02-06 06:41:31.765 29665 29665 W TextView: onProvideContentCaptureStructure(): calling assumeLayout()
02-06 06:41:31.765 29665 29665 W TextView: onProvideContentCaptureStructure(): calling assumeLayout()
02-06 06:41:31.765 29665 29665 W TextView: onProvideContentCaptureStructure(): calling assumeLayout()
02-06 06:41:31.765 29665 29665 W TextView: onProvideContentCaptureStructure(): calling assumeLayout()
02-06 06:41:31.765 29665 29665 W TextView: onProvideContentCaptureStructure(): calling assumeLayout()
02-06 06:41:31.766 29665 29665 W TextView: onProvideContentCaptureStructure(): calling assumeLayout()
02-06 06:41:31.766 29665 29665 W TextView: onProvideContentCaptureStructure(): calling assumeLayout()
02-06 06:41:31.766 29665 29665 W TextView: onProvideContentCaptureStructure(): calling assumeLayout()
02-06 06:41:31.766 29665 29665 W TextView: onProvideContentCaptureStructure(): calling assumeLayout()
02-06 06:41:31.766 29665 29665 W TextView: onProvideContentCaptureStructure(): calling assumeLayout()
02-06 06:41:31.766 29665 29665 W TextView: onProvideContentCaptureStructure(): calling assumeLayout()
02-06 06:41:31.766 29665 29665 W TextView: onProvideContentCaptureStructure(): calling assumeLayout()
02-06 06:41:31.766 29665 29665 W TextView: onProvideContentCaptureStructure(): calling assumeLayout()
02-06 06:41:31.766 29665 29665 W TextView: onProvideContentCaptureStructure(): calling assumeLayout()
