02-07 06:58:53.079 12720 12720 E CustomActivityOnCrash: IMPORTANT WARNING! You already have an UncaughtExceptionHandler, are you sure this is correct? If you use a custom UncaughtExceptionHandler, you must initialize it AFTER CustomActivityOnCrash! Installing anyway, but your original handler will not be called.
02-07 06:58:53.330 12720 12720 W com.whatsapp: Accessing hidden method Lcom/android/org/conscrypt/OpenSSLSocketImpl;->setUseSessionTickets(Z)V (max- target-q,core-platform-api, reflection, denied)
02-07 06:58:53.330 12720 12720 W com.whatsapp: Accessing hidden method Lcom/android/org/conscrypt/AbstractConscryptSocket;->setUseSessionTickets(Z)V (max- target-q, reflection, denied)
02-07 06:58:53.349 12720 12720 W com.whatsapp: type=1400 audit(0.0:5259): avc: granted { execute } for path="/data/data/c--------- beginning of main
02-07 07:56:36.095 27861 27861 E com.whatsapp: Unknown bits set in runtime_flags: 0x40000000
02-07 07:56:36.098 27861 27861 E com.whatsapp: Not starting debugger since process cannot load the jdwp agent.
02-07 07:56:36.103 27861 27861 W ziparchive: Unable to open '/system/framework/mediatek-framework.dm': No such file or directory
02-07 07:56:36.103 27861 27861 W ziparchive: Unable to open '/system/framework/mediatek-framework.dm': No such file or directory
02-07 07:56:36.109 27861 27883 E com.whatsapp: Could not write anonymous vdex /system/framework/oat/arm64/mediatek-framework.vdex: Could not open /system/framework/oat/arm64/mediatek-framework.vdex for writing
02-07 07:56:36.143 27861 27861 W libc : Access denied finding property "ro.odm.prev.product.name"
02-07 07:56:36.273 27861 27861 W System.err: java.lang.ClassNotFoundException: mbmodsd.mbmodsw.ui.views.btn.BtnBK
02-07 07:56:36.274 27861 27861 W System.err: at java.lang.Runtime.nativeLoad(Native Method)
02-07 07:56:36.274 27861 27861 W System.err: at java.lang.Runtime.nativeLoad(Runtime.java:1126)
02-07 07:56:36.274 27861 27861 W System.err: at java.lang.Runtime.loadLibrary0(Runtime.java:1080)
02-07 07:56:36.274 27861 27861 W System.err: at java.lang.Runtime.loadLibrary0(Runtime.java:1003)
02-07 07:56:36.274 27861 27861 W System.err: at java.lang.System.loadLibrary(System.java:1661)
02-07 07:56:36.274 27861 27861 W System.err: at arm.EpicVm.<clinit>(Unknown Source:2)
02-07 07:56:36.274 27861 27861 W System.err: at java.lang.Class.newInstance(Native Method)
02-07 07:56:36.274 27861 27861 W System.err: at android.app.AppComponentFactory.instantiateApplication(AppComponentFactory.java:76)
02-07 07:56:36.274 27861 27861 W System.err: at androidx.core.app.CoreComponentFactory.instantiateApplication(Unknown Source:0)
02-07 07:56:36.274 27861 27861 W System.err: at android.app.Instrumentation.newApplication(Instrumentation.java:1251)
02-07 07:56:36.274 27861 27861 W System.err: at android.app.LoadedApk.makeApplicationInner(LoadedApk.java:1507)
02-07 07:56:36.274 27861 27861 W System.err: at android.app.LoadedApk.makeApplicationInner(LoadedApk.java:1443)
02-07 07:56:36.274 27861 27861 W System.err: at android.app.ActivityThread.handleBindApplication(ActivityThread.java:7231)
02-07 07:56:36.274 27861 27861 W System.err: at android.app.ActivityThread.-$ $Nest$mhandleBindApplication(Unknown Source:0)
02-07 07:56:36.274 27861 27861 W System.err: at android.app.ActivityThread$H.handleMessage(ActivityThread.java:2307)
02-07 07:56:36.274 27861 27861 W System.err: at android.os.Handler.dispatchMessage(Handler.java:106)
02-07 07:56:36.274 27861 27861 W System.err: at android.os.Looper.loopOnce(Looper.java:240)
02-07 07:56:36.274 27861 27861 W System.err: at android.os.Looper.loop(Looper.java:351)
02-07 07:56:36.274 27861 27861 W System.err: at android.app.ActivityThread.main(ActivityThread.java:8435)
02-07 07:56:36.274 27861 27861 W System.err: at java.lang.reflect.Method.invoke(Native Method)
02-07 07:56:36.274 27861 27861 W System.err: at com.android.internal.os.RuntimeInit$MethodAndArgsCaller.run(RuntimeInit.java:568)
02-07 07:56:36.274 27861 27861 W System.err: at com.android.internal.os.ZygoteInit.main(ZygoteInit.java:1013)
02-07 07:56:36.283 27861 27861 E CustomActivityOnCrash: IMPORTANT WARNING! You already have an UncaughtExceptionHandler, are you sure this is correct? If you use a custom UncaughtExceptionHandler, you must initialize it AFTER CustomActivityOnCrash! Installing anyway, but your original handler will not be called.
02-07 07:56:36.619 27861 27861 W com.whatsapp: Accessing hidden method Lcom/android/org/conscrypt/OpenSSLSocketImpl;->setUseSessionTickets(Z)V (max- target-q,core-platform-api, reflection, denied)
02-07 07:56:36.619 27861 27861 W com.whatsapp: Accessing hidden method Lcom/android/org/conscrypt/AbstractConscryptSocket;->setUseSessionTickets(Z)V (max- target-q, reflection, denied)
02-07 07:56:36.684 27861 27861 W com.whatsapp: type=1400 audit(0.0:5542): avc: granted { execute } for path="/data/data/c--------- beginning of main
02-07 07:58:35.044 30713 30713 E com.whatsapp: Unknown bits set in runtime_flags: 0x40000000
02-07 07:58:35.054 30713 30713 E com.whatsapp: Not starting debugger since process cannot load the jdwp agent.
02-07 07:58:35.089 30713 30713 W ziparchive: Unable to open '/system/framework/mediatek-framework.dm': No such file or directory
02-07 07:58:35.089 30713 30713 W ziparchive: Unable to open '/system/framework/mediatek-framework.dm': No such file or directory
02-07 07:58:35.114 30713 30760 E com.whatsapp: Could not write anonymous vdex /system/framework/oat/arm64/mediatek-framework.vdex: Could not open /system/framework/oat/arm64/mediatek-framework.vdex for writing
02-07 07:58:35.167 30713 30713 W libc : Access denied finding property "ro.odm.prev.product.name"
02-07 07:58:35.367 30713 30713 W System.err: java.lang.ClassNotFoundException: mbmodsd.mbmodsw.ui.views.btn.BtnBK
02-07 07:58:35.367 30713 30713 W System.err: at java.lang.Runtime.nativeLoad(Native Method)
02-07 07:58:35.367 30713 30713 W System.err: at java.lang.Runtime.nativeLoad(Runtime.java:1126)
02-07 07:58:35.367 30713 30713 W System.err: at java.lang.Runtime.loadLibrary0(Runtime.java:1080)
02-07 07:58:35.367 30713 30713 W System.err: at java.lang.Runtime.loadLibrary0(Runtime.java:1003)
02-07 07:58:35.367 30713 30713 W System.err: at java.lang.System.loadLibrary(System.java:1661)
02-07 07:58:35.367 30713 30713 W System.err: at arm.EpicVm.<clinit>(Unknown Source:2)
02-07 07:58:35.367 30713 30713 W System.err: at java.lang.Class.newInstance(Native Method)
02-07 07:58:35.367 30713 30713 W System.err: at android.app.AppComponentFactory.instantiateApplication(AppComponentFactory.java:76)
02-07 07:58:35.367 30713 30713 W System.err: at androidx.core.app.CoreComponentFactory.instantiateApplication(Unknown Source:0)
02-07 07:58:35.367 30713 30713 W System.err: at android.app.Instrumentation.newApplication(Instrumentation.java:1251)
02-07 07:58:35.367 30713 30713 W System.err: at android.app.LoadedApk.makeApplicationInner(LoadedApk.java:1507)
02-07 07:58:35.367 30713 30713 W System.err: at android.app.LoadedApk.makeApplicationInner(LoadedApk.java:1443)
02-07 07:58:35.367 30713 30713 W System.err: at android.app.ActivityThread.handleBindApplication(ActivityThread.java:7231)
02-07 07:58:35.367 30713 30713 W System.err: at android.app.ActivityThread.-$ $Nest$mhandleBindApplication(Unknown Source:0)
02-07 07:58:35.367 30713 30713 W System.err: at android.app.ActivityThread$H.handleMessage(ActivityThread.java:2307)
02-07 07:58:35.367 30713 30713 W System.err: at android.os.Handler.dispatchMessage(Handler.java:106)
02-07 07:58:35.367 30713 30713 W System.err: at android.os.Looper.loopOnce(Looper.java:240)
02-07 07:58:35.367 30713 30713 W System.err: at android.os.Looper.loop(Looper.java:351)
02-07 07:58:35.368 30713 30713 W System.err: at android.app.ActivityThread.main(ActivityThread.java:8435)
02-07 07:58:35.368 30713 30713 W System.err: at java.lang.reflect.Method.invoke(Native Method)
02-07 07:58:35.368 30713 30713 W System.err: at com.android.internal.os.RuntimeInit$MethodAndArgsCaller.run(RuntimeInit.java:568)
02-07 07:58:35.368 30713 30713 W System.err: at com.android.internal.os.ZygoteInit.main(ZygoteInit.java:1013)
02-07 07:58:35.379 30713 30713 E CustomActivityOnCrash: IMPORTANT WARNING! You already have an UncaughtExceptionHandler, are you sure this is correct? If you use a custom UncaughtExceptionHandler, you must initialize it AFTER CustomActivityOnCrash! Installing anyway, but your original handler will not be called.
02-07 07:58:35.801 30713 30713 W com.whatsapp: Accessing hidden method Lcom/android/org/conscrypt/OpenSSLSocketImpl;->setUseSessionTickets(Z)V (max- target-q,core-platform-api, reflection, denied)
02-07 07:58:35.801 30713 30713 W com.whatsapp: Accessing hidden method Lcom/android/org/conscrypt/AbstractConscryptSocket;->setUseSessionTickets(Z)V (max- target-q, reflection, denied)
02-07 07:58:35.856 30713 30713 W com.whatsapp: type=1400 audit(0.0:5624): avc: granted { execute } for path="/data/data/c--------- beginning of main
02-07 09:04:05.861 12229 12229 E com.whatsapp: Unknown bits set in runtime_flags: 0x40000000
02-07 09:04:05.865 12229 12229 E com.whatsapp: Not starting debugger since process cannot load the jdwp agent.
02-07 09:04:05.871 12229 12229 W ziparchive: Unable to open '/system/framework/mediatek-framework.dm': No such file or directory
02-07 09:04:05.871 12229 12229 W ziparchive: Unable to open '/system/framework/mediatek-framework.dm': No such file or directory
02-07 09:04:05.877 12229 12263 E com.whatsapp: Could not write anonymous vdex /system/framework/oat/arm64/mediatek-framework.vdex: Could not open /system/framework/oat/arm64/mediatek-framework.vdex for writing
02-07 09:04:05.914 12229 12229 W libc : Access denied finding property "ro.odm.prev.product.name"
02-07 09:04:06.057 12229 12229 W System.err: java.lang.ClassNotFoundException: mbmodsd.mbmodsw.ui.views.btn.BtnBK
02-07 09:04:06.057 12229 12229 W System.err: at java.lang.Runtime.nativeLoad(Native Method)
02-07 09:04:06.057 12229 12229 W System.err: at java.lang.Runtime.nativeLoad(Runtime.java:1126)
02-07 09:04:06.057 12229 12229 W System.err: at java.lang.Runtime.loadLibrary0(Runtime.java:1080)
02-07 09:04:06.057 12229 12229 W System.err: at java.lang.Runtime.loadLibrary0(Runtime.java:1003)
02-07 09:04:06.057 12229 12229 W System.err: at java.lang.System.loadLibrary(System.java:1661)
02-07 09:04:06.057 12229 12229 W System.err: at arm.EpicVm.<clinit>(Unknown Source:2)
02-07 09:04:06.057 12229 12229 W System.err: at java.lang.Class.newInstance(Native Method)
02-07 09:04:06.057 12229 12229 W System.err: at android.app.AppComponentFactory.instantiateApplication(AppComponentFactory.java:76)
02-07 09:04:06.057 12229 12229 W System.err: at androidx.core.app.CoreComponentFactory.instantiateApplication(Unknown Source:0)
02-07 09:04:06.057 12229 12229 W System.err: at android.app.Instrumentation.newApplication(Instrumentation.java:1251)
02-07 09:04:06.057 12229 12229 W System.err: at android.app.LoadedApk.makeApplicationInner(LoadedApk.java:1507)
02-07 09:04:06.057 12229 12229 W System.err: at android.app.LoadedApk.makeApplicationInner(LoadedApk.java:1443)
02-07 09:04:06.057 12229 12229 W System.err: at android.app.ActivityThread.handleBindApplication(ActivityThread.java:7231)
02-07 09:04:06.057 12229 12229 W System.err: at android.app.ActivityThread.-$ $Nest$mhandleBindApplication(Unknown Source:0)
02-07 09:04:06.057 12229 12229 W System.err: at android.app.ActivityThread$H.handleMessage(ActivityThread.java:2307)
02-07 09:04:06.057 12229 12229 W System.err: at android.os.Handler.dispatchMessage(Handler.java:106)
02-07 09:04:06.057 12229 12229 W System.err: at android.os.Looper.loopOnce(Looper.java:240)
02-07 09:04:06.057 12229 12229 W System.err: at android.os.Looper.loop(Looper.java:351)
02-07 09:04:06.057 12229 12229 W System.err: at android.app.ActivityThread.main(ActivityThread.java:8435)
02-07 09:04:06.057 12229 12229 W System.err: at java.lang.reflect.Method.invoke(Native Method)
02-07 09:04:06.057 12229 12229 W System.err: at com.android.internal.os.RuntimeInit$MethodAndArgsCaller.run(RuntimeInit.java:568)
02-07 09:04:06.057 12229 12229 W System.err: at com.android.internal.os.ZygoteInit.main(ZygoteInit.java:1013)
02-07 09:04:06.069 12229 12229 E CustomActivityOnCrash: IMPORTANT WARNING! You already have an UncaughtExceptionHandler, are you sure this is correct? If you use a custom UncaughtExceptionHandler, you must initialize it AFTER CustomActivityOnCrash! Installing anyway, but your original handler will not be called.
02-07 09:04:06.347 12229 12229 W com.whatsapp: Accessing hidden method Lcom/android/org/conscrypt/OpenSSLSocketImpl;->setUseSessionTickets(Z)V (max- target-q,core-platform-api, reflection, denied)
02-07 09:04:06.347 12229 12229 W com.whatsapp: Accessing hidden method Lcom/android/org/conscrypt/AbstractConscryptSocket;->setUseSessionTickets(Z)V (max- target-q, reflection, denied)
02-07 09:04:06.432 12229 12229 W com.whatsapp: type=1400 audit(0.0:5918): avc: granted { execute } for path="/data/data/com.whatsapp/files/decompressed/libs.spk.zst/libc++_shared.so" dev="dm-56" ino=135777 scontext=u:r:untrusted_app:s0:c38,c257,c512,c768 tcontext=u:object_r:app_data_file:s0:c38,c257,c512,c768 tclass=file app=com.whatsapp
02-07 09:04:06.436 12229 12229 W com.whatsapp: type=1400 audit(0.0:5919): avc: granted { execute } for path="/data/data/com.whatsapp/files/decompressed/libs.spk.zst/libvlc.so" dev="dm- 56" ino=57872 scontext=u:r:untrusted_app:s0:c38,c257,c512,c768 tcontext=u:object_r:app_data_file:s0:c38,c257,c512,c768 tclass=file app=com.whatsapp
02-07 09:04:06.448 12229 12229 W com.whatsapp: type=1400 audit(0.0:5920): avc: granted { execute } for path="/data/data/com.whatsapp/files/decompressed/libs.spk.zst/libwhatsapp.so" dev="dm-56" ino=58175 scontext=u:r:untrusted_app:s0:c38,c257,c512,c768 tcontext=u:object_r:app_data_file:s0:c38,c257,c512,c768 tclass=file app=com.whatsapp
02-07 09:04:06.476 12229 12229 W com.whatsapp: type=1400 audit(0.0:5921): avc: granted { execute } for path="/data/data/com.whatsapp/files/decompressed/libs.spk.zst/libcurve25519.so" dev="dm-56" ino=33805 scontext=u:r:untrusted_app:s0:c38,c257,c512,c768 tcontext=u:object_r:app_data_file:s0:c38,c257,c512,c768 tclass=file app=com.whatsapp
02-07 09:04:06.508 12229 12229 W com.whatsapp: type=1400 audit(0.0:5922): avc: granted { execute } for path="/data/data/com.whatsapp/files/decompressed/libs.spk.zst/libwhatsapp.so" dev="dm-56" ino=58175 scontext=u:r:untrusted_app:s0:c38,c257,c512,c768 tcontext=u:object_r:app_data_file:s0:c38,c257,c512,c768 tclass=file app=com.whatsapp
02-07 09:04:06.508 12229 12229 W com.whatsapp: type=1400 audit(0.0:5923): avc: granted { execute } for path="/data/data/com.whatsapp/files/decompressed/libs.spk.zst/libwhatsapp.so" dev="dm-56" ino=58175 scontext=u:r:untrusted_app:s0:c38,c257,c512,c768 tcontext=u:object_r:app_data_file:s0:c38,c257,c512,c768 tclass=file app=com.whatsapp
02-07 09:04:06.508 12229 12229 W com.whatsapp: type=1400 audit(0.0:5924): avc: granted { execute } for path="/data/data/com.whatsapp/files/decompressed/libs.spk.zst/libwhatsapp.so" dev="dm-56" ino=58175 scontext=u:r:untrusted_app:s0:c38,c257,c512,c768 tcontext=u:object_r:app_data_file:s0:c38,c257,c512,c768 tclass=file app=com.whatsapp
02-07 09:04:06.744 12229 12525 W com.whatsapp: Method void X.2rL.A03(java.lang.Integer) failed lock verification and will run slower.
02-07 09:04:06.744 12229 12525 W com.whatsapp: Common causes for lock verification issues are non-optimized dex code
02-07 09:04:06.744 12229 12525 W com.whatsapp: and incorrect proguard optimizations.
02-07 11:51:56.558 12229 12253 W com.whatsapp: Suspending all threads took: 38.248ms
02-07 13:31:32.772 12229 12253 W com.whatsapp: Reducing the number of considered missed Gc histogram windows from 110 to 100
02-07 13:31:52.376 12229 12229 W com.whatsapp: Method void X.0eU.A0h(X.0tK, boolean) failed lock verification and will run slower.
02-07 13:31:52.449 12229 12229 W com.whatsapp: Method void com.whatsapp.HomeActivity.A6e() failed lock verification and will run slower.
02-07 13:31:52.452 12229 5635 E com.whatsapp: Loaded layer handle (10947984327730046681) for layer /my_product/lib64/libcolorx-loader.so
02-07 13:31:52.452 12229 5635 E com.whatsapp: Looking for entrypoint ColorX_Check
02-07 13:31:52.452 12229 5635 E com.whatsapp: Found ColorX_Check for /my_product/lib64/libcolorx-loader.so
02-07 13:31:52.452 12229 5635 E com.whatsapp: Check failed
02-07 13:31:52.454 12229 5635 W QT : qt_process_init() called
02-07 13:31:52.454 12229 5635 E QT : [QT]file does not exist
02-07 13:31:52.454 12229 5635 W QT : Support!!
02-07 13:31:52.455 12229 5635 E QT : [QT]file does not exist --------- beginning of system
02-07 13:31:52.480 12229 12229 E OplusCustomizeRestrictionManager: sInstance is null, start a new sInstance
02-07 13:31:52.627 12229 12229 E ArmVmp : Match on catch block at 0x0a in for 0x7bcee00031
02-07 13:31:52.640 12229 12229 E ArmVmp : Match on catch block at 0x0a in for 0x7bcee0004d
02-07 13:31:52.668 12229 12229 W Activity: Can request only one set of permissions at a time
02-07 13:31:52.733 12229 12229 E SchedAssist: ofbOpen failed with error=No such file or directory
02-07 13:31:52.733 12229 12229 E SchedAssist: sysOpen failed with error=No such file or directory
02-07 13:31:52.733 12229 12229 E SchedAssist: sharedImFd failed with error=Permission denied
02-07 13:31:52.764 12229 5657 W com.whatsapp: Accessing hidden method Lcom/android/org/conscrypt/ConscryptEngineSocket;->setUseSessionTickets(Z)V (max- target-q,core-platform-api, reflection, denied)
02-07 13:31:52.764 12229 5657 W com.whatsapp: Accessing hidden method Lcom/android/org/conscrypt/OpenSSLSocketImpl;->setUseSessionTickets(Z)V (max- target-q,core-platform-api, reflection, denied)
02-07 13:31:52.764 12229 5657 W com.whatsapp: Accessing hidden method Lcom/android/org/conscrypt/AbstractConscryptSocket;->setUseSessionTickets(Z)V (max- target-q, reflection, denied)
02-07 13:31:52.765 12229 5657 W com.whatsapp: Accessing hidden method Lcom/android/org/conscrypt/ConscryptEngineSocket;->setHostname(Ljava/lang/String;)V (max-target-q,core-platform-api, reflection, denied)
02-07 13:31:52.765 12229 5657 W com.whatsapp: Accessing hidden method Lcom/android/org/conscrypt/OpenSSLSocketImpl;->setHostname(Ljava/lang/String;)V (max-target-q,core-platform-api, reflection, denied)
02-07 13:31:52.765 12229 5657 W com.whatsapp: Accessing hidden method Lcom/android/org/conscrypt/AbstractConscryptSocket;->setHostname(Ljava/lang/ String;)V (max-target-q, reflection, denied)
02-07 13:31:52.765 12229 5657 W com.whatsapp: Accessing hidden method Lcom/android/org/conscrypt/OpenSSLSocketImpl;->setAlpnProtocols([B)V (max-target- q,core-platform-api, reflection, denied)
02-07 13:31:52.765 12229 5657 W com.whatsapp: Accessing hidden method Lcom/android/org/conscrypt/AbstractConscryptSocket;->setAlpnProtocols([B)V (max- target-q, reflection, denied)
02-07 13:31:52.766 12229 12229 E OplusBracketLog: [OplusViewMirrorManager] updateHostViewRootIfNeeded, not support android.view.ViewRootImpl@28ce27
02-07 13:31:53.091 12229 12229 E RecyclerView: No adapter attached; skipping layout
02-07 13:31:53.111 12229 5633 W libc : Access denied finding property "ro.vendor.magt.mtk_magt_support"
02-07 13:31:53.134 12229 5633 W Parcel : Expecting binder but got null!
02-07 13:31:53.135 12229 12229 W TextView: onProvideContentCaptureStructure(): calling assumeLayout()
02-07 13:31:53.135 12229 12229 W TextView: onProvideContentCaptureStructure(): calling assumeLayout()
02-07 13:31:53.135 12229 12229 W TextView: onProvideContentCaptureStructure(): calling assumeLayout()
02-07 13:31:53.135 12229 12229 W TextView: onProvideContentCaptureStructure(): calling assumeLayout()
02-07 13:31:53.135 12229 12229 W TextView: onProvideContentCaptureStructure(): calling assumeLayout()
02-07 13:31:53.135 12229 12229 W TextView: onProvideContentCaptureStructure(): calling assumeLayout()
02-07 13:31:53.136 12229 12229 W TextView: onProvideContentCaptureStructure(): calling assumeLayout()
02-07 13:31:53.136 12229 12229 W TextView: onProvideContentCaptureStructure(): calling assumeLayout()
02-07 13:31:53.136 12229 12229 W TextView: onProvideContentCaptureStructure(): calling assumeLayout()
02-07 13:31:53.136 12229 12229 W TextView: onProvideContentCaptureStructure(): calling assumeLayout()
02-07 13:31:53.136 12229 12229 W TextView: onProvideContentCaptureStructure(): calling assumeLayout()
02-07 13:31:53.136 12229 12229 W TextView: onProvideContentCaptureStructure(): calling assumeLayout()
02-07 13:31:53.136 12229 12229 W TextView: onProvideContentCaptureStructure(): calling assumeLayout()
02-07 13:31:53.136 12229 12229 W TextView: onProvideContentCaptureStructure(): calling assumeLayout()
02-07 13:31:53.136 12229 12229 W TextView: onProvideContentCaptureStructure(): calling assumeLayout()
02-07 13:31:53.136 12229 12229 W TextView: onProvideContentCaptureStructure(): calling assumeLayout()
02-07 13:31:53.136 12229 12229 W TextView: onProvideContentCaptureStructure(): calling assumeLayout()
02-07 13:31:53.136 12229 12229 W TextView: onProvideContentCaptureStructure(): calling assumeLayout()
02-07 13:31:53.136 12229 12229 W TextView: onProvideContentCaptureStructure(): calling assumeLayout()
02-07 13:31:53.136 12229 12229 W TextView: onProvideContentCaptureStructure(): calling assumeLayout()
02-07 13:31:53.137 12229 12229 W TextView: onProvideContentCaptureStructure(): calling assumeLayout()
02-07 13:31:53.137 12229 12229 W TextView: onProvideContentCaptureStructure(): calling assumeLayout()
02-07 13:31:53.137 12229 12229 W TextView: onProvideContentCaptureStructure(): calling assumeLayout()
02-07 13:31:53.137 12229 12229 W TextView: onProvideContentCaptureStructure(): calling assumeLayout()
02-07 13:31:53.137 12229 12229 W TextView: onProvideContentCaptureStructure(): calling assumeLayout()
02-07 13:31:53.137 12229 12229 W TextView: onProvideContentCaptureStructure(): calling assumeLayout()
02-07 13:31:53.137 12229 12229 W TextView: onProvideContentCaptureStructure(): calling assumeLayout()
02-07 13:31:53.137 12229 12229 W TextView: onProvideContentCaptureStructure(): calling assumeLayout()
02-07 13:31:53.137 12229 12229 W TextView: onProvideContentCaptureStructure(): calling assumeLayout()
02-07 13:31:53.137 12229 12229 W TextView: onProvideContentCaptureStructure(): calling assumeLayout()
02-07 13:31:53.137 12229 12229 W TextView: onProvideContentCaptureStructure(): calling assumeLayout()
02-07 13:31:53.137 12229 12229 W TextView: onProvideContentCaptureStructure(): calling assumeLayout()
02-07 13:31:53.137 12229 12229 W TextView: onProvideContentCaptureStructure(): calling assumeLayout()
02-07 13:31:53.137 12229 12229 W TextView: onProvideContentCaptureStructure(): calling assumeLayout()
02-07 13:31:53.137 12229 12229 W TextView: onProvideContentCaptureStructure(): calling assumeLayout()
02-07 13:31:53.137 12229 12229 W TextView: onProvideContentCaptureStructure(): calling assumeLayout()
02-07 13:31:53.138 12229 12229 W TextView: onProvideContentCaptureStructure(): calling assumeLayout()
02-07 13:31:53.138 12229 12229 W TextView: onProvideContentCaptureStructure(): calling assumeLayout()
02-07 13:31:53.138 12229 12229 W TextView: onProvideContentCaptureStructure(): calling assumeLayout()
02-07 13:31:53.138 12229 12229 W TextView: onProvideContentCaptureStructure(): calling assumeLayout()
02-07 13:31:53.138 12229 12229 W TextView: onProvideContentCaptureStructure(): calling assumeLayout()
02-07 13:31:53.138 12229 12229 W TextView: onProvideContentCaptureStructure(): calling assumeLayout()
02-07 13:31:53.138 12229 12229 W TextView: onProvideContentCaptureStructure(): calling assumeLayout()
02-07 13:31:53.138 12229 12229 W TextView: onProvideContentCaptureStructure(): calling assumeLayout()
02-07 13:31:53.138 12229 12229 W TextView: onProvideContentCaptureStructure(): calling assumeLayout()
02-07 13:31:53.138 12229 12229 W TextView: onProvideContentCaptureStructure(): calling assumeLayout()
02-07 13:31:53.138 12229 12229 W TextView: onProvideContentCaptureStructure(): calling assumeLayout()
02-07 13:31:53.138 12229 12229 W TextView: onProvideContentCaptureStructure(): calling assumeLayout()
02-07 13:31:53.139 12229 12229 W TextView: onProvideContentCaptureStructure(): calling assumeLayout()
02-07 13:31:53.139 12229 12229 W TextView: onProvideContentCaptureStructure(): calling assumeLayout()
02-07 13:31:53.139 12229 12229 W TextView: onProvideContentCaptureStructure(): calling assumeLayout()
02-07 13:31:53.154 12229 12229 E ArmVmp : Match on catch block at 0x0a in for 0x7bcee00035
02-07 13:31:53.181 12229 12229 E RecyclerView: No adapter attached; skipping layout
02-07 13:31:53.277 12229 5716 W LOTTIE : Animation contains merge paths. Merge paths are only supported on KitKat+ and must be manually enabled by calling enableMergePathsForKitKatAndAbove().
02-07 13:31:53.387 12229 12229 W LOTTIE : Animation contains merge paths but they are disabled.
02-07 13:31:55.934 12229 12229 E OplusBracketLog: [OplusViewMirrorManager] updateHostViewRootIfNeeded, not support android.view.ViewRootImpl@66eabde
02-07 13:31:55.985 12229 5633 W Parcel : Expecting binder but got null!
02-07 13:31:55.986 12229 12229 W TextView: onProvideContentCaptureStructure(): calling assumeLayout()
02-07 13:31:55.986 12229 12229 W TextView: onProvideContentCaptureStructure(): calling assumeLayout()
02-07 13:31:56.690 12229 12229 E OplusBracketLog: [OplusViewMirrorManager] updateHostViewRootIfNeeded, not support android.view.ViewRootImpl@40230ca
02-07 13:31:56.726 12229 5633 W Parcel : Expecting binder but got null!
02-07 13:31:56.726 12229 12229 W TextView: onProvideContentCaptureStructure(): calling assumeLayout()
02-07 13:31:57.717 12229 5633 E FrameEvents: updateAcquireFence: Did not find frame.
02-07 13:31:59.379 12229 5829 E RenderScript: Failed loading RS driver: dlopen failed: library "libRSDriver_mtk.so" not found
02-07 13:31:59.379 12229 5829 E RenderScript: Failed to load runtime libRSDriver_mtk.so, loading default
02-07 13:31:59.471 12229 12229 E ArmVmp : Match on catch block at 0x0a in for 0x7bcee00035
02-07 13:31:59.473 12229 12229 E ArmVmp : Match on catch block at 0x0a in for 0x7bcee00035
02-07 13:31:59.499 12229 12229 E OplusBracketLog: [OplusViewMirrorManager] updateHostViewRootIfNeeded, not support android.view.ViewRootImpl@757cb97
02-07 13:31:59.509 12229 12229 E IPCThreadState: attemptIncStrongHandle(110): Not supported
02-07 13:31:59.509 12229 12229 E IPCThreadState: attemptIncStrongHandle(103): Not supported
02-07 13:31:59.602 12229 5851 E ion : ioctl c0044901 failed with code -1: Invalid argument
02-07 13:31:59.619 12229 12229 E ArmVmp : Match on catch block at 0xc3 in for 0x7bcee00021
02-07 13:31:59.621 12229 12229 E ArmVmp : Match on catch block at 0xc3 in for 0x7bcee00021
02-07 13:31:59.645 12229 5633 W Parcel : Expecting binder but got null!
02-07 13:31:59.645 12229 12229 W TextView: onProvideContentCaptureStructure(): calling assumeLayout()
02-07 13:31:59.645 12229 12229 W TextView: onProvideContentCaptureStructure(): calling assumeLayout()
02-07 13:31:59.645 12229 12229 W TextView: onProvideContentCaptureStructure(): calling assumeLayout()
02-07 13:31:59.645 12229 12229 W TextView: onProvideContentCaptureStructure(): calling assumeLayout()
02-07 13:31:59.646 12229 12229 W TextView: onProvideContentCaptureStructure(): calling assumeLayout()
02-07 13:31:59.646 12229 12229 W TextView: onProvideContentCaptureStructure(): calling assumeLayout()
02-07 13:31:59.646 12229 12229 W TextView: onProvideContentCaptureStructure(): calling assumeLayout()
02-07 13:31:59.646 12229 12229 W TextView: onProvideContentCaptureStructure(): calling assumeLayout()
02-07 13:31:59.647 12229 12229 W TextView: onProvideContentCaptureStructure(): calling assumeLayout()
02-07 13:31:59.668 12229 12229 E ArmVmp : Match on catch block at 0xc3 in for 0x7bcee00025
02-07 13:31:59.671 12229 12229 E ArmVmp : Match on catch block at 0xc3 in for 0x7bcee00025
02-07 13:31:59.703 12229 12229 E ArmVmp : Match on catch block at 0xc3 in for 0x7bcee00025
02-07 13:31:59.704 12229 12229 E ArmVmp : Match on catch block at 0xc3 in for 0x7bcee00025
02-07 13:31:59.720 12229 12229 E ArmVmp : Match on catch block at 0xc3 in for 0x7bcee00025
02-07 13:31:59.723 12229 12229 E ArmVmp : Match on catch block at 0xc3 in for 0x7bcee00025
02-07 13:31:59.736 12229 12229 E ArmVmp : Match on catch block at 0xc3 in for 0x7bcee00025
02-07 13:31:59.737 12229 12229 E ArmVmp : Match on catch block at 0xc3 in for 0x7bcee00025
02-07 13:31:59.759 12229 12229 E ArmVmp : Match on catch block at 0xc3 in for 0x7bcee00025
02-07 13:31:59.761 12229 12229 E ArmVmp : Match on catch block at 0xc3 in for 0x7bcee00025
02-07 13:31:59.770 12229 12229 E ArmVmp : Match on catch block at 0xc3 in for 0x7bcee00025
02-07 13:31:59.772 12229 12229 E ArmVmp : Match on catch block at 0xc3 in for 0x7bcee00025
02-07 13:31:59.780 12229 12229 E ArmVmp : Match on catch block at 0xc3 in for 0x7bcee00025
02-07 13:31:59.781 12229 12229 E ArmVmp : Match on catch block at 0xc3 in for 0x7bcee00025
02-07 13:31:59.790 12229 12229 E ArmVmp : Match on catch block at 0xc3 in for 0x7bcee00025
02-07 13:31:59.793 12229 12229 E ArmVmp : Match on catch block at 0xc3 in for 0x7bcee00025
02-07 13:31:59.801 12229 12229 E ArmVmp : Match on catch block at 0xc3 in for 0x7bcee00025
02-07 13:31:59.803 12229 12229 E ArmVmp : Match on catch block at 0xc3 in for 0x7bcee00025
02-07 13:31:59.813 12229 12229 E ArmVmp : Match on catch block at 0xc3 in for 0x7bcee00025
02-07 13:31:59.814 12229 12229 E ArmVmp : Match on catch block at 0xc3 in for 0x7bcee00025
02-07 13:31:59.823 12229 12229 E ArmVmp : Match on catch block at 0xc3 in for 0x7bcee00025
02-07 13:31:59.825 12229 12229 E ArmVmp : Match on catch block at 0xc3 in for 0x7bcee00025
02-07 13:31:59.835 12229 12229 E ArmVmp : Match on catch block at 0xc3 in for 0x7bcee00025
02-07 13:31:59.836 12229 12229 E ArmVmp : Match on catch block at 0xc3 in for 0x7bcee00025
02-07 13:31:59.846 12229 12229 E ArmVmp : Match on catch block at 0xc3 in for 0x7bcee00025
02-07 13:31:59.847 12229 12229 E ArmVmp : Match on catch block at 0xc3 in for 0x7bcee00025
02-07 13:31:59.857 12229 12229 E ArmVmp : Match on catch block at 0xc3 in for 0x7bcee00025
02-07 13:31:59.858 12229 12229 E ArmVmp : Match on catch block at 0xc3 in for 0x7bcee00025
02-07 13:31:59.868 12229 12229 E ArmVmp : Match on catch block at 0xc3 in for 0x7bcee00025
02-07 13:31:59.871 12229 12229 E ArmVmp : Match on catch block at 0xc3 in for 0x7bcee00025
02-07 13:31:59.879 12229 12229 E ArmVmp : Match on catch block at 0xc3 in for 0x7bcee00025
02-07 13:31:59.881 12229 12229 E ArmVmp : Match on catch block at 0xc3 in for 0x7bcee00025
02-07 13:31:59.891 12229 12229 E ArmVmp : Match on catch block at 0xc3 in for 0x7bcee00025
02-07 13:31:59.893 12229 12229 E ArmVmp : Match on catch block at 0xc3 in for 0x7bcee00025
02-07 13:31:59.903 12229 12229 E ArmVmp : Match on catch block at 0xc3 in for 0x7bcee00025
02-07 13:31:59.905 12229 12229 E ArmVmp : Match on catch block at 0xc3 in for 0x7bcee00025
02-07 13:31:59.913 12229 12229 E ArmVmp : Match on catch block at 0xc3 in for 0x7bcee00025
02-07 13:31:59.915 12229 12229 E ArmVmp : Match on catch block at 0xc3 in for 0x7bcee00025
02-07 13:31:59.924 12229 12229 E ArmVmp : Match on catch block at 0xc3 in for 0x7bcee00025
02-07 13:31:59.927 12229 12229 E ArmVmp : Match on catch block at 0xc3 in for 0x7bcee00025
02-07 13:31:59.936 12229 12229 E ArmVmp : Match on catch block at 0xc3 in for 0x7bcee00025
02-07 13:31:59.939 12229 12229 E ArmVmp : Match on catch block at 0xc3 in for 0x7bcee00025
02-07 13:31:59.947 12229 12229 E ArmVmp : Match on catch block at 0xc3 in for 0x7bcee00025
02-07 13:31:59.950 12229 12229 E ArmVmp : Match on catch block at 0xc3 in for 0x7bcee00025
02-07 13:31:59.958 12229 12229 E ArmVmp : Match on catch block at 0xc3 in for 0x7bcee00025
02-07 13:31:59.963 12229 12229 E ArmVmp : Match on catch block at 0xc3 in for 0x7bcee00025
02-07 13:31:59.969 12229 12229 E ArmVmp : Match on catch block at 0xc3 in for 0x7bcee00025
02-07 13:31:59.972 12229 12229 E ArmVmp : Match on catch block at 0xc3 in for 0x7bcee00025
02-07 13:31:59.981 12229 12229 E ArmVmp : Match on catch block at 0xc3 in for 0x7bcee00025
02-07 13:31:59.985 12229 12229 E ArmVmp : Match on catch block at 0xc3 in for 0x7bcee00025
02-07 13:31:59.992 12229 12229 E ArmVmp : Match on catch block at 0xc3 in for 0x7bcee00025
02-07 13:31:59.995 12229 12229 E ArmVmp : Match on catch block at 0xc3 in for 0x7bcee00025
02-07 13:32:00.003 12229 12229 E ArmVmp : Match on catch block at 0xc3 in for 0x7bcee00025
02-07 13:32:00.008 12229 12229 E ArmVmp : Match on catch block at 0xc3 in for 0x7bcee00025
02-07 13:32:00.015 12229 12229 E ArmVmp : Match on catch block at 0xc3 in for 0x7bcee00025
02-07 13:32:00.020 12229 12229 E ArmVmp : Match on catch block at 0xc3 in for 0x7bcee00025
02-07 13:32:00.026 12229 12229 E ArmVmp : Match on catch block at 0xc3 in for 0x7bcee00025
02-07 13:32:00.028 12229 12229 E ArmVmp : Match on catch block at 0xc3 in for 0x7bcee00025
02-07 13:32:00.036 12229 12229 E ArmVmp : Match on catch block at 0xc3 in for 0x7bcee00025
02-07 13:32:00.039 12229 12229 E ArmVmp : Match on catch block at 0xc3 in for 0x7bcee00025
02-07 13:32:00.048 12229 12229 E ArmVmp : Match on catch block at 0xc3 in for 0x7bcee00025
02-07 13:32:00.051 12229 12229 E ArmVmp : Match on catch block at 0xc3 in for 0x7bcee00025
02-07 13:32:00.059 12229 12229 E ArmVmp : Match on catch block at 0xc3 in for 0x7bcee00025
02-07 13:32:00.061 12229 12229 E ArmVmp : Match on catch block at 0xc3 in for 0x7bcee00025
02-07 13:32:00.070 12229 12229 E ArmVmp : Match on catch block at 0xc3 in for 0x7bcee00025
02-07 13:32:00.073 12229 12229 E ArmVmp : Match on catch block at 0xc3 in for 0x7bcee00025
02-07 13:32:00.081 12229 12229 E ArmVmp : Match on catch block at 0xc3 in for 0x7bcee00025
02-07 13:32:00.084 12229 12229 E ArmVmp : Match on catch block at 0xc3 in for 0x7bcee00025
02-07 13:32:00.092 12229 12229 E ArmVmp : Match on catch block at 0xc3 in for 0x7bcee00025
02-07 13:32:00.095 12229 12229 E ArmVmp : Match on catch block at 0xc3 in for 0x7bcee00025
02-07 13:32:00.104 12229 12229 E ArmVmp : Match on catch block at 0xc3 in for 0x7bcee00025
02-07 13:32:00.106 12229 12229 E ArmVmp : Match on catch block at 0xc3 in for 0x7bcee00025
02-07 13:32:00.118 12229 12229 E ArmVmp : Match on catch block at 0xc3 in for 0x7bcee00025
02-07 13:32:00.120 12229 12229 E ArmVmp : Match on catch block at 0xc3 in for 0x7bcee00025
02-07 13:32:00.166 12229 12229 E ArmVmp : Match on catch block at 0xc3 in for 0x7bcee00025
02-07 13:32:00.171 12229 12229 E ArmVmp : Match on catch block at 0xc3 in for 0x7bcee00025
02-07 13:32:00.220 12229 12229 E ArmVmp : Match on catch block at 0xc3 in for 0x7bcee00025
02-07 13:32:00.222 12229 12229 E ArmVmp : Match on catch block at 0xc3 in for 0x7bcee00025
02-07 13:32:00.253 12229 12229 E ArmVmp : Match on catch block at 0xc3 in for 0x7bcee00025
02-07 13:32:00.255 12229 12229 E ArmVmp : Match on catch block at 0xc3 in for 0x7bcee00025
02-07 13:32:00.268 12229 12229 E ArmVmp : Match on catch block at 0xc3 in for 0x7bcee00025
02-07 13:32:00.272 12229 12229 E ArmVmp : Match on catch block at 0xc3 in for 0x7bcee00025
02-07 13:32:00.281 12229 12229 E ArmVmp : Match on catch block at 0xc3 in for 0x7bcee00025
02-07 13:32:00.283 12229 12229 E ArmVmp : Match on catch block at 0xc3 in for 0x7bcee00025
02-07 13:32:00.292 12229 12229 E ArmVmp : Match on catch block at 0xc3 in for 0x7bcee00025
02-07 13:32:00.294 12229 12229 E ArmVmp : Match on catch block at 0xc3 in for 0x7bcee00025
02-07 13:32:00.307 12229 12229 E ArmVmp : Match on catch block at 0xc3 in for 0x7bcee00025
02-07 13:32:00.309 12229 12229 E ArmVmp : Match on catch block at 0xc3 in for 0x7bcee00025
02-07 13:32:00.324 12229 12229 E ArmVmp : Match on catch block at 0xc3 in for 0x7bcee00025
02-07 13:32:00.329 12229 12229 E ArmVmp : Match on catch block at 0xc3 in for 0x7bcee00025
02-07 13:32:00.334 12229 12229 E ArmVmp : Match on catch block at 0xc3 in for 0x7bcee00025
02-07 13:32:00.338 12229 12229 E ArmVmp : Match on catch block at 0xc3 in for 0x7bcee00025
02-07 13:32:00.341 12229 12229 E ArmVmp : Match on catch block at 0xc3 in for 0x7bcee00025
02-07 13:32:00.343 12229 12229 E ArmVmp : Match on catch block at 0xc3 in for 0x7bcee00025
02-07 13:32:00.351 12229 12229 E ArmVmp : Match on catch block at 0xc3 in for 0x7bcee00025
02-07 13:32:00.353 12229 12229 E ArmVmp : Match on catch block at 0xc3 in for 0x7bcee00025
02-07 13:32:00.363 12229 12229 E ArmVmp : Match on catch block at 0xc3 in for 0x7bcee00025
02-07 13:32:00.365 12229 12229 E ArmVmp : Match on catch block at 0xc3 in for 0x7bcee00025
02-07 13:32:00.373 12229 12229 E ArmVmp : Match on catch block at 0xc3 in for 0x7bcee00025
02-07 13:32:00.377 12229 12229 E ArmVmp : Match on catch block at 0xc3 in for 0x7bcee00025
02-07 13:32:00.385 12229 12229 E ArmVmp : Match on catch block at 0xc3 in for 0x7bcee00025
02-07 13:32:00.386 12229 12229 E ArmVmp : Match on catch block at 0xc3 in for 0x7bcee00025
02-07 13:32:00.395 12229 12229 E ArmVmp : Match on catch block at 0xc3 in for 0x7bcee00025
02-07 13:32:00.397 12229 12229 E ArmVmp : Match on catch block at 0xc3 in for 0x7bcee00025
02-07 13:32:00.406 12229 12229 E ArmVmp : Match on catch block at 0xc3 in for 0x7bcee00025
02-07 13:32:00.408 12229 12229 E ArmVmp : Match on catch block at 0xc3 in for 0x7bcee00025
02-07 13:32:00.417 12229 12229 E ArmVmp : Match on catch block at 0xc3 in for 0x7bcee00025
02-07 13:32:00.419 12229 12229 E ArmVmp : Match on catch block at 0xc3 in for 0x7bcee00025
02-07 13:32:00.429 12229 12229 E ArmVmp : Match on catch block at 0xc3 in for 0x7bcee00025
02-07 13:32:00.431 12229 12229 E ArmVmp : Match on catch block at 0xc3 in for 0x7bcee00025
02-07 13:32:00.440 12229 12229 E ArmVmp : Match on catch block at 0xc3 in for 0x7bcee00025
02-07 13:32:00.443 12229 12229 E ArmVmp : Match on catch block at 0xc3 in for 0x7bcee00025
02-07 13:32:00.451 12229 12229 E ArmVmp : Match on catch block at 0xc3 in for 0x7bcee00025
02-07 13:32:00.453 12229 12229 E ArmVmp : Match on catch block at 0xc3 in for 0x7bcee00025
02-07 13:32:00.462 12229 12229 E ArmVmp : Match on catch block at 0xc3 in for 0x7bcee00025
02-07 13:32:00.464 12229 12229 E ArmVmp : Match on catch block at 0xc3 in for 0x7bcee00025
02-07 13:32:00.474 12229 12229 E ArmVmp : Match on catch block at 0xc3 in for 0x7bcee00025
02-07 13:32:00.476 12229 12229 E ArmVmp : Match on catch block at 0xc3 in for 0x7bcee00025
02-07 13:32:00.485 12229 12229 E ArmVmp : Match on catch block at 0xc3 in for 0x7bcee00025
02-07 13:32:00.488 12229 12229 E ArmVmp : Match on catch block at 0xc3 in for 0x7bcee00025
02-07 13:32:00.496 12229 12229 E ArmVmp : Match on catch block at 0xc3 in for 0x7bcee00025
02-07 13:32:00.498 12229 12229 E ArmVmp : Match on catch block at 0xc3 in for 0x7bcee00025
02-07 13:32:00.507 12229 12229 E ArmVmp : Match on catch block at 0xc3 in for 0x7bcee00025
02-07 13:32:00.510 12229 12229 E ArmVmp : Match on catch block at 0xc3 in for 0x7bcee00025
02-07 13:32:00.519 12229 12229 E ArmVmp : Match on catch block at 0xc3 in for 0x7bcee00025
02-07 13:32:00.523 12229 12229 E ArmVmp : Match on catch block at 0xc3 in for 0x7bcee00025
02-07 13:32:00.531 12229 12229 E ArmVmp : Match on catch block at 0xc3 in for 0x7bcee00025
02-07 13:32:00.534 12229 12229 E ArmVmp : Match on catch block at 0xc3 in for 0x7bcee00025
02-07 13:32:00.542 12229 12229 E ArmVmp : Match on catch block at 0xc3 in for 0x7bcee00025
02-07 13:32:00.546 12229 12229 E ArmVmp : Match on catch block at 0xc3 in for 0x7bcee00025
02-07 13:32:00.552 12229 12229 E ArmVmp : Match on catch block at 0xc3 in for 0x7bcee00025
02-07 13:32:00.555 12229 12229 E ArmVmp : Match on catch block at 0xc3 in for 0x7bcee00025
02-07 13:32:00.564 12229 12229 E ArmVmp : Match on catch block at 0xc3 in for 0x7bcee00025
02-07 13:32:00.567 12229 12229 E ArmVmp : Match on catch block at 0xc3 in for 0x7bcee00025
02-07 13:32:00.574 12229 12229 E ArmVmp : Match on catch block at 0xc3 in for 0x7bcee00025
02-07 13:32:00.577 12229 12229 E ArmVmp : Match on catch block at 0xc3 in for 0x7bcee00025
02-07 13:32:00.586 12229 12229 E ArmVmp : Match on catch block at 0xc3 in for 0x7bcee00025
02-07 13:32:00.590 12229 12229 E ArmVmp : Match on catch block at 0xc3 in for 0x7bcee00025
02-07 13:32:00.597 12229 12229 E ArmVmp : Match on catch block at 0xc3 in for 0x7bcee00025
02-07 13:32:00.600 12229 12229 E ArmVmp : Match on catch block at 0xc3 in for 0x7bcee00025
02-07 13:32:00.608 12229 12229 E ArmVmp : Match on catch block at 0xc3 in for 0x7bcee00025
02-07 13:32:00.611 12229 12229 E ArmVmp : Match on catch block at 0xc3 in for 0x7bcee00025
02-07 13:32:00.620 12229 12229 E ArmVmp : Match on catch block at 0xc3 in for 0x7bcee00025
02-07 13:32:00.623 12229 12229 E ArmVmp : Match on catch block at 0xc3 in for 0x7bcee00025
02-07 13:32:00.631 12229 12229 E ArmVmp : Match on catch block at 0xc3 in for 0x7bcee00025
02-07 13:32:00.635 12229 12229 E ArmVmp : Match on catch block at 0xc3 in for 0x7bcee00025
02-07 13:32:00.642 12229 12229 E ArmVmp : Match on catch block at 0xc3 in for 0x7bcee00025
02-07 13:32:00.646 12229 12229 E ArmVmp : Match on catch block at 0xc3 in for 0x7bcee00025
02-07 13:32:00.653 12229 12229 E ArmVmp : Match on catch block at 0xc3 in for 0x7bcee00025
02-07 13:32:00.656 12229 12229 E ArmVmp : Match on catch block--------- beginning of main
02-07 13:32:00.664 12229 12229 E ArmVmp : Match on catch block at 0xc3 in for 0x7bcee00025
02-07 13:32:00.669 12229 12229 E ArmVmp : Match on catch block at 0xc3 in for 0x7bcee00025
02-07 13:32:00.675 12229 12229 E ArmVmp : Match on catch block at 0xc3 in for 0x7bcee00025
02-07 13:32:00.688 12229 12229 E ArmVmp : Match on catch block at 0xc3 in for 0x7bcee00025
02-07 13:32:00.692 12229 12229 E ArmVmp : Match on catch block at 0xc3 in for 0x7bcee00025
02-07 13:32:00.695 12229 12229 E ArmVmp : Match on catch block at 0xc3 in for 0x7bcee00025
02-07 13:32:00.699 12229 12229 E ArmVmp : Match on catch block at 0xc3 in for 0x7bcee00025
02-07 13:32:00.701 12229 12229 E ArmVmp : Match on catch block at 0xc3 in for 0x7bcee00025
02-07 13:32:00.709 12229 12229 E ArmVmp : Match on catch block at 0xc3 in for 0x7bcee00025
02-07 13:32:00.710 12229 12229 E ArmVmp : Match on catch block at 0xc3 in for 0x7bcee00025
02-07 13:32:00.720 12229 12229 E ArmVmp : Match on catch block at 0xc3 in for 0x7bcee00025
02-07 13:32:00.722 12229 12229 E ArmVmp : Match on catch block at 0xc3 in for 0x7bcee00025
02-07 13:32:00.732 12229 12229 E ArmVmp : Match on catch block at 0xc3 in for 0x7bcee00025
02-07 13:32:00.736 12229 12229 E ArmVmp : Match on catch block at 0xc3 in for 0x7bcee00025
02-07 13:32:00.746 12229 12229 E ArmVmp : Match on catch block at 0xc3 in for 0x7bcee00025
02-07 13:32:00.747 12229 12229 E ArmVmp : Match on catch block at 0xc3 in for 0x7bcee00025
02-07 13:32:03.642 12229 12253 W com.whatsapp: Cleared Reference was only reachable from finalizer (only reported once)
02-07 13:32:03.964 5907 5907 E com.whatsapp: Unknown bits set in runtime_flags: 0x40000000
02-07 13:32:03.967 5907 5907 E com.whatsapp: Not starting debugger since process cannot load the jdwp agent.
02-07 13:32:03.972 5907 5907 W ziparchive: Unable to open '/system/framework/mediatek-framework.dm': No such file or directory
02-07 13:32:03.972 5907 5907 W ziparchive: Unable to open '/system/framework/mediatek-framework.dm': No such file or directory
02-07 13:32:03.976 5907 5928 E com.whatsapp: Could not write anonymous vdex /system/framework/oat/arm64/mediatek-framework.vdex: Could not open /system/framework/oat/arm64/mediatek-framework.vdex for writing
02-07 13:32:04.010 5907 5907 W libc : Access denied finding property "ro.odm.prev.product.name"
02-07 13:32:04.110 5907 5907 W System.err: java.lang.ClassNotFoundException: mbmodsd.mbmodsw.ui.views.btn.BtnBK
02-07 13:32:04.111 5907 5907 W System.err: at java.lang.Runtime.nativeLoad(Native Method)
02-07 13:32:04.111 5907 5907 W System.err: at java.lang.Runtime.nativeLoad(Runtime.java:1126)
02-07 13:32:04.111 5907 5907 W System.err: at java.lang.Runtime.loadLibrary0(Runtime.java:1080)
02-07 13:32:04.111 5907 5907 W System.err: at java.lang.Runtime.loadLibrary0(Runtime.java:1003)
02-07 13:32:04.111 5907 5907 W System.err: at java.lang.System.loadLibrary(System.java:1661)
02-07 13:32:04.111 5907 5907 W System.err: at arm.EpicVm.<clinit>(Unknown Source:2)
02-07 13:32:04.111 5907 5907 W System.err: at java.lang.Class.newInstance(Native Method)
02-07 13:32:04.111 5907 5907 W System.err: at android.app.AppComponentFactory.instantiateApplication(AppComponentFactory.java:76)
02-07 13:32:04.111 5907 5907 W System.err: at androidx.core.app.CoreComponentFactory.instantiateApplication(Unknown Source:0)
02-07 13:32:04.111 5907 5907 W System.err: at android.app.Instrumentation.newApplication(Instrumentation.java:1251)
02-07 13:32:04.111 5907 5907 W System.err: at android.app.LoadedApk.makeApplicationInner(LoadedApk.java:1507)
02-07 13:32:04.111 5907 5907 W System.err: at android.app.LoadedApk.makeApplicationInner(LoadedApk.java:1443)
02-07 13:32:04.111 5907 5907 W System.err: at android.app.ActivityThread.handleBindApplication(ActivityThread.java:7231)
02-07 13:32:04.111 5907 5907 W System.err: at android.app.ActivityThread.-$ $Nest$mhandleBindApplication(Unknown Source:0)
02-07 13:32:04.111 5907 5907 W System.err: at android.app.ActivityThread$H.handleMessage(ActivityThread.java:2307)
02-07 13:32:04.111 5907 5907 W System.err: at android.os.Handler.dispatchMessage(Handler.java:106)
02-07 13:32:04.111 5907 5907 W System.err: at android.os.Looper.loopOnce(Looper.java:240)
02-07 13:32:04.111 5907 5907 W System.err: at android.os.Looper.loop(Looper.java:351)
02-07 13:32:04.111 5907 5907 W System.err: at android.app.ActivityThread.main(ActivityThread.java:8435)
02-07 13:32:04.111 5907 5907 W System.err: at java.lang.reflect.Method.invoke(Native Method)
02-07 13:32:04.111 5907 5907 W System.err: at com.android.internal.os.RuntimeInit$MethodAndArgsCaller.run(RuntimeInit.java:568)
02-07 13:32:04.111 5907 5907 W System.err: at com.android.internal.os.ZygoteInit.main(ZygoteInit.java:1013)
02-07 13:32:04.123 5907 5907 E CustomActivityOnCrash: IMPORTANT WARNING! You already have an UncaughtExceptionHandler, are you sure this is correct? If you use a custom UncaughtExceptionHandler, you must initialize it AFTER CustomActivityOnCrash! Installing anyway, but your original handler will not be called.
02-07 13:32:04.164 5907 5934 W LibraryVersion: Failed to get app version for libraryName: firebase-iid
02-07 13:32:04.310 5907 5907 W com.whatsapp: Accessing hidden method Lcom/android/org/conscrypt/OpenSSLSocketImpl;->setUseSessionTickets(Z)V (max- target-q,core-platform-api, reflection, denied)
02-07 13:32:04.310 5907 5907 W com.whatsapp: Accessing hidden method Lcom/android/org/conscrypt/AbstractConscryptSocket;->setUseSessionTickets(Z)V (max- target-q, reflection, denied)
02-07 13:32:04.326 5907 5907 W com.whatsapp: type=1400 audit(0.0:6430): avc: granted { execute } for path="/data/data/com.whatsapp/files/decompressed/libs.spk.zst/libc++_shared.so" dev="dm-56" ino=135777 scontext=u:r:untrusted_app:s0:c38,c257,c512,c768 tcontext=u:object_r:app_data_file:s0:c38,c257,c512,c768 tclass=file app=com.whatsapp
02-07 13:32:04.330 5907 5907 W com.whatsapp: type=1400 audit(0.0:6431): avc: granted { execute } for path="/data/data/com.whatsapp/files/decompressed/libs.spk.zst/libvlc.so" dev="dm- 56" ino=57872 scontext=u:r:untrusted_app:s0:c38,c257,c512,c768 tcontext=u:object_r:app_data_file:s0:c38,c257,c512,c768 tclass=file app=com.whatsapp
02-07 13:32:04.338 5907 5907 W com.whatsapp: type=1400 audit(0.0:6432): avc: granted { execute } for path="/data/data/com.whatsapp/files/decompressed/libs.spk.zst/libwhatsapp.so" dev="dm-56" ino=58175 scontext=u:r:untrusted_app:s0:c38,c257,c512,c768 tcontext=u:object_r:app_data_file:s0:c38,c257,c512,c768 tclass=file app=com.whatsapp
02-07 13:32:04.366 5907 5907 W com.whatsapp: type=1400 audit(0.0:6433): avc: granted { execute } for path="/data/data/com.whatsapp/files/decompressed/libs.spk.zst/libcurve25519.so" dev="dm-56" ino=33805 scontext=u:r:untrusted_app:s0:c38,c257,c512,c768 tcontext=u:object_r:app_data_file:s0:c38,c257,c512,c768 tclass=file app=com.whatsapp
02-07 13:32:04.374 5907 5907 W com.whatsapp: type=1400 audit(0.0:6434): avc: granted { execute } for path="/data/data/com.whatsapp/files/decompressed/libs.spk.zst/libwhatsapp.so" dev="dm-56" ino=58175 scontext=u:r:untrusted_app:s0:c38,c257,c512,c768 tcontext=u:object_r:app_data_file:s0:c38,c257,c512,c768 tclass=file app=com.whatsapp
02-07 13:32:04.374 5907 5907 W com.whatsapp: type=1400 audit(0.0:6435): avc: granted { execute } for path="/data/data/com.whatsapp/files/decompressed/libs.spk.zst/libwhatsapp.so" dev="dm-56" ino=58175 scontext=u:r:untrusted_app:s0:c38,c257,c512,c768 tcontext=u:object_r:app_data_file:s0:c38,c257,c512,c768 tclass=file app=com.whatsapp
02-07 13:32:04.374 5907 5907 W com.whatsapp: type=1400 audit(0.0:6436): avc: granted { execute } for path="/data/data/com.whatsapp/files/decompressed/libs.spk.zst/libwhatsapp.so" dev="dm-56" ino=58175 scontext=u:r:untrusted_app:s0:c38,c257,c512,c768 tcontext=u:object_r:app_data_file:s0:c38,c257,c512,c768 tclass=file app=com.whatsapp
02-07 13:32:04.423 5907 5987 W com.whatsapp: Method void X.2rL.A03(java.lang.Integer) failed lock verification and will run slower.
02-07 13:32:04.423 5907 5--------- beginning of main
02-07 14:17:32.717 20846 20846 E com.whatsapp: Unknown bits set in runtime_flags: 0x40000000
02-07 14:17:32.721 20846 20846 E com.whatsapp: Not starting debugger since process cannot load the jdwp agent.
02-07 14:17:32.732 20846 20846 W ziparchive: Unable to open '/system/framework/mediatek-framework.dm': No such file or directory
