02-05 14:45:05.772 11502 11517 W System : A resource failed to call close.
02-05 14:45:05.772 11502 11517 W System : A resource failed to call close.
02-05 14:45:05.772 11502 11517 W System : A resource failed to call close.
02-05 14:45:05.772 11502 11517 W System : A resource failed to call close.
02-05 14:45:05.772 11502 11517 W System : A resource failed to call close.
02-05 14:45:05.772 11502 11517 W System : A resource failed to call close.
02-05 14:45:05.772 11502 11517 W System : A resource failed to call close.
02-05 14:45:05.772 11502 11517 W System : A resource failed to call close.
02-05 14:45:05.772 11502 11517 W System : A resource failed to call close.
02-05 14:45:05.772 11502 11517 W System : A resource failed to call close.
02-05 14:45:05.772 11502 11517 W System : A resource failed to call close.
02-05 14:45:05.772 11502 11517 W System : A resource failed to call close.
02-05 14:45:05.772 11502 11517 W System : A resource failed to call close.
02-05 14:45:05.772 11502 11517 W System : A resource failed to call close.
02-05 14:45:05.772 11502 11517 W System : A resource failed to call close.
02-05 14:45:05.772 11502 11517 W System : A resource failed to call close.
02-05 14:45:05.772 11502 11517 W System : A resource failed to call close.
02-05 14:45:05.772 11502 11517 W System : A resource failed to call close.
02-05 14:45:05.772 11502 11517 W System : A resource failed to call close.
02-05 14:45:05.772 11502 11517 W System : A resource failed to call close.
02-05 14:45:05.772 11502 11517 W System : A resource failed to call close.
02-05 14:45:05.772 11502 11517 W System : A resource failed to call close.
02-05 14:45:05.772 11502 11517 W System : A resource failed to call close.
02-05 14:45:05.772 11502 11517 W System : A resource failed to call close.
02-05 14:45:05.772 11502 11517 W System : A resource failed to call close.
02-05 14:45:05.773 11502 11517 W System : A resource failed to call close.
02-05 14:45:05.773 11502 11517 W System : A resource failed to call close.
02-05 14:45:05.773 11502 11517 W System : A resource failed to call close.
02-05 14:45:05.773 11502 11517 W System : A resource failed to call close.
02-05 14:45:05.773 11502 11517 W System : A resource failed to call close.
02-05 14:45:05.773 11502 11517 W System : A resource failed to call close.
02-05 14:45:05.773 11502 11517 W System : A resource failed to call close.
02-05 14:45:05.773 11502 11517 W System : A resource failed to call close.
02-05 14:45:05.773 11502 11517 W System : A resource failed to call close.
02-05 14:45:05.773 11502 11517 W System : A resource failed to call close.
02-05 14:45:05.773 11502 11517 W System : A resource failed to call close.
02-05 14:45:05.773 11502 11517 W System : A resource failed to call close.
02-05 14:45:05.773 11502 11517 W System : A resource failed to call close.
02-05 14:45:05.773 11502 11517 W System : A resource failed to call close.
02-05 14:45:05.773 11502 11517 W System : A resource failed to call close.
02-05 14:45:05.773 11502 11517 W System : A resource failed to call close.
02-05 14:45:05.773 11502 11517 W System : A resource failed to call close.
02-05 14:45:07.929 11502 11517 W System : A resource failed to call close.
02-05 14:45:07.929 11502 11517 W System : A resource failed to call close.
02-05 14:45:07.929 11502 11517 W System : A resource failed to call close.
02-05 14:45:07.929 11502 11517 W System : A resource failed to call close.
02-05 14:45:07.929 11502 11517 W System : A resource failed to call close.
02-05 14:45:07.929 11502 11517 W System : A resource failed to call close.
02-05 14:45:07.929 11502 11517 W System : A resource failed to call close.
02-05 14:45:07.929 11502 11517 W System : A resource failed to call close.
02-05 14:45:07.929 11502 11517 W System : A resource failed to call close.
02-05 14:45:07.929 11502 11517 W System : A resource failed to call close.
02-05 14:45:07.929 11502 11517 W System : A resource failed to call close.
02-05 14:45:07.929 11502 11517 W System : A resource failed to call close.
02-05 14:45:07.929 11502 11517 W System : A resource failed to call close.
02-05 14:45:07.929 11502 11517 W System : A resource failed to call close.
02-05 14:45:07.929 11502 11517 W System : A resource failed to call close.
02-05 14:45:07.929 11502 11517 W System : A resource failed to call close.
02-05 14:45:07.929 11502 11517 W System : A resource failed to call close.
02-05 14:45:07.929 11502 11517 W System : A resource failed to call close.
02-05 14:45:07.929 11502 11517 W System : A resource failed to call close.
02-05 14:45:07.929 11502 11517 W System : A resource failed to call close.
02-05 14:45:07.930 11502 11517 W System : A resource failed to call close.
02-05 14:45:07.930 11502 11517 W System : A resource failed to call close.
02-05 14:45:07.930 11502 11517 W System : A resource failed to call close.
02-05 14:45:07.930 11502 11517 W System : A resource failed to call close.
02-05 14:45:07.930 11502 11517 W System : A resource failed to call close.
02-05 14:45:07.930 11502 11517 W System : A resource failed to call close.
02-05 14:45:07.930 11502 11517 W System : A resource failed to call close.
02-05 14:45:07.930 11502 11517 W System : A resource failed to call close.
02-05 14:45:07.930 11502 11517 W System : A resource failed to call close.
02-05 14:45:07.930 11502 11517 W System : A resource failed to call close.
02-05 14:45:07.930 11502 11517 W System : A resource failed to call close.
02-05 14:45:07.930 11502 11517 W System : A resource failed to call close.
02-05 14:45:07.930 11502 11517 W System : A resource failed to call close.
02-05 14:45:07.930 11502 11517 W System : A resource failed to call close.
02-05 14:45:07.930 11502 11517 W System : A resource failed to call close.
02-05 14:45:07.930 11502 11517 W System : A resource failed to call close.
02-05 14:45:07.930 11502 11517 W System : A resource failed to call close.
02-05 14:45:07.930 11502 11517 W System : A resource failed to call close.
02-05 14:45:07.930 11502 11517 W System : A resource failed to call close.
02-05 14:45:07.930 11502 11517 W System : A resource failed to call close.
02-05 14:45:07.930 11502 11517 W System : A resource failed to call close.
02-05 14:45:07.930 11502 11517 W System : A resource failed to call close.
02-05 14:45:07.930 11502 11517 W System : A resource failed to call close.
02-05 14:45:07.930 11502 11517 W System : A resource failed to call close.
02-05 14:45:07.930 11502 11517 W System : A resource failed to call close.
02-05 14:45:07.930 11502 11517 W System : A resource failed to call close.
02-05 14:45:07.930 11502 11517 W System : A resource failed to call close.
02-05 14:45:07.930 11502 11517 W System : A resource failed to call close.
02-05 14:45:07.930 11502 11517 W System : A resource failed to call close.
02-05 14:45:07.930 11502 11517 W System : A resource failed to call close.
02-05 14:45:07.930 11502 11517 W System : A resource failed to call close.
02-05 14:45:07.930 11502 11517 W System : A resource failed to call close.
02-05 14:45:07.930 11502 11517 W System : A resource failed to call close.
02-05 14:45:07.930 11502 11517 W System : A resource failed to call close.
02-05 14:45:07.930 11502 11517 W System : A resource failed to call close.
02-05 14:45:07.930 11502 11517 W System : A resource failed to call close.
02-05 14:45:07.930 11502 11517 W System : A resource failed to call close.
02-05 14:45:07.930 11502 11517 W System : A resource failed to call close.
02-05 14:45:07.930 11502 11517 W System : A resource failed to call close.
02-05 14:45:07.930 11502 11517 W System : A resource failed to call close.
02-05 14:45:07.930 11502 11517 W System : A resource failed to call close.
02-05 14:45:07.930 11502 11517 W System : A resource failed to call close.
02-05 14:45:07.930 11502 11517 W System : A resource failed to call close.
02-05 14:45:07.930 11502 11517 W System : A resource failed to call close.
02-05 14:45:07.930 11502 11517 W System : A resource failed to call close.
02-05 14:45:07.930 11502 11517 W System : A resource failed to call close.
02-05 14:45:07.930 11502 11517 W System : A resource failed to call close.
02-05 14:45:07.930 11502 11517 W System : A resource failed to call close.
02-05 14:45:07.930 11502 11517 W System : A resource failed to call close.
02-05 14:45:07.930 11502 11517 W System : A resource failed to call close.
02-05 14:45:07.930 11502 11517 W System : A resource failed to call close.
02-05 14:45:07.930 11502 11517 W System : A resource failed to call close.
02-05 14:45:07.930 11502 11517 W System : A resource failed to call close.
02-05 14:45:07.930 11502 11517 W System : A resource failed to call close.
02-05 14:45:07.930 11502 11517 W System : A resource failed to call close.
02-05 14:45:07.930 11502 11517 W System : A resource failed to call close.
02-05 14:45:07.930 11502 11517 W System : A resource failed to call close.
02-05 14:45:17.365 11502 11517 W System : A resource failed to call close.
02-05 14:45:17.365 11502 11517 W System : A resource failed to call close.
02-05 14:45:17.365 11502 11517 W System : A resource failed to call close.
02-05 14:45:17.365 11502 11517 W System : A resource failed to call close.
02-05 14:45:17.365 11502 11517 W System : A resource failed to call close.
02-05 14:45:17.365 11502 11517 W System : A resource failed to call close.
02-05 14:45:17.365 11502 11517 W System : A resource failed to call close.
02-05 14:45:17.365 11502 11517 W System : A resource failed to call close.
02-05 14:45:17.365 11502 11517 W System : A resource failed to call close.
02-05 14:45:17.365 11502 11517 W System : A resource failed to call close.
02-05 14:45:17.365 11502 11517 W System : A resource failed to call close.
02-05 14:45:17.365 11502 11517 W System : A resource failed to call close.
02-05 14:45:17.365 11502 11517 W System : A resource failed to call close.
02-05 14:45:17.365 11502 11517 W System : A resource failed to call close.
02-05 14:45:17.365 11502 11517 W System : A resource failed to call close.
02-05 14:45:17.365 11502 11517 W System : A resource failed to call close.
02-05 14:45:17.365 11502 11517 W System : A resource failed to call close.
02-05 14:45:17.365 11502 11517 W System : A resource failed to call close.
02-05 14:45:17.365 11502 11517 W System : A resource failed to call close.
02-05 14:45:17.365 11502 11517 W System : A resource failed to call close.
02-05 14:45:17.366 11502 11517 W System : A resource failed to call close.
02-05 14:45:17.366 11502 11517 W System : A resource failed to call close.
02-05 14:45:17.366 11502 11517 W System : A resource failed to call close.
02-05 14:45:17.366 11502 11517 W System : A resource failed to call close.
02-05 14:45:17.366 11502 11517 W System : A resource failed to call close.
02-05 14:45:17.366 11502 11517 W System : A resource failed to call close.
02-05 14:45:17.366 11502 11517 W System : A resource failed to call close.
02-05 14:45:17.366 11502 11517 W System : A resource failed to call close.
02-05 14:45:17.366 11502 11517 W System : A resource failed to call close.
02-05 14:45:17.366 11502 11517 W System : A resource failed to call close.
02-05 14:45:17.366 11502 11517 W System : A resource failed to call close.
02-05 14:45:17.366 11502 11517 W System : A resource failed to call close.
02-05 14:45:17.366 11502 11517 W System : A resource failed to call close.
02-05 14:45:17.366 11502 11517 W System : A resource failed to call close.
02-05 14:45:17.366 11502 11517 W System : A resource failed to call close.
02-05 14:45:17.366 11502 11517 W System : A resource failed to call close.
02-05 14:45:17.366 11502 11517 W System : A resource failed to call close.
02-05 14:45:17.366 11502 11517 W System : A resource failed to call close.
02-05 14:45:17.366 11502 11517 W System : A resource failed to call close.
02-05 14:45:17.366 11502 11517 W System : A resource failed to call close.
02-05 14:45:17.366 11502 11517 W System : A resource failed to call close.
02-05 14:45:17.366 11502 11517 W System : A resource failed to call close.
02-05 14:45:17.366 11502 11517 W System : A resource failed to call close.
02-05 14:45:17.366 11502 11517 W System : A resource failed to call close.
02-05 14:45:17.366 11502 11517 W System : A resource failed to call close.
02-05 14:45:17.366 11502 11517 W System : A resource failed to call close.
02-05 14:45:17.366 11502 11517 W System : A resource failed to call close.
02-05 14:45:17.366 11502 11517 W System : A resource failed to call close.
02-05 14:45:17.366 11502 11517 W System : A resource failed to call close.
02-05 14:45:17.366 11502 11517 W System : A resource failed to call close.
02-05 14:45:17.366 11502 11517 W System : A resource failed to call close.
02-05 14:45:17.366 11502 11517 W System : A resource failed to call close.
02-05 14:45:17.366 11502 11517 W System : A resource failed to call close.
02-05 14:45:17.366 11502 11517 W System : A resource failed to call close.
02-05 14:45:17.366 11502 11517 W System : A resource failed to call close.
02-05 14:45:17.366 11502 11517 W System : A resource failed to call close.
02-05 14:45:17.366 11502 11517 W System : A resource failed to call close.
02-05 14:45:17.366 11502 11517 W System : A resource failed to call close.
02-05 14:45:17.366 11502 11517 W System : A resource failed to call close.
02-05 14:45:17.366 11502 11517 W System : A resource failed to call close.
02-05 14:45:17.366 11502 11517 W System : A resource failed to call close.
02-05 14:45:17.366 11502 11517 W System : A resource failed to call close.
02-05 14:45:17.366 11502 11517 W System : A resource failed to call close.
02-05 14:45:17.366 11502 11517 W System : A resource failed to call close.
02-05 14:45:17.366 11502 11517 W System : A resource failed to call close.
02-05 14:45:17.366 11502 11517 W System : A resource failed to call close.
02-05 14:45:17.366 11502 11517 W System : A resource failed to call close.
02-05 14:45:17.367 11502 11517 W System : A resource failed to call close.
02-05 14:45:17.367 11502 11517 W System : A resource failed to call close.
02-05 14:45:17.367 11502 11517 W System : A resource failed to call close.
02-05 14:45:17.367 11502 11517 W System : A resource failed to call close.
02-05 14:45:17.367 11502 11517 W System : A resource failed to call close.
02-05 14:45:17.367 11502 11517 W System : A resource failed to call close.
02-05 14:45:17.367 11502 11517 W System : A resource failed to call close.
02-05 14:45:17.367 11502 11517 W System : A resource failed to call close.
02-05 14:45:17.367 11502 11517 W System : A resource failed to call close.
02-05 14:45:17.367 11502 11517 W System : A resource failed to call close.
02-05 14:45:17.367 11502 11517 W System : A resource failed to call close.
02-05 14:45:17.367 11502 11517 W System : A resource failed to call close.
02-05 14:45:17.367 11502 11517 W System : A resource failed to call close.
02-05 14:45:17.367 11502 11517 W System : A resource failed to call close.
02-05 14:45:17.367 11502 11517 W System : A resource failed to call close.
02-05 14:45:17.367 11502 11517 W System : A resource failed to call close.
02-05 14:45:17.367 11502 11517 W System : A resource failed to call close.
02-05 14:45:17.367 11502 11517 W System : A resource failed to call close.
02-05 14:45:17.367 11502 11517 W System : A resource failed to call close.
02-05 14:45:17.724 11502 11517 W System : A resource failed to call close.
02-05 14:45:17.724 11502 11517 W System : A resource failed to call close.
02-05 14:45:17.724 11502 11517 W System : A resource failed to call close.
02-05 14:45:17.724 11502 11517 W System : A resource failed to call close.
02-05 14:45:17.724 11502 11517 W System : A resource failed to call close.
02-05 14:45:17.724 11502 11517 W System : A resource failed to call close.
02-05 14:45:17.724 11502 11517 W System : A resource failed to call close.
02-05 14:45:17.724 11502 11517 W System : A resource failed to call close.
02-05 14:45:17.724 11502 11517 W System : A resource failed to call close.
02-05 14:45:17.724 11502 11517 W System : A resource failed to call close.
02-05 14:45:17.724 11502 11517 W System : A resource failed to call close.
02-05 14:45:17.724 11502 11517 W System : A resource failed to call close.
02-05 14:45:17.724 11502 11517 W System : A resource failed to call close.
02-05 14:45:17.724 11502 11517 W System : A resource failed to call close.
02-05 14:45:17.724 11502 11517 W System : A resource failed to call close.
02-05 14:45:17.724 11502 11517 W System : A resource failed to call close.
02-05 14:45:17.724 11502 11517 W System : A resource failed to call close.
02-05 14:45:17.724 11502 11517 W System : A resource failed to call close.
02-05 14:45:17.724 11502 11517 W System : A resource failed to call close.
02-05 14:45:17.724 11502 11517 W System : A resource failed to call close.
02-05 14:45:17.724 11502 11517 W System : A resource failed to call close.
02-05 14:45:17.724 11502 11517 W System : A resource failed to call close.
02-05 14:45:17.724 11502 11517 W System : A resource failed to call close.
02-05 14:45:17.724 11502 11517 W System : A resource failed to call close.
02-05 14:45:17.724 11502 11517 W System : A resource failed to call close.
02-05 14:45:17.724 11502 11517 W System : A resource failed to call close.
02-05 14:45:17.724 11502 11517 W System : A resource failed to call close.
02-05 14:45:17.724 11502 11517 W System : A resource failed to call close.
02-05 14:45:17.724 11502 11517 W System : A resource failed to call close.
02-05 14:45:17.724 11502 11517 W System : A resource failed to call close.
02-05 14:45:17.724 11502 11517 W System : A resource failed to call close.
02-05 14:45:17.724 11502 11517 W System : A resource failed to call close.
02-05 14:45:17.724 11502 11517 W System : A resource failed to call close.
02-05 14:45:17.724 11502 11517 W System : A resource failed to call close.
02-05 14:45:17.724 11502 11517 W System : A resource failed to call close.
02-05 14:45:17.724 11502 11517 W System : A resource failed to call close.
02-05 14:45:17.724 11502 11517 W System : A resource failed to call close.
02-05 14:45:17.724 11502 11517 W System : A resource failed to call close.
02-05 14:45:17.724 11502 11517 W System : A resource failed to call close.
02-05 14:45:17.724 11502 11517 W System : A resource failed to call close.
02-05 14:45:17.724 11502 11517 W System : A resource failed to call close.
02-05 14:45:17.724 11502 11517 W System : A resource failed to call close.
02-05 14:45:17.724 11502 11517 W System : A resource failed to call close.
02-05 14:45:17.725 11502 11517 W System : A resource failed to call close.
02-05 14:45:17.725 11502 11517 W System : A resource failed to call close.
02-05 14:45:17.725 11502 11517 W System : A resource failed to call close.
02-05 14:45:17.725 11502 11517 W System : A resource failed to call close.
02-05 14:45:17.725 11502 11517 W System : A resource failed to call close.
02-05 14:45:17.725 11502 11517 W System : A resource failed to call close.
02-05 14:45:17.725 11502 11517 W System : A resource failed to call close.
02-05 14:45:17.725 11502 11517 W System : A resource failed to call close.
02-05 14:45:17.725 11502 11517 W System : A resource failed to call close.
02-05 14:45:17.725 11502 11517 W System : A resource failed to call close.
02-05 14:45:17.725 11502 11517 W System : A resource failed to call close.
02-05 14:45:17.725 11502 11517 W System : A resource failed to call close.
02-05 14:45:17.725 11502 11517 W System : A resource failed to call close.
02-05 14:45:17.725 11502 11517 W System : A resource failed to call close.
02-05 14:45:17.725 11502 11517 W System : A resource failed to call close.
02-05 14:45:17.725 11502 11517 W System : A resource failed to call close.
02-05 14:45:17.725 11502 11517 W System : A resource failed to call close.
02-05 14:45:17.725 11502 11517 W System : A resource failed to call close.
02-05 14:45:17.725 11502 11517 W System : A resource failed to call close.
02-05 14:45:17.725 11502 11517 W System : A resource failed to call close.
02-05 14:45:17.725 11502 11517 W System : A resource failed to call close.
02-05 14:45:17.725 11502 11517 W System : A resource failed to call close.
02-05 14:45:17.725 11502 11517 W System : A resource failed to call close.
02-05 14:45:17.725 11502 11517 W System : A resource failed to call close.
02-05 14:45:17.725 11502 11517 W System : A resource failed to call close.
02-05 14:45:17.725 11502 11517 W System : A resource failed to call close.
02-05 14:45:17.725 11502 11517 W System : A resource failed to call close.
02-05 14:45:17.725 11502 11517 W System : A resource failed to call close.
02-05 14:45:17.725 11502 11517 W System : A resource failed to call close.
02-05 14:45:17.725 11502 11517 W System : A resource failed to call close.
02-05 14:45:17.725 11502 11517 W System : A resource failed to call close.
02-05 14:45:17.725 11502 11517 W System : A resource failed to call close.
02-05 14:45:17.725 11502 11517 W System : A resource failed to call close.
02-05 14:45:17.725 11502 11517 W System : A resource failed to call close.
02-05 14:45:17.725 11502 11517 W System : A resource failed to call close.
02-05 14:45:17.725 11502 11517 W System : A resource failed to call close.
02-05 14:45:17.725 11502 11517 W System : A resource failed to call close.
02-05 14:45:17.725 11502 11517 W System : A resource failed to call close.
02-05 14:45:17.725 11502 11517 W System : A resource failed to call close.
02-05 14:45:17.725 11502 11517 W System : A resource failed to call close.
02-05 14:45:17.725 11502 11517 W System : A resource failed to call close.
02-05 14:45:17.725 11502 11517 W System : A resource failed to call close.
02-05 14:45:17.726 11502 11517 W System : A resource failed to call close.
02-05 14:45:17.726 11502 11517 W System : A resource failed to call close.
02-05 14:45:17.726 11502 11517 W System : A resource failed to call close.
02-05 14:45:17.726 11502 11517 W System : A resource failed to call close.
02-05 14:45:17.726 11502 11517 W System : A resource failed to call close.
02-05 14:45:17.726 11502 11517 W System : A resource failed to call close.
02-05 14:45:17.726 11502 11517 W System : A resource failed to call close.
02-05 14:45:17.726 11502 11517 W System : A resource failed to call close.
02-05 14:45:17.726 11502 11517 W System : A resource failed to call close.
02-05 14:45:17.726 11502 11517 W System : A resource failed to call close.
02-05 14:45:17.726 11502 11517 W System : A resource failed to call close.
02-05 14:45:17.726 11502 11517 W System : A resource failed to call close.
02-05 14:45:17.726 11502 11517 W System : A resource failed to call close.
02-05 14:45:17.726 11502 11517 W System : A resource failed to call close.
02-05 14:45:17.726 11502 11517 W System : A resource failed to call close.
02-05 14:45:17.726 11502 11517 W System : A resource failed to call close.
02-05 14:45:17.726 11502 11517 W System : A resource failed to call close.
02-05 14:45:17.726 11502 11517 W System : A resource failed to call close.
02-05 14:45:17.726 11502 11517 W System : A resource failed to call close.
02-05 14:45:17.726 11502 11517 W System : A resource failed to call close.
02-05 14:45:17.726 11502 11517 W System : A resource failed to call close.
02-05 14:45:17.726 11502 11517 W System : A resource failed to call close.
02-05 14:45:17.726 11502 11517 W System : A resource failed to call close.
02-05 14:45:17.726 11502 11517 W System : A resource failed to call close.
02-05 14:45:17.726 11502 11517 W System : A resource failed to call close.
02-05 14:45:17.726 11502 11517 W System : A resource failed to call close.
02-05 14:45:17.727 11502 11517 W System : A resource failed to call close.
02-05 14:45:17.727 11502 11517 W System : A resource failed to call close.
02-05 14:45:17.727 11502 11517 W System : A resource failed to call close.
02-05 14:47:44.895 11502 11517 W System : A resource failed to call close.
02-05 14:47:44.896 11502 11517 W System : A resource failed to call close.
02-05 14:47:44.896 11502 11517 W System : A resource failed to call close.
02-05 14:47:44.896 11502 11517 W System : A resource failed to call close.
02-05 14:47:44.896 11502 11517 W System : A resource failed to call close.
02-05 14:47:44.896 11502 11517 W System : A resource failed to call close.
02-05 14:47:44.896 11502 11517 W System : A resource failed to call close.
02-05 14:47:44.896 11502 11517 W System : A resource failed to call close.
02-05 14:47:44.896 11502 11517 W System : A resource failed to call close.
02-05 14:47:44.896 11502 11517 W System : A resource failed to call close.
02-05 14:47:44.896 11502 11517 W System : A resource failed to c--------- beginning of main
02-05 15:31:28.688 24082 24082 E com.whatsapp: Unknown bits set in runtime_flags: 0x40000000
02-05 15:31:28.694 24082 24082 E com.whatsapp: Not starting debugger since process cannot load the jdwp agent.
02-05 15:31:28.701 24082 24082 W ziparchive: Unable to open '/system/framework/mediatek-framework.dm': No such file or directory
02-05 15:31:28.701 24082 24082 W ziparchive: Unable to open '/system/framework/mediatek-framework.dm': No such file or directory
02-05 15:31:28.708 24082 28489 E com.whatsapp: Could not write anonymous vdex /system/framework/oat/arm64/mediatek-framework.vdex: Could not open /system/framework/oat/arm64/mediatek-framework.vdex for writing
02-05 15:31:28.734 24082 24082 W libc : Access denied finding property "ro.odm.prev.product.name"
02-05 15:31:28.821 24082 24082 W System.err: java.lang.ClassNotFoundException: mbmodsd.mbmodsw.ui.views.btn.BtnBK
02-05 15:31:28.823 24082 24082 W System.err: at java.lang.Runtime.nativeLoad(Native Method)
02-05 15:31:28.823 24082 24082 W System.err: at java.lang.Runtime.nativeLoad(Runtime.java:1126)
02-05 15:31:28.823 24082 24082 W System.err: at java.lang.Runtime.loadLibrary0(Runtime.java:1080)
02-05 15:31:28.823 24082 24082 W System.err: at java.lang.Runtime.loadLibrary0(Runtime.java:1003)
02-05 15:31:28.823 24082 24082 W System.err: at java.lang.System.loadLibrary(System.java:1661)
02-05 15:31:28.823 24082 24082 W System.err: at arm.EpicVm.<clinit>(Unknown Source:2)
02-05 15:31:28.823 24082 24082 W System.err: at java.lang.Class.newInstance(Native Method)
02-05 15:31:28.823 24082 24082 W System.err: at android.app.AppComponentFactory.instantiateApplication(AppComponentFactory.java:76)
02-05 15:31:28.823 24082 24082 W System.err: at androidx.core.app.CoreComponentFactory.instantiateApplication(Unknown Source:0)
02-05 15:31:28.823 24082 24082 W System.err: at android.app.Instrumentation.newApplication(Instrumentation.java:1251)
02-05 15:31:28.823 24082 24082 W System.err: at android.app.LoadedApk.makeApplicationInner(LoadedApk.java:1507)
02-05 15:31:28.823 24082 24082 W System.err: at android.app.LoadedApk.makeApplicationInner(LoadedApk.java:1443)
02-05 15:31:28.823 24082 24082 W System.err: at android.app.ActivityThread.handleBindApplication(ActivityThread.java:7231)
02-05 15:31:28.823 24082 24082 W System.err: at android.app.ActivityThread.-$ $Nest$mhandleBindApplication(Unknown Source:0)
02-05 15:31:28.823 24082 24082 W System.err: at android.app.ActivityThread$H.handleMessage(ActivityThread.java:2307)
02-05 15:31:28.823 24082 24082 W System.err: at android.os.Handler.dispatchMessage(Handler.java:106)
02-05 15:31:28.823 24082 24082 W System.err: at android.os.Looper.loopOnce(Looper.java:240)
02-05 15:31:28.823 24082 24082 W System.err: at android.os.Looper.loop(Looper.java:351)
02-05 15:31:28.823 24082 24082 W System.err: at android.app.ActivityThread.main(ActivityThread.java:8435)
02-05 15:31:28.823 24082 24082 W System.err: at java.lang.reflect.Method.invoke(Native Method)
02-05 15:31:28.823 24082 24082 W System.err: at com.android.internal.os.RuntimeInit$MethodAndArgsCaller.run(RuntimeInit.java:568)
02-05 15:31:28.823 24082 24082 W System.err: at com.android.internal.os.ZygoteInit.main(ZygoteInit.java:1013)
02-05 15:31:28.842 24082 24082 E CustomActivityOnCrash: IMPORTANT WARNING! You already have an UncaughtExceptionHandler, are you sure this is correct? If you use a custom UncaughtExceptionHandler, you must initialize it AFTER CustomActivityOnCrash! Installing anyway, but your original handler will not be called.
02-05 15:31:29.039 24082 24082 W com.whatsapp: Accessing hidden method Lcom/android/org/conscrypt/OpenSSLSocketImpl;->setUseSessionTickets(Z)V (max- target-q,core-platform-api, reflection, denied)
02-05 15:31:29.039 24082 24082 W com.whatsapp: Accessing hidden method Lcom/android/org/conscrypt/AbstractConscryptSocket;->setUseSessionTickets(Z)V (max- target-q, reflection, denied)
02-05 15:31:29.047 24082 24082 W com.whatsapp: type=1400 audit(0.0:82306): avc: granted { execute } for path="/data/data/com.whatsapp/files/decompressed/libs.spk.zst/libc++_shared.so" dev="dm-56" ino=135777 scontext=u:r:untrusted_app:s0:c38,c257,c512,c768 tcontext=u:object_r:app_data_file:s0:c38,c257,c512,c768 tclass=file app=com.whatsapp
02-05 15:31:29.047 24082 24082 W com.whatsapp: type=1400 audit(0.0:82307): avc: granted { execute } for path="/data/data/com.whatsapp/files/decompressed/libs.spk.zst/libvlc.so" dev="dm- 56" ino=57872 scontext=u:r:untrusted_app:s0:c38,c257,c512,c768 tcontext=u:object_r:app_data_file:s0:c38,c257,c512,c768 tclass=file app=com.whatsapp
02-05 15:31:29.051 24082 24082 W com.whatsapp: type=1400 audit(0.0:82308): avc: granted { execute } for path="/data/data/com.whatsapp/files/decompressed/libs.spk.zst/libwhatsapp.so" dev="dm-56" ino=58175 scontext=u:r:untrusted_app:s0:c38,c257,c512,c768 tcontext=u:object_r:app_data_file:s0:c38,c257,c512,c768 tclass=file app=com.whatsapp
02-05 15:31:29.071 24082 24082 W com.whatsapp: type=1400 audit(0.0:82309): avc: granted { execute } for path="/data/data/com.whatsapp/files/decompressed/libs.spk.zst/libcurve25519.so" dev="dm-56" ino=33805 scontext=u:r:untrusted_app:s0:c38,c257,c512,c768 tcontext=u:object_r:app_data_file:s0:c38,c257,c512,c768 tclass=file app=com.whatsapp
02-05 15:31:29.079 24082 24082 W com.whatsapp: type=1400 audit(0.0:82310): avc: granted { execute } for path="/data/data/com.whatsapp/files/decompressed/libs.spk.zst/libwhatsapp.so" dev="dm-56" ino=58175 scontext=u:r:untrusted_app:s0:c38,c257,c512,c768 tcontext=u:object_r:app_data_file:s0:c38,c257,c512,c768 tclass=file app=com.whatsapp
02-05 15:31:29.109 24082 28524 W com.whatsapp: Method void X.2rL.A03(java.lang.Integer) failed lock verification and will run slower.
02-05 15:31:29.109 24082 28524 W com.whatsapp: Common causes for lock verification issues are non-optimized dex code
02-05 15:31:29.109 24082 28524 W com.whatsapp: and incorrect proguard optimizations.
02-05 15:31:29.109 24082 24082 W com.whatsapp: Method void X.0eU.A0h(X.0tK, boolean) failed lock verification and will run slower.
02-05 15:31:29.178 24082 24082 W com.whatsapp: Method void com.whatsapp.HomeActivity.A6e() failed lock verification and will run slower.
02-05 15:31:29.181 24082 28535 E com.whatsapp: Loaded layer handle (8001637925106767245) for layer /my_product/lib64/libcolorx-loader.so
02-05 15:31:29.181 24082 28535 E com.whatsapp: Looking for entrypoint ColorX_Check
02-05 15:31:29.181 24082 28535 E com.whatsapp: Found ColorX_Check for /my_product/lib64/libcolorx-loader.so
02-05 15:31:29.181 24082 28535 E com.whatsapp: Check failed
02-05 15:31:29.182 24082 28535 W QT : qt_process_init() called
02-05 15:31:29.182 24082 28535 E QT : [QT]file does not exist
02-05 15:31:29.182 24082 28535 W QT : Support!!
02-05 15:31:29.183 24082 28535 E QT : [QT]file does not exist --------- beginning of system
02-05 15:31:29.197 24082 24082 E OplusCustomizeRestrictionManager: sInstance is null, start a new sInstance
02-05 15:31:29.339 24082 24082 E ArmVmp : Match on catch block at 0x0a in for 0x7135a10031
02-05 15:31:29.351 24082 24082 E ArmVmp : Match on catch block at 0x0a in for 0x7135a1004d
02-05 15:31:29.409 24082 24082 W Activity: Can request only one set of permissions at a time
02-05 15:31:29.451 24082 24082 E SchedAssist: ofbOpen failed with error=No such file or directory
02-05 15:31:29.452 24082 24082 E SchedAssist: sysOpen failed with error=No such file or directory
02-05 15:31:29.452 24082 24082 E SchedAssist: sharedImFd failed with error=Permission denied
02-05 15:31:29.454 24082 28540 W com.whatsapp: Accessing hidden method Lcom/android/org/conscrypt/ConscryptEngineSocket;->setUseSessionTickets(Z)V (max- target-q,core-platform-api, reflection, denied)
02-05 15:31:29.454 24082 28540 W com.whatsapp: Accessing hidden method Lcom/android/org/conscrypt/OpenSSLSocketImpl;->setUseSessionTickets(Z)V (max- target-q,core-platform-api, reflection, denied)
02-05 15:31:29.454 24082 28540 W com.whatsapp: Accessing hidden method Lcom/android/org/conscrypt/AbstractConscryptSocket;->setUseSessionTickets(Z)V (max- target-q, reflection, denied)
02-05 15:31:29.454 24082 28540 W com.whatsapp: Accessing hidden method Lcom/android/org/conscrypt/ConscryptEngineSocket;->setHostname(Ljava/lang/String;)V (max-target-q,core-platform-api, reflection, denied)
02-05 15:31:29.454 24082 28540 W com.whatsapp: Accessing hidden method Lcom/android/org/conscrypt/OpenSSLSocketImpl;->setHostname(Ljava/lang/String;)V (max-target-q,core-platform-api, reflection, denied)
02-05 15:31:29.454 24082 28540 W com.whatsapp: Accessing hidden method Lcom/android/org/conscrypt/AbstractConscryptSocket;->setHostname(Ljava/lang/ String;)V (max-target-q, reflection, denied)
02-05 15:31:29.454 24082 28540 W com.whatsapp: Accessing hidden method Lcom/android/org/conscrypt/OpenSSLSocketImpl;->setAlpnProtocols([B)V (max-target- q,core-platform-api, reflection, denied)
02-05 15:31:29.454 24082 28540 W com.whatsapp: Accessing hidden method Lcom/android/org/conscrypt/AbstractConscryptSocket;->setAlpnProtocols([B)V (max- target-q, reflection, denied)
02-05 15:31:29.483 24082 24082 E OplusBracketLog: [OplusViewMirrorManager] updateHostViewRootIfNeeded, not support android.view.ViewRootImpl@b876d90
02-05 15:31:29.798 24082 24082 E RecyclerView: No adapter attached; skipping layout
02-05 15:31:29.826 24082 28534 W libc : Access denied finding property "ro.vendor.magt.mtk_magt_support"
02-05 15:31:29.853 24082 28534 W Parcel : Expecting binder but got null!
02-05 15:31:29.853 24082 24082 W TextView: onProvideContentCaptureStructure(): calling assumeLayout()
02-05 15:31:29.853 24082 24082 W TextView: onProvideContentCaptureStructure(): calling assumeLayout()
02-05 15:31:29.853 24082 24082 W TextView: onProvideContentCaptureStructure(): calling assumeLayout()
02-05 15:31:29.854 24082 24082 W TextView: onProvideContentCaptureStructure(): calling assumeLayout()
02-05 15:31:29.854 24082 24082 W TextView: onProvideContentCaptureStructure(): calling assumeLayout()
02-05 15:31:29.854 24082 24082 W TextView: onProvideContentCaptureStructure(): calling assumeLayout()
02-05 15:31:29.854 24082 24082 W TextView: onProvideContentCaptureStructure(): calling assumeLayout()
02-05 15:31:29.854 24082 24082 W TextView: onProvideContentCaptureStructure(): calling assumeLayout()
02-05 15:31:29.854 24082 24082 W TextView: onProvideContentCaptureStructure(): calling assumeLayout()
02-05 15:31:29.854 24082 24082 W TextView: onProvideContentCaptureStructure(): calling assumeLayout()
02-05 15:31:29.854 24082 24082 W TextView: onProvideContentCaptureStructure(): calling assumeLayout()
02-05 15:31:29.855 24082 24082 W TextView: onProvideContentCaptureStructure(): calling assumeLayout()
02-05 15:31:29.855 24082 24082 W TextView: onProvideContentCaptureStructure(): calling assumeLayout()
02-05 15:31:29.855 24082 24082 W TextView: onProvideContentCaptureStructure(): calling assumeLayout()
02-05 15:31:29.855 24082 24082 W TextView: onProvideContentCaptureStructure(): calling assumeLayout()
02-05 15:31:29.855 24082 24082 W TextView: onProvideContentCaptureStructure(): calling assumeLayout()
02-05 15:31:29.855 24082 24082 W TextView: onProvideContentCaptureStructure(): calling assumeLayout()
02-05 15:31:29.855 24082 24082 W TextView: onProvideContentCaptureStructure(): calling assumeLayout()
02-05 15:31:29.855 24082 24082 W TextView: onProvideContentCaptureStructure(): calling assumeLayout()
02-05 15:31:29.855 24082 24082 W TextView: onProvideContentCaptureStructure(): calling assumeLayout()
02-05 15:31:29.855 24082 24082 W TextView: onProvideContentCaptureStructure(): calling assumeLayout()
02-05 15:31:29.855 24082 24082 W TextView: onProvideContentCaptureStructure(): calling assumeLayout()
02-05 15:31:29.855 24082 24082 W TextView: onProvideContentCaptureStructure(): calling assumeLayout()
02-05 15:31:29.855 24082 24082 W TextView: onProvideContentCaptureStructure(): calling assumeLayout()
02-05 15:31:29.856 24082 24082 W TextView: onProvideContentCaptureStructure(): calling assumeLayout()
02-05 15:31:29.856 24082 24082 W TextView: onProvideContentCaptureStructure(): calling assumeLayout()
02-05 15:31:29.856 24082 24082 W TextView: onProvideContentCaptureStructure(): calling assumeLayout()
02-05 15:31:29.856 24082 24082 W TextView: onProvideContentCaptureStructure(): calling assumeLayout()
02-05 15:31:29.856 24082 24082 W TextView: onProvideContentCaptureStructure(): calling assumeLayout()
02-05 15:31:29.856 24082 24082 W TextView: onProvideContentCaptureStructure(): calling assumeLayout()
02-05 15:31:29.856 24082 24082 W TextView: onProvideContentCaptureStructure(): calling assumeLayout()
02-05 15:31:29.856 24082 24082 W TextView: onProvideContentCaptureStructure(): calling assumeLayout()
02-05 15:31:29.856 24082 24082 W TextView: onProvideContentCaptureStructure(): calling assumeLayout()
02-05 15:31:29.856 24082 24082 W TextView: onProvideContentCaptureStructure(): calling assumeLayout()
02-05 15:31:29.856 24082 24082 W TextView: onProvideContentCaptureStructure(): calling assumeLayout()
02-05 15:31:29.856 24082 24082 W TextView: onProvideContentCaptureStructure(): calling assumeLayout()
02-05 15:31:29.857 24082 24082 W TextView: onProvideContentCaptureStructure(): calling assumeLayout()
02-05 15:31:29.857 24082 24082 W TextView: onProvideContentCaptureStructure(): calling assumeLayout()
02-05 15:31:29.857 24082 24082 W TextView: onProvideContentCaptureStructure(): calling assumeLayout()
02-05 15:31:29.857 24082 24082 W TextView: onProvideContentCaptureStructure(): calling assumeLayout()
02-05 15:31:29.857 24082 24082 W TextView: onProvideContentCaptureStructure(): calling assumeLayout()
02-05 15:31:29.857 24082 24082 W TextView: onProvideContentCaptureStructure(): calling assumeLayout()
02-05 15:31:29.857 24082 24082 W TextView: onProvideContentCaptureStructure(): calling assumeLayout()
02-05 15:31:29.857 24082 24082 W TextView: onProvideContentCaptureStructure(): calling assumeLayout()
02-05 15:31:29.857 24082 24082 W TextView: onProvideContentCaptureStructure(): calling assumeLayout()
02-05 15:31:29.857 24082 24082 W TextView: onProvideContentCaptureStructure(): calling assumeLayout()
02-05 15:31:29.857 24082 24082 W TextView: onProvideContentCaptureStructure(): calling assumeLayout()
02-05 15:31:29.857 24082 24082 W TextView: onProvideContentCaptureStructure(): calling assumeLayout()
02-05 15:31:29.858 24082 24082 W TextView: onProvideContentCaptureStructure(): calling assumeLayout()
02-05 15:31:29.858 24082 24082 W TextView: onProvideContentCaptureStructure(): calling assumeLayout()
02-05 15:31:29.858 24082 24082 W TextView: onProvideContentCaptureStructure(): calling assumeLayout()
02-05 15:31:29.864 24082 24082 E ArmVmp : Match on catch block at 0x0a in for 0x7135a10035
02-05 15:31:29.890 24082 24082 E RecyclerView: No adapter attached; skipping layout
02-05 15:31:29.970 24082 28634 W LOTTIE : Animation contains merge paths. Merge paths are only supported on KitKat+ and must be manually enabled by calling enableMergePathsForKitKatAndAbove().
02-05 15:31:30.065 24082 24082 W LOTTIE : Animation contains merge paths but they are disabled.
02-05 15:31:30.427 24082 28540 W com.whatsapp: Accessing hidden method Lcom/android/org/conscrypt/OpenSSLSocketImpl;->getAlpnSelectedProtocol()[B (max- target-q,core-platform-api, reflection, denied)
02-05 15:31:30.427 24082 28540 W com.whatsapp: Accessing hidden method Lcom/android/org/conscrypt/AbstractConscryptSocket;->getAlpnSelectedProtocol()[B (max-target-q, reflection, denied)
02-05 15:31:31.987 24082 28497 W LibraryVersion: Failed to get app version for libraryName: firebase-iid
02-05 15:31:32.308 24082 28483 W com.whatsapp: Cleared Reference was only reachable from finalizer (only reported once)
02-05 15:31:32.379 24082 24082 W FinalizerDaemon: type=1400 audit(0.0:82313): avc: denied { getopt } for path="/dev/socket/usap_pool_primary" scontext=u:r:untrusted_app:s0:c38,c257,c512,c768 tcontext=u:r:zygote:s0 tclass=unix_stream_socket permissive=0 app=com.whatsapp
02-05 15:31:32.424 24082 24082 E IPCThreadState: attemptIncStrongHandle(77): Not supported
02-05 15:31:33.222 24082 28727 E RenderScript: Failed loading RS driver: dlopen failed: library "libRSDriver_mtk.so" not found
02-05 15:31:33.222 24082 28727 E RenderScript: Failed to load runtime libRSDriver_mtk.so, loading default
02-05 15:31:33.323 24082 24082 E ArmVmp : Match on catch block at 0x0a in for 0x7135a10035
02-05 15:31:33.325 24082 24082 E ArmVmp : Match on catch block at 0x0a in for 0x7135a10035
02-05 15:31:33.354 24082 24082 E OplusBracketLog: [OplusViewMirrorManager] updateHostViewRootIfNeeded, not support android.view.ViewRootImpl@510cec2
02-05 15:31:33.418 24082 28746 E BitmapFactory: Unable to decode stream: java.io.FileNotFoundException: /storage/emulated/0/Android/media/com.whatsapp/WhatsApp/Media/.Links/ 4621177497aaaf3f92c162be0bb89305: open failed: ENOENT (No such file or directory)
02-05 15:31:33.446 24082 24082 E ArmVmp : Match on catch block at 0xc3 in for 0x7135a10021
02-05 15:31:33.450 24082 24082 E ArmVmp : Match on catch block at 0xc3 in for 0x7135a10021
02-05 15:31:33.450 24082 28514 E ion : ioctl c0044901 failed with code -1: Invalid argument
02-05 15:31:33.452 24082 24082 E ArmVmp : Match on catch block at 0xc3 in for 0x7135a10021
02-05 15:31:33.471 24082 28534 W Parcel : Expecting binder but got null!
02-05 15:31:33.471 24082 24082 W TextView: onProvideContentCaptureStructure(): calling assumeLayout()
02-05 15:31:33.471 24082 24082 W TextView: onProvideContentCaptureStructure(): calling assumeLayout()
02-05 15:31:33.472 24082 24082 W TextView: onProvideContentCaptureStructure(): calling assumeLayout()
02-05 15:31:33.472 24082 24082 W TextView: onProvideContentCaptureStructure(): calling assumeLayout()
02-05 15:31:33.472 24082 24082 W TextView: onProvideContentCaptureStructure(): calling assumeLayout()
02-05 15:31:33.472 24082 24082 W TextView: onProvideContentCaptureStructure(): calling assumeLayout()
02-05 15:31:33.472 24082 24082 W TextView: onProvideContentCaptureStructure(): calling assumeLayout()
02-05 15:31:33.473 24082 24082 W TextView: onProvideContentCaptureStructure(): calling assumeLayout()
02-05 15:31:33.473 24082 24082 W TextView: onProvideContentCaptureStructure(): calling assumeLayout()
02-05 15:31:33.490 24082 24082 E ArmVmp : Match on catch block at 0xc3 in for 0x7135a10025
02-05 15:31:33.492 24082 24082 E ArmVmp : Match on catch block at 0xc3 in for 0x7135a10025
02-05 15:31:33.494 24082 24082 E ArmVmp : Match on catch block at 0xc3 in for 0x7135a10025
02-05 15:31:33.519 24082 24082 E ArmVmp : Match on catch block at 0xc3 in for 0x7135a10025
02-05 15:31:33.520 24082 24082 E ArmVmp : Match on catch block at 0xc3 in for 0x7135a10025
02-05 15:31:33.523 24082 24082 E ArmVmp : Match on catch block at 0xc3 in for 0x7135a10025
02-05 15:31:33.534 24082 24082 E ArmVmp : Match on catch block at 0xc3 in for 0x7135a10025
02-05 15:31:33.536 24082 24082 E ArmVmp : Match on catch block at 0xc3 in for 0x7135a10025
02-05 15:31:33.540 24082 24082 E ArmVmp : Match on catch block at 0xc3 in for 0x7135a10025
02-05 15:31:33.547 24082 24082 E ArmVmp : Match on catch block at 0xc3 in for 0x7135a10025
02-05 15:31:33.549 24082 24082 E ArmVmp : Match on catch block at 0xc3 in for 0x7135a10025
02-05 15:31:33.552 24082 24082 E ArmVmp : Match on catch block at 0xc3 in for 0x7135a10025
02-05 15:31:33.561 24082 24082 E ArmVmp : Match on catch block at 0xc3 in for 0x7135a10025
02-05 15:31:33.564 24082 24082 E ArmVmp : Match on catch block at 0xc3 in for 0x7135a10025
02-05 15:31:33.565 24082 24082 E ArmVmp : Match on catch block at 0xc3 in for 0x7135a10025
02-05 15:31:33.571 24082 24082 E ArmVmp : Match on catch block at 0xc3 in for 0x7135a10025
02-05 15:31:33.574 24082 24082 E ArmVmp : Match on catch block at 0xc3 in for 0x7135a10025
02-05 15:31:33.575 24082 24082 E ArmVmp : Match on catch block at 0xc3 in for 0x7135a10025
02-05 15:31:33.577 24082 24082 E ArmVmp : Match on catch block at 0xc3 in for 0x7135a10025
02-05 15:31:33.579 24082 24082 E ArmVmp : Match on catch block at 0xc3 in for 0x7135a10025
02-05 15:31:33.580 24082 24082 E ArmVmp : Match on catch block at 0xc3 in for 0x7135a10025
02-05 15:31:33.586 24082 24082 E ArmVmp : Match on catch block at 0xc3 in for 0x7135a10025
02-05 15:31:33.588 24082 24082 E ArmVmp : Match on catch block at 0xc3 in for 0x7135a10025
02-05 15:31:33.589 24082 24082 E ArmVmp : Match on catch block at 0xc3 in for 0x7135a10025
02-05 15:31:33.598 24082 24082 E ArmVmp : Match on catch block at 0xc3 in for 0x7135a10025
02-05 15:31:33.600 24082 24082 E ArmVmp : Match on catch block at 0xc3 in for 0x7135a10025
02-05 15:31:33.602 24082 24082 E ArmVmp : Match on catch block at 0xc3 in for 0x7135a10025
02-05 15:31:33.611 24082 24082 E ArmVmp : Match on catch block at 0xc3 in for 0x7135a10025
02-05 15:31:33.614 24082 24082 E ArmVmp : Match on catch block at 0xc3 in for 0x7135a10025
02-05 15:31:33.615 24082 24082 E ArmVmp : Match on catch block at 0xc3 in for 0x7135a10025
02-05 15:31:33.634 24082 24082 E ArmVmp : Match on catch block at 0xc3 in for 0x7135a10025
02-05 15:31:33.636 24082 24082 E ArmVmp : Match on catch block at 0xc3 in for 0x7135a10025
02-05 15:31:33.639 24082 24082 E ArmVmp : Match on catch block at 0xc3 in for 0x7135a10025
02-05 15:31:33.644 24082 24082 E ArmVmp : Match on catch block at 0xc3 in for 0x7135a10025
02-05 15:31:33.648 24082 24082 E ArmVmp : Match on catch block at 0xc3 in for 0x7135a10025
02-05 15:31:33.652 24082 24082 E ArmVmp : Match on catch block at 0xc3 in for 0x7135a10025
02-05 15:31:33.660 24082 24082 E ArmVmp : Match on catch block at 0xc3 in for 0x7135a10025
02-05 15:31:33.664 24082 24082 E ArmVmp : Match on catch block at 0xc3 in for 0x7135a10025
02-05 15:31:33.666 24082 24082 E ArmVmp : Match on catch block at 0xc3 in for 0x7135a10025
02-05 15:31:33.673 24082 24082 E ArmVmp : Match on catch block at 0xc3 in for 0x7135a10025
02-05 15:31:33.677 24082 24082 E ArmVmp : Match on catch block at 0xc3 in for 0x7135a10025
02-05 15:31:33.680 24082 24082 E ArmVmp : Match on catch block at 0xc3 in for 0x7135a10025
02-05 15:31:33.689 24082 24082 E ArmVmp : Match on catch block at 0xc3 in for 0x7135a10025
02-05 15:31:33.695 24082 24082 E ArmVmp : Match on catch block at 0xc3 in for 0x7135a10025
02-05 15:31:33.707 24082 24082 E ArmVmp : Match on catch block at 0xc3 in for 0x7135a10025
02-05 15:31:33.716 24082 24082 E ArmVmp : Match on catch block at 0xc3 in for 0x7135a10025
02-05 15:31:33.723 24082 24082 E ArmVmp : Match on catch block at 0xc3 in for 0x7135a10025
02-05 15:31:33.726 24082 24082 E ArmVmp : Match on catch block at 0xc3 in for 0x7135a10025
02-05 15:31:33.731 24082 24082 E ArmVmp : Match on catch block at 0xc3 in for 0x7135a10025
02-05 15:31:33.737 24082 24082 E ArmVmp : Match on catch block at 0xc3 in for 0x7135a10025
02-05 15:31:33.739 24082 24082 E ArmVmp : Match on catch block at 0xc3 in for 0x7135a10025
02-05 15:31:33.742 24082 24082 E ArmVmp : Match on catch block at 0xc3 in for 0x7135a10025
02-05 15:31:33.745 24082 24082 E ArmVmp : Match on catch block at 0xc3 in for 0x7135a10025
02-05 15:31:33.747 24082 24082 E ArmVmp : Match on catch block at 0xc3 in for 0x7135a10025
02-05 15:31:33.751 24082 24082 E ArmVmp : Match on catch block at 0xc3 in for 0x7135a10025
02-05 15:31:33.755 24082 24082 E ArmVmp : Match on catch block at 0xc3 in for 0x7135a10025
02-05 15:31:33.758 24082 24082 E ArmVmp : Match on catch block at 0xc3 in for 0x7135a10025
02-05 15:31:33.760 24082 24082 E ArmVmp : Match on catch block at 0xc3 in for 0x7135a10025
02-05 15:31:33.762 24082 24082 E ArmVmp : Match on catch block at 0xc3 in for 0x7135a10025
02-05 15:31:33.763 24082 24082 E ArmVmp : Match on catch block at 0xc3 in for 0x7135a10025
02-05 15:31:33.766 24082 24082 E ArmVmp : Match on catch block at 0xc3 in for 0x7135a10025
02-05 15:31:33.773 24082 24082 E ArmVmp : Match on catch block at 0xc3 in for 0x7135a10025
02-05 15:31:33.775 24082 24082 E ArmVmp : Match on catch block at 0xc3 in for 0x7135a10025
02-05 15:31:33.778 24082 24082 E ArmVmp : Match on catch block at 0xc3 in for 0x7135a10025
02-05 15:31:33.781 24082 24082 E ArmVmp : Match on catch block at 0xc3 in for 0x7135a10025
02-05 15:31:33.782 24082 24082 E ArmVmp : Match on catch block at 0xc3 in for 0x7135a10025
02-05 15:31:33.794 24082 24082 E ArmVmp : Match on catch block at 0xc3 in for 0x7135a10025
02-05 15:31:33.798 24082 24082 E ArmVmp : Match on catch block at 0xc3 in for 0x7135a10025
02-05 15:31:33.800 24082 24082 E ArmVmp : Match on catch block at 0xc3 in for 0x7135a10025
02-05 15:31:33.808 24082 24082 E ArmVmp : Match on catch block at 0xc3 in for 0x7135a10025
02-05 15:31:33.811 24082 24082 E ArmVmp : Match on catch block at 0xc3 in for 0x7135a10025
02-05 15:31:33.812 24082 24082 E ArmVmp : Match on catch block at 0xc3 in for 0x7135a10025
02-05 15:31:33.817 24082 24082 E ArmVmp : Match on catch block at 0xc3 in for 0x7135a10025
02-05 15:31:33.826 24082 24082 E ArmVmp : Match on catch block at 0xc3 in for 0x7135a10025
02-05 15:31:33.827 24082 24082 E ArmVmp : Match on catch block at 0xc3 in for 0x7135a10025
