02-04 14:48:33.625 1672 1707 W System : A resource failed to call close.
02-04 14:48:33.625 1672 1707 W System : A resource failed to call close.
02-04 14:48:33.625 1672 1707 W System : A resource failed to call close.
02-04 14:48:33.625 1672 1707 W System : A resource failed to call close.
02-04 14:48:33.625 1672 1707 W System : A resource failed to call close.
02-04 14:48:33.625 1672 1707 W System : A resource failed to call close.
02-04 14:48:33.625 1672 1707 W System : A resource failed to call close.
02-04 14:48:33.625 1672 1707 W System : A resource failed to call close.
02-04 14:48:33.625 1672 1707 W System : A resource failed to call close.
02-04 14:48:33.625 1672 1707 W System : A resource failed to call close.
02-04 14:48:33.625 1672 1707 W System : A resource failed to call close.
02-04 14:48:33.625 1672 1707 W System : A resource failed to call close.
02-04 14:48:33.625 1672 1707 W System : A resource failed to call close.
02-04 14:48:33.625 1672 1707 W System : A resource failed to call close.
02-04 14:48:33.625 1672 1707 W System : A resource failed to call close.
02-04 14:48:33.625 1672 1707 W System : A resource failed to call close.
02-04 14:48:33.625 1672 1707 W System : A resource failed to call close.
02-04 14:48:33.625 1672 1707 W System : A resource failed to call close.
02-04 14:48:33.625 1672 1707 W System : A resource failed to call close.
02-04 14:48:33.625 1672 1707 W System : A resource failed to call close.
02-04 14:48:33.625 1672 1707 W System : A resource failed to call close.
02-04 14:48:33.625 1672 1707 W System : A resource failed to call close.
02-04 14:48:33.625 1672 1707 W System : A resource failed to call close.
02-04 14:48:33.625 1672 1707 W System : A resource failed to call close.
02-04 14:48:33.625 1672 1707 W System : A resource failed to call close.
02-04 14:48:33.625 1672 1707 W System : A resource failed to call close.
02-04 14:48:33.625 1672 1707 W System : A resource failed to call close.
02-04 14:48:33.625 1672 1707 W System : A resource failed to call close.
02-04 14:48:33.625 1672 1707 W System : A resource failed to call close.
02-04 14:48:33.625 1672 1707 W System : A resource failed to call close.
02-04 14:48:33.625 1672 1707 W System : A resource failed to call close.
02-04 14:48:33.625 1672 1707 W System : A resource failed to call close.
02-04 14:48:33.625 1672 1707 W System : A resource failed to call close.
02-04 14:48:33.625 1672 1707 W System : A resource failed to call close.
02-04 14:48:33.625 1672 1707 W System : A resource failed to call close.
02-04 14:48:33.625 1672 1707 W System : A resource failed to call close.
02-04 14:48:33.626 1672 1707 W System : A resource failed to call close.
02-04 14:48:33.626 1672 1707 W System : A resource failed to call close.
02-04 14:48:33.626 1672 1707 W System : A resource failed to call close.
02-04 14:48:33.626 1672 1707 W System : A resource failed to call close.
02-04 14:48:33.626 1672 1707 W System : A resource failed to call close.
02-04 14:48:33.626 1672 1707 W System : A resource failed to call close.
02-04 14:48:33.626 1672 1707 W System : A resource failed to call close.
02-04 14:48:33.626 1672 1707 W System : A resource failed to call close.
02-04 14:48:33.626 1672 1707 W System : A resource failed to call close.
02-04 14:48:33.626 1672 1707 W System : A resource failed to call close.
02-04 14:48:33.626 1672 1707 W System : A resource failed to call close.
02-04 14:48:33.626 1672 1707 W System : A resource failed to call close.
02-04 14:48:33.626 1672 1707 W System : A resource failed to call close.
02-04 14:48:33.626 1672 1707 W System : A resource failed to call close.
02-04 14:48:33.626 1672 1707 W System : A resource failed to call close.
02-04 14:48:33.626 1672 1707 W System : A resource failed to call close.
02-04 14:48:33.626 1672 1707 W System : A resource failed to call close.
02-04 14:48:33.626 1672 1707 W System : A resource failed to call close.
02-04 14:48:33.626 1672 1707 W System : A resource failed to call close.
02-04 14:48:33.626 1672 1707 W System : A resource failed to call close.
02-04 14:48:33.626 1672 1707 W System : A resource failed to call close.
02-04 14:48:33.626 1672 1707 W System : A resource failed to call close.
02-04 14:48:33.626 1672 1707 W System : A resource failed to call close.
02-04 14:48:33.626 1672 1707 W System : A resource failed to call close.
02-04 14:48:33.626 1672 1707 W System : A resource failed to call close.
02-04 14:48:33.626 1672 1707 W System : A resource failed to call close.
02-04 14:48:33.626 1672 1707 W System : A resource failed to call close.
02-04 14:48:33.626 1672 1707 W System : A resource failed to call close.
02-04 14:48:33.626 1672 1707 W System : A resource failed to call close.
02-04 14:48:33.626 1672 1707 W System : A resource failed to call close.
02-04 14:48:33.626 1672 1707 W System : A resource failed to call close.
02-04 14:48:33.626 1672 1707 W System : A resource failed to call close.
02-04 14:48:33.626 1672 1707 W System : A resource failed to call close.
02-04 14:48:33.626 1672 1707 W System : A resource failed to call close.
02-04 14:48:33.626 1672 1707 W System : A resource failed to call close.
02-04 14:48:33.626 1672 1707 W System : A resource failed to call close.
02-04 14:48:33.626 1672 1707 W System : A resource failed to call close.
02-04 14:48:33.626 1672 1707 W System : A resource failed to call close.
02-04 14:48:33.626 1672 1707 W System : A resource failed to call close.
02-04 14:48:33.626 1672 1707 W System : A resource failed to call close.
02-04 14:48:33.626 1672 1707 W System : A resource failed to call close.
02-04 14:48:33.626 1672 1707 W System : A resource failed to call close.
02-04 14:48:33.626 1672 1707 W System : A resource failed to call close.
02-04 14:48:33.626 1672 1707 W System : A resource failed to call close.
02-04 14:48:33.626 1672 1707 W System : A resource failed to call close.
02-04 14:48:33.626 1672 1707 W System : A resource failed to call close.
02-04 14:48:33.626 1672 1707 W System : A resource failed to call close.
02-04 14:48:33.626 1672 1707 W System : A resource failed to call close.
02-04 14:48:33.626 1672 1707 W System : A resource failed to call close.
02-04 14:48:33.626 1672 1707 W System : A resource failed to call close.
02-04 14:48:33.626 1672 1707 W System : A resource failed to call close.
02-04 14:48:33.626 1672 1707 W System : A resource failed to call close.
02-04 14:48:33.626 1672 1707 W System : A resource failed to call close.
02-04 14:48:33.626 1672 1707 W System : A resource failed to call close.
02-04 14:48:33.626 1672 1707 W System : A resource failed to call close.
02-04 14:48:33.626 1672 1707 W System : A resource failed to call close.
02-04 14:48:33.626 1672 1707 W System : A resource failed to call close.
02-04 14:48:33.626 1672 1707 W System : A resource failed to call close.
02-04 14:48:33.626 1672 1707 W System : A resource failed to call close.
02-04 14:48:33.627 1672 1707 W System : A resource failed to call close.
02-04 14:48:33.627 1672 1707 W System : A resource failed to call close.
02-04 14:48:33.627 1672 1707 W System : A resource failed to call close.
02-04 14:48:33.627 1672 1707 W System : A resource failed to call close.
02-04 14:48:33.627 1672 1707 W System : A resource failed to call close.
02-04 14:48:33.627 1672 1707 W System : A resource failed to call close.
02-04 14:48:33.627 1672 1707 W System : A resource failed to call close.
02-04 14:48:33.627 1672 1707 W System : A resource failed to call close.
02-04 14:48:33.627 1672 1707 W System : A resource failed to call close.
02-04 14:48:33.627 1672 1707 W System : A resource failed to call close.
02-04 14:48:33.627 1672 1707 W System : A resource failed to call close.
02-04 14:48:33.954 1672 1707 W System : A resource failed to call close.
02-04 14:48:33.954 1672 1707 W System : A resource failed to call close.
02-04 14:48:33.955 1672 1707 W System : A resource failed to call close.
02-04 14:48:33.955 1672 1707 W System : A resource failed to call close.
02-04 14:48:33.955 1672 1707 W System : A resource failed to call close.
02-04 14:48:33.955 1672 1707 W System : A resource failed to call close.
02-04 14:48:33.955 1672 1707 W System : A resource failed to call close.
02-04 14:48:33.955 1672 1707 W System : A resource failed to call close.
02-04 14:48:33.955 1672 1707 W System : A resource failed to call close.
02-04 14:48:33.955 1672 1707 W System : A resource failed to call close.
02-04 14:48:33.955 1672 1707 W System : A resource failed to call close.
02-04 14:48:33.955 1672 1707 W System : A resource failed to call close.
02-04 14:48:33.955 1672 1707 W System : A resource failed to call close.
02-04 14:48:33.955 1672 1707 W System : A resource failed to call close.
02-04 14:48:33.955 1672 1707 W System : A resource failed to call close.
02-04 14:48:33.955 1672 1707 W System : A resource failed to call close.
02-04 14:48:33.955 1672 1707 W System : A resource failed to call close.
02-04 14:48:33.955 1672 1707 W System : A resource failed to call close.
02-04 14:48:33.955 1672 1707 W System : A resource failed to call close.
02-04 14:48:33.955 1672 1707 W System : A resource failed to call close.
02-04 14:48:33.955 1672 1707 W System : A resource failed to call close.
02-04 14:48:33.955 1672 1707 W System : A resource failed to call close.
02-04 14:48:33.955 1672 1707 W System : A resource failed to call close.
02-04 14:48:33.955 1672 1707 W System : A resource failed to call close.
02-04 14:48:33.955 1672 1707 W System : A resource failed to call close.
02-04 14:48:33.955 1672 1707 W System : A resource failed to call close.
02-04 14:48:33.955 1672 1707 W System : A resource failed to call close.
02-04 14:48:33.955 1672 1707 W System : A resource failed to call close.
02-04 14:48:33.955 1672 1707 W System : A resource failed to call close.
02-04 14:48:33.955 1672 1707 W System : A resource failed to call close.
02-04 14:48:33.955 1672 1707 W System : A resource failed to call close.
02-04 14:48:33.955 1672 1707 W System : A resource failed to call close.
02-04 14:48:33.955 1672 1707 W System : A resource failed to call close.
02-04 14:48:33.955 1672 1707 W System : A resource failed to call close.
02-04 14:48:33.955 1672 1707 W System : A resource failed to call close.
02-04 14:48:33.955 1672 1707 W System : A resource failed to call close.
02-04 14:48:33.955 1672 1707 W System : A resource failed to call close.
02-04 14:48:33.955 1672 1707 W System : A resource failed to call close.
02-04 14:48:33.955 1672 1707 W System : A resource failed to call close.
02-04 14:48:33.955 1672 1707 W System : A resource failed to call close.
02-04 14:48:33.956 1672 1707 W System : A resource failed to call close.
02-04 14:48:33.956 1672 1707 W System : A resource failed to call close.
02-04 14:48:33.956 1672 1707 W System : A resource failed to call close.
02-04 14:48:33.956 1672 1707 W System : A resource failed to call close.
02-04 14:48:33.956 1672 1707 W System : A resource failed to call close.
02-04 14:48:33.956 1672 1707 W System : A resource failed to call close.
02-04 14:48:33.956 1672 1707 W System : A resource failed to call close.
02-04 14:48:33.956 1672 1707 W System : A resource failed to call close.
02-04 14:48:33.956 1672 1707 W System : A resource failed to call close.
02-04 14:48:33.956 1672 1707 W System : A resource failed to call close.
02-04 14:48:33.956 1672 1707 W System : A resource failed to call close.
02-04 14:48:33.956 1672 1707 W System : A resource failed to call close.
02-04 14:48:33.956 1672 1707 W System : A resource failed to call close.
02-04 14:48:33.956 1672 1707 W System : A resource failed to call close.
02-04 14:48:33.956 1672 1707 W System : A resource failed to call close.
02-04 14:48:33.956 1672 1707 W System : A resource failed to call close.
02-04 14:48:33.956 1672 1707 W System : A resource failed to call close.
02-04 14:48:33.956 1672 1707 W System : A resource failed to call close.
02-04 14:48:33.956 1672 1707 W System : A resource failed to call close.
02-04 14:48:33.956 1672 1707 W System : A resource failed to call close.
02-04 14:48:33.956 1672 1707 W System : A resource failed to call close.
02-04 14:48:33.956 1672 1707 W System : A resource failed to call close.
02-04 14:48:33.956 1672 1707 W System : A resource failed to call close.
02-04 14:48:33.956 1672 1707 W System : A resource failed to call close.
02-04 14:48:33.956 1672 1707 W System : A resource failed to call close.
02-04 14:48:33.956 1672 1707 W System : A resource failed to call close.
02-04 14:48:33.956 1672 1707 W System : A resource failed to call close.
02-04 14:48:33.956 1672 1707 W System : A resource failed to call close.
02-04 14:48:33.957 1672 1707 W System : A resource failed to call close.
02-04 14:48:33.957 1672 1707 W System : A resource failed to call close.
02-04 14:48:33.957 1672 1707 W System : A resource failed to call close.
02-04 14:48:33.957 1672 1707 W System : A resource failed to call close.
02-04 14:48:33.957 1672 1707 W System : A resource failed to call close.
02-04 14:48:33.957 1672 1707 W System : A resource failed to call close.
02-04 14:48:33.957 1672 1707 W System : A resource failed to call close.
02-04 14:48:33.957 1672 1707 W System : A resource failed to call close.
02-04 14:48:33.957 1672 1707 W System : A resource failed to call close.
02-04 14:48:33.957 1672 1707 W System : A resource failed to call close.
02-04 14:48:33.957 1672 1707 W System : A resource failed to call close.
02-04 14:48:33.957 1672 1707 W System : A resource failed to call close.
02-04 14:48:33.957 1672 1707 W System : A resource failed to call close.
02-04 14:48:33.957 1672 1707 W System : A resource failed to call close.
02-04 14:48:33.957 1672 1707 W System : A resource failed to call close.
02-04 14:48:33.957 1672 1707 W System : A resource failed to call close.
02-04 14:48:33.957 1672 1707 W System : A resource failed to call close.
02-04 14:48:33.957 1672 1707 W System : A resource failed to call close.
02-04 14:48:33.957 1672 1707 W System : A resource failed to call close.
02-04 14:48:33.957 1672 1707 W System : A resource failed to call close.
02-04 14:48:33.957 1672 1707 W System : A resource failed to call close.
02-04 14:48:33.957 1672 1707 W System : A resource failed to call close.
02-04 14:48:33.957 1672 1707 W System : A resource failed to call close.
02-04 14:48:33.957 1672 1707 W System : A resource failed to call close.
02-04 14:48:33.958 1672 1707 W System : A resource failed to call close.
02-04 14:48:33.958 1672 1707 W System : A resource failed to call close.
02-04 14:48:33.958 1672 1707 W System : A resource failed to call close.
02-04 14:48:33.958 1672 1707 W System : A resource failed to call close.
02-04 14:48:33.958 1672 1707 W System : A resource failed to call close.
02-04 14:48:33.958 1672 1707 W System : A resource failed to call close.
02-04 14:48:33.958 1672 1707 W System : A resource failed to call close.
02-04 14:48:33.958 1672 1707 W System : A resource failed to call close.
02-04 14:48:33.958 1672 1707 W System : A resource failed to call close.
02-04 14:48:33.958 1672 1707 W System : A resource failed to call close.
02-04 14:48:33.958 1672 1707 W System : A resource failed to call close.
02-04 14:48:33.958 1672 1707 W System : A resource failed to call close.
02-04 14:48:33.958 1672 1707 W System : A resource failed to call close.
02-04 14:48:33.958 1672 1707 W System : A resource failed to call close.
02-04 14:48:33.958 1672 1707 W System : A resource failed to call close.
02-04 14:48:33.958 1672 1707 W System : A resource failed to call close.
02-04 14:48:33.958 1672 1707 W System : A resource failed to call close.
02-04 14:48:33.958 1672 1707 W System : A resource failed to call close.
02-04 14:48:33.958 1672 1707 W System : A resource failed to call close. 02-04 14--------- beginning of main
02-04 18:16:24.467 19717 19717 E com.whatsapp: Unknown bits set in runtime_flags: 0x40000000
02-04 18:16:24.471 19717 19717 E com.whatsapp: Not starting debugger since process cannot load the jdwp agent.
02-04 18:16:24.478 19717 19717 W ziparchive: Unable to open '/system/framework/mediatek-framework.dm': No such file or directory
02-04 18:16:24.478 19717 19717 W ziparchive: Unable to open '/system/framework/mediatek-framework.dm': No such file or directory
02-04 18:16:24.485 19717 19739 E com.whatsapp: Could not write anonymous vdex /system/framework/oat/arm64/mediatek-framework.vdex: Could not open /system/framework/oat/arm64/mediatek-framework.vdex for writing
02-04 18:16:24.530 19717 19717 W libc : Access denied finding property "ro.odm.prev.product.name"
02-04 18:16:24.674 19717 19717 W System.err: java.lang.ClassNotFoundException: mbmodsd.mbmodsw.ui.views.btn.BtnBK
02-04 18:16:24.674 19717 19717 W System.err: at java.lang.Runtime.nativeLoad(Native Method)
02-04 18:16:24.675 19717 19717 W System.err: at java.lang.Runtime.nativeLoad(Runtime.java:1126)
02-04 18:16:24.675 19717 19717 W System.err: at java.lang.Runtime.loadLibrary0(Runtime.java:1080)
02-04 18:16:24.675 19717 19717 W System.err: at java.lang.Runtime.loadLibrary0(Runtime.java:1003)
02-04 18:16:24.675 19717 19717 W System.err: at java.lang.System.loadLibrary(System.java:1661)
02-04 18:16:24.675 19717 19717 W System.err: at arm.EpicVm.<clinit>(Unknown Source:2)
02-04 18:16:24.675 19717 19717 W System.err: at java.lang.Class.newInstance(Native Method)
02-04 18:16:24.675 19717 19717 W System.err: at android.app.AppComponentFactory.instantiateApplication(AppComponentFactory.java:76)
02-04 18:16:24.675 19717 19717 W System.err: at androidx.core.app.CoreComponentFactory.instantiateApplication(Unknown Source:0)
02-04 18:16:24.675 19717 19717 W System.err: at android.app.Instrumentation.newApplication(Instrumentation.java:1251)
02-04 18:16:24.675 19717 19717 W System.err: at android.app.LoadedApk.makeApplicationInner(LoadedApk.java:1507)
02-04 18:16:24.675 19717 19717 W System.err: at android.app.LoadedApk.makeApplicationInner(LoadedApk.java:1443)
02-04 18:16:24.675 19717 19717 W System.err: at android.app.ActivityThread.handleBindApplication(ActivityThread.java:7231)
02-04 18:16:24.675 19717 19717 W System.err: at android.app.ActivityThread.-$ $Nest$mhandleBindApplication(Unknown Source:0)
02-04 18:16:24.675 19717 19717 W System.err: at android.app.ActivityThread$H.handleMessage(ActivityThread.java:2307)
02-04 18:16:24.675 19717 19717 W System.err: at android.os.Handler.dispatchMessage(Handler.java:106)
02-04 18:16:24.675 19717 19717 W System.err: at android.os.Looper.loopOnce(Looper.java:240)
02-04 18:16:24.675 19717 19717 W System.err: at android.os.Looper.loop(Looper.java:351)
02-04 18:16:24.675 19717 19717 W System.err: at android.app.ActivityThread.main(ActivityThread.java:8435)
02-04 18:16:24.675 19717 19717 W System.err: at java.lang.reflect.Method.invoke(Native Method)
02-04 18:16:24.675 19717 19717 W System.err: at com.android.internal.os.RuntimeInit$MethodAndArgsCaller.run(RuntimeInit.java:568)
02-04 18:16:24.675 19717 19717 W System.err: at com.android.internal.os.ZygoteInit.main(ZygoteInit.java:1013)
02-04 18:16:24.690 19717 19717 E CustomActivityOnCrash: IMPORTANT WARNING! You already have an UncaughtExceptionHandler, are you sure this is correct? If you use a custom UncaughtExceptionHandler, you must initialize it AFTER CustomActivityOnCrash! Installing anyway, but your original handler will not be called.
02-04 18:16:25.043 19717 19717 W com.whatsapp: Accessing hidden method Lcom/android/org/conscrypt/OpenSSLSocketImpl;->setUseSessionTickets(Z)V (max- target-q,core-platform-api, reflection, denied)
02-04 18:16:25.043 19717 19717 W com.whatsapp: Accessing hidden method Lcom/android/org/conscrypt/AbstractConscryptSocket;->setUseSessionTickets(Z)V (max- target-q, reflection, denied)
02-04 18:16:25.062 19717 19717 W com.whatsapp: type=1400 audit(0.0:64561): avc: granted { execute } for path="/data/data/com.whatsapp/files/decompressed/libs.spk.zst/libc++_shared.so" dev="dm-56" ino=135777 scontext=u:r:untrusted_app:s0:c38,c257,c512,c768 tcontext=u:object_r:app_data_file:s0:c38,c257,c512,c768 tclass=file app=com.whatsapp
02-04 18:16:25.066 19717 19717 W com.whatsapp: type=1400 audit(0.0:64562): avc: granted { execute } for path="/data/data/com.whatsapp/files/decompressed/libs.spk.zst/libvlc.so" dev="dm- 56" ino=57872 scontext=u:r:untrusted_app:s0:c38,c257,c512,c768 tcontext=u:object_r:app_data_file:s0:c38,c257,c512,c768 tclass=file app=com.whatsapp
02-04 18:16:25.074 19717 19717 W com.whatsapp: type=1400 audit(0.0:64563): avc: granted { execute } for path="/data/data/com.whatsapp/files/decompressed/libs.spk.zst/libwhatsapp.so" dev="dm-56" ino=58175 scontext=u:r:untrusted_app:s0:c38,c257,c512,c768 tcontext=u:object_r:app_data_file:s0:c38,c257,c512,c768 tclass=file app=com.whatsapp
02-04 18:16:25.098 19717 19717 W com.whatsapp: type=1400 audit(0.0:64564): avc: granted { execute } for path="/data/data/com.whatsapp/files/decompressed/libs.spk.zst/libcurve25519.so" dev="dm-56" ino=33805 scontext=u:r:untrusted_app:s0:c38,c257,c512,c768 tcontext=u:object_r:app_data_file:s0:c38,c257,c512,c768 tclass=file app=com.whatsapp
02-04 18:16:25.110 19717 19717 W com.whatsapp: type=1400 audit(0.0:64565): avc: granted { execute } for path="/data/data/com.whatsapp/files/decompressed/libs.spk.zst/libwhatsapp.so" dev="dm-56" ino=58175 scontext=u:r:untrusted_app:s0:c38,c257,c512,c768 tcontext=u:object_r:app_data_file:s0:c38,c257,c512,c768 tclass=file app=com.whatsapp
02-04 18:16:25.188 19717 19792 W com.whatsapp: Method void X.2rL.A03(java.lang.Integer) failed lock verification and will run slower.
02-04 18:16:25.188 19717 19792 W com.whatsapp: Common causes for lock verification issues are non-optimized dex code
02-04 18:16:25.188 19717 19792 W com.whatsapp: and incorrect proguard optimizations.
02-04 18:33:16.220 19717 19717 W com.whatsapp: Method void X.0eU.A0h(X.0tK, boolean) failed lock verification and will run slower.
02-04 18:33:16.324 19717 19717 W com.whatsapp: Method void com.whatsapp.HomeActivity.A6e() failed lock verification and will run slower.
02-04 18:33:16.326 19717 30513 E com.whatsapp: Loaded layer handle (14030921851920143107) for layer /my_product/lib64/libcolorx-loader.so
02-04 18:33:16.326 19717 30513 E com.whatsapp: Looking for entrypoint ColorX_Check
02-04 18:33:16.326 19717 30513 E com.whatsapp: Found ColorX_Check for /my_product/lib64/libcolorx-loader.so
02-04 18:33:16.326 19717 30513 E com.whatsapp: Check failed
02-04 18:33:16.328 19717 30513 W QT : qt_process_init() called
02-04 18:33:16.328 19717 30513 E QT : [QT]file does not exist
02-04 18:33:16.328 19717 30513 W QT : Support!!
02-04 18:33:16.328 19717 30513 E QT : [QT]file does not exist --------- beginning of system
02-04 18:33:16.356 19717 19717 E OplusCustomizeRestrictionManager: sInstance is null, start a new sInstance
02-04 18:33:16.510 19717 19717 E ArmVmp : Match on catch block at 0x0a in for 0x7135a10031
02-04 18:33:16.521 19717 19717 E ArmVmp : Match on catch block at 0x0a in for 0x7135a1004d
02-04 18:33:16.571 19717 19717 W Activity: Can request only one set of permissions at a time
02-04 18:33:16.627 19717 19717 E SchedAssist: ofbOpen failed with error=No such file or directory
02-04 18:33:16.627 19717 19717 E SchedAssist: sysOpen failed with error=No such file or directory
02-04 18:33:16.627 19717 19717 E SchedAssist: sharedImFd failed with error=Permission denied
02-04 18:33:16.663 19717 19717 E OplusBracketLog: [OplusViewMirrorManager] updateHostViewRootIfNeeded, not support android.view.ViewRootImpl@b8bde9b
02-04 18:33:16.908 19717 30522 W com.whatsapp: Accessing hidden method Lcom/android/org/conscrypt/ConscryptEngineSocket;->setUseSessionTickets(Z)V (max- target-q,core-platform-api, reflection, denied)
02-04 18:33:16.908 19717 30522 W com.whatsapp: Accessing hidden method Lcom/android/org/conscrypt/OpenSSLSocketImpl;->setUseSessionTickets(Z)V (max- target-q,core-platform-api, reflection, denied)
02-04 18:33:16.908 19717 30522 W com.whatsapp: Accessing hidden method Lcom/android/org/conscrypt/AbstractConscryptSocket;->setUseSessionTickets(Z)V (max- target-q, reflection, denied)
02-04 18:33:16.908 19717 30522 W com.whatsapp: Accessing hidden method Lcom/android/org/conscrypt/ConscryptEngineSocket;->setHostname(Ljava/lang/String;)V (max-target-q,core-platform-api, reflection, denied)
02-04 18:33:16.908 19717 30522 W com.whatsapp: Accessing hidden method Lcom/android/org/conscrypt/OpenSSLSocketImpl;->setHostname(Ljava/lang/String;)V (max-target-q,core-platform-api, reflection, denied)
02-04 18:33:16.908 19717 30522 W com.whatsapp: Accessing hidden method Lcom/android/org/conscrypt/AbstractConscryptSocket;->setHostname(Ljava/lang/ String;)V (max-target-q, reflection, denied)
02-04 18:33:16.908 19717 30522 W com.whatsapp: Accessing hidden method Lcom/android/org/conscrypt/OpenSSLSocketImpl;->setAlpnProtocols([B)V (max-target- q,core-platform-api, reflection, denied)
02-04 18:33:16.908 19717 30522 W com.whatsapp: Accessing hidden method Lcom/android/org/conscrypt/AbstractConscryptSocket;->setAlpnProtocols([B)V (max- target-q, reflection, denied)
02-04 18:33:17.005 19717 19717 E RecyclerView: No adapter attached; skipping layout
02-04 18:33:17.024 19717 30512 W libc : Access denied finding property "ro.vendor.magt.mtk_magt_support"
02-04 18:33:17.059 19717 30512 W Parcel : Expecting binder but got null!
02-04 18:33:17.060 19717 19717 W TextView: onProvideContentCaptureStructure(): calling assumeLayout()
02-04 18:33:17.060 19717 19717 W TextView: onProvideContentCaptureStructure(): calling assumeLayout()
02-04 18:33:17.060 19717 19717 W TextView: onProvideContentCaptureStructure(): calling assumeLayout()
02-04 18:33:17.060 19717 19717 W TextView: onProvideContentCaptureStructure(): calling assumeLayout()
02-04 18:33:17.060 19717 19717 W TextView: onProvideContentCaptureStructure(): calling assumeLayout()
02-04 18:33:17.061 19717 19717 W TextView: onProvideContentCaptureStructure(): calling assumeLayout()
02-04 18:33:17.061 19717 19717 W TextView: onProvideContentCaptureStructure(): calling assumeLayout()
02-04 18:33:17.062 19717 19717 W TextView: onProvideContentCaptureStructure(): calling assumeLayout()
02-04 18:33:17.062 19717 19717 W TextView: onProvideContentCaptureStructure(): calling assumeLayout()
02-04 18:33:17.062 19717 19717 W TextView: onProvideContentCaptureStructure(): calling assumeLayout()
02-04 18:33:17.062 19717 19717 W TextView: onProvideContentCaptureStructure(): calling assumeLayout()
02-04 18:33:17.062 19717 19717 W TextView: onProvideContentCaptureStructure(): calling assumeLayout()
02-04 18:33:17.063 19717 19717 W TextView: onProvideContentCaptureStructure(): calling assumeLayout()
02-04 18:33:17.063 19717 19717 W TextView: onProvideContentCaptureStructure(): calling assumeLayout()
02-04 18:33:17.063 19717 19717 W TextView: onProvideContentCaptureStructure(): calling assumeLayout()
02-04 18:33:17.063 19717 19717 W TextView: onProvideContentCaptureStructure(): calling assumeLayout()
02-04 18:33:17.063 19717 19717 W TextView: onProvideContentCaptureStructure(): calling assumeLayout()
02-04 18:33:17.064 19717 19717 W TextView: onProvideContentCaptureStructure(): calling assumeLayout()
02-04 18:33:17.064 19717 19717 W TextView: onProvideContentCaptureStructure(): calling assumeLayout()
02-04 18:33:17.064 19717 19717 W TextView: onProvideContentCaptureStructure(): calling assumeLayout()
02-04 18:33:17.064 19717 19717 W TextView: onProvideContentCaptureStructure(): calling assumeLayout()
02-04 18:33:17.064 19717 19717 W TextView: onProvideContentCaptureStructure(): calling assumeLayout()
02-04 18:33:17.064 19717 19717 W TextView: onProvideContentCaptureStructure(): calling assumeLayout()
02-04 18:33:17.064 19717 19717 W TextView: onProvideContentCaptureStructure(): calling assumeLayout()
02-04 18:33:17.064 19717 19717 W TextView: onProvideContentCaptureStructure(): calling assumeLayout()
02-04 18:33:17.064 19717 19717 W TextView: onProvideContentCaptureStructure(): calling assumeLayout()
02-04 18:33:17.065 19717 19717 W TextView: onProvideContentCaptureStructure(): calling assumeLayout()
02-04 18:33:17.065 19717 19717 W TextView: onProvideContentCaptureStructure(): calling assumeLayout()
02-04 18:33:17.065 19717 19717 W TextView: onProvideContentCaptureStructure(): calling assumeLayout()
02-04 18:33:17.065 19717 19717 W TextView: onProvideContentCaptureStructure(): calling assumeLayout()
02-04 18:33:17.065 19717 19717 W TextView: onProvideContentCaptureStructure(): calling assumeLayout()
02-04 18:33:17.065 19717 19717 W TextView: onProvideContentCaptureStructure(): calling assumeLayout()
02-04 18:33:17.065 19717 19717 W TextView: onProvideContentCaptureStructure(): calling assumeLayout()
02-04 18:33:17.065 19717 19717 W TextView: onProvideContentCaptureStructure(): calling assumeLayout()
02-04 18:33:17.065 19717 19717 W TextView: onProvideContentCaptureStructure(): calling assumeLayout()
02-04 18:33:17.065 19717 19717 W TextView: onProvideContentCaptureStructure(): calling assumeLayout()
02-04 18:33:17.065 19717 19717 W TextView: onProvideContentCaptureStructure(): calling assumeLayout()
02-04 18:33:17.065 19717 19717 W TextView: onProvideContentCaptureStructure(): calling assumeLayout()
02-04 18:33:17.065 19717 19717 W TextView: onProvideContentCaptureStructure(): calling assumeLayout()
02-04 18:33:17.065 19717 19717 W TextView: onProvideContentCaptureStructure(): calling assumeLayout()
02-04 18:33:17.066 19717 19717 W TextView: onProvideContentCaptureStructure(): calling assumeLayout()
02-04 18:33:17.066 19717 19717 W TextView: onProvideContentCaptureStructure(): calling assumeLayout()
02-04 18:33:17.066 19717 19717 W TextView: onProvideContentCaptureStructure(): calling assumeLayout()
02-04 18:33:17.066 19717 19717 W TextView: onProvideContentCaptureStructure(): calling assumeLayout()
02-04 18:33:17.066 19717 19717 W TextView: onProvideContentCaptureStructure(): calling assumeLayout()
02-04 18:33:17.066 19717 19717 W TextView: onProvideContentCaptureStructure(): calling assumeLayout()
02-04 18:33:17.066 19717 19717 W TextView: onProvideContentCaptureStructure(): calling assumeLayout()
02-04 18:33:17.066 19717 19717 W TextView: onProvideContentCaptureStructure(): calling assumeLayout()
02-04 18:33:17.066 19717 19717 W TextView: onProvideContentCaptureStructure(): calling assumeLayout()
02-04 18:33:17.067 19717 19717 W TextView: onProvideContentCaptureStructure(): calling assumeLayout()
02-04 18:33:17.071 19717 19717 E ArmVmp : Match on catch block at 0x0a in for 0x7135a10035
02-04 18:33:17.107 19717 19717 E RecyclerView: No adapter attached; skipping layout
02-04 18:33:17.245 19717 30565 W LOTTIE : Animation contains merge paths. Merge paths are only supported on KitKat+ and must be manually enabled by calling enableMergePathsForKitKatAndAbove().
02-04 18:33:17.358 19717 19717 W LOTTIE : Animation contains merge paths but they are disabled.
02-04 18:33:18.404 19717 30594 E RenderScript: Failed loading RS driver: dlopen failed: library "libRSDriver_mtk.so" not found
02-04 18:33:18.404 19717 30594 E RenderScript: Failed to load runtime libRSDriver_mtk.so, loading default
02-04 18:33:18.503 19717 19717 E ArmVmp : Match on catch block at 0x0a in for 0x7135a10035
02-04 18:33:18.505 19717 19717 E ArmVmp : Match on catch block at 0x0a in for 0x7135a10035
02-04 18:33:18.531 19717 19717 E OplusBracketLog: [OplusViewMirrorManager] updateHostViewRootIfNeeded, not support android.view.ViewRootImpl@b8c0a65
02-04 18:33:18.635 19717 19717 E ArmVmp : Match on catch block at 0xc3 in for 0x7135a10021
02-04 18:33:18.639 19717 19717 E ArmVmp : Match on catch block at 0xc3 in for 0x7135a10021
02-04 18:33:18.640 19717 19717 E ArmVmp : Match on catch block at 0xc3 in for 0x7135a10021
02-04 18:33:18.646 19717 19732 W com.whatsapp: Cleared Reference was only reachable from finalizer (only reported once)
02-04 18:33:18.660 19717 30512 W Parcel : Expecting binder but got null!
02-04 18:33:18.660 19717 19717 W TextView: onProvideContentCaptureStructure(): calling assumeLayout()
02-04 18:33:18.661 19717 19717 W TextView: onProvideContentCaptureStructure(): calling assumeLayout()
02-04 18:33:18.661 19717 19717 W TextView: onProvideContentCaptureStructure(): calling assumeLayout()
02-04 18:33:18.661 19717 19717 W TextView: onProvideContentCaptureStructure(): calling assumeLayout()
02-04 18:33:18.661 19717 19717 W TextView: onProvideContentCaptureStructure(): calling assumeLayout()
02-04 18:33:18.661 19717 19717 W TextView: onProvideContentCaptureStructure(): calling assumeLayout()
02-04 18:33:18.661 19717 19717 W TextView: onProvideContentCaptureStructure(): calling assumeLayout()
02-04 18:33:18.661 19717 19717 W TextView: onProvideContentCaptureStructure(): calling assumeLayout()
02-04 18:33:18.662 19717 19717 W TextView: onProvideContentCaptureStructure(): calling assumeLayout()
02-04 18:33:18.662 19717 19717 W TextView: onProvideContentCaptureStructure(): calling assumeLayout()
02-04 18:33:18.662 19717 19717 W TextView: onProvideContentCaptureStructure(): calling assumeLayout()
02-04 18:33:18.662 19717 19717 W TextView: onProvideContentCaptureStructure(): calling assumeLayout()
02-04 18:33:18.662 19717 19717 W TextView: onProvideContentCaptureStructure(): calling assumeLayout()
02-04 18:33:18.662 19717 19717 W TextView: onProvideContentCaptureStructure(): calling assumeLayout()
02-04 18:33:18.662 19717 19717 W TextView: onProvideContentCaptureStructure(): calling assumeLayout()
02-04 18:33:18.663 19717 19717 W TextView: onProvideContentCaptureStructure(): calling assumeLayout()
02-04 18:33:18.678 19717 19717 E ArmVmp : Match on catch block at 0xc3 in for 0x7135a10025
02-04 18:33:18.679 19717 30522 W com.whatsapp: Accessing hidden method Lcom/android/org/conscrypt/OpenSSLSocketImpl;->getAlpnSelectedProtocol()[B (max- target-q,core-platform-api, reflection, denied)
02-04 18:33:18.679 19717 30522 W com.whatsapp: Accessing hidden method Lcom/android/org/conscrypt/AbstractConscryptSocket;->getAlpnSelectedProtocol()[B (max-target-q, reflection, denied)
02-04 18:33:18.680 19717 19717 E ArmVmp : Match on catch block at 0xc3 in for 0x7135a10025
02-04 18:33:18.682 19717 19717 E ArmVmp : Match on catch block at 0xc3 in for 0x7135a10025
02-04 18:33:18.706 19717 19717 E ArmVmp : Match on catch block at 0xc3 in for 0x7135a10025
02-04 18:33:18.708 19717 19717 E ArmVmp : Match on catch block at 0xc3 in for 0x7135a10025
02-04 18:33:18.709 19717 19717 E ArmVmp : Match on catch block at 0xc3 in for 0x7135a10025
02-04 18:33:18.724 19717 19717 E ArmVmp : Match on catch block at 0xc3 in for 0x7135a10025
02-04 18:33:18.726 19717 19717 E ArmVmp : Match on catch block at 0xc3 in for 0x7135a10025
02-04 18:33:18.727 19717 19717 E ArmVmp : Match on catch block at 0xc3 in for 0x7135a10025
02-04 18:33:18.740 19717 19717 E ArmVmp : Match on catch block at 0xc3 in for 0x7135a10025
02-04 18:33:18.742 19717 30615 W LibraryVersion: Failed to get app version for libraryName: firebase-iid
02-04 18:33:18.742 19717 19717 E ArmVmp : Match on catch block at 0xc3 in for 0x7135a10025
02-04 18:33:18.743 19717 19717 E ArmVmp : Match on catch block at 0xc3 in for 0x7135a10025
02-04 18:33:18.773 19717 19717 E ArmVmp : Match on catch block at 0xc3 in for 0x7135a10025
02-04 18:33:18.776 19717 19717 E ArmVmp : Match on catch block at 0xc3 in for 0x7135a10025
02-04 18:33:18.777 19717 19717 E ArmVmp : Match on catch block at 0xc3 in for 0x7135a10025
02-04 18:33:18.789 19717 19717 E ArmVmp : Match on catch block at 0xc3 in for 0x7135a10025
02-04 18:33:18.793 19717 19717 E ArmVmp : Match on catch block at 0xc3 in for 0x7135a10025
02-04 18:33:18.796 19717 19717 E ArmVmp : Match on catch block at 0xc3 in for 0x7135a10025
02-04 18:33:18.808 19717 19717 E ArmVmp : Match on catch block at 0xc3 in for 0x7135a10025
02-04 18:33:18.811 19717 19717 E ArmVmp : Match on catch block at 0xc3 in for 0x7135a10025
02-04 18:33:18.814 19717 19717 E ArmVmp : Match on catch block at 0xc3 in for 0x7135a10025
02-04 18:33:18.821 19717 19717 E ArmVmp : Match on catch block at 0xc3 in for 0x7135a10025
02-04 18:33:18.825 19717 19717 E ArmVmp : Match on catch block at 0xc3 in for 0x7135a10025
02-04 18:33:18.829 19717 19717 E ArmVmp : Match on catch block at 0xc3 in for 0x7135a10025
02-04 18:33:18.832 19717 19717 E ArmVmp : Match on catch block at 0xc3 in for 0x7135a10025
02-04 18:33:18.836 19717 19717 E ArmVmp : Match on catch block at 0xc3 in for 0x7135a10025
02-04 18:33:18.838 19717 19717 E ArmVmp : Match on catch block at 0xc3 in for 0x7135a10025
02-04 18:33:19.265 19717 19717 E ArmVmp : Match on catch block at 0xc3 in for 0x7135a10025
02-04 18:33:19.270 19717 19717 E ArmVmp : Match on catch block at 0xc3 in for 0x7135a10025
02-04 18:33:19.272 19717 19717 E ArmVmp : Match on catch block at 0xc3 in for 0x7135a10025
02-04 18:33:19.774 19717 19717 E ArmVmp : Match on catch block at 0xc3 in for 0x7135a10025
02-04 18:33:19.779 19717 19717 E ArmVmp : Match on catch block at 0xc3 in for 0x7135a10025
02-04 18:33:19.783 19717 19717 E ArmVmp : Match on catch block at 0xc3 in for 0x7135a10025
02-04 18:33:20.274 19717 19717 E ArmVmp : Match on catch block at 0xc3 in for 0x7135a10025
02-04 18:33:20.280 19717 19717 E ArmVmp : Match on catch block at 0xc3 in for 0x7135a10025
02-04 18:33:20.283 19717 19717 E ArmVmp : Match on catch block at 0xc3 in for 0x7135a10025
02-04 18:33:20.559 19717 19717 E ArmVmp : Match on catch block at 0xc3 in for 0x7135a10025
02-04 18:33:20.563 19717 19717 E ArmVmp : Match on catch block at 0xc3 in for 0x7135a10025
02-04 18:33:20.565 19717 19717 E ArmVmp : Match on catch block at 0xc3 in for 0x7135a10025
02-04 18:33:20.615 19717 19717 W OnBackInvokedCallback: OnBackInvokedCallback is not enabled for the application.
02-04 18:33:20.615 19717 19717 W OnBackInvokedCallback: Set 'android:enableOnBackInvokedCallback="true"' in the application manifest.
02-04 18:33:20.760 19717 19717 E ArmVmp : Match on catch block at 0xc3 in for 0x7135a10025
02-04 18:33:20.765 19717 19717 E ArmVmp : Match on catch block at 0xc3 in for 0x7135a10025
02-04 18:33:20.768 19717 19717 E ArmVmp : Match on catch block at 0xc3 in for 0x7135a10025
02-04 18:33:20.777 19717 19717 E ArmVmp : Match on catch block at 0xc3 in for 0x7135a10025
02-04 18:33:20.781 19717 19717 E ArmVmp : Match on catch block at 0xc3 in for 0x7135a10025
02-04 18:33:20.783 19717 19717 E ArmVmp : Match on catch block at 0xc3 in for 0x7135a10025
02-04 18:33:20.958 19717 19717 E ArmVmp : Match on catch block at 0xc3 in for 0x7135a10025
02-04 18:33:20.963 19717 19717 E ArmVmp : Match on catch block at 0xc3 in for 0x7135a10025
02-04 18:33:20.967 19717 19717 E ArmVmp : Match on catch block at 0xc3 in for 0x7135a10025
02-04 18:33:20.980 19717 19717 E ArmVmp : Match on catch block at 0xc3 in for 0x7135a10025
02-04 18:33:20.983 19717 19717 E ArmVmp : Match on catch block at 0xc3 in for 0x7135a10025
02-04 18:33:20.985 19717 19717 E ArmVmp : Match on catch block at 0xc3 in for 0x7135a10025
02-04 18:33:21.283 19717 19717 E ArmVmp : Match on catch block at 0xc3 in for 0x7135a10025
02-04 18:33:21.288 19717 19717 E ArmVmp : Match on catch block at 0xc3 in for 0x7135a10025
02-04 18:33:21.291 19717 19717 E ArmVmp : Match on catch block at 0xc3 in for 0x7135a10025
02-04 18:33:21.477 19717 19717 E ArmVmp : Match on catch block at 0xc3 in for 0x7135a10025
02-04 18:33:21.481 19717 19717 E ArmVmp : Match on catch block at 0xc3 in for 0x7135a10025
02-04 18:33:21.484 19717 19717 E ArmVmp : Match on catch block at 0xc3 in for 0x7135a10025
02-04 18:33:21.495 19717 19717 E ArmVmp : Match on catch block at 0xc3 in for 0x7135a10025
02-04 18:33:21.499 19717 19717 E ArmVmp : Match on catch block at 0xc3 in for 0x7135a10025
02-04 18:33:21.501 19717 19717 E ArmVmp : Match on catch block at 0xc3 in for 0x7135a10025
02-04 18:33:21.505 19717 19717 E ArmVmp : Match on catch block at 0xc3 in for 0x7135a10025
02-04 18:33:21.507 19717 19717 E ArmVmp : Match on catch block at 0xc3 in for 0x7135a10025
02-04 18:33:21.509 19717 19717 E ArmVmp : Match on catch block at 0xc3 in for 0x7135a10025
02-04 18:33:21.516 19717 19717 E ArmVmp : Match on catch block at 0xc3 in for 0x7135a10025
02-04 18:33:21.523 19717 19717 E ArmVmp : Match on catch block at 0xc3 in for 0x7135a10025
02-04 18:33:21.524 19717 19717 E ArmVmp : Match on catch block at 0xc3 in for 0x7135a10025
02-04 18:33:21.531 19717 19717 E ArmVmp : Match on catch block at 0xc3 in for 0x7135a10025
02-04 18:33:21.533 19717 19717 E ArmVmp : Match on catch block at 0xc3 in for 0x7135a10025
02-04 18:33:21.534 19717 19717 E ArmVmp : Match on catch block at 0xc3 in for 0x7135a10025
02-04 18:33:21.540 19717 19717 E ArmVmp : Match on catch block at 0xc3 in for 0x7135a10025
02-04 18:33:21.541 19717 19717 E ArmVmp : Match on catch block at 0xc3 in for 0x7135a10025
02-04 18:33:21.542 19717 19717 E ArmVmp : Match on catch block at 0xc3 in for 0x7135a10025
02-04 18:33:21.549 19717 19717 E ArmVmp : Match on catch block at 0xc3 in for 0x7135a10025
02-04 18:33:21.551 19717 19717 E ArmVmp : Match on catch block at 0xc3 in for 0x7135a10025
02-04 18:33:21.553 19717 19717 E ArmVmp : Match on catch block at 0xc3 in for 0x7135a10025
02-04 18:33:21.561 19717 19717 E ArmVmp : Match on catch block at 0xc3 in for 0x7135a10025
02-04 18:33:21.563 19717 19717 E ArmVmp : Match on catch block at 0xc3 in for 0x7135a10025
02-04 18:33:21.564 19717 19717 E ArmVmp : Match on catch block at 0xc3 in for 0x7135a10025
02-04 18:33:21.572 19717 19717 E ArmVmp : Match on catch block at 0xc3 in for 0x7135a10025
02-04 18:33:21.574 19717 19717 E ArmVmp : Match on catch block at 0xc3 in for 0x7135a10025
02-04 18:33:21.576 19717 19717 E ArmVmp : Match on catch block at 0xc3 in for 0x7135a10025
02-04 18:33:21.585 19717 19717 E ArmVmp : Match on catch block at 0xc3 in for 0x7135a10025
02-04 18:33:21.588 19717 19717 E ArmVmp : Match on catch block at 0xc3 in for 0x7135a10025
02-04 18:33:21.594 19717 19717 E ArmVmp : Match on catch block at 0xc3 in for 0x7135a10025
02-04 18:33:21.606 19717 19717 E ArmVmp : Match on catch block at 0xc3 in for 0x7135a10025
02-04 18:33:21.609 19717 19717 E ArmVmp : Match on catch block at 0xc3 in for 0x7135a10025
02-04 18:33:21.611 19717 19717 E ArmVmp : Match on catch block at 0xc3 in for 0x7135a10025
02-04 18:33:21.617 19717 19717 E ArmVmp : Match on catch block at 0xc3 in for 0x7135a10025
02-04 18:33:21.620 19717 19717 E ArmVmp : Match on catch block at 0xc3 in for 0x7135a10025
02-04 18:33:21.621 19717 19717 E ArmVmp : Match on catch block at 0xc3 in for 0x7135a10025
02-04 18:33:21.628 19717 19717 E ArmVmp : Match on catch block at 0xc3 in for 0x7135a10025
02-04 18:33:21.630 19717 19717 E ArmVmp : Match on catch block at 0xc3 in for 0x7135a10025
02-04 18:33:21.631 19717 19717 E ArmVmp : Match on catch block at 0xc3 in for 0x7135a10025
02-04 18:33:21.639 19717 19717 E ArmVmp : Match on catch block at 0xc3 in for 0x7135a10025
02-04 18:33:21.641 19717 19717 E ArmVmp : Match on catch block at 0xc3 in for 0x7135a10025
02-04 18:33:21.642 19717 19717 E ArmVmp : Match on catch block at 0xc3 in for 0x7135a10025
02-04 18:33:21.651 19717 19717 E ArmVmp : Match on catch block at 0xc3 in for 0x7135a10025
02-04 18:33:21.653 19717 19717 E ArmVmp : Match on catch block at 0xc3 in for 0x7135a10025
02-04 18:33:21.655 19717 19717 E ArmVmp : Match on catch block at 0xc3 in for 0x7135a10025
02-04 18:33:21.662 19717 19717 E ArmVmp : Match on catch block at 0xc3 in for 0x7135a10025
02-04 18:33:21.664 19717 19717 E ArmVmp : Match on catch block at 0xc3 in for 0x7135a10025
02-04 18:33:21.666 19717 19717 E ArmVmp : Match on catch block at 0xc3 in for 0x7135a10025
02-04 18:33:21.673 19717 19717 E ArmVmp : Match on catch block at 0xc3 in for 0x7135a10025
02-04 18:33:21.676 19717 19717 E ArmVmp : Match on catch block at 0xc3 in for 0x7135a10025
02-04 18:33:21.678 19717 19717 E ArmVmp : Match on catch block at 0xc3 in for 0x7135a10025
02-04 18:33:21.763 19717 19717 E ArmVmp : Match on catch block at 0xc3 in for 0x7135a10025
02-04 18:33:21.766 19717 19717 E ArmVmp : Match on catch block at 0xc3 in for 0x7135a10025
02-04 18:33:21.768 19717 19717 E ArmVmp : Match on catch block at 0xc3 in for 0x7135a10025
02-04 18:33:21.831 19717 19717 E ArmVmp : Match on catch block at 0xc3 in for 0x7135a10025
02-04 18:33:21.833 19717 19717 E ArmVmp : Match on catch block at 0xc3 in for 0x7135a10025
02-04 18:33:21.837 19717 19717 E ArmVmp : Match on catch block at 0xc3 in for 0x7135a10025
02-04 18:33:21.953 19717 19717 E ArmVmp : Match on catch block at 0xc3 in for 0x7135a10025
02-04 18:33:21.956 19717 19717 E ArmVmp : Match on catch block at 0xc3 in for 0x7135a10025
02-04 18:33:21.960 19717 19717 E ArmVmp : Match on catch block at 0xc3 in for 0x7135a10025
02-04 18:33:22.055 19717 19717 E ArmVmp : Match on catch block at 0xc3 in for 0x7135a10025
02-04 18:33:22.060 19717 19717 E ArmVmp : Match on catch block at 0xc3 in for 0x7135a10025
02-04 18:33:22.065 19717 19717 E ArmVmp : Match on catch block at 0xc3 in for 0x7135a10025
02-04 18:33:22.560 19717 19717 E ArmVmp : Match on catch block at 0xc3 in for 0x7135a10025
02-04 18:33:22.565 19717 19717 E ArmVmp : Match on catch block at 0xc3 in for 0x7135a10025
02-04 18:33:22.569 19717 19717 E ArmVmp : Match on catch block at 0xc3 in for 0x7135a10025
02-04 18:33:23.065 19717 19717 E ArmVmp : Match on catch block at 0xc3 in for 0x7135a10025
02-04 18:33:23.079 19717 19717 E ArmVmp : Match on catch block at 0xc3 in for 0x7135a10025
02-04 18:33:23.090 19717 19717 E ArmVmp : Match on catch block at 0xc3 in for 0x7135a10025
02-04 18:33:23.433 19717 19717 E ArmVmp : Match on catch block at 0xc3 in for 0x7135a10025
02-04 18:33:23.436 19717 19717 E ArmVmp : Match on catch block at 0xc3 in for 0x7135a10025
02-04 18:33:23.439 19717 19717 E ArmVmp : Match on catch block at 0xc3 in for 0x7135a10025
02-04 18:33:23.939 19717 19717 E ArmVmp : Match on catch block at 0xc3 in for 0x7135a10025
02-04 18:33:23.943 19717 19717 E ArmVmp : Match on catch block at 0xc3 in for 0x7135a10025
02-04 18:33:23.946 19717 19717 E ArmVmp : Match on catch block at 0xc3 in for 0x7135a10025
02-04 18:33:24.444 19717 19717 E ArmVmp : Match on catch block at 0xc3 in for 0x7135a10025
02-04 18:33:24.458 19717 19717 E ArmVmp : Match on catch block at 0xc3 in for 0x7135a10025
02-04 18:33:24.470 19717 19717 E ArmVmp : Match on catch block at 0xc3 in for 0x7135a10025
02-04 18:33:24.609 19717 19717 E ArmVmp : Match on catch block at 0xc3 in for 0x7135a10025
02-04 18:33:24.612 19717 19717 E ArmVmp : Match on catch block at 0xc3 in for 0x7135a10025
02-04 18:33:24.615 19717 19717 E ArmVmp : Match on catch block at 0xc3 in for 0x7135a10025
02-04 18:33:25.114 19717 19717 E ArmVmp : Match on catch block at 0xc3 in for 0x7135a10025
02-04 18:33:25.117 19717 19717 E ArmVmp : Match on catch block at 0xc3 in for 0x7135a10025
02-04 18:33:25.119 19717 19717 E ArmVmp : Match on catch block at 0xc3 in for 0x7135a10025
02-04 18:33:25.143 19717 19717 E ArmVmp : Match on catch block at 0xc3 in for 0x7135a10025
02-04 18:33:25.145 19717 19717 E ArmVmp : Match on catch block at 0xc3 in for 0x7135a10025
02-04 18:33:25.148 19717 19717 E ArmVmp : Match on catch block at 0xc3 in for 0x7135a10025
02-04 18:33:25.643 19717 19717 E ArmVmp : Match on catch block at 0xc3 in for 0x7135a10025
02-04 18:33:25.649 19717 19717 E ArmVmp : Match on catch block at 0xc3 in for 0x7135a10025
02-04 18:33:25.654 19717 19717 E ArmVmp : Match on catch block at 0xc3 in for 0x7135a10025
02-04 18:33:25.944 19717 19717 E ArmVmp : Match on catch block at 0xc3 in for 0x7135a10025
02-04 18:33:25.949 19717 19717 E ArmVmp : Match on catch block at 0xc3 in for 0x7135a10025
02-04 18:33:25.950 19717 19717 E ArmVmp : Match on catch block at 0xc3 in for 0x7135a10025
02-04 18:33:25.962 19717 19717 E ArmVmp : Match on catch block at 0xc3 in for 0x7135a10025
02-04 18:33:25.964 19717 19717 E ArmVmp : Match on catch block at 0xc3 in for 0x7135a10025
02-04 18:33:25.966 19717 19717 E ArmVmp : Match on catch block at 0xc3 in for 0x7135a10025
02-04 18:33:25.979 19717 19717 E ArmVmp : Match on catch block at 0xc3 in for 0x7135a10025
02-04 18:33:25.982 19717 19717 E ArmVmp : Match on catch block at 0xc3 in for 0x7135a10025
02-04 18:33:25.999 19717 19717 E ArmVmp : Match on catch block at 0xc3 in for 0x7135a10025
02-04 18:33:26.001 19717 19717 E ArmVmp : Match on catch block at 0xc3 in for 0x7135a10025
02-04 18:33:26.010 19717 19717 E ArmVmp : Match on catch block at 0xc3 in for 0x7135a10025
02-04 18:33:26.013 19717 19717 E ArmVmp : Match on catch block at 0xc3 in for 0x7135a10025
02-04 18:33:26.021 19717 19717 E ArmVmp : Match on catch block at 0xc3 in for 0x7135a10025
02-04 18:33:26.026 19717 19717 E ArmVmp : Match on catch block at 0xc3 in for 0x7135a10025
02-04 18:33:26.032 19717 19717 E ArmVmp : Match on catch block at 0xc3 in for 0x7135a10025
02-04 18:33:26.035 19717 19717 E ArmVmp : Match on catch block at 0xc3 in for 0x7135a10025
02-04 18:33:26.045 19717 19717 E ArmVmp : Match on catch block at 0xc3 in for 0x7135a10025
02-04 18:33:26.051 19717 19717 E ArmVmp : Match on catch block at 0xc3 in for 0x7135a10025
02-04 18:33:26.063 19717 19717 E ArmVmp : Match on catch block at 0xc3 in for 0x7135a10025
02-04 18:33:26.066 19717 19717 E ArmVmp : Match on catch block at 0xc3 in for 0x7135a10025
02-04 18:33:26.072 19717 19717 E ArmVmp : Match on catch block at 0xc3 in for 0x7135a10025
02-04 18:33:26.076 19717 19717 E ArmVmp : Match on catch block at 0xc3 in for 0x7135a10025
02-04 18:33:26.089 19717 19717 E ArmVmp : Match on catch block at 0xc3 in for 0x7135a10025
02-04 18:33:26.090 19717 19717 E ArmVmp : Match on catch block at 0xc3 in for 0x7135a10025
02-04 18:33:26.100 19717 19717 E ArmVmp : Match on catch block at 0xc3 in for 0x7135a10025
02-04 18:33:26.101 19717 19717 E ArmVmp : Match on catch block at 0xc3 in for 0x7135a10025
02-04 18:33:26.111 19717 19717 E ArmVmp : Match on catch block at 0xc3 in for 0x7135a10025
