02-05 15:57:35.273 7351 7351 W System.err: at android.app.LoadedApk.makeApplicationInner(LoadedApk.java:1443)
02-05 15:57:35.273 7351 7351 W System.err: at android.app.ActivityThread.handleBindApplication(ActivityThread.java:7231)
02-05 15:57:35.273 7351 7351 W System.err: at android.app.ActivityThread.-$ $Nest$mhandleBindApplication(Unknown Source:0)
02-05 15:57:35.273 7351 7351 W System.err: at android.app.ActivityThread$H.handleMessage(ActivityThread.java:2307)
02-05 15:57:35.273 7351 7351 W System.err: at android.os.Handler.dispatchMessage(Handler.java:106)
02-05 15:57:35.273 7351 7351 W System.err: at android.os.Looper.loopOnce(Looper.java:240)
02-05 15:57:35.273 7351 7351 W System.err: at android.os.Looper.loop(Looper.java:351)
02-05 15:57:35.273 7351 7351 W System.err: at android.app.ActivityThread.main(ActivityThread.java:8435)
02-05 15:57:35.273 7351 7351 W System.err: at java.lang.reflect.Method.invoke(Native Method)
02-05 15:57:35.273 7351 7351 W System.err: at com.android.internal.os.RuntimeInit$MethodAndArgsCaller.run(RuntimeInit.java:568)
02-05 15:57:35.273 7351 7351 W System.err: at com.android.internal.os.ZygoteInit.main(ZygoteInit.java:1013)
02-05 15:57:35.304 7351 7351 E CustomActivityOnCrash: IMPORTANT WARNING! You already have an UncaughtExceptionHandler, are you sure this is correct? If you use a custom UncaughtExceptionHandler, you must initialize it AFTER CustomActivityOnCrash! Installing anyway, but your original handler will not be called.
02-05 15:57:35.680 7351 7351 W com.whatsapp: Accessing hidden method Lcom/android/org/conscrypt/OpenSSLSocketImpl;->setUseSessionTickets(Z)V (max- target-q,core-platform-api, reflection, denied)
02-05 15:57:35.680 7351 7351 W com.whatsapp: Accessing hidden method Lcom/android/org/conscrypt/AbstractConscryptSocket;->setUseSessionTickets(Z)V (max- target-q, reflection, denied)
02-05 15:57:35.747 7351 7351 W com.whatsapp: type=1400 audit(0.0:86790): avc: granted { execute } for path="/data/data/--------- beginning of main
02-05 16:29:11.224 16733 16733 E com.whatsapp: Unknown bits set in runtime_flags: 0x40000000
02-05 16:29:11.226 16733 16733 E com.whatsapp: Not starting debugger since process cannot load the jdwp agent.
02-05 16:29:11.230 16733 16733 W ziparchive: Unable to open '/system/framework/mediatek-framework.dm': No such file or directory
02-05 16:29:11.230 16733 16733 W ziparchive: Unable to open '/system/framework/mediatek-framework.dm': No such file or directory
02-05 16:29:11.235 16733 16752 E com.whatsapp: Could not write anonymous vdex /system/framework/oat/arm64/mediatek-framework.vdex: Could not open /system/framework/oat/arm64/mediatek-framework.vdex for writing
02-05 16:29:11.275 16733 16733 W libc : Access denied finding property "ro.odm.prev.product.name"
02-05 16:29:11.468 16733 16733 W System.err: java.lang.ClassNotFoundException: mbmodsd.mbmodsw.ui.views.btn.BtnBK
02-05 16:29:11.471 16733 16733 W System.err: at java.lang.Runtime.nativeLoad(Native Method)
02-05 16:29:11.471 16733 16733 W System.err: at java.lang.Runtime.nativeLoad(Runtime.java:1126)
02-05 16:29:11.471 16733 16733 W System.err: at java.lang.Runtime.loadLibrary0(Runtime.java:1080)
02-05 16:29:11.471 16733 16733 W System.err: at java.lang.Runtime.loadLibrary0(Runtime.java:1003)
02-05 16:29:11.471 16733 16733 W System.err: at java.lang.System.loadLibrary(System.java:1661)
02-05 16:29:11.471 16733 16733 W System.err: at arm.EpicVm.<clinit>(Unknown Source:2)
02-05 16:29:11.471 16733 16733 W System.err: at java.lang.Class.newInstance(Native Method)
02-05 16:29:11.471 16733 16733 W System.err: at android.app.AppComponentFactory.instantiateApplication(AppComponentFactory.java:76)
02-05 16:29:11.471 16733 16733 W System.err: at androidx.core.app.CoreComponentFactory.instantiateApplication(Unknown Source:0)
02-05 16:29:11.471 16733 16733 W System.err: at android.app.Instrumentation.newApplication(Instrumentation.java:1251)
02-05 16:29:11.471 16733 16733 W System.err: at android.app.LoadedApk.makeApplicationInner(LoadedApk.java:1507)
02-05 16:29:11.471 16733 16733 W System.err: at android.app.LoadedApk.makeApplicationInner(LoadedApk.java:1443)
02-05 16:29:11.471 16733 16733 W System.err: at android.app.ActivityThread.handleBindApplication(ActivityThread.java:7231)
02-05 16:29:11.471 16733 16733 W System.err: at android.app.ActivityThread.-$ $Nest$mhandleBindApplication(Unknown Source:0)
02-05 16:29:11.471 16733 16733 W System.err: at android.app.ActivityThread$H.handleMessage(ActivityThread.java:2307)
02-05 16:29:11.471 16733 16733 W System.err: at android.os.Handler.dispatchMessage(Handler.java:106)
02-05 16:29:11.471 16733 16733 W System.err: at android.os.Looper.loopOnce(Looper.java:240)
02-05 16:29:11.471 16733 16733 W System.err: at android.os.Looper.loop(Looper.java:351)
02-05 16:29:11.471 16733 16733 W System.err: at android.app.ActivityThread.main(ActivityThread.java:8435)
02-05 16:29:11.471 16733 16733 W System.err: at java.lang.reflect.Method.invoke(Native Method)
02-05 16:29:11.471 16733 16733 W System.err: at com.android.internal.os.RuntimeInit$MethodAndArgsCaller.run(RuntimeInit.java:568)
02-05 16:29:11.471 16733 16733 W System.err: at com.android.internal.os.ZygoteInit.main(ZygoteInit.java:1013)
02-05 16:29:11.502 16733 16733 E CustomActivityOnCrash: IMPORTANT WARNING! You already have an UncaughtExceptionHandler, are you sure this is correct? If you use a custom UncaughtExceptionHandler, you must initialize it AFTER CustomActivityOnCrash! Installing anyway, but your original handler will not be called.
02-05 16:29:11.802 16733 16733 W com.whatsapp: Accessing hidden method Lcom/android/org/conscrypt/OpenSSLSocketImpl;->setUseSessionTickets(Z)V (max- target-q,core-platform-api, reflection, denied)
02-05 16:29:11.802 16733 16733 W com.whatsapp: Accessing hidden method Lcom/android/org/conscrypt/AbstractConscryptSocket;->setUseSessionTickets(Z)V (max- target-q, reflection, denied)
02-05 16:29:11.817 16733 16733 W com.whatsapp: type=1400 audit(0.0:86952): avc: granted { execute } for path="/data/data/--------- beginning of main
02-05 17:02:30.206 24088 24088 E com.whatsapp: Unknown bits set in runtime_flags: 0x40000000
02-05 17:02:30.222 24088 24088 E com.whatsapp: Not starting debugger since process cannot load the jdwp agent.
02-05 17:02:30.231 24088 24088 W ziparchive: Unable to open '/system/framework/mediatek-framework.dm': No such file or directory
02-05 17:02:30.231 24088 24088 W ziparchive: Unable to open '/system/framework/mediatek-framework.dm': No such file or directory
02-05 17:02:30.241 24088 24112 E com.whatsapp: Could not write anonymous vdex /system/framework/oat/arm64/mediatek-framework.vdex: Could not open /system/framework/oat/arm64/mediatek-framework.vdex for writing
02-05 17:02:30.302 24088 24088 W libc : Access denied finding property "ro.odm.prev.product.name"
02-05 17:02:30.496 24088 24088 W System.err: java.lang.ClassNotFoundException: mbmodsd.mbmodsw.ui.views.btn.BtnBK
02-05 17:02:30.499 24088 24088 W System.err: at java.lang.Runtime.nativeLoad(Native Method)
02-05 17:02:30.499 24088 24088 W System.err: at java.lang.Runtime.nativeLoad(Runtime.java:1126)
02-05 17:02:30.499 24088 24088 W System.err: at java.lang.Runtime.loadLibrary0(Runtime.java:1080)
02-05 17:02:30.499 24088 24088 W System.err: at java.lang.Runtime.loadLibrary0(Runtime.java:1003)
02-05 17:02:30.499 24088 24088 W System.err: at java.lang.System.loadLibrary(System.java:1661)
02-05 17:02:30.499 24088 24088 W System.err: at arm.EpicVm.<clinit>(Unknown Source:2)
02-05 17:02:30.499 24088 24088 W System.err: at java.lang.Class.newInstance(Native Method)
02-05 17:02:30.499 24088 24088 W System.err: at android.app.AppComponentFactory.instantiateApplication(AppComponentFactory.java:76)
02-05 17:02:30.499 24088 24088 W System.err: at androidx.core.app.CoreComponentFactory.instantiateApplication(Unknown Source:0)
02-05 17:02:30.499 24088 24088 W System.err: at android.app.Instrumentation.newApplication(Instrumentation.java:1251)
02-05 17:02:30.499 24088 24088 W System.err: at android.app.LoadedApk.makeApplicationInner(LoadedApk.java:1507)
02-05 17:02:30.499 24088 24088 W System.err: at android.app.LoadedApk.makeApplicationInner(LoadedApk.java:1443)
02-05 17:02:30.499 24088 24088 W System.err: at android.app.ActivityThread.handleBindApplication(ActivityThread.java:7231)
02-05 17:02:30.499 24088 24088 W System.err: at android.app.ActivityThread.-$ $Nest$mhandleBindApplication(Unknown Source:0)
02-05 17:02:30.499 24088 24088 W System.err: at android.app.ActivityThread$H.handleMessage(ActivityThread.java:2307)
02-05 17:02:30.499 24088 24088 W System.err: at android.os.Handler.dispatchMessage(Handler.java:106)
02-05 17:02:30.499 24088 24088 W System.err: at android.os.Looper.loopOnce(Looper.java:240)
02-05 17:02:30.500 24088 24088 W System.err: at android.os.Looper.loop(Looper.java:351)
02-05 17:02:30.500 24088 24088 W System.err: at android.app.ActivityThread.main(ActivityThread.java:8435)
02-05 17:02:30.500 24088 24088 W System.err: at java.lang.reflect.Method.invoke(Native Method)
02-05 17:02:30.500 24088 24088 W System.err: at com.android.internal.os.RuntimeInit$MethodAndArgsCaller.run(RuntimeInit.java:568)
02-05 17:02:30.500 24088 24088 W System.err: at com.android.internal.os.ZygoteInit.main(ZygoteInit.java:1013)
02-05 17:02:30.530 24088 24088 E CustomActivityOnCrash: IMPORTANT WARNING! You already have an UncaughtExceptionHandler, are you sure this is correct? If you use a custom UncaughtExceptionHandler, you must initialize it AFTER CustomActivityOnCrash! Installing anyway, but your original handler will not be called.
02-05 17:02:30.890 24088 24088 W com.whatsapp: Accessing hidden method Lcom/android/org/conscrypt/OpenSSLSocketImpl;->setUseSessionTickets(Z)V (max- target-q,core-platform-api, reflection, denied)
02-05 17:02:30.890 24088 24088 W com.whatsapp: Accessing hidden method Lcom/android/org/conscrypt/AbstractConscryptSocket;->setUseSessionTickets(Z)V (max- target-q, reflection, denied)
02-05 17:02:30.914 24088 24088 W com.whatsapp: type=1400 audit(0.0:87065): avc: granted { execute } for path="/data/data/--------- beginning of main
02-05 17:08:55.219 27527 27527 E com.whatsapp: Unknown bits set in runtime_flags: 0x40000000
02-05 17:08:55.224 27527 27527 E com.whatsapp: Not starting debugger since process cannot load the jdwp agent.
02-05 17:08:55.230 27527 27527 W ziparchive: Unable to open '/system/framework/mediatek-framework.dm': No such file or directory
02-05 17:08:55.230 27527 27527 W ziparchive: Unable to open '/system/framework/mediatek-framework.dm': No such file or directory
02-05 17:08:55.238 27527 27548 E com.whatsapp: Could not write anonymous vdex /system/framework/oat/arm64/mediatek-framework.vdex: Could not open /system/framework/oat/arm64/mediatek-framework.vdex for writing
02-05 17:08:55.274 27527 27527 W libc : Access denied finding property "ro.odm.prev.product.name"
02-05 17:08:55.416 27527 27527 W System.err: java.lang.ClassNotFoundException: mbmodsd.mbmodsw.ui.views.btn.BtnBK
02-05 17:08:55.419 27527 27527 W System.err: at java.lang.Runtime.nativeLoad(Native Method)
02-05 17:08:55.419 27527 27527 W System.err: at java.lang.Runtime.nativeLoad(Runtime.java:1126)
02-05 17:08:55.419 27527 27527 W System.err: at java.lang.Runtime.loadLibrary0(Runtime.java:1080)
02-05 17:08:55.419 27527 27527 W System.err: at java.lang.Runtime.loadLibrary0(Runtime.java:1003)
02-05 17:08:55.419 27527 27527 W System.err: at java.lang.System.loadLibrary(System.java:1661)
02-05 17:08:55.419 27527 27527 W System.err: at arm.EpicVm.<clinit>(Unknown Source:2)
02-05 17:08:55.419 27527 27527 W System.err: at java.lang.Class.newInstance(Native Method)
02-05 17:08:55.419 27527 27527 W System.err: at android.app.AppComponentFactory.instantiateApplication(AppComponentFactory.java:76)
02-05 17:08:55.419 27527 27527 W System.err: at androidx.core.app.CoreComponentFactory.instantiateApplication(Unknown Source:0)
02-05 17:08:55.419 27527 27527 W System.err: at android.app.Instrumentation.newApplication(Instrumentation.java:1251)
02-05 17:08:55.419 27527 27527 W System.err: at android.app.LoadedApk.makeApplicationInner(LoadedApk.java:1507)
02-05 17:08:55.419 27527 27527 W System.err: at android.app.LoadedApk.makeApplicationInner(LoadedApk.java:1443)
02-05 17:08:55.419 27527 27527 W System.err: at android.app.ActivityThread.handleBindApplication(ActivityThread.java:7231)
02-05 17:08:55.419 27527 27527 W System.err: at android.app.ActivityThread.-$ $Nest$mhandleBindApplication(Unknown Source:0)
02-05 17:08:55.419 27527 27527 W System.err: at android.app.ActivityThread$H.handleMessage(ActivityThread.java:2307)
02-05 17:08:55.419 27527 27527 W System.err: at android.os.Handler.dispatchMessage(Handler.java:106)
02-05 17:08:55.419 27527 27527 W System.err: at android.os.Looper.loopOnce(Looper.java:240)
02-05 17:08:55.419 27527 27527 W System.err: at android.os.Looper.loop(Looper.java:351)
02-05 17:08:55.419 27527 27527 W System.err: at android.app.ActivityThread.main(ActivityThread.java:8435)
02-05 17:08:55.419 27527 27527 W System.err: at java.lang.reflect.Method.invoke(Native Method)
02-05 17:08:55.419 27527 27527 W System.err: at com.android.internal.os.RuntimeInit$MethodAndArgsCaller.run(RuntimeInit.java:568)
02-05 17:08:55.419 27527 27527 W System.err: at com.android.internal.os.ZygoteInit.main(ZygoteInit.java:1013)
02-05 17:08:55.444 27527 27527 E CustomActivityOnCrash: IMPORTANT WARNING! You already have an UncaughtExceptionHandler, are you sure this is correct? If you use a custom UncaughtExceptionHandler, you must initialize it AFTER CustomActivityOnCrash! Installing anyway, but your original handler will not be called.
02-05 17:08:55.716 27527 27527 W com.whatsapp: Accessing hidden method Lcom/android/org/conscrypt/OpenSSLSocketImpl;->setUseSessionTickets(Z)V (max- target-q,core-platform-api, reflection, denied)
02-05 17:08:55.716 27527 27527 W com.whatsapp: Accessing hidden method Lcom/android/org/conscrypt/AbstractConscryptSocket;->setUseSessionTickets(Z)V (max- target-q, reflection, denied)
02-05 17:08:55.738 27527 27527 W com.whatsapp: type=1400 audit(0.0:87182): avc: granted { execute } for path="/data/data/--------- beginning of main
02-05 18:40:00.107 10254 10254 E com.whatsapp: Unknown bits set in runtime_flags: 0x40000000
02-05 18:40:00.111 10254 10254 E com.whatsapp: Not starting debugger since process cannot load the jdwp agent.
02-05 18:40:00.116 10254 10254 W ziparchive: Unable to open '/system/framework/mediatek-framework.dm': No such file or directory
02-05 18:40:00.116 10254 10254 W ziparchive: Unable to open '/system/framework/mediatek-framework.dm': No such file or directory
02-05 18:40:00.125 10254 17237 E com.whatsapp: Could not write anonymous vdex /system/framework/oat/arm64/mediatek-framework.vdex: Could not open /system/framework/oat/arm64/mediatek-framework.vdex for writing
02-05 18:40:00.155 10254 10254 W libc : Access denied finding property "ro.odm.prev.product.name"
02-05 18:40:00.243 10254 10254 W System.err: java.lang.ClassNotFoundException: mbmodsd.mbmodsw.ui.views.btn.BtnBK
02-05 18:40:00.246 10254 10254 W System.err: at java.lang.Runtime.nativeLoad(Native Method)
02-05 18:40:00.246 10254 10254 W System.err: at java.lang.Runtime.nativeLoad(Runtime.java:1126)
02-05 18:40:00.246 10254 10254 W System.err: at java.lang.Runtime.loadLibrary0(Runtime.java:1080)
02-05 18:40:00.246 10254 10254 W System.err: at java.lang.Runtime.loadLibrary0(Runtime.java:1003)
02-05 18:40:00.246 10254 10254 W System.err: at java.lang.System.loadLibrary(System.java:1661)
02-05 18:40:00.246 10254 10254 W System.err: at arm.EpicVm.<clinit>(Unknown Source:2)
02-05 18:40:00.246 10254 10254 W System.err: at java.lang.Class.newInstance(Native Method)
02-05 18:40:00.246 10254 10254 W System.err: at android.app.AppComponentFactory.instantiateApplication(AppComponentFactory.java:76)
02-05 18:40:00.246 10254 10254 W System.err: at androidx.core.app.CoreComponentFactory.instantiateApplication(Unknown Source:0)
02-05 18:40:00.246 10254 10254 W System.err: at android.app.Instrumentation.newApplication(Instrumentation.java:1251)
02-05 18:40:00.246 10254 10254 W System.err: at android.app.LoadedApk.makeApplicationInner(LoadedApk.java:1507)
02-05 18:40:00.246 10254 10254 W System.err: at android.app.LoadedApk.makeApplicationInner(LoadedApk.java:1443)
02-05 18:40:00.246 10254 10254 W System.err: at android.app.ActivityThread.handleBindApplication(ActivityThread.java:7231)
02-05 18:40:00.246 10254 10254 W System.err: at android.app.ActivityThread.-$ $Nest$mhandleBindApplication(Unknown Source:0)
02-05 18:40:00.246 10254 10254 W System.err: at android.app.ActivityThread$H.handleMessage(ActivityThread.java:2307)
02-05 18:40:00.246 10254 10254 W System.err: at android.os.Handler.dispatchMessage(Handler.java:106)
02-05 18:40:00.246 10254 10254 W System.err: at android.os.Looper.loopOnce(Looper.java:240)
02-05 18:40:00.246 10254 10254 W System.err: at android.os.Looper.loop(Looper.java:351)
02-05 18:40:00.246 10254 10254 W System.err: at android.app.ActivityThread.main(ActivityThread.java:8435)
02-05 18:40:00.246 10254 10254 W System.err: at java.lang.reflect.Method.invoke(Native Method)
02-05 18:40:00.246 10254 10254 W System.err: at com.android.internal.os.RuntimeInit$MethodAndArgsCaller.run(RuntimeInit.java:568)
02-05 18:40:00.246 10254 10254 W System.err: at com.android.internal.os.ZygoteInit.main(ZygoteInit.java:1013)
02-05 18:40:00.266 10254 10254 E CustomActivityOnCrash: IMPORTANT WARNING! You already have an UncaughtExceptionHandler, are you sure this is correct? If you use a custom UncaughtExceptionHandler, you must initialize it AFTER CustomActivityOnCrash! Installing anyway, but your original handler will not be called.
02-05 18:40:00.485 10254 10254 W com.whatsapp: Accessing hidden method Lcom/android/org/conscrypt/OpenSSLSocketImpl;->setUseSessionTickets(Z)V (max- target-q,core-platform-api, reflection, denied)
02-05 18:40:00.485 10254 10254 W com.whatsapp: Accessing hidden method Lcom/android/org/conscrypt/AbstractConscryptSocket;->setUseSessionTickets(Z)V (max- target-q, reflection, denied)
02-05 18:40:00.496 10254 10254 W com.whatsapp: type=1400 audit(0.0:88069): avc: granted { execute } for path="/data/data/com.whatsapp/files/decompressed/libs.spk.zst/libc++_shared.so" dev="dm-56" ino=135777 scontext=u:r:untrusted_app:s0:c38,c257,c512,c768 tcontext=u:object_r:app_data_file:s0:c38,c257,c512,c768 tclass=file app=com.whatsapp
02-05 18:40:00.496 10254 10254 W com.whatsapp: type=1400 audit(0.0:88070): avc: granted { execute } for path="/data/data/com.whatsapp/files/decompressed/libs.spk.zst/libvlc.so" dev="dm- 56" ino=57872 scontext=u:r:untrusted_app:s0:c38,c257,c512,c768 tcontext=u:object_r:app_data_file:s0:c38,c257,c512,c768 tclass=file app=com.whatsapp
02-05 18:40:00.500 10254 10254 W com.whatsapp: type=1400 audit(0.0:88071): avc: granted { execute } for path="/data/data/com.whatsapp/files/decompressed/libs.spk.zst/libwhatsapp.so" dev="dm-56" ino=58175 scontext=u:r:untrusted_app:s0:c38,c257,c512,c768 tcontext=u:object_r:app_data_file:s0:c38,c257,c512,c768 tclass=file app=com.whatsapp
02-05 18:40:00.520 10254 10254 W com.whatsapp: type=1400 audit(0.0:88072): avc: granted { execute } for path="/data/data/com.whatsapp/files/decompressed/libs.spk.zst/libcurve25519.so" dev="dm-56" ino=33805 scontext=u:r:untrusted_app:s0:c38,c257,c512,c768 tcontext=u:object_r:app_data_file:s0:c38,c257,c512,c768 tclass=file app=com.whatsapp
02-05 18:40:00.528 10254 10254 W com.whatsapp: type=1400 audit(0.0:88073): avc: granted { execute } for path="/data/data/com.whatsapp/files/decompressed/libs.spk.zst/libwhatsapp.so" dev="dm-56" ino=58175 scontext=u:r:untrusted_app:s0:c38,c257,c512,c768 tcontext=u:object_r:app_data_file:s0:c38,c257,c512,c768 tclass=file app=com.whatsapp
02-05 18:40:00.528 10254 10254 W com.whatsapp: type=1400 audit(0.0:88074): avc: granted { execute } for path="/data/data/com.whatsapp/files/decompressed/libs.spk.zst/libwhatsapp.so" dev="dm-56" ino=58175 scontext=u:r:untrusted_app:s0:c38,c257,c512,c768 tcontext=u:object_r:app_data_file:s0:c38,c257,c512,c768 tclass=file app=com.whatsapp
02-05 18:40:00.558 10254 17277 W com.whatsapp: Method void X.2rL.A03(java.lang.Integer) failed lock verification and will run slower.
02-05 18:40:00.558 10254 17277 W com.whatsapp: Common causes for lock verification issues are non-optimized dex code
02-05 18:40:00.558 10254 17277 W com.whatsapp: and incorrect proguard optimizations.
02-05 18:40:00.559 10254 10254 W com.whatsapp: Method void X.0eU.A0h(X.0tK, boolean) failed lock verification and will run slower.
02-05 18:40:00.638 10254 10254 W com.whatsapp: Method void com.whatsapp.HomeActivity.A6e() failed lock verification and will run slower.
02-05 18:40:00.643 10254 17290 E com.whatsapp: Loaded layer handle (4843948544622181817) for layer /my_product/lib64/libcolorx-loader.so
02-05 18:40:00.643 10254 17290 E com.whatsapp: Looking for entrypoint ColorX_Check
02-05 18:40:00.643 10254 17290 E com.whatsapp: Found ColorX_Check for /my_product/lib64/libcolorx-loader.so
02-05 18:40:00.643 10254 17290 E com.whatsapp: Check failed
02-05 18:40:00.643 10254 17290 W QT : qt_process_init() called
02-05 18:40:00.644 10254 17290 E QT : [QT]file does not exist
02-05 18:40:00.644 10254 17290 W QT : Support!!
02-05 18:40:00.644 10254 17290 E QT : [QT]file does not exist --------- beginning of system
02-05 18:40:00.659 10254 10254 E OplusCustomizeRestrictionManager: sInstance is null, start a new sInstance
02-05 18:40:00.802 10254 10254 E ArmVmp : Match on catch block at 0x0a in for 0x7135a10031
02-05 18:40:00.814 10254 10254 E ArmVmp : Match on catch block at 0x0a in for 0x7135a1004d
02-05 18:40:00.848 10254 10254 W Activity: Can request only one set of permissions at a time
02-05 18:40:00.894 10254 10254 E SchedAssist: ofbOpen failed with error=No such file or directory
02-05 18:40:00.894 10254 10254 E SchedAssist: sysOpen failed with error=No such file or directory
02-05 18:40:00.894 10254 10254 E SchedAssist: sharedImFd failed with error=Permission denied
02-05 18:40:00.907 10254 17327 W com.whatsapp: Accessing hidden method Lcom/android/org/conscrypt/ConscryptEngineSocket;->setUseSessionTickets(Z)V (max- target-q,core-platform-api, reflection, denied)
02-05 18:40:00.908 10254 17327 W com.whatsapp: Accessing hidden method Lcom/android/org/conscrypt/OpenSSLSocketImpl;->setUseSessionTickets(Z)V (max- target-q,core-platform-api, reflection, denied)
02-05 18:40:00.908 10254 17327 W com.whatsapp: Accessing hidden method Lcom/android/org/conscrypt/AbstractConscryptSocket;->setUseSessionTickets(Z)V (max- target-q, reflection, denied)
02-05 18:40:00.908 10254 17327 W com.whatsapp: Accessing hidden method Lcom/android/org/conscrypt/ConscryptEngineSocket;->setHostname(Ljava/lang/String;)V (max-target-q,core-platform-api, reflection, denied)
02-05 18:40:00.908 10254 17327 W com.whatsapp: Accessing hidden method Lcom/android/org/conscrypt/OpenSSLSocketImpl;->setHostname(Ljava/lang/String;)V (max-target-q,core-platform-api, reflection, denied)
02-05 18:40:00.908 10254 17327 W com.whatsapp: Accessing hidden method Lcom/android/org/conscrypt/AbstractConscryptSocket;->setHostname(Ljava/lang/ String;)V (max-target-q, reflection, denied)
02-05 18:40:00.908 10254 17327 W com.whatsapp: Accessing hidden method Lcom/android/org/conscrypt/OpenSSLSocketImpl;->setAlpnProtocols([B)V (max-target- q,core-platform-api, reflection, denied)
02-05 18:40:00.908 10254 17327 W com.whatsapp: Accessing hidden method Lcom/android/org/conscrypt/AbstractConscryptSocket;->setAlpnProtocols([B)V (max- target-q, reflection, denied)
02-05 18:40:00.937 10254 10254 E OplusBracketLog: [OplusViewMirrorManager] updateHostViewRootIfNeeded, not support android.view.ViewRootImpl@b70a68e
02-05 18:40:01.072 10254 17327 W com.whatsapp: Accessing hidden method Lcom/android/org/conscrypt/OpenSSLSocketImpl;->getAlpnSelectedProtocol()[B (max- target-q,core-platform-api, reflection, denied)
02-05 18:40:01.073 10254 17327 W com.whatsapp: Accessing hidden method Lcom/android/org/conscrypt/AbstractConscryptSocket;->getAlpnSelectedProtocol()[B (max-target-q, reflection, denied)
02-05 18:40:01.346 10254 10254 E RecyclerView: No adapter attached; skipping layout
02-05 18:40:01.374 10254 17289 W libc : Access denied finding property "ro.vendor.magt.mtk_magt_support"
02-05 18:40:01.406 10254 17289 W Parcel : Expecting binder but got null!
02-05 18:40:01.407 10254 10254 W TextView: onProvideContentCaptureStructure(): calling assumeLayout()
02-05 18:40:01.407 10254 10254 W TextView: onProvideContentCaptureStructure(): calling assumeLayout()
02-05 18:40:01.407 10254 10254 W TextView: onProvideContentCaptureStructure(): calling assumeLayout()
02-05 18:40:01.407 10254 10254 W TextView: onProvideContentCaptureStructure(): calling assumeLayout()
02-05 18:40:01.407 10254 10254 W TextView: onProvideContentCaptureStructure(): calling assumeLayout()
02-05 18:40:01.407 10254 10254 W TextView: onProvideContentCaptureStructure(): calling assumeLayout()
02-05 18:40:01.408 10254 10254 W TextView: onProvideContentCaptureStructure(): calling assumeLayout()
02-05 18:40:01.408 10254 10254 W TextView: onProvideContentCaptureStructure(): calling assumeLayout()
02-05 18:40:01.408 10254 10254 W TextView: onProvideContentCaptureStructure(): calling assumeLayout()
02-05 18:40:01.408 10254 10254 W TextView: onProvideContentCaptureStructure(): calling assumeLayout()
02-05 18:40:01.408 10254 10254 W TextView: onProvideContentCaptureStructure(): calling assumeLayout()
02-05 18:40:01.408 10254 10254 W TextView: onProvideContentCaptureStructure(): calling assumeLayout()
02-05 18:40:01.408 10254 10254 W TextView: onProvideContentCaptureStructure(): calling assumeLayout()
02-05 18:40:01.408 10254 10254 W TextView: onProvideContentCaptureStructure(): calling assumeLayout()
02-05 18:40:01.408 10254 10254 W TextView: onProvideContentCaptureStructure(): calling assumeLayout()
02-05 18:40:01.408 10254 10254 W TextView: onProvideContentCaptureStructure(): calling assumeLayout()
02-05 18:40:01.408 10254 10254 W TextView: onProvideContentCaptureStructure(): calling assumeLayout()
02-05 18:40:01.408 10254 10254 W TextView: onProvideContentCaptureStructure(): calling assumeLayout()
02-05 18:40:01.408 10254 10254 W TextView: onProvideContentCaptureStructure(): calling assumeLayout()
02-05 18:40:01.409 10254 10254 W TextView: onProvideContentCaptureStructure(): calling assumeLayout()
02-05 18:40:01.409 10254 10254 W TextView: onProvideContentCaptureStructure(): calling assumeLayout()
02-05 18:40:01.409 10254 10254 W TextView: onProvideContentCaptureStructure(): calling assumeLayout()
02-05 18:40:01.409 10254 10254 W TextView: onProvideContentCaptureStructure(): calling assumeLayout()
02-05 18:40:01.409 10254 10254 W TextView: onProvideContentCaptureStructure(): calling assumeLayout()
02-05 18:40:01.409 10254 10254 W TextView: onProvideContentCaptureStructure(): calling assumeLayout()
02-05 18:40:01.409 10254 10254 W TextView: onProvideContentCaptureStructure(): calling assumeLayout()
02-05 18:40:01.409 10254 10254 W TextView: onProvideContentCaptureStructure(): calling assumeLayout()
02-05 18:40:01.409 10254 10254 W TextView: onProvideContentCaptureStructure(): calling assumeLayout()
02-05 18:40:01.409 10254 10254 W TextView: onProvideContentCaptureStructure(): calling assumeLayout()
02-05 18:40:01.409 10254 10254 W TextView: onProvideContentCaptureStructure(): calling assumeLayout()
02-05 18:40:01.409 10254 10254 W TextView: onProvideContentCaptureStructure(): calling assumeLayout()
02-05 18:40:01.409 10254 10254 W TextView: onProvideContentCaptureStructure(): calling assumeLayout()
02-05 18:40:01.410 10254 10254 W TextView: onProvideContentCaptureStructure(): calling assumeLayout()
02-05 18:40:01.410 10254 10254 W TextView: onProvideContentCaptureStructure(): calling assumeLayout()
02-05 18:40:01.410 10254 10254 W TextView: onProvideContentCaptureStructure(): calling assumeLayout()
02-05 18:40:01.410 10254 10254 W TextView: onProvideContentCaptureStructure(): calling assumeLayout()
02-05 18:40:01.410 10254 10254 W TextView: onProvideContentCaptureStructure(): calling assumeLayout()
02-05 18:40:01.410 10254 10254 W TextView: onProvideContentCaptureStructure(): calling assumeLayout()
02-05 18:40:01.410 10254 10254 W TextView: onProvideContentCaptureStructure(): calling assumeLayout()
02-05 18:40:01.410 10254 10254 W TextView: onProvideContentCaptureStructure(): calling assumeLayout()
02-05 18:40:01.410 10254 10254 W TextView: onProvideContentCaptureStructure(): calling assumeLayout()
02-05 18:40:01.410 10254 10254 W TextView: onProvideContentCaptureStructure(): calling assumeLayout()
02-05 18:40:01.410 10254 10254 W TextView: onProvideContentCaptureStructure(): calling assumeLayout()
02-05 18:40:01.410 10254 10254 W TextView: onProvideContentCaptureStructure(): calling assumeLayout()
02-05 18:40:01.410 10254 10254 W TextView: onProvideContentCaptureStructure(): calling assumeLayout()
02-05 18:40:01.410 10254 10254 W TextView: onProvideContentCaptureStructure(): calling assumeLayout()
02-05 18:40:01.411 10254 10254 W TextView: onProvideContentCaptureStructure(): calling assumeLayout()
02-05 18:40:01.411 10254 10254 W TextView: onProvideContentCaptureStructure(): calling assumeLayout()
02-05 18:40:01.411 10254 10254 W TextView: onProvideContentCaptureStructure(): calling assumeLayout()
02-05 18:40:01.411 10254 10254 W TextView: onProvideContentCaptureStructure(): calling assumeLayout()
02-05 18:40:01.412 10254 10254 W TextView: onProvideContentCaptureStructure(): calling assumeLayout()
02-05 18:40:01.425 10254 10254 E ArmVmp : Match on catch block at 0x0a in for 0x7135a10035
02-05 18:40:01.454 10254 10254 E RecyclerView: No adapter attached; skipping layout
02-05 18:40:01.590 10254 17244 W LibraryVersion: Failed to get app version for libraryName: firebase-iid
02-05 18:40:01.633 10254 17630 W LOTTIE : Animation contains merge paths. Merge paths are only supported on KitKat+ and must be manually enabled by calling enableMergePathsForKitKatAndAbove().
02-05 18:40:01.743 10254 10254 W LOTTIE : Animation contains merge paths but they are disabled.
02-05 18:40:02.865 10254 17985 E RenderScript: Failed loading RS driver: dlopen failed: library "libRSDriver_mtk.so" not found
02-05 18:40:02.865 10254 17985 E RenderScript: Failed to load runtime libRSDriver_mtk.so, loading default
02-05 18:40:02.991 10254 10254 E ArmVmp : Match on catch block at 0x0a in for 0x7135a10035
02-05 18:40:02.993 10254 10254 E ArmVmp : Match on catch block at 0x0a in for 0x7135a10035
02-05 18:40:03.029 10254 10254 E OplusBracketLog: [OplusViewMirrorManager] updateHostViewRootIfNeeded, not support android.view.ViewRootImpl@e172b9a
02-05 18:40:03.183 10254 10254 E ArmVmp : Match on catch block at 0xc3 in for 0x7135a10021
02-05 18:40:03.186 10254 10254 E ArmVmp : Match on catch block at 0xc3 in for 0x7135a10021
02-05 18:40:03.195 10254 18048 E ion : ioctl c0044901 failed with code -1: Invalid argument
02-05 18:40:03.207 10254 17289 W Parcel : Expecting binder but got null!
02-05 18:40:03.207 10254 10254 W TextView: onProvideContentCaptureStructure(): calling assumeLayout()
02-05 18:40:03.207 10254 10254 W TextView: onProvideContentCaptureStructure(): calling assumeLayout()
02-05 18:40:03.208 10254 10254 W TextView: onProvideContentCaptureStructure(): calling assumeLayout()
02-05 18:40:03.210 10254 10254 W TextView: onProvideContentCaptureStructure(): calling assumeLayout()
02-05 18:40:03.210 10254 10254 W TextView: onProvideContentCaptureStructure(): calling assumeLayout()
02-05 18:40:03.210 10254 10254 W TextView: onProvideContentCaptureStructure(): calling assumeLayout()
02-05 18:40:03.210 10254 10254 W TextView: onProvideContentCaptureStructure(): calling assumeLayout()
02-05 18:40:03.211 10254 10254 W TextView: onProvideContentCaptureStructure(): calling assumeLayout()
02-05 18:40:03.211 10254 10254 W TextView: onProvideContentCaptureStructure(): calling assumeLayout()
02-05 18:40:03.236 10254 10254 E ArmVmp : Match on catch block at 0xc3 in for 0x7135a10025
02-05 18:40:03.239 10254 10254 E ArmVmp : Match on catch block at 0xc3 in for 0x7135a10025
02-05 18:40:03.269 10254 10254 E ArmVmp : Match on catch block at 0xc3 in for 0x7135a10025
02-05 18:40:03.273 10254 10254 E ArmVmp : Match on catch block at 0xc3 in for 0x7135a10025
02-05 18:40:03.300 10254 10254 E ArmVmp : Match on catch block at 0xc3 in for 0x7135a10025
02-05 18:40:03.303 10254 10254 E ArmVmp : Match on catch block at 0xc3 in for 0x7135a10025
02-05 18:40:03.317 10254 10254 E ArmVmp : Match on catch block at 0xc3 in for 0x7135a10025
02-05 18:40:03.318 10254 10254 E ArmVmp : Match on catch block at 0xc3 in for 0x7135a10025
02-05 18:40:03.342 10254 10254 E ArmVmp : Match on catch block at 0xc3 in for 0x7135a10025
02-05 18:40:03.346 10254 10254 E ArmVmp : Match on catch block at 0xc3 in for 0x7135a10025
02-05 18:40:03.354 10254 10254 E ArmVmp : Match on catch block at 0xc3 in for 0x7135a10025
02-05 18:40:03.357 10254 10254 E ArmVmp : Match on catch block at 0xc3 in for 0x7135a10025
02-05 18:40:03.370 10254 10254 E ArmVmp : Match on catch block at 0xc3 in for 0x7135a10025
02-05 18:40:03.372 10254 10254 E ArmVmp : Match on catch block at 0xc3 in for 0x7135a10025
02-05 18:40:03.383 10254 10254 E ArmVmp : Match on catch block at 0xc3 in for 0x7135a10025
02-05 18:40:03.387 10254 10254 E ArmVmp : Match on catch block at 0xc3 in for 0x7135a10025
02-05 18:40:03.394 10254 10254 E ArmVmp : Match on catch block at 0xc3 in for 0x7135a10025
02-05 18:40:03.404 10254 10254 E ArmVmp : Match on catch block at 0xc3 in for 0x7135a10025
02-05 18:40:03.416 10254 10254 E ArmVmp : Match on catch block at 0xc3 in for 0x7135a10025
02-05 18:40:03.418 10254 10254 E ArmVmp : Match on catch block at 0xc3 in for 0x7135a10025
02-05 18:40:03.426 10254 10254 E ArmVmp : Match on catch block at 0xc3 in for 0x7135a10025
02-05 18:40:03.428 10254 10254 E ArmVmp : Match on catch block at 0xc3 in for 0x7135a10025
02-05 18:40:03.442 10254 10254 E ArmVmp : Match on catch block at 0xc3 in for 0x7135a10025
02-05 18:40:03.444 10254 10254 E ArmVmp : Match on catch block at 0xc3 in for 0x7135a10025
02-05 18:40:03.451 10254 10254 E ArmVmp : Match on catch block at 0xc3 in for 0x7135a10025
02-05 18:40:03.455 10254 10254 E ArmVmp : Match on catch block at 0xc3 in for 0x7135a10025
02-05 18:40:03.460 10254 10254 E ArmVmp : Match on catch block at 0xc3 in for 0x7135a10025
02-05 18:40:03.462 10254 10254 E ArmVmp : Match on catch block at 0xc3 in for 0x7135a10025
02-05 18:40:03.471 10254 10254 E ArmVmp : Match on catch block at 0xc3 in for 0x7135a10025
02-05 18:40:03.473 10254 10254 E ArmVmp : Match on catch block at 0xc3 in for 0x7135a10025
02-05 18:40:03.482 10254 10254 E ArmVmp : Match on catch block at 0xc3 in for 0x7135a10025
02-05 18:40:03.485 10254 10254 E ArmVmp : Match on catch block at 0xc3 in for 0x7135a10025
02-05 18:40:03.507 10254 10254 E ArmVmp : Match on catch block at 0xc3 in for 0x7135a10025
02-05 18:40:03.509 10254 10254 E ArmVmp : Match on catch block at 0xc3 in for 0x7135a10025
02-05 18:40:03.520 10254 10254 E ArmVmp : Match on catch block at 0xc3 in for 0x7135a10025
02-05 18:40:03.523 10254 10254 E ArmVmp : Match on catch block at 0xc3 in for 0x7135a10025
02-05 18:40:03.530 10254 10254 E ArmVmp : Match on catch block at 0xc3 in for 0x7135a10025
02-05 18:40:03.532 10254 10254 E ArmVmp : Match on catch block at 0xc3 in for 0x7135a10025
02-05 18:40:03.537 10254 10254 E ArmVmp : Match on catch block at 0xc3 in for 0x7135a10025
02-05 18:40:03.539 10254 10254 E ArmVmp : Match on catch block at 0xc3 in for 0x7135a10025
02-05 18:40:03.542 10254 10254 E ArmVmp : Match on catch block at 0xc3 in for 0x7135a10025
02-05 18:40:03.545 10254 10254 E ArmVmp : Match on catch block at 0xc3 in for 0x7135a10025
02-05 18:40:03.549 10254 10254 E ArmVmp : Match on catch block at 0xc3 in for 0x7135a10025
02-05 18:40:03.551 10254 10254 E ArmVmp : Match on catch block at 0xc3 in for 0x7135a10025
02-05 18:40:03.559 10254 10254 E ArmVmp : Match on catch block at 0xc3 in for 0x7135a10025
02-05 18:40:03.561 10254 10254 E ArmVmp : Match on catch block at 0xc3 in for 0x7135a10025
02-05 18:40:03.571 10254 10254 E ArmVmp : Match on catch block at 0xc3 in for 0x7135a10025
02-05 18:40:03.573 10254 10254 E ArmVmp : Match on catch block at 0xc3 in for 0x7135a10025
02-05 18:40:03.582 10254 10254 E ArmVmp : Match on catch block at 0xc3 in for 0x7135a10025
02-05 18:40:03.584 10254 10254 E ArmVmp : Match on catch block at 0xc3 in for 0x7135a10025
02-05 18:40:03.593 10254 10254 E ArmVmp : Match on catch block at 0xc3 in for 0x7135a10025
02-05 18:40:03.595 10254 10254 E ArmVmp : Match on catch block at 0xc3 in for 0x7135a10025
02-05 18:40:03.605 10254 10254 E ArmVmp : Match on catch block at 0xc3 in for 0x7135a10025
02-05 18:40:03.606 10254 10254 E ArmVmp : Match on catch block at 0xc3 in for 0x7135a10025
02-05 18:40:03.616 10254 10254 E ArmVmp : Match on catch block at 0xc3 in for 0x7135a10025
02-05 18:40:03.618 10254 10254 E ArmVmp : Match on catch block at 0xc3 in for 0x7135a10025
02-05 18:40:03.627 10254 10254 E ArmVmp : Match on catch block at 0xc3 in for 0x7135a10025
02-05 18:40:03.630 10254 10254 E ArmVmp : Match on catch block at 0xc3 in for 0x7135a10025
02-05 18:40:03.638 10254 10254 E ArmVmp : Match on catch block at 0xc3 in for 0x7135a10025
02-05 18:40:03.640 10254 10254 E ArmVmp : Match on catch block at 0xc3 in for 0x7135a10025
02-05 18:40:03.649 10254 10254 E ArmVmp : Match on catch block at 0xc3 in for 0x7135a10025
02-05 18:40:03.651 10254 10254 E ArmVmp : Match on catch block at 0xc3 in for 0x7135a10025
02-05 18:40:03.661 10254 10254 E ArmVmp : Match on catch block at 0xc3 in for 0x7135a10025
02-05 18:40:03.664 10254 10254 E ArmVmp : Match on catch block at 0xc3 in for 0x7135a10025
02-05 18:40:03.672 10254 10254 E ArmVmp : Match on catch block at 0xc3 in for 0x7135a10025
02-05 18:40:03.678 10254 10254 E ArmVmp : Match on catch block at 0xc3 in for 0x7135a10025
02-05 18:40:03.683 10254 10254 E ArmVmp : Match on catch block at 0xc3 in for 0x7135a10025
02-05 18:40:03.689 10254 10254 E ArmVmp : Match on catch block at 0xc3 in for 0x7135a10025
02-05 18:40:03.696 10254 10254 E ArmVmp : Match on catch block at 0xc3 in for 0x7135a10025
02-05 18:40:03.700 10254 10254 E ArmVmp : Match on catch block at 0xc3 in for 0x7135a10025
02-05 18:40:03.705 10254 10254 E ArmVmp : Match on catch block at 0xc3 in for 0x7135a10025
02-05 18:40:03.708 10254 10254 E ArmVmp : Match on catch block at 0xc3 in for 0x7135a10025
02-05 18:40:03.716 10254 10254 E ArmVmp : Match on catch block at 0xc3 in for 0x7135a10025
02-05 18:40:03.718 10254 10254 E ArmVmp : Match on catch block at 0xc3 in for 0x7135a10025
02-05 18:40:03.728 10254 10254 E ArmVmp : Match on catch block at 0xc3 in for 0x7135a10025
02-05 18:40:03.730 10254 10254 E ArmVmp : Match on catch block at 0xc3 in for 0x7135a10025
02-05 18:40:03.739 10254 10254 E ArmVmp : Match on catch block at 0xc3 in for 0x7135a10025
02-05 18:40:03.740 10254 10254 E ArmVmp : Match on catch block at 0xc3 in for 0x7135a10025
02-05 18:40:03.750 10254 10254 E ArmVmp : Match on catch block at 0xc3 in for 0x7135a10025
02-05 18:40:03.752 10254 10254 E ArmVmp : Match on catch block at 0xc3 in for 0x7135a10025
02-05 18:40:03.761 10254 10254 E ArmVmp : Match on catch block at 0xc3 in for 0x7135a10025
02-05 18:40:03.765 10254 10254 E ArmVmp : Match on catch block at 0xc3 in for 0x7135a10025
02-05 18:40:03.772 10254 10254 E ArmVmp : Match on catch block at 0xc3 in for 0x7135a10025
02-05 18:40:03.775 10254 10254 E ArmVmp : Match on catch block at 0xc3 in for 0x7135a10025
02-05 18:40:03.783 10254 10254 E ArmVmp : Match on catch block at 0xc3 in for 0x7135a10025
02-05 18:40:03.786 10254 10254 E ArmVmp : Match on catch block at 0xc3 in for 0x7135a10025
02-05 18:40:03.795 10254 10254 E ArmVmp : Match on catch block at 0xc3 in for 0x7135a10025
02-05 18:40:03.797 10254 10254 E ArmVmp : Match on catch block at 0xc3 in for 0x7135a10025
02-05 18:40:03.806 10254 10254 E ArmVmp : Match on catch block at 0xc3 in for 0x7135a10025
02-05 18:40:03.808 10254 10254 E ArmVmp : Match on catch block at 0xc3 in for 0x7135a10025
02-05 18:40:03.817 10254 10254 E ArmVmp : Match on catch block at 0xc3 in for 0x7135a10025
02-05 18:40:03.819 10254 10254 E ArmVmp : Match on catch block at 0xc3 in for 0x7135a10025
02-05 18:40:03.829 10254 10254 E ArmVmp : Match on catch block at 0xc3 in for 0x7135a10025
02-05 18:40:03.831 10254 10254 E ArmVmp : Match on catch block at 0xc3 in for 0x7135a10025
02-05 18:40:03.839 10254 10254 E ArmVmp : Match on catch block at 0xc3 in for 0x7135a10025
02-05 18:40:03.841 10254 10254 E ArmVmp : Match on catch block at 0xc3 in for 0x7135a10025
02-05 18:40:03.851 10254 10254 E ArmVmp : Match on catch block at 0xc3 in for 0x7135a10025
02-05 18:40:03.857 10254 10254 E ArmVmp : Match on catch block at 0xc3 in for 0x7135a10025
02-05 18:40:03.862 10254 10254 E ArmVmp : Match on catch block at 0xc3 in for 0x7135a10025
02-05 18:40:03.864 10254 10254 E ArmVmp : Match on catch block at 0xc3 in for 0x7135a10025
02-05 18:40:03.873 10254 10254 E ArmVmp : Match on catch block at 0xc3 in for 0x7135a10025
02-05 18:40:03.878 10254 10254 E ArmVmp : Match on catch block at 0xc3 in for 0x7135a10025
02-05 18:40:03.884 10254 10254 E ArmVmp : Match on catch block at 0xc3 in for 0x7135a10025
02-05 18:40:03.887 10254 10254 E ArmVmp : Match on catch block at 0xc3 in for 0x7135a10025
02-05 18:40:03.896 10254 10254 E ArmVmp : Match on catch block at 0xc3 in for 0x7135a10025
02-05 18:40:03.898 10254 10254 E ArmVmp : Match on catch block at 0xc3 in for 0x7135a10025
02-05 18:40:03.907 10254 10254 E ArmVmp : Match on catch block at 0xc3 in for 0x7135a10025
02-05 18:40:03.909 10254 10254 E ArmVmp : Match on catch block at 0xc3 in for 0x7135a10025
02-05 18:40:03.918 10254 10254 E ArmVmp : Match on catch block at 0xc3 in for 0x7135a10025
02-05 18:40:03.920 10254 10254 E ArmVmp : Match on catch block at 0xc3 in for 0x7135a10025
02-05 18:40:03.929 10254 10254 E ArmVmp : Match on catch block at 0xc3 in for 0x7135a10025
02-05 18:40:03.932 10254 10254 E ArmVmp : Match on catch block at 0xc3 in for 0x7135a10025
02-05 18:40:03.940 10254 10254 E ArmVmp : Match on catch block at 0xc3 in for 0x7135a10025
02-05 18:40:03.942 10254 10254 E ArmVmp : Match on catch block at 0xc3 in for 0x7135a10025
02-05 18:40:03.952 10254 10254 E ArmVmp : Match on catch block at 0xc3 in for 0x7135a10025
02-05 18:40:03.954 10254 10254 E ArmVmp : Match on catch block at 0xc3 in for 0x7135a10025
02-05 18:40:03.963 10254 10254 E ArmVmp : Match on catch block at 0xc3 in for 0x7135a10025
02-05 18:40:03.966 10254 10254 E ArmVmp : Match on catch block at 0xc3 in for 0x7135a10025
02-05 18:40:03.974 10254 10254 E ArmVmp : Match on catch block at 0xc3 in for 0x7135a10025
02-05 18:40:03.976 10254 10254 E ArmVmp : Match on catch block at 0xc3 in for 0x7135a10025
02-05 18:40:03.985 10254 10254 E ArmVmp : Match on catch block at 0xc3 in for 0x7135a10025
02-05 18:40:03.987 10254 10254 E ArmVmp : Match on catch block at 0xc3 in for 0x7135a10025
02-05 18:40:03.997 10254 10254 E ArmVmp : Match on catch block at 0xc3 in for 0x7135a10025
02-05 18:40:04.000 10254 10254 E ArmVmp : Match on catch block at 0xc3 in for 0x7135a10025
02-05 18:40:04.008 10254 10254 E ArmVmp : Match on catch block at 0xc3 in for 0x7135a10025
02-05 18:40:04.011 10254 10254 E ArmVmp : Match on catch block at 0xc3 in for 0x7135a10025
02-05 18:40:04.019 10254 10254 E ArmVmp : Match on catch block at 0xc3 in for 0x7135a10025
02-05 18:40:04.021 10254 10254 E ArmVmp : Match on catch block at 0xc3 in for 0x7135a10025
02-05 18:40:04.030 10254 10254 E ArmVmp : Match on catch block at 0xc3 in for 0x7135a10025
02-05 18:40:04.033 10254 10254 E ArmVmp : Match on catch block at 0xc3 in for 0x7135a10025
02-05 18:40:04.042 10254 10254 E ArmVmp : Match on catch block at 0xc3 in for 0x7135a10025
02-05 18:40:04.044 10254 10254 E ArmVmp : Match on catch block at 0xc3 in for 0x7135a10025
02-05 18:40:04.053 10254 10254 E ArmVmp : Match on catch block at 0xc3 in for 0x7135a10025
02-05 18:40:04.055 10254 10254 E ArmVmp : Match on catch block at 0xc3 in for 0x7135a10025
02-05 18:40:04.063 10254 10254 E ArmVmp : Match on catch block at 0xc3 in for 0x7135a10025
02-05 18:40:04.066 10254 10254 E ArmVmp : Match on catch block at 0xc3 in for 0x7135a10025
02-05 18:40:04.075 10254 10254 E ArmVmp : Match on catch block at 0xc3 in for 0x7135a10025
02-05 18:40:04.076 10254 10254 E ArmVmp : Match on catch block at 0xc3 in for 0x7135a10025
02-05 18:40:04.086 10254 10254 E ArmVmp : Match on catch block at 0xc3 in for 0x7135a10025
02-05 18:40:04.091 10254 10254 E ArmVmp : Match on catch block at 0xc3 in for 0x7135a10025
02-05 18:40:04.097 10254 10254 E ArmVmp : Match on catch block at 0xc3 in for 0x7135a10025
02-05 18:40:04.099 10254 10254 E ArmVmp : Match on catch block at 0xc3 in for 0x7135a10025
02-05 18:40:04.108 10254 10254 E ArmVmp : Match on catch block at 0xc3 in for 0x7135a10025
02-05 18:40:04.117 10254 10254 E ArmVmp : Match on catch block at 0xc3 in for 0x7135a10025
02-05 18:40:04.121 10254 10254 E ArmVmp : Match on catch block at 0xc3 in for 0x7135a10025
02-05 18:40:04.123 10254 10254 E ArmVmp : Match on catch block at 0xc3 in for 0x7135a10025
02-05 18:40:04.131 10254 10254 E ArmVmp : Match on catch block at 0xc3 in for 0x7135a10025
02-05 18:40:04.134 10254 10254 E ArmVmp : Match on catch block at 0xc3 in for 0x7135a10025
02-05 18:40:04.142 10254 10254 E ArmVmp : Match on catch block at 0xc3 in for 0x7135a10025
02-05 18:40:04.147 10254 10254 E ArmVmp : Match on catch block at 0xc3 in for 0x7135a10025
02-05 18:40:04.153 10254 10254 E ArmVmp : Match on catch block at 0xc3 in for 0x7135a10025
02-05 18:40:04.155 10254 10254 E ArmVmp : Match on catch block at 0xc3 in for 0x7135a10025
02-05 18:40:04.165 10254 10254 E ArmVmp : Match on catch block at 0xc3 in for 0x7135a10025
02-05 18:40:04.170 10254 10254 E ArmVmp : Match on catch block at 0xc3 in for 0x7135a10025
02-05 18:40:04.175 10254 10254 E ArmVmp : Match on catch block at 0xc3 in for 0x7135a10025
02-05 18:40:04.179 10254 10254 E ArmVmp : Match on catch block at 0xc3 in for 0x7135a10025
02-05 18:40:04.187 10254 10254 E ArmVmp : Match on catch block at 0xc3 in for 0x7135a10025
02-05 18:40:04.194 10254 10254 E ArmVmp : Match on catch block at 0xc3 in for 0x7135a10025
02-05 18:40:04.198 10254 10254 E ArmVmp : Match on catch block at 0xc3 in for 0x7135a10025
02-05 18:40:04.200 10254 10254 E ArmVmp : Match on catch block at 0xc3 in for 0x7135a10025
02-05 18:40:04.209 10254 10254 E ArmVmp : Match on catch block at 0xc3 in for 0x7135a10025
02-05 18:40:04.218 10254 10254 E ArmVmp : Match on catch block at 0xc3 in for 0x7135a10025
02-05 18:40:04.221 10254 10254 E ArmVmp : Match on catch block at 0xc3 in for 0x7135a10025
02-05 18:40:04.224 10254 10254 E ArmVmp : Match on catch block at 0xc3 in for 0x7135a10025
02-05 18:40:04.232 10254 10254 E ArmVmp : Match on catch block at 0xc3 in for 0x7135a10025
02-05 18:40:04.235 10254 10254 E ArmVmp : Match on catch block at 0xc3 in for 0x7135a10025
02-05 18:40:04.243 10254 10254 E ArmVmp : Match on catch block at 0xc3 in for 0x7135a10025
02-05 18:40:04.246 10254 10254 E ArmVmp : Match on catch block at 0xc3 in for 0x7135a10025
02-05 18:40:04.254 10254 10254 E ArmVmp : Match on catch block at 0xc3 in for 0x7135a10025
02-05 18:40:04.256 10254 10254 E ArmVmp : Match on catch block at 0xc3 in for 0x7135a10025
02-05 18:40:04.265 10254 10254 E ArmVmp : Match on catch block at 0xc3 in for 0x7135a10025
02-05 18:40:04.268 10254 10254 E ArmVmp : Match on catch block at 0xc3 in for 0x7135a10025
02-05 18:40:04.277 10254 10254 E ArmVmp : Match on catch block at 0xc3 in for 0x7135a10025
02-05 18:40:04.280 10254 10254 E ArmVmp : Match on catch block at 0xc3 in for 0x7135a10025
02-05 18:40:04.288 10254 10254 E ArmVmp : Match on catch block at 0xc3 in for 0x7135a10025
02-05 18:40:04.292 10254 10254 E ArmVmp : Match on catch block at 0xc3 in for 0x7135a10025
02-05 18:40:04.299 10254 10254 E ArmVmp : Match on catch block at 0xc3 in for 0x7135a10025
02-05 18:40:04.301 10254 10254 E ArmVmp : Match on catch block at 0xc3 in for 0x7135a10025
02-05 18:40:04.311 10254 10254 E ArmVmp : Match on catch block at 0xc3 in for 0x7135a10025
02-05 18:40:04.314 10254 10254 E ArmVmp : Match on catch block at 0xc3 in for 0x7135a10025
02-05 18:40:04.322 10254 10254 E ArmVmp : Match on catch block at 0xc3 in for 0x7135a10025
02-05 18:40:04.328 10254 10254 E ArmVmp : Match on catch block at 0xc3 in for 0x7135a10025
02-05 18:40:04.335 10254 10254 E ArmVmp : Match on catch block at 0xc3 in for 0x7135a10025
02-05 18:40:04.339 10254 10254 E ArmVmp : Match on catch block at 0xc3 in for 0x7135a10025
02-05 18:40:04.344 10254 10254 E ArmVmp : Match on catch block at 0xc3 in for 0x7135a10025
02-05 18:40:04.347 10254 10254 E ArmVmp : Match on catch block at 0xc3 in for 0x7135a10025
02-05 18:40:04.356 10254 10254 E ArmVmp : Match on catch block at 0xc3 in for 0x7135a10025
02-05 18:40:04.358 10254 10254 E ArmVmp : Match on catch block at 0xc3 in for 0x7135a10025
02-05 18:40:04.366 10254 10254 E ArmVmp : Match on catch block at 0xc3 in for 0x7135a10025
02-05 18:40:04.369 10254 10254 E ArmVmp : Match on catch block at 0xc3 in for 0x7135a10025
02-05 18:40:04.378 10254 10254 E ArmVmp : Match on catch block at 0xc3 in for 0x7135a10025
02-05 18:40:04.381 10254 10254 E ArmVmp : Match on catch block at 0xc3 in for 0x7135a10025
02-05 18:40:04.389 10254 10254 E ArmVmp : Match on catch block at 0xc3 in for 0x7135a10025
02-05 18:40:04.392 10254 10254 E ArmVmp : Match on catch block at 0xc3 in for 0x7135a10025
02-05 18:40:04.400 10254 10254 E ArmVmp : Match on catch block at 0xc3 in for 0x7135a10025
02-05 18:40:04.403 10254 10254 E ArmVmp : Match on catch block at 0xc3 in for 0x7135a10025
