02-14 20:57:57.467 20737 20737 W RecyclerView: An instance of 6Hl was started more
than once. Each instance of6Hl is intended to only be used once. You should create
a new instance for each use.
02-14 20:57:58.833 20737 20813 W RefBase : CallStack::getCurrentInternal not
linked, returning null
02-14 20:57:58.833 20737 20813 W RefBase : CallStack::logStackInternal not linked
02-14 20:57:58.840 20737 20754 W CameraManagerGlobal: ignore the torch status
update of camera: 4
02-14 20:57:58.886 20737 27022 E libc : Access denied finding property
"vendor.debug.bq.dump"
02-14 20:57:58.887 20737 27022 E libc : Access denied finding property
"vendor.debug.bq.dump"
02-14 20:57:58.887 20737 27022 E libc : Access denied finding property
"vendor.debug.bq.dump"
02-14 20:57:58.891 20737 27022 E libc : Access denied finding property
"vendor.debug.bq.dump"
02-14 20:57:58.892 20737 27022 E libc : Access denied finding property
"vendor.debug.bq.dump"
02-14 20:57:58.892 20737 27022 E libc : Access denied finding property
"vendor.debug.bq.dump"
02-14 20:57:58.904 20737 27022 E libc : Access denied finding property
"vendor.debug.bq.dump"
02-14 20:57:58.905 20737 27022 E libc : Access denied finding property
"vendor.debug.bq.dump"
02-14 20:57:58.905 20737 27022 E libc : Access denied finding property
"vendor.debug.bq.dump"
02-14 20:57:59.700 20737 20813 W BufferQueueDump: [SurfaceTexture-0-20737-0]
[addBuffer] slot(1) acquired, seems to be abnormal, just update ...
02-14 20:58:04.867 20737 23247 W RefBase : CallStack::getCurrentInternal not
linked, returning null
02-14 20:58:04.867 20737 23247 W RefBase : CallStack::logStackInternal not linked
02-14 20:58:04.904 20737 20751 W RefBase : CallStack::getCurrentInternal not
linked, returning null
02-14 20:58:04.904 20737 20751 W RefBase : CallStack::logStackInternal not linked
02-14 20:58:04.904 20737 20751 W RefBase : CallStack::getCurrentInternal not
linked, returning null
02-14 20:58:04.904 20737 20751 W RefBase : CallStack::logStackInternal not linked
02-14 20:58:04.912 20737 20751 W RefBase : CallStack::getCurrentInternal not
linked, returning null
02-14 20:58:04.912 20737 20751 W RefBase : CallStack::logStackInternal not linked
02-14 20:58:16.364 20737 27061 W MediaStore: Failed to obtain thumbnail for
content://media/external/images/media/999
02-14 20:58:16.364 20737 27061 W MediaStore: java.io.FileNotFoundException:
/storage/emulated/0/Pictures/1705525946004.jpg: open failed: ENOENT (No such file
or directory)
02-14 20:58:16.364 20737 27061 W MediaStore: at
android.database.DatabaseUtils.readExceptionWithFileNotFoundExceptionFromParcel(Dat
abaseUtils.java:149)
02-14 20:58:16.364 20737 27061 W MediaStore: at
android.content.ContentProviderProxy.openTypedAssetFile(ContentProviderNative.java:
705)
02-14 20:58:16.364 20737 27061 W MediaStore: at
android.content.ContentResolver.openTypedAssetFileDescriptor(ContentResolver.java:1
689)
02-14 20:58:16.364 20737 27061 W MediaStore: at
android.content.ContentResolver.openTypedAssetFile(ContentResolver.java:1594)
02-14 20:58:16.364 20737 27061 W MediaStore: at
android.content.ContentResolver.lambda$loadThumbnail$0(ContentResolver.java:3601)
02-14 20:58:16.364 20737 27061 W MediaStore: at android.content.-$
$Lambda$ContentResolver$7ILY1SWNxC2xhk-fQUG6tAXW9Ik.call(Unknown Source:10)
02-14 20:58:16.364 20737 27061 W MediaStore: at
android.graphics.ImageDecoder$CallableSource.createImageDecoder(ImageDecoder.java:5
50)
02-14 20:58:16.364 20737 27061 W MediaStore: at
android.graphics.ImageDecoder.decodeBitmapImpl(ImageDecoder.java:1847)
02-14 20:58:16.364 20737 27061 W MediaStore: at
android.graphics.ImageDecoder.decodeBitmap(ImageDecoder.java:1840)
02-14 20:58:16.364 20737 27061 W MediaStore: at
android.content.ContentResolver.loadThumbnail(ContentResolver.java:3600)
02-14 20:58:16.364 20737 27061 W MediaStore: at
android.content.ContentResolver.loadThumbnail(ContentResolver.java:3584)
02-14 20:58:16.364 20737 27061 W MediaStore: at
android.provider.MediaStore$InternalThumbnails.getThumbnail(MediaStore.java:1579)
02-14 20:58:16.364 20737 27061 W MediaStore: at
android.provider.MediaStore$Images$Thumbnails.getThumbnail(MediaStore.java:1938)
02-14 20:58:16.364 20737 27061 W MediaStore: at
android.provider.MediaStore$Images$Thumbnails.getThumbnail(MediaStore.java:1978)
02-14 20:58:16.364 20737 27061 W MediaStore: at X.30T.A01(Unknown Source:47)
02-14 20:58:16.364 20737 27061 W MediaStore: at X.1Xs.Bij(Unknown Source:148)
02-14 20:58:16.364 20737 27061 W MediaStore: at X.6JI.BD4(Unknown Source:29)
02-14 20:58:16.364 20737 27061 W MediaStore: at X.3dp.run(Unknown Source:1076)
02-14 20:58:16.364 20737 27061 W MediaStore: at
java.lang.Thread.run(Thread.java:919)
02-14 20:58:32.416 20737 27022 W RefBase : CallStack::getCurrentInternal not
linked, returning null
02-14 20:58:32.416 20737 27022 W RefBase : CallStack::logStackInternal not linked
02-14 20:58:32.431 20737 20737 W ActivityThread: handleWindowVisibility: no
activity for token android.os.BinderProxy@c0c4b42
02-14 20:58:32.645 20737 27730 W CameraManagerGlobal: ignore the torch status
update of camera: 4
02-14 20:58:32.812 20737 20737 W View : requestLayout() improperly called by
androidx.appcompat.view.menu.ActionMenuItemView{357d850 VFED..C.. ......ID 0,8-
96,104 #7f0b0f8c app:id/menuitem_select_multiple} during layout: running second
layout pass
02-14 20:58:32.812 20737 20737 W View : requestLayout() improperly called by
androidx.appcompat.widget.ActionMenuView{e2faa49 V.E...... ......ID 624,0-720,112}
during layout: running second layout pass
02-14 20:58:44.365 20737 20756 W RefBase : CallStack::getCurrentInternal not
linked, returning null
02-14 20:58:44.365 20737 20756 W RefBase : CallStack::logStackInternal not linked
02-14 20:58:44.389 20737 20751 W RefBase : CallStack::getCurrentInternal not
linked, returning null
02-14 20:58:44.389 20737 20751 W RefBase : CallStack::logStackInternal not linked
02-14 20:58:55.227 20737 20737 W ActivityThread: handleWindowVisibility: no
activity for token android.os.BinderProxy@975b083
02-14 20:58:56.588 20737 28012 E libc : Access denied finding property
"vendor.debug.bq.dump"
02-14 20:58:56.589 20737 28012 E libc : Access denied finding property
"vendor.debug.bq.dump"
02-14 20:58:56.589 20737 28012 E libc : Access denied finding property
"vendor.debug.bq.dump"
02-14 20:58:56.610 20737 28007 W ACodec : [OMX.MTK.VIDEO.DECODER.AVC] setting
nBufferCountActual to 8 failed: -22
02-14 20:58:56.614 20737 28007 W : buffer descriptor with invalid usage
bits 0x2000
02-14 20:58:56.617 20737 28007 W : buffer descriptor with invalid usage
bits 0x2000
02-14 20:58:56.619 20737 28007 W : buffer descriptor with invalid usage
bits 0x2000
02-14 20:58:56.634 20737 28007 W ACodec : [OMX.MTK.VIDEO.DECODER.AVC] setting
nBufferCountActual to 14 failed: -22
02-14 20:58:56.640 20737 28007 W : buffer descriptor with invalid usage
bits 0x2000
02-14 20:58:56.642 20737 28007 W : buffer descriptor with invalid usage
bits 0x2000
02-14 20:58:56.644 20737 28007 W : buffer descriptor with invalid usage
bits 0x2000
02-14 20:58:56.646 20737 28007 W : buffer descriptor with invalid usage
bits 0x2000
02-14 20:58:56.649 20737 28007 W : buffer descriptor with invalid usage
bits 0x2000
02-14 20:58:56.657 20737 28007 W : buffer descriptor with invalid usage
bits 0x2000
02-14 20:58:56.689 20737 20737 E libc : Access denied finding property
"vendor.debug.bq.dump"
02-14 20:58:56.690 20737 20737 E libc : Access denied finding property
"vendor.debug.bq.dump"
02-14 20:58:56.690 20737 20737 E libc : Access denied finding property
"vendor.debug.bq.dump"
02-14 20:58:56.694 20737 28007 W ACodec : Failed to set ANW_HWComposer to OMX,
ignoring (-2147483648)
02-14 20:58:56.698 20737 28007 W : buffer descriptor with invalid usage
bits 0x2000
02-14 20:58:57.215 20737 28007 W : buffer descriptor with invalid usage
bits 0x2000
02-14 20:58:58.645 20737 20813 W RefBase : CallStack::getCurrentInternal not
linked, returning null
02-14 20:58:58.645 20737 20813 W RefBase : CallStack::logStackInternal not linked
02-14 20:58:58.646 20737 20813 W RefBase : CallStack::getCurrentInternal not
linked, returning null
02-14 20:58:58.646 20737 20813 W RefBase : CallStack::logStackInternal not linked
02-14 20:58:58.647 20737 20813 W RefBase : CallStack::getCurrentInternal not
linked, returning null
02-14 20:58:58.647 20737 20813 W RefBase : CallStack::logStackInternal not linked
02-14 20:58:58.648 20737 20813 W RefBase : CallStack::getCurrentInternal not
linked, returning null
02-14 20:58:58.648 20737 20813 W RefBase : CallStack::logStackInternal not linked
02-14 20:58:58.649 20737 20813 W RefBase : CallStack::getCurrentInternal not
linked, returning null
02-14 20:58:58.649 20737 20813 W RefBase : CallStack::logStackInternal not linked
02-14 20:58:58.649 20737 20813 W RefBase : CallStack::getCurrentInternal not
linked, returning null
02-14 20:58:58.649 20737 20813 W RefBase : CallStack::logStackInternal not linked
02-14 20:58:58.651 20737 20813 W RefBase : CallStack::getCurrentInternal not
linked, returning null
02-14 20:58:58.651 20737 20813 W RefBase : CallStack::logStackInternal not linked
02-14 20:58:58.651 20737 20813 W RefBase : CallStack::getCurrentInternal not
linked, returning null
02-14 20:58:58.651 20737 20813 W RefBase : CallStack::logStackInternal not linked
02-14 20:58:58.652 20737 20813 W RefBase : CallStack::getCurrentInternal not
linked, returning null
02-14 20:58:58.652 20737 20813 W RefBase : CallStack::logStackInternal not linked
02-14 20:58:58.653 20737 20813 W RefBase : CallStack::getCurrentInternal not
linked, returning null
02-14 20:58:58.653 20737 20813 W RefBase : CallStack::logStackInternal not linked
02-14 20:58:58.713 20737 20737 W RecyclerView: An instance of 6Hl was started more
than once. Each instance of6Hl is intended to only be used once. You should create
a new instance for each use.
02-14 20:58:59.936 20737 20813 W RefBase : CallStack::getCurrentInternal not
linked, returning null
02-14 20:58:59.936 20737 20813 W RefBase : CallStack::logStackInternal not linked
02-14 20:59:01.786 20737 20737 W ActivityThread: handleWindowVisibility: no
activity for token android.os.BinderProxy@a152a1
02-14 20:59:03.122 20737 28213 E libc : Access denied finding property
"vendor.debug.bq.dump"
02-14 20:59:03.123 20737 28213 E libc : Access denied finding property
"vendor.debug.bq.dump"
02-14 20:59:03.123 20737 28213 E libc : Access denied finding property
"vendor.debug.bq.dump"
02-14 20:59:03.139 20737 28208 W ACodec : [OMX.MTK.VIDEO.DECODER.AVC] setting
nBufferCountActual to 8 failed: -22
02-14 20:59:03.141 20737 28208 W : buffer descriptor with invalid usage
bits 0x2000
02-14 20:59:03.144 20737 28208 W : buffer descriptor with invalid usage
bits 0x2000
02-14 20:59:03.147 20737 28208 W : buffer descriptor with invalid usage
bits 0x2000
02-14 20:59:03.162 20737 28208 W ACodec : [OMX.MTK.VIDEO.DECODER.AVC] setting
nBufferCountActual to 15 failed: -22
02-14 20:59:03.169 20737 28208 W : buffer descriptor with invalid usage
bits 0x2000
02-14 20:59:03.171 20737 28208 W : buffer descriptor with invalid usage
bits 0x2000
02-14 20:59:03.174 20737 28208 W : buffer descriptor with invalid usage
bits 0x2000
02-14 20:59:03.177 20737 28208 W : buffer descriptor with invalid usage
bits 0x2000
02-14 20:59:03.181 20737 28208 W : buffer descriptor with invalid usage
bits 0x2000
02-14 20:59:03.201 20737 28208 W : buffer descriptor with invalid usage
bits 0x2000
02-14 20:59:03.203 20737 28208 W : buffer descriptor with invalid usage
bits 0x2000
02-14 20:59:03.208 20737 20737 E libc : Access denied finding property
"vendor.debug.bq.dump"
02-14 20:59:03.209 20737 20737 E libc : Access denied finding property
"vendor.debug.bq.dump"
02-14 20:59:03.209 20737 20737 E libc : Access denied finding property
"vendor.debug.bq.dump"
02-14 20:59:03.253 20737 28208 W ACodec : Failed to set ANW_HWComposer to OMX,
ignoring (-2147483648)
02-14 20:59:03.297 20737 28208 W : buffer descriptor with invalid usage
bits 0x2000
02-14 20:59:03.917 20737 28208 W : buffer descriptor with invalid usage
bits 0x2000
02-14 20:59:06.267 20737 20813 W RefBase : CallStack::getCurrentInternal not
linked, returning null
02-14 20:59:06.267 20737 20813 W RefBase : CallStack::logStackInternal not linked
02-14 20:59:06.268 20737 20813 W RefBase : CallStack::getCurrentInternal not
linked, returning null
02-14 20:59:06.268 20737 20813 W RefBase : CallStack::logStackInternal not linked
02-14 20:59:06.269 20737 20813 W RefBase : CallStack::getCurrentInternal not
linked, returning null
02-14 20:59:06.269 20737 20813 W RefBase : CallStack::logStackInternal not linked
02-14 20:59:06.270 20737 20813 W RefBase : CallStack::getCurrentInternal not
linked, returning null
02-14 20:59:06.270 20737 20813 W RefBase : CallStack::logStackInternal not linked
02-14 20:59:06.270 20737 20813 W RefBase : CallStack::getCurrentInternal not
linked, returning null
02-14 20:59:06.270 20737 20813 W RefBase : CallStack::logStackInternal not linked
02-14 20:59:06.271 20737 20813 W RefBase : CallStack::getCurrentInternal not
linked, returning null
02-14 20:59:06.271 20737 20813 W RefBase : CallStack::logStackInternal not linked
02-14 20:59:06.272 20737 20813 W RefBase : CallStack::getCurrentInternal not
linked, returning null
02-14 20:59:06.272 20737 20813 W RefBase : CallStack::logStackInternal not linked
02-14 20:59:06.273 20737 20813 W RefBase : CallStack::getCurrentInternal not
linked, returning null
02-14 20:59:06.273 20737 20813 W RefBase : CallStack::logStackInternal not linked
02-14 20:59:06.274 20737 20813 W RefBase : CallStack::getCurrentInternal not
linked, returning null
02-14 20:59:06.274 20737 20813 W RefBase : CallStack::logStackInternal not linked
02-14 20:59:06.275 20737 20813 W RefBase : CallStack::getCurrentInternal not
linked, returning null
02-14 20:59:06.275 20737 20813 W RefBase : CallStack::logStackInternal not linked
02-14 20:59:06.276 20737 20813 W RefBase : CallStack::getCurrentInternal not
linked, returning null
02-14 20:59:06.276 20737 20813 W RefBase : CallStack::logStackInternal not linked
02-14 20:59:06.301 20737 20813 W RefBase : CallStack::getCurrentInternal not
linked, returning null
02-14 20:59:06.301 20737 20813 W RefBase : CallStack::logStackInternal not linked
02-14 20:59:07.512 20737 20813 W RefBase : CallStack::getCurrentInternal not
linked, returning null
02-14 20:59:07.512 20737 20813 W RefBase : CallStack::logStackInternal not linked
02-14 20:59:09.032 20737 27713 W CameraManagerGlobal: ignore the torch status
update of camera: 4
02-14 20:59:09.047 20737 27022 E libc : Access denied finding property
"vendor.debug.bq.dump"
02-14 20:59:09.047 20737 27022 E libc : Access denied finding property
"vendor.debug.bq.dump"
02-14 20:59:09.047 20737 27022 E libc : Access denied finding property
"vendor.debug.bq.dump"
02-14 20:59:09.049 20737 27022 E libc : Access denied finding property
"vendor.debug.bq.dump"
02-14 20:59:09.049 20737 27022 E libc : Access denied finding property
"vendor.debug.bq.dump"
02-14 20:59:09.049 20737 27022 E libc : Access denied finding property
"vendor.debug.bq.dump"
02-14 20:59:09.060 20737 27022 E libc : Access denied finding property
"vendor.debug.bq.dump"
02-14 20:59:09.061 20737 27022 E libc : Access denied finding property
"vendor.debug.bq.dump"
02-14 20:59:09.061 20737 27022 E libc : Access denied finding property
"vendor.debug.bq.dump"
02-14 20:59:10.393 20737 27025 W MediaStore: Failed to obtain thumbnail for
content://media/external/images/media/1830
02-14 20:59:10.393 20737 27025 W MediaStore: java.io.FileNotFoundException:
/storage/emulated/0/Android/media/com.aerowtsapp/WhatsApp Plus/Media/WhatsApp Plus
Images/IMG-20240213-WA0038.jpg: open failed: ENOENT (No such file or directory)
02-14 20:59:10.393 20737 27025 W MediaStore: at
android.database.DatabaseUtils.readExceptionWithFileNotFoundExceptionFromParcel(Dat
abaseUtils.java:149)
02-14 20:59:10.393 20737 27025 W MediaStore: at
android.content.ContentProviderProxy.openTypedAssetFile(ContentProviderNative.java:
705)
02-14 20:59:10.393 20737 27025 W MediaStore: at
android.content.ContentResolver.openTypedAssetFileDescriptor(ContentResolver.java:1
689)
02-14 20:59:10.393 20737 27025 W MediaStore: at
android.content.ContentResolver.openTypedAssetFile(ContentResolver.java:1594)
02-14 20:59:10.393 20737 27025 W MediaStore: at
android.content.ContentResolver.lambda$loadThumbnail$0(ContentResolver.java:3601)
02-14 20:59:10.393 20737 27025 W MediaStore: at android.content.-$
$Lambda$ContentResolver$7ILY1SWNxC2xhk-fQUG6tAXW9Ik.call(Unknown Source:10)
02-14 20:59:10.393 20737 27025 W MediaStore: at
android.graphics.ImageDecoder$CallableSource.createImageDecoder(ImageDecoder.java:5
50)
02-14 20:59:10.393 20737 27025 W MediaStore: at
android.graphics.ImageDecoder.decodeBitmapImpl(ImageDecoder.java:1847)
02-14 20:59:10.393 20737 27025 W MediaStore: at
android.graphics.ImageDecoder.decodeBitmap(ImageDecoder.java:1840)
02-14 20:59:10.393 20737 27025 W MediaStore: at
android.content.ContentResolver.loadThumbnail(ContentResolver.java:3600)
02-14 20:59:10.393 20737 27025 W MediaStore: at
android.content.ContentResolver.loadThumbnail(ContentResolver.java:3584)
02-14 20:59:10.393 20737 27025 W MediaStore: at
android.provider.MediaStore$InternalThumbnails.getThumbnail(MediaStore.java:1579)
02-14 20:59:10.393 20737 27025 W MediaStore: at
android.provider.MediaStore$Images$Thumbnails.getThumbnail(MediaStore.java:1938)
02-14 20:59:10.393 20737 27025 W MediaStore: at
android.provider.MediaStore$Images$Thumbnails.getThumbnail(MediaStore.java:1978)
02-14 20:59:10.393 20737 27025 W MediaStore: at X.30T.A01(Unknown Source:47)
02-14 20:59:10.393 20737 27025 W MediaStore: at X.1Xs.Bij(Unknown Source:148)
02-14 20:59:10.393 20737 27025 W MediaStore: at X.6JH.A00(Unknown Source:29)
02-14 20:59:10.393 20737 27025 W MediaStore: at X.6JH.BD4(Unknown Source:85)
02-14 20:59:10.393 20737 27025 W MediaStore: at X.3dp.run(Unknown Source:1076)
02-14 20:59:10.393 20737 27025 W MediaStore: at
java.lang.Thread.run(Thread.java:919)
02-14 20:59:10.868 20737 27022 W RefBase : CallStack::getCurrentInternal not
linked, returning null
02-14 20:59:10.868 20737 27022 W RefBase : CallStack::logStackInternal not linked
02-14 20:59:11.176 20737 20753 W CameraManagerGlobal: ignore the torch status
update of camera: 4
02-14 20:59:13.770 20737 20737 W ActivityThread: handleWindowVisibility: no
activity for token android.os.BinderProxy@56082f7
02-14 20:59:15.191 20737 20737 E ArmVmp : Match on catch block at 0x0a in for 0xb5
02-14 20:59:15.197 20737 20737 E ArmVmp : Match on catch block at 0x0a in for 0xb1
02-14 20:59:15.455 20737 20737 E ArmVmp : Match on catch block at 0xc3 in for 0xa9
02-14 20:59:15.464 20737 20737 E ArmVmp : Match on catch block at 0xc3 in for 0xa9
02-14 20:59:15.593 20737 20737 E ArmVmp : Match on catch block at 0xc3 in for 0x91
02-14 20:59:15.596 20737 20737 E ArmVmp : Match on catch block at 0xc3 in for 0x95
02-14 20:59:15.599 20737 20737 E ArmVmp : Match on catch block at 0xc3 in for 0x95
02-14 20:59:15.674 20737 20737 E ArmVmp : Match on catch block at 0xc3 in for 0x99
02-14 20:59:15.677 20737 20737 E ArmVmp : Match on catch block at 0xc3 in for 0x91
02-14 20:59:15.679 20737 20737 E ArmVmp : Match on catch block at 0xc3 in for 0x91
02-14 20:59:15.700 20737 20737 E ArmVmp : Match on catch block at 0xc3 in for 0x95
02-14 20:59:15.707 20737 20737 E ArmVmp : Match on catch block at 0xc3 in for 0x99
02-14 20:59:15.710 20737 20737 E ArmVmp : Match on catch block at 0xc3 in for 0x99
02-14 20:59:16.068 20737 20737 E ArmVmp : Match on catch block at 0xc3 in for 0x99
02-14 20:59:16.082 20737 20737 E ArmVmp : Match on catch block at 0xc3 in for 0x91
02-14 20:59:16.096 20737 20737 E ArmVmp : Match on catch block at 0xc3 in for 0x91
02-14 20:59:16.113 20737 20737 E ArmVmp : Match on catch block at 0xc3 in for 0x95
02-14 20:59:16.123 20737 20737 E ArmVmp : Match on catch block at 0xc3 in for 0x99
02-14 20:59:16.128 20737 20737 E ArmVmp : Match on catch block at 0xc3 in for 0x99
02-14 20:59:16.146 20737 20737 E ArmVmp : Match on catch block at 0xc3 in for 0x91
02-14 20:59:16.152 20737 20737 E ArmVmp : Match on catch block at 0xc3 in for 0x95
02-14 20:59:16.157 20737 20737 E ArmVmp : Match on catch block at 0xc3 in for 0x95
02-14 20:59:16.178 20737 20737 E ArmVmp : Match on catch block at 0xc3 in for 0x99
02-14 20:59:16.184 20737 20737 E ArmVmp : Match on catch block at 0xc3 in for 0x91
02-14 20:59:16.189 20737 20737 E ArmVmp : Match on catch block at 0xc3 in for 0x91
02-14 20:59:16.211 20737 20737 E ArmVmp : Match on catch block at 0xc3 in for 0x95
02-14 20:59:16.218 20737 20737 E ArmVmp : Match on catch block at 0xc3 in for 0x99
02-14 20:59:16.224 20737 20737 E ArmVmp : Match on catch block at 0xc3 in for 0x99
02-14 20:59:16.244 20737 20737 E ArmVmp : Match on catch block at 0xc3 in for 0x91
02-14 20:59:16.251 20737 20737 E ArmVmp : Match on catch block at 0xc3 in for 0x95
02-14 20:59:16.256 20737 20737 E ArmVmp : Match on catch block at 0xc3 in for 0x95
02-14 20:59:16.276 20737 20737 E ArmVmp : Match on catch block at 0xc3 in for 0x99
02-14 20:59:16.284 20737 20737 E ArmVmp : Match on catch block at 0xc3 in for 0x91
02-14 20:59:16.291 20737 20737 E ArmVmp : Match on catch block at 0xc3 in for 0x91
02-14 20:59:16.309 20737 20737 E ArmVmp : Match on catch block at 0xc3 in for 0x95
02-14 20:59:16.317 20737 20737 E ArmVmp : Match on catch block at 0xc3 in for 0x99
02-14 20:59:16.322 20737 20737 E ArmVmp : Match on catch block at 0xc3 in for 0x99
02-14 20:59:16.342 20737 20737 E ArmVmp : Match on catch block at 0xc3 in for 0x91
02-14 20:59:16.348 20737 20737 E ArmVmp : Match on catch block at 0xc3 in for 0x95
02-14 20:59:16.354 20737 20737 E ArmVmp : Match on catch block at 0xc3 in for 0x95
02-14 20:59:16.375 20737 20737 E ArmVmp : Match on catch block at 0xc3 in for 0x99
02-14 20:59:16.382 20737 20737 E ArmVmp : Match on catch block at 0xc3 in for 0x91
02-14 20:59:16.387 20737 20737 E ArmVmp : Match on catch block at 0xc3 in for 0x91
02-14 20:59:16.691 20737 20737 E ArmVmp : Match on catch block at 0xc3 in for 0x95
02-14 20:59:16.703 20737 20737 E ArmVmp : Match on catch block at 0xc3 in for 0x99
02-14 20:59:16.714 20737 20737 E ArmVmp : Match on catch block at 0xc3 in for 0x99
02-14 20:59:17.180 20737 20737 E ArmVmp : Match on catch block at 0xc3 in for 0x91
02-14 20:59:17.191 20737 20737 E ArmVmp : Match on catch block at 0xc3 in for 0x95
02-14 20:59:17.201 20737 20737 E ArmVmp : Match on catch block at 0xc3 in for 0x95
02-14 20:59:17.261 20737 20737 E ArmVmp : Match on catch block at 0xc3 in for 0x99
02-14 20:59:17.272 20737 20737 E ArmVmp : Match on catch block at 0xc3 in for 0x91
02-14 20:59:17.280 20737 20737 E ArmVmp : Match on catch block at 0xc3 in for 0x91
02-14 20:59:17.292 20737 20737 E ArmVmp : Match on catch block at 0xc3 in for 0x95
02-14 20:59:17.300 20737 20737 E ArmVmp : Match on catch block at 0xc3 in for 0x99
02-14 20:59:17.306 20737 20737 E ArmVmp : Match on catch block at 0xc3 in for 0x99
02-14 20:59:17.317 20737 20737 E ArmVmp : Match on catch block at 0xc3 in for 0x91
02-14 20:59:17.325 20737 20737 E ArmVmp : Match on catch block at 0xc3 in for 0x95
02-14 20:59:17.330 20737 20737 E ArmVmp : Match on catch block at 0xc3 in for 0x95
02-14 20:59:17.340 20737 20737 E ArmVmp : Match on catch block at 0xc3 in for 0x99
02-14 20:59:17.347 20737 20737 E ArmVmp : Match on catch block at 0xc3 in for 0x91
02-14 20:59:17.353 20737 20737 E ArmVmp : Match on catch block at 0xc3 in for 0x91
02-14 20:59:17.362 20737 20737 E ArmVmp : Match on catch block at 0xc3 in for 0x95
02-14 20:59:17.368 20737 20737 E ArmVmp : Match on catch block at 0xc3 in for 0x99
02-14 20:59:17.373 20737 20737 E ArmVmp : Match on catch block at 0xc3 in for 0x99
02-14 20:59:17.380 20737 20737 E ArmVmp : Match on catch block at 0xc3 in for 0x91
02-14 20:59:17.386 20737 20737 E ArmVmp : Match on catch block at 0xc3 in for 0x95
02-14 20:59:17.390 20737 20737 E ArmVmp : Match on catch block at 0xc3 in for 0x95
02-14 20:59:17.405 20737 20737 E ArmVmp : Match on catch block at 0xc3 in for 0x99
02-14 20:59:17.411 20737 20737 E ArmVmp : Match on catch block at 0xc3 in for 0x91
02-14 20:59:17.415 20737 20737 E ArmVmp : Match on catch block at 0xc3 in for 0x91
02-14 20:59:17.421 20737 20737 E ArmVmp : Match on catch block at 0xc3 in for 0x95
02-14 20:59:17.426 20737 20737 E ArmVmp : Match on catch block at 0xc3 in for 0x99
02-14 20:59:17.430 20737 20737 E ArmVmp : Match on catch block at 0xc3 in for 0x99
02-14 20:59:17.437 20737 20737 E ArmVmp : Match on catch block at 0xc3 in for 0x91
02-14 20:59:17.442 20737 20737 E ArmVmp : Match on catch block at 0xc3 in for 0x95
02-14 20:59:17.445 20737 20737 E ArmVmp : Match on catch block at 0xc3 in for 0x95
02-14 20:59:17.454 20737 20737 E ArmVmp : Match on catch block at 0xc3 in for 0x99
02-14 20:59:17.458 20737 20737 E ArmVmp : Match on catch block at 0xc3 in for 0x91
02-14 20:59:17.461 20737 20737 E ArmVmp : Match on catch block at 0xc3 in for 0x91
02-14 20:59:17.470 20737 20737 E ArmVmp : Match on catch block at 0xc3 in for 0x95
02-14 20:59:17.474 20737 20737 E ArmVmp : Match on catch block at 0xc3 in for 0x99
02-14 20:59:17.477 20737 20737 E ArmVmp : Match on catch block at 0xc3 in for 0x99
02-14 20:59:17.489 20737 20737 E ArmVmp : Match on catch block at 0xc3 in for 0x91
02-14 20:59:17.492 20737 20737 E ArmVmp : Match on catch block at 0xc3 in for 0x95
02-14 20:59:17.495 20737 20737 E ArmVmp : Match on catch block at 0xc3 in for 0x95
02-14 20:59:17.502 20737 20737 E ArmVmp : Match on catch block at 0xc3 in for 0x99
02-14 20:59:17.507 20737 20737 E ArmVmp : Match on catch block at 0xc3 in for 0x91
02-14 20:59:17.510 20737 20737 E ArmVmp : Match on catch block at 0xc3 in for 0x91
02-14 20:59:17.519 20737 20737 E ArmVmp : Match on catch block at 0xc3 in for 0x95
02-14 20:59:17.522 20737 20737 E ArmVmp : Match on catch block at 0xc3 in for 0x99
02-14 20:59:17.526 20737 20737 E ArmVmp : Match on catch block at 0xc3 in for 0x99
02-14 20:59:17.609 20737 20737 E ArmVmp : Match on catch block at 0xc3 in for 0x99
02-14 20:59:17.613 20737 20737 E ArmVmp : Match on catch block at 0xc3 in for 0x91
02-14 20:59:17.617 20737 20737 E ArmVmp : Match on catch block at 0xc3 in for 0x91
02-14 20:59:17.629 20737 20737 E ArmVmp : Match on catch block at 0xc3 in for 0x95
02-14 20:59:17.633 20737 20737 E ArmVmp : Match on catch block at 0xc3 in for 0x99
02-14 20:59:17.659 20737 20737 E ArmVmp : Match on catch block at 0xc3 in for 0x99
02-14 20:59:17.663 20737 20737 E ArmVmp : Match on catch block at 0xc3 in for 0x91
02-14 20:59:17.682 20737 20737 E ArmVmp : Match on catch block at 0xc3 in for 0x91
02-14 20:59:17.687 20737 20737 E ArmVmp : Match on catch block at 0xc3 in for 0x95
02-14 20:59:17.700 20737 20737 E ArmVmp : Match on catch block at 0xc3 in for 0x95
02-14 20:59:17.703 20737 20737 E ArmVmp : Match on catch block at 0xc3 in for 0x99
02-14 20:59:17.707 20737 20737 E ArmVmp : Match on catch block at 0xc3 in for 0x99
02-14 20:59:17.715 20737 20737 E ArmVmp : Match on catch block at 0xc3 in for 0x91
02-14 20:59:17.719 20737 20737 E ArmVmp : Match on catch block at 0xc3 in for 0x95
02-14 20:59:17.721 20737 20737 E ArmVmp : Match on catch block at 0xc3 in for 0x95
02-14 20:59:17.732 20737 20737 E ArmVmp : Match on catch block at 0xc3 in for 0x91
02-14 20:59:17.735 20737 20737 E ArmVmp : Match on catch block at 0xc3 in for 0x95
02-14 20:59:17.737 20737 20737 E ArmVmp : Match on catch block at 0xc3 in for 0x95
02-14 20:59:17.749 20737 20737 E ArmVmp : Match on catch block at 0xc3 in for 0x91
02-14 20:59:17.752 20737 20737 E ArmVmp : Match on catch block at 0xc3 in for 0x95
02-14 20:59:17.754 20737 20737 E ArmVmp : Match on catch block at 0xc3 in for 0x95
02-14 20:59:17.765 20737 20737 E ArmVmp : Match on catch block at 0xc3 in for 0x91
02-14 20:59:17.768 20737 20737 E ArmVmp : Match on catch block at 0xc3 in for 0x95
02-14 20:59:17.770 20737 20737 E ArmVmp : Match on catch block at 0xc3 in for 0x95
02-14 20:59:17.781 20737 20737 E ArmVmp : Match on catch block at 0xc3 in for 0x91
02-14 20:59:17.784 20737 20737 E ArmVmp : Match on catch block at 0xc3 in for 0x95
02-14 20:59:17.787 20737 20737 E ArmVmp : Match on catch block at 0xc3 in for 0x95
02-14 20:59:17.798 20737 20737 E ArmVmp : Match on catch block at 0xc3 in for 0x91
02-14 20:59:17.800 20737 20737 E ArmVmp : Match on catch block at 0xc3 in for 0x95
02-14 20:59:17.803 20737 20737 E ArmVmp : Match on catch block at 0xc3 in for 0x95
02-14 20:59:17.814 20737 20737 E ArmVmp : Match on catch block at 0xc3 in for 0x91
02-14 20:59:17.817 20737 20737 E ArmVmp : Match on catch block at 0xc3 in for 0x95
02-14 20:59:17.819 20737 20737 E ArmVmp : Match on catch block at 0xc3 in for 0x95
02-14 20:59:17.831 20737 20737 E ArmVmp : Match on catch block at 0xc3 in for 0x91
02-14 20:59:17.833 20737 20737 E ArmVmp : Match on catch block at 0xc3 in for 0x95
02-14 20:59:17.836 20737 20737 E ArmVmp : Match on catch block at 0xc3 in for 0x95
02-14 20:59:17.847 20737 20737 E ArmVmp : Match on catch block at 0xc3 in for 0x91
02-14 20:59:17.850 20737 20737 E ArmVmp : Match on catch block at 0xc3 in for 0x95
02-14 20:59:17.852 20737 20737 E ArmVmp : Match on catch block at 0xc3 in for 0x95
02-14 20:59:17.863 20737 20737 E ArmVmp : Match on catch block at 0xc3 in for 0x91
02-14 20:59:17.866 20737 20737 E ArmVmp : Match on catch block at 0xc3 in for 0x95
02-14 20:59:17.869 20737 20737 E ArmVmp : Match on catch block at 0xc3 in for 0x95
02-14 20:59:17.879 20737 20737 E ArmVmp : Match on catch block at 0xc3 in for 0x91
02-14 20:59:17.882 20737 20737 E ArmVmp : Match on catch block at 0xc3 in for 0x95
02-14 20:59:17.886 20737 20737 E ArmVmp : Match on catch block at 0xc3 in for 0x95
02-14 20:59:17.896 20737 20737 E ArmVmp : Match on catch block at 0xc3 in for 0x91
02-14 20:59:17.899 20737 20737 E ArmVmp : Match on catch block at 0xc3 in for 0x95
02-14 20:59:17.902 20737 20737 E ArmVmp : Match on catch block at 0xc3 in for 0x95
02-14 20:59:17.912 20737 20737 E ArmVmp : Match on catch block at 0xc3 in for 0x91
02-14 20:59:17.915 20737 20737 E ArmVmp : Match on catch block at 0xc3 in for 0x95
02-14 20:59:17.929 20737 20737 E ArmVmp : Match on catch block at 0xc3 in for 0x95
02-14 20:59:17.933 20737 20737 E ArmVmp : Match on catch block at 0xc3 in for 0x99
02-14 20:59:17.935 20737 20737 E ArmVmp : Match on catch block at 0xc3 in for 0x99
02-14 20:59:18.213 20737 20737 E ArmVmp : Match on catch block at 0xc3 in for 0x91
02-14 20:59:18.224 20737 20737 E ArmVmp : Match on catch block at 0xc3 in for 0x95
02-14 20:59:18.234 20737 20737 E ArmVmp : Match on catch block at 0xc3 in for 0x95
02-14 20:59:18.721 20737 20737 E ArmVmp : Match on catch block at 0xc3 in for 0x95
02-14 20:59:18.735 20737 20737 E ArmVmp : Match on catch block at 0xc3 in for 0x99
02-14 20:59:18.746 20737 20737 E ArmVmp : Match on catch block at 0xc3 in for 0x99
02-14 20:59:19.176 20737 20737 E ArmVmp : Match on catch block at 0xc3 in for 0x99
02-14 20:59:19.180 20737 20737 E ArmVmp : Match on catch block at 0xc3 in for 0x91
02-14 20:59:19.184 20737 20737 E ArmVmp : Match on catch block at 0xc3 in for 0x91
02-14 20:59:19.192 20737 20737 E ArmVmp : Match on catch block at 0xc3 in for 0x95
02-14 20:59:19.195 20737 20737 E ArmVmp : Match on catch block at 0xc3 in for 0x99
02-14 20:59:19.199 20737 20737 E ArmVmp : Match on catch block at 0xc3 in for 0x99
02-14 20:59:19.209 20737 20737 E ArmVmp : Match on catch block at 0xc3 in for 0x91
02-14 20:59:19.213 20737 20737 E ArmVmp : Match on catch block at 0xc3 in for 0x95
02-14 20:59:19.215 20737 20737 E ArmVmp : Match on catch block at 0xc3 in for 0x95
02-14 20:59:19.224 20737 20737 E ArmVmp : Match on catch block at 0xc3 in for 0x99
02-14 20:59:19.227 20737 20737 E ArmVmp : Match on catch block at 0xc3 in for 0x91
02-14 20:59:19.231 20737 20737 E ArmVmp : Match on catch block at 0xc3 in for 0x91
02-14 20:59:19.240 20737 20737 E ArmVmp : Match on catch block at 0xc3 in for 0x95
02-14 20:59:19.244 20737 20737 E ArmVmp : Match on catch block at 0xc3 in for 0x99
02-14 20:59:19.247 20737 20737 E ArmVmp : Match on catch block at 0xc3 in for 0x99
02-14 20:59:19.257 20737 20737 E ArmVmp : Match on catch block at 0xc3 in for 0x91
02-14 20:59:19.260 20737 20737 E ArmVmp : Match on catch block at 0xc3 in for 0x95
02-14 20:59:19.263 20737 20737 E ArmVmp : Match on catch block at 0xc3 in for 0x95
02-14 20:59:19.273 20737 20737 E ArmVmp : Match on catch block at 0xc3 in for 0x99
02-14 20:59:19.276 20737 20737 E ArmVmp : Match on catch block at 0xc3 in for 0x91
02-14 20:59:19.279 20737 20737 E ArmVmp : Match on catch block at 0xc3 in for 0x91
02-14 20:59:19.290 20737 20737 E ArmVmp : Match on catch block at 0xc3 in for 0x95
02-14 20:59:19.293 20737 20737 E ArmVmp : Match on catch block at 0xc3 in for 0x99
02-14 20:59:19.295 20737 20737 E ArmVmp : Match on catch block at 0xc3 in for 0x99
02-14 20:59:19.306 20737 20737 E ArmVmp : Match on catch block at 0xc3 in for 0x91
02-14 20:59:19.310 20737 20737 E ArmVmp : Match on catch block at 0xc3 in for 0x95
02-14 20:59:19.313 20737 20737 E ArmVmp : Match on catch block at 0xc3 in for 0x95
02-14 20:59:19.322 20737 20737 E ArmVmp : Match on catch block at 0xc3 in for 0x99
02-14 20:59:19.326 20737 20737 E ArmVmp : Match on catch block at 0xc3 in for 0x91
02-14 20:59:19.329 20737 20737 E ArmVmp : Match on catch block at 0xc3 in for 0x91
02-14 20:59:19.339 20737 20737 E ArmVmp : Match on catch block at 0xc3 in for 0x95
02-14 20:59:19.342 20737 20737 E ArmVmp : Match on catch block at 0xc3 in for 0x99
02-14 20:59:19.344 20737 20737 E ArmVmp : Match on catch block at 0xc3 in for 0x99
02-14 20:59:19.355 20737 20737 E ArmVmp : Match on catch block at 0xc3 in for 0x91
02-14 20:59:19.358 20737 20737 E ArmVmp : Match on catch block at 0xc3 in for 0x95
02-14 20:59:19.361 20737 20737 E ArmVmp : Match on catch block at 0xc3 in for 0x95
02-14 20:59:19.371 20737 20737 E ArmVmp : Match on catch block at 0xc3 in for 0x99
02-14 20:59:19.375 20737 20737 E ArmVmp : Match on catch block at 0xc3 in for 0x91
02-14 20:59:19.377 20737 20737 E ArmVmp : Match on catch block at 0xc3 in for 0x91
02-14 20:59:19.388 20737 20737 E ArmVmp : Match on catch block at 0xc3 in for 0x95
02-14 20:59:19.391 20737 20737 E ArmVmp : Match on catch block at 0xc3 in for 0x99
02-14 20:59:19.394 20737 20737 E ArmVmp : Match on catch block at 0xc3 in for 0x99
02-14 20:59:19.404 20737 20737 E ArmVmp : Match on catch block at 0xc3 in for 0x91
02-14 20:59:19.408 20737 20737 E ArmVmp : Match on catch block at 0xc3 in for 0x95
02-14 20:59:19.410 20737 20737 E ArmVmp : Match on catch block at 0xc3 in for 0x95
02-14 20:59:19.421 20737 20737 E ArmVmp : Match on catch block at 0xc3 in for 0x99
02-14 20:59:19.425 20737 20737 E ArmVmp : Match on catch block at 0xc3 in for 0x91
02-14 20:59:19.427 20737 20737 E ArmVmp : Match on catch block at 0xc3 in for 0x91
02-14 20:59:19.477 20737 20737 E ArmVmp : Match on catch block at 0xc3 in for 0x99
02-14 20:59:19.480 20737 20737 E ArmVmp : Match on catch block at 0xc3 in for 0x91
02-14 20:59:19.518 20737 20737 E ArmVmp : Match on catch block at 0xc3 in for 0x91
02-14 20:59:19.522 20737 20737 E ArmVmp : Match on catch block at 0xc3 in for 0x95
02-14 20:59:19.535 20737 20737 E ArmVmp : Match on catch block at 0xc3 in for 0x91
02-14 20:59:19.539 20737 20737 E ArmVmp : Match on catch block at 0xc3 in for 0x95
02-14 20:59:19.552 20737 20737 E ArmVmp : Match on catch block at 0xc3 in for 0x91
02-14 20:59:19.556 20737 20737 E ArmVmp : Match on catch block at 0xc3 in for 0x95
02-14 20:59:19.560 20737 20737 E ArmVmp : Match on catch block at 0xc3 in for 0x95
02-14 20:59:19.566 20737 20737 E ArmVmp : Match on catch block at 0xc3 in for 0x99
02-14 20:59:19.569 20737 20737 E ArmVmp : Match on catch block at 0xc3 in for 0x91
02-14 20:59:19.573 20737 20737 E ArmVmp : Match on catch block at 0xc3 in for 0x91
02-14 20:59:19.582 20737 20737 E ArmVmp : Match on catch block at 0xc3 in for 0x95
02-14 20:59:19.585 20737 20737 E ArmVmp : Match on catch block at 0xc3 in for 0x99
02-14 20:59:19.590 20737 20737 E ArmVmp : Match on catch block at 0xc3 in for 0x99
02-14 20:59:19.599 20737 20737 E ArmVmp : Match on catch block at 0xc3 in for 0x91
02-14 20:59:19.602 20737 20737 E ArmVmp : Match on catch block at 0xc3 in for 0x95
02-14 20:59:19.606 20737 20737 E ArmVmp : Match on catch block at 0xc3 in for 0x95
02-14 20:59:19.615 20737 20737 E ArmVmp : Match on catch block at 0xc3 in for 0x99
02-14 20:59:19.618 20737 20737 E ArmVmp : Match on catch block at 0xc3 in for 0x91
02-14 20:59:19.621 20737 20737 E ArmVmp : Match on catch block at 0xc3 in for 0x91
02-14 20:59:19.631 20737 20737 E ArmVmp : Match on catch block at 0xc3 in for 0x95
02-14 20:59:19.634 20737 20737 E ArmVmp : Match on catch block at 0xc3 in for 0x99
02-14 20:59:19.637 20737 20737 E ArmVmp : Match on catch block at 0xc3 in for 0x99
02-14 20:59:19.648 20737 20737 E ArmVmp : Match on catch block at 0xc3 in for 0x91
02-14 20:59:19.650 20737 20737 E ArmVmp : Match on catch block at 0xc3 in for 0x95
02-14 20:59:19.654 20737 20737 E ArmVmp : Match on catch block at 0xc3 in for 0x95
02-14 20:59:19.665 20737 20737 E ArmVmp : Match on catch block at 0xc3 in for 0x99
02-14 20:59:19.668 20737 20737 E ArmVmp : Match on catch block at 0xc3 in for 0x91
02-14 20:59:19.671 20737 20737 E ArmVmp : Match on catch block at 0xc3 in for 0x91
02-14 20:59:19.680 20737 20737 E ArmVmp : Match on catch block at 0xc3 in for 0x95
02-14 20:59:19.684 20737 20737 E ArmVmp : Match on catch block at 0xc3 in for 0x99
02-14 20:59:19.687 20737 20737 E ArmVmp : Match on catch block at 0xc3 in for 0x99
02-14 20:59:19.717 20737 20737 E ArmVmp : Match on catch block at 0xc3 in for 0x99
02-14 20:59:19.721 20737 20737 E ArmVmp : Match on catch block at 0xc3 in for 0x91
02-14 20:59:19.724 20737 20737 E ArmVmp : Match on catch block at 0xc3 in for 0x91
02-14 20:59:19.734 20737 20737 E ArmVmp : Match on catch block at 0xc3 in for 0x95
02-14 20:59:19.738 20737 20737 E ArmVmp : Match on catch block at 0xc3 in for 0x99
02-14 20:59:19.742 20737 20737 E ArmVmp : Match on catch block at 0xc3 in for 0x99
02-14 20:59:20.240 20737 20737 E ArmVmp : Match on catch block at 0xc3 in for 0x91
02-14 20:59:20.251 20737 20737 E ArmVmp : Match on catch block at 0xc3 in for 0x95
02-14 20:59:20.260 20737 20737 E ArmVmp : Match on catch block at 0xc3 in for 0x95
02-14 20:59:20.384 20737 20737 E ArmVmp : Match on catch block at 0xc3 in for 0x91
02-14 20:59:20.391 20737 20737 E ArmVmp : Match on catch block at 0xc3 in for 0x95
02-14 20:59:20.413 20737 20737 E ArmVmp : Match on catch block at 0xc3 in for 0x99
02-14 20:59:20.417 20737 20737 E ArmVmp : Match on catch block at 0xc3 in for 0x91
02-14 20:59:20.435 20737 20737 E ArmVmp : Match on catch block at 0xc3 in for 0x99
02-14 20:59:20.441 20737 20737 E ArmVmp : Match on catch block at 0xc3 in for 0x91
02-14 20:59:20.451 20737 20737 E ArmVmp : Match on catch block at 0xc3 in for 0x99
02-14 20:59:20.456 20737 20737 E ArmVmp : Match on catch block at 0xc3 in for 0x91
02-14 20:59:20.751 20737 20737 E ArmVmp : Match on catch block at 0xc3 in for 0x99
02-14 20:59:20.761 20737 20737 E ArmVmp : Match on catch block at 0xc3 in for 0x91
02-14 20:59:21.259 20737 20737 E ArmVmp : Match on catch block at 0xc3 in for 0x99
02-14 20:59:21.268 20737 20737 E ArmVmp : Match on catch block at 0xc3 in for 0x91
02-14 20:59:21.748 20737 20737 E ArmVmp : Match on catch block at 0xc3 in for 0x99
02-14 20:59:21.757 20737 20737 E ArmVmp : Match on catch block at 0xc3 in for 0x91
02-14 20:59:21.892 20737 20737 E ArmVmp : Match on catch block at 0xc3 in for 0x99
02-14 20:59:21.898 20737 20737 E ArmVmp : Match on catch block at 0xc3 in for 0x91
02-14 20:59:21.908 20737 20737 E ArmVmp : Match on catch block at 0xc3 in for 0x99
02-14 20:59:21.914 20737 20737 E ArmVmp : Match on catch block at 0xc3 in for 0x91
02-14 20:59:21.927 20737 20737 E ArmVmp : Match on catch block at 0xc3 in for 0x99
02-14 20:59:21.935 20737 20737 E ArmVmp : Match on catch block at 0xc3 in for 0x91
02-14 20:59:21.944 20737 20737 E ArmVmp : Match on catch block at 0xc3 in for 0x99
02-14 20:59:21.950 20737 20737 E ArmVmp : Match on catch block at 0xc3 in for 0x91
02-14 20:59:21.958 20737 20737 E ArmVmp : Match on catch block at 0xc3 in for 0x99
02-14 20:59:21.964 20737 20737 E ArmVmp : Match on catch block at 0xc3 in for 0x91
02-14 20:59:21.975 20737 20737 E ArmVmp : Match on catch block at 0xc3 in for 0x99
02-14 20:59:21.979 20737 20737 E ArmVmp : Match on catch block at 0xc3 in for 0x91
02-14 20:59:21.990 20737 20737 E ArmVmp : Match on catch block at 0xc3 in for 0x99
02-14 20:59:21.995 20737 20737 E ArmVmp : Match on catch block at 0xc3 in for 0x91
02-14 20:59:22.007 20737 20737 E ArmVmp : Match on catch block at 0xc3 in for 0x99
02-14 20:59:22.012 20737 20737 E ArmVmp : Match on catch block at 0xc3 in for 0x91
02-14 20:59:22.023 20737 20737 E ArmVmp : Match on catch block at 0xc3 in for 0x99
02-14 20:59:22.028 20737 20737 E ArmVmp : Match on catch block at 0xc3 in for 0x91
02-14 20:59:22.039 20737 20737 E ArmVmp : Match on catch block at 0xc3 in for 0x99
02-14 20:59:22.043 20737 20737 E ArmVmp : Match on catch block at 0xc3 in for 0x91
02-14 20:59:22.056 20737 20737 E ArmVmp : Match on catch block at 0xc3 in for 0x99
02-14 20:59:22.060 20737 20737 E ArmVmp : Match on catch block at 0xc3 in for 0x91
02-14 20:59:22.072 20737 20737 E ArmVmp : Match on catch block at 0xc3 in for 0x99
02-14 20:59:22.076 20737 20737 E ArmVmp : Match on catch block at 0xc3 in for 0x91
02-14 20:59:22.088 20737 20737 E ArmVmp : Match on catch block at 0xc3 in for 0x99
02-14 20:59:22.092 20737 20737 E ArmVmp : Match on catch block at 0xc3 in for 0x91
02-14 20:59:22.104 20737 20737 E ArmVmp : Match on catch block at 0xc3 in for 0x99
02-14 20:59:22.109 20737 20737 E ArmVmp : Match on catch block at 0xc3 in for 0x91
02-14 20:59:22.121 20737 20737 E ArmVmp : Match on catch block at 0xc3 in for 0x99
02-14 20:59:22.126 20737 20737 E ArmVmp : Match on catch block at 0xc3 in for 0x91
02-14 20:59:22.137 20737 20737 E ArmVmp : Match on catch block at 0xc3 in for 0x99
02-14 20:59:22.142 20737 20737 E ArmVmp : Match on catch block at 0xc3 in for 0x91
02-14 20:59:22.154 20737 20737 E ArmVmp : Match on catch block at 0xc3 in for 0x99
02-14 20:59:22.158 20737 20737 E ArmVmp : Match on catch block at 0xc3 in for 0x91
02-14 20:59:22.256 20737 20737 E ArmVmp : Match on catch block at 0xc3 in for 0x99
02-14 20:59:22.264 20737 20737 E ArmVmp : Match on catch block at 0xc3 in for 0x91
02-14 20:59:22.766 20737 20737 E ArmVmp : Match on catch block at 0xc3 in for 0x99
02-14 20:59:22.778 20737 20737 E ArmVmp : Match on catch block at 0xc3 in for 0x91
02-14 20:59:23.257 20737 20737 E ArmVmp : Match on catch block at 0xc3 in for 0x99
02-14 20:59:23.268 20737 20737 E ArmVmp : Match on catch block at 0xc3 in for 0x91
02-14 20:59:23.536 20737 20737 E ArmVmp : Match on catch block at 0xc3 in for 0x91
02-14 20:59:23.540 20737 20737 E ArmVmp : Match on catch block at 0xc3 in for 0x95
02-14 20:59:23.568 20737 20737 E ArmVmp : Match on catch block at 0xc3 in for 0x99
02-14 20:59:23.572 20737 20737 E ArmVmp : Match on catch block at 0xc3 in for 0x91
02-14 20:59:23.579 20737 20737 E ArmVmp : Match on catch block at 0xc3 in for 0x99
02-14 20:59:23.583 20737 20737 E ArmVmp : Match on catch block at 0xc3 in for 0x91
02-14 20:59:23.594 20737 20737 E ArmVmp : Match on catch block at 0xc3 in for 0x99
02-14 20:59:23.598 20737 20737 E ArmVmp : Match on catch block at 0xc3 in for 0x91
02-14 20:59:23.611 20737 20737 E ArmVmp : Match on catch block at 0xc3 in for 0x99
02-14 20:59:23.615 20737 20737 E ArmVmp : Match on catch block at 0xc3 in for 0x91
02-14 20:59:23.627 20737 20737 E ArmVmp : Match on catch block at 0xc3 in for 0x99
02-14 20:59:23.631 20737 20737 E ArmVmp : Match on catch block at 0xc3 in for 0x91
02-14 20:59:23.644 20737 20737 E ArmVmp : Match on catch block at 0xc3 in for 0x99
02-14 20:59:23.648 20737 20737 E ArmVmp : Match on catch block at 0xc3 in for 0x91
02-14 20:59:23.666 20737 20737 E ArmVmp : Match on catch block at 0xc3 in for 0x99
02-14 20:59:23.670 20737 20737 E ArmVmp : Match on catch block at 0xc3 in for 0x91
02-14 20:59:23.693 20737 20737 E ArmVmp : Match on catch block at 0xc3 in for 0x99
02-14 20:59:23.698 20737 20737 E ArmVmp : Match on catch block at 0xc3 in for 0x91
02-14 20:59:23.709 20737 20737 E ArmVmp : Match on catch block at 0xc3 in for 0x99
02-14 20:59:23.713 20737 20737 E ArmVmp : Match on catch block at 0xc3 in for 0x91
02-14 20:59:23.727 20737 20737 E ArmVmp : Match on catch block at 0xc3 in for 0x99
02-14 20:59:23.731 20737 20737 E ArmVmp : Match on catch block at 0xc3 in for 0x91
02-14 20:59:23.790 20737 20737 E ArmVmp : Match on catch block at 0xc3 in for 0x99
02-14 20:59:23.794 20737 20737 E ArmVmp : Match on catch block at 0xc3 in for 0x91
02-14 20:59:24.003 20737 20737 E ArmVmp : Match on catch block at 0xc3 in for 0x99
02-14 20:59:24.007 20737 20737 E ArmVmp : Match on catch block at 0xc3 in for 0x91
02-14 20:59:24.183 20737 20737 E ArmVmp : Match on catch block at 0xc3 in for 0x99
02-14 20:59:24.187 20737 20737 E ArmVmp : Match on catch block at 0xc3 in for 0x91
02-14 20:59:24.430 20737 20737 E ArmVmp : Match on catch block at 0xc3 in for 0x99
02-14 20:59:24.435 20737 20737 E ArmVmp : Match on catch block at 0xc3 in for 0x91
02-14 20:59:24.642 20737 20737 E ArmVmp : Match on catch block at 0xc3 in for 0x99
02-14 20:59:24.646 20737 20737 E ArmVmp : Match on catch block at 0xc3 in for 0x91
02-14 20:59:25.140 20737 20737 E ArmVmp : Match on catch block at 0xc3 in for 0x99
02-14 20:59:25.150 20737 20737 E ArmVmp : Match on catch block at 0xc3 in for 0x91
02-14 20:59:25.248 20737 20737 E ArmVmp : Match on catch block at 0xc3 in for 0x99
02-14 20:59:25.252 20737 20737 E ArmVmp : Match on catch block at 0xc3 in for 0x91
02-14 20:59:25.543 20737 20737 E ArmVmp : Match on catch block at 0xc3 in for 0x99
02-14 20:59:25.547 20737 20737 E ArmVmp : Match on catch block at 0xc3 in for 0x91
02-14 20:59:25.592 20737 20737 E ArmVmp : Match on catch block at 0xc3 in for 0x99
02-14 20:59:25.597 20737 20737 E ArmVmp : Match on catch block at 0xc3 in for 0x91
02-14 20:59:25.658 20737 20737 E ArmVmp : Match on catch block at 0xc3 in for 0x99
02-14 20:59:25.663 20737 20737 E ArmVmp : Match on catch block at 0xc3 in for 0x91
02-14 20:59:25.716 20737 20737 E ArmVmp : Match on catch block at 0xc3 in for 0x91
02-14 20:59:25.720 20737 20737 E ArmVmp : Match on catch block at 0xc3 in for 0x95
02-14 20:59:25.730 20737 20737 E ArmVmp : Match on catch block at 0xc3 in for 0x91
02-14 20:59:25.735 20737 20737 E ArmVmp : Match on catch block at 0xc3 in for 0x95
02-14 20:59:25.763 20737 20737 E ArmVmp : Match on catch block at 0xc3 in for 0x99
02-14 20:59:25.767 20737 20737 E ArmVmp : Match on catch block at 0xc3 in for 0x91
02-14 20:59:25.788 20737 20737 E ArmVmp : Match on catch block at 0xc3 in for 0x99
02-14 20:59:25.792 20737 20737 E ArmVmp : Match on catch block at 0xc3 in for 0x91
02-14 20:59:25.805 20737 20737 E ArmVmp : Match on catch block at 0xc3 in for 0x99
02-14 20:59:25.809 20737 20737 E ArmVmp : Match on catch block at 0xc3 in for 0x91
02-14 20:59:25.821 20737 20737 E ArmVmp : Match on catch block at 0xc3 in for 0x91
02-14 20:59:25.826 20737 20737 E ArmVmp : Match on catch block at 0xc3 in for 0x95
02-14 20:59:25.838 20737 20737 E ArmVmp : Match on catch block at 0xc3 in for 0x91
02-14 20:59:25.842 20737 20737 E ArmVmp : Match on catch block at 0xc3 in for 0x95
02-14 20:59:25.854 20737 20737 E ArmVmp : Match on catch block at 0xc3 in for 0x91
02-14 20:59:25.859 20737 20737 E ArmVmp : Match on catch block at 0xc3 in for 0x95
02-14 20:59:25.871 20737 20737 E ArmVmp : Match on catch block at 0xc3 in for 0x95
02-14 20:59:25.873 20737 20737 E ArmVmp : Match on catch block at 0xc3 in for 0x99
02-14 20:59:25.886 20737 20737 E ArmVmp : Match on catch block at 0xc3 in for 0x95
02-14 20:59:25.889 20737 20737 E ArmVmp : Match on catch block at 0xc3 in for 0x99
02-14 20:59:25.903 20737 20737 E ArmVmp : Match on catch block at 0xc3 in for 0x95
02-14 20:59:25.907 20737 20737 E ArmVmp : Match on catch block at 0xc3 in for 0x99
02-14 20:59:25.920 20737 20737 E ArmVmp : Match on catch block at 0xc3 in for 0x99
02-14 20:59:25.923 20737 20737 E ArmVmp : Match on catch block at 0xc3 in for 0x91
02-14 20:59:25.936 20737 20737 E ArmVmp : Match on catch block at 0xc3 in for 0x99
02-14 20:59:25.939 20737 20737 E ArmVmp : Match on catch block at 0xc3 in for 0x91
02-14 20:59:25.952 20737 20737 E ArmVmp : Match on catch block at 0xc3 in for 0x99
02-14 20:59:25.955 20737 20737 E ArmVmp : Match on catch block at 0xc3 in for 0x91
02-14 20:59:26.123 20737 20737 E ArmVmp : Match on catch block at 0xc3 in for 0x91
02-14 20:59:26.127 20737 20737 E ArmVmp : Match on catch block at 0xc3 in for 0x95
02-14 20:59:26.148 20737 20737 E ArmVmp : Match on catch block at 0xc3 in for 0x99
02-14 20:59:26.151 20737 20737 E ArmVmp : Match on catch block at 0xc3 in for 0x91
02-14 20:59:26.165 20737 20737 E ArmVmp : Match on catch block at 0xc3 in for 0x99
02-14 20:59:26.169 20737 20737 E ArmVmp : Match on catch block at 0xc3 in for 0x91
02-14 20:59:26.182 20737 20737 E ArmVmp : Match on catch block at 0xc3 in for 0x99
02-14 20:59:26.186 20737 20737 E ArmVmp : Match on catch block at 0xc3 in for 0x91
02-14 20:59:26.197 20737 20737 E ArmVmp : Match on catch block at 0xc3 in for 0x99
02-14 20:59:26.201 20737 20737 E ArmVmp : Match on catch block at 0xc3 in for 0x91
02-14 20:59:26.214 20737 20737 E ArmVmp : Match on catch block at 0xc3 in for 0x99
02-14 20:59:26.217 20737 20737 E ArmVmp : Match on catch block at 0xc3 in for 0x91
02-14 20:59:26.230 20737 20737 E ArmVmp : Match on catch block at 0xc3 in for 0x99
02-14 20:59:26.234 20737 20737 E ArmVmp : Match on catch block at 0xc3 in for 0x91
02-14 20:59:26.253 20737 20737 E ArmVmp : Match on catch block at 0xc3 in for 0x99
