02-14 20:56:59.726 20737 20737 E ArmVmp : Match on catch block at 0xc3 in for 0x95
02-14 20:56:59.731 20737 20737 E ArmVmp : Match on catch block at 0xc3 in for 0x99
02-14 20:56:59.734 20737 20737 E ArmVmp : Match on catch block at 0xc3 in for 0x99
02-14 20:56:59.746 20737 20737 E ArmVmp : Match on catch block at 0xc3 in for 0x91
02-14 20:56:59.750 20737 20737 E ArmVmp : Match on catch block at 0xc3 in for 0x95
02-14 20:56:59.752 20737 20737 E ArmVmp : Match on catch block at 0xc3 in for 0x95
02-14 20:56:59.759 20737 20737 E ArmVmp : Match on catch block at 0xc3 in for 0x99
02-14 20:56:59.762 20737 20737 E ArmVmp : Match on catch block at 0xc3 in for 0x91
02-14 20:56:59.766 20737 20737 E ArmVmp : Match on catch block at 0xc3 in for 0x91
02-14 20:56:59.775 20737 20737 E ArmVmp : Match on catch block at 0xc3 in for 0x95
02-14 20:56:59.779 20737 20737 E ArmVmp : Match on catch block at 0xc3 in for 0x99
02-14 20:56:59.781 20737 20737 E ArmVmp : Match on catch block at 0xc3 in for 0x99
02-14 20:56:59.793 20737 20737 E ArmVmp : Match on catch block at 0xc3 in for 0x91
02-14 20:56:59.796 20737 20737 E ArmVmp : Match on catch block at 0xc3 in for 0x95
02-14 20:56:59.799 20737 20737 E ArmVmp : Match on catch block at 0xc3 in for 0x95
02-14 20:56:59.808 20737 20737 E ArmVmp : Match on catch block at 0xc3 in for 0x99
02-14 20:56:59.811 20737 20737 E ArmVmp : Match on catch block at 0xc3 in for 0x91
02-14 20:56:59.814 20737 20737 E ArmVmp : Match on catch block at 0xc3 in for 0x91
02-14 20:56:59.824 20737 20737 E ArmVmp : Match on catch block at 0xc3 in for 0x95
02-14 20:56:59.828 20737 20737 E ArmVmp : Match on catch block at 0xc3 in for 0x99
02-14 20:56:59.831 20737 20737 E ArmVmp : Match on catch block at 0xc3 in for 0x99
02-14 20:56:59.841 20737 20737 E ArmVmp : Match on catch block at 0xc3 in for 0x91
02-14 20:56:59.844 20737 20737 E ArmVmp : Match on catch block at 0xc3 in for 0x95
02-14 20:56:59.847 20737 20737 E ArmVmp : Match on catch block at 0xc3 in for 0x95
02-14 20:56:59.857 20737 20737 E ArmVmp : Match on catch block at 0xc3 in for 0x99
02-14 20:56:59.860 20737 20737 E ArmVmp : Match on catch block at 0xc3 in for 0x91
02-14 20:56:59.863 20737 20737 E ArmVmp : Match on catch block at 0xc3 in for 0x91
02-14 20:56:59.874 20737 20737 E ArmVmp : Match on catch block at 0xc3 in for 0x95
02-14 20:56:59.877 20737 20737 E ArmVmp : Match on catch block at 0xc3 in for 0x99
02-14 20:56:59.880 20737 20737 E ArmVmp : Match on catch block at 0xc3 in for 0x99
02-14 20:56:59.890 20737 20737 E ArmVmp : Match on catch block at 0xc3 in for 0x91
02-14 20:56:59.893 20737 20737 E ArmVmp : Match on catch block at 0xc3 in for 0x95
02-14 20:56:59.896 20737 20737 E ArmVmp : Match on catch block at 0xc3 in for 0x95
02-14 20:56:59.907 20737 20737 E ArmVmp : Match on catch block at 0xc3 in for 0x99
02-14 20:56:59.910 20737 20737 E ArmVmp : Match on catch block at 0xc3 in for 0x91
02-14 20:56:59.912 20737 20737 E ArmVmp : Match on catch block at 0xc3 in for 0x91
02-14 20:56:59.923 20737 20737 E ArmVmp : Match on catch block at 0xc3 in for 0x95
02-14 20:56:59.926 20737 20737 E ArmVmp : Match on catch block at 0xc3 in for 0x99
02-14 20:56:59.929 20737 20737 E ArmVmp : Match on catch block at 0xc3 in for 0x99
02-14 20:56:59.939 20737 20737 E ArmVmp : Match on catch block at 0xc3 in for 0x91
02-14 20:56:59.943 20737 20737 E ArmVmp : Match on catch block at 0xc3 in for 0x95
02-14 20:56:59.946 20737 20737 E ArmVmp : Match on catch block at 0xc3 in for 0x95
02-14 20:56:59.956 20737 20737 E ArmVmp : Match on catch block at 0xc3 in for 0x99
02-14 20:56:59.960 20737 20737 E ArmVmp : Match on catch block at 0xc3 in for 0x91
02-14 20:56:59.963 20737 20737 E ArmVmp : Match on catch block at 0xc3 in for 0x91
02-14 20:56:59.972 20737 20737 E ArmVmp : Match on catch block at 0xc3 in for 0x95
02-14 20:56:59.975 20737 20737 E ArmVmp : Match on catch block at 0xc3 in for 0x99
02-14 20:56:59.978 20737 20737 E ArmVmp : Match on catch block at 0xc3 in for 0x99
02-14 20:56:59.988 20737 20737 E ArmVmp : Match on catch block at 0xc3 in for 0x91
02-14 20:56:59.991 20737 20737 E ArmVmp : Match on catch block at 0xc3 in for 0x95
02-14 20:56:59.993 20737 20737 E ArmVmp : Match on catch block at 0xc3 in for 0x95
02-14 20:57:00.054 20737 20737 E ArmVmp : Match on catch block at 0xc3 in for 0x99
02-14 20:57:00.058 20737 20737 E ArmVmp : Match on catch block at 0xc3 in for 0x91
02-14 20:57:00.061 20737 20737 E ArmVmp : Match on catch block at 0xc3 in for 0x91
02-14 20:57:00.217 20737 20737 E ArmVmp : Match on catch block at 0xc3 in for 0x95
02-14 20:57:00.221 20737 20737 E ArmVmp : Match on catch block at 0xc3 in for 0x99
02-14 20:57:00.224 20737 20737 E ArmVmp : Match on catch block at 0xc3 in for 0x99
02-14 20:57:00.611 20737 20737 E ArmVmp : Match on catch block at 0xc3 in for 0x91
02-14 20:57:00.615 20737 20737 E ArmVmp : Match on catch block at 0xc3 in for 0x95
02-14 20:57:00.620 20737 20737 E ArmVmp : Match on catch block at 0xc3 in for 0x95
02-14 20:57:00.869 20737 20737 E ArmVmp : Match on catch block at 0xc3 in for 0x99
02-14 20:57:00.874 20737 20737 E ArmVmp : Match on catch block at 0xc3 in for 0x91
02-14 20:57:00.878 20737 20737 E ArmVmp : Match on catch block at 0xc3 in for 0x91
02-14 20:57:00.894 20737 20737 E ArmVmp : Match on catch block at 0xc3 in for 0x95
02-14 20:57:00.898 20737 20737 E ArmVmp : Match on catch block at 0xc3 in for 0x99
02-14 20:57:00.902 20737 20737 E ArmVmp : Match on catch block at 0xc3 in for 0x99
02-14 20:57:01.020 20737 20737 E ArmVmp : Match on catch block at 0xc3 in for 0x91
02-14 20:57:01.023 20737 20737 E ArmVmp : Match on catch block at 0xc3 in for 0x95
02-14 20:57:01.027 20737 20737 E ArmVmp : Match on catch block at 0xc3 in for 0x95
02-14 20:57:01.069 20737 20737 E ArmVmp : Match on catch block at 0xc3 in for 0x99
02-14 20:57:01.074 20737 20737 E ArmVmp : Match on catch block at 0xc3 in for 0x91
02-14 20:57:01.078 20737 20737 E ArmVmp : Match on catch block at 0xc3 in for 0x91
02-14 20:57:01.446 20737 20737 E ArmVmp : Match on catch block at 0xc3 in for 0x95
02-14 20:57:01.450 20737 20737 E ArmVmp : Match on catch block at 0xc3 in for 0x99
02-14 20:57:01.454 20737 20737 E ArmVmp : Match on catch block at 0xc3 in for 0x99
02-14 20:57:01.708 20737 20737 E ArmVmp : Match on catch block at 0xc3 in for 0x91
02-14 20:57:01.713 20737 20737 E ArmVmp : Match on catch block at 0xc3 in for 0x95
02-14 20:57:01.717 20737 20737 E ArmVmp : Match on catch block at 0xc3 in for 0x95
02-14 20:57:01.888 20737 20737 E ArmVmp : Match on catch block at 0xc3 in for 0x99
02-14 20:57:01.892 20737 20737 E ArmVmp : Match on catch block at 0xc3 in for 0x91
02-14 20:57:01.896 20737 20737 E ArmVmp : Match on catch block at 0xc3 in for 0x91
02-14 20:57:02.314 20737 20737 E ArmVmp : Match on catch block at 0xc3 in for 0x95
02-14 20:57:02.319 20737 20737 E ArmVmp : Match on catch block at 0xc3 in for 0x99
02-14 20:57:02.322 20737 20737 E ArmVmp : Match on catch block at 0xc3 in for 0x99
02-14 20:57:02.412 20737 20737 E ArmVmp : Match on catch block at 0xc3 in for 0x91
02-14 20:57:02.416 20737 20737 E ArmVmp : Match on catch block at 0xc3 in for 0x95
02-14 20:57:02.419 20737 20737 E ArmVmp : Match on catch block at 0xc3 in for 0x95
02-14 20:57:02.461 20737 20737 E ArmVmp : Match on catch block at 0xc3 in for 0x99
02-14 20:57:02.465 20737 20737 E ArmVmp : Match on catch block at 0xc3 in for 0x91
02-14 20:57:02.469 20737 20737 E ArmVmp : Match on catch block at 0xc3 in for 0x91
02-14 20:57:02.478 20737 20737 E ArmVmp : Match on catch block at 0xc3 in for 0x95
02-14 20:57:02.483 20737 20737 E ArmVmp : Match on catch block at 0xc3 in for 0x99
02-14 20:57:02.487 20737 20737 E ArmVmp : Match on catch block at 0xc3 in for 0x99
02-14 20:57:02.496 20737 20737 E ArmVmp : Match on catch block at 0xc3 in for 0x91
02-14 20:57:02.502 20737 20737 E ArmVmp : Match on catch block at 0xc3 in for 0x95
02-14 20:57:02.506 20737 20737 E ArmVmp : Match on catch block at 0xc3 in for 0x95
02-14 20:57:02.513 20737 20737 E ArmVmp : Match on catch block at 0xc3 in for 0x99
02-14 20:57:02.517 20737 20737 E ArmVmp : Match on catch block at 0xc3 in for 0x91
02-14 20:57:02.520 20737 20737 E ArmVmp : Match on catch block at 0xc3 in for 0x91
02-14 20:57:02.533 20737 20737 E ArmVmp : Match on catch block at 0xc3 in for 0x95
02-14 20:57:02.537 20737 20737 E ArmVmp : Match on catch block at 0xc3 in for 0x99
02-14 20:57:02.540 20737 20737 E ArmVmp : Match on catch block at 0xc3 in for 0x99
02-14 20:57:02.549 20737 20737 E ArmVmp : Match on catch block at 0xc3 in for 0x91
02-14 20:57:02.553 20737 20737 E ArmVmp : Match on catch block at 0xc3 in for 0x95
02-14 20:57:02.556 20737 20737 E ArmVmp : Match on catch block at 0xc3 in for 0x95
02-14 20:57:02.562 20737 20737 E ArmVmp : Match on catch block at 0xc3 in for 0x99
02-14 20:57:02.567 20737 20737 E ArmVmp : Match on catch block at 0xc3 in for 0x91
02-14 20:57:02.571 20737 20737 E ArmVmp : Match on catch block at 0xc3 in for 0x91
02-14 20:57:02.578 20737 20737 E ArmVmp : Match on catch block at 0xc3 in for 0x95
02-14 20:57:02.583 20737 20737 E ArmVmp : Match on catch block at 0xc3 in for 0x99
02-14 20:57:02.586 20737 20737 E ArmVmp : Match on catch block at 0xc3 in for 0x99
02-14 20:57:02.592 20737 20737 E ArmVmp : Match on catch block at 0xc3 in for 0x91
02-14 20:57:02.596 20737 20737 E ArmVmp : Match on catch block at 0xc3 in for 0x95
02-14 20:57:02.598 20737 20737 E ArmVmp : Match on catch block at 0xc3 in for 0x95
02-14 20:57:02.609 20737 20737 E ArmVmp : Match on catch block at 0xc3 in for 0x99
02-14 20:57:02.612 20737 20737 E ArmVmp : Match on catch block at 0xc3 in for 0x91
02-14 20:57:02.615 20737 20737 E ArmVmp : Match on catch block at 0xc3 in for 0x91
02-14 20:57:02.625 20737 20737 E ArmVmp : Match on catch block at 0xc3 in for 0x95
02-14 20:57:02.629 20737 20737 E ArmVmp : Match on catch block at 0xc3 in for 0x99
02-14 20:57:02.631 20737 20737 E ArmVmp : Match on catch block at 0xc3 in for 0x99
02-14 20:57:02.641 20737 20737 E ArmVmp : Match on catch block at 0xc3 in for 0x91
02-14 20:57:02.645 20737 20737 E ArmVmp : Match on catch block at 0xc3 in for 0x95
02-14 20:57:02.649 20737 20737 E ArmVmp : Match on catch block at 0xc3 in for 0x95
02-14 20:57:02.658 20737 20737 E ArmVmp : Match on catch block at 0xc3 in for 0x99
02-14 20:57:02.662 20737 20737 E ArmVmp : Match on catch block at 0xc3 in for 0x91
02-14 20:57:02.665 20737 20737 E ArmVmp : Match on catch block at 0xc3 in for 0x91
02-14 20:57:02.674 20737 20737 E ArmVmp : Match on catch block at 0xc3 in for 0x95
02-14 20:57:02.677 20737 20737 E ArmVmp : Match on catch block at 0xc3 in for 0x99
02-14 20:57:02.680 20737 20737 E ArmVmp : Match on catch block at 0xc3 in for 0x99
02-14 20:57:02.690 20737 20737 E ArmVmp : Match on catch block at 0xc3 in for 0x91
02-14 20:57:02.694 20737 20737 E ArmVmp : Match on catch block at 0xc3 in for 0x95
02-14 20:57:02.697 20737 20737 E ArmVmp : Match on catch block at 0xc3 in for 0x95
02-14 20:57:02.707 20737 20737 E ArmVmp : Match on catch block at 0xc3 in for 0x99
02-14 20:57:02.711 20737 20737 E ArmVmp : Match on catch block at 0xc3 in for 0x91
02-14 20:57:02.713 20737 20737 E ArmVmp : Match on catch block at 0xc3 in for 0x91
02-14 20:57:02.723 20737 20737 E ArmVmp : Match on catch block at 0xc3 in for 0x95
02-14 20:57:02.726 20737 20737 E ArmVmp : Match on catch block at 0xc3 in for 0x99
02-14 20:57:02.729 20737 20737 E ArmVmp : Match on catch block at 0xc3 in for 0x99
02-14 20:57:03.034 20737 20737 E ArmVmp : Match on catch block at 0xc3 in for 0x91
02-14 20:57:03.037 20737 20737 E ArmVmp : Match on catch block at 0xc3 in for 0x95
02-14 20:57:03.041 20737 20737 E ArmVmp : Match on catch block at 0xc3 in for 0x95
02-14 20:57:03.099 20737 20737 E ArmVmp : Match on catch block at 0xc3 in for 0x99
02-14 20:57:03.103 20737 20737 E ArmVmp : Match on catch block at 0xc3 in for 0x91
02-14 20:57:03.107 20737 20737 E ArmVmp : Match on catch block at 0xc3 in for 0x91
02-14 20:57:03.329 20737 20737 E ArmVmp : Match on catch block at 0xc3 in for 0x95
02-14 20:57:03.333 20737 20737 E ArmVmp : Match on catch block at 0xc3 in for 0x99
02-14 20:57:03.337 20737 20737 E ArmVmp : Match on catch block at 0xc3 in for 0x99
02-14 20:57:03.426 20737 20737 E ArmVmp : Match on catch block at 0xc3 in for 0x91
02-14 20:57:03.430 20737 20737 E ArmVmp : Match on catch block at 0xc3 in for 0x95
02-14 20:57:03.433 20737 20737 E ArmVmp : Match on catch block at 0xc3 in for 0x95
02-14 20:57:03.574 20737 20737 E ArmVmp : Match on catch block at 0xc3 in for 0x99
02-14 20:57:03.577 20737 20737 E ArmVmp : Match on catch block at 0xc3 in for 0x91
02-14 20:57:03.580 20737 20737 E ArmVmp : Match on catch block at 0xc3 in for 0x91
02-14 20:57:03.689 20737 20737 E ArmVmp : Match on catch block at 0xc3 in for 0x95
02-14 20:57:03.692 20737 20737 E ArmVmp : Match on catch block at 0xc3 in for 0x99
02-14 20:57:03.695 20737 20737 E ArmVmp : Match on catch block at 0xc3 in for 0x99
02-14 20:57:03.820 20737 20737 E ArmVmp : Match on catch block at 0xc3 in for 0x91
02-14 20:57:03.824 20737 20737 E ArmVmp : Match on catch block at 0xc3 in for 0x95
02-14 20:57:03.828 20737 20737 E ArmVmp : Match on catch block at 0xc3 in for 0x95
02-14 20:57:04.098 20737 20737 E ArmVmp : Match on catch block at 0xc3 in for 0x99
02-14 20:57:04.102 20737 20737 E ArmVmp : Match on catch block at 0xc3 in for 0x91
02-14 20:57:04.105 20737 20737 E ArmVmp : Match on catch block at 0xc3 in for 0x91
02-14 20:57:04.610 20737 20737 E ArmVmp : Match on catch block at 0xc3 in for 0x95
02-14 20:57:04.620 20737 20737 E ArmVmp : Match on catch block at 0xc3 in for 0x99
02-14 20:57:04.629 20737 20737 E ArmVmp : Match on catch block at 0xc3 in for 0x99
02-14 20:57:04.819 20737 20737 E ArmVmp : Match on catch block at 0xc3 in for 0x91
02-14 20:57:04.823 20737 20737 E ArmVmp : Match on catch block at 0xc3 in for 0x95
02-14 20:57:04.828 20737 20737 E ArmVmp : Match on catch block at 0xc3 in for 0x95
02-14 20:57:04.966 20737 20737 E ArmVmp : Match on catch block at 0xc3 in for 0x99
02-14 20:57:04.970 20737 20737 E ArmVmp : Match on catch block at 0xc3 in for 0x91
02-14 20:57:04.974 20737 20737 E ArmVmp : Match on catch block at 0xc3 in for 0x91
02-14 20:57:05.480 20737 20737 E ArmVmp : Match on catch block at 0xc3 in for 0x95
02-14 20:57:05.491 20737 20737 E ArmVmp : Match on catch block at 0xc3 in for 0x99
02-14 20:57:05.497 20737 20737 E ArmVmp : Match on catch block at 0xc3 in for 0x99
02-14 20:57:05.539 20737 20737 E ArmVmp : Match on catch block at 0xc3 in for 0x91
02-14 20:57:05.543 20737 20737 E ArmVmp : Match on catch block at 0xc3 in for 0x95
02-14 20:57:05.547 20737 20737 E ArmVmp : Match on catch block at 0xc3 in for 0x95
02-14 20:57:05.654 20737 20737 E ArmVmp : Match on catch block at 0xc3 in for 0x99
02-14 20:57:05.658 20737 20737 E ArmVmp : Match on catch block at 0xc3 in for 0x91
02-14 20:57:05.663 20737 20737 E ArmVmp : Match on catch block at 0xc3 in for 0x91
02-14 20:57:05.736 20737 20737 E ArmVmp : Match on catch block at 0xc3 in for 0x95
02-14 20:57:05.741 20737 20737 E ArmVmp : Match on catch block at 0xc3 in for 0x99
02-14 20:57:05.745 20737 20737 E ArmVmp : Match on catch block at 0xc3 in for 0x99
02-14 20:57:05.970 20737 20737 E ArmVmp : Match on catch block at 0xc3 in for 0x95
02-14 20:57:05.974 20737 20737 E ArmVmp : Match on catch block at 0xc3 in for 0x99
02-14 20:57:05.977 20737 20737 E ArmVmp : Match on catch block at 0xc3 in for 0x99
02-14 20:57:05.998 20737 20737 E ArmVmp : Match on catch block at 0xc3 in for 0x91
02-14 20:57:06.003 20737 20737 E ArmVmp : Match on catch block at 0xc3 in for 0x95
02-14 20:57:06.006 20737 20737 E ArmVmp : Match on catch block at 0xc3 in for 0x95
02-14 20:57:06.511 20737 20737 E ArmVmp : Match on catch block at 0xc3 in for 0x99
02-14 20:57:06.519 20737 20737 E ArmVmp : Match on catch block at 0xc3 in for 0x91
02-14 20:57:06.525 20737 20737 E ArmVmp : Match on catch block at 0xc3 in for 0x91
02-14 20:57:06.784 20737 20737 E ArmVmp : Match on catch block at 0xc3 in for 0x95
02-14 20:57:06.788 20737 20737 E ArmVmp : Match on catch block at 0xc3 in for 0x99
02-14 20:57:06.793 20737 20737 E ArmVmp : Match on catch block at 0xc3 in for 0x99
02-14 20:57:07.095 20737 20737 E ArmVmp : Match on catch block at 0xc3 in for 0x91
02-14 20:57:07.099 20737 20737 E ArmVmp : Match on catch block at 0xc3 in for 0x95
02-14 20:57:07.103 20737 20737 E ArmVmp : Match on catch block at 0xc3 in for 0x95
02-14 20:57:07.145 20737 20737 E ArmVmp : Match on catch block at 0xc3 in for 0x99
02-14 20:57:07.150 20737 20737 E ArmVmp : Match on catch block at 0xc3 in for 0x91
02-14 20:57:07.154 20737 20737 E ArmVmp : Match on catch block at 0xc3 in for 0x91
02-14 20:57:07.194 20737 20737 E ArmVmp : Match on catch block at 0xc3 in for 0x95
02-14 20:57:07.198 20737 20737 E ArmVmp : Match on catch block at 0xc3 in for 0x99
02-14 20:57:07.202 20737 20737 E ArmVmp : Match on catch block at 0xc3 in for 0x99
02-14 20:57:07.259 20737 20737 E ArmVmp : Match on catch block at 0xc3 in for 0x91
02-14 20:57:07.263 20737 20737 E ArmVmp : Match on catch block at 0xc3 in for 0x95
02-14 20:57:07.266 20737 20737 E ArmVmp : Match on catch block at 0xc3 in for 0x95
02-14 20:57:07.603 20737 20737 E ArmVmp : Match on catch block at 0xc3 in for 0x99
02-14 20:57:07.607 20737 20737 E ArmVmp : Match on catch block at 0xc3 in for 0x91
02-14 20:57:07.611 20737 20737 E ArmVmp : Match on catch block at 0xc3 in for 0x91
02-14 20:57:07.685 20737 20737 E ArmVmp : Match on catch block at 0xc3 in for 0x95
02-14 20:57:07.689 20737 20737 E ArmVmp : Match on catch block at 0xc3 in for 0x99
02-14 20:57:07.694 20737 20737 E ArmVmp : Match on catch block at 0xc3 in for 0x99
02-14 20:57:07.898 20737 20737 E ArmVmp : Match on catch block at 0xc3 in for 0x91
02-14 20:57:07.903 20737 20737 E ArmVmp : Match on catch block at 0xc3 in for 0x95
02-14 20:57:07.907 20737 20737 E ArmVmp : Match on catch block at 0xc3 in for 0x95
02-14 20:57:08.340 20737 20737 E ArmVmp : Match on catch block at 0xc3 in for 0x99
02-14 20:57:08.343 20737 20737 E ArmVmp : Match on catch block at 0xc3 in for 0x91
02-14 20:57:08.347 20737 20737 E ArmVmp : Match on catch block at 0xc3 in for 0x91
02-14 20:57:08.503 20737 20737 E ArmVmp : Match on catch block at 0xc3 in for 0x95
02-14 20:57:08.506 20737 20737 E ArmVmp : Match on catch block at 0xc3 in for 0x99
02-14 20:57:08.509 20737 20737 E ArmVmp : Match on catch block at 0xc3 in for 0x99
02-14 20:57:08.667 20737 20737 E ArmVmp : Match on catch block at 0xc3 in for 0x91
02-14 20:57:08.670 20737 20737 E ArmVmp : Match on catch block at 0xc3 in for 0x95
02-14 20:57:08.673 20737 20737 E ArmVmp : Match on catch block at 0xc3 in for 0x95
02-14 20:57:08.881 20737 20737 E ArmVmp : Match on catch block at 0xc3 in for 0x99
02-14 20:57:08.885 20737 20737 E ArmVmp : Match on catch block at 0xc3 in for 0x91
02-14 20:57:08.889 20737 20737 E ArmVmp : Match on catch block at 0xc3 in for 0x91
02-14 20:57:08.929 20737 20737 E ArmVmp : Match on catch block at 0xc3 in for 0x95
02-14 20:57:08.933 20737 20737 E ArmVmp : Match on catch block at 0xc3 in for 0x99
02-14 20:57:08.936 20737 20737 E ArmVmp : Match on catch block at 0xc3 in for 0x99
02-14 20:57:09.010 20737 20737 E ArmVmp : Match on catch block at 0xc3 in for 0x91
02-14 20:57:09.015 20737 20737 E ArmVmp : Match on catch block at 0xc3 in for 0x95
02-14 20:57:09.017 20737 20737 E ArmVmp : Match on catch block at 0xc3 in for 0x95
02-14 20:57:09.092 20737 20737 E ArmVmp : Match on catch block at 0xc3 in for 0x99
02-14 20:57:09.095 20737 20737 E ArmVmp : Match on catch block at 0xc3 in for 0x91
02-14 20:57:09.099 20737 20737 E ArmVmp : Match on catch block at 0xc3 in for 0x91
02-14 20:57:09.224 20737 20737 E ArmVmp : Match on catch block at 0xc3 in for 0x95
02-14 20:57:09.228 20737 20737 E ArmVmp : Match on catch block at 0xc3 in for 0x99
02-14 20:57:09.232 20737 20737 E ArmVmp : Match on catch block at 0xc3 in for 0x99
02-14 20:57:09.486 20737 20737 E ArmVmp : Match on catch block at 0xc3 in for 0x91
02-14 20:57:09.490 20737 20737 E ArmVmp : Match on catch block at 0xc3 in for 0x95
02-14 20:57:09.495 20737 20737 E ArmVmp : Match on catch block at 0xc3 in for 0x95
02-14 20:57:09.806 20737 20737 E ArmVmp : Match on catch block at 0xc3 in for 0x95
02-14 20:57:09.810 20737 20737 E ArmVmp : Match on catch block at 0xc3 in for 0x99
02-14 20:57:09.814 20737 20737 E ArmVmp : Match on catch block at 0xc3 in for 0x99
02-14 20:57:09.993 20737 20737 E ArmVmp : Match on catch block at 0xc3 in for 0x91
02-14 20:57:09.998 20737 20737 E ArmVmp : Match on catch block at 0xc3 in for 0x95
02-14 20:57:10.003 20737 20737 E ArmVmp : Match on catch block at 0xc3 in for 0x95
02-14 20:57:10.224 20737 20737 E ArmVmp : Match on catch block at 0xc3 in for 0x99
02-14 20:57:10.228 20737 20737 E ArmVmp : Match on catch block at 0xc3 in for 0x91
02-14 20:57:10.233 20737 20737 E ArmVmp : Match on catch block at 0xc3 in for 0x91
02-14 20:57:10.403 20737 20737 E ArmVmp : Match on catch block at 0xc3 in for 0x95
02-14 20:57:10.406 20737 20737 E ArmVmp : Match on catch block at 0xc3 in for 0x99
02-14 20:57:10.411 20737 20737 E ArmVmp : Match on catch block at 0xc3 in for 0x99
02-14 20:57:10.501 20737 20737 E ArmVmp : Match on catch block at 0xc3 in for 0x91
02-14 20:57:10.506 20737 20737 E ArmVmp : Match on catch block at 0xc3 in for 0x95
02-14 20:57:10.510 20737 20737 E ArmVmp : Match on catch block at 0xc3 in for 0x95
02-14 20:57:10.779 20737 20737 E ArmVmp : Match on catch block at 0xc3 in for 0x99
02-14 20:57:10.782 20737 20737 E ArmVmp : Match on catch block at 0xc3 in for 0x91
02-14 20:57:10.787 20737 20737 E ArmVmp : Match on catch block at 0xc3 in for 0x91
02-14 20:57:10.927 20737 20737 E ArmVmp : Match on catch block at 0xc3 in for 0x95
02-14 20:57:10.931 20737 20737 E ArmVmp : Match on catch block at 0xc3 in for 0x99
02-14 20:57:10.935 20737 20737 E ArmVmp : Match on catch block at 0xc3 in for 0x99
02-14 20:57:11.418 20737 20737 E ArmVmp : Match on catch block at 0xc3 in for 0x91
02-14 20:57:11.421 20737 20737 E ArmVmp : Match on catch block at 0xc3 in for 0x95
02-14 20:57:11.425 20737 20737 E ArmVmp : Match on catch block at 0xc3 in for 0x95
02-14 20:57:11.467 20737 20737 E ArmVmp : Match on catch block at 0xc3 in for 0x99
02-14 20:57:11.471 20737 20737 E ArmVmp : Match on catch block at 0xc3 in for 0x91
02-14 20:57:11.475 20737 20737 E ArmVmp : Match on catch block at 0xc3 in for 0x91
02-14 20:57:11.680 20737 20737 E ArmVmp : Match on catch block at 0xc3 in for 0x95
02-14 20:57:11.686 20737 20737 E ArmVmp : Match on catch block at 0xc3 in for 0x99
02-14 20:57:11.689 20737 20737 E ArmVmp : Match on catch block at 0xc3 in for 0x99
02-14 20:57:11.927 20737 20737 E ArmVmp : Match on catch block at 0xc3 in for 0x99
02-14 20:57:11.931 20737 20737 E ArmVmp : Match on catch block at 0xc3 in for 0x91
02-14 20:57:11.942 20737 20737 E ArmVmp : Match on catch block at 0xc3 in for 0x99
02-14 20:57:11.946 20737 20737 E ArmVmp : Match on catch block at 0xc3 in for 0x91
02-14 20:57:12.024 20737 20737 E ArmVmp : Match on catch block at 0xc3 in for 0x99
02-14 20:57:12.028 20737 20737 E ArmVmp : Match on catch block at 0xc3 in for 0x91
02-14 20:57:12.155 20737 20737 E ArmVmp : Match on catch block at 0xc3 in for 0x99
02-14 20:57:12.159 20737 20737 E ArmVmp : Match on catch block at 0xc3 in for 0x91
02-14 20:57:12.286 20737 20737 E ArmVmp : Match on catch block at 0xc3 in for 0x99
02-14 20:57:12.290 20737 20737 E ArmVmp : Match on catch block at 0xc3 in for 0x91
02-14 20:57:12.433 20737 20737 E ArmVmp : Match on catch block at 0xc3 in for 0x99
02-14 20:57:12.436 20737 20737 E ArmVmp : Match on catch block at 0xc3 in for 0x91
02-14 20:57:12.679 20737 20737 E ArmVmp : Match on catch block at 0xc3 in for 0x99
02-14 20:57:12.683 20737 20737 E ArmVmp : Match on catch block at 0xc3 in for 0x91
02-14 20:57:12.827 20737 20737 E ArmVmp : Match on catch block at 0xc3 in for 0x99
02-14 20:57:12.831 20737 20737 E ArmVmp : Match on catch block at 0xc3 in for 0x91
02-14 20:57:13.007 20737 20737 E ArmVmp : Match on catch block at 0xc3 in for 0x99
02-14 20:57:13.011 20737 20737 E ArmVmp : Match on catch block at 0xc3 in for 0x91
02-14 20:57:13.203 20737 20737 E ArmVmp : Match on catch block at 0xc3 in for 0x99
02-14 20:57:13.207 20737 20737 E ArmVmp : Match on catch block at 0xc3 in for 0x91
02-14 20:57:13.367 20737 20737 E ArmVmp : Match on catch block at 0xc3 in for 0x99
02-14 20:57:13.371 20737 20737 E ArmVmp : Match on catch block at 0xc3 in for 0x91
02-14 20:57:13.519 20737 20737 E ArmVmp : Match on catch block at 0xc3 in for 0x99
02-14 20:57:13.529 20737 20737 E ArmVmp : Match on catch block at 0xc3 in for 0x91
02-14 20:57:13.548 20737 20737 E ArmVmp : Match on catch block at 0xc3 in for 0x99
02-14 20:57:13.552 20737 20737 E ArmVmp : Match on catch block at 0xc3 in for 0x91
02-14 20:57:13.564 20737 20737 E ArmVmp : Match on catch block at 0xc3 in for 0x99
02-14 20:57:13.569 20737 20737 E ArmVmp : Match on catch block at 0xc3 in for 0x91
02-14 20:57:13.580 20737 20737 E ArmVmp : Match on catch block at 0xc3 in for 0x99
02-14 20:57:13.584 20737 20737 E ArmVmp : Match on catch block at 0xc3 in for 0x91
02-14 20:57:13.595 20737 20737 E ArmVmp : Match on catch block at 0xc3 in for 0x99
02-14 20:57:13.599 20737 20737 E ArmVmp : Match on catch block at 0xc3 in for 0x91
02-14 20:57:13.612 20737 20737 E ArmVmp : Match on catch block at 0xc3 in for 0x99
02-14 20:57:13.616 20737 20737 E ArmVmp : Match on catch block at 0xc3 in for 0x91
02-14 20:57:13.628 20737 20737 E ArmVmp : Match on catch block at 0xc3 in for 0x99
02-14 20:57:13.632 20737 20737 E ArmVmp : Match on catch block at 0xc3 in for 0x91
02-14 20:57:13.645 20737 20737 E ArmVmp : Match on catch block at 0xc3 in for 0x99
02-14 20:57:13.649 20737 20737 E ArmVmp : Match on catch block at 0xc3 in for 0x91
02-14 20:57:13.661 20737 20737 E ArmVmp : Match on catch block at 0xc3 in for 0x99
02-14 20:57:13.665 20737 20737 E ArmVmp : Match on catch block at 0xc3 in for 0x91
02-14 20:57:13.677 20737 20737 E ArmVmp : Match on catch block at 0xc3 in for 0x99
02-14 20:57:13.682 20737 20737 E ArmVmp : Match on catch block at 0xc3 in for 0x91
02-14 20:57:13.694 20737 20737 E ArmVmp : Match on catch block at 0xc3 in for 0x99
02-14 20:57:13.697 20737 20737 E ArmVmp : Match on catch block at 0xc3 in for 0x91
02-14 20:57:13.710 20737 20737 E ArmVmp : Match on catch block at 0xc3 in for 0x99
02-14 20:57:13.714 20737 20737 E ArmVmp : Match on catch block at 0xc3 in for 0x91
02-14 20:57:13.727 20737 20737 E ArmVmp : Match on catch block at 0xc3 in for 0x99
02-14 20:57:13.732 20737 20737 E ArmVmp : Match on catch block at 0xc3 in for 0x91
02-14 20:57:13.744 20737 20737 E ArmVmp : Match on catch block at 0xc3 in for 0x99
02-14 20:57:13.748 20737 20737 E ArmVmp : Match on catch block at 0xc3 in for 0x91
02-14 20:57:13.760 20737 20737 E ArmVmp : Match on catch block at 0xc3 in for 0x99
02-14 20:57:13.764 20737 20737 E ArmVmp : Match on catch block at 0xc3 in for 0x91
02-14 20:57:13.776 20737 20737 E ArmVmp : Match on catch block at 0xc3 in for 0x99
02-14 20:57:13.779 20737 20737 E ArmVmp : Match on catch block at 0xc3 in for 0x91
02-14 20:57:13.877 20737 20737 E ArmVmp : Match on catch block at 0xc3 in for 0x99
02-14 20:57:13.884 20737 20737 E ArmVmp : Match on catch block at 0xc3 in for 0x91
02-14 20:57:14.368 20737 20737 E ArmVmp : Match on catch block at 0xc3 in for 0x99
02-14 20:57:14.375 20737 20737 E ArmVmp : Match on catch block at 0xc3 in for 0x91
02-14 20:57:14.709 20737 20737 E ArmVmp : Match on catch block at 0xc3 in for 0x99
02-14 20:57:14.714 20737 20737 E ArmVmp : Match on catch block at 0xc3 in for 0x91
02-14 20:57:14.885 20737 20737 E ArmVmp : Match on catch block at 0xc3 in for 0x99
02-14 20:57:14.894 20737 20737 E ArmVmp : Match on catch block at 0xc3 in for 0x91
02-14 20:57:15.015 20737 20737 E ArmVmp : Match on catch block at 0xc3 in for 0x99
02-14 20:57:15.019 20737 20737 E ArmVmp : Match on catch block at 0xc3 in for 0x91
02-14 20:57:15.086 20737 20737 E ArmVmp : Match on catch block at 0xc3 in for 0x95
02-14 20:57:15.091 20737 20737 E ArmVmp : Match on catch block at 0xc3 in for 0x99
02-14 20:57:15.112 20737 20737 E ArmVmp : Match on catch block at 0xc3 in for 0x99
02-14 20:57:15.115 20737 20737 E ArmVmp : Match on catch block at 0xc3 in for 0x91
02-14 20:57:15.481 20737 20737 E ArmVmp : Match on catch block at 0xc3 in for 0x99
02-14 20:57:15.488 20737 20737 E ArmVmp : Match on catch block at 0xc3 in for 0x91
02-14 20:57:15.904 20737 20737 E ArmVmp : Match on catch block at 0xc3 in for 0x99
02-14 20:57:15.909 20737 20737 E ArmVmp : Match on catch block at 0xc3 in for 0x91
02-14 20:57:15.936 20737 20737 E ArmVmp : Match on catch block at 0xc3 in for 0x95
02-14 20:57:15.941 20737 20737 E ArmVmp : Match on catch block at 0xc3 in for 0x99
02-14 20:57:16.020 20737 20737 E ArmVmp : Match on catch block at 0xc3 in for 0x91
02-14 20:57:16.024 20737 20737 E ArmVmp : Match on catch block at 0xc3 in for 0x95
02-14 20:57:16.230 20737 20737 E ArmVmp : Match on catch block at 0xc3 in for 0x99
02-14 20:57:16.234 20737 20737 E ArmVmp : Match on catch block at 0xc3 in for 0x91
02-14 20:57:16.254 20737 20737 E ArmVmp : Match on catch block at 0xc3 in for 0x99
02-14 20:57:16.257 20737 20737 E ArmVmp : Match on catch block at 0xc3 in for 0x91
02-14 20:57:16.724 20737 20737 E ArmVmp : Match on catch block at 0xc3 in for 0x95
02-14 20:57:16.728 20737 20737 E ArmVmp : Match on catch block at 0xc3 in for 0x99
02-14 20:57:16.789 20737 20737 E ArmVmp : Match on catch block at 0xc3 in for 0x91
02-14 20:57:16.793 20737 20737 E ArmVmp : Match on catch block at 0xc3 in for 0x95
02-14 20:57:16.853 20737 20737 E ArmVmp : Match on catch block at 0xc3 in for 0x95
02-14 20:57:16.856 20737 20737 E ArmVmp : Match on catch block at 0xc3 in for 0x99
02-14 20:57:16.861 20737 20737 E ArmVmp : Match on catch block at 0xc3 in for 0x99
02-14 20:57:16.903 20737 20737 E ArmVmp : Match on catch block at 0xc3 in for 0x91
02-14 20:57:16.908 20737 20737 E ArmVmp : Match on catch block at 0xc3 in for 0x95
02-14 20:57:16.932 20737 20737 E ArmVmp : Match on catch block at 0xc3 in for 0x91
02-14 20:57:16.936 20737 20737 E ArmVmp : Match on catch block at 0xc3 in for 0x95
02-14 20:57:16.954 20737 20737 E ArmVmp : Match on catch block at 0xc3 in for 0x91
02-14 20:57:16.958 20737 20737 E ArmVmp : Match on catch block at 0xc3 in for 0x95
02-14 20:57:16.975 20737 20737 E ArmVmp : Match on catch block at 0xc3 in for 0x91
02-14 20:57:16.978 20737 20737 E ArmVmp : Match on catch block at 0xc3 in for 0x95
02-14 20:57:16.993 20737 20737 E ArmVmp : Match on catch block at 0xc3 in for 0x91
02-14 20:57:16.996 20737 20737 E ArmVmp : Match on catch block at 0xc3 in for 0x95
02-14 20:57:17.013 20737 20737 E ArmVmp : Match on catch block at 0xc3 in for 0x91
02-14 20:57:17.016 20737 20737 E ArmVmp : Match on catch block at 0xc3 in for 0x95
02-14 20:57:17.110 20737 20737 E ArmVmp : Match on catch block at 0xc3 in for 0x95
02-14 20:57:17.113 20737 20737 E ArmVmp : Match on catch block at 0xc3 in for 0x99
02-14 20:57:17.143 20737 20737 E ArmVmp : Match on catch block at 0xc3 in for 0x99
02-14 20:57:17.150 20737 20737 E ArmVmp : Match on catch block at 0xc3 in for 0x91
02-14 20:57:17.197 20737 20737 E ArmVmp : Match on catch block at 0xc3 in for 0x91
02-14 20:57:17.203 20737 20737 E ArmVmp : Match on catch block at 0xc3 in for 0x95
02-14 20:57:17.283 20737 20737 E ArmVmp : Match on catch block at 0xc3 in for 0x99
02-14 20:57:17.290 20737 20737 E ArmVmp : Match on catch block at 0xc3 in for 0x91
02-14 20:57:17.313 20737 20737 E ArmVmp : Match on catch block at 0xc3 in for 0x99
02-14 20:57:17.320 20737 20737 E ArmVmp : Match on catch block at 0xc3 in for 0x91
02-14 20:57:17.329 20737 26859 W MediaPlayer: Use of stream types is deprecated for
operations other than volume control
02-14 20:57:17.329 20737 26859 W MediaPlayer: See the documentation of
setAudioStreamType() for what to use instead with android.media.AudioAttributes to
qualify your playback use case
02-14 20:57:17.346 20737 20737 E ArmVmp : Match on catch block at 0xc3 in for 0x91
02-14 20:57:17.351 20737 20737 E ArmVmp : Match on catch block at 0xc3 in for 0x95
02-14 20:57:17.412 20737 20737 E ArmVmp : Match on catch block at 0xc3 in for 0x99
02-14 20:57:17.416 20737 20737 E ArmVmp : Match on catch block at 0xc3 in for 0x91
02-14 20:57:17.483 20737 20737 E ArmVmp : Match on catch block at 0xc3 in for 0x95
02-14 20:57:17.486 20737 20737 E ArmVmp : Match on catch block at 0xc3 in for 0x99
02-14 20:57:17.495 20737 20737 E ArmVmp : Match on catch block at 0xc3 in for 0x95
02-14 20:57:17.499 20737 20737 E ArmVmp : Match on catch block at 0xc3 in for 0x99
02-14 20:57:17.504 20737 20753 W MediaPlayerNative: info/warning (1, 9120)
02-14 20:57:17.542 20737 20737 E ArmVmp : Match on catch block at 0xc3 in for 0x95
02-14 20:57:17.545 20737 20737 E ArmVmp : Match on catch block at 0xc3 in for 0x99
02-14 20:57:17.651 20737 20737 E ArmVmp : Match on catch block at 0xc3 in for 0x91
02-14 20:57:17.654 20737 20737 E ArmVmp : Match on catch block at 0xc3 in for 0x95
02-14 20:57:18.852 20737 20737 E ArmVmp : Match on catch block at 0xc3 in for 0x91
02-14 20:57:18.857 20737 20737 E ArmVmp : Match on catch block at 0xc3 in for 0x95
02-14 20:57:18.866 20737 20737 W ViewRootImpl: Dropping or Cancelling event:
mStopped=false mPausedForTransition=false
02-14 20:57:18.866 20737 20737 W ViewRootImpl[HomeActivity]: Dropping event due to
no window focus: KeyEvent { action=ACTION_DOWN, keyCode=KEYCODE_BACK, scanCode=0,
metaState=0, flags=0x48, repeatCount=0, eventTime=185998688, downTime=185998688,
deviceId=-1, source=0x101, displayId=0 }
02-14 20:57:19.064 20737 20737 E ArmVmp : Match on catch block at 0xc3 in for 0x99
02-14 20:57:19.069 20737 20737 E ArmVmp : Match on catch block at 0xc3 in for 0x91
02-14 20:57:21.562 20737 20737 W ActivityThread: handleWindowVisibility: no
activity for token android.os.BinderProxy@32e960e
02-14 20:57:23.881 20737 20737 W ActivityThread: handleWindowVisibility: no
activity for token android.os.BinderProxy@1a2b80b
02-14 20:57:24.137 20737 20737 W TabLayout: MODE_SCROLLABLE + GRAVITY_FILL is not
supported, GRAVITY_START will be used instead
02-14 20:57:24.204 20737 27022 W CameraManagerGlobal: [soar.cts] ignore the status
update of camera: 3
02-14 20:57:24.205 20737 27022 W CameraManagerGlobal: [soar.cts] ignore the status
update of camera: 4
02-14 20:57:24.205 20737 27022 E CameraManagerGlobal: packageList =
com.lge.camera,com.lge.servicemenu
02-14 20:57:24.205 20737 27022 E CameraManagerGlobal: idCount = 3
02-14 20:57:24.205 20737 20753 W CameraManagerGlobal: ignore the torch status
update of camera: 4
02-14 20:57:24.257 20737 20737 W BottomSheetBehavior: BottomSheetBehavior now
supports multiple callbacks. `setBottomSheetCallback()` removes all existing
callbacks, including ones set internally by library authors, which may result in
unintended behavior. This may change in the future. Please use
`addBottomSheetCallback()` and `removeBottomSheetCallback()` instead to set your
own callbacks.
02-14 20:57:24.428 20737 20753 W CameraManagerGlobal: ignore the torch status
update of camera: 4
02-14 20:57:24.539 20737 27022 E libc : Access denied finding property
"vendor.debug.bq.dump"
02-14 20:57:24.540 20737 27022 E libc : Access denied finding property
"vendor.debug.bq.dump"
02-14 20:57:24.540 20737 27022 E libc : Access denied finding property
"vendor.debug.bq.dump"
02-14 20:57:24.543 20737 27022 E libc : Access denied finding property
"vendor.debug.bq.dump"
02-14 20:57:24.543 20737 27022 E libc : Access denied finding property
"vendor.debug.bq.dump"
02-14 20:57:24.543 20737 27022 E libc : Access denied finding property
"vendor.debug.bq.dump"
02-14 20:57:24.640 20737 20737 W View : requestLayout() improperly called by
androidx.appcompat.view.menu.ActionMenuItemView{e17482 VFED..CL. ......ID 0,8-
96,104 #7f0b0fe8 app:id/more} during layout: running second layout pass
02-14 20:57:24.640 20737 20737 W View : requestLayout() improperly called by
androidx.appcompat.widget.ActionMenuView{a6793 V.E...... ......ID 624,0-720,112}
during layout: running second layout pass
02-14 20:57:24.640 20737 20737 W View : requestLayout() improperly called by
com.mbwhatsapp.WaImageView{eaf13d0 VF.D..CL. ......ID 0,0-128,128 #7f0b1814
app:id/shutter} during layout: running second layout pass
02-14 20:57:24.640 20737 20737 W View : requestLayout() improperly called by
com.mbwhatsapp.CircularProgressBar{b74ffc9 V.ED..... ......ID 0,0-128,128 #7f0b14fc
app:id/recording_progress} during layout: running second layout pass
02-14 20:57:24.640 20737 20737 W View : requestLayout() improperly called by
com.mbwhatsapp.WaImageView{53656ce VF.D..C.. ......ID 0,0-96,96 #7f0b1976
app:id/switch_camera_btn} during layout: running second layout pass
02-14 20:57:24.640 20737 20737 W View : requestLayout() improperly called by
com.mbwhatsapp.WaImageView{7e9e9ef VFED..C.. ......ID 0,0-96,96 #7f0b0b0d
app:id/gallery_btn} during layout: running second layout pass
02-14 20:57:24.640 20737 20737 W View : requestLayout() improperly called by
com.mbwhatsapp.WaImageView{1b99cfc VFED..C.. ......ID 0,0-96,96 #7f0b057f
app:id/close_camera_btn} during layout: running second layout pass
02-14 20:57:24.640 20737 20737 W View : requestLayout() improperly called by
X.4Ki{c4cf85 V.ED..... ......ID 0,4-720,100} during layout: running second layout
pass
02-14 20:57:24.647 20737 20737 E libc : Access denied finding property
"vendor.debug.bq.dump"
02-14 20:57:24.752 20737 20737 E libc : Access denied finding property
"vendor.debug.bq.dump"
02-14 20:57:24.753 20737 20737 E libc : Access denied finding property
"vendor.debug.bq.dump"
02-14 20:57:24.824 20737 27022 E libc : Access denied finding property
"vendor.debug.bq.dump"
02-14 20:57:24.825 20737 27022 E libc : Access denied finding property
"vendor.debug.bq.dump"
02-14 20:57:24.825 20737 27022 E libc : Access denied finding property
"vendor.debug.bq.dump"
02-14 20:57:24.897 20737 20737 W View : requestLayout() improperly called by
com.mbwhatsapp.WaImageView{eaf13d0 VF.D..CL. ......ID 296,1106-424,1234 #7f0b1814
app:id/shutter} during layout: running second layout pass
02-14 20:57:24.897 20737 20737 W View : requestLayout() improperly called by
com.mbwhatsapp.CircularProgressBar{b74ffc9 V.ED..... ......ID 296,1106-424,1234
#7f0b14fc app:id/recording_progress} during layout: running second layout pass
02-14 20:57:24.897 20737 20737 W View : requestLayout() improperly called by
com.mbwhatsapp.WaImageView{53656ce VF.D..C.. ......ID 608,1122-704,1218 #7f0b1976
app:id/switch_camera_btn} during layout: running second layout pass
02-14 20:57:24.897 20737 20737 W View : requestLayout() improperly called by
com.mbwhatsapp.WaImageView{7e9e9ef VFED..C.. ......ID 16,1122-112,1218 #7f0b0b0d
app:id/gallery_btn} during layout: running second layout pass
02-14 20:57:24.897 20737 20737 W View : requestLayout() improperly called by
com.mbwhatsapp.WaImageView{1b99cfc VFED..C.. ......I. 16,16-112,112 #7f0b057f
app:id/close_camera_btn} during layout: running second layout pass
02-14 20:57:25.450 20737 27025 W MediaStore: Failed to obtain thumbnail for
content://media/external/images/media/1830
02-14 20:57:25.450 20737 27025 W MediaStore: java.io.FileNotFoundException:
/storage/emulated/0/Android/media/com.aerowtsapp/WhatsApp Plus/Media/WhatsApp Plus
Images/IMG-20240213-WA0038.jpg: open failed: ENOENT (No such file or directory)
02-14 20:57:25.450 20737 27025 W MediaStore: at
android.database.DatabaseUtils.readExceptionWithFileNotFoundExceptionFromParcel(Dat
abaseUtils.java:149)
02-14 20:57:25.450 20737 27025 W MediaStore: at
android.content.ContentProviderProxy.openTypedAssetFile(ContentProviderNative.java:
705)
02-14 20:57:25.450 20737 27025 W MediaStore: at
android.content.ContentResolver.openTypedAssetFileDescriptor(ContentResolver.java:1
689)
02-14 20:57:25.450 20737 27025 W MediaStore: at
android.content.ContentResolver.openTypedAssetFile(ContentResolver.java:1594)
02-14 20:57:25.450 20737 27025 W MediaStore: at
android.content.ContentResolver.lambda$loadThumbnail$0(ContentResolver.java:3601)
02-14 20:57:25.450 20737 27025 W MediaStore: at android.content.-$
$Lambda$ContentResolver$7ILY1SWNxC2xhk-fQUG6tAXW9Ik.call(Unknown Source:10)
02-14 20:57:25.450 20737 27025 W MediaStore: at
android.graphics.ImageDecoder$CallableSource.createImageDecoder(ImageDecoder.java:5
50)
02-14 20:57:25.450 20737 27025 W MediaStore: at
android.graphics.ImageDecoder.decodeBitmapImpl(ImageDecoder.java:1847)
02-14 20:57:25.450 20737 27025 W MediaStore: at
android.graphics.ImageDecoder.decodeBitmap(ImageDecoder.java:1840)
02-14 20:57:25.450 20737 27025 W MediaStore: at
android.content.ContentResolver.loadThumbnail(ContentResolver.java:3600)
02-14 20:57:25.450 20737 27025 W MediaStore: at
android.content.ContentResolver.loadThumbnail(ContentResolver.java:3584)
02-14 20:57:25.450 20737 27025 W MediaStore: at
android.provider.MediaStore$InternalThumbnails.getThumbnail(MediaStore.java:1579)
02-14 20:57:25.450 20737 27025 W MediaStore: at
android.provider.MediaStore$Images$Thumbnails.getThumbnail(MediaStore.java:1938)
02-14 20:57:25.450 20737 27025 W MediaStore: at
android.provider.MediaStore$Images$Thumbnails.getThumbnail(MediaStore.java:1978)
02-14 20:57:25.450 20737 27025 W MediaStore: at X.30T.A01(Unknown Source:47)
02-14 20:57:25.450 20737 27025 W MediaStore: at X.1Xs.Bij(Unknown Source:148)
02-14 20:57:25.450 20737 27025 W MediaStore: at X.6JH.A00(Unknown Source:29)
02-14 20:57:25.450 20737 27025 W MediaStore: at X.6JH.BD4(Unknown Source:85)
02-14 20:57:25.450 20737 27025 W MediaStore: at X.3dp.run(Unknown Source:1076)
02-14 20:57:25.450 20737 27025 W MediaStore: at
java.lang.Thread.run(Thread.java:919)
02-14 20:57:25.526 20737 27061 W MediaStore: Failed to obtain thumbnail for
content://media/external/images/media/1830
02-14 20:57:25.526 20737 27061 W MediaStore: java.io.FileNotFoundException:
/storage/emulated/0/Android/media/com.aerowtsapp/WhatsApp Plus/Media/WhatsApp Plus
Images/IMG-20240213-WA0038.jpg: open failed: ENOENT (No such file or directory)
02-14 20:57:25.526 20737 27061 W MediaStore: at
android.database.DatabaseUtils.readExceptionWithFileNotFoundExceptionFromParcel(Dat
abaseUtils.java:149)
02-14 20:57:25.526 20737 27061 W MediaStore: at
android.content.ContentProviderProxy.openTypedAssetFile(ContentProviderNative.java:
705)
02-14 20:57:25.526 20737 27061 W MediaStore: at
android.content.ContentResolver.openTypedAssetFileDescriptor(ContentResolver.java:1
689)
02-14 20:57:25.526 20737 27061 W MediaStore: at
android.content.ContentResolver.openTypedAssetFile(ContentResolver.java:1594)
02-14 20:57:25.526 20737 27061 W MediaStore: at
android.content.ContentResolver.lambda$loadThumbnail$0(ContentResolver.java:3601)
02-14 20:57:25.526 20737 27061 W MediaStore: at android.content.-$
$Lambda$ContentResolver$7ILY1SWNxC2xhk-fQUG6tAXW9Ik.call(Unknown Source:10)
02-14 20:57:25.526 20737 27061 W MediaStore: at
android.graphics.ImageDecoder$CallableSource.createImageDecoder(ImageDecoder.java:5
50)
02-14 20:57:25.526 20737 27061 W MediaStore: at
android.graphics.ImageDecoder.decodeBitmapImpl(ImageDecoder.java:1847)
02-14 20:57:25.526 20737 27061 W MediaStore: at
android.graphics.ImageDecoder.decodeBitmap(ImageDecoder.java:1840)
02-14 20:57:25.526 20737 27061 W MediaStore: at
android.content.ContentResolver.loadThumbnail(ContentResolver.java:3600)
02-14 20:57:25.526 20737 27061 W MediaStore: at
android.content.ContentResolver.loadThumbnail(ContentResolver.java:3584)
02-14 20:57:25.526 20737 27061 W MediaStore: at
android.provider.MediaStore$InternalThumbnails.getThumbnail(MediaStore.java:1579)
02-14 20:57:25.526 20737 27061 W MediaStore: at
android.provider.MediaStore$Images$Thumbnails.getThumbnail(MediaStore.java:1938)
02-14 20:57:25.526 20737 27061 W MediaStore: at
android.provider.MediaStore$Images$Thumbnails.getThumbnail(MediaStore.java:1978)
02-14 20:57:25.526 20737 27061 W MediaStore: at X.30T.A01(Unknown Source:47)
02-14 20:57:25.526 20737 27061 W MediaStore: at X.1Xs.Bij(Unknown Source:148)
02-14 20:57:25.526 20737 27061 W MediaStore: at X.6JI.BD4(Unknown Source:29)
02-14 20:57:25.526 20737 27061 W MediaStore: at X.3dp.run(Unknown Source:1076)
02-14 20:57:25.526 20737 27061 W MediaStore: at
java.lang.Thread.run(Thread.java:919)
02-14 20:57:25.894 20737 20751 W System : A resource failed to call close.
02-14 20:57:53.465 20737 27022 W RefBase : CallStack::getCurrentInternal not
linked, returning null
02-14 20:57:53.465 20737 27022 W RefBase : CallStack::logStackInternal not linked
02-14 20:57:53.499 20737 20737 W ActivityThread: handleWindowVisibility: no
activity for token android.os.BinderProxy@15b6d92
02-14 20:57:53.732 20737 20754 W CameraManagerGlobal: ignore the torch status
update of camera: 4
02-14 20:57:55.225 20737 20737 W AudioCapabilities: Unsupported mime audio/lg-ac3
02-14 20:57:55.225 20737 20737 W AudioCapabilities: Unsupported mime audio/adpcm
02-14 20:57:55.225 20737 20737 W AudioCapabilities: Unsupported mime audio/x-lg-
alac
02-14 20:57:55.225 20737 20737 W AudioCapabilities: Unsupported mime audio/bsac
02-14 20:57:55.225 20737 20737 W AudioCapabilities: Unsupported mime audio/dts
02-14 20:57:55.225 20737 20737 W AudioCapabilities: Unsupported mime audio/g726
02-14 20:57:55.226 20737 20737 W AudioCapabilities: Unsupported mime audio/MUSICAM
02-14 20:57:55.226 20737 20737 W AudioCapabilities: Unsupported mime audio/x-lg-ms-
wma
02-14 20:57:55.226 20737 20737 W AudioCapabilities: Unsupported mime audio/lg-wma-
voice
02-14 20:57:55.226 20737 20737 W AudioCapabilities: Unsupported mime audio/x-lg-
flac
02-14 20:57:55.232 20737 20737 W VideoCapabilities: Unsupported mime video/mjpg
02-14 20:57:55.234 20737 20737 W VideoCapabilities: Unrecognized profile/level 1/32
for video/mp4v-es
02-14 20:57:55.234 20737 20737 W VideoCapabilities: Unrecognized profile/level
32768/2 for video/mp4v-es
02-14 20:57:55.234 20737 20737 W VideoCapabilities: Unrecognized profile/level
32768/64 for video/mp4v-es
02-14 20:57:55.236 20737 20737 W VideoCapabilities: Unsupported mime video/theora
02-14 20:57:55.240 20737 20737 W VideoCapabilities: Unsupported mime video/xvid
02-14 20:57:55.246 20737 20737 W VideoCapabilities: Unrecognized profile/level 1/32
for video/mp4v-es
02-14 20:57:55.351 20737 27502 E libc : Access denied finding property
"vendor.debug.bq.dump"
02-14 20:57:55.352 20737 27502 E libc : Access denied finding property
"vendor.debug.bq.dump"
02-14 20:57:55.352 20737 27502 E libc : Access denied finding property
"vendor.debug.bq.dump"
02-14 20:57:55.396 20737 27496 W ACodec : [OMX.MTK.VIDEO.DECODER.AVC] setting
nBufferCountActual to 8 failed: -22
02-14 20:57:55.401 20737 27496 W : buffer descriptor with invalid usage
bits 0x2000
02-14 20:57:55.406 20737 27496 W : buffer descriptor with invalid usage
bits 0x2000
02-14 20:57:55.407 20737 27496 W : buffer descriptor with invalid usage
bits 0x2000
02-14 20:57:55.423 20737 27496 W ACodec : [OMX.MTK.VIDEO.DECODER.AVC] setting
nBufferCountActual to 14 failed: -22
02-14 20:57:55.430 20737 27496 W : buffer descriptor with invalid usage
bits 0x2000
02-14 20:57:55.431 20737 27496 W : buffer descriptor with invalid usage
bits 0x2000
02-14 20:57:55.433 20737 27496 W : buffer descriptor with invalid usage
bits 0x2000
02-14 20:57:55.434 20737 27496 W : buffer descriptor with invalid usage
bits 0x2000
02-14 20:57:55.436 20737 27496 W : buffer descriptor with invalid usage
bits 0x2000
02-14 20:57:55.449 20737 27496 W : buffer descriptor with invalid usage
bits 0x2000
02-14 20:57:55.460 20737 20737 E libc : Access denied finding property
"vendor.debug.bq.dump"
02-14 20:57:55.460 20737 20737 E libc : Access denied finding property
"vendor.debug.bq.dump"
02-14 20:57:55.461 20737 20737 E libc : Access denied finding property
"vendor.debug.bq.dump"
02-14 20:57:55.472 20737 27496 W ACodec : Failed to set ANW_HWComposer to OMX,
ignoring (-2147483648)
02-14 20:57:55.534 20737 27496 W : buffer descriptor with invalid usage
bits 0x2000
02-14 20:57:56.101 20737 27496 W : buffer descriptor with invalid usage
bits 0x2000
02-14 20:57:57.405 20737 20813 W RefBase : CallStack::getCurrentInternal not
linked, returning null
02-14 20:57:57.405 20737 20813 W RefBase : CallStack::logStackInternal not linked
02-14 20:57:57.406 20737 20813 W RefBase : CallStack::getCurrentInternal not
linked, returning null
02-14 20:57:57.406 20737 20813 W RefBase : CallStack::logStackInternal not linked
02-14 20:57:57.407 20737 20813 W RefBase : CallStack::getCurrentInternal not
linked, returning null
02-14 20:57:57.407 20737 20813 W RefBase : CallStack::logStackInternal not linked
02-14 20:57:57.409 20737 20813 W RefBase : CallStack::getCurrentInternal not
linked, returning null
02-14 20:57:57.409 20737 20813 W RefBase : CallStack::logStackInternal not linked
02-14 20:57:57.410 20737 20813 W RefBase : CallStack::getCurrentInternal not
linked, returning null
02-14 20:57:57.410 20737 20813 W RefBase : CallStack::logStackInternal not linked
02-14 20:57:57.411 20737 20813 W RefBase : CallStack::getCurrentInternal not
linked, returning null
02-14 20:57:57.411 20737 20813 W RefBase : CallStack::logStackInternal not linked
02-14 20:57:57.413 20737 20813 W RefBase : CallStack::getCurrentInternal not
linked, returning null
02-14 20:57:57.413 20737 20813 W RefBase : CallStack::logStackInternal not linked
02-14 20:57:57.415 20737 20813 W RefBase : CallStack::getCurrentInternal not
linked, returning null
02-14 20:57:57.415 20737 20813 W RefBase : CallStack::logStackInternal not linked
02-14 20:57:57.417 20737 20813 W RefBase : CallStack::getCurrentInternal not
linked, returning null
02-14 20:57:57.417 20737 20813 W RefBase : CallStack::logStackInternal not linked
02-14 20:57:57.419 20737 20813 W RefBase : CallStack::getCurrentInternal not
linked, returning null
02-14 20:57:57.419 20737 20813 W RefBase : CallStack::logStackInternal not linked
