0% found this document useful (0 votes)
41 views

Logcat

The document contains log messages from an Android application. It logs messages related to activity tokens, class verification failures, catch block matching errors, unsupported media types, and a null pointer exception in a background task.

Uploaded by

mrgl19973
Copyright
© © All Rights Reserved
We take content rights seriously. If you suspect this is your content, claim it here.
Available Formats
Download as TXT, PDF, TXT or read online on Scribd
0% found this document useful (0 votes)
41 views

Logcat

The document contains log messages from an Android application. It logs messages related to activity tokens, class verification failures, catch block matching errors, unsupported media types, and a null pointer exception in a background task.

Uploaded by

mrgl19973
Copyright
© © All Rights Reserved
We take content rights seriously. If you suspect this is your content, claim it here.
Available Formats
Download as TXT, PDF, TXT or read online on Scribd
You are on page 1/ 57

--------- beginning of system

--------- beginning of main


02-14 20:46:05.562 15547 15547 W ActivityThread: handleWindowVisibility: no
activity for token android.os.BinderProxy@f66fc05
02-14 20:46:06.266 15547 15547 W ActivityThread: handleWindowVisibility: no
activity for token android.os.BinderProxy@927844f
02-14 20:46:06.454 15547 15547 W com.mbwhatsapp: Class com.mbwhatsapp.HomeActivity
failed lock verification and will run slower.
02-14 20:46:07.666 15547 15547 E ArmVmp : Match on catch block at 0x0a in for 0xb9
02-14 20:46:07.825 15547 15547 E ArmVmp : Match on catch block at 0x0a in for
0x121
02-14 20:46:07.980 15547 16326 W MediaCodec-JNI: try to release MediaCodec from
JMediaCodec::~JMediaCodec()...
02-14 20:46:07.980 15547 16326 W MediaCodec-JNI: done releasing MediaCodec from
JMediaCodec::~JMediaCodec().
02-14 20:46:07.981 15547 16326 W MediaCodec-JNI: try to release MediaCodec from
JMediaCodec::~JMediaCodec()...
02-14 20:46:07.981 15547 16326 W MediaCodec-JNI: done releasing MediaCodec from
JMediaCodec::~JMediaCodec().
02-14 20:46:08.540 15547 17202 W ColorUtils: expected specified color aspects
(0:0:0:0)
02-14 20:46:08.765 15547 16326 W AudioCapabilities: Unsupported mime audio/lg-ac3
02-14 20:46:08.765 15547 16326 W AudioCapabilities: Unsupported mime audio/adpcm
02-14 20:46:08.765 15547 16326 W AudioCapabilities: Unsupported mime audio/x-lg-
alac
02-14 20:46:08.765 15547 16326 W AudioCapabilities: Unsupported mime audio/bsac
02-14 20:46:08.766 15547 16326 W AudioCapabilities: Unsupported mime audio/dts
02-14 20:46:08.766 15547 16326 W AudioCapabilities: Unsupported mime audio/g726
02-14 20:46:08.766 15547 16326 W AudioCapabilities: Unsupported mime audio/MUSICAM
02-14 20:46:08.766 15547 16326 W AudioCapabilities: Unsupported mime audio/x-lg-ms-
wma
02-14 20:46:08.766 15547 16326 W AudioCapabilities: Unsupported mime audio/lg-wma-
voice
02-14 20:46:08.766 15547 16326 W AudioCapabilities: Unsupported mime audio/x-lg-
flac
02-14 20:46:08.782 15547 16326 W VideoCapabilities: Unsupported mime video/mjpg
02-14 20:46:08.784 15547 16326 W VideoCapabilities: Unrecognized profile/level 1/32
for video/mp4v-es
02-14 20:46:08.784 15547 16326 W VideoCapabilities: Unrecognized profile/level
32768/2 for video/mp4v-es
02-14 20:46:08.784 15547 16326 W VideoCapabilities: Unrecognized profile/level
32768/64 for video/mp4v-es
02-14 20:46:08.786 15547 16326 W VideoCapabilities: Unsupported mime video/theora
02-14 20:46:08.791 15547 16326 W VideoCapabilities: Unsupported mime video/xvid
02-14 20:46:08.796 15547 16326 W VideoCapabilities: Unrecognized profile/level 1/32
for video/mp4v-es
02-14 20:46:09.764 15547 15547 E ArmVmp : Match on catch block at 0x0a in for
0x1f5
02-14 20:46:09.864 15547 15547 E ArmVmp : Match on catch block at 0x0a in for
0x209
02-14 20:46:09.906 15547 15547 E ArmVmp : Match on catch block at 0x0a in for
0x1e9
02-14 20:46:09.956 15547 15547 E ArmVmp : Match on catch block at 0x0a in for
0x201
02-14 20:46:10.004 15547 15700 E ArmVmp : No matching catch block at 0x86
02-14 20:46:10.004 15547 15700 E ArmVmp : Match on catch block at 0x17 in for 0x41
02-14 20:46:10.011 15547 15700 W System.err: java.lang.NullPointerException
02-14 20:46:10.011 15547 15700 W System.err:
02-14 20:46:10.017 15547 15700 W System.err: at
mbmodsd.mbmodsw.home.MBTranslator.translate(Native Method)
02-14 20:46:10.017 15547 15700 W System.err:
02-14 20:46:10.017 15547 15700 W System.err: at
mbmodsd.mbmodsw.home.MBTranslator$Async.doInBackground(Native Method)
02-14 20:46:10.017 15547 15700 W System.err:
02-14 20:46:10.017 15547 15700 W System.err: at
mbmodsd.mbmodsw.home.MBTranslator$Async.doInBackground(Native Method)
02-14 20:46:10.017 15547 15700 W System.err:
02-14 20:46:10.018 15547 15700 W System.err: at
android.os.AsyncTask$3.call(AsyncTask.java:378)
02-14 20:46:10.018 15547 15700 W System.err:
02-14 20:46:10.018 15547 15700 W System.err: at
java.util.concurrent.FutureTask.run(FutureTask.java:266)
02-14 20:46:10.018 15547 15700 W System.err:
02-14 20:46:10.018 15547 15700 W System.err: at
android.os.AsyncTask$SerialExecutor$1.run(AsyncTask.java:289)
02-14 20:46:10.018 15547 15700 W System.err:
02-14 20:46:10.019 15547 15700 W System.err: at
java.util.concurrent.ThreadPoolExecutor.runWorker(ThreadPoolExecutor.java:1167)
02-14 20:46:10.019 15547 15700 W System.err:
02-14 20:46:10.019 15547 15700 W System.err: at
java.util.concurrent.ThreadPoolExecutor$Worker.run(ThreadPoolExecutor.java:641)
02-14 20:46:10.019 15547 15700 W System.err:
02-14 20:46:10.019 15547 15700 W System.err: at
java.lang.Thread.run(Thread.java:919)
02-14 20:46:10.019 15547 15700 W System.err:
02-14 20:46:10.027 15547 15547 E ArmVmp : Match on catch block at 0x0a in for 0xc9
02-14 20:46:11.710 15547 15547 E RecyclerView: No adapter attached; skipping layout
02-14 20:46:12.548 15547 17404 W LOTTIE : Animation contains merge paths. Merge
paths are only supported on KitKat+ and must be manually enabled by calling
enableMergePathsForKitKatAndAbove().
02-14 20:46:12.800 15547 15547 E RecyclerView: No adapter attached; skipping layout
02-14 20:46:13.664 15547 15547 W LOTTIE : Animation contains merge paths but they
are disabled.
02-14 20:46:17.881 15547 15547 W ActivityThread: handleWindowVisibility: no
activity for token android.os.BinderProxy@c83743d
02-14 20:46:18.172 15547 15547 W com.mbwhatsapp: Verification of void
X.5pH.A1Z(android.os.Bundle) took 110.213ms
02-14 20:46:19.263 15547 15547 E ArmVmp : Match on catch block at 0x0a in for 0xb5
02-14 20:46:19.271 15547 15547 E ArmVmp : Match on catch block at 0x0a in for 0xb1
02-14 20:46:19.384 15547 15547 E ArmVmp : Match on catch block at 0x0a in for
0x1a9
02-14 20:46:21.877 15547 15547 E ArmVmp : Match on catch block at 0x0a in for
0x1e9
02-14 20:46:32.540 15547 15547 E ArmVmp : Match on catch block at 0x5b in for 0x79
02-14 20:50:07.912 20737 20737 E com.mbwhatsapp: Not starting debugger since
process cannot load the jdwp agent.
02-14 20:50:08.267 20737 20737 W System.err: java.lang.ClassNotFoundException:
mbmodsd.mbmodsw.ui.views.btn.BtnBK
02-14 20:50:08.275 20737 20737 W System.err: at
java.lang.Runtime.nativeLoad(Native Method)
02-14 20:50:08.275 20737 20737 W System.err: at
java.lang.Runtime.nativeLoad(Runtime.java:1115)
02-14 20:50:08.275 20737 20737 W System.err: at
java.lang.Runtime.loadLibrary0(Runtime.java:1069)
02-14 20:50:08.275 20737 20737 W System.err: at
java.lang.Runtime.loadLibrary0(Runtime.java:1007)
02-14 20:50:08.275 20737 20737 W System.err: at
java.lang.System.loadLibrary(System.java:1667)
02-14 20:50:08.275 20737 20737 W System.err: at arm.EpicVm.<clinit>(Unknown
Source:2)
02-14 20:50:08.275 20737 20737 W System.err: at
java.lang.Class.newInstance(Native Method)
02-14 20:50:08.275 20737 20737 W System.err: at
android.app.AppComponentFactory.instantiateApplication(AppComponentFactory.java:76)
02-14 20:50:08.275 20737 20737 W System.err: at
androidx.core.app.CoreComponentFactory.instantiateApplication(Unknown Source:0)
02-14 20:50:08.275 20737 20737 W System.err: at
android.app.Instrumentation.newApplication(Instrumentation.java:1156)
02-14 20:50:08.275 20737 20737 W System.err: at
android.app.LoadedApk.makeApplication(LoadedApk.java:1236)
02-14 20:50:08.275 20737 20737 W System.err: at
android.app.ActivityThread.handleBindApplication(ActivityThread.java:6681)
02-14 20:50:08.275 20737 20737 W System.err: at
android.app.ActivityThread.access$1300(ActivityThread.java:226)
02-14 20:50:08.275 20737 20737 W System.err: at
android.app.ActivityThread$H.handleMessage(ActivityThread.java:1898)
02-14 20:50:08.276 20737 20737 W System.err: at
android.os.Handler.dispatchMessage(Handler.java:107)
02-14 20:50:08.276 20737 20737 W System.err: at
android.os.Looper.loop(Looper.java:214)
02-14 20:50:08.276 20737 20737 W System.err: at
android.app.ActivityThread.main(ActivityThread.java:7615)
02-14 20:50:08.276 20737 20737 W System.err: at
java.lang.reflect.Method.invoke(Native Method)
02-14 20:50:08.276 20737 20737 W System.err: at
com.android.internal.os.RuntimeInit$MethodAndArgsCaller.run(RuntimeInit.java:492)
02-14 20:50:08.276 20737 20737 W System.err: at
com.android.internal.os.ZygoteInit.main(ZygoteInit.java:964)
02-14 20:50:08.414 20737 20737 E CustomActivityOnCrash: IMPORTANT WARNING! You
already have an UncaughtExceptionHandler, are you sure this is correct? If you use
a custom UncaughtExceptionHandler, you must initialize it AFTER
CustomActivityOnCrash! Installing anyway, but your original handler will not be
called.
02-14 20:50:09.020 20737 20761 W LibraryVersion: Failed to get app version for
libraryName: firebase-iid
02-14 20:50:13.286 20737 20737 W ActivityThread: handleWindowVisibility: no
activity for token android.os.BinderProxy@42a487a
02-14 20:50:13.294 20737 20798 W com.mbwhatsapp: Class X.2rL failed lock
verification and will run slower.
02-14 20:50:13.294 20737 20798 W com.mbwhatsapp: Common causes for lock
verification issues are non-optimized dex code
02-14 20:50:13.294 20737 20798 W com.mbwhatsapp: and incorrect proguard
optimizations.
02-14 20:50:13.329 20737 20737 W com.mbwhatsapp: Class X.0eU failed lock
verification and will run slower.
02-14 20:50:13.908 20737 20737 W ActivityThread: handleWindowVisibility: no
activity for token android.os.BinderProxy@588795a
02-14 20:50:14.002 20737 20737 W com.mbwhatsapp: Class com.mbwhatsapp.HomeActivity
failed lock verification and will run slower.
02-14 20:50:14.836 20737 20737 E ArmVmp : Match on catch block at 0x0a in for 0xb9
02-14 20:50:14.978 20737 20737 E ArmVmp : Match on catch block at 0x0a in for
0x121
02-14 20:50:15.037 20737 20833 W System : ClassLoader referenced unknown path:
/system/framework/tcmclient.jar
02-14 20:50:15.038 20737 20833 W System : ClassLoader referenced unknown path:
/system/framework/tcmiface.jar
02-14 20:50:16.649 20737 20737 E ArmVmp : Match on catch block at 0x0a in for 0xc1
02-14 20:50:17.878 20737 20737 E RecyclerView: No adapter attached; skipping layout
02-14 20:50:18.414 20737 20737 E RecyclerView: No adapter attached; skipping layout
02-14 20:50:18.416 20737 20737 W View : requestLayout() improperly called by
androidx.appcompat.view.menu.ActionMenuItemView{44ff548 VFED..C.. ......ID 194,0-
290,0 #7f0b0f8a app:id/menuitem_search} during layout: running second layout pass
02-14 20:50:18.416 20737 20737 W View : requestLayout() improperly called by
androidx.appcompat.widget.ActionMenuView{778fe1 V.E...... ......ID 280,250-754,250}
during layout: running second layout pass
02-14 20:50:18.625 20737 20901 W LOTTIE : Animation contains merge paths. Merge
paths are only supported on KitKat+ and must be manually enabled by calling
enableMergePathsForKitKatAndAbove().
02-14 20:50:18.883 20737 20813 W Gralloc3: mapper 3.x is not supported
02-14 20:50:18.890 20737 20813 E ion : ioctl c0044901 failed with code -1:
Invalid argument
02-14 20:50:19.450 20737 20737 W LOTTIE : Animation contains merge paths but they
are disabled.
02-14 20:50:19.459 20737 20737 W View : requestLayout() improperly called by
DecorView@b63fa17[HomeActivity] during second layout pass: posting in next frame
02-14 20:50:20.449 20737 20737 E ArmVmp : Match on catch block at 0x5b in for 0x75
02-14 20:50:59.329 20737 20737 W ActivityThread: handleWindowVisibility: no
activity for token android.os.BinderProxy@3f0471
02-14 20:51:00.039 20737 20901 W LOTTIE : Unknown shape type rd
02-14 20:51:01.273 20737 20737 E ArmVmp : Match on catch block at 0x0a in for 0xb1
02-14 20:51:01.281 20737 20737 E ArmVmp : Match on catch block at 0x0a in for 0xb1
02-14 20:51:01.337 20737 20737 E ArmVmp : Match on catch block at 0x0a in for
0x1b9
02-14 20:51:01.808 20737 20737 E ArmVmp : Match on catch block at 0xc3 in for 0xa9
02-14 20:51:01.811 20737 20737 E ArmVmp : Match on catch block at 0xc3 in for 0xa9
02-14 20:51:01.964 20737 20737 E ArmVmp : Match on catch block at 0xc3 in for 0x95
02-14 20:51:01.967 20737 20737 E ArmVmp : Match on catch block at 0xc3 in for 0x99
02-14 20:51:02.081 20737 20737 E ArmVmp : Match on catch block at 0xc3 in for 0x91
02-14 20:51:02.084 20737 20737 E ArmVmp : Match on catch block at 0xc3 in for 0x95
02-14 20:51:02.135 20737 20737 E ArmVmp : Match on catch block at 0xc3 in for 0x99
02-14 20:51:02.138 20737 20737 E ArmVmp : Match on catch block at 0xc3 in for 0x91
02-14 20:51:02.178 20737 20737 E ArmVmp : Match on catch block at 0xc3 in for 0x99
02-14 20:51:02.182 20737 20737 E ArmVmp : Match on catch block at 0xc3 in for 0x91
02-14 20:51:02.214 20737 20737 E ArmVmp : Match on catch block at 0xc3 in for 0x99
02-14 20:51:02.218 20737 20737 E ArmVmp : Match on catch block at 0xc3 in for 0x91
02-14 20:51:02.327 20737 20737 E ArmVmp : Match on catch block at 0xc3 in for 0x99
02-14 20:51:02.331 20737 20737 E ArmVmp : Match on catch block at 0xc3 in for 0x91
02-14 20:51:02.354 20737 20737 E ArmVmp : Match on catch block at 0xc3 in for 0x99
02-14 20:51:02.357 20737 20737 E ArmVmp : Match on catch block at 0xc3 in for 0x91
02-14 20:51:02.381 20737 20737 E ArmVmp : Match on catch block at 0xc3 in for 0x99
02-14 20:51:02.385 20737 20737 E ArmVmp : Match on catch block at 0xc3 in for 0x91
02-14 20:51:02.406 20737 20737 E ArmVmp : Match on catch block at 0xc3 in for 0x99
02-14 20:51:02.409 20737 20737 E ArmVmp : Match on catch block at 0xc3 in for 0x91
02-14 20:51:02.429 20737 20737 E ArmVmp : Match on catch block at 0xc3 in for 0x99
02-14 20:51:02.433 20737 20737 E ArmVmp : Match on catch block at 0xc3 in for 0x91
02-14 20:51:02.453 20737 20737 E ArmVmp : Match on catch block at 0xc3 in for 0x99
02-14 20:51:02.457 20737 20737 E ArmVmp : Match on catch block at 0xc3 in for 0x91
02-14 20:51:02.479 20737 20737 E ArmVmp : Match on catch block at 0xc3 in for 0x99
02-14 20:51:02.482 20737 20737 E ArmVmp : Match on catch block at 0xc3 in for 0x91
02-14 20:51:02.503 20737 20737 E ArmVmp : Match on catch block at 0xc3 in for 0x99
02-14 20:51:02.506 20737 20737 E ArmVmp : Match on catch block at 0xc3 in for 0x91
02-14 20:51:02.527 20737 20737 E ArmVmp : Match on catch block at 0xc3 in for 0x99
02-14 20:51:02.532 20737 20737 E ArmVmp : Match on catch block at 0xc3 in for 0x91
02-14 20:51:02.551 20737 20737 E ArmVmp : Match on catch block at 0xc3 in for 0x99
02-14 20:51:02.555 20737 20737 E ArmVmp : Match on catch block at 0xc3 in for 0x91
02-14 20:51:02.580 20737 20737 E ArmVmp : Match on catch block at 0xc3 in for 0x99
02-14 20:51:02.584 20737 20737 E ArmVmp : Match on catch block at 0xc3 in for 0x91
02-14 20:51:02.609 20737 20737 E ArmVmp : Match on catch block at 0xc3 in for 0x99
02-14 20:51:02.613 20737 20737 E ArmVmp : Match on catch block at 0xc3 in for 0x91
02-14 20:51:02.634 20737 20737 E ArmVmp : Match on catch block at 0xc3 in for 0x99
02-14 20:51:02.637 20737 20737 E ArmVmp : Match on catch block at 0xc3 in for 0x91
02-14 20:51:02.660 20737 20737 E ArmVmp : Match on catch block at 0xc3 in for 0x99
02-14 20:51:02.663 20737 20737 E ArmVmp : Match on catch block at 0xc3 in for 0x91
02-14 20:51:02.774 20737 20737 E ArmVmp : Match on catch block at 0xc3 in for 0x95
02-14 20:51:02.778 20737 20737 E ArmVmp : Match on catch block at 0xc3 in for 0x99
02-14 20:51:03.268 20737 20737 E ArmVmp : Match on catch block at 0xc3 in for 0x99
02-14 20:51:03.275 20737 20737 E ArmVmp : Match on catch block at 0xc3 in for 0x91
02-14 20:51:03.568 20737 20737 E ArmVmp : Match on catch block at 0xc3 in for 0x95
02-14 20:51:03.571 20737 20737 E ArmVmp : Match on catch block at 0xc3 in for 0x99
02-14 20:51:03.578 20737 20737 E ArmVmp : Match on catch block at 0xc3 in for 0x99
02-14 20:51:03.583 20737 20737 E ArmVmp : Match on catch block at 0xc3 in for 0x91
02-14 20:51:03.618 20737 20737 E ArmVmp : Match on catch block at 0xc3 in for 0x99
02-14 20:51:03.622 20737 20737 E ArmVmp : Match on catch block at 0xc3 in for 0x91
02-14 20:51:04.903 20737 20737 E ArmVmp : Match on catch block at 0xc3 in for 0x99
02-14 20:51:04.912 20737 20737 E ArmVmp : Match on catch block at 0xc3 in for 0x91
02-14 20:51:05.124 20737 20737 E ArmVmp : Match on catch block at 0xc3 in for 0x95
02-14 20:51:05.131 20737 20737 E ArmVmp : Match on catch block at 0xc3 in for 0x99
02-14 20:51:18.016 20737 20737 E ArmVmp : Match on catch block at 0x0a in for
0x161
02-14 20:51:23.518 20737 20737 W Editor : updateCursorsPositions() : layout =
hintLayout
02-14 20:51:24.355 20737 20737 W Editor : updateCursorsPositions() : layout =
hintLayout
02-14 20:51:25.430 20737 20737 W Editor : updateCursorsPositions() : layout =
hintLayout
02-14 20:51:35.002 20737 20737 W Editor : updateCursorsPositions() : layout =
hintLayout
02-14 20:51:37.686 20737 20737 W Editor : updateCursorsPositions() : layout =
hintLayout
02-14 20:51:43.962 20737 20737 E ArmVmp : Match on catch block at 0x0a in for
0x109
02-14 20:51:44.774 20737 20737 W InputEventReceiver: Attempted to finish an input
event but the input event receiver has already been disposed.
02-14 20:51:51.775 20737 20737 W Editor : updateCursorsPositions() : layout =
hintLayout
02-14 20:51:52.171 20737 20737 W Editor : updateCursorsPositions() : layout =
hintLayout
02-14 20:51:54.683 20737 20737 W Editor : updateCursorsPositions() : layout =
hintLayout
02-14 20:52:01.776 20737 20737 W Editor : updateCursorsPositions() : layout =
hintLayout
02-14 20:52:04.383 20737 20737 E ArmVmp : Match on catch block at 0x0a in for 0xd5
02-14 20:52:04.396 20737 20737 E ArmVmp : Match on catch block at 0x0a in for 0xc1
02-14 20:52:04.878 20737 20737 W Editor : updateCursorsPositions() : layout =
hintLayout
02-14 20:52:07.279 20737 20737 W InputEventReceiver: Attempted to finish an input
event but the input event receiver has already been disposed.
02-14 20:52:07.699 20737 20737 W Editor : updateCursorsPositions() : layout =
hintLayout
02-14 20:52:08.252 20737 20737 W ActivityThread: handleWindowVisibility: no
activity for token android.os.BinderProxy@db4baed
02-14 20:52:10.716 20737 20737 W Editor : updateCursorsPositions() : layout =
hintLayout
02-14 20:52:11.541 20737 20737 W ActivityThread: handleWindowVisibility: no
activity for token android.os.BinderProxy@9cfd0b5
02-14 20:52:14.770 20737 20737 W ActivityThread: handleWindowVisibility: no
activity for token android.os.BinderProxy@872115
02-14 20:52:16.153 20737 20737 E ArmVmp : Match on catch block at 0x0a in for 0xb9
02-14 20:52:16.158 20737 20737 E ArmVmp : Match on catch block at 0x0a in for 0xb5
02-14 20:52:16.304 20737 20737 E ArmVmp : Match on catch block at 0xc3 in for 0xa9
02-14 20:52:16.307 20737 20737 E ArmVmp : Match on catch block at 0xc3 in for 0xa9
02-14 20:52:16.403 20737 20737 E ArmVmp : Match on catch block at 0xc3 in for 0x95
02-14 20:52:16.407 20737 20737 E ArmVmp : Match on catch block at 0xc3 in for 0x99
02-14 20:52:16.477 20737 20737 E ArmVmp : Match on catch block at 0xc3 in for 0x95
02-14 20:52:16.480 20737 20737 E ArmVmp : Match on catch block at 0xc3 in for 0x99
02-14 20:52:16.505 20737 20737 E ArmVmp : Match on catch block at 0xc3 in for 0x91
02-14 20:52:16.508 20737 20737 E ArmVmp : Match on catch block at 0xc3 in for 0x95
02-14 20:52:16.546 20737 20737 E ArmVmp : Match on catch block at 0xc3 in for 0x91
02-14 20:52:16.551 20737 20737 E ArmVmp : Match on catch block at 0xc3 in for 0x95
02-14 20:52:16.953 20737 20737 E ArmVmp : Match on catch block at 0xc3 in for 0x95
02-14 20:52:16.960 20737 20737 E ArmVmp : Match on catch block at 0xc3 in for 0x99
02-14 20:52:17.019 20737 20737 E ArmVmp : Match on catch block at 0xc3 in for 0x91
02-14 20:52:17.024 20737 20737 E ArmVmp : Match on catch block at 0xc3 in for 0x95
02-14 20:52:17.038 20737 20737 E ArmVmp : Match on catch block at 0xc3 in for 0x99
02-14 20:52:17.045 20737 20737 E ArmVmp : Match on catch block at 0xc3 in for 0x91
02-14 20:52:17.052 20737 20737 E ArmVmp : Match on catch block at 0xc3 in for 0x91
02-14 20:52:17.057 20737 20737 E ArmVmp : Match on catch block at 0xc3 in for 0x95
02-14 20:52:17.072 20737 20737 E ArmVmp : Match on catch block at 0xc3 in for 0x91
02-14 20:52:17.076 20737 20737 E ArmVmp : Match on catch block at 0xc3 in for 0x95
02-14 20:52:17.158 20737 20737 E ArmVmp : Match on catch block at 0xc3 in for 0x91
02-14 20:52:17.165 20737 20737 E ArmVmp : Match on catch block at 0xc3 in for 0x95
02-14 20:52:17.226 20737 20737 E libc : Access denied finding property
"vendor.debug.bq.dump"
02-14 20:52:17.226 20737 20737 E libc : Access denied finding property
"vendor.debug.bq.dump"
02-14 20:52:17.228 20737 20813 E BufferQueueProducer: [unnamed-20737-0]
(this:0x7b36a000,id:0,api:1,p:20737,c:20737) setMaxDequeuedBufferCount: 2 dequeued
buffers would exceed the maxBufferCount (2) (maxAcquired 1 async 0
mDequeuedBufferCannotBlock 0)
02-14 20:52:17.228 20737 20813 E Surface :
IGraphicBufferProducer::setBufferCount(3) returned Invalid argument
02-14 20:52:17.230 20737 20813 W Gralloc3: allocator 3.x is not supported
02-14 20:52:17.233 20737 20813 E ion : ioctl c0044901 failed with code -1:
Invalid argument
02-14 20:52:17.237 20737 20737 W RefBase : CallStack::getCurrentInternal not
linked, returning null
02-14 20:52:17.237 20737 20737 W RefBase : CallStack::logStackInternal not linked
02-14 20:52:17.275 20737 20737 E ArmVmp : Match on catch block at 0xc3 in for 0x95
02-14 20:52:17.283 20737 20737 E ArmVmp : Match on catch block at 0xc3 in for 0x99
02-14 20:52:17.297 20737 20737 W ActivityThread: handleWindowVisibility: no
activity for token android.os.BinderProxy@70f4278
02-14 20:52:17.615 20737 20737 W ResourceType: Bad XML block: header size 18254 or
total size 169478669 is larger than data size 380
02-14 20:52:17.621 20737 20737 W ResourceType: Bad XML block: header size 18254 or
total size 169478669 is larger than data size 431
02-14 20:52:17.640 20737 20737 W ResourceType: Bad XML block: header size 18254 or
total size 169478669 is larger than data size 677
02-14 20:52:17.648 20737 20737 W ResourceType: Bad XML block: header size 18254 or
total size 169478669 is larger than data size 248
02-14 20:52:17.660 20737 20737 W ResourceType: Bad XML block: header size 18254 or
total size 169478669 is larger than data size 571
02-14 20:52:17.672 20737 20737 W ResourceType: Bad XML block: header size 18254 or
total size 169478669 is larger than data size 333
02-14 20:52:17.678 20737 20737 W ResourceType: Bad XML block: header size 18254 or
total size 169478669 is larger than data size 650
02-14 20:52:17.687 20737 20737 W ResourceType: Bad XML block: header size 18254 or
total size 169478669 is larger than data size 1150
02-14 20:52:17.693 20737 20737 W ResourceType: Bad XML block: header size 18254 or
total size 169478669 is larger than data size 491
02-14 20:52:17.700 20737 20737 W ResourceType: Bad XML block: header size 18254 or
total size 169478669 is larger than data size 1150
02-14 20:52:17.710 20737 20737 W ResourceType: Bad XML block: header size 18254 or
total size 169478669 is larger than data size 659
02-14 20:52:17.716 20737 20737 W ResourceType: Bad XML block: header size 18254 or
total size 169478669 is larger than data size 593
02-14 20:52:17.819 20737 20737 W ResourceType: Bad XML block: header size 18254 or
total size 169478669 is larger than data size 473
02-14 20:52:17.831 20737 20737 W ResourceType: Bad XML block: header size 18254 or
total size 169478669 is larger than data size 510
02-14 20:52:17.971 20737 20737 W ResourceType: Bad XML block: header size 18254 or
total size 169478669 is larger than data size 473
02-14 20:52:18.014 20737 20737 E ArmVmp : Match on catch block at 0xc3 in for 0x91
02-14 20:52:18.018 20737 20737 E ArmVmp : Match on catch block at 0xc3 in for 0x95
02-14 20:52:18.072 20737 20737 W ResourceType: Bad XML block: header size 18254 or
total size 169478669 is larger than data size 853
02-14 20:52:18.094 20737 20737 E ArmVmp : Match on catch block at 0xc3 in for 0x95
02-14 20:52:18.097 20737 20737 E ArmVmp : Match on catch block at 0xc3 in for 0x99
02-14 20:52:18.201 20737 20737 E ArmVmp : Match on catch block at 0xc3 in for 0x95
02-14 20:52:18.205 20737 20737 E ArmVmp : Match on catch block at 0xc3 in for 0x99
02-14 20:52:18.302 20737 20737 E ArmVmp : Match on catch block at 0xc3 in for 0x99
02-14 20:52:18.306 20737 20737 E ArmVmp : Match on catch block at 0xc3 in for 0x91
02-14 20:52:18.323 20737 20737 E ArmVmp : Match on catch block at 0xc3 in for 0x91
02-14 20:52:18.328 20737 20737 E ArmVmp : Match on catch block at 0xc3 in for 0x95
02-14 20:52:18.339 20737 20737 E ArmVmp : Match on catch block at 0xc3 in for 0x95
02-14 20:52:18.344 20737 20737 E ArmVmp : Match on catch block at 0xc3 in for 0x99
02-14 20:52:18.360 20737 20737 E ArmVmp : Match on catch block at 0xc3 in for 0x99
02-14 20:52:18.363 20737 20737 E ArmVmp : Match on catch block at 0xc3 in for 0x91
02-14 20:52:18.379 20737 20737 E ArmVmp : Match on catch block at 0xc3 in for 0x91
02-14 20:52:18.382 20737 20737 E ArmVmp : Match on catch block at 0xc3 in for 0x95
02-14 20:52:18.397 20737 20737 E ArmVmp : Match on catch block at 0xc3 in for 0x95
02-14 20:52:18.401 20737 20737 E ArmVmp : Match on catch block at 0xc3 in for 0x99
02-14 20:52:18.414 20737 20737 E ArmVmp : Match on catch block at 0xc3 in for 0x99
02-14 20:52:18.419 20737 20737 E ArmVmp : Match on catch block at 0xc3 in for 0x91
02-14 20:52:18.430 20737 20737 E ArmVmp : Match on catch block at 0xc3 in for 0x91
02-14 20:52:18.434 20737 20737 E ArmVmp : Match on catch block at 0xc3 in for 0x95
02-14 20:52:18.446 20737 20737 E ArmVmp : Match on catch block at 0xc3 in for 0x95
02-14 20:52:18.451 20737 20737 E ArmVmp : Match on catch block at 0xc3 in for 0x99
02-14 20:52:18.462 20737 20737 E ArmVmp : Match on catch block at 0xc3 in for 0x99
02-14 20:52:18.467 20737 20737 E ArmVmp : Match on catch block at 0xc3 in for 0x91
02-14 20:52:18.542 20737 20737 E ArmVmp : Match on catch block at 0xc3 in for 0x91
02-14 20:52:18.546 20737 20737 E ArmVmp : Match on catch block at 0xc3 in for 0x95
02-14 20:52:20.119 20737 20737 W View : requestLayout() improperly called by
com.mbwhatsapp.TextEmojiLabel{4ec13ec VFED..C.. ......ID 0,0-184,65 #7f0b06ab
app:id/conversation_contact_name} during layout: running second layout pass
02-14 20:52:20.720 20737 20737 W View : requestLayout() improperly called by
com.mbwhatsapp.TextEmojiLabel{4ec13ec VFED..C.. ......ID 0,0-184,65 #7f0b06ab
app:id/conversation_contact_name} during layout: running second layout pass
02-14 20:52:23.616 20737 20737 W ActivityThread: handleWindowVisibility: no
activity for token android.os.BinderProxy@47b641a
02-14 20:52:25.096 20737 20737 E ArmVmp : Match on catch block at 0x0a in for 0xb9
02-14 20:52:25.101 20737 20737 E ArmVmp : Match on catch block at 0x0a in for 0xb5
02-14 20:52:25.191 20737 20737 E ArmVmp : Match on catch block at 0xc3 in for 0xa5
02-14 20:52:25.194 20737 20737 E ArmVmp : Match on catch block at 0xc3 in for 0xa5
02-14 20:52:25.265 20737 20737 E ArmVmp : Match on catch block at 0xc3 in for 0x91
02-14 20:52:25.270 20737 20737 E ArmVmp : Match on catch block at 0xc3 in for 0x95
02-14 20:52:25.307 20737 20737 E ArmVmp : Match on catch block at 0xc3 in for 0x95
02-14 20:52:25.310 20737 20737 E ArmVmp : Match on catch block at 0xc3 in for 0x99
02-14 20:52:25.317 20737 20737 E ArmVmp : Match on catch block at 0xc3 in for 0x99
02-14 20:52:25.321 20737 20737 E ArmVmp : Match on catch block at 0xc3 in for 0x91
02-14 20:52:25.343 20737 20737 E ArmVmp : Match on catch block at 0xc3 in for 0x91
02-14 20:52:25.348 20737 20737 E ArmVmp : Match on catch block at 0xc3 in for 0x95
02-14 20:52:25.354 20737 20737 E ArmVmp : Match on catch block at 0xc3 in for 0x95
02-14 20:52:25.357 20737 20737 E ArmVmp : Match on catch block at 0xc3 in for 0x99
02-14 20:52:25.369 20737 20737 E ArmVmp : Match on catch block at 0xc3 in for 0x99
02-14 20:52:25.372 20737 20737 E ArmVmp : Match on catch block at 0xc3 in for 0x91
02-14 20:52:25.797 20737 20737 E ArmVmp : Match on catch block at 0xc3 in for 0x95
02-14 20:52:25.803 20737 20737 E ArmVmp : Match on catch block at 0xc3 in for 0x99
02-14 20:52:25.961 20737 20737 E ArmVmp : Match on catch block at 0xc3 in for 0x99
02-14 20:52:25.967 20737 20737 E ArmVmp : Match on catch block at 0xc3 in for 0x91
02-14 20:52:25.979 20737 20737 E ArmVmp : Match on catch block at 0xc3 in for 0x91
02-14 20:52:25.986 20737 20737 E ArmVmp : Match on catch block at 0xc3 in for 0x95
02-14 20:52:25.997 20737 20737 E ArmVmp : Match on catch block at 0xc3 in for 0x95
02-14 20:52:26.003 20737 20737 E ArmVmp : Match on catch block at 0xc3 in for 0x99
02-14 20:52:26.015 20737 20737 E ArmVmp : Match on catch block at 0xc3 in for 0x99
02-14 20:52:26.021 20737 20737 E ArmVmp : Match on catch block at 0xc3 in for 0x91
02-14 20:52:26.033 20737 20737 E ArmVmp : Match on catch block at 0xc3 in for 0x91
02-14 20:52:26.039 20737 20737 E ArmVmp : Match on catch block at 0xc3 in for 0x95
02-14 20:52:26.051 20737 20737 E ArmVmp : Match on catch block at 0xc3 in for 0x95
02-14 20:52:26.056 20737 20737 E ArmVmp : Match on catch block at 0xc3 in for 0x99
02-14 20:52:26.063 20737 20737 E ArmVmp : Match on catch block at 0xc3 in for 0x99
02-14 20:52:26.067 20737 20737 E ArmVmp : Match on catch block at 0xc3 in for 0x91
02-14 20:52:26.074 20737 20737 E ArmVmp : Match on catch block at 0xc3 in for 0x91
02-14 20:52:26.078 20737 20737 E ArmVmp : Match on catch block at 0xc3 in for 0x95
02-14 20:52:26.089 20737 20737 E ArmVmp : Match on catch block at 0xc3 in for 0x95
02-14 20:52:26.093 20737 20737 E ArmVmp : Match on catch block at 0xc3 in for 0x99
02-14 20:52:26.105 20737 20737 E ArmVmp : Match on catch block at 0xc3 in for 0x95
02-14 20:52:26.109 20737 20737 E ArmVmp : Match on catch block at 0xc3 in for 0x99
02-14 20:52:26.121 20737 20737 E ArmVmp : Match on catch block at 0xc3 in for 0x99
02-14 20:52:26.125 20737 20737 E ArmVmp : Match on catch block at 0xc3 in for 0x91
02-14 20:52:26.138 20737 20737 E ArmVmp : Match on catch block at 0xc3 in for 0x91
02-14 20:52:26.141 20737 20737 E ArmVmp : Match on catch block at 0xc3 in for 0x95
02-14 20:52:26.154 20737 20737 E ArmVmp : Match on catch block at 0xc3 in for 0x95
02-14 20:52:26.158 20737 20737 E ArmVmp : Match on catch block at 0xc3 in for 0x99
02-14 20:52:26.173 20737 20737 E ArmVmp : Match on catch block at 0xc3 in for 0x91
02-14 20:52:26.176 20737 20737 E ArmVmp : Match on catch block at 0xc3 in for 0x95
02-14 20:52:26.188 20737 20737 E ArmVmp : Match on catch block at 0xc3 in for 0x99
02-14 20:52:26.192 20737 20737 E ArmVmp : Match on catch block at 0xc3 in for 0x91
02-14 20:52:26.205 20737 20737 E ArmVmp : Match on catch block at 0xc3 in for 0x95
02-14 20:52:26.208 20737 20737 E ArmVmp : Match on catch block at 0xc3 in for 0x99
02-14 20:52:26.220 20737 20737 E ArmVmp : Match on catch block at 0xc3 in for 0x95
02-14 20:52:26.225 20737 20737 E ArmVmp : Match on catch block at 0xc3 in for 0x99
02-14 20:52:26.236 20737 20737 E ArmVmp : Match on catch block at 0xc3 in for 0x91
02-14 20:52:26.240 20737 20737 E ArmVmp : Match on catch block at 0xc3 in for 0x95
02-14 20:52:26.257 20737 20737 E ArmVmp : Match on catch block at 0xc3 in for 0x99
02-14 20:52:26.260 20737 20737 E ArmVmp : Match on catch block at 0xc3 in for 0x91
02-14 20:52:26.270 20737 20737 E ArmVmp : Match on catch block at 0xc3 in for 0x91
02-14 20:52:26.273 20737 20737 E ArmVmp : Match on catch block at 0xc3 in for 0x95
02-14 20:52:26.303 20737 20737 E ArmVmp : Match on catch block at 0xc3 in for 0x95
02-14 20:52:26.309 20737 20737 E ArmVmp : Match on catch block at 0xc3 in for 0x99
02-14 20:52:26.537 20737 20737 E ArmVmp : Match on catch block at 0xc3 in for 0x91
02-14 20:52:26.540 20737 20737 E ArmVmp : Match on catch block at 0xc3 in for 0x95
02-14 20:52:26.554 20737 20737 E ArmVmp : Match on catch block at 0xc3 in for 0x91
02-14 20:52:26.558 20737 20737 E ArmVmp : Match on catch block at 0xc3 in for 0x95
02-14 20:52:26.795 20737 20737 E ArmVmp : Match on catch block at 0xc3 in for 0x95
02-14 20:52:26.800 20737 20737 E ArmVmp : Match on catch block at 0xc3 in for 0x99
02-14 20:52:27.164 20737 20737 E ArmVmp : Match on catch block at 0xc3 in for 0x95
02-14 20:52:27.168 20737 20737 E ArmVmp : Match on catch block at 0xc3 in for 0x99
02-14 20:52:27.192 20737 20737 E ArmVmp : Match on catch block at 0xc3 in for 0x95
02-14 20:52:27.197 20737 20737 E ArmVmp : Match on catch block at 0xc3 in for 0x99
02-14 20:52:27.205 20737 20737 E ArmVmp : Match on catch block at 0xc3 in for 0x99
02-14 20:52:27.210 20737 20737 E ArmVmp : Match on catch block at 0xc3 in for 0x91
02-14 20:52:27.220 20737 20737 E ArmVmp : Match on catch block at 0xc3 in for 0x91
02-14 20:52:27.224 20737 20737 E ArmVmp : Match on catch block at 0xc3 in for 0x95
02-14 20:52:27.244 20737 20737 E ArmVmp : Match on catch block at 0xc3 in for 0x95
02-14 20:52:27.248 20737 20737 E ArmVmp : Match on catch block at 0xc3 in for 0x99
02-14 20:52:27.255 20737 20737 E ArmVmp : Match on catch block at 0xc3 in for 0x99
02-14 20:52:27.259 20737 20737 E ArmVmp : Match on catch block at 0xc3 in for 0x91
02-14 20:52:27.268 20737 20737 E ArmVmp : Match on catch block at 0xc3 in for 0x91
02-14 20:52:27.273 20737 20737 E ArmVmp : Match on catch block at 0xc3 in for 0x95
02-14 20:52:27.290 20737 20737 E ArmVmp : Match on catch block at 0xc3 in for 0x95
02-14 20:52:27.293 20737 20737 E ArmVmp : Match on catch block at 0xc3 in for 0x99
02-14 20:52:27.304 20737 20737 E ArmVmp : Match on catch block at 0xc3 in for 0x99
02-14 20:52:27.309 20737 20737 E ArmVmp : Match on catch block at 0xc3 in for 0x91
02-14 20:52:27.317 20737 20737 E ArmVmp : Match on catch block at 0xc3 in for 0x91
02-14 20:52:27.322 20737 20737 E ArmVmp : Match on catch block at 0xc3 in for 0x95
02-14 20:52:27.334 20737 20737 E ArmVmp : Match on catch block at 0xc3 in for 0x95
02-14 20:52:27.337 20737 20737 E ArmVmp : Match on catch block at 0xc3 in for 0x99
02-14 20:52:27.350 20737 20737 E ArmVmp : Match on catch block at 0xc3 in for 0x99
02-14 20:52:27.353 20737 20737 E ArmVmp : Match on catch block at 0xc3 in for 0x91
02-14 20:52:27.432 20737 20737 E ArmVmp : Match on catch block at 0xc3 in for 0x91
02-14 20:52:27.436 20737 20737 E ArmVmp : Match on catch block at 0xc3 in for 0x95
02-14 20:52:27.548 20737 20737 E ArmVmp : Match on catch block at 0xc3 in for 0x99
02-14 20:52:27.551 20737 20737 E ArmVmp : Match on catch block at 0xc3 in for 0x91
02-14 20:52:27.558 20737 20737 E ArmVmp : Match on catch block at 0xc3 in for 0x91
02-14 20:52:27.562 20737 20737 E ArmVmp : Match on catch block at 0xc3 in for 0x95
02-14 20:52:27.585 20737 20737 E ArmVmp : Match on catch block at 0xc3 in for 0x91
02-14 20:52:27.588 20737 20737 E ArmVmp : Match on catch block at 0xc3 in for 0x95
02-14 20:52:27.604 20737 20737 E ArmVmp : Match on catch block at 0xc3 in for 0x95
02-14 20:52:27.608 20737 20737 E ArmVmp : Match on catch block at 0xc3 in for 0x99
02-14 20:52:27.632 20737 20737 E ArmVmp : Match on catch block at 0xc3 in for 0x91
02-14 20:52:27.635 20737 20737 E ArmVmp : Match on catch block at 0xc3 in for 0x95
02-14 20:52:27.726 20737 20737 E ArmVmp : Match on catch block at 0xc3 in for 0x95
02-14 20:52:27.730 20737 20737 E ArmVmp : Match on catch block at 0xc3 in for 0x99
02-14 20:52:28.006 20737 20737 E ArmVmp : Match on catch block at 0xc3 in for 0x95
02-14 20:52:28.010 20737 20737 E ArmVmp : Match on catch block at 0xc3 in for 0x99
02-14 20:52:28.041 20737 20737 E ArmVmp : Match on catch block at 0xc3 in for 0x91
02-14 20:52:28.045 20737 20737 E ArmVmp : Match on catch block at 0xc3 in for 0x95
02-14 20:52:28.162 20737 20737 E ArmVmp : Match on catch block at 0xc3 in for 0x91
02-14 20:52:28.166 20737 20737 E ArmVmp : Match on catch block at 0xc3 in for 0x95
02-14 20:52:28.175 20737 20737 E ArmVmp : Match on catch block at 0xc3 in for 0x95
02-14 20:52:28.180 20737 20737 E ArmVmp : Match on catch block at 0xc3 in for 0x99
02-14 20:52:28.207 20737 20737 E ArmVmp : Match on catch block at 0xc3 in for 0x95
02-14 20:52:28.210 20737 20737 E ArmVmp : Match on catch block at 0xc3 in for 0x99
02-14 20:52:28.245 20737 20737 E ArmVmp : Match on catch block at 0xc3 in for 0x91
02-14 20:52:28.249 20737 20737 E ArmVmp : Match on catch block at 0xc3 in for 0x95
02-14 20:52:28.257 20737 20737 E ArmVmp : Match on catch block at 0xc3 in for 0x95
02-14 20:52:28.264 20737 20737 E ArmVmp : Match on catch block at 0xc3 in for 0x99
02-14 20:52:28.530 20737 20737 E ArmVmp : Match on catch block at 0xc3 in for 0x95
02-14 20:52:28.536 20737 20737 E ArmVmp : Match on catch block at 0xc3 in for 0x99
02-14 20:52:28.695 20737 20737 E ArmVmp : Match on catch block at 0xc3 in for 0x95
02-14 20:52:28.700 20737 20737 E ArmVmp : Match on catch block at 0xc3 in for 0x99
02-14 20:52:28.713 20737 20737 E ArmVmp : Match on catch block at 0xc3 in for 0x95
02-14 20:52:28.717 20737 20737 E ArmVmp : Match on catch block at 0xc3 in for 0x99
02-14 20:52:28.746 20737 20737 E ArmVmp : Match on catch block at 0xc3 in for 0x91
02-14 20:52:28.749 20737 20737 E ArmVmp : Match on catch block at 0xc3 in for 0x95
02-14 20:52:28.759 20737 20737 E ArmVmp : Match on catch block at 0xc3 in for 0x95
02-14 20:52:28.766 20737 20737 E ArmVmp : Match on catch block at 0xc3 in for 0x99
02-14 20:52:28.797 20737 21550 W MediaPlayer: Use of stream types is deprecated for
operations other than volume control
02-14 20:52:28.797 20737 21550 W MediaPlayer: See the documentation of
setAudioStreamType() for what to use instead with android.media.AudioAttributes to
qualify your playback use case
02-14 20:52:28.823 20737 20737 E ArmVmp : Match on catch block at 0xc3 in for 0x99
02-14 20:52:28.829 20737 20737 E ArmVmp : Match on catch block at 0xc3 in for 0x91
02-14 20:52:28.971 20737 20754 W MediaPlayerNative: info/warning (1, 9120)
02-14 20:52:29.934 20737 20737 E ArmVmp : Match on catch block at 0xc3 in for 0x95
02-14 20:52:29.939 20737 20737 E ArmVmp : Match on catch block at 0xc3 in for 0x99
02-14 20:52:30.201 20737 20737 E ArmVmp : Match on catch block at 0xc3 in for 0x99
02-14 20:52:30.209 20737 20737 E ArmVmp : Match on catch block at 0xc3 in for 0x91
02-14 20:52:32.704 20737 20737 W Editor : updateCursorsPositions() : layout =
hintLayout
02-14 20:52:34.996 20737 20737 W Editor : updateCursorsPositions() : layout =
hintLayout
02-14 20:52:35.303 20737 20737 W Editor : updateCursorsPositions() : layout =
hintLayout
02-14 20:52:37.346 20737 20737 W Editor : updateCursorsPositions() : layout =
hintLayout
02-14 20:52:40.720 20737 20737 E ArmVmp : Match on catch block at 0x0a in for
0x165
02-14 20:52:42.872 20737 20737 W ActivityThread: handleWindowVisibility: no
activity for token android.os.BinderProxy@9fbb70e
02-14 20:52:57.675 20737 20737 W ActivityThread: handleWindowVisibility: no
activity for token android.os.BinderProxy@8f77f7a
02-14 20:52:58.027 20737 20737 E ArmVmp : Match on catch block at 0x0a in for 0xb9
02-14 20:52:58.033 20737 20737 E ArmVmp : Match on catch block at 0x0a in for 0xb5
02-14 20:52:58.210 20737 20737 E ArmVmp : Match on catch block at 0xc3 in for 0xa1
02-14 20:52:58.214 20737 20737 E ArmVmp : Match on catch block at 0xc3 in for 0xa1
02-14 20:52:58.335 20737 20737 E ArmVmp : Match on catch block at 0xc3 in for 0x95
02-14 20:52:58.337 20737 20737 E ArmVmp : Match on catch block at 0xc3 in for 0x99
02-14 20:52:58.405 20737 20737 E ArmVmp : Match on catch block at 0xc3 in for 0x95
02-14 20:52:58.407 20737 20737 E ArmVmp : Match on catch block at 0xc3 in for 0x99
02-14 20:52:58.433 20737 20737 E ArmVmp : Match on catch block at 0xc3 in for 0x91
02-14 20:52:58.435 20737 20737 E ArmVmp : Match on catch block at 0xc3 in for 0x95
02-14 20:52:58.467 20737 20737 E ArmVmp : Match on catch block at 0xc3 in for 0x95
02-14 20:52:58.471 20737 20737 E ArmVmp : Match on catch block at 0xc3 in for 0x99
02-14 20:52:58.485 20737 20737 E ArmVmp : Match on catch block at 0xc3 in for 0x91
02-14 20:52:58.490 20737 20737 E ArmVmp : Match on catch block at 0xc3 in for 0x95
02-14 20:52:58.550 20737 20737 E ArmVmp : Match on catch block at 0xc3 in for 0x99
02-14 20:52:58.553 20737 20737 E ArmVmp : Match on catch block at 0xc3 in for 0x91
02-14 20:52:58.587 20737 20737 E ArmVmp : Match on catch block at 0xc3 in for 0x95
02-14 20:52:58.591 20737 20737 E ArmVmp : Match on catch block at 0xc3 in for 0x99
02-14 20:52:58.662 20737 20737 E ArmVmp : Match on catch block at 0xc3 in for 0x99
02-14 20:52:58.666 20737 20737 E ArmVmp : Match on catch block at 0xc3 in for 0x91
02-14 20:52:58.712 20737 20737 E ArmVmp : Match on catch block at 0xc3 in for 0x95
02-14 20:52:58.716 20737 20737 E ArmVmp : Match on catch block at 0xc3 in for 0x99
02-14 20:52:58.732 20737 20737 E ArmVmp : Match on catch block at 0xc3 in for 0x99
02-14 20:52:58.736 20737 20737 E ArmVmp : Match on catch block at 0xc3 in for 0x91
02-14 20:52:58.751 20737 20737 E ArmVmp : Match on catch block at 0xc3 in for 0x91
02-14 20:52:58.755 20737 20737 E ArmVmp : Match on catch block at 0xc3 in for 0x95
02-14 20:52:58.794 20737 20737 E ArmVmp : Match on catch block at 0xc3 in for 0x95
02-14 20:52:58.800 20737 20737 E ArmVmp : Match on catch block at 0xc3 in for 0x99
02-14 20:52:58.813 20737 20737 E ArmVmp : Match on catch block at 0xc3 in for 0x99
02-14 20:52:58.817 20737 20737 E ArmVmp : Match on catch block at 0xc3 in for 0x91
02-14 20:52:58.829 20737 20737 E ArmVmp : Match on catch block at 0xc3 in for 0x91
02-14 20:52:58.834 20737 20737 E ArmVmp : Match on catch block at 0xc3 in for 0x95
02-14 20:52:58.844 20737 20737 E ArmVmp : Match on catch block at 0xc3 in for 0x95
02-14 20:52:58.849 20737 20737 E ArmVmp : Match on catch block at 0xc3 in for 0x99
02-14 20:52:58.898 20737 20737 E ArmVmp : Match on catch block at 0xc3 in for 0x91
02-14 20:52:58.904 20737 20737 E ArmVmp : Match on catch block at 0xc3 in for 0x95
02-14 20:52:58.919 20737 20737 E ArmVmp : Match on catch block at 0xc3 in for 0x95
02-14 20:52:58.923 20737 20737 E ArmVmp : Match on catch block at 0xc3 in for 0x99
02-14 20:52:58.939 20737 20737 E ArmVmp : Match on catch block at 0xc3 in for 0x99
02-14 20:52:58.943 20737 20737 E ArmVmp : Match on catch block at 0xc3 in for 0x91
02-14 20:52:58.957 20737 20737 E ArmVmp : Match on catch block at 0xc3 in for 0x91
02-14 20:52:58.960 20737 20737 E ArmVmp : Match on catch block at 0xc3 in for 0x95
02-14 20:52:58.975 20737 20737 E ArmVmp : Match on catch block at 0xc3 in for 0x99
02-14 20:52:58.978 20737 20737 E ArmVmp : Match on catch block at 0xc3 in for 0x91
02-14 20:52:58.990 20737 20737 E ArmVmp : Match on catch block at 0xc3 in for 0x95
02-14 20:52:58.993 20737 20737 E ArmVmp : Match on catch block at 0xc3 in for 0x99
02-14 20:52:59.003 20737 20737 E ArmVmp : Match on catch block at 0xc3 in for 0x99
02-14 20:52:59.008 20737 20737 E ArmVmp : Match on catch block at 0xc3 in for 0x91
02-14 20:52:59.020 20737 20737 E ArmVmp : Match on catch block at 0xc3 in for 0x91
02-14 20:52:59.023 20737 20737 E ArmVmp : Match on catch block at 0xc3 in for 0x95
02-14 20:52:59.036 20737 20737 E ArmVmp : Match on catch block at 0xc3 in for 0x95
02-14 20:52:59.040 20737 20737 E ArmVmp : Match on catch block at 0xc3 in for 0x99
02-14 20:52:59.053 20737 20737 E ArmVmp : Match on catch block at 0xc3 in for 0x91
02-14 20:52:59.056 20737 20737 E ArmVmp : Match on catch block at 0xc3 in for 0x95
02-14 20:52:59.069 20737 20737 E ArmVmp : Match on catch block at 0xc3 in for 0x95
02-14 20:52:59.073 20737 20737 E ArmVmp : Match on catch block at 0xc3 in for 0x99
02-14 20:52:59.085 20737 20737 E ArmVmp : Match on catch block at 0xc3 in for 0x99
02-14 20:52:59.089 20737 20737 E ArmVmp : Match on catch block at 0xc3 in for 0x91
02-14 20:52:59.102 20737 20737 E ArmVmp : Match on catch block at 0xc3 in for 0x91
02-14 20:52:59.106 20737 20737 E ArmVmp : Match on catch block at 0xc3 in for 0x95
02-14 20:52:59.118 20737 20737 E ArmVmp : Match on catch block at 0xc3 in for 0x95
02-14 20:52:59.121 20737 20737 E ArmVmp : Match on catch block at 0xc3 in for 0x99
02-14 20:52:59.135 20737 20737 E ArmVmp : Match on catch block at 0xc3 in for 0x99
02-14 20:52:59.138 20737 20737 E ArmVmp : Match on catch block at 0xc3 in for 0x91
02-14 20:52:59.151 20737 20737 E ArmVmp : Match on catch block at 0xc3 in for 0x91
02-14 20:52:59.154 20737 20737 E ArmVmp : Match on catch block at 0xc3 in for 0x95
02-14 20:52:59.167 20737 20737 E ArmVmp : Match on catch block at 0xc3 in for 0x95
02-14 20:52:59.170 20737 20737 E ArmVmp : Match on catch block at 0xc3 in for 0x99
02-14 20:52:59.183 20737 20737 E ArmVmp : Match on catch block at 0xc3 in for 0x99
02-14 20:52:59.187 20737 20737 E ArmVmp : Match on catch block at 0xc3 in for 0x91
02-14 20:52:59.200 20737 20737 E ArmVmp : Match on catch block at 0xc3 in for 0x91
02-14 20:52:59.203 20737 20737 E ArmVmp : Match on catch block at 0xc3 in for 0x95
02-14 20:52:59.216 20737 20737 E ArmVmp : Match on catch block at 0xc3 in for 0x95
02-14 20:52:59.220 20737 20737 E ArmVmp : Match on catch block at 0xc3 in for 0x99
02-14 20:52:59.232 20737 20737 E ArmVmp : Match on catch block at 0xc3 in for 0x99
02-14 20:52:59.235 20737 20737 E ArmVmp : Match on catch block at 0xc3 in for 0x91
02-14 20:52:59.486 20737 20737 E ArmVmp : Match on catch block at 0xc3 in for 0x91
02-14 20:52:59.493 20737 20737 E ArmVmp : Match on catch block at 0xc3 in for 0x95
02-14 20:52:59.974 20737 20737 E ArmVmp : Match on catch block at 0xc3 in for 0x91
02-14 20:52:59.981 20737 20737 E ArmVmp : Match on catch block at 0xc3 in for 0x95
02-14 20:53:00.462 20737 20737 E ArmVmp : Match on catch block at 0xc3 in for 0x95
02-14 20:53:00.468 20737 20737 E ArmVmp : Match on catch block at 0xc3 in for 0x99
02-14 20:53:00.494 20737 20737 E ArmVmp : Match on catch block at 0xc3 in for 0x99
02-14 20:53:00.500 20737 20737 E ArmVmp : Match on catch block at 0xc3 in for 0x91
02-14 20:53:00.510 20737 20737 E ArmVmp : Match on catch block at 0xc3 in for 0x91
02-14 20:53:00.516 20737 20737 E ArmVmp : Match on catch block at 0xc3 in for 0x95
02-14 20:53:00.526 20737 20737 E ArmVmp : Match on catch block at 0xc3 in for 0x95
02-14 20:53:00.530 20737 20737 E ArmVmp : Match on catch block at 0xc3 in for 0x99
02-14 20:53:00.542 20737 20737 E ArmVmp : Match on catch block at 0xc3 in for 0x99
02-14 20:53:00.546 20737 20737 E ArmVmp : Match on catch block at 0xc3 in for 0x91
02-14 20:53:00.558 20737 20737 E ArmVmp : Match on catch block at 0xc3 in for 0x91
02-14 20:53:00.562 20737 20737 E ArmVmp : Match on catch block at 0xc3 in for 0x95
02-14 20:53:00.574 20737 20737 E ArmVmp : Match on catch block at 0xc3 in for 0x95
02-14 20:53:00.577 20737 20737 E ArmVmp : Match on catch block at 0xc3 in for 0x99
02-14 20:53:00.590 20737 20737 E ArmVmp : Match on catch block at 0xc3 in for 0x99
02-14 20:53:00.593 20737 20737 E ArmVmp : Match on catch block at 0xc3 in for 0x91
02-14 20:53:00.607 20737 20737 E ArmVmp : Match on catch block at 0xc3 in for 0x91
02-14 20:53:00.610 20737 20737 E ArmVmp : Match on catch block at 0xc3 in for 0x95
02-14 20:53:00.624 20737 20737 E ArmVmp : Match on catch block at 0xc3 in for 0x95
02-14 20:53:00.628 20737 20737 E ArmVmp : Match on catch block at 0xc3 in for 0x99
02-14 20:53:00.640 20737 20737 E ArmVmp : Match on catch block at 0xc3 in for 0x99
02-14 20:53:00.643 20737 20737 E ArmVmp : Match on catch block at 0xc3 in for 0x91
02-14 20:53:00.656 20737 20737 E ArmVmp : Match on catch block at 0xc3 in for 0x91
02-14 20:53:00.660 20737 20737 E ArmVmp : Match on catch block at 0xc3 in for 0x95
02-14 20:53:00.681 20737 20737 E ArmVmp : Match on catch block at 0xc3 in for 0x95
02-14 20:53:00.684 20737 20737 E ArmVmp : Match on catch block at 0xc3 in for 0x99
02-14 20:53:00.690 20737 20737 E ArmVmp : Match on catch block at 0xc3 in for 0x99
02-14 20:53:00.695 20737 20737 E ArmVmp : Match on catch block at 0xc3 in for 0x91
02-14 20:53:00.706 20737 20737 E ArmVmp : Match on catch block at 0xc3 in for 0x91
02-14 20:53:00.710 20737 20737 E ArmVmp : Match on catch block at 0xc3 in for 0x95
02-14 20:53:00.722 20737 20737 E ArmVmp : Match on catch block at 0xc3 in for 0x95
02-14 20:53:00.725 20737 20737 E ArmVmp : Match on catch block at 0xc3 in for 0x99
02-14 20:53:00.738 20737 20737 E ArmVmp : Match on catch block at 0xc3 in for 0x99
02-14 20:53:00.742 20737 20737 E ArmVmp : Match on catch block at 0xc3 in for 0x91
02-14 20:53:00.755 20737 20737 E ArmVmp : Match on catch block at 0xc3 in for 0x91
02-14 20:53:00.758 20737 20737 E ArmVmp : Match on catch block at 0xc3 in for 0x95
02-14 20:53:00.842 20737 20737 E ArmVmp : Match on catch block at 0xc3 in for 0x91
02-14 20:53:00.845 20737 20737 E ArmVmp : Match on catch block at 0xc3 in for 0x95
02-14 20:53:00.853 20737 20737 E ArmVmp : Match on catch block at 0xc3 in for 0x95
02-14 20:53:00.857 20737 20737 E ArmVmp : Match on catch block at 0xc3 in for 0x99
02-14 20:53:00.971 20737 20737 E ArmVmp : Match on catch block at 0xc3 in for 0x99
02-14 20:53:00.976 20737 20737 E ArmVmp : Match on catch block at 0xc3 in for 0x91
02-14 20:53:01.119 20737 20737 E ArmVmp : Match on catch block at 0xc3 in for 0x91
02-14 20:53:01.123 20737 20737 E ArmVmp : Match on catch block at 0xc3 in for 0x95
