02-11 14:12:13.947 464 464 E ArmVmp : Match on catch block at 0xc3 in for 0x91
02-11 14:12:13.951 464 464 E ArmVmp : Match on catch block at 0xc3 in for 0x95
02-11 14:12:14.129 464 464 E ArmVmp : Match on catch block at 0xc3 in for 0x91
02-11 14:12:14.134 464 464 E ArmVmp : Match on catch block at 0xc3 in for 0x95
02-11 14:12:14.630 464 464 E ArmVmp : Match on catch block at 0xc3 in for 0x91
02-11 14:12:14.635 464 464 E ArmVmp : Match on catch block at 0xc3 in for 0x95
02-11 14:12:14.731 464 464 E ArmVmp : Match on catch block at 0xc3 in for 0x91
02-11 14:12:14.735 464 464 E ArmVmp : Match on catch block at 0xc3 in for 0x95
02-11 14:12:15.232 464 464 E ArmVmp : Match on catch block at 0xc3 in for 0x91
02-11 14:12:15.237 464 464 E ArmVmp : Match on catch block at 0xc3 in for 0x95
02-11 14:12:15.733 464 464 E ArmVmp : Match on catch block at 0xc3 in for 0x91
02-11 14:12:15.738 464 464 E ArmVmp : Match on catch block at 0xc3 in for 0x95
02-11 14:12:15.820 464 464 E ArmVmp : Match on catch block at 0xc3 in for 0x91
02-11 14:12:15.825 464 464 E ArmVmp : Match on catch block at 0xc3 in for 0x95
02-11 14:12:16.318 464 464 E ArmVmp : Match on catch block at 0xc3 in for 0x91
02-11 14:12:16.322 464 464 E ArmVmp : Match on catch block at 0xc3 in for 0x95
02-11 14:12:16.553 464 464 E ArmVmp : Match on catch block at 0xc3 in for 0x91
02-11 14:12:16.559 464 464 E ArmVmp : Match on catch block at 0xc3 in for 0x95
02-11 14:12:16.819 464 464 E ArmVmp : Match on catch block at 0xc3 in for 0x91
02-11 14:12:16.824 464 464 E ArmVmp : Match on catch block at 0xc3 in for 0x95
02-11 14:12:17.320 464 464 E ArmVmp : Match on catch block at 0xc3 in for 0x91
02-11 14:12:17.325 464 464 E ArmVmp : Match on catch block at 0xc3 in for 0x95
02-11 14:12:17.455 464 464 E ArmVmp : Match on catch block at 0xc3 in for 0x91
02-11 14:12:17.460 464 464 E ArmVmp : Match on catch block at 0xc3 in for 0x95
02-11 14:12:17.956 464 464 E ArmVmp : Match on catch block at 0xc3 in for 0x91
02-11 14:12:17.960 464 464 E ArmVmp : Match on catch block at 0xc3 in for 0x95
02-11 14:12:18.458 464 464 E ArmVmp : Match on catch block at 0xc3 in for 0x91
02-11 14:12:18.463 464 464 E ArmVmp : Match on catch block at 0xc3 in for 0x95
02-11 14:12:18.960 464 464 E ArmVmp : Match on catch block at 0xc3 in for 0x91
02-11 14:12:18.966 464 464 E ArmVmp : Match on catch block at 0xc3 in for 0x95
02-11 14:12:19.462 464 464 E ArmVmp : Match on catch block at 0xc3 in for 0x91
02-11 14:12:19.468 464 464 E ArmVmp : Match on catch block at 0xc3 in for 0x95
02-11 14:12:19.644 464 464 E ArmVmp : Match on catch block at 0xc3 in for 0x91
02-11 14:12:19.652 464 464 E ArmVmp : Match on catch block at 0xc3 in for 0x95
02-11 14:12:20.111 464 464 E ArmVmp : Match on catch block at 0xc3 in for 0x91
02-11 14:12:20.125 464 464 E ArmVmp : Match on catch block at 0xc3 in for 0x95
02-11 14:12:20.347 464 464 E ArmVmp : Match on catch block at 0xc3 in for 0x91
02-11 14:12:20.353 464 464 E ArmVmp : Match on catch block at 0xc3 in for 0x95
02-11 14:12:20.406 464 464 E ArmVmp : Match on catch block at 0xc3 in for 0x95
02-11 14:12:20.411 464 464 E ArmVmp : Match on catch block at 0xc3 in for 0x99
02-11 14:12:20.441 464 464 E ArmVmp : Match on catch block at 0xc3 in for 0x95
02-11 14:12:20.447 464 464 E ArmVmp : Match on catch block at 0xc3 in for 0x99
02-11 14:12:20.454 464 464 E ArmVmp : Match on catch block at 0xc3 in for 0x95
02-11 14:12:20.460 464 464 E ArmVmp : Match on catch block at 0xc3 in for 0x99
02-11 14:12:20.490 464 464 E ArmVmp : Match on catch block at 0xc3 in for 0x91
02-11 14:12:20.497 464 464 E ArmVmp : Match on catch block at 0xc3 in for 0x95
02-11 14:12:20.569 464 464 E ArmVmp : Match on catch block at 0xc3 in for 0x99
02-11 14:12:20.575 464 464 E ArmVmp : Match on catch block at 0xc3 in for 0x91
02-11 14:12:20.598 464 464 E ArmVmp : Match on catch block at 0xc3 in for 0x99
02-11 14:12:20.604 464 464 E ArmVmp : Match on catch block at 0xc3 in for 0x91
02-11 14:12:20.616 464 464 E ArmVmp : Match on catch block at 0xc3 in for 0x99
02-11 14:12:20.621 464 464 E ArmVmp : Match on catch block at 0xc3 in for 0x91
02-11 14:12:20.631 464 464 E ArmVmp : Match on catch block at 0xc3 in for 0x99
02-11 14:12:20.638 464 464 E ArmVmp : Match on catch block at 0xc3 in for 0x91
02-11 14:12:20.769 464 464 E ArmVmp : Match on catch block at 0xc3 in for 0x99
02-11 14:12:20.774 464 464 E ArmVmp : Match on catch block at 0xc3 in for 0x91
02-11 14:12:20.786 464 464 E ArmVmp : Match on catch block at 0xc3 in for 0x99
02-11 14:12:20.791 464 464 E ArmVmp : Match on catch block at 0xc3 in for 0x91
02-11 14:12:20.805 464 570 W MediaPlayer: Use of stream types is deprecated for operations other than volume control
02-11 14:12:20.805 464 570 W MediaPlayer: See the documentation of setAudioStreamType() for what to use instead with android.media.AudioAttributes to qualify your playback use case
02-11 14:12:20.897 464 464 E ArmVmp : Match on catch block at 0xc3 in for 0x95
02-11 14:12:20.906 464 464 E ArmVmp : Match on catch block at 0xc3 in for 0x99
02-11 14:12:21.224 464 464 W IInputConnectionWrapper: requestCursorAnchorInfo on inactive InputConnection
02-11 14:12:21.260 464 464 W IInputConnectionWrapper: getTextBeforeCursor on inactive InputConnection
02-11 14:12:21.261 464 464 W IInputConnectionWrapper: getTextAfterCursor on inactive InputConnection
02-11 14:12:21.264 464 464 W IInputConnectionWrapper: getSelectedText on inactive InputConnection
02-11 14:12:21.305 464 464 W IInputConnectionWrapper: performPrivateCommand on inactive InputConnection
02-11 14:12:21.306 464 464 W IInputConnectionWrapper: requestCursorAnchorInfo on inactive InputConnection
02-11 14:12:21.397 464 464 E ArmVmp : Match on catch block at 0xc3 in for 0x95
02-11 14:12:21.404 464 464 E ArmVmp : Match on catch block at 0xc3 in for 0x99
02-11 14:12:21.137 464 578 W Adreno-ES20: <core_glFinish:34>: glFinish skipped: 0
02-11 14:12:21.156 464 464 W IInputConnectionWrapper: requestCursorAnchorInfo on inactive InputConnection
02-11 14:12:21.176 464 464 E ArmVmp : Match on catch block at 0xc3 in for 0x95
02-11 14:12:21.187 464 464 E ArmVmp : Match on catch block at 0xc3 in for 0x99
02-11 14:12:21.241 464 464 E ArmVmp : Match on catch block at 0xc3 in for 0x95
02-11 14:12:21.245 464 464 E ArmVmp : Match on catch block at 0xc3 in for 0x99
02-11 14:12:21.263 464 464 E ArmVmp : Match on catch block at 0xc3 in for 0x91
02-11 14:12:21.268 464 464 E ArmVmp : Match on catch block at 0xc3 in for 0x95
02-11 14:12:21.291 464 464 E ArmVmp : Match on catch block at 0xc3 in for 0x91
02-11 14:12:21.295 464 464 E ArmVmp : Match on catch block at 0xc3 in for 0x95
02-11 14:12:21.724 464 464 E ArmVmp : Match on catch block at 0xc3 in for 0x91
02-11 14:12:21.728 464 464 E ArmVmp : Match on catch block at 0xc3 in for 0x95
02-11 14:12:21.747 464 464 E ArmVmp : Match on catch block at 0xc3 in for 0x91
02-11 14:12:21.753 464 464 E ArmVmp : Match on catch block at 0xc3 in for 0x95
02-11 14:12:21.771 464 464 E ArmVmp : Match on catch block at 0xc3 in for 0x91
02-11 14:12:21.776 464 464 E ArmVmp : Match on catch block at 0xc3 in for 0x95
02-11 14:12:21.795 464 464 E ArmVmp : Match on catch block at 0xc3 in for 0x91
02-11 14:12:21.799 464 464 E ArmVmp : Match on catch block at 0xc3 in for 0x95
02-11 14:12:21.817 464 464 E ArmVmp : Match on catch block at 0xc3 in for 0x91
02-11 14:12:21.822 464 464 E ArmVmp : Match on catch block at 0xc3 in for 0x95
02-11 14:12:21.840 464 464 E ArmVmp : Match on catch block at 0xc3 in for 0x91
02-11 14:12:21.844 464 464 E ArmVmp : Match on catch block at 0xc3 in for 0x95
02-11 14:12:21.862 464 464 E ArmVmp : Match on catch block at 0xc3 in for 0x91
02-11 14:12:21.866 464 464 E ArmVmp : Match on catch block at 0xc3 in for 0x95
02-11 14:12:21.884 464 464 E ArmVmp : Match on catch block at 0xc3 in for 0x91
02-11 14:12:21.888 464 464 E ArmVmp : Match on catch block at 0xc3 in for 0x95
02-11 14:12:21.906 464 464 E ArmVmp : Match on catch block at 0xc3 in for 0x91
02-11 14:12:21.909 464 464 E ArmVmp : Match on catch block at 0xc3 in for 0x95
02-11 14:12:21.929 464 464 E ArmVmp : Match on catch block at 0xc3 in for 0x91
02-11 14:12:21.934 464 464 E ArmVmp : Match on catch block at 0xc3 in for 0x95
02-11 14:12:21.953 464 464 E ArmVmp : Match on catch block at 0xc3 in for 0x91
02-11 14:12:21.958 464 464 E ArmVmp : Match on catch block at 0xc3 in for 0x95
02-11 14:12:21.977 464 464 E ArmVmp : Match on catch block at 0xc3 in for 0x91
02-11 14:12:21.982 464 464 E ArmVmp : Match on catch block at 0xc3 in for 0x95
02-11 14:12:22.283 464 578 W Adreno-ES20: <core_glFinish:34>: glFinish skipped: 0
02-11 14:12:22.285 464 578 W Adreno-ES20: <core_glFinish:34>: glFinish skipped: 0
02-11 14:12:22.292 464 464 E ArmVmp : Match on catch block at 0xc3 in for 0x91
02-11 14:12:22.297 464 464 E ArmVmp : Match on catch block at 0xc3 in for 0x95
02-11 14:20:31.505 464 578 W Adreno-ES20: <core_glFinish:34>: glFinish skipped: 0
02-11 14:20:31.506 464 578 W Adreno-ES20: <core_glFinish:34>: glFinish skipped: 0
02-11 14:20:31.849 464 464 E ArmVmp : Match on catch block at 0x0a in for 0xb5
02-11 14:20:31.897 464 464 E ArmVmp : Match on catch block at 0x0a in for 0xb1
02-11 14:20:32.090 464 578 W Adreno-EGL: <qeglDrvAPI_eglGetConfigAttrib:612>: EGL_BAD_ATTRIBUTE
02-11 14:20:32.213 464 464 E ArmVmp : Match on catch block at 0xc3 in for 0x91
02-11 14:20:32.232 464 464 E ArmVmp : Match on catch block at 0xc3 in for 0x95
02-11 14:20:32.308 464 464 E ArmVmp : Match on catch block at 0xc3 in for 0x91
02-11 14:20:32.314 464 464 E ArmVmp : Match on catch block at 0xc3 in for 0x95
02-11 14:20:32.414 464 464 E ArmVmp : Match on catch block at 0xc3 in for 0x91
02-11 14:20:32.425 464 464 E ArmVmp : Match on catch block at 0xc3 in for 0x95
02-11 14:20:32.857 464 464 E ArmVmp : Match on catch block at 0xc3 in for 0x91
02-11 14:20:32.865 464 464 E ArmVmp : Match on catch block at 0xc3 in for 0x95
02-11 14:20:32.876 464 464 E ArmVmp : Match on catch block at 0xc3 in for 0x91
02-11 14:20:32.881 464 464 E ArmVmp : Match on catch block at 0xc3 in for 0x95
02-11 14:20:32.890 464 464 E ArmVmp : Match on catch block at 0xc3 in for 0x91
02-11 14:20:32.896 464 464 E ArmVmp : Match on catch block at 0xc3 in for 0x95
02-11 14:20:32.909 464 464 E ArmVmp : Match on catch block at 0xc3 in for 0x91
02-11 14:20:32.917 464 464 E ArmVmp : Match on catch block at 0xc3 in for 0x95
02-11 14:20:32.926 464 464 E ArmVmp : Match on catch block at 0xc3 in for 0x91
02-11 14:20:32.933 464 464 E ArmVmp : Match on catch block at 0xc3 in for 0x95
02-11 14:20:32.944 464 464 E ArmVmp : Match on catch block at 0xc3 in for 0x91
02-11 14:20:32.949 464 464 E ArmVmp : Match on catch block at 0xc3 in for 0x95
02-11 14:20:32.960 464 464 E ArmVmp : Match on catch block at 0xc3 in for 0x91
02-11 14:20:32.969 464 464 E ArmVmp : Match on catch block at 0xc3 in for 0x95
02-11 14:20:32.992 464 464 E ArmVmp : Match on catch block at 0xc3 in for 0x91
02-11 14:20:32.998 464 464 E ArmVmp : Match on catch block at 0xc3 in for 0x95
02-11 14:20:33.009 464 464 E ArmVmp : Match on catch block at 0xc3 in for 0x91
02-11 14:20:33.016 464 464 E ArmVmp : Match on catch block at 0xc3 in for 0x95
02-11 14:20:33.027 464 464 E ArmVmp : Match on catch block at 0xc3 in for 0x91
02-11 14:20:33.032 464 464 E ArmVmp : Match on catch block at 0xc3 in for 0x95
02-11 14:20:33.041 464 464 E ArmVmp : Match on catch block at 0xc3 in for 0x91
02-11 14:20:33.047 464 464 E ArmVmp : Match on catch block at 0xc3 in for 0x95
02-11 14:20:33.057 464 464 E ArmVmp : Match on catch block at 0xc3 in for 0x91
02-11 14:20:33.063 464 464 E ArmVmp : Match on catch block at 0xc3 in for 0x95
02-11 14:20:33.074 464 464 E ArmVmp : Match on catch block at 0xc3 in for 0x91
02-11 14:20:33.080 464 464 E ArmVmp : Match on catch block at 0xc3 in for 0x95
02-11 14:20:33.094 464 464 E ArmVmp : Match on catch block at 0xc3 in for 0x91
02-11 14:20:33.099 464 464 E ArmVmp : Match on catch block at 0xc3 in for 0x95
02-11 14:20:33.110 464 464 E ArmVmp : Match on catch block at 0xc3 in for 0x91
02-11 14:20:33.115 464 464 E ArmVmp : Match on catch block at 0xc3 in for 0x95
02-11 14:20:33.125 464 464 E ArmVmp : Match on catch block at 0xc3 in for 0x91
02-11 14:20:33.131 464 464 E ArmVmp : Match on catch block at 0xc3 in for 0x95
02-11 14:20:33.141 464 464 E ArmVmp : Match on catch block at 0xc3 in for 0x91
02-11 14:20:33.146 464 464 E ArmVmp : Match on catch block at 0xc3 in for 0x95
02-11 14:20:33.174 464 464 E ArmVmp : Match on catch block at 0xc3 in for 0x91
02-11 14:20:33.179 464 464 E ArmVmp : Match on catch block at 0xc3 in for 0x95
02-11 14:20:33.393 464 464 E ArmVmp : Match on catch block at 0xc3 in for 0x91
02-11 14:20:33.398 464 464 E ArmVmp : Match on catch block at 0xc3 in for 0x95
02-11 14:20:33.860 464 464 E ArmVmp : Match on catch block at 0xc3 in for 0x91
02-11 14:20:33.865 464 464 E ArmVmp : Match on catch block at 0xc3 in for 0x95
02-11 14:20:33.876 464 464 E ArmVmp : Match on catch block at 0xc3 in for 0x91
02-11 14:20:33.882 464 464 E ArmVmp : Match on catch block at 0xc3 in for 0x95
02-11 14:20:33.893 464 464 E ArmVmp : Match on catch block at 0xc3 in for 0x91
02-11 14:20:33.898 464 464 E ArmVmp : Match on catch block at 0xc3 in for 0x95
02-11 14:20:33.910 464 464 E ArmVmp : Match on catch block at 0xc3 in for 0x91
02-11 14:20:33.914 464 464 E ArmVmp : Match on catch block at 0xc3 in for 0x95
02-11 14:20:33.926 464 464 E ArmVmp : Match on catch block at 0xc3 in for 0x91
02-11 14:20:33.931 464 464 E ArmVmp : Match on catch block at 0xc3 in for 0x95
02-11 14:20:33.943 464 464 E ArmVmp : Match on catch block at 0xc3 in for 0x91
02-11 14:20:33.948 464 464 E ArmVmp : Match on catch block at 0xc3 in for 0x95
02-11 14:20:33.960 464 464 E ArmVmp : Match on catch block at 0xc3 in for 0x91
02-11 14:20:33.965 464 464 E ArmVmp : Match on catch block at 0xc3 in for 0x95
02-11 14:20:33.976 464 464 E ArmVmp : Match on catch block at 0xc3 in for 0x91
02-11 14:20:33.981 464 464 E ArmVmp : Match on catch block at 0xc3 in for 0x95
02-11 14:20:33.994 464 464 E ArmVmp : Match on catch block at 0xc3 in for 0x91
02-11 14:20:34.002 464 464 E ArmVmp : Match on catch block at 0xc3 in for 0x95
02-11 14:20:34.012 464 464 E ArmVmp : Match on catch block at 0xc3 in for 0x91
02-11 14:20:34.019 464 464 E ArmVmp : Match on catch block at 0xc3 in for 0x95
02-11 14:20:34.031 464 464 E ArmVmp : Match on catch block at 0xc3 in for 0x91
02-11 14:20:34.036 464 464 E ArmVmp : Match on catch block at 0xc3 in for 0x95
02-11 14:20:34.043 464 464 E ArmVmp : Match on catch block at 0xc3 in for 0x91
02-11 14:20:34.050 464 464 E ArmVmp : Match on catch block at 0xc3 in for 0x95
02-11 14:20:34.061 464 464 E ArmVmp : Match on catch block at 0xc3 in for 0x91
02-11 14:20:34.067 464 464 E ArmVmp : Match on catch block at 0xc3 in for 0x95
02-11 14:20:34.078 464 464 E ArmVmp : Match on catch block at 0xc3 in for 0x91
02-11 14:20:34.086 464 464 E ArmVmp : Match on catch block at 0xc3 in for 0x95
02-11 14:20:34.095 464 464 E ArmVmp : Match on catch block at 0xc3 in for 0x91
02-11 14:20:34.101 464 464 E ArmVmp : Match on catch block at 0xc3 in for 0x95
02-11 14:20:34.111 464 464 E ArmVmp : Match on catch block at 0xc3 in for 0x91
02-11 14:20:34.117 464 464 E ArmVmp : Match on catch block at 0xc3 in for 0x95
02-11 14:20:34.128 464 464 E ArmVmp : Match on catch block at 0xc3 in for 0x91
02-11 14:20:34.133 464 464 E ArmVmp : Match on catch block at 0xc3 in for 0x95
02-11 14:20:34.413 464 464 E ArmVmp : Match on catch block at 0xc3 in for 0x91
02-11 14:20:34.419 464 464 E ArmVmp : Match on catch block at 0xc3 in for 0x95
02-11 14:20:34.916 464 464 E ArmVmp : Match on catch block at 0xc3 in for 0x91
02-11 14:20:34.923 464 464 E ArmVmp : Match on catch block at 0xc3 in for 0x95
02-11 14:20:36.549 464 578 W Adreno-ES20: <core_glFinish:34>: glFinish skipped: 0
02-11 14:20:36.554 464 578 W Adreno-ES20: <core_glFinish:34>: glFinish skipped: 0
02-11 14:20:36.574 464 464 E ArmVmp : Match on catch block at 0xc3 in for 0x99
02-11 14:20:36.579 464 464 E ArmVmp : Match on catch block at 0xc3 in for 0x91
02-11 14:20:36.620 464 578 W Adreno-ES20: <core_glFinish:34>: glFinish skipped: 0
02-11 14:20:36.654 464 578 W Adreno-ES20: <core_glFinish:34>: glFinish skipped: 0
02-11 14:21:08.677 464 578 W Adreno-ES20: <core_glFinish:34>: glFinish skipped: 0
02-11 14:21:08.685 464 578 W Adreno-ES20: <core_glFinish:34>: glFinish skipped: 0
02-11 14:21:08.757 464 578 W Adreno-ES20: <core_glFinish:34>: glFinish skipped: 0
02-11 14:21:08.758 464 578 W Adreno-ES20: <core_glFinish:34>: glFinish skipped: 0 --------- beginning of main
02-11 14:43:30.720 7283 7283 W System.err: java.lang.ClassNotFoundException: mbmodsd.mbmodsw.ui.views.btn.BtnBK
02-11 14:43:30.720 7283 7283 W System.err: at java.lang.VMClassLoader.findLoadedClass(Native Method)
02-11 14:43:30.720 7283 7283 W System.err: at java.lang.ClassLoader.findLoadedClass(ClassLoader.java:738)
02-11 14:43:30.720 7283 7283 W System.err: at java.lang.ClassLoader.loadClass(ClassLoader.java:363)
02-11 14:43:30.720 7283 7283 W System.err: at java.lang.ClassLoader.loadClass(ClassLoader.java:312)
02-11 14:43:30.720 7283 7283 W System.err: at java.lang.Runtime.nativeLoad(Native Method)
02-11 14:43:30.720 7283 7283 W System.err: at java.lang.Runtime.doLoad(Runtime.java:1099)
02-11 14:43:30.720 7283 7283 W System.err: at java.lang.Runtime.loadLibrary0(Runtime.java:1014)
02-11 14:43:30.720 7283 7283 W System.err: at java.lang.System.loadLibrary(System.java:1657)
02-11 14:43:30.720 7283 7283 W System.err: at arm.EpicVm.<clinit>(Unknown Source:2)
02-11 14:43:30.720 7283 7283 W System.err: at java.lang.Class.newInstance(Native Method)
02-11 14:43:30.721 7283 7283 W System.err: at android.app.Instrumentation.newApplication(Instrumentation.java:1140)
02-11 14:43:30.721 7283 7283 W System.err: at android.app.Instrumentation.newApplication(Instrumentation.java:1125)
02-11 14:43:30.721 7283 7283 W System.err: at android.app.LoadedApk.makeApplication(LoadedApk.java:983)
02-11 14:43:30.721 7283 7283 W System.err: at android.app.ActivityThread.handleBindApplication(ActivityThread.java:5751)
02-11 14:43:30.721 7283 7283 W System.err: at android.app.ActivityThread.- wrap1(Unknown Source:0)
02-11 14:43:30.721 7283 7283 W System.err: at android.app.ActivityThread$H.handleMessage(ActivityThread.java:1680)
02-11 14:43:30.721 7283 7283 W System.err: at android.os.Handler.dispatchMessage(Handler.java:106)
02-11 14:43:30.721 7283 7283 W System.err: at android.os.Looper.loop(Looper.java:164)
02-11 14:43:30.721 7283 7283 W System.err: at android.app.ActivityThread.main(ActivityThread.java:6539)
02-11 14:43:30.721 7283 7283 W System.err: at java.lang.reflect.Method.invoke(Native Method)
02-11 14:43:30.721 7283 7283 W System.err: at com.android.internal.os.RuntimeInit$MethodAndArgsCaller.run(RuntimeInit.java:438)
02-11 14:43:30.721 7283 7283 W System.err: at com.android.internal.os.ZygoteInit.main(ZygoteInit.java:807)
02-11 14:43:30.721 7283 7283 W System.err: Caused by: java.lang.NoClassDefFoundError: Failed resolution of: Lcom/whatsapp/components/Button;
02-11 14:43:30.721 7283 7283 W System.err: ... 18 more
02-11 14:43:30.721 7283 7283 W System.err: Caused by: java.lang.ClassNotFoundException: Didn't find class "com.whatsapp.components.Button" on path: DexPathList[[zip file "/data/app/com.whatsapp-UEj3oGZH85olLjPuviRrSA==/base.apk"],nativeLibraryDirectorie s=[/data/app/com.whatsapp-UEj3oGZH85olLjPuviRrSA==/lib/arm, /data/app/com.whatsapp- UEj3oGZH85olLjPuviRrSA==/base.apk!/lib/armeabi-v7a, /system/lib, /vendor/lib]]
02-11 14:43:30.721 7283 7283 W System.err: at dalvik.system.BaseDexClassLoader.findClass(BaseDexClassLoader.java:125)
02-11 14:43:30.721 7283 7283 W System.err: at java.lang.ClassLoader.loadClass(ClassLoader.java:379)
02-11 14:43:30.721 7283 7283 W System.err: at java.lang.ClassLoader.loadClass(ClassLoader.java:312)
02-11 14:43:30.721 7283 7283 W System.err: ... 18 more
02-11 14:43:30.807 7283 7283 E CustomActivityOnCrash: IMPORTANT WARNING! You already have an UncaughtExceptionHandler, are you sure this is correct? If you use a custom UncaughtExceptionHandler, you must initialize it AFTER CustomActivityOnCrash! Installing anyway, but your original handler will not be called.
02-11 14:43:31.938 7283 7329 W zygote : Class X.2rL failed lock verification and will run slower.
02-11 14:43:31.938 7283 7329 W zygote : Common causes for lock verification issues are non-optimized dex code
02-11 14:43:31.938 7283 7329 W zygote : and incorrect proguard optimizations.
02-11 14:43:31.957 7283 7283 W zygote : Class X.0eU failed lock verification and will run slower. --------- beginning of system
02-11 14:43:32.278 7283 7283 W zygote : Class com.whatsapp.HomeActivity failed lock verification and will run slower.
02-11 14:43:32.588 7283 7283 W ResourceType: Too many attribute references, stopped at: 0x01010034
02-11 14:43:32.597 7283 7283 W ResourceType: Too many attribute references, stopped at: 0x01010034
02-11 14:43:33.061 7283 7283 E ArmVmp : Match on catch block at 0x0a in for 0xb9
02-11 14:43:33.122 7283 7283 E ArmVmp : Match on catch block at 0x0a in for 0x121
02-11 14:43:33.925 7283 7283 W StaticLayout: maxLineHeight should not be -1. maxLines:1 lineCount:1
02-11 14:43:33.964 7283 7283 W StaticLayout: maxLineHeight should not be -1. maxLines:1 lineCount:1
02-11 14:43:35.131 7283 7283 E RecyclerView: No adapter attached; skipping layout
02-11 14:43:35.232 7283 7283 E ArmVmp : Match on catch block at 0x0a in for 0xc1
02-11 14:43:35.396 7283 7283 E RecyclerView: No adapter attached; skipping layout
02-11 14:43:35.743 7283 7422 W LOTTIE : Animation contains merge paths. Merge paths are only supported on KitKat+ and must be manually enabled by calling enableMergePathsForKitKatAndAbove().
02-11 14:43:35.820 7283 7283 W StaticLayout: maxLineHeight should not be -1. maxLines:1 lineCount:1
02-11 14:43:35.829 7283 7283 W StaticLayout: maxLineHeight should not be -1. maxLines:1 lineCount:1
02-11 14:43:35.845 7283 7352 W Adreno-ES20: <get_gpu_clk:229>: open failed: errno 13
02-11 14:43:35.848 7283 7352 W Adreno-EGL: <qeglDrvAPI_eglGetConfigAttrib:612>: EGL_BAD_ATTRIBUTE
02-11 14:43:35.866 7283 7352 W Adreno-EGL: <qeglDrvAPI_eglGetConfigAttrib:612>: EGL_BAD_ATTRIBUTE
02-11 14:43:36.030 7283 7283 W LOTTIE : Animation contains merge paths but they are disabled.
02-11 14:43:36.122 7283 7352 W Adreno-EGL: <qeglDrvAPI_eglGetConfigAttrib:612>: EGL_BAD_ATTRIBUTE
02-11 14:43:38.220 7283 7299 W LibraryVersion: Failed to get app version for libraryName: firebase-iid
02-11 14:43:44.183 7283 7352 W Adreno-ES20: <core_glFinish:34>: glFinish skipped: 0
02-11 14:43:44.214 7283 7352 W Adreno-ES20: <core_glFinish:34>: glFinish skipped: 0
02-11 14:43:46.013 7283 7352 W Adreno-ES20: <core_glFinish:34>: glFinish skipped: 0
02-11 14:43:46.023 7283 7352 W Adreno-ES20: <core_glFinish:34>: glFinish skipped: 0 --------- beginning of main
02-11 16:02:00.244 19752 19752 W System.err: java.lang.ClassNotFoundException: mbmodsd.mbmodsw.ui.views.btn.BtnBK
02-11 16:02:00.244 19752 19752 W System.err: at java.lang.VMClassLoader.findLoadedClass(Native Method)
02-11 16:02:00.244 19752 19752 W System.err: at java.lang.ClassLoader.findLoadedClass(ClassLoader.java:738)
02-11 16:02:00.244 19752 19752 W System.err: at java.lang.ClassLoader.loadClass(ClassLoader.java:363)
02-11 16:02:00.244 19752 19752 W System.err: at java.lang.ClassLoader.loadClass(ClassLoader.java:312)
02-11 16:02:00.244 19752 19752 W System.err: at java.lang.Runtime.nativeLoad(Native Method)
02-11 16:02:00.244 19752 19752 W System.err: at java.lang.Runtime.doLoad(Runtime.java:1099)
02-11 16:02:00.244 19752 19752 W System.err: at java.lang.Runtime.loadLibrary0(Runtime.java:1014)
02-11 16:02:00.244 19752 19752 W System.err: at java.lang.System.loadLibrary(System.java:1657)
02-11 16:02:00.244 19752 19752 W System.err: at arm.EpicVm.<clinit>(Unknown Source:2)
02-11 16:02:00.244 19752 19752 W System.err: at java.lang.Class.newInstance(Native Method)
02-11 16:02:00.244 19752 19752 W System.err: at android.app.Instrumentation.newApplication(Instrumentation.java:1140)
02-11 16:02:00.244 19752 19752 W System.err: at android.app.Instrumentation.newApplication(Instrumentation.java:1125)
02-11 16:02:00.244 19752 19752 W System.err: at android.app.LoadedApk.makeApplication(LoadedApk.java:983)
02-11 16:02:00.245 19752 19752 W System.err: at android.app.ActivityThread.handleBindApplication(ActivityThread.java:5751)
02-11 16:02:00.245 19752 19752 W System.err: at android.app.ActivityThread.- wrap1(Unknown Source:0)
02-11 16:02:00.245 19752 19752 W System.err: at android.app.ActivityThread$H.handleMessage(ActivityThread.java:1680)
02-11 16:02:00.245 19752 19752 W System.err: at android.os.Handler.dispatchMessage(Handler.java:106)
02-11 16:02:00.245 19752 19752 W System.err: at android.os.Looper.loop(Looper.java:164)
02-11 16:02:00.245 19752 19752 W System.err: at android.app.ActivityThread.main(ActivityThread.java:6539)
02-11 16:02:00.245 19752 19752 W System.err: at java.lang.reflect.Method.invoke(Native Method)
02-11 16:02:00.245 19752 19752 W System.err: at com.android.internal.os.RuntimeInit$MethodAndArgsCaller.run(RuntimeInit.java:438)
02-11 16:02:00.245 19752 19752 W System.err: at com.android.internal.os.ZygoteInit.main(ZygoteInit.java:807)
02-11 16:02:00.245 19752 19752 W System.err: Caused by: java.lang.NoClassDefFoundError: Failed resolution of: Lcom/whatsapp/components/Button;
02-11 16:02:00.245 19752 19752 W System.err: ... 18 more
02-11 16:02:00.245 19752 19752 W System.err: Caused by: java.lang.ClassNotFoundException: Didn't find class "com.whatsapp.components.Button" on path: DexPathList[[zip file "/data/app/com.whatsapp-UEj3oGZH85olLjPuviRrSA==/base.apk"],nativeLibraryDirectorie s=[/data/app/com.whatsapp-UEj3oGZH85olLjPuviRrSA==/lib/arm, /data/app/com.whatsapp- UEj3oGZH85olLjPuviRrSA==/base.apk!/lib/armeabi-v7a, /system/lib, /vendor/lib]]
02-11 16:02:00.245 19752 19752 W System.err: at dalvik.system.BaseDexClassLoader.findClass(BaseDexClassLoader.java:125)
02-11 16:02:00.245 19752 19752 W System.err: at java.lang.ClassLoader.loadClass(ClassLoader.java:379)
02-11 16:02:00.245 19752 19752 W System.err: at java.lang.ClassLoader.loadClass(ClassLoader.java:312)
02-11 16:02:00.245 19752 19752 W System.err: ... 18 more
02-11 16:02:00.329 19752 19752 E CustomActivityOnCrash: IMPORTANT WARNING! You already have an UncaughtExceptionHandler, are you sure this is correct? If you use a custom UncaughtExceptionHandler, you must initialize it AFTER CustomActivityOnCrash! Installing anyway, but your original handler will not be called.
02-11 16:02:01.281 19752 19800 W zygote : Class X.2rL failed lock verification and will run slower.
02-11 16:02:01.281 19752 19800 W zygote : Common causes for lock verification issues are non-optimized dex code
02-11 16:02:01.281 19752 19800 W zygote : and incorrect proguard optimizations.
02-11 16:02:01.303 19752 19752 W zygote : Class X.0eU failed lock verification and will run slower. --------- beginning of system
02-11 16:02:01.587 19752 19752 W zygote : Class com.whatsapp.HomeActivity failed lock verification and will run slower.
02-11 16:02:01.946 19752 19752 W ResourceType: Too many attribute references, stopped at: 0x01010034
02-11 16:02:01.956 19752 19752 W ResourceType: Too many attribute references, stopped at: 0x01010034
02-11 16:02:02.018 19752 19752 E ArmVmp : Match on catch block at 0x0a in for 0xb1
02-11 16:02:02.080 19752 19752 E ArmVmp : Match on catch block at 0x0a in for 0x129
02-11 16:02:03.139 19752 19752 W StaticLayout: maxLineHeight should not be -1. maxLines:1 lineCount:1
02-11 16:02:03.180 19752 19752 W StaticLayout: maxLineHeight should not be -1. maxLines:1 lineCount:1
02-11 16:02:03.858 19752 19752 E RecyclerView: No adapter attached; skipping layout
02-11 16:02:03.949 19752 19752 E RecyclerView: No adapter attached; skipping layout
02-11 16:02:03.957 19752 19752 E ArmVmp : Match on catch block at 0x0a in for 0xc5
02-11 16:02:04.208 19752 19907 W LOTTIE : Animation contains merge paths. Merge paths are only supported on KitKat+ and must be manually enabled by calling enableMergePathsForKitKatAndAbove().
02-11 16:02:04.279 19752 19752 W StaticLayout: maxLineHeight should not be -1. maxLines:1 lineCount:1
02-11 16:02:04.283 19752 19752 W StaticLayout: maxLineHeight should not be -1. maxLines:1 lineCount:1
02-11 16:02:04.295 19752 19888 W Adreno-ES20: <get_gpu_clk:229>: open failed: errno 13
02-11 16:02:04.283 19752 19752 W RenderThread: type=1400 audit(0.0:303384): avc: denied { search } for name="kgsl-3d0" dev="sysfs" ino=20173 scontext=u:r:untrusted_app:s0:c512,c768 tcontext=u:object_r:sysfs_kgsl:s0 tclass=dir permissive=0
02-11 16:02:04.298 19752 19888 W Adreno-EGL: <qeglDrvAPI_eglGetConfigAttrib:612>: EGL_BAD_ATTRIBUTE
02-11 16:02:04.302 19752 19888 W Adreno-EGL: <qeglDrvAPI_eglGetConfigAttrib:612>: EGL_BAD_ATTRIBUTE
02-11 16:02:04.470 19752 19752 W LOTTIE : Animation contains merge paths but they are disabled.
02-11 16:02:05.245 19752 19772 W LibraryVersion: Failed to get app version for libraryName: firebase-iid
02-11 16:02:05.637 19752 19888 W Adreno-EGL: <qeglDrvAPI_eglGetConfigAttrib:612>: EGL_BAD_ATTRIBUTE
02-11 16:02:05.654 19752 19888 W Adreno-EGL: <qeglDrvAPI_eglGetConfigAttrib:612>: EGL_BAD_ATTRIBUTE
02-11 16:02:05.721 19752 19797 E SQLiteDatabase: Error inserting media_duration=18 file_path=null transferred=0 thumbnail_height_width_ratio=1.0 face_y=0 face_x=0 trim_from=0 media_caption=null transcoded=0 message_url=https://mmg.whatsapp.net/v/t62.7161- 24/30026558_7647859151893883_2837588797442040118_n.enc?ccb=11- 4&oh=01_AdSqrGI7KKGUjCOCAz49mpfU3eDQH1J52ehL3s- JfBtwSA&oe=65F07778&_nc_sid=5e03e0&mms3=true first_scan_sidecar=null direct_path=/v/t62.7161-24/30026558_7647859151893883_2837588797442040118_n.enc? ccb=11-4&oh=01_AdSqrGI7KKGUjCOCAz49mpfU3eDQH1J52ehL3s- JfBtwSA&oe=65F07778&_nc_sid=5e03e0 original_file_hash=null is_animated_sticker=0 media_name=null has_streaming_sidecar=1 partial_media_enc_hash=null media_key=[B@8c0d891 multicast_id=null page_count=0 height=576 partial_media_hash=null gif_attribution=0 mute_video=0 autotransfer_retry_enabled=0 first_scan_length=0 trim_to=0 media_key_timestamp=1707678804000 file_size=0 chat_row_id=11 media_job_uuid=2dfe6c86-d00f-4d6a-880c-975f0e0e35bc message_row_id=2362 enc_file_hash=qNoDbPAzbBcDbR+CKDDIfrssUfPebW0uasP7V+isOIM= file_hash=LGal+YxpS8LZIhwsh7+bTmA4Qg7a65GGeThQC7d20WQ= mime_type=video/mp4 media_upload_handle=null suspicious_content=0 width=576 file_length=459387
02-11 16:02:05.721 19752 19797 E SQLiteDatabase: android.database.sqlite.SQLiteConstraintException: UNIQUE constraint failed: message_media.message_row_id (code 1555)
02-11 16:02:05.721 19752 19797 E SQLiteDatabase: at android.database.sqlite.SQLiteConnection.nativeExecuteForLastInsertedRowId(Native Method)
02-11 16:02:05.721 19752 19797 E SQLiteDatabase: at android.database.sqlite.SQLiteConnection.executeForLastInsertedRowId(SQLiteConnecti on.java:790)
02-11 16:02:05.721 19752 19797 E SQLiteDatabase: at android.database.sqlite.SQLiteSession.executeForLastInsertedRowId(SQLiteSession.jav a:788)
02-11 16:02:05.721 19752 19797 E SQLiteDatabase: at android.database.sqlite.SQLiteStatement.executeInsert(SQLiteStatement.java:86)
02-11 16:02:05.721 19752 19797 E SQLiteDatabase: at android.database.sqlite.SQLiteDatabase.insertWithOnConflict(SQLiteDatabase.java:154 8)
02-11 16:02:05.721 19752 19797 E SQLiteDatabase: at android.database.sqlite.SQLiteDatabase.insert(SQLiteDatabase.java:1417)
02-11 16:02:05.721 19752 19797 E SQLiteDatabase: at X.2tm.A08(Unknown Source:6)
02-11 16:02:05.721 19752 19797 E SQLiteDatabase: at X.35Y.A07(Unknown Source:212)
02-11 16:02:05.721 19752 19797 E SQLiteDatabase: at X.3QF.A14(Unknown Source:470)
02-11 16:02:05.721 19752 19797 E SQLiteDatabase: at X.3gU.run(Unknown Source:982)
02-11 16:02:05.721 19752 19797 E SQLiteDatabase: at android.os.Handler.handleCallback(Handler.java:790)
02-11 16:02:05.721 19752 19797 E SQLiteDatabase: at android.os.Handler.dispatchMessage(Handler.java:99)
02-11 16:02:05.721 19752 19797 E SQLiteDatabase: at X.0zq.dispatchMessage(Unknown Source:4)
02-11 16:02:05.721 19752 19797 E SQLiteDatabase: at android.os.Looper.loop(Looper.java:164)
02-11 16:02:05.721 19752 19797 E SQLiteDatabase: at android.os.HandlerThread.run(HandlerThread.java:65)
02-11 16:02:05.727 19752 19797 E SQLiteDatabase: Error inserting media_duration=19 file_path=null transferred=0 thumbnail_height_width_ratio=1.0 face_y=0 face_x=0 trim_from=0 media_caption=null transcoded=0 message_url=https://mmg.whatsapp.net/v/t62.7161- 24/19160830_917632000022748_6924711508416955328_n.enc?ccb=11- 4&oh=01_AdQMMDIx2VHOiE1HSL14NcwtefTkZqx_- XBR6m7073Y25Q&oe=65F091D2&_nc_sid=5e03e0&mms3=true first_scan_sidecar=null direct_path=/v/t62.7161-24/19160830_917632000022748_6924711508416955328_n.enc? ccb=11-4&oh=01_AdQMMDIx2VHOiE1HSL14NcwtefTkZqx_- XBR6m7073Y25Q&oe=65F091D2&_nc_sid=5e03e0 original_file_hash=null is_animated_sticker=0 media_name=null has_streaming_sidecar=1 partial_media_enc_hash=null media_key=[B@534c264 multicast_id=null page_count=0 height=368 partial_media_hash=null gif_attribution=0 mute_video=0 autotransfer_retry_enabled=0 first_scan_length=0 trim_to=0 media_key_timestamp=1707677859000 file_size=0 chat_row_id=11 media_job_uuid=7aa9a4b2-5330-4884-ae12-7c6438f14394 message_row_id=2361 enc_file_hash=SMH6lfdd20xKnKSG4+Tmoart7CrdYiAmE+X6iLotC0w= file_hash=kCQh2ehT+EFDiauLN3drRlYZXmIwJZpa28RpUBi2lSI= mime_type=video/mp4 media_upload_handle=null suspicious_content=0 width=368 file_length=1865332
02-11 16:02:05.727 19752 19797 E SQLiteDatabase: android.database.sqlite.SQLiteConstraintException: UNIQUE constraint failed: message_media.message_row_id (code 1555)
02-11 16:02:05.727 19752 19797 E SQLiteDatabase: at android.database.sqlite.SQLiteConnection.nativeExecuteForLastInsertedRowId(Native Method)
02-11 16:02:05.727 19752 19797 E SQLiteDatabase: at android.database.sqlite.SQLiteConnection.executeForLastInsertedRowId(SQLiteConnecti on.java:790)
02-11 16:02:05.727 19752 19797 E SQLiteDatabase: at android.database.sqlite.SQLiteSession.executeForLastInsertedRowId(SQLiteSession.jav a:788)
02-11 16:02:05.727 19752 19797 E SQLiteDatabase: at android.database.sqlite.SQLiteStatement.executeInsert(SQLiteStatement.java:86)
02-11 16:02:05.727 19752 19797 E SQLiteDatabase: at android.database.sqlite.SQLiteDatabase.insertWithOnConflict(SQLiteDatabase.java:154 8)
02-11 16:02:05.727 19752 19797 E SQLiteDatabase: at android.database.sqlite.SQLiteDatabase.insert(SQLiteDatabase.java:1417)
02-11 16:02:05.727 19752 19797 E SQLiteDatabase: at X.2tm.A08(Unknown Source:6)
02-11 16:02:05.727 19752 19797 E SQLiteDatabase: at X.35Y.A07(Unknown Source:212)
02-11 16:02:05.727 19752 19797 E SQLiteDatabase: at X.3QF.A14(Unknown Source:470)
02-11 16:02:05.727 19752 19797 E SQLiteDatabase: at X.3gU.run(Unknown Source:982)
02-11 16:02:05.727 19752 19797 E SQLiteDatabase: at android.os.Handler.handleCallback(Handler.java:790)
02-11 16:02:05.727 19752 19797 E SQLiteDatabase: at android.os.Handler.dispatchMessage(Handler.java:99)
02-11 16:02:05.727 19752 19797 E SQLiteDatabase: at X.0zq.dispatchMessage(Unknown Source:4)
02-11 16:02:05.727 19752 19797 E SQLiteDatabase: at android.os.Looper.loop(Looper.java:164)
02-11 16:02:05.727 19752 19797 E SQLiteDatabase: at android.os.HandlerThread.run(HandlerThread.java:65)
02-11 16:02:05.734 19752 19797 E SQLiteDatabase: Error inserting media_duration=30 file_path=null transferred=0 thumbnail_height_width_ratio=1.2467532 face_y=0 face_x=0 trim_from=0 media_caption=null transcoded=0 message_url=https://mmg.whatsapp.net/v/t62.7161- 24/20099701_1103334440704105_5212754030738752043_n.enc?ccb=11- 4&oh=01_AdTzs6U8NRKtAbrSN1M_CY0sQQu2_eG0xpB0xVypkXEMGA&oe=65F08AA8&_nc_sid=5e03e0&m ms3=true first_scan_sidecar=null direct_path=/v/t62.7161- 24/20099701_1103334440704105_5212754030738752043_n.enc?ccb=11- 4&oh=01_AdTzs6U8NRKtAbrSN1M_CY0sQQu2_eG0xpB0xVypkXEMGA&oe=65F08AA8&_nc_sid=5e03e0 original_file_hash=null is_animated_sticker=0 media_name=null has_streaming_sidecar=1 partial_media_enc_hash=null media_key=[B@1ada0d0 multicast_id=null page_count=0 height=720 partial_media_hash=null gif_attribution=0 mute_video=0 autotransfer_retry_enabled=0 first_scan_length=0 trim_to=0 media_key_timestamp=1707679380000 file_size=0 chat_row_id=11 media_job_uuid=6d1805c9-e61b-477b-9b3d-0ce142bf5486 message_row_id=2364 enc_file_hash=gGa4yuanv7ttrL6JRIXUx0Vgz7SvZKa2ZMn0f+om6g4= file_hash=WTRq/uEpt5nlU3juKUwWPCXf4ObwNn2aGBF39lqAIXQ= mime_type=video/mp4 media_upload_handle=null suspicious_content=0 width=576 file_length=1375161
02-11 16:02:05.734 19752 19797 E SQLiteDatabase: android.database.sqlite.SQLiteConstraintException: UNIQUE constraint failed: message_media.message_row_id (code 1555)
02-11 16:02:05.734 19752 19797 E SQLiteDatabase: at android.database.sqlite.SQLiteConnection.nativeExecuteForLastInsertedRowId(Native Method)
02-11 16:02:05.734 19752 19797 E SQLiteDatabase: at android.database.sqlite.SQLiteConnection.executeForLastInsertedRowId(SQLiteConnecti on.java:790)
02-11 16:02:05.734 19752 19797 E SQLiteDatabase: at android.database.sqlite.SQLiteSession.executeForLastInsertedRowId(SQLiteSession.jav a:788)
02-11 16:02:05.734 19752 19797 E SQLiteDatabase: at android.database.sqlite.SQLiteStatement.executeInsert(SQLiteStatement.java:86)
02-11 16:02:05.734 19752 19797 E SQLiteDatabase: at android.database.sqlite.SQLiteDatabase.insertWithOnConflict(SQLiteDatabase.java:154 8)
02-11 16:02:05.734 19752 19797 E SQLiteDatabase: at android.database.sqlite.SQLiteDatabase.insert(SQLiteDatabase.java:1417)
02-11 16:02:05.734 19752 19797 E SQLiteDatabase: at X.2tm.A08(Unknown Source:6)
02-11 16:02:05.734 19752 19797 E SQLiteDatabase: at X.35Y.A07(Unknown Source:212)
02-11 16:02:05.734 19752 19797 E SQLiteDatabase: at X.3QF.A14(Unknown Source:470)
02-11 16:02:05.734 19752 19797 E SQLiteDatabase: at X.3gU.run(Unknown Source:982)
02-11 16:02:05.734 19752 19797 E SQLiteDatabase: at android.os.Handler.handleCallback(Handler.java:790)
02-11 16:02:05.734 19752 19797 E SQLiteDatabase: at android.os.Handler.dispatchMessage(Handler.java:99)
02-11 16:02:05.734 19752 19797 E SQLiteDatabase: at X.0zq.dispatchMessage(Unknown Source:4)
02-11 16:02:05.734 19752 19797 E SQLiteDatabase: at android.os.Looper.loop(Looper.java:164)
02-11 16:02:05.734 19752 19797 E SQLiteDatabase: at android.os.HandlerThread.run(HandlerThread.java:65)
02-11 16:02:05.743 19752 19797 E SQLiteDatabase: Error inserting media_duration=0 file_path=null transferred=0 thumbnail_height_width_ratio=1.2467532 face_y=0 face_x=0 trim_from=0 media_caption=null transcoded=0 message_url=https://mmg.whatsapp.net/o1/v/t62.7118-24/f1/m236/up-oil-image- 71e9e462-1281-4356-8e35-66d8bcb4db63?ccb=9- 4&oh=01_AdQYGBp5iUoqQpRevDHLhMQb4V_H8QBc0J7yoZHTTwyRKw&oe=65F0A5F9&_nc_sid=000000&m ms3=true first_scan_sidecar=null direct_path=/o1/v/t62.7118-24/f1/m236/up-oil- image-71e9e462-1281-4356-8e35-66d8bcb4db63?ccb=9- 4&oh=01_AdQYGBp5iUoqQpRevDHLhMQb4V_H8QBc0J7yoZHTTwyRKw&oe=65F0A5F9&_nc_sid=000000 original_file_hash=null is_animated_sticker=0 media_name=null has_streaming_sidecar=0 partial_media_enc_hash=null media_key=[B@a93f9fc multicast_id=null page_count=0 height=589 partial_media_hash=null gif_attribution=0 mute_video=0 autotransfer_retry_enabled=0 first_scan_length=0 trim_to=0 media_key_timestamp=1707679498000 file_size=0 chat_row_id=11 media_job_uuid=4a064e12-9e13-4560-b1eb-90270686c7d0 message_row_id=2365 enc_file_hash=yOD5sRD9mRpKaLXEqyRL1137RGUwjoq2O+hdpO9U7Ow= file_hash=tqXDtKsZWr1j8NMBkm6DmMdIHOigek+HMU1+HbcBP/M= mime_type=image/jpeg media_upload_handle=null suspicious_content=0 width=480 file_length=27534
02-11 16:02:05.743 19752 19797 E SQLiteDatabase: android.database.sqlite.SQLiteConstraintException: UNIQUE constraint failed: message_media.message_row_id (code 1555)
02-11 16:02:05.743 19752 19797 E SQLiteDatabase: at android.database.sqlite.SQLiteConnection.nativeExecuteForLastInsertedRowId(Native Method)
02-11 16:02:05.743 19752 19797 E SQLiteDatabase: at android.database.sqlite.SQLiteConnection.executeForLastInsertedRowId(SQLiteConnecti on.java:790)
02-11 16:02:05.743 19752 19797 E SQLiteDatabase: at android.database.sqlite.SQLiteSession.executeForLastInsertedRowId(SQLiteSession.jav a:788)
02-11 16:02:05.743 19752 19797 E SQLiteDatabase: at android.database.sqlite.SQLiteStatement.executeInsert(SQLiteStatement.java:86)
02-11 16:02:05.743 19752 19797 E SQLiteDatabase: at android.database.sqlite.SQLiteDatabase.insertWithOnConflict(SQLiteDatabase.java:154 8)
02-11 16:02:05.743 19752 19797 E SQLiteDatabase: at android.database.sqlite.SQLiteDatabase.insert(SQLiteDatabase.java:1417)
02-11 16:02:05.743 19752 19797 E SQLiteDatabase: at X.2tm.A08(Unknown Source:6)
02-11 16:02:05.743 19752 19797 E SQLiteDatabase: at X.35Y.A07(Unknown Source:212)
02-11 16:02:05.743 19752 19797 E SQLiteDatabase: at X.3QF.A14(Unknown Source:470)
02-11 16:02:05.743 19752 19797 E SQLiteDatabase: at X.3gU.run(Unknown Source:982)
02-11 16:02:05.743 19752 19797 E SQLiteDatabase: at android.os.Handler.handleCallback(Handler.java:790)
02-11 16:02:05.743 19752 19797 E SQLiteDatabase: at android.os.Handler.dispatchMessage(Handler.java:99)
02-11 16:02:05.743 19752 19797 E SQLiteDatabase: at X.0zq.dispatchMessage(Unknown Source:4)
02-11 16:02:05.743 19752 19797 E SQLiteDatabase: at android.os.Looper.loop(Looper.java:164)
02-11 16:02:05.743 19752 19797 E SQLiteDatabase: at android.os.HandlerThread.run(HandlerThread.java:65)
02-11 16:02:05.749 19752 19797 E SQLiteDatabase: Error inserting media_duration=13 file_path=null transferred=0 thumbnail_height_width_ratio=2.173913 face_y=0 face_x=0 trim_from=0 media_caption=null transcoded=0 message_url=https://mmg.whatsapp.net/v/t62.7161- 24/34933114_372442905537107_3449439873884565030_n.enc?ccb=11- 4&oh=01_AdQQpR6qGjO8JcLMeuWQCqVOVH7AH0nyvaxz2RICUaq2Dw&oe=65F09319&_nc_sid=5e03e0&m ms3=true first_scan_sidecar=null direct_path=/v/t62.7161- 24/34933114_372442905537107_3449439873884565030_n.enc?ccb=11- 4&oh=01_AdQQpR6qGjO8JcLMeuWQCqVOVH7AH0nyvaxz2RICUaq2Dw&oe=65F09319&_nc_sid=5e03e0 original_file_hash=null is_animated_sticker=0 media_name=null has_streaming_sidecar=1 partial_media_enc_hash=null media_key=[B@d44f70b multicast_id=null page_count=0 height=1246 partial_media_hash=null gif_attribution=0 mute_video=0 autotransfer_retry_enabled=0 first_scan_length=0 trim_to=0 media_key_timestamp=1707678903000 file_size=0 chat_row_id=11 media_job_uuid=0e617c51-f200-49fb-b327-f7a67c265d06 message_row_id=2363 enc_file_hash=j4OF/q2JnV3PxiEXNEbC/dSxZ2gomqUteVUJsqQEdNk= file_hash=dWWm3C9e3L6Gy/jq77tJwNqFBxphGVx4efoRk35RReY= mime_type=video/mp4 media_upload_handle=null suspicious_content=0 width=576 file_length=1386984
02-11 16:02:05.749 19752 19797 E SQLiteDatabase: android.database.sqlite.SQLiteConstraintException: UNIQUE constraint failed: message_media.message_row_id (code 1555)
02-11 16:02:05.749 19752 19797 E SQLiteDatabase: at android.database.sqlite.SQLiteConnection.nativeExecuteForLastInsertedRowId(Native Method)
02-11 16:02:05.749 19752 19797 E SQLiteDatabase: at android.database.sqlite.SQLiteConnection.executeForLastInsertedRowId(SQLiteConnecti on.java:790)
02-11 16:02:05.749 19752 19797 E SQLiteDatabase: at android.database.sqlite.SQLiteSession.executeForLastInsertedRowId(SQLiteSession.jav a:788)
02-11 16:02:05.749 19752 19797 E SQLiteDatabase: at android.database.sqlite.SQLiteStatement.executeInsert(SQLiteStatement.java:86)
02-11 16:02:05.749 19752 19797 E SQLiteDatabase: at android.database.sqlite.SQLiteDatabase.insertWithOnConflict(SQLiteDatabase.java:154 8)
02-11 16:02:05.749 19752 19797 E SQLiteDatabase: at android.database.sqlite.SQLiteDatabase.insert(SQLiteDatabase.java:1417)
02-11 16:02:05.749 19752 19797 E SQLiteDatabase: at X.2tm.A08(Unknown Source:6)
02-11 16:02:05.749 19752 19797 E SQLiteDatabase: at X.35Y.A07(Unknown Source:212)
02-11 16:02:05.749 19752 19797 E SQLiteDatabase: at X.3QF.A14(Unknown Source:470)
02-11 16:02:05.749 19752 19797 E SQLiteDatabase: at X.3gU.run(Unknown Source:982)
02-11 16:02:05.749 19752 19797 E SQLiteDatabase: at android.os.Handler.handleCallback(Handler.java:790)
02-11 16:02:05.749 19752 19797 E SQLiteDatabase: at android.os.Handler.dispatchMessage(Handler.java:99)
02-11 16:02:05.749 19752 19797 E SQLiteDatabase: at X.0zq.dispatchMessage(Unknown Source:4)
02-11 16:02:05.749 19752 19797 E SQLiteDatabase: at android.os.Looper.loop(Looper.java:164)
02-11 16:02:05.749 19752 19797 E SQLiteDatabase: at android.os.HandlerThread.run(HandlerThread.java:65)
02-11 16:02:05.915 19752 19797 E SQLiteDatabase: Error inserting media_duration=0 file_path=null transferred=0 thumbnail_height_width_ratio=1.2467532 face_y=0 face_x=0 trim_from=0 media_caption=null transcoded=0 message_url=https://mmg.whatsapp.net/o1/v/t62.7118-24/f1/m236/up-oil-image- 71e9e462-1281-4356-8e35-66d8bcb4db63?ccb=9- 4&oh=01_AdQYGBp5iUoqQpRevDHLhMQb4V_H8QBc0J7yoZHTTwyRKw&oe=65F0A5F9&_nc_sid=000000&m ms3=true first_scan_sidecar=null direct_path=/o1/v/t62.7118-24/f1/m236/up-oil- image-71e9e462-1281-4356-8e35-66d8bcb4db63?ccb=9- 4&oh=01_AdQYGBp5iUoqQpRevDHLhMQb4V_H8QBc0J7yoZHTTwyRKw&oe=65F0A5F9&_nc_sid=000000 original_file_hash=null is_animated_sticker=0 media_name=null has_streaming_sidecar=0 partial_media_enc_hash=null media_key=[B@a93f9fc multicast_id=null page_count=0 height=589 partial_media_hash=null gif_attribution=0 mute_video=0 autotransfer_retry_enabled=0 first_scan_length=0 trim_to=0 media_key_timestamp=1707679498000 file_size=0 chat_row_id=11 media_job_uuid=4a064e12-9e13-4560-b1eb-90270686c7d0 message_row_id=2365 enc_file_hash=yOD5sRD9mRpKaLXEqyRL1137RGUwjoq2O+hdpO9U7Ow= file_hash=tqXDtKsZWr1j8NMBkm6DmMdIHOigek+HMU1+HbcBP/M= mime_type=image/jpeg media_upload_handle=null suspicious_content=0 width=480 file_length=27534
02-11 16:02:05.915 19752 19797 E SQLiteDatabase: android.database.sqlite.SQLiteConstraintException: UNIQUE constraint failed: message_media.message_row_id (code 1555)
02-11 16:02:05.915 19752 19797 E SQLiteDatabase: at android.database.sqlite.SQLiteConnection.nativeExecuteForLastInsertedRowId(Native Method)
02-11 16:02:05.915 19752 19797 E SQLiteDatabase: at android.database.sqlite.SQLiteConnection.executeForLastInsertedRowId(SQLiteConnecti on.java:790)
02-11 16:02:05.915 19752 19797 E SQLiteDatabase: at android.database.sqlite.SQLiteSession.executeForLastInsertedRowId(SQLiteSession.jav a:788)
02-11 16:02:05.915 19752 19797 E SQLiteDatabase: at android.database.sqlite.SQLiteStatement.executeInsert(SQLiteStatement.java:86)
02-11 16:02:05.915 19752 19797 E SQLiteDatabase: at android.database.sqlite.SQLiteDatabase.insertWithOnConflict(SQLiteDatabase.java:154 8)
02-11 16:02:05.915 19752 19797 E SQLiteDatabase: at android.database.sqlite.SQLiteDatabase.insert(SQLiteDatabase.java:1417)
02-11 16:02:05.915 19752 19797 E SQLiteDatabase: at X.2tm.A08(Unknown Source:6)
02-11 16:02:05.915 19752 19797 E SQLiteDatabase: at X.35Y.A07(Unknown Source:212)
02-11 16:02:05.915 19752 19797 E SQLiteDatabase: at X.3QF.A14(Unknown Source:470)
02-11 16:02:05.915 19752 19797 E SQLiteDatabase: at X.3gU.run(Unknown Source:982)
02-11 16:02:05.915 19752 19797 E SQLiteDatabase: at android.os.Handler.handleCallback(Handler.java:790)
02-11 16:02:05.915 19752 19797 E SQLiteDatabase: at android.os.Handler.dispatchMessage(Handler.java:99)
02-11 16:02:05.915 19752 19797 E SQLiteDatabase: at X.0zq.dispatchMessage(Unknown Source:4)
02-11 16:02:05.915 19752 19797 E SQLiteDatabase: at android.os.Looper.loop(Looper.java:164)
02-11 16:02:05.915 19752 19797 E SQLiteDatabase: at android.os.HandlerThread.run(HandlerThread.java:65)
02-11 16:02:05.922 19752 19797 E SQLiteDatabase: Error inserting media_duration=18 file_path=null transferred=0 thumbnail_height_width_ratio=1.0 face_y=0 face_x=0 trim_from=0 media_caption=null transcoded=0 message_url=https://mmg.whatsapp.net/v/t62.7161- 24/30026558_7647859151893883_2837588797442040118_n.enc?ccb=11- 4&oh=01_AdSqrGI7KKGUjCOCAz49mpfU3eDQH1J52ehL3s- JfBtwSA&oe=65F07778&_nc_sid=5e03e0&mms3=true first_scan_sidecar=null direct_path=/v/t62.7161-24/30026558_7647859151893883_2837588797442040118_n.enc? ccb=11-4&oh=01_AdSqrGI7KKGUjCOCAz49mpfU3eDQH1J52ehL3s- JfBtwSA&oe=65F07778&_nc_sid=5e03e0 original_file_hash=null is_animated_sticker=0 media_name=null has_streaming_sidecar=1 partial_media_enc_hash=null media_key=[B@8c0d891 multicast_id=null page_count=0 height=576 partial_media_hash=null gif_attribution=0 mute_video=0 autotransfer_retry_enabled=0 first_scan_length=0 trim_to=0 media_key_timestamp=1707678804000 file_size=0 chat_row_id=11 media_job_uuid=2dfe6c86-d00f-4d6a-880c-975f0e0e35bc message_row_id=2362 enc_file_hash=qNoDbPAzbBcDbR+CKDDIfrssUfPebW0uasP7V+isOIM= file_hash=LGal+YxpS8LZIhwsh7+bTmA4Qg7a65GGeThQC7d20WQ= mime_type=video/mp4 media_upload_handle=null suspicious_content=0 width=576 file_length=459387
02-11 16:02:05.922 19752 19797 E SQLiteDatabase: android.database.sqlite.SQLiteConstraintException: UNIQUE constraint failed: message_media.message_row_id (code 1555)
02-11 16:02:05.922 19752 19797 E SQLiteDatabase: at android.database.sqlite.SQLiteConnection.nativeExecuteForLastInsertedRowId(Native Method)
02-11 16:02:05.922 19752 19797 E SQLiteDatabase: at android.database.sqlite.SQLiteConnection.executeForLastInsertedRowId(SQLiteConnecti on.java:790)
02-11 16:02:05.922 19752 19797 E SQLiteDatabase: at android.database.sqlite.SQLiteSession.executeForLastInsertedRowId(SQLiteSession.jav a:788)
02-11 16:02:05.922 19752 19797 E SQLiteDatabase: at android.database.sqlite.SQLiteStatement.executeInsert(SQLiteStatement.java:86)
02-11 16:02:05.922 19752 19797 E SQLiteDatabase: at android.database.sqlite.SQLiteDatabase.insertWithOnConflict(SQLiteDatabase.java:154 8)
