02-11 12:09:20.669 6860 6945 W Adreno-ES20: <core_glFinish:34>: glFinish skipped: 0
02-11 12:09:20.681 6860 6945 W Adreno-ES20: <core_glFinish:34>: glFinish skipped: 0
02-11 12:09:20.684 6860 6945 W Adreno-ES20: <core_glFinish:34>: glFinish skipped: 0
02-11 12:09:20.730 6860 6945 W Adreno-ES20: <core_glFinish:34>: glFinish skipped: 0
02-11 12:09:20.730 6860 6945 W Adreno-ES20: <core_glFinish:34>: glFinish skipped: 0
02-11 12:10:45.867 6860 6945 W Adreno-ES20: <core_glFinish:34>: glFinish skipped: 0
02-11 12:10:45.873 6860 6945 W Adreno-ES20: <core_glFinish:34>: glFinish skipped: 0
02-11 12:12:20.566 6860 6860 W RenderThread: type=1400 audit(0.0:279812): avc: denied { search } for name="kgsl-3d0" dev="sysfs" ino=20173 scontext=u:r:untrusted_app:s0:c512,c768 tcontext=u:object_r:sysfs_kgsl:s0 tclass=dir permissive=0
02-11 12:12:20.580 6860 6945 W Adreno-ES20: <get_gpu_clk:229>: open failed: errno 13
02-11 12:12:20.582 6860 6945 W Adreno-EGL: <qeglDrvAPI_eglGetConfigAttrib:612>: EGL_BAD_ATTRIBUTE
02-11 12:12:20.584 6860 6945 W Adreno-EGL: <qeglDrvAPI_eglGetConfigAttrib:612>: EGL_BAD_ATTRIBUTE
02-11 12:12:21.316 6860 6945 W Adreno-EGL: <qeglDrvAPI_eglGetConfigAttrib:612>: EGL_BAD_ATTRIBUTE
02-11 12:12:21.349 6860 6945 W Adreno-EGL: <qeglDrvAPI_eglGetConfigAttrib:612>: EGL_BAD_ATTRIBUTE
02-11 12:12:21.396 6860 6945 W Adreno-EGL: <qeglDrvAPI_eglGetConfigAttrib:612>: EGL_BAD_ATTRIBUTE
02-11 12:12:21.435 6860 6945 W Adreno-EGL: <qeglDrvAPI_eglGetConfigAttrib:612>: EGL_BAD_ATTRIBUTE
02-11 12:12:21.482 6860 6945 W Adreno-EGL: <qeglDrvAPI_eglGetConfigAttrib:612>: EGL_BAD_ATTRIBUTE
02-11 12:12:21.535 6860 6945 W Adreno-EGL: <qeglDrvAPI_eglGetConfigAttrib:612>: EGL_BAD_ATTRIBUTE
02-11 12:12:21.569 6860 6945 W Adreno-EGL: <qeglDrvAPI_eglGetConfigAttrib:612>: EGL_BAD_ATTRIBUTE
02-11 12:12:21.618 6860 6945 W Adreno-EGL: <qeglDrvAPI_eglGetConfigAttrib:612>: EGL_BAD_ATTRIBUTE
02-11 12:12:22.562 6860 6945 W Adreno-ES20: <core_glFinish:34>: glFinish skipped: 0
02-11 12:12:22.569 6860 6945 W Adreno-ES20: <core_glFinish:34>: glFinish skipped: 0 --------- beginning of system
02-11 12:30:10.261 6860 6860 W ViewRootImpl[HomeActivity]: Dropping event due to no window focus: MotionEvent { action=ACTION_MOVE, actionButton=0, id[0]=0, x[0]=285.4054, y[0]=860.10406, toolType[0]=TOOL_TYPE_FINGER, buttonState=0, metaState=0, flags=0x0, edgeFlags=0x0, pointerCount=1, historySize=4, eventTime=371288904, downTime=371288222, deviceId=5, source=0x1002 }
02-11 12:30:10.261 6860 6860 W ViewRootImpl[HomeActivity]: Cancelling event due to no window focus: MotionEvent { action=ACTION_CANCEL, actionButton=0, id[0]=0, x[0]=285.4054, y[0]=860.10406, toolType[0]=TOOL_TYPE_FINGER, buttonState=0, metaState=0, flags=0x0, edgeFlags=0x0, pointerCount=1, historySize=0, eventTime=371288914, downTime=371288222, deviceId=5, source=0x1002 }
02-11 12:30:10.263 6860 6860 W ViewRootImpl[HomeActivity]: Cancelling event due to no window focus: MotionEvent { action=ACTION_CANCEL, actionButton=0, id[0]=0, x[0]=285.4054, y[0]=860.10406, toolType[0]=TOOL_TYPE_FINGER, buttonState=0, metaState=0, flags=0x0, edgeFlags=0x0, pointerCount=1, historySize=0, eventTime=371288914, downTime=371288222, deviceId=5, source=0x1002 }
02-11 12:32:09.777 6860 6860 W ViewRootImpl[Conversation]: Dropping event due to no window focus: MotionEvent { action=ACTION_MOVE, actionButton=0, id[0]=0, x[0]=312.34927, y[0]=816.14984, toolType[0]=TOOL_TYPE_FINGER, buttonState=0, metaState=0, flags=0x0, edgeFlags=0x0, pointerCount=1, historySize=0, eventTime=371408339, downTime=371407926, deviceId=5, source=0x1002 }
02-11 12:32:09.831 6860 6860 W ViewRootImpl[Conversation]: Dropping event due to no window focus: MotionEvent { action=ACTION_MOVE, actionButton=0, id[0]=0, x[0]=312.34927, y[0]=815.1509, toolType[0]=TOOL_TYPE_FINGER, buttonState=0, metaState=0, flags=0x0, edgeFlags=0x0, pointerCount=1, historySize=0, eventTime=371408383, downTime=371407926, deviceId=5, source=0x1002 }
02-11 12:32:09.887 6860 6860 W ViewRootImpl[Conversation]: Dropping event due to no window focus: MotionEvent { action=ACTION_MOVE, actionButton=0, id[0]=0, x[0]=312.34927, y[0]=814.1519, toolType[0]=TOOL_TYPE_FINGER, buttonState=0, metaState=0, flags=0x0, edgeFlags=0x0, pointerCount=1, historySize=0, eventTime=371408450, downTime=371407926, deviceId=5, source=0x1002 }
02-11 12:32:09.958 6860 6860 W ViewRootImpl[Conversation]: Dropping event due to no window focus: MotionEvent { action=ACTION_MOVE, actionButton=0, id[0]=0, x[0]=312.34927, y[0]=813.15295, toolType[0]=TOOL_TYPE_FINGER, buttonState=0, metaState=0, flags=0x0, edgeFlags=0x0, pointerCount=1, historySize=0, eventTime=371408529, downTime=371407926, deviceId=5, source=0x1002 }
02-11 12:32:09.958 6860 6860 W ViewRootImpl[Conversation]: Cancelling event due to no window focus: MotionEvent { action=ACTION_CANCEL, actionButton=0, id[0]=0, x[0]=312.34927, y[0]=813.15295, toolType[0]=TOOL_TYPE_FINGER, buttonState=0, metaState=0, flags=0x0, edgeFlags=0x0, pointerCount=1, historySize=0, eventTime=371408540, downTime=371407926, deviceId=5, source=0x1002 }
02-11 12:32:09.959 6860 6860 W ViewRootImpl[Conversation]: Cancelling event due to no window focus: MotionEvent { action=ACTION_CANCEL, actionButton=0, id[0]=0, x[0]=312.34927, y[0]=813.15295, toolType[0]=TOOL_TYPE_FINGER, buttonState=0, metaState=0, flags=0x0, edgeFlags=0x0, pointerCount=1, historySize=0, eventTime=371408540, downTime=371407926, deviceId=5, source=0x1002 } --------- beginning of main
02-11 13:01:10.818 16382 16382 W System.err: java.lang.ClassNotFoundException: mbmodsd.mbmodsw.ui.views.btn.BtnBK
02-11 13:01:10.819 16382 16382 W System.err: at java.lang.VMClassLoader.findLoadedClass(Native Method)
02-11 13:01:10.819 16382 16382 W System.err: at java.lang.ClassLoader.findLoadedClass(ClassLoader.java:738)
02-11 13:01:10.819 16382 16382 W System.err: at java.lang.ClassLoader.loadClass(ClassLoader.java:363)
02-11 13:01:10.819 16382 16382 W System.err: at java.lang.ClassLoader.loadClass(ClassLoader.java:312)
02-11 13:01:10.819 16382 16382 W System.err: at java.lang.Runtime.nativeLoad(Native Method)
02-11 13:01:10.819 16382 16382 W System.err: at java.lang.Runtime.doLoad(Runtime.java:1099)
02-11 13:01:10.819 16382 16382 W System.err: at java.lang.Runtime.loadLibrary0(Runtime.java:1014)
02-11 13:01:10.819 16382 16382 W System.err: at java.lang.System.loadLibrary(System.java:1657)
02-11 13:01:10.819 16382 16382 W System.err: at arm.EpicVm.<clinit>(Unknown Source:2)
02-11 13:01:10.819 16382 16382 W System.err: at java.lang.Class.newInstance(Native Method)
02-11 13:01:10.819 16382 16382 W System.err: at android.app.Instrumentation.newApplication(Instrumentation.java:1140)
02-11 13:01:10.819 16382 16382 W System.err: at android.app.Instrumentation.newApplication(Instrumentation.java:1125)
02-11 13:01:10.819 16382 16382 W System.err: at android.app.LoadedApk.makeApplication(LoadedApk.java:983)
02-11 13:01:10.819 16382 16382 W System.err: at android.app.ActivityThread.handleBindApplication(ActivityThread.java:5751)
02-11 13:01:10.819 16382 16382 W System.err: at android.app.ActivityThread.- wrap1(Unknown Source:0)
02-11 13:01:10.819 16382 16382 W System.err: at android.app.ActivityThread$H.handleMessage(ActivityThread.java:1680)
02-11 13:01:10.819 16382 16382 W System.err: at android.os.Handler.dispatchMessage(Handler.java:106)
02-11 13:01:10.819 16382 16382 W System.err: at android.os.Looper.loop(Looper.java:164)
02-11 13:01:10.819 16382 16382 W System.err: at android.app.ActivityThread.main(ActivityThread.java:6539)
02-11 13:01:10.819 16382 16382 W System.err: at java.lang.reflect.Method.invoke(Native Method)
02-11 13:01:10.819 16382 16382 W System.err: at com.android.internal.os.RuntimeInit$MethodAndArgsCaller.run(RuntimeInit.java:438)
02-11 13:01:10.819 16382 16382 W System.err: at com.android.internal.os.ZygoteInit.main(ZygoteInit.java:807)
02-11 13:01:10.819 16382 16382 W System.err: Caused by: java.lang.NoClassDefFoundError: Failed resolution of: Lcom/whatsapp/components/Button;
02-11 13:01:10.819 16382 16382 W System.err: ... 18 more
02-11 13:01:10.820 16382 16382 W System.err: Caused by: java.lang.ClassNotFoundException: Didn't find class "com.whatsapp.components.Button" on path: DexPathList[[zip file "/data/app/com.whatsapp-UEj3oGZH85olLjPuviRrSA==/base.apk"],nativeLibraryDirectorie s=[/data/app/com.whatsapp-UEj3oGZH85olLjPuviRrSA==/lib/arm, /data/app/com.whatsapp- UEj3oGZH85olLjPuviRrSA==/base.apk!/lib/armeabi-v7a, /system/lib, /vendor/lib]]
02-11 13:01:10.820 16382 16382 W System.err: at dalvik.system.BaseDexClassLoader.findClass(BaseDexClassLoader.java:125)
02-11 13:01:10.820 16382 16382 W System.err: at java.lang.ClassLoader.loadClass(ClassLoader.java:379)
02-11 13:01:10.820 16382 16382 W System.err: at java.lang.ClassLoader.loadClass(ClassLoader.java:312)
02-11 13:01:10.820 16382 16382 W System.err: ... 18 more
02-11 13:01:10.903 16382 16382 E CustomActivityOnCrash: IMPORTANT WARNING! You already have an UncaughtExceptionHandler, are you sure this is correct? If you use a custom UncaughtExceptionHandler, you must initialize it AFTER CustomActivityOnCrash! Installing anyway, but your original handler will not be called.
02-11 13:01:11.028 16382 16399 W LibraryVersion: Failed to get app version for libraryName: firebase-iid
02-11 13:01:12.203 16382 16432 W zygote : Class X.2rL failed lock verification and will run slower.
02-11 13:01:12.203 16382 16432 W zygote : Common causes for lock verification issues are non-optimized dex code
02-11 13:01:12.203 16382 16432 W zygote : and incorrect proguard optimizations.
02-11 13:01:12.205 16382 16382 W zygote : Class X.0eU failed lock verification and will run slower.
02-11 13:01:12.501 16382 16382 W zygote : Class com.whatsapp.HomeActivity failed lock verification and will run slower.
02-11 13:01:12.844 16382 16382 W ResourceType: Too many attribute references, stopped at: 0x01010034
02-11 13:01:12.853 16382 16382 W ResourceType: Too many attribute references, stopped at: 0x01010034
02-11 13:01:13.267 16382 16382 E ArmVmp : Match on catch block at 0x0a in for 0xb5
02-11 13:01:13.310 16382 16382 E ArmVmp : Match on catch block at 0x0a in for 0x121
02-11 13:01:14.231 16382 16382 W StaticLayout: maxLineHeight should not be -1. maxLines:1 lineCount:1
02-11 13:01:14.270 16382 16382 W StaticLayout: maxLineHeight should not be -1. maxLines:1 lineCount:1
02-11 13:01:15.082 16382 16382 E RecyclerView: No adapter attached; skipping layout
02-11 13:01:15.107 16382 16382 E ArmVmp : Match on catch block at 0x0a in for 0xc1
02-11 13:01:15.193 16382 16382 E RecyclerView: No adapter attached; skipping layout
02-11 13:01:15.516 16382 16523 W LOTTIE : Animation contains merge paths. Merge paths are only supported on KitKat+ and must be manually enabled by calling enableMergePathsForKitKatAndAbove().
02-11 13:01:15.575 16382 16382 W StaticLayout: maxLineHeight should not be -1. maxLines:1 lineCount:1
02-11 13:01:15.579 16382 16382 W StaticLayout: maxLineHeight should not be -1. maxLines:1 lineCount:1
02-11 13:01:15.591 16382 16464 W Adreno-ES20: <get_gpu_clk:229>: open failed: errno 13
02-11 13:01:15.577 16382 16382 W RenderThread: type=1400 audit(0.0:283817): avc: denied { search } for name="kgsl-3d0" dev="sysfs" ino=20173 scontext=u:r:untrusted_app:s0:c512,c768 tcontext=u:object_r:sysfs_kgsl:s0 tclass=dir permissive=0
02-11 13:01:15.596 16382 16464 W Adreno-EGL: <qeglDrvAPI_eglGetConfigAttrib:612>: EGL_BAD_ATTRIBUTE
02-11 13:01:15.599 16382 16464 W Adreno-EGL: <qeglDrvAPI_eglGetConfigAttrib:612>: EGL_BAD_ATTRIBUTE
02-11 13:01:15.749 16382 16464 W Adreno-EGL: <qeglDrvAPI_eglGetConfigAttrib:612>: EGL_BAD_ATTRIBUTE
02-11 13:01:15.809 16382 16382 W LOTTIE : Animation contains merge paths but they are disabled.
02-11 13:01:15.863 16382 16464 W Adreno-EGL: <qeglDrvAPI_eglGetConfigAttrib:612>: EGL_BAD_ATTRIBUTE
02-11 13:01:16.219 16382 16464 W Adreno-EGL: <qeglDrvAPI_eglGetConfigAttrib:612>: EGL_BAD_ATTRIBUTE
02-11 13:01:16.452 16382 16464 W Adreno-EGL: <qeglDrvAPI_eglGetConfigAttrib:612>: EGL_BAD_ATTRIBUTE
02-11 13:01:16.519 16382 16464 W Adreno-EGL: <qeglDrvAPI_eglGetConfigAttrib:612>: EGL_BAD_ATTRIBUTE
02-11 13:01:19.903 16382 16464 W Adreno-EGL: <qeglDrvAPI_eglGetConfigAttrib:612>: EGL_BAD_ATTRIBUTE
02-11 13:01:20.602 16382 16464 W Adreno-EGL: <qeglDrvAPI_eglGetConfigAttrib:612>: EGL_BAD_ATTRIBUTE
02-11 13:01:20.635 16382 16464 W Adreno-EGL: <qeglDrvAPI_eglGetConfigAttrib:612>: EGL_BAD_ATTRIBUTE
02-11 13:01:20.673 16382 16464 W Adreno-EGL: <qeglDrvAPI_eglGetConfigAttrib:612>: EGL_BAD_ATTRIBUTE
02-11 13:01:20.703 16382 16464 W Adreno-EGL: <qeglDrvAPI_eglGetConfigAttrib:612>: EGL_BAD_ATTRIBUTE
02-11 13:01:20.735 16382 16464 W Adreno-EGL: <qeglDrvAPI_eglGetConfigAttrib:612>: EGL_BAD_ATTRIBUTE
02-11 13:01:20.768 16382 16464 W Adreno-EGL: <qeglDrvAPI_eglGetConfigAttrib:612>: EGL_BAD_ATTRIBUTE
02-11 13:01:20.803 16382 16464 W Adreno-EGL: <qeglDrvAPI_eglGetConfigAttrib:612>: EGL_BAD_ATTRIBUTE
02-11 13:01:20.835 16382 16464 W Adreno-EGL: <qeglDrvAPI_eglGetConfigAttrib:612>: EGL_BAD_ATTRIBUTE
02-11 13:01:20.867 16382 16464 W Adreno-EGL: <qeglDrvAPI_eglGetConfigAttrib:612>: EGL_BAD_ATTRIBUTE
02-11 13:01:20.900 16382 16464 W Adreno-EGL: <qeglDrvAPI_eglGetConfigAttrib:612>: EGL_BAD_ATTRIBUTE
02-11 13:01:21.871 16382 16464 W Adreno-ES20: <core_glFinish:34>: glFinish skipped: 0
02-11 13:01:21.874 16382 16464 W Adreno-ES20: <core_glFinish:34>: glFinish skipped: 0
02-11 13:01:24.920 16382 16464 W Adreno-ES20: <core_glFinish:34>: glFinish skipped: 0
02-11 13:01:24.929 16382 16382 W ViewRootImpl[HomeActivity]: Dropping event due to no window focus: MotionEvent { action=ACTION_MOVE, actionButton=0, id[0]=0, x[0]=408.1497, y[0]=814.1519, toolType[0]=TOOL_TYPE_FINGER, buttonState=0, metaState=0, flags=0x0, edgeFlags=0x0, pointerCount=1, historySize=0, eventTime=373163242, downTime=373162834, deviceId=5, source=0x1002 }
02-11 13:01:24.930 16382 16464 W Adreno-ES20: <core_glFinish:34>: glFinish skipped: 0
02-11 13:01:24.931 16382 16464 W Adreno-ES20: <core_glFinish:34>: glFinish skipped: 0
02-11 13:01:24.939 16382 16464 W Adreno-ES20: <core_glFinish:34>: glFinish skipped: 0
02-11 13:01:25.010 16382 16382 W ViewRootImpl[HomeActivity]: Dropping event due to no window focus: MotionEvent { action=ACTION_MOVE, actionButton=0, id[0]=0, x[0]=408.1497, y[0]=813.15295, toolType[0]=TOOL_TYPE_FINGER, buttonState=0, metaState=0, flags=0x0, edgeFlags=0x0, pointerCount=1, historySize=0, eventTime=373163275, downTime=373162834, deviceId=5, source=0x1002 }
02-11 13:01:25.018 16382 16464 W Adreno-ES20: <core_glFinish:34>: glFinish skipped: 0
02-11 13:01:25.033 16382 16382 W ViewRootImpl[HomeActivity]: Dropping event due to no window focus: MotionEvent { action=ACTION_MOVE, actionButton=0, id[0]=0, x[0]=408.1497, y[0]=812.154, toolType[0]=TOOL_TYPE_FINGER, buttonState=0, metaState=0, flags=0x0, edgeFlags=0x0, pointerCount=1, historySize=0, eventTime=373163353, downTime=373162834, deviceId=5, source=0x1002 }
02-11 13:01:25.151 16382 16382 W ViewRootImpl[HomeActivity]: Dropping event due to no window focus: MotionEvent { action=ACTION_MOVE, actionButton=0, id[0]=0, x[0]=409.1476, y[0]=812.154, toolType[0]=TOOL_TYPE_FINGER, buttonState=0, metaState=0, flags=0x0, edgeFlags=0x0, pointerCount=1, historySize=0, eventTime=373163466, downTime=373162834, deviceId=5, source=0x1002 }
02-11 13:01:25.019 16382 16464 W Adreno-ES20: <core_glFinish:34>: glFinish skipped: 0
02-11 13:01:25.363 16382 16382 W ViewRootImpl[HomeActivity]: Cancelling event due to no window focus: MotionEvent { action=ACTION_CANCEL, actionButton=0, id[0]=0, x[0]=409.1476, y[0]=812.154, toolType[0]=TOOL_TYPE_FINGER, buttonState=0, metaState=0, flags=0x0, edgeFlags=0x0, pointerCount=1, historySize=0, eventTime=373163699, downTime=373162834, deviceId=5, source=0x1002 }
02-11 13:01:25.364 16382 16382 W ViewRootImpl[HomeActivity]: Cancelling event due to no window focus: MotionEvent { action=ACTION_CANCEL, actionButton=0, id[0]=0, x[0]=409.1476, y[0]=812.154, toolType[0]=TOOL_TYPE_FINGER, buttonState=0, metaState=0, flags=0x0, edgeFlags=0x0, pointerCount=1, historySize=0, eventTime=373163699, downTime=373162834, deviceId=5, source=0x1002 }
02-11 13:01:27.693 16382 16464 W Adreno-ES20: <core_glFinish:34>: glFinish skipped: 0
02-11 13:01:27.694 16382 16464 W Adreno-ES20: <core_glFinish:34>: glFinish skipped: 0
02-11 13:01:27.793 16382 16464 W Adreno-EGL: <qeglDrvAPI_eglGetConfigAttrib:612>: EGL_BAD_ATTRIBUTE
02-11 13:01:32.945 16382 16464 W Adreno-ES20: <core_glFinish:34>: glFinish skipped: 0
02-11 13:01:32.952 16382 16464 W Adreno-ES20: <core_glFinish:34>: glFinish skipped: 0
02-11 13:01:32.956 16382 16464 W Adreno-ES20: <core_glFinish:34>: glFinish skipped: 0
02-11 13:01:32.958 16382 16464 W Adreno-ES20: <core_glFinish:34>: glFinish skipped: 0
02-11 13:01:33.005 16382 16464 W Adreno-ES20: <core_glFinish:34>: glFinish skipped: 0
02-11 13:01:33.006 16382 16464 W Adreno-ES20: <core_glFinish:34>: glFinish skipped: 0
02-11 13:01:38.217 16382 16464 W Adreno-ES20: <core_glFinish:34>: glFinish skipped: 0
02-11 13:03:00.017 16382 16464 W Adreno-ES20: <core_glFinish:34>: glFinish skipped: 0
02-11 13:03:00.032 16382 16464 W Adreno-ES20: <core_glFinish:34>: glFinish skipped: 0
02-11 13:06:14.610 16382 16459 W OkHttpClient: A connection to https://157.240.14.52/ was leaked. Did you forget to close a response body?
02-11 13:12:09.543 16382 16464 W Adreno-ES20: <get_gpu_clk:229>: open failed: errno 13
02-11 13:12:09.535 16382 16382 W RenderThread: type=1400 audit(0.0:283820): avc: denied { search } for name="kgsl-3d0" dev="sysfs" ino=20173 scontext=u:r:untrusted_app:s0:c512,c768 tcontext=u:object_r:sysfs_kgsl:s0 tclass=dir permissive=0
02-11 13:12:09.551 16382 16464 W Adreno-EGL: <qeglDrvAPI_eglGetConfigAttrib:612>: EGL_BAD_ATTRIBUTE
02-11 13:12:09.553 16382 16464 W Adreno-EGL: <qeglDrvAPI_eglGetConfigAttrib:612>: EGL_BAD_ATTRIBUTE
02-11 13:12:09.848 16382 16464 W Adreno-ES20: <core_glFinish:34>: glFinish skipped: 0
02-11 13:12:09.858 16382 16464 W Adreno-ES20: <core_glFinish:34>: glFinish skipped: 0 --------- beginning of system
02-11 13:38:32.002 16382 16382 W ViewRootImpl[StatusPlaybackActivity]: Cancelling event due to no window focus: MotionEvent { action=ACTION_CANCEL, actionButton=0, id[0]=0, x[0]=311.35135, y[0]=841.12384, toolType[0]=TOOL_TYPE_FINGER, buttonState=0, metaState=0, flags=0x2, edgeFlags=0x0, pointerCount=1, historySize=0, eventTime=375390508, downTime=375389907, deviceId=5, source=0x1002 }
02-11 13:38:32.002 16382 16382 W ViewRootImpl[StatusPlaybackActivity]: Cancelling event due to no window focus: MotionEvent { action=ACTION_CANCEL, actionButton=0, id[0]=0, x[0]=311.35135, y[0]=841.12384, toolType[0]=TOOL_TYPE_FINGER, buttonState=0, metaState=0, flags=0x2, edgeFlags=0x0, pointerCount=1, historySize=0, eventTime=375390508, downTime=375389907, deviceId=5, source=0x1002 } --------- beginning of main
02-11 13:44:00.046 25302 25302 W System.err: java.lang.ClassNotFoundException: mbmodsd.mbmodsw.ui.views.btn.BtnBK
02-11 13:44:00.046 25302 25302 W System.err: at java.lang.VMClassLoader.findLoadedClass(Native Method)
02-11 13:44:00.046 25302 25302 W System.err: at java.lang.ClassLoader.findLoadedClass(ClassLoader.java:738)
02-11 13:44:00.046 25302 25302 W System.err: at java.lang.ClassLoader.loadClass(ClassLoader.java:363)
02-11 13:44:00.046 25302 25302 W System.err: at java.lang.ClassLoader.loadClass(ClassLoader.java:312)
02-11 13:44:00.046 25302 25302 W System.err: at java.lang.Runtime.nativeLoad(Native Method)
02-11 13:44:00.046 25302 25302 W System.err: at java.lang.Runtime.doLoad(Runtime.java:1099)
02-11 13:44:00.046 25302 25302 W System.err: at java.lang.Runtime.loadLibrary0(Runtime.java:1014)
02-11 13:44:00.046 25302 25302 W System.err: at java.lang.System.loadLibrary(System.java:1657)
02-11 13:44:00.046 25302 25302 W System.err: at arm.EpicVm.<clinit>(Unknown Source:2)
02-11 13:44:00.046 25302 25302 W System.err: at java.lang.Class.newInstance(Native Method)
02-11 13:44:00.046 25302 25302 W System.err: at android.app.Instrumentation.newApplication(Instrumentation.java:1140)
02-11 13:44:00.046 25302 25302 W System.err: at android.app.Instrumentation.newApplication(Instrumentation.java:1125)
02-11 13:44:00.046 25302 25302 W System.err: at android.app.LoadedApk.makeApplication(LoadedApk.java:983)
02-11 13:44:00.046 25302 25302 W System.err: at android.app.ActivityThread.handleBindApplication(ActivityThread.java:5751)
02-11 13:44:00.047 25302 25302 W System.err: at android.app.ActivityThread.- wrap1(Unknown Source:0)
02-11 13:44:00.047 25302 25302 W System.err: at android.app.ActivityThread$H.handleMessage(ActivityThread.java:1680)
02-11 13:44:00.047 25302 25302 W System.err: at android.os.Handler.dispatchMessage(Handler.java:106)
02-11 13:44:00.047 25302 25302 W System.err: at android.os.Looper.loop(Looper.java:164)
02-11 13:44:00.047 25302 25302 W System.err: at android.app.ActivityThread.main(ActivityThread.java:6539)
02-11 13:44:00.047 25302 25302 W System.err: at java.lang.reflect.Method.invoke(Native Method)
02-11 13:44:00.047 25302 25302 W System.err: at com.android.internal.os.RuntimeInit$MethodAndArgsCaller.run(RuntimeInit.java:438)
02-11 13:44:00.047 25302 25302 W System.err: at com.android.internal.os.ZygoteInit.main(ZygoteInit.java:807)
02-11 13:44:00.047 25302 25302 W System.err: Caused by: java.lang.NoClassDefFoundError: Failed resolution of: Lcom/whatsapp/components/Button;
02-11 13:44:00.047 25302 25302 W System.err: ... 18 more
02-11 13:44:00.047 25302 25302 W System.err: Caused by: java.lang.ClassNotFoundException: Didn't find class "com.whatsapp.components.Button" on path: DexPathList[[zip file "/data/app/com.whatsapp-UEj3oGZH85olLjPuviRrSA==/base.apk"],nativeLibraryDirectorie s=[/data/app/com.whatsapp-UEj3oGZH85olLjPuviRrSA==/lib/arm, /data/app/com.whatsapp- UEj3oGZH85olLjPuviRrSA==/base.apk!/lib/armeabi-v7a, /system/lib, /vendor/lib]]
02-11 13:44:00.047 25302 25302 W System.err: at dalvik.system.BaseDexClassLoader.findClass(BaseDexClassLoader.java:125)
02-11 13:44:00.047 25302 25302 W System.err: at java.lang.ClassLoader.loadClass(ClassLoader.java:379)
02-11 13:44:00.047 25302 25302 W System.err: at java.lang.ClassLoader.loadClass(ClassLoader.java:312)
02-11 13:44:00.047 25302 25302 W System.err: ... 18 more
02-11 13:44:01.139 25302 25302 E CustomActivityOnCrash: IMPORTANT WARNING! You already have an UncaughtExceptionHandler, are you sure this is correct? If you use a custom UncaughtExceptionHandler, you must initialize it AFTER CustomActivityOnCrash! Installing anyway, but your original handler will not be called.
02-11 13:44:02.257 25302 25302 W zygote : Class X.0eU failed lock verification and will run slower.
02-11 13:44:02.257 25302 25302 W zygote : Common causes for lock verification issues are non-optimized dex code
02-11 13:44:02.257 25302 25302 W zygote : and incorrect proguard optimizations.
02-11 13:44:02.292 25302 25414 W zygote : Class X.2rL failed lock verification and will run slower.
02-11 13:44:02.639 25302 25302 W zygote : Class com.whatsapp.HomeActivity failed lock verification and will run slower.
02-11 13:44:02.961 25302 25302 W ResourceType: Too many attribute references, stopped at: 0x01010034
02-11 13:44:02.961 25302 25302 W ResourceType: Too many attribute references, stopped at: 0x01010034
02-11 13:44:02.967 25302 25302 W ResourceType: Too many attribute references, stopped at: 0x01010034
02-11 13:44:02.970 25302 25302 W ResourceType: Too many attribute references, stopped at: 0x01010034
02-11 13:44:03.419 25302 25302 E ArmVmp : Match on catch block at 0x0a in for 0xb1
02-11 13:44:03.465 25302 25302 E ArmVmp : Match on catch block at 0x0a in for 0x121
02-11 13:44:04.274 25302 25302 W StaticLayout: maxLineHeight should not be -1. maxLines:1 lineCount:1
02-11 13:44:04.312 25302 25302 W StaticLayout: maxLineHeight should not be -1. maxLines:1 lineCount:1
02-11 13:44:05.048 25302 25302 E RecyclerView: No adapter attached; skipping layout
02-11 13:44:05.068 25302 25302 E ArmVmp : Match on catch block at 0x0a in for 0xc1
02-11 13:44:05.178 25302 25302 E RecyclerView: No adapter attached; skipping layout
02-11 13:44:05.358 25302 25524 W LOTTIE : Animation contains merge paths. Merge paths are only supported on KitKat+ and must be manually enabled by calling enableMergePathsForKitKatAndAbove().
02-11 13:44:05.408 25302 25486 W Adreno-ES20: <get_gpu_clk:229>: open failed: errno 13
02-11 13:44:05.397 25302 25302 W RenderThread: type=1400 audit(0.0:283853): avc: denied { search } for name="kgsl-3d0" dev="sysfs" ino=20173 scontext=u:r:untrusted_app:s0:c512,c768 tcontext=u:object_r:sysfs_kgsl:s0 tclass=dir permissive=0
02-11 13:44:05.410 25302 25302 W StaticLayout: maxLineHeight should not be -1. maxLines:1 lineCount:1
02-11 13:44:05.412 25302 25302 W StaticLayout: maxLineHeight should not be -1. maxLines:1 lineCount:1
02-11 13:44:05.412 25302 25486 W Adreno-EGL: <qeglDrvAPI_eglGetConfigAttrib:612>: EGL_BAD_ATTRIBUTE
02-11 13:44:05.413 25302 25302 W StaticLayout: maxLineHeight should not be -1. maxLines:1 lineCount:1
02-11 13:44:05.413 25302 25302 W StaticLayout: maxLineHeight should not be -1. maxLines:1 lineCount:1
02-11 13:44:05.419 25302 25486 W Adreno-EGL: <qeglDrvAPI_eglGetConfigAttrib:612>: EGL_BAD_ATTRIBUTE
02-11 13:44:05.609 25302 25302 W LOTTIE : Animation contains merge paths but they are disabled.
02-11 13:44:05.636 25302 25486 W Adreno-EGL: <qeglDrvAPI_eglGetConfigAttrib:612>: EGL_BAD_ATTRIBUTE
02-11 13:44:06.194 25302 25353 W LibraryVersion: Failed to get app version for libraryName: firebase-iid
02-11 13:44:15.254 25302 25486 W Adreno-ES20: <core_glFinish:34>: glFinish skipped: 0
02-11 13:44:15.286 25302 25302 W ViewRootImpl[HomeActivity]: Dropping event due to no window focus: MotionEvent { action=ACTION_MOVE, actionButton=0, id[0]=0, x[0]=257.46362, y[0]=861.103, toolType[0]=TOOL_TYPE_FINGER, buttonState=0, metaState=0, flags=0x0, edgeFlags=0x0, pointerCount=1, historySize=0, eventTime=375733096, downTime=375732728, deviceId=5, source=0x1002 }
02-11 13:44:15.290 25302 25486 W Adreno-ES20: <core_glFinish:34>: glFinish skipped: 0
02-11 13:44:15.290 25302 25486 W Adreno-ES20: <core_glFinish:34>: glFinish skipped: 0
02-11 13:44:15.293 25302 25486 W Adreno-ES20: <core_glFinish:34>: glFinish skipped: 0
02-11 13:44:15.372 25302 25302 W ViewRootImpl[HomeActivity]: Dropping event due to no window focus: MotionEvent { action=ACTION_MOVE, actionButton=0, id[0]=0, x[0]=257.46362, y[0]=859.1051, toolType[0]=TOOL_TYPE_FINGER, buttonState=0, metaState=0, flags=0x0, edgeFlags=0x0, pointerCount=1, historySize=1, eventTime=375733186, downTime=375732728, deviceId=5, source=0x1002 }
02-11 13:44:15.373 25302 25486 W Adreno-ES20: <core_glFinish:34>: glFinish skipped: 0
02-11 13:44:15.416 25302 25302 W ViewRootImpl[HomeActivity]: Dropping event due to no window focus: MotionEvent { action=ACTION_MOVE, actionButton=0, id[0]=0, x[0]=257.46362, y[0]=858.10614, toolType[0]=TOOL_TYPE_FINGER, buttonState=0, metaState=0, flags=0x0, edgeFlags=0x0, pointerCount=1, historySize=0, eventTime=375733264, downTime=375732728, deviceId=5, source=0x1002 }
02-11 13:44:15.431 25302 25302 W ViewRootImpl[HomeActivity]: Cancelling event due to no window focus: MotionEvent { action=ACTION_CANCEL, actionButton=0, id[0]=0, x[0]=257.46362, y[0]=858.10614, toolType[0]=TOOL_TYPE_FINGER, buttonState=0, metaState=0, flags=0x0, edgeFlags=0x0, pointerCount=1, historySize=0, eventTime=375733286, downTime=375732728, deviceId=5, source=0x1002 }
02-11 13:44:15.374 25302 25486 W Adreno-ES20: <core_glFinish:34>: glFinish skipped: 0
02-11 13:44:15.431 25302 25302 W ViewRootImpl[HomeActivity]: Cancelling event due to no window focus: MotionEvent { action=ACTION_CANCEL, actionButton=0, id[0]=0, x[0]=257.46362, y[0]=858.10614, toolType[0]=TOOL_TYPE_FINGER, buttonState=0, metaState=0, flags=0x0, edgeFlags=0x0, pointerCount=1, historySize=0, eventTime=375733286, downTime=375732728, deviceId=5, source=0x1002 }
02-11 13:44:16.530 25302 25486 W Adreno-ES20: <core_glFinish:34>: glFinish skipped: 0
02-11 13:44:16.531 25302 25486 W Adreno-ES20: <core_glFinish:34>: glFinish skipped: 0 --------- beginning of main
02-11 14:11:58.817 464 464 W System.err: java.lang.ClassNotFoundException: mbmodsd.mbmodsw.ui.views.btn.BtnBK
02-11 14:11:58.817 464 464 W System.err: at java.lang.VMClassLoader.findLoadedClass(Native Method)
02-11 14:11:58.817 464 464 W System.err: at java.lang.ClassLoader.findLoadedClass(ClassLoader.java:738)
02-11 14:11:58.817 464 464 W System.err: at java.lang.ClassLoader.loadClass(ClassLoader.java:363)
02-11 14:11:58.817 464 464 W System.err: at java.lang.ClassLoader.loadClass(ClassLoader.java:312)
02-11 14:11:58.817 464 464 W System.err: at java.lang.Runtime.nativeLoad(Native Method)
02-11 14:11:58.817 464 464 W System.err: at java.lang.Runtime.doLoad(Runtime.java:1099)
02-11 14:11:58.817 464 464 W System.err: at java.lang.Runtime.loadLibrary0(Runtime.java:1014)
02-11 14:11:58.817 464 464 W System.err: at java.lang.System.loadLibrary(System.java:1657)
02-11 14:11:58.818 464 464 W System.err: at arm.EpicVm.<clinit>(Unknown Source:2)
02-11 14:11:58.818 464 464 W System.err: at java.lang.Class.newInstance(Native Method)
02-11 14:11:58.818 464 464 W System.err: at android.app.Instrumentation.newApplication(Instrumentation.java:1140)
02-11 14:11:58.818 464 464 W System.err: at android.app.Instrumentation.newApplication(Instrumentation.java:1125)
02-11 14:11:58.818 464 464 W System.err: at android.app.LoadedApk.makeApplication(LoadedApk.java:983)
02-11 14:11:58.818 464 464 W System.err: at android.app.ActivityThread.handleBindApplication(ActivityThread.java:5751)
02-11 14:11:58.818 464 464 W System.err: at android.app.ActivityThread.- wrap1(Unknown Source:0)
02-11 14:11:58.818 464 464 W System.err: at android.app.ActivityThread$H.handleMessage(ActivityThread.java:1680)
02-11 14:11:58.818 464 464 W System.err: at android.os.Handler.dispatchMessage(Handler.java:106)
02-11 14:11:58.818 464 464 W System.err: at android.os.Looper.loop(Looper.java:164)
02-11 14:11:58.818 464 464 W System.err: at android.app.ActivityThread.main(ActivityThread.java:6539)
02-11 14:11:58.818 464 464 W System.err: at java.lang.reflect.Method.invoke(Native Method)
02-11 14:11:58.818 464 464 W System.err: at com.android.internal.os.RuntimeInit$MethodAndArgsCaller.run(RuntimeInit.java:438)
02-11 14:11:58.818 464 464 W System.err: at com.android.internal.os.ZygoteInit.main(ZygoteInit.java:807)
02-11 14:11:58.818 464 464 W System.err: Caused by: java.lang.NoClassDefFoundError: Failed resolution of: Lcom/whatsapp/components/Button;
02-11 14:11:58.818 464 464 W System.err: ... 18 more
02-11 14:11:58.818 464 464 W System.err: Caused by: java.lang.ClassNotFoundException: Didn't find class "com.whatsapp.components.Button" on path: DexPathList[[zip file "/data/app/com.whatsapp-UEj3oGZH85olLjPuviRrSA==/base.apk"],nativeLibraryDirectorie s=[/data/app/com.whatsapp-UEj3oGZH85olLjPuviRrSA==/lib/arm, /data/app/com.whatsapp- UEj3oGZH85olLjPuviRrSA==/base.apk!/lib/armeabi-v7a, /system/lib, /vendor/lib]]
02-11 14:11:58.818 464 464 W System.err: at dalvik.system.BaseDexClassLoader.findClass(BaseDexClassLoader.java:125)
02-11 14:11:58.818 464 464 W System.err: at java.lang.ClassLoader.loadClass(ClassLoader.java:379)
02-11 14:11:58.818 464 464 W System.err: at java.lang.ClassLoader.loadClass(ClassLoader.java:312)
02-11 14:11:58.818 464 464 W System.err: ... 18 more
02-11 14:11:58.926 464 464 E CustomActivityOnCrash: IMPORTANT WARNING! You already have an UncaughtExceptionHandler, are you sure this is correct? If you use a custom UncaughtExceptionHandler, you must initialize it AFTER CustomActivityOnCrash! Installing anyway, but your original handler will not be called.
02-11 14:11:59.885 464 547 W zygote : Class X.2rL failed lock verification and will run slower.
02-11 14:11:59.885 464 547 W zygote : Common causes for lock verification issues are non-optimized dex code
02-11 14:11:59.885 464 547 W zygote : and incorrect proguard optimizations.
02-11 14:11:59.914 464 464 W zygote : Class X.0eU failed lock verification and will run slower. --------- beginning of system
02-11 14:12:00.228 464 464 W zygote : Class com.whatsapp.HomeActivity failed lock verification and will run slower.
02-11 14:12:00.528 464 464 W ResourceType: Too many attribute references, stopped at: 0x01010034
02-11 14:12:00.541 464 464 W ResourceType: Too many attribute references, stopped at: 0x01010034
02-11 14:12:00.946 464 464 E ArmVmp : Match on catch block at 0x0a in for 0xb1
02-11 14:12:00.988 464 464 E ArmVmp : Match on catch block at 0x0a in for 0x125
02-11 14:12:01.765 464 464 W StaticLayout: maxLineHeight should not be -1. maxLines:1 lineCount:1
02-11 14:12:01.801 464 464 W StaticLayout: maxLineHeight should not be -1. maxLines:1 lineCount:1
02-11 14:12:02.628 464 464 E RecyclerView: No adapter attached; skipping layout
02-11 14:12:02.644 464 464 E ArmVmp : Match on catch block at 0x0a in for 0xc9
02-11 14:12:02.748 464 464 E RecyclerView: No adapter attached; skipping layout
02-11 14:12:02.954 464 518 W LibraryVersion: Failed to get app version for libraryName: firebase-iid
02-11 14:12:03.119 464 624 W LOTTIE : Animation contains merge paths. Merge paths are only supported on KitKat+ and must be manually enabled by calling enableMergePathsForKitKatAndAbove().
02-11 14:12:03.156 464 464 W RenderThread: type=1400 audit(0.0:284023): avc: denied { search } for name="kgsl-3d0" dev="sysfs" ino=20173 scontext=u:r:untrusted_app:s0:c512,c768 tcontext=u:object_r:sysfs_kgsl:s0 tclass=dir permissive=0
02-11 14:12:03.165 464 578 W Adreno-ES20: <get_gpu_clk:229>: open failed: errno 13
02-11 14:12:03.173 464 464 W StaticLayout: maxLineHeight should not be -1. maxLines:1 lineCount:1
02-11 14:12:03.173 464 464 W StaticLayout: maxLineHeight should not be -1. maxLines:1 lineCount:1
02-11 14:12:03.174 464 578 W Adreno-EGL: <qeglDrvAPI_eglGetConfigAttrib:612>: EGL_BAD_ATTRIBUTE
02-11 14:12:03.174 464 464 W StaticLayout: maxLineHeight should not be -1. maxLines:1 lineCount:1
02-11 14:12:03.176 464 464 W StaticLayout: maxLineHeight should not be -1. maxLines:1 lineCount:1
02-11 14:12:03.178 464 578 W Adreno-EGL: <qeglDrvAPI_eglGetConfigAttrib:612>: EGL_BAD_ATTRIBUTE
02-11 14:12:03.322 464 578 W Adreno-EGL: <qeglDrvAPI_eglGetConfigAttrib:612>: EGL_BAD_ATTRIBUTE
02-11 14:12:03.418 464 464 W LOTTIE : Animation contains merge paths but they are disabled.
02-11 14:12:03.477 464 578 W Adreno-EGL: <qeglDrvAPI_eglGetConfigAttrib:612>: EGL_BAD_ATTRIBUTE
02-11 14:12:03.928 464 578 W Adreno-EGL: <qeglDrvAPI_eglGetConfigAttrib:612>: EGL_BAD_ATTRIBUTE
02-11 14:12:04.210 464 578 W Adreno-EGL: <qeglDrvAPI_eglGetConfigAttrib:612>: EGL_BAD_ATTRIBUTE
02-11 14:12:08.896 464 464 W zygote : Verification of void X.5pH.A1Z(android.os.Bundle) took 125.512ms
02-11 14:12:09.636 464 464 E ArmVmp : Match on catch block at 0x0a in for 0xb9
02-11 14:12:09.649 464 464 E ArmVmp : Match on catch block at 0x0a in for 0xb9
02-11 14:12:09.789 464 578 W Adreno-EGL: <qeglDrvAPI_eglGetConfigAttrib:612>: EGL_BAD_ATTRIBUTE
02-11 14:12:10.213 464 464 E ArmVmp : Match on catch block at 0xc3 in for 0xa5
02-11 14:12:10.223 464 464 E ArmVmp : Match on catch block at 0xc3 in for 0xa1
02-11 14:12:10.228 464 464 E ArmVmp : Match on catch block at 0xc3 in for 0xa1
02-11 14:12:10.299 464 464 E ArmVmp : Match on catch block at 0xc3 in for 0x95
02-11 14:12:10.306 464 464 E ArmVmp : Match on catch block at 0xc3 in for 0x91
02-11 14:12:10.310 464 464 E ArmVmp : Match on catch block at 0xc3 in for 0x91
02-11 14:12:10.473 464 464 E ArmVmp : Match on catch block at 0xc3 in for 0x91
02-11 14:12:10.479 464 464 E ArmVmp : Match on catch block at 0xc3 in for 0x95
02-11 14:12:10.485 464 464 E ArmVmp : Match on catch block at 0xc3 in for 0x95
02-11 14:12:10.566 464 464 E ArmVmp : Match on catch block at 0xc3 in for 0x99
02-11 14:12:10.586 464 464 E ArmVmp : Match on catch block at 0xc3 in for 0x91
02-11 14:12:10.591 464 464 E ArmVmp : Match on catch block at 0xc3 in for 0x91
02-11 14:12:10.611 464 578 W Adreno-ES20: <core_glFinish:34>: glFinish skipped: 0
02-11 14:12:10.613 464 578 W Adreno-ES20: <core_glFinish:34>: glFinish skipped: 0
02-11 14:12:10.637 464 464 E ArmVmp : Match on catch block at 0xc3 in for 0x91
02-11 14:12:10.644 464 464 E ArmVmp : Match on catch block at 0xc3 in for 0x95
02-11 14:12:10.647 464 464 E ArmVmp : Match on catch block at 0xc3 in for 0x95
02-11 14:12:10.663 464 464 E ArmVmp : Match on catch block at 0xc3 in for 0x99
02-11 14:12:10.669 464 464 E ArmVmp : Match on catch block at 0xc3 in for 0x91
02-11 14:12:10.674 464 464 E ArmVmp : Match on catch block at 0xc3 in for 0x91
02-11 14:12:10.690 464 464 E ArmVmp : Match on catch block at 0xc3 in for 0x95
02-11 14:12:10.694 464 464 E ArmVmp : Match on catch block at 0xc3 in for 0x99
02-11 14:12:10.697 464 464 E ArmVmp : Match on catch block at 0xc3 in for 0x99
02-11 14:12:10.704 464 464 E ArmVmp : Match on catch block at 0xc3 in for 0x91
02-11 14:12:10.710 464 464 E ArmVmp : Match on catch block at 0xc3 in for 0x95
02-11 14:12:10.713 464 464 E ArmVmp : Match on catch block at 0xc3 in for 0x95
02-11 14:12:10.721 464 464 E ArmVmp : Match on catch block at 0xc3 in for 0x99
02-11 14:12:10.726 464 464 E ArmVmp : Match on catch block at 0xc3 in for 0x91
02-11 14:12:10.728 464 464 E ArmVmp : Match on catch block at 0xc3 in for 0x91
02-11 14:12:10.737 464 464 E ArmVmp : Match on catch block at 0xc3 in for 0x99
02-11 14:12:10.743 464 464 E ArmVmp : Match on catch block at 0xc3 in for 0x91
02-11 14:12:10.746 464 464 E ArmVmp : Match on catch block at 0xc3 in for 0x91
02-11 14:12:10.761 464 464 E ArmVmp : Match on catch block at 0xc3 in for 0x91
02-11 14:12:10.767 464 464 E ArmVmp : Match on catch block at 0xc3 in for 0x95
02-11 14:12:10.770 464 464 E ArmVmp : Match on catch block at 0xc3 in for 0x95
02-11 14:12:10.779 464 464 E ArmVmp : Match on catch block at 0xc3 in for 0x99
02-11 14:12:10.785 464 464 E ArmVmp : Match on catch block at 0xc3 in for 0x91
02-11 14:12:10.789 464 464 E ArmVmp : Match on catch block at 0xc3 in for 0x91
02-11 14:12:10.805 464 464 E ArmVmp : Match on catch block at 0xc3 in for 0x95
02-11 14:12:10.810 464 464 E ArmVmp : Match on catch block at 0xc3 in for 0x99
02-11 14:12:10.813 464 464 E ArmVmp : Match on catch block at 0xc3 in for 0x99
02-11 14:12:10.821 464 464 E ArmVmp : Match on catch block at 0xc3 in for 0x91
02-11 14:12:10.826 464 464 E ArmVmp : Match on catch block at 0xc3 in for 0x95
02-11 14:12:10.829 464 464 E ArmVmp : Match on catch block at 0xc3 in for 0x95
02-11 14:12:10.839 464 464 E ArmVmp : Match on catch block at 0xc3 in for 0x99
02-11 14:12:10.844 464 464 E ArmVmp : Match on catch block at 0xc3 in for 0x91
02-11 14:12:10.847 464 464 E ArmVmp : Match on catch block at 0xc3 in for 0x91
02-11 14:12:10.856 464 464 E ArmVmp : Match on catch block at 0xc3 in for 0x95
02-11 14:12:10.861 464 464 E ArmVmp : Match on catch block at 0xc3 in for 0x99
02-11 14:12:10.864 464 464 E ArmVmp : Match on catch block at 0xc3 in for 0x99
02-11 14:12:10.873 464 464 E ArmVmp : Match on catch block at 0xc3 in for 0x91
02-11 14:12:10.877 464 464 E ArmVmp : Match on catch block at 0xc3 in for 0x95
02-11 14:12:10.880 464 464 E ArmVmp : Match on catch block at 0xc3 in for 0x95
02-11 14:12:10.888 464 464 E ArmVmp : Match on catch block at 0xc3 in for 0x99
02-11 14:12:10.893 464 464 E ArmVmp : Match on catch block at 0xc3 in for 0x91
02-11 14:12:10.895 464 464 E ArmVmp : Match on catch block at 0xc3 in for 0x91
02-11 14:12:10.905 464 464 E ArmVmp : Match on catch block at 0xc3 in for 0x95
02-11 14:12:10.910 464 464 E ArmVmp : Match on catch block at 0xc3 in for 0x99
02-11 14:12:10.913 464 464 E ArmVmp : Match on catch block at 0xc3 in for 0x99
02-11 14:12:10.921 464 464 E ArmVmp : Match on catch block at 0xc3 in for 0x91
02-11 14:12:10.926 464 464 E ArmVmp : Match on catch block at 0xc3 in for 0x95
02-11 14:12:10.932 464 464 E ArmVmp : Match on catch block at 0xc3 in for 0x95
02-11 14:12:10.938 464 464 E ArmVmp : Match on catch block at 0xc3 in for 0x99
02-11 14:12:10.943 464 464 E ArmVmp : Match on catch block at 0xc3 in for 0x91
02-11 14:12:10.946 464 464 E ArmVmp : Match on catch block at 0xc3 in for 0x91
02-11 14:12:10.968 464 578 W Adreno-ES20: <core_glFinish:34>: glFinish skipped: 0
02-11 14:12:11.174 464 464 E ArmVmp : Match on catch block at 0xc3 in for 0x91
02-11 14:12:11.179 464 464 E ArmVmp : Match on catch block at 0xc3 in for 0x95
02-11 14:12:11.184 464 464 E ArmVmp : Match on catch block at 0xc3 in for 0x95
02-11 14:12:11.190 464 464 E ArmVmp : Match on catch block at 0xc3 in for 0x99
02-11 14:12:11.197 464 464 E ArmVmp : Match on catch block at 0xc3 in for 0x91
02-11 14:12:11.200 464 464 E ArmVmp : Match on catch block at 0xc3 in for 0x91
02-11 14:12:11.212 464 464 E ArmVmp : Match on catch block at 0xc3 in for 0x99
02-11 14:12:11.217 464 464 E ArmVmp : Match on catch block at 0xc3 in for 0x91
02-11 14:12:11.220 464 464 E ArmVmp : Match on catch block at 0xc3 in for 0x91
02-11 14:12:11.229 464 464 E ArmVmp : Match on catch block at 0xc3 in for 0x95
02-11 14:12:11.234 464 464 E ArmVmp : Match on catch block at 0xc3 in for 0x99
02-11 14:12:11.237 464 464 E ArmVmp : Match on catch block at 0xc3 in for 0x99
02-11 14:12:11.243 464 464 E ArmVmp : Match on catch block at 0xc3 in for 0x91
02-11 14:12:11.249 464 464 E ArmVmp : Match on catch block at 0xc3 in for 0x95
02-11 14:12:11.254 464 464 E ArmVmp : Match on catch block at 0xc3 in for 0x95
02-11 14:12:11.261 464 464 E ArmVmp : Match on catch block at 0xc3 in for 0x99
02-11 14:12:11.266 464 464 E ArmVmp : Match on catch block at 0xc3 in for 0x91
02-11 14:12:11.270 464 464 E ArmVmp : Match on catch block at 0xc3 in for 0x91
02-11 14:12:11.324 464 464 E ArmVmp : Match on catch block at 0xc3 in for 0x99
02-11 14:12:11.328 464 464 E ArmVmp : Match on catch block at 0xc3 in for 0x91
02-11 14:12:11.370 464 464 E ArmVmp : Match on catch block at 0xc3 in for 0x95
02-11 14:12:11.373 464 464 E ArmVmp : Match on catch block at 0xc3 in for 0x99
02-11 14:12:11.386 464 464 E ArmVmp : Match on catch block at 0xc3 in for 0x95
02-11 14:12:11.391 464 464 E ArmVmp : Match on catch block at 0xc3 in for 0x99
02-11 14:12:11.406 464 464 E ArmVmp : Match on catch block at 0xc3 in for 0x95
02-11 14:12:11.412 464 464 E ArmVmp : Match on catch block at 0xc3 in for 0x99
02-11 14:12:11.416 464 464 E ArmVmp : Match on catch block at 0xc3 in for 0x99
02-11 14:12:11.424 464 464 E ArmVmp : Match on catch block at 0xc3 in for 0x91
02-11 14:12:11.429 464 464 E ArmVmp : Match on catch block at 0xc3 in for 0x95
02-11 14:12:11.433 464 464 E ArmVmp : Match on catch block at 0xc3 in for 0x95
02-11 14:12:11.444 464 464 E ArmVmp : Match on catch block at 0xc3 in for 0x99
02-11 14:12:11.449 464 464 E ArmVmp : Match on catch block at 0xc3 in for 0x91
02-11 14:12:11.453 464 464 E ArmVmp : Match on catch block at 0xc3 in for 0x91
02-11 14:12:11.459 464 464 E ArmVmp : Match on catch block at 0xc3 in for 0x95
02-11 14:12:11.464 464 464 E ArmVmp : Match on catch block at 0xc3 in for 0x99
02-11 14:12:11.467 464 464 E ArmVmp : Match on catch block at 0xc3 in for 0x99
02-11 14:12:11.475 464 464 E ArmVmp : Match on catch block at 0xc3 in for 0x91
02-11 14:12:11.482 464 464 E ArmVmp : Match on catch block at 0xc3 in for 0x95
02-11 14:12:11.489 464 464 E ArmVmp : Match on catch block at 0xc3 in for 0x95
02-11 14:12:11.497 464 464 E ArmVmp : Match on catch block at 0xc3 in for 0x99
02-11 14:12:11.510 464 464 E ArmVmp : Match on catch block at 0xc3 in for 0x91
02-11 14:12:11.514 464 464 E ArmVmp : Match on catch block at 0xc3 in for 0x91
02-11 14:12:11.520 464 464 E ArmVmp : Match on catch block at 0xc3 in for 0x95
02-11 14:12:11.530 464 464 E ArmVmp : Match on catch block at 0xc3 in for 0x99
02-11 14:12:11.533 464 464 E ArmVmp : Match on catch block at 0xc3 in for 0x99
02-11 14:12:11.561 464 464 E ArmVmp : Match on catch block at 0xc3 in for 0x99
02-11 14:12:11.565 464 464 E ArmVmp : Match on catch block at 0xc3 in for 0x91
02-11 14:12:11.568 464 464 E ArmVmp : Match on catch block at 0xc3 in for 0x91
02-11 14:12:11.575 464 464 E ArmVmp : Match on catch block at 0xc3 in for 0x95
02-11 14:12:11.580 464 464 E ArmVmp : Match on catch block at 0xc3 in for 0x99
02-11 14:12:11.583 464 464 E ArmVmp : Match on catch block at 0xc3 in for 0x99
02-11 14:12:11.974 464 464 E ArmVmp : Match on catch block at 0xc3 in for 0x91
02-11 14:12:11.979 464 464 E ArmVmp : Match on catch block at 0xc3 in for 0x95
02-11 14:12:11.983 464 464 E ArmVmp : Match on catch block at 0xc3 in for 0x95
02-11 14:12:12.122 464 464 E ArmVmp : Match on catch block at 0xc3 in for 0x95
02-11 14:12:12.127 464 464 E ArmVmp : Match on catch block at 0xc3 in for 0x99
02-11 14:12:12.140 464 464 E ArmVmp : Match on catch block at 0xc3 in for 0x91
02-11 14:12:12.146 464 464 E ArmVmp : Match on catch block at 0xc3 in for 0x95
02-11 14:12:12.158 464 464 E ArmVmp : Match on catch block at 0xc3 in for 0x91
02-11 14:12:12.163 464 464 E ArmVmp : Match on catch block at 0xc3 in for 0x95
02-11 14:12:12.175 464 464 E ArmVmp : Match on catch block at 0xc3 in for 0x91
02-11 14:12:12.180 464 464 E ArmVmp : Match on catch block at 0xc3 in for 0x95
02-11 14:12:12.195 464 464 E ArmVmp : Match on catch block at 0xc3 in for 0x91
02-11 14:12:12.199 464 464 E ArmVmp : Match on catch block at 0xc3 in for 0x95
02-11 14:12:12.475 464 464 E ArmVmp : Match on catch block at 0xc3 in for 0x91
02-11 14:12:12.480 464 464 E ArmVmp : Match on catch block at 0xc3 in for 0x95
02-11 14:12:12.976 464 464 E ArmVmp : Match on catch block at 0xc3 in for 0x99
02-11 14:12:12.981 464 464 E ArmVmp : Match on catch block at 0xc3 in for 0x91
02-11 14:12:13.469 464 464 E ArmVmp : Match on catch block at 0xc3 in for 0x95
02-11 14:12:13.473 464 464 E ArmVmp : Match on catch block at 0xc3 in for 0x99
02-11 14:12:13.496 464 464 E ArmVmp : Match on catch block at 0xc3 in for 0x91
02-11 14:12:13.500 464 464 E ArmVmp : Match on catch block at 0xc3 in for 0x95
02-11 14:12:13.513 464 464 E ArmVmp : Match on catch block at 0xc3 in for 0x91
02-11 14:12:13.518 464 464 E ArmVmp : Match on catch block at 0xc3 in for 0x95
02-11 14:12:13.529 464 464 E ArmVmp : Match on catch block at 0xc3 in for 0x91
02-11 14:12:13.537 464 464 E ArmVmp : Match on catch block at 0xc3 in for 0x95
02-11 14:12:13.546 464 464 E ArmVmp : Match on catch block at 0xc3 in for 0x91
02-11 14:12:13.557 464 464 E ArmVmp : Match on catch block at 0xc3 in for 0x95
02-11 14:12:13.578 464 464 E ArmVmp : Match on catch block at 0xc3 in for 0x91
02-11 14:12:13.582 464 464 E ArmVmp : Match on catch block at 0xc3 in for 0x95
02-11 14:12:13.599 464 464 E ArmVmp : Match on catch block at 0xc3 in for 0x91
02-11 14:12:13.603 464 464 E ArmVmp : Match on catch block at 0xc3 in for 0x95
02-11 14:12:13.612 464 464 E ArmVmp : Match on catch block at 0xc3 in for 0x91
02-11 14:12:13.617 464 464 E ArmVmp : Match on catch block at 0xc3 in for 0x95
02-11 14:12:13.630 464 464 E ArmVmp : Match on catch block at 0xc3 in for 0x91
02-11 14:12:13.635 464 464 E ArmVmp : Match on catch block at 0xc3 in for 0x95
02-11 14:12:13.646 464 464 E ArmVmp : Match on catch block at 0xc3 in for 0x91
02-11 14:12:13.652 464 464 E ArmVmp : Match on catch block at 0xc3 in for 0x95
02-11 14:12:13.663 464 464 E ArmVmp : Match on catch block at 0xc3 in for 0x91
02-11 14:12:13.669 464 464 E ArmVmp : Match on catch block at 0xc3 in for 0x95
02-11 14:12:13.680 464 464 E ArmVmp : Match on catch block at 0xc3 in for 0x91
02-11 14:12:13.685 464 464 E ArmVmp : Match on catch block at 0xc3 in for 0x95
02-11 14:12:13.696 464 464 E ArmVmp : Match on catch block at 0xc3 in for 0x91
02-11 14:12:13.703 464 464 E ArmVmp : Match on catch block at 0xc3 in for 0x95
02-11 14:12:13.713 464 464 E ArmVmp : Match on catch block at 0xc3 in for 0x91
02-11 14:12:13.718 464 464 E ArmVmp : Match on catch block at 0xc3 in for 0x95
02-11 14:12:13.730 464 464 E ArmVmp : Match on catch block at 0xc3 in for 0x91
02-11 14:12:13.735 464 464 E ArmVmp : Match on catch block at 0xc3 in for 0x95
02-11 14:12:13.746 464 464 E ArmVmp : Match on catch block at 0xc3 in for 0x91
02-11 14:12:13.752 464 464 E ArmVmp : Match on catch block at 0xc3 in for 0x95
02-11 14:12:13.762 464 464 E ArmVmp : Match on catch block at 0xc3 in for 0x91
02-11 14:12:13.769 464 464 E ArmVmp : Match on catch block at 0xc3 in for 0x95
02-11 14:12:13.778 464 464 E ArmVmp : Match on catch block at 0xc3 in for 0x91
02-11 14:12:13.784 464 464 E ArmVmp : Match on catch block at 0xc3 in for 0x95
02-11 14:12:13.797 464 464 E ArmVmp : Match on catch block at 0xc3 in for 0x91
02-11 14:12:13.802 464 464 E ArmVmp : Match on catch block at 0xc3 in for 0x95
02-11 14:12:13.812 464 464 E ArmVmp : Match on catch block at 0xc3 in for 0x91
02-11 14:12:13.820 464 464 E ArmVmp : Match on catch block at 0xc3 in for 0x95
02-11 14:12:13.828 464 464 E ArmVmp : Match on catch block at 0xc3 in for 0x91
02-11 14:12:13.834 464 464 E ArmVmp : Match on catch block at 0xc3 in for 0x95
02-11 14:12:13.845 464 464 E ArmVmp : Match on catch block at 0xc3 in for 0x91
02-11 14:12:13.851 464 464 E ArmVmp : Match on catch block at 0xc3 in for 0x95
02-11 14:12:13.862 464 464 E ArmVmp : Match on catch block at 0xc3 in for 0x91
02-11 14:12:13.867 464 464 E ArmVmp : Match on catch block at 0xc3 in for 0x95
02-11 14:12:13.880 464 464 E ArmVmp : Match on catch block at 0xc3 in for 0x91
02-11 14:12:13.885 464 464 E ArmVmp : Match on catch block at 0xc3 in for 0x95
02-11 14:12:13.896 464 464 E ArmVmp : Match on catch block at 0xc3 in for 0x91
02-11 14:12:13.904 464 464 E ArmVmp : Match on catch block at 0xc3 in for 0x95
02-11 14:12:13.914 464 464 E ArmVmp : Match on catch block at 0xc3 in for 0x91
02-11 14:12:13.920 464 464 E ArmVmp : Match on catch block at 0xc3 in for 0x95
02-11 14:12:13.929 464 464 E ArmVmp : Match on catch block at 0xc3 in for 0x91
02-11 14:12:13.934 464 464 E ArmVmp : Match on catch block at 0xc3 in for 0x95
