02-11 16:59:48.988 26690 26775 W Adreno-ES20: <core_glFinish:34>: glFinish skipped: 0
02-11 16:59:49.037 26690 26775 W Adreno-ES20: <core_glFinish:34>: glFinish skipped: 0
02-11 16:59:49.037 26690 26775 W Adreno-ES20: <core_glFinish:34>: glFinish skipped: 0
02-11 16:59:53.270 26690 26775 W Adreno-EGL: <qeglDrvAPI_eglGetConfigAttrib:612>: EGL_BAD_ATTRIBUTE
02-11 16:59:59.848 26690 26775 W Adreno-ES20: <core_glFinish:34>: glFinish skipped: 0
02-11 16:59:59.920 26690 26775 W Adreno-ES20: <core_glFinish:34>: glFinish skipped: 0
02-11 17:00:09.125 26690 26775 W Adreno-EGL: <qeglDrvAPI_eglGetConfigAttrib:612>: EGL_BAD_ATTRIBUTE
02-11 17:00:10.207 26690 26775 W Adreno-ES20: <core_glFinish:34>: glFinish skipped: 0
02-11 17:00:10.225 26690 26775 W Adreno-ES20: <core_glFinish:34>: glFinish skipped: 0
02-11 17:00:10.369 26690 26775 W Adreno-ES20: <core_glFinish:34>: glFinish skipped: 0
02-11 17:00:10.371 26690 26775 W Adreno-ES20: <core_glFinish:34>: glFinish skipped: 0
02-11 17:00:10.409 26690 26775 W Adreno-ES20: <core_glFinish:34>: glFinish skipped: 0
02-11 17:00:10.662 26690 26775 W Adreno-ES20: <core_glFinish:34>: glFinish skipped: 0
02-11 17:00:10.668 26690 26698 E SpellCheckerSession: ignoring processOrEnqueueTask due to unexpected mState=TASK_CLOSE scp.mWhat=TASK_CLOSE
02-11 17:00:10.670 26690 26775 W Adreno-ES20: <core_glFinish:34>: glFinish skipped: 0
02-11 17:01:35.196 26690 26775 W Adreno-ES20: <core_glFinish:34>: glFinish skipped: 0
02-11 17:01:35.199 26690 26775 W Adreno-ES20: <core_glFinish:34>: glFinish skipped: 0
02-11 17:01:35.214 26690 26775 W Adreno-ES20: <core_glFinish:34>: glFinish skipped: 0
02-11 17:01:35.233 26690 26775 W Adreno-ES20: <core_glFinish:34>: glFinish skipped: 0 --------- beginning of main
02-11 17:38:15.968 32705 32705 W System.err: java.lang.ClassNotFoundException: mbmodsd.mbmodsw.ui.views.btn.BtnBK
02-11 17:38:15.968 32705 32705 W System.err: at java.lang.VMClassLoader.findLoadedClass(Native Method)
02-11 17:38:15.968 32705 32705 W System.err: at java.lang.ClassLoader.findLoadedClass(ClassLoader.java:738)
02-11 17:38:15.968 32705 32705 W System.err: at java.lang.ClassLoader.loadClass(ClassLoader.java:363)
02-11 17:38:15.968 32705 32705 W System.err: at java.lang.ClassLoader.loadClass(ClassLoader.java:312)
02-11 17:38:15.968 32705 32705 W System.err: at java.lang.Runtime.nativeLoad(Native Method)
02-11 17:38:15.968 32705 32705 W System.err: at java.lang.Runtime.doLoad(Runtime.java:1099)
02-11 17:38:15.968 32705 32705 W System.err: at java.lang.Runtime.loadLibrary0(Runtime.java:1014)
02-11 17:38:15.968 32705 32705 W System.err: at java.lang.System.loadLibrary(System.java:1657)
02-11 17:38:15.968 32705 32705 W System.err: at arm.EpicVm.<clinit>(Unknown Source:2)
02-11 17:38:15.968 32705 32705 W System.err: at java.lang.Class.newInstance(Native Method)
02-11 17:38:15.968 32705 32705 W System.err: at android.app.Instrumentation.newApplication(Instrumentation.java:1140)
02-11 17:38:15.968 32705 32705 W System.err: at android.app.Instrumentation.newApplication(Instrumentation.java:1125)
02-11 17:38:15.968 32705 32705 W System.err: at android.app.LoadedApk.makeApplication(LoadedApk.java:983)
02-11 17:38:15.969 32705 32705 W System.err: at android.app.ActivityThread.handleBindApplication(ActivityThread.java:5751)
02-11 17:38:15.969 32705 32705 W System.err: at android.app.ActivityThread.- wrap1(Unknown Source:0)
02-11 17:38:15.969 32705 32705 W System.err: at android.app.ActivityThread$H.handleMessage(ActivityThread.java:1680)
02-11 17:38:15.969 32705 32705 W System.err: at android.os.Handler.dispatchMessage(Handler.java:106)
02-11 17:38:15.969 32705 32705 W System.err: at android.os.Looper.loop(Looper.java:164)
02-11 17:38:15.969 32705 32705 W System.err: at android.app.ActivityThread.main(ActivityThread.java:6539)
02-11 17:38:15.969 32705 32705 W System.err: at java.lang.reflect.Method.invoke(Native Method)
02-11 17:38:15.969 32705 32705 W System.err: at com.android.internal.os.RuntimeInit$MethodAndArgsCaller.run(RuntimeInit.java:438)
02-11 17:38:15.969 32705 32705 W System.err: at com.android.internal.os.ZygoteInit.main(ZygoteInit.java:807)
02-11 17:38:15.969 32705 32705 W System.err: Caused by: java.lang.NoClassDefFoundError: Failed resolution of: Lcom/whatsapp/components/Button;
02-11 17:38:15.969 32705 32705 W System.err: ... 18 more
02-11 17:38:15.969 32705 32705 W System.err: Caused by: java.lang.ClassNotFoundException: Didn't find class "com.whatsapp.components.Button" on path: DexPathList[[zip file "/data/app/com.whatsapp-UEj3oGZH85olLjPuviRrSA==/base.apk"],nativeLibraryDirectorie s=[/data/app/com.whatsapp-UEj3oGZH85olLjPuviRrSA==/lib/arm, /data/app/com.whatsapp- UEj3oGZH85olLjPuviRrSA==/base.apk!/lib/armeabi-v7a, /system/lib, /vendor/lib]]
02-11 17:38:15.969 32705 32705 W System.err: at dalvik.system.BaseDexClassLoader.findClass(BaseDexClassLoader.java:125)
02-11 17:38:15.970 32705 32705 W System.err: at java.lang.ClassLoader.loadClass(ClassLoader.java:379)
02-11 17:38:15.970 32705 32705 W System.err: at java.lang.ClassLoader.loadClass(ClassLoader.java:312)
02-11 17:38:15.970 32705 32705 W System.err: ... 18 more
02-11 17:38:16.062 32705 32705 E CustomActivityOnCrash: IMPORTANT WARNING! You already have an UncaughtExceptionHandler, are you sure this is correct? If you use a custom UncaughtExceptionHandler, you must initialize it AFTER CustomActivityOnCrash! Installing anyway, but your original handler will not be called.
02-11 17:38:17.145 32705 32752 W zygote : Class X.2rL failed lock verification and will run slower.
02-11 17:38:17.145 32705 32752 W zygote : Common causes for lock verification issues are non-optimized dex code
02-11 17:38:17.145 32705 32752 W zygote : and incorrect proguard optimizations.
02-11 17:38:17.231 32705 32705 W zygote : Class com.whatsapp.HomeActivity failed lock verification and will run slower.
02-11 17:38:17.248 32705 32705 W zygote : Class X.0eU failed lock verification and will run slower.
02-11 17:38:17.764 32705 32705 W ResourceType: Too many attribute references, stopped at: 0x01010034
02-11 17:38:17.774 32705 32705 W ResourceType: Too many attribute references, stopped at: 0x01010034
02-11 17:38:18.234 32705 32705 E ArmVmp : Match on catch block at 0x0a in for 0xb9
02-11 17:38:18.279 32705 32705 E ArmVmp : Match on catch block at 0x0a in for 0x129 --------- beginning of system
02-11 17:38:18.763 32705 32705 W PhoneWindow: Previously focused view reported id 2131429103 during save, but can't be found during restore.
02-11 17:38:18.800 32705 332 W LOTTIE : Animation contains merge paths. Merge paths are only supported on KitKat+ and must be manually enabled by calling enableMergePathsForKitKatAndAbove().
02-11 17:38:18.889 32705 32705 W LOTTIE : Animation contains merge paths but they are disabled.
02-11 17:38:18.954 32705 32705 W StaticLayout: maxLineHeight should not be -1. maxLines:1 lineCount:1
02-11 17:38:18.976 32705 32705 W StaticLayout: maxLineHeight should not be -1. maxLines:1 lineCount:1
02-11 17:38:19.001 32705 333 W Adreno-ES20: <get_gpu_clk:229>: open failed: errno 13
02-11 17:38:18.995 32705 32705 W RenderThread: type=1400 audit(0.0:304050): avc: denied { search } for name="kgsl-3d0" dev="sysfs" ino=20173 scontext=u:r:untrusted_app:s0:c512,c768 tcontext=u:object_r:sysfs_kgsl:s0 tclass=dir permissive=0
02-11 17:38:19.003 32705 333 W Adreno-EGL: <qeglDrvAPI_eglGetConfigAttrib:612>: EGL_BAD_ATTRIBUTE
02-11 17:38:19.008 32705 333 W Adreno-EGL: <qeglDrvAPI_eglGetConfigAttrib:612>: EGL_BAD_ATTRIBUTE
02-11 17:38:19.012 32705 32705 W StaticLayout: maxLineHeight should not be -1. maxLines:1 lineCount:1
02-11 17:38:19.013 32705 32705 W StaticLayout: maxLineHeight should not be -1. maxLines:1 lineCount:1
02-11 17:38:19.755 32705 32705 E RecyclerView: No adapter attached; skipping layout
02-11 17:38:19.787 32705 32705 E ArmVmp : Match on catch block at 0x0a in for 0xc1
02-11 17:38:19.978 32705 32705 E RecyclerView: No adapter attached; skipping layout
02-11 17:38:20.202 32705 333 W Adreno-ES20: <core_glFinish:34>: glFinish skipped: 0
02-11 17:38:20.206 32705 333 W Adreno-ES20: <core_glFinish:34>: glFinish skipped: 0
02-11 17:38:20.378 32705 333 W Adreno-EGL: <qeglDrvAPI_eglGetConfigAttrib:612>: EGL_BAD_ATTRIBUTE
02-11 17:38:21.155 32705 32723 W LibraryVersion: Failed to get app version for libraryName: firebase-iid
02-11 17:38:21.377 32705 32749 E SQLiteDatabase: Error inserting media_duration=0 file_path=null transferred=0 thumbnail_height_width_ratio=1.7777778 face_y=0 face_x=0 trim_from=0 media_caption=null transcoded=0 message_url=https://mmg.whatsapp.net/v/t62.7118- 24/19385147_419583040528910_1719579199238053794_n.enc?ccb=11- 4&oh=01_AdRG9VstC_8Rx7pSVLscZrrA0JXEe8R8i3exqzmIWMswqA&oe=65F0B4F3&_nc_sid=5e03e0&m ms3=true first_scan_sidecar=[B@dafce17 direct_path=/v/t62.7118- 24/19385147_419583040528910_1719579199238053794_n.enc?ccb=11- 4&oh=01_AdRG9VstC_8Rx7pSVLscZrrA0JXEe8R8i3exqzmIWMswqA&oe=65F0B4F3&_nc_sid=5e03e0 original_file_hash=null is_animated_sticker=0 media_name=null has_streaming_sidecar=1 partial_media_enc_hash=null media_key=[B@16ff204 multicast_id=null page_count=0 height=960 partial_media_hash=RSnd6Ji1vqQW5izMeHs66CXzdCUO7JBI0VKQFYfKqt4= gif_attribution=0 mute_video=0 autotransfer_retry_enabled=0 first_scan_length=4641 trim_to=0 media_key_timestamp=1707685801000 file_size=0 chat_row_id=11 media_job_uuid=8a4457f2-23aa-4276-a004-5e34f2527439 message_row_id=2371 enc_file_hash=ia2o+cmHKllOJvtuGrNaWMIo54UzI9YK7mNg+29wL0E= file_hash=jyYhr9O5uJmlGZBQvLk4ZAMSsG7zg9mOWGL3XC+8l54= mime_type=image/jpeg media_upload_handle=null suspicious_content=0 width=540 file_length=34720
02-11 17:38:21.377 32705 32749 E SQLiteDatabase: android.database.sqlite.SQLiteConstraintException: UNIQUE constraint failed: message_media.message_row_id (code 1555)
02-11 17:38:21.377 32705 32749 E SQLiteDatabase: at android.database.sqlite.SQLiteConnection.nativeExecuteForLastInsertedRowId(Native Method)
02-11 17:38:21.377 32705 32749 E SQLiteDatabase: at android.database.sqlite.SQLiteConnection.executeForLastInsertedRowId(SQLiteConnecti on.java:790)
02-11 17:38:21.377 32705 32749 E SQLiteDatabase: at android.database.sqlite.SQLiteSession.executeForLastInsertedRowId(SQLiteSession.jav a:788)
02-11 17:38:21.377 32705 32749 E SQLiteDatabase: at android.database.sqlite.SQLiteStatement.executeInsert(SQLiteStatement.java:86)
02-11 17:38:21.377 32705 32749 E SQLiteDatabase: at android.database.sqlite.SQLiteDatabase.insertWithOnConflict(SQLiteDatabase.java:154 8)
02-11 17:38:21.377 32705 32749 E SQLiteDatabase: at android.database.sqlite.SQLiteDatabase.insert(SQLiteDatabase.java:1417)
02-11 17:38:21.377 32705 32749 E SQLiteDatabase: at X.2tm.A08(Unknown Source:6)
02-11 17:38:21.377 32705 32749 E SQLiteDatabase: at X.35Y.A07(Unknown Source:212)
02-11 17:38:21.377 32705 32749 E SQLiteDatabase: at X.3QF.A14(Unknown Source:470)
02-11 17:38:21.377 32705 32749 E SQLiteDatabase: at X.3gU.run(Unknown Source:982)
02-11 17:38:21.377 32705 32749 E SQLiteDatabase: at android.os.Handler.handleCallback(Handler.java:790)
02-11 17:38:21.377 32705 32749 E SQLiteDatabase: at android.os.Handler.dispatchMessage(Handler.java:99)
02-11 17:38:21.377 32705 32749 E SQLiteDatabase: at X.0zq.dispatchMessage(Unknown Source:4)
02-11 17:38:21.377 32705 32749 E SQLiteDatabase: at android.os.Looper.loop(Looper.java:164)
02-11 17:38:21.377 32705 32749 E SQLiteDatabase: at android.os.HandlerThread.run(HandlerThread.java:65)
02-11 17:38:21.509 32705 32749 E SQLiteDatabase: Error inserting media_duration=0 file_path=null transferred=0 thumbnail_height_width_ratio=1.7777778 face_y=0 face_x=0 trim_from=0 media_caption=null transcoded=0 message_url=https://mmg.whatsapp.net/v/t62.7118- 24/19385147_419583040528910_1719579199238053794_n.enc?ccb=11- 4&oh=01_AdRG9VstC_8Rx7pSVLscZrrA0JXEe8R8i3exqzmIWMswqA&oe=65F0B4F3&_nc_sid=5e03e0&m ms3=true first_scan_sidecar=[B@dafce17 direct_path=/v/t62.7118- 24/19385147_419583040528910_1719579199238053794_n.enc?ccb=11- 4&oh=01_AdRG9VstC_8Rx7pSVLscZrrA0JXEe8R8i3exqzmIWMswqA&oe=65F0B4F3&_nc_sid=5e03e0 original_file_hash=null is_animated_sticker=0 media_name=null has_streaming_sidecar=1 partial_media_enc_hash=null media_key=[B@16ff204 multicast_id=null page_count=0 height=960 partial_media_hash=RSnd6Ji1vqQW5izMeHs66CXzdCUO7JBI0VKQFYfKqt4= gif_attribution=0 mute_video=0 autotransfer_retry_enabled=0 first_scan_length=4641 trim_to=0 media_key_timestamp=1707685801000 file_size=0 chat_row_id=11 media_job_uuid=8a4457f2-23aa-4276-a004-5e34f2527439 message_row_id=2371 enc_file_hash=ia2o+cmHKllOJvtuGrNaWMIo54UzI9YK7mNg+29wL0E= file_hash=jyYhr9O5uJmlGZBQvLk4ZAMSsG7zg9mOWGL3XC+8l54= mime_type=image/jpeg media_upload_handle=null suspicious_content=0 width=540 file_length=34720
02-11 17:38:21.509 32705 32749 E SQLiteDatabase: android.database.sqlite.SQLiteConstraintException: UNIQUE constraint failed: message_media.message_row_id (code 1555)
02-11 17:38:21.509 32705 32749 E SQLiteDatabase: at android.database.sqlite.SQLiteConnection.nativeExecuteForLastInsertedRowId(Native Method)
02-11 17:38:21.509 32705 32749 E SQLiteDatabase: at android.database.sqlite.SQLiteConnection.executeForLastInsertedRowId(SQLiteConnecti on.java:790)
02-11 17:38:21.509 32705 32749 E SQLiteDatabase: at android.database.sqlite.SQLiteSession.executeForLastInsertedRowId(SQLiteSession.jav a:788)
02-11 17:38:21.509 32705 32749 E SQLiteDatabase: at android.database.sqlite.SQLiteStatement.executeInsert(SQLiteStatement.java:86)
02-11 17:38:21.509 32705 32749 E SQLiteDatabase: at android.database.sqlite.SQLiteDatabase.insertWithOnConflict(SQLiteDatabase.java:154 8)
02-11 17:38:21.509 32705 32749 E SQLiteDatabase: at android.database.sqlite.SQLiteDatabase.insert(SQLiteDatabase.java:1417)
02-11 17:38:21.509 32705 32749 E SQLiteDatabase: at X.2tm.A08(Unknown Source:6)
02-11 17:38:21.509 32705 32749 E SQLiteDatabase: at X.35Y.A07(Unknown Source:212)
02-11 17:38:21.509 32705 32749 E SQLiteDatabase: at X.3QF.A14(Unknown Source:470)
02-11 17:38:21.509 32705 32749 E SQLiteDatabase: at X.3gU.run(Unknown Source:982)
02-11 17:38:21.509 32705 32749 E SQLiteDatabase: at android.os.Handler.handleCallback(Handler.java:790)
02-11 17:38:21.509 32705 32749 E SQLiteDatabase: at android.os.Handler.dispatchMessage(Handler.java:99)
02-11 17:38:21.509 32705 32749 E SQLiteDatabase: at X.0zq.dispatchMessage(Unknown Source:4)
02-11 17:38:21.509 32705 32749 E SQLiteDatabase: at android.os.Looper.loop(Looper.java:164)
02-11 17:38:21.509 32705 32749 E SQLiteDatabase: at android.os.HandlerThread.run(HandlerThread.java:65)
02-11 17:38:23.684 32705 333 W Adreno-ES20: <core_glFinish:34>: glFinish skipped: 0
02-11 17:38:24.074 32705 333 W Adreno-ES20: <core_glFinish:34>: glFinish skipped: 0
02-11 17:38:24.076 32705 333 W Adreno-ES20: <core_glFinish:34>: glFinish skipped: 0 --------- beginning of system
02-11 18:03:08.145 32705 9195 E ActivityThread: Failed to find provider info for androidx.car.app.connection --------- beginning of main
02-11 18:56:03.815 22152 22152 W System.err: java.lang.ClassNotFoundException: mbmodsd.mbmodsw.ui.views.btn.BtnBK
02-11 18:56:03.816 22152 22152 W System.err: at java.lang.VMClassLoader.findLoadedClass(Native Method)
02-11 18:56:03.816 22152 22152 W System.err: at java.lang.ClassLoader.findLoadedClass(ClassLoader.java:738)
02-11 18:56:03.816 22152 22152 W System.err: at java.lang.ClassLoader.loadClass(ClassLoader.java:363)
02-11 18:56:03.816 22152 22152 W System.err: at java.lang.ClassLoader.loadClass(ClassLoader.java:312)
02-11 18:56:03.816 22152 22152 W System.err: at java.lang.Runtime.nativeLoad(Native Method)
02-11 18:56:03.816 22152 22152 W System.err: at java.lang.Runtime.doLoad(Runtime.java:1099)
02-11 18:56:03.816 22152 22152 W System.err: at java.lang.Runtime.loadLibrary0(Runtime.java:1014)
02-11 18:56:03.816 22152 22152 W System.err: at java.lang.System.loadLibrary(System.java:1657)
02-11 18:56:03.816 22152 22152 W System.err: at arm.EpicVm.<clinit>(Unknown Source:2)
02-11 18:56:03.816 22152 22152 W System.err: at java.lang.Class.newInstance(Native Method)
02-11 18:56:03.816 22152 22152 W System.err: at android.app.Instrumentation.newApplication(Instrumentation.java:1140)
02-11 18:56:03.816 22152 22152 W System.err: at android.app.Instrumentation.newApplication(Instrumentation.java:1125)
02-11 18:56:03.816 22152 22152 W System.err: at android.app.LoadedApk.makeApplication(LoadedApk.java:983)
02-11 18:56:03.816 22152 22152 W System.err: at android.app.ActivityThread.handleBindApplication(ActivityThread.java:5751)
02-11 18:56:03.816 22152 22152 W System.err: at android.app.ActivityThread.- wrap1(Unknown Source:0)
02-11 18:56:03.816 22152 22152 W System.err: at android.app.ActivityThread$H.handleMessage(ActivityThread.java:1680)
02-11 18:56:03.816 22152 22152 W System.err: at android.os.Handler.dispatchMessage(Handler.java:106)
02-11 18:56:03.816 22152 22152 W System.err: at android.os.Looper.loop(Looper.java:164)
02-11 18:56:03.816 22152 22152 W System.err: at android.app.ActivityThread.main(ActivityThread.java:6539)
02-11 18:56:03.817 22152 22152 W System.err: at java.lang.reflect.Method.invoke(Native Method)
02-11 18:56:03.817 22152 22152 W System.err: at com.android.internal.os.RuntimeInit$MethodAndArgsCaller.run(RuntimeInit.java:438)
02-11 18:56:03.817 22152 22152 W System.err: at com.android.internal.os.ZygoteInit.main(ZygoteInit.java:807)
02-11 18:56:03.817 22152 22152 W System.err: Caused by: java.lang.NoClassDefFoundError: Failed resolution of: Lcom/whatsapp/components/Button;
02-11 18:56:03.817 22152 22152 W System.err: ... 18 more
02-11 18:56:03.817 22152 22152 W System.err: Caused by: java.lang.ClassNotFoundException: Didn't find class "com.whatsapp.components.Button" on path: DexPathList[[zip file "/data/app/com.whatsapp-UEj3oGZH85olLjPuviRrSA==/base.apk"],nativeLibraryDirectorie s=[/data/app/com.whatsapp-UEj3oGZH85olLjPuviRrSA==/lib/arm, /data/app/com.whatsapp- UEj3oGZH85olLjPuviRrSA==/base.apk!/lib/armeabi-v7a, /system/lib, /vendor/lib]]
02-11 18:56:03.817 22152 22152 W System.err: at dalvik.system.BaseDexClassLoader.findClass(BaseDexClassLoader.java:125)
02-11 18:56:03.817 22152 22152 W System.err: at java.lang.ClassLoader.loadClass(ClassLoader.java:379)
02-11 18:56:03.817 22152 22152 W System.err: at java.lang.ClassLoader.loadClass(ClassLoader.java:312)
02-11 18:56:03.817 22152 22152 W System.err: ... 18 more
02-11 18:56:03.893 22152 22152 E CustomActivityOnCrash: IMPORTANT WARNING! You already have an UncaughtExceptionHandler, are you sure this is correct? If you use a custom UncaughtExceptionHandler, you must initialize it AFTER CustomActivityOnCrash! Installing anyway, but your original handler will not be called.
02-11 18:56:04.789 22152 22196 W zygote : Class X.2rL failed lock verification and will run slower.
02-11 18:56:04.789 22152 22196 W zygote : Common causes for lock verification issues are non-optimized dex code
02-11 18:56:04.789 22152 22196 W zygote : and incorrect proguard optimizations.
02-11 18:56:04.812 22152 22152 W zygote : Class X.0eU failed lock verification and will run slower.
02-11 18:56:05.131 22152 22152 W zygote : Class com.whatsapp.HomeActivity failed lock verification and will run slower.
02-11 18:56:05.437 22152 22152 W ResourceType: Too many attribute references, stopped at: 0x01010034
02-11 18:56:05.446 22152 22152 W ResourceType: Too many attribute references, stopped at: 0x01010034
02-11 18:56:05.867 22152 22152 E ArmVmp : Match on catch block at 0x0a in for 0xb1
02-11 18:56:05.909 22152 22152 E ArmVmp : Match on catch block at 0x0a in for 0x125
02-11 18:56:06.695 22152 22152 W StaticLayout: maxLineHeight should not be -1. maxLines:1 lineCount:1
02-11 18:56:06.697 22152 22152 W StaticLayout: maxLineHeight should not be -1. maxLines:1 lineCount:1
02-11 18:56:06.715 22152 22152 W StaticLayout: maxLineHeight should not be -1. maxLines:1 lineCount:1
02-11 18:56:06.739 22152 22152 W StaticLayout: maxLineHeight should not be -1. maxLines:1 lineCount:1
02-11 18:56:07.575 22152 22152 E RecyclerView: No adapter attached; skipping layout
02-11 18:56:07.592 22152 22152 E ArmVmp : Match on catch block at 0x0a in for 0xc1
02-11 18:56:07.680 22152 22152 E RecyclerView: No adapter attached; skipping layout
02-11 18:56:07.192 22152 22168 W LibraryVersion: Failed to get app version for libraryName: firebase-iid
02-11 18:56:07.325 22152 22286 W LOTTIE : Animation contains merge paths. Merge paths are only supported on KitKat+ and must be manually enabled by calling enableMergePathsForKitKatAndAbove().
02-11 18:56:07.392 22152 22152 W RenderThread: type=1400 audit(0.0:304627): avc: denied { search } for name="kgsl-3d0" dev="sysfs" ino=20173 scontext=u:r:untrusted_app:s0:c512,c768 tcontext=u:object_r:sysfs_kgsl:s0 tclass=dir permissive=0
02-11 18:56:07.399 22152 22231 W Adreno-ES20: <get_gpu_clk:229>: open failed: errno 13
02-11 18:56:07.401 22152 22231 W Adreno-EGL: <qeglDrvAPI_eglGetConfigAttrib:612>: EGL_BAD_ATTRIBUTE
02-11 18:56:07.403 22152 22152 W StaticLayout: maxLineHeight should not be -1. maxLines:1 lineCount:1
02-11 18:56:07.407 22152 22152 W StaticLayout: maxLineHeight should not be -1. maxLines:1 lineCount:1
02-11 18:56:07.408 22152 22231 W Adreno-EGL: <qeglDrvAPI_eglGetConfigAttrib:612>: EGL_BAD_ATTRIBUTE
02-11 18:56:08.252 22152 22231 W Adreno-EGL: <qeglDrvAPI_eglGetConfigAttrib:612>: EGL_BAD_ATTRIBUTE
02-11 18:56:08.349 22152 22152 W LOTTIE : Animation contains merge paths but they are disabled.
02-11 18:56:08.415 22152 22231 W Adreno-EGL: <qeglDrvAPI_eglGetConfigAttrib:612>: EGL_BAD_ATTRIBUTE
02-11 18:56:08.889 22152 22231 W Adreno-EGL: <qeglDrvAPI_eglGetConfigAttrib:612>: EGL_BAD_ATTRIBUTE
02-11 18:56:12.617 22152 22231 W Adreno-EGL: <qeglDrvAPI_eglGetConfigAttrib:612>: EGL_BAD_ATTRIBUTE
02-11 18:56:13.261 22152 22231 W Adreno-EGL: <qeglDrvAPI_eglGetConfigAttrib:612>: EGL_BAD_ATTRIBUTE
02-11 18:56:13.285 22152 22231 W Adreno-EGL: <qeglDrvAPI_eglGetConfigAttrib:612>: EGL_BAD_ATTRIBUTE
02-11 18:56:13.318 22152 22231 W Adreno-EGL: <qeglDrvAPI_eglGetConfigAttrib:612>: EGL_BAD_ATTRIBUTE
02-11 18:56:13.354 22152 22231 W Adreno-EGL: <qeglDrvAPI_eglGetConfigAttrib:612>: EGL_BAD_ATTRIBUTE
02-11 18:56:13.406 22152 22231 W Adreno-EGL: <qeglDrvAPI_eglGetConfigAttrib:612>: EGL_BAD_ATTRIBUTE
02-11 18:56:13.452 22152 22231 W Adreno-EGL: <qeglDrvAPI_eglGetConfigAttrib:612>: EGL_BAD_ATTRIBUTE
02-11 18:56:13.487 22152 22231 W Adreno-EGL: <qeglDrvAPI_eglGetConfigAttrib:612>: EGL_BAD_ATTRIBUTE
02-11 18:56:13.519 22152 22231 W Adreno-EGL: <qeglDrvAPI_eglGetConfigAttrib:612>: EGL_BAD_ATTRIBUTE
02-11 18:56:13.554 22152 22231 W Adreno-EGL: <qeglDrvAPI_eglGetConfigAttrib:612>: EGL_BAD_ATTRIBUTE
02-11 18:56:14.514 22152 22231 W Adreno-ES20: <core_glFinish:34>: glFinish skipped: 0
02-11 18:56:14.515 22152 22231 W Adreno-ES20: <core_glFinish:34>: glFinish skipped: 0
02-11 18:56:16.528 22152 22152 W zygote : Verification of void X.5pH.A1Z(android.os.Bundle) took 133.230ms
02-11 18:56:17.329 22152 22152 E ArmVmp : Match on catch block at 0x0a in for 0xb5
02-11 18:56:17.341 22152 22152 E ArmVmp : Match on catch block at 0x0a in for 0xb5
02-11 18:56:17.470 22152 22231 W Adreno-EGL: <qeglDrvAPI_eglGetConfigAttrib:612>: EGL_BAD_ATTRIBUTE
02-11 18:56:17.793 22152 22152 E ArmVmp : Match on catch block at 0xc3 in for 0xa9
02-11 18:56:17.801 22152 22152 E ArmVmp : Match on catch block at 0xc3 in for 0xa5
02-11 18:56:17.807 22152 22152 E ArmVmp : Match on catch block at 0xc3 in for 0xa5
02-11 18:56:17.874 22152 22152 E ArmVmp : Match on catch block at 0xc3 in for 0x91
02-11 18:56:17.880 22152 22152 E ArmVmp : Match on catch block at 0xc3 in for 0x99
02-11 18:56:17.883 22152 22152 E ArmVmp : Match on catch block at 0xc3 in for 0x99
02-11 18:56:17.992 22152 22152 E ArmVmp : Match on catch block at 0xc3 in for 0x91
02-11 18:56:17.998 22152 22152 E ArmVmp : Match on catch block at 0xc3 in for 0x95
02-11 18:56:18.035 22152 22152 E ArmVmp : Match on catch block at 0xc3 in for 0x95
02-11 18:56:18.043 22152 22152 E ArmVmp : Match on catch block at 0xc3 in for 0x99
02-11 18:56:18.046 22152 22152 E ArmVmp : Match on catch block at 0xc3 in for 0x99
02-11 18:56:18.086 22152 22231 W Adreno-ES20: <core_glFinish:34>: glFinish skipped: 0
02-11 18:56:18.088 22152 22231 W Adreno-ES20: <core_glFinish:34>: glFinish skipped: 0
02-11 18:56:18.105 22152 22152 E ArmVmp : Match on catch block at 0xc3 in for 0x99
02-11 18:56:18.110 22152 22152 E ArmVmp : Match on catch block at 0xc3 in for 0x91
02-11 18:56:18.113 22152 22152 E ArmVmp : Match on catch block at 0xc3 in for 0x91
02-11 18:56:18.129 22152 22152 E ArmVmp : Match on catch block at 0xc3 in for 0x95
02-11 18:56:18.133 22152 22152 E ArmVmp : Match on catch block at 0xc3 in for 0x99
02-11 18:56:18.137 22152 22152 E ArmVmp : Match on catch block at 0xc3 in for 0x99
02-11 18:56:18.239 22152 22152 E ArmVmp : Match on catch block at 0xc3 in for 0x91
02-11 18:56:18.245 22152 22152 E ArmVmp : Match on catch block at 0xc3 in for 0x95
02-11 18:56:18.247 22152 22152 E ArmVmp : Match on catch block at 0xc3 in for 0x95
02-11 18:56:18.258 22152 22152 E ArmVmp : Match on catch block at 0xc3 in for 0x99
02-11 18:56:18.264 22152 22152 E ArmVmp : Match on catch block at 0xc3 in for 0x91
02-11 18:56:18.267 22152 22152 E ArmVmp : Match on catch block at 0xc3 in for 0x91
02-11 18:56:18.275 22152 22152 E ArmVmp : Match on catch block at 0xc3 in for 0x99
02-11 18:56:18.282 22152 22152 E ArmVmp : Match on catch block at 0xc3 in for 0x91
02-11 18:56:18.309 22152 22152 E ArmVmp : Match on catch block at 0xc3 in for 0x91
02-11 18:56:18.317 22152 22152 E ArmVmp : Match on catch block at 0xc3 in for 0x95
02-11 18:56:18.322 22152 22152 E ArmVmp : Match on catch block at 0xc3 in for 0x95
02-11 18:56:18.342 22152 22231 W Adreno-ES20: <core_glFinish:34>: glFinish skipped: 0
02-11 18:56:18.351 22152 22152 E ArmVmp : Match on catch block at 0xc3 in for 0x99
02-11 18:56:18.357 22152 22152 E ArmVmp : Match on catch block at 0xc3 in for 0x91
02-11 18:56:18.359 22152 22152 E ArmVmp : Match on catch block at 0xc3 in for 0x91
02-11 18:56:18.394 22152 22152 E ArmVmp : Match on catch block at 0xc3 in for 0x95
02-11 18:56:18.399 22152 22152 E ArmVmp : Match on catch block at 0xc3 in for 0x99
02-11 18:56:18.403 22152 22152 E ArmVmp : Match on catch block at 0xc3 in for 0x99
02-11 18:56:18.423 22152 22152 E ArmVmp : Match on catch block at 0xc3 in for 0x91
02-11 18:56:18.428 22152 22152 E ArmVmp : Match on catch block at 0xc3 in for 0x95
02-11 18:56:18.430 22152 22152 E ArmVmp : Match on catch block at 0xc3 in for 0x95
02-11 18:56:18.441 22152 22152 E ArmVmp : Match on catch block at 0xc3 in for 0x99
02-11 18:56:18.447 22152 22152 E ArmVmp : Match on catch block at 0xc3 in for 0x91
02-11 18:56:18.450 22152 22152 E ArmVmp : Match on catch block at 0xc3 in for 0x91
02-11 18:56:18.457 22152 22152 E ArmVmp : Match on catch block at 0xc3 in for 0x95
02-11 18:56:18.462 22152 22152 E ArmVmp : Match on catch block at 0xc3 in for 0x99
02-11 18:56:18.467 22152 22152 E ArmVmp : Match on catch block at 0xc3 in for 0x99
02-11 18:56:18.477 22152 22152 E ArmVmp : Match on catch block at 0xc3 in for 0x91
02-11 18:56:18.483 22152 22152 E ArmVmp : Match on catch block at 0xc3 in for 0x95
02-11 18:56:18.486 22152 22152 E ArmVmp : Match on catch block at 0xc3 in for 0x95
02-11 18:56:18.493 22152 22152 E ArmVmp : Match on catch block at 0xc3 in for 0x99
02-11 18:56:18.498 22152 22152 E ArmVmp : Match on catch block at 0xc3 in for 0x91
02-11 18:56:18.501 22152 22152 E ArmVmp : Match on catch block at 0xc3 in for 0x91
02-11 18:56:18.510 22152 22152 E ArmVmp : Match on catch block at 0xc3 in for 0x95
02-11 18:56:18.515 22152 22152 E ArmVmp : Match on catch block at 0xc3 in for 0x99
02-11 18:56:18.519 22152 22152 E ArmVmp : Match on catch block at 0xc3 in for 0x99
02-11 18:56:18.540 22152 22152 E ArmVmp : Match on catch block at 0xc3 in for 0x91
02-11 18:56:18.545 22152 22152 E ArmVmp : Match on catch block at 0xc3 in for 0x95
02-11 18:56:18.549 22152 22152 E ArmVmp : Match on catch block at 0xc3 in for 0x95
02-11 18:56:18.557 22152 22152 E ArmVmp : Match on catch block at 0xc3 in for 0x99
02-11 18:56:18.562 22152 22152 E ArmVmp : Match on catch block at 0xc3 in for 0x91
02-11 18:56:18.565 22152 22152 E ArmVmp : Match on catch block at 0xc3 in for 0x91
02-11 18:56:18.992 22152 22152 E ArmVmp : Match on catch block at 0xc3 in for 0x95
02-11 18:56:18.997 22152 22152 E ArmVmp : Match on catch block at 0xc3 in for 0x99
02-11 18:56:19.002 22152 22152 E ArmVmp : Match on catch block at 0xc3 in for 0x99
02-11 18:56:19.493 22152 22152 E ArmVmp : Match on catch block at 0xc3 in for 0x91
02-11 18:56:19.498 22152 22152 E ArmVmp : Match on catch block at 0xc3 in for 0x95
02-11 18:56:19.502 22152 22152 E ArmVmp : Match on catch block at 0xc3 in for 0x95
02-11 18:56:19.626 22152 22152 E ArmVmp : Match on catch block at 0xc3 in for 0x99
02-11 18:56:19.631 22152 22152 E ArmVmp : Match on catch block at 0xc3 in for 0x91
02-11 18:56:19.634 22152 22152 E ArmVmp : Match on catch block at 0xc3 in for 0x91
02-11 18:56:19.643 22152 22152 E ArmVmp : Match on catch block at 0xc3 in for 0x95
02-11 18:56:19.656 22152 22152 E ArmVmp : Match on catch block at 0xc3 in for 0x99
02-11 18:56:19.661 22152 22152 E ArmVmp : Match on catch block at 0xc3 in for 0x99
02-11 18:56:19.670 22152 22152 E ArmVmp : Match on catch block at 0xc3 in for 0x91
02-11 18:56:19.676 22152 22152 E ArmVmp : Match on catch block at 0xc3 in for 0x95
02-11 18:56:19.679 22152 22152 E ArmVmp : Match on catch block at 0xc3 in for 0x95
02-11 18:56:19.693 22152 22152 E ArmVmp : Match on catch block at 0xc3 in for 0x99
02-11 18:56:19.698 22152 22152 E ArmVmp : Match on catch block at 0xc3 in for 0x91
02-11 18:56:19.702 22152 22152 E ArmVmp : Match on catch block at 0xc3 in for 0x91
02-11 18:56:19.710 22152 22152 E ArmVmp : Match on catch block at 0xc3 in for 0x95
02-11 18:56:19.714 22152 22152 E ArmVmp : Match on catch block at 0xc3 in for 0x99
02-11 18:56:19.717 22152 22152 E ArmVmp : Match on catch block at 0xc3 in for 0x99
02-11 18:56:19.727 22152 22152 E ArmVmp : Match on catch block at 0xc3 in for 0x91
02-11 18:56:19.732 22152 22152 E ArmVmp : Match on catch block at 0xc3 in for 0x95
02-11 18:56:19.734 22152 22152 E ArmVmp : Match on catch block at 0xc3 in for 0x95
02-11 18:56:19.743 22152 22152 E ArmVmp : Match on catch block at 0xc3 in for 0x99
02-11 18:56:19.749 22152 22152 E ArmVmp : Match on catch block at 0xc3 in for 0x91
02-11 18:56:19.752 22152 22152 E ArmVmp : Match on catch block at 0xc3 in for 0x91
02-11 18:56:19.760 22152 22152 E ArmVmp : Match on catch block at 0xc3 in for 0x95
02-11 18:56:19.765 22152 22152 E ArmVmp : Match on catch block at 0xc3 in for 0x99
02-11 18:56:19.768 22152 22152 E ArmVmp : Match on catch block at 0xc3 in for 0x99
02-11 18:56:19.777 22152 22152 E ArmVmp : Match on catch block at 0xc3 in for 0x91
02-11 18:56:19.782 22152 22152 E ArmVmp : Match on catch block at 0xc3 in for 0x95
02-11 18:56:19.784 22152 22152 E ArmVmp : Match on catch block at 0xc3 in for 0x95
02-11 18:56:19.793 22152 22152 E ArmVmp : Match on catch block at 0xc3 in for 0x99
02-11 18:56:19.799 22152 22152 E ArmVmp : Match on catch block at 0xc3 in for 0x91
02-11 18:56:19.801 22152 22152 E ArmVmp : Match on catch block at 0xc3 in for 0x91
02-11 18:56:19.811 22152 22152 E ArmVmp : Match on catch block at 0xc3 in for 0x95
02-11 18:56:19.816 22152 22152 E ArmVmp : Match on catch block at 0xc3 in for 0x99
02-11 18:56:19.819 22152 22152 E ArmVmp : Match on catch block at 0xc3 in for 0x99
02-11 18:56:19.828 22152 22152 E ArmVmp : Match on catch block at 0xc3 in for 0x91
02-11 18:56:19.834 22152 22152 E ArmVmp : Match on catch block at 0xc3 in for 0x95
02-11 18:56:19.838 22152 22152 E ArmVmp : Match on catch block at 0xc3 in for 0x95
02-11 18:56:19.845 22152 22152 E ArmVmp : Match on catch block at 0xc3 in for 0x99
02-11 18:56:19.849 22152 22152 E ArmVmp : Match on catch block at 0xc3 in for 0x91
02-11 18:56:19.852 22152 22152 E ArmVmp : Match on catch block at 0xc3 in for 0x91
02-11 18:56:19.860 22152 22152 E ArmVmp : Match on catch block at 0xc3 in for 0x95
02-11 18:56:19.865 22152 22152 E ArmVmp : Match on catch block at 0xc3 in for 0x99
02-11 18:56:19.868 22152 22152 E ArmVmp : Match on catch block at 0xc3 in for 0x99
02-11 18:56:19.877 22152 22152 E ArmVmp : Match on catch block at 0xc3 in for 0x91
02-11 18:56:19.882 22152 22152 E ArmVmp : Match on catch block at 0xc3 in for 0x95
02-11 18:56:19.884 22152 22152 E ArmVmp : Match on catch block at 0xc3 in for 0x95
02-11 18:56:19.895 22152 22152 E ArmVmp : Match on catch block at 0xc3 in for 0x99
02-11 18:56:19.899 22152 22152 E ArmVmp : Match on catch block at 0xc3 in for 0x91
02-11 18:56:19.902 22152 22152 E ArmVmp : Match on catch block at 0xc3 in for 0x91
02-11 18:56:19.994 22152 22152 E ArmVmp : Match on catch block at 0xc3 in for 0x95
02-11 18:56:19.998 22152 22152 E ArmVmp : Match on catch block at 0xc3 in for 0x99
02-11 18:56:20.001 22152 22152 E ArmVmp : Match on catch block at 0xc3 in for 0x99
02-11 18:56:20.495 22152 22152 E ArmVmp : Match on catch block at 0xc3 in for 0x99
02-11 18:56:20.499 22152 22152 E ArmVmp : Match on catch block at 0xc3 in for 0x91
02-11 18:56:20.502 22152 22152 E ArmVmp : Match on catch block at 0xc3 in for 0x91
02-11 18:56:20.996 22152 22152 E ArmVmp : Match on catch block at 0xc3 in for 0x95
02-11 18:56:21.001 22152 22152 E ArmVmp : Match on catch block at 0xc3 in for 0x99
02-11 18:56:21.003 22152 22152 E ArmVmp : Match on catch block at 0xc3 in for 0x99
02-11 18:56:21.498 22152 22152 E ArmVmp : Match on catch block at 0xc3 in for 0x91
02-11 18:56:21.502 22152 22152 E ArmVmp : Match on catch block at 0xc3 in for 0x95
02-11 18:56:21.505 22152 22152 E ArmVmp : Match on catch block at 0xc3 in for 0x95
02-11 18:56:22.000 22152 22152 E ArmVmp : Match on catch block at 0xc3 in for 0x99
02-11 18:56:22.007 22152 22152 E ArmVmp : Match on catch block at 0xc3 in for 0x91
02-11 18:56:22.012 22152 22152 E ArmVmp : Match on catch block at 0xc3 in for 0x91
02-11 18:56:22.502 22152 22152 E ArmVmp : Match on catch block at 0xc3 in for 0x95
02-11 18:56:22.509 22152 22152 E ArmVmp : Match on catch block at 0xc3 in for 0x99
02-11 18:56:22.513 22152 22152 E ArmVmp : Match on catch block at 0xc3 in for 0x99
02-11 18:56:23.003 22152 22152 E ArmVmp : Match on catch block at 0xc3 in for 0x91
02-11 18:56:23.009 22152 22152 E ArmVmp : Match on catch block at 0xc3 in for 0x95
02-11 18:56:23.014 22152 22152 E ArmVmp : Match on catch block at 0xc3 in for 0x95
02-11 18:56:23.503 22152 22152 E ArmVmp : Match on catch block at 0xc3 in for 0x99
02-11 18:56:23.508 22152 22152 E ArmVmp : Match on catch block at 0xc3 in for 0x91
02-11 18:56:23.511 22152 22152 E ArmVmp : Match on catch block at 0xc3 in for 0x91
02-11 18:56:24.005 22152 22152 E ArmVmp : Match on catch block at 0xc3 in for 0x95
02-11 18:56:24.009 22152 22152 E ArmVmp : Match on catch block at 0xc3 in for 0x99
02-11 18:56:24.012 22152 22152 E ArmVmp : Match on catch block at 0xc3 in for 0x99
02-11 18:56:24.507 22152 22152 E ArmVmp : Match on catch block at 0xc3 in for 0x91
02-11 18:56:24.514 22152 22152 E ArmVmp : Match on catch block at 0xc3 in for 0x95
02-11 18:56:24.519 22152 22152 E ArmVmp : Match on catch block at 0xc3 in for 0x95
02-11 18:56:25.007 22152 22152 E ArmVmp : Match on catch block at 0xc3 in for 0x99
02-11 18:56:25.014 22152 22152 E ArmVmp : Match on catch block at 0xc3 in for 0x91
02-11 18:56:25.018 22152 22152 E ArmVmp : Match on catch block at 0xc3 in for 0x91
02-11 18:56:25.509 22152 22152 E ArmVmp : Match on catch block at 0xc3 in for 0x95
02-11 18:56:25.515 22152 22152 E ArmVmp : Match on catch block at 0xc3 in for 0x99
02-11 18:56:25.519 22152 22152 E ArmVmp : Match on catch block at 0xc3 in for 0x99
02-11 18:56:26.010 22152 22152 E ArmVmp : Match on catch block at 0xc3 in for 0x91
02-11 18:56:26.016 22152 22152 E ArmVmp : Match on catch block at 0xc3 in for 0x95
02-11 18:56:26.020 22152 22152 E ArmVmp : Match on catch block at 0xc3 in for 0x95
02-11 18:56:26.512 22152 22152 E ArmVmp : Match on catch block at 0xc3 in for 0x99
02-11 18:56:26.518 22152 22152 E ArmVmp : Match on catch block at 0xc3 in for 0x91
02-11 18:56:26.522 22152 22152 E ArmVmp : Match on catch block at 0xc3 in for 0x91
02-11 18:56:27.000 22152 22152 E ArmVmp : Match on catch block at 0xc3 in for 0x95
02-11 18:56:27.007 22152 22152 E ArmVmp : Match on catch block at 0xc3 in for 0x99
02-11 18:56:27.012 22152 22152 E ArmVmp : Match on catch block at 0xc3 in for 0x99
02-11 18:56:27.508 22152 22152 E ArmVmp : Match on catch block at 0xc3 in for 0x91
02-11 18:56:27.514 22152 22152 E ArmVmp : Match on catch block at 0xc3 in for 0x95
02-11 18:56:27.519 22152 22152 E ArmVmp : Match on catch block at 0xc3 in for 0x95
02-11 18:56:28.006 22152 22152 E ArmVmp : Match on catch block at 0xc3 in for 0x99
02-11 18:56:28.013 22152 22152 E ArmVmp : Match on catch block at 0xc3 in for 0x91
02-11 18:56:28.017 22152 22152 E ArmVmp : Match on catch block at 0xc3 in for 0x91
02-11 18:56:28.516 22152 22152 E ArmVmp : Match on catch block at 0xc3 in for 0x95
02-11 18:56:28.522 22152 22152 E ArmVmp : Match on catch block at 0xc3 in for 0x99
02-11 18:56:28.526 22152 22152 E ArmVmp : Match on catch block at 0xc3 in for 0x99
02-11 18:56:29.019 22152 22152 E ArmVmp : Match on catch block at 0xc3 in for 0x91
02-11 18:56:29.025 22152 22152 E ArmVmp : Match on catch block at 0xc3 in for 0x95
02-11 18:56:29.030 22152 22152 E ArmVmp : Match on catch block at 0xc3 in for 0x95
02-11 18:56:29.519 22152 22152 E ArmVmp : Match on catch block at 0xc3 in for 0x99
02-11 18:56:29.525 22152 22152 E ArmVmp : Match on catch block at 0xc3 in for 0x91
02-11 18:56:29.529 22152 22152 E ArmVmp : Match on catch block at 0xc3 in for 0x91
02-11 18:56:30.021 22152 22152 E ArmVmp : Match on catch block at 0xc3 in for 0x95
02-11 18:56:30.027 22152 22152 E ArmVmp : Match on catch block at 0xc3 in for 0x99
02-11 18:56:30.031 22152 22152 E ArmVmp : Match on catch block at 0xc3 in for 0x99
02-11 18:56:30.522 22152 22152 E ArmVmp : Match on catch block at 0xc3 in for 0x91
02-11 18:56:30.529 22152 22152 E ArmVmp : Match on catch block at 0xc3 in for 0x95
02-11 18:56:30.533 22152 22152 E ArmVmp : Match on catch block at 0xc3 in for 0x95
02-11 18:56:31.023 22152 22152 E ArmVmp : Match on catch block at 0xc3 in for 0x99
02-11 18:56:31.030 22152 22152 E ArmVmp : Match on catch block at 0xc3 in for 0x91
02-11 18:56:31.034 22152 22152 E ArmVmp : Match on catch block at 0xc3 in for 0x91
02-11 18:56:31.524 22152 22152 E ArmVmp : Match on catch block at 0xc3 in for 0x95
02-11 18:56:31.531 22152 22152 E ArmVmp : Match on catch block at 0xc3 in for 0x99
02-11 18:56:31.535 22152 22152 E ArmVmp : Match on catch block at 0xc3 in for 0x99
02-11 18:56:32.025 22152 22152 E ArmVmp : Match on catch block at 0xc3 in for 0x91
02-11 18:56:32.031 22152 22152 E ArmVmp : Match on catch block at 0xc3 in for 0x95
02-11 18:56:32.035 22152 22152 E ArmVmp : Match on catch block at 0xc3 in for 0x95
02-11 18:56:32.216 22152 22152 E ArmVmp : Match on catch block at 0xc3 in for 0x91
02-11 18:56:32.222 22152 22152 E ArmVmp : Match on catch block at 0xc3 in for 0x95
02-11 18:56:32.227 22152 22152 E ArmVmp : Match on catch block at 0xc3 in for 0x95
02-11 18:56:32.242 22152 22152 E ArmVmp : Match on catch block at 0xc3 in for 0x91
02-11 18:56:32.250 22152 22152 E ArmVmp : Match on catch block at 0xc3 in for 0x95
02-11 18:56:32.253 22152 22152 E ArmVmp : Match on catch block at 0xc3 in for 0x95
02-11 18:56:32.281 22152 22152 E ArmVmp : Match on catch block at 0xc3 in for 0x91
02-11 18:56:32.286 22152 22152 E ArmVmp : Match on catch block at 0xc3 in for 0x95
02-11 18:56:32.292 22152 22152 E ArmVmp : Match on catch block at 0xc3 in for 0x95
02-11 18:56:32.300 22152 22152 E ArmVmp : Match on catch block at 0xc3 in for 0x99
02-11 18:56:32.309 22152 22152 E ArmVmp : Match on catch block at 0xc3 in for 0x91
02-11 18:56:32.312 22152 22152 E ArmVmp : Match on catch block at 0xc3 in for 0x91
02-11 18:56:32.319 22152 22152 E ArmVmp : Match on catch block at 0xc3 in for 0x95
02-11 18:56:32.327 22152 22152 E ArmVmp : Match on catch block at 0xc3 in for 0x99
02-11 18:56:32.330 22152 22152 E ArmVmp : Match on catch block at 0xc3 in for 0x99
02-11 18:56:32.376 22152 22152 E ArmVmp : Match on catch block at 0xc3 in for 0x95
02-11 18:56:32.380 22152 22152 E ArmVmp : Match on catch block at 0xc3 in for 0x99
02-11 18:56:32.404 22152 22152 E ArmVmp : Match on catch block at 0xc3 in for 0x91
02-11 18:56:32.410 22152 22152 E ArmVmp : Match on catch block at 0xc3 in for 0x95
02-11 18:56:32.423 22152 22152 E ArmVmp : Match on catch block at 0xc3 in for 0x91
02-11 18:56:32.429 22152 22152 E ArmVmp : Match on catch block at 0xc3 in for 0x95
02-11 18:56:32.438 22152 22152 E ArmVmp : Match on catch block at 0xc3 in for 0x91
02-11 18:56:32.444 22152 22152 E ArmVmp : Match on catch block at 0xc3 in for 0x95
02-11 18:56:32.448 22152 22152 E ArmVmp : Match on catch block at 0xc3 in for 0x95
02-11 18:56:32.460 22152 22152 E ArmVmp : Match on catch block at 0xc3 in for 0x99
02-11 18:56:32.465 22152 22152 E ArmVmp : Match on catch block at 0xc3 in for 0x91
02-11 18:56:32.469 22152 22152 E ArmVmp : Match on catch block at 0xc3 in for 0x91
02-11 18:56:32.479 22152 22152 E ArmVmp : Match on catch block at 0xc3 in for 0x95
02-11 18:56:32.484 22152 22152 E ArmVmp : Match on catch block at 0xc3 in for 0x99
02-11 18:56:32.487 22152 22152 E ArmVmp : Match on catch block at 0xc3 in for 0x99
02-11 18:56:32.493 22152 22152 E ArmVmp : Match on catch block at 0xc3 in for 0x91
02-11 18:56:32.499 22152 22152 E ArmVmp : Match on catch block at 0xc3 in for 0x95
02-11 18:56:32.503 22152 22152 E ArmVmp : Match on catch block at 0xc3 in for 0x95
02-11 18:56:32.509 22152 22152 E ArmVmp : Match on catch block at 0xc3 in for 0x99
02-11 18:56:32.514 22152 22152 E ArmVmp : Match on catch block at 0xc3 in for 0x91
02-11 18:56:32.517 22152 22152 E ArmVmp : Match on catch block at 0xc3 in for 0x91
02-11 18:56:32.527 22152 22152 E ArmVmp : Match on catch block at 0xc3 in for 0x95
02-11 18:56:32.532 22152 22152 E ArmVmp : Match on catch block at 0xc3 in for 0x99
02-11 18:56:32.535 22152 22152 E ArmVmp : Match on catch block at 0xc3 in for 0x99
02-11 18:56:32.543 22152 22152 E ArmVmp : Match on catch block at 0xc3 in for 0x91
02-11 18:56:32.553 22152 22152 E ArmVmp : Match on catch block at 0xc3 in for 0x95
02-11 18:56:32.557 22152 22152 E ArmVmp : Match on catch block at 0xc3 in for 0x95
02-11 18:56:32.562 22152 22152 E ArmVmp : Match on catch block at 0xc3 in for 0x99
02-11 18:56:32.568 22152 22152 E ArmVmp : Match on catch block at 0xc3 in for 0x91
02-11 18:56:32.572 22152 22152 E ArmVmp : Match on catch block at 0xc3 in for 0x91
02-11 18:56:32.589 22152 22152 E ArmVmp : Match on catch block at 0xc3 in for 0x91
02-11 18:56:32.596 22152 22152 E ArmVmp : Match on catch block at 0xc3 in for 0x95
02-11 18:56:32.599 22152 22152 E ArmVmp : Match on catch block at 0xc3 in for 0x95
02-11 18:56:32.605 22152 22152 E ArmVmp : Match on catch block at 0xc3 in for 0x99
02-11 18:56:32.610 22152 22152 E ArmVmp : Match on catch block at 0xc3 in for 0x91
02-11 18:56:32.613 22152 22152 E ArmVmp : Match on catch block at 0xc3 in for 0x91
02-11 18:56:33.026 22152 22152 E ArmVmp : Match on catch block at 0xc3 in for 0x95
02-11 18:56:33.032 22152 22152 E ArmVmp : Match on catch block at 0xc3 in for 0x99
02-11 18:56:33.035 22152 22152 E ArmVmp : Match on catch block at 0xc3 in for 0x99
02-11 18:56:33.527 22152 22152 E ArmVmp : Match on catch block at 0xc3 in for 0x91
02-11 18:56:33.533 22152 22152 E ArmVmp : Match on catch block at 0xc3 in for 0x95
02-11 18:56:33.548 22152 22152 E ArmVmp : Match on catch block at 0xc3 in for 0x95
02-11 18:56:33.930 22152 22152 E ArmVmp : Match on catch block at 0xc3 in for 0x95
02-11 18:56:33.935 22152 22152 E ArmVmp : Match on catch block at 0xc3 in for 0x99
02-11 18:56:33.951 22152 22152 E ArmVmp : Match on catch block at 0xc3 in for 0x91
02-11 18:56:33.957 22152 22152 E ArmVmp : Match on catch block at 0xc3 in for 0x95
02-11 18:56:33.969 22152 22152 E ArmVmp : Match on catch block at 0xc3 in for 0x91
02-11 18:56:33.974 22152 22152 E ArmVmp : Match on catch block at 0xc3 in for 0x95
02-11 18:56:33.984 22152 22152 E ArmVmp : Match on catch block at 0xc3 in for 0x91
02-11 18:56:33.989 22152 22152 E ArmVmp : Match on catch block at 0xc3 in for 0x95
02-11 18:56:34.001 22152 22152 E ArmVmp : Match on catch block at 0xc3 in for 0x91
02-11 18:56:34.008 22152 22152 E ArmVmp : Match on catch block at 0xc3 in for 0x95
02-11 18:56:34.031 22152 22152 E ArmVmp : Match on catch block at 0xc3 in for 0x91
02-11 18:56:34.036 22152 22152 E ArmVmp : Match on catch block at 0xc3 in for 0x95
02-11 18:56:34.047 22152 22152 E ArmVmp : Match on catch block at 0xc3 in for 0x91
02-11 18:56:34.051 22152 22152 E ArmVmp : Match on catch block at 0xc3 in for 0x95
02-11 18:56:34.564 22152 22152 E ArmVmp : Match on catch block at 0xc3 in for 0x91
02-11 18:56:34.570 22152 22152 E ArmVmp : Match on catch block at 0xc3 in for 0x95
02-11 18:56:35.065 22152 22152 E ArmVmp : Match on catch block at 0xc3 in for 0x91
02-11 18:56:35.069 22152 22152 E ArmVmp : Match on catch block at 0xc3 in for 0x95
02-11 18:56:35.484 22152 22152 E ArmVmp : Match on catch block at 0xc3 in for 0x91
02-11 18:56:35.491 22152 22152 E ArmVmp : Match on catch block at 0xc3 in for 0x95
02-11 18:56:35.502 22152 22152 E ArmVmp : Match on catch block at 0xc3 in for 0x91
02-11 18:56:35.509 22152 22152 E ArmVmp : Match on catch block at 0xc3 in for 0x95
02-11 18:56:35.518 22152 22152 E ArmVmp : Match on catch block at 0xc3 in for 0x91
02-11 18:56:35.526 22152 22152 E ArmVmp : Match on catch block at 0xc3 in for 0x95
02-11 18:56:35.535 22152 22152 E ArmVmp : Match on catch block at 0xc3 in for 0x91
02-11 18:56:35.541 22152 22152 E ArmVmp : Match on catch block at 0xc3 in for 0x95
02-11 18:56:35.552 22152 22152 E ArmVmp : Match on catch block at 0xc3 in for 0x91
02-11 18:56:35.557 22152 22152 E ArmVmp : Match on catch block at 0xc3 in for 0x95
02-11 18:56:35.569 22152 22152 E ArmVmp : Match on catch block at 0xc3 in for 0x91
02-11 18:56:35.574 22152 22152 E ArmVmp : Match on catch block at 0xc3 in for 0x95
02-11 18:56:35.584 22152 22152 E ArmVmp : Match on catch block at 0xc3 in for 0x91
02-11 18:56:35.591 22152 22152 E ArmVmp : Match on catch block at 0xc3 in for 0x95
02-11 18:56:35.601 22152 22152 E ArmVmp : Match on catch block at 0xc3 in for 0x91
02-11 18:56:35.607 22152 22152 E ArmVmp : Match on catch block at 0xc3 in for 0x95
02-11 18:56:35.618 22152 22152 E ArmVmp : Match on catch block at 0xc3 in for 0x91
02-11 18:56:35.624 22152 22152 E ArmVmp : Match on catch block at 0xc3 in for 0x95
02-11 18:56:35.634 22152 22152 E ArmVmp : Match on catch block at 0xc3 in for 0x91
02-11 18:56:35.642 22152 22152 E ArmVmp : Match on catch block at 0xc3 in for 0x95
02-11 18:56:35.651 22152 22152 E ArmVmp : Match on catch block at 0xc3 in for 0x91
02-11 18:56:35.657 22152 22152 E ArmVmp : Match on catch block at 0xc3 in for 0x95
02-11 18:56:35.670 22152 22152 E ArmVmp : Match on catch block at 0xc3 in for 0x91
02-11 18:56:35.677 22152 22152 E ArmVmp : Match on catch block at 0xc3 in for 0x95
02-11 18:56:35.685 22152 22152 E ArmVmp : Match on catch block at 0xc3 in for 0x91
02-11 18:56:35.692 22152 22152 E ArmVmp : Match on catch block at 0xc3 in for 0x95
02-11 18:56:35.703 22152 22152 E ArmVmp : Match on catch block at 0xc3 in for 0x91
02-11 18:56:35.709 22152 22152 E ArmVmp : Match on catch block at 0xc3 in for 0x95
02-11 18:56:35.718 22152 22152 E ArmVmp : Match on catch block at 0xc3 in for 0x91
02-11 18:56:35.724 22152 22152 E ArmVmp : Match on catch block at 0xc3 in for 0x95
02-11 18:56:35.736 22152 22152 E ArmVmp : Match on catch block at 0xc3 in for 0x91
02-11 18:56:35.741 22152 22152 E ArmVmp : Match on catch block at 0xc3 in for 0x95
02-11 18:56:35.751 22152 22152 E ArmVmp : Match on catch block at 0xc3 in for 0x91
02-11 18:56:35.758 22152 22152 E ArmVmp : Match on catch block at 0xc3 in for 0x95
02-11 18:56:36.069 22152 22152 E ArmVmp : Match on catch block at 0xc3 in for 0x91
02-11 18:56:36.075 22152 22152 E ArmVmp : Match on catch block at 0xc3 in for 0x95
02-11 18:56:36.570 22152 22152 E ArmVmp : Match on catch block at 0xc3 in for 0x91
02-11 18:56:36.577 22152 22152 E ArmVmp : Match on catch block at 0xc3 in for 0x95
02-11 18:56:37.071 22152 22152 E ArmVmp : Match on catch block at 0xc3 in for 0x91
02-11 18:56:37.076 22152 22152 E ArmVmp : Match on catch block at 0xc3 in for 0x95
02-11 18:56:37.505 22152 22152 E ArmVmp : Match on catch block at 0xc3 in for 0x99
02-11 18:56:37.510 22152 22152 E ArmVmp : Match on catch block at 0xc3 in for 0x91
02-11 18:56:37.571 22152 22152 E ArmVmp : Match on catch block at 0xc3 in for 0x91
02-11 18:56:37.575 22152 22152 E ArmVmp : Match on catch block at 0xc3 in for 0x95
02-11 18:56:37.589 22152 22152 E ArmVmp : Match on catch block at 0xc3 in for 0x91
02-11 18:56:37.593 22152 22152 E ArmVmp : Match on catch block at 0xc3 in for 0x95
02-11 18:56:37.976 22152 22231 W Adreno-EGL: <qeglDrvAPI_eglGetConfigAttrib:612>: EGL_BAD_ATTRIBUTE
02-11 18:56:38.107 22152 22152 W IInputConnectionWrapper: requestCursorAnchorInfo on inactive InputConnection
02-11 18:56:38.129 22152 22152 E ArmVmp : Match on catch block at 0xc3 in for 0x99
02-11 18:56:38.133 22152 22152 E ArmVmp : Match on catch block at 0xc3 in for 0x91
02-11 18:56:38.147 22152 22152 E ArmVmp : Match on catch block at 0xc3 in for 0x99
02-11 18:56:38.152 22152 22152 E ArmVmp : Match on catch block at 0xc3 in for 0x91
02-11 18:56:39.096 22152 22231 W Adreno-ES20: <core_glFinish:34>: glFinish skipped: 0
02-11 18:56:39.099 22152 22231 W Adreno-ES20: <core_glFinish:34>: glFinish skipped: 0
02-11 18:56:39.109 22152 22152 W InputEventReceiver: Attempted to finish an input event but the input event receiver has already been disposed.
