02-11 22:18:39.307 20340 20340 E ArmVmp : Match on catch block at 0xc3 in for 0x95
02-11 22:18:39.320 20340 20340 E ArmVmp : Match on catch block at 0xc3 in for 0x95
02-11 22:18:39.326 20340 20340 E ArmVmp : Match on catch block at 0xc3 in for 0x99
02-11 22:18:39.335 20340 20340 E ArmVmp : Match on catch block at 0xc3 in for 0x99
02-11 22:18:39.340 20340 20340 E ArmVmp : Match on catch block at 0xc3 in for 0x91
02-11 22:18:39.352 20340 20340 E ArmVmp : Match on catch block at 0xc3 in for 0x91
02-11 22:18:39.357 20340 20340 E ArmVmp : Match on catch block at 0xc3 in for 0x95
02-11 22:18:39.368 20340 20340 E ArmVmp : Match on catch block at 0xc3 in for 0x95
02-11 22:18:39.374 20340 20340 E ArmVmp : Match on catch block at 0xc3 in for 0x99
02-11 22:18:39.502 20340 20340 E ArmVmp : Match on catch block at 0xc3 in for 0x99
02-11 22:18:39.508 20340 20340 E ArmVmp : Match on catch block at 0xc3 in for 0x91
02-11 22:18:40.004 20340 20340 E ArmVmp : Match on catch block at 0xc3 in for 0x99
02-11 22:18:40.009 20340 20340 E ArmVmp : Match on catch block at 0xc3 in for 0x91
02-11 22:18:40.487 20340 20340 E ArmVmp : Match on catch block at 0xc3 in for 0x91
02-11 22:18:40.494 20340 20340 E ArmVmp : Match on catch block at 0xc3 in for 0x95
02-11 22:18:40.753 20340 20340 E ArmVmp : Match on catch block at 0xc3 in for 0x95
02-11 22:18:40.760 20340 20340 E ArmVmp : Match on catch block at 0xc3 in for 0x99
02-11 22:18:40.801 20340 20439 W Adreno-EGL: <qeglDrvAPI_eglGetConfigAttrib:612>: EGL_BAD_ATTRIBUTE
02-11 22:18:40.803 20340 20340 E RecyclerView: No adapter attached; skipping layout
02-11 22:18:40.808 20340 20340 E ArmVmp : Match on catch block at 0xc3 in for 0x99
02-11 22:18:40.813 20340 20340 E ArmVmp : Match on catch block at 0xc3 in for 0x91
02-11 22:18:40.817 20340 20340 E RecyclerView: No adapter attached; skipping layout
02-11 22:18:40.854 20340 20340 E ArmVmp : Match on catch block at 0xc3 in for 0x91
02-11 22:18:40.864 20340 20340 E ArmVmp : Match on catch block at 0xc3 in for 0x95
02-11 22:18:41.124 20340 20340 E ArmVmp : Match on catch block at 0x0a in for 0x95
02-11 22:18:41.129 20340 20340 E ArmVmp : Match on catch block at 0x0a in for 0x99
02-11 22:18:41.137 20340 20340 E ArmVmp : Match on catch block at 0x0a in for 0x99
02-11 22:18:41.140 20340 20340 E ArmVmp : Match on catch block at 0x0a in for 0x99
02-11 22:18:41.143 20340 20340 E ArmVmp : Match on catch block at 0x0a in for 0x99
02-11 22:18:41.145 20340 20340 E ArmVmp : Match on catch block at 0x0a in for 0x99
02-11 22:18:41.240 20340 20340 E ArmVmp : Match on catch block at 0x0a in for 0x99
02-11 22:18:41.258 20340 20340 E ArmVmp : Match on catch block at 0xc3 in for 0x91
02-11 22:18:41.264 20340 20340 E ArmVmp : Match on catch block at 0xc3 in for 0x95
02-11 22:18:41.775 20340 20340 E ArmVmp : Match on catch block at 0xc3 in for 0x99
02-11 22:18:41.780 20340 20340 E ArmVmp : Match on catch block at 0xc3 in for 0x91
02-11 22:18:42.276 20340 20340 E ArmVmp : Match on catch block at 0xc3 in for 0x91
02-11 22:18:42.283 20340 20340 E ArmVmp : Match on catch block at 0xc3 in for 0x95
02-11 22:18:42.326 20340 20340 E ArmVmp : Match on catch block at 0xc3 in for 0x95
02-11 22:18:42.332 20340 20340 E ArmVmp : Match on catch block at 0xc3 in for 0x99
02-11 22:18:42.344 20340 20340 E ArmVmp : Match on catch block at 0xc3 in for 0x99
02-11 22:18:42.351 20340 20340 E ArmVmp : Match on catch block at 0xc3 in for 0x91
02-11 22:18:42.361 20340 20340 E ArmVmp : Match on catch block at 0xc3 in for 0x91
02-11 22:18:42.367 20340 20340 E ArmVmp : Match on catch block at 0xc3 in for 0x95
02-11 22:18:42.376 20340 20340 E ArmVmp : Match on catch block at 0xc3 in for 0x95
02-11 22:18:42.381 20340 20340 E ArmVmp : Match on catch block at 0xc3 in for 0x99
02-11 22:18:42.398 20340 20340 E ArmVmp : Match on catch block at 0xc3 in for 0x99
02-11 22:18:42.402 20340 20340 E ArmVmp : Match on catch block at 0xc3 in for 0x91
02-11 22:18:42.409 20340 20340 E ArmVmp : Match on catch block at 0xc3 in for 0x91
02-11 22:18:42.415 20340 20340 E ArmVmp : Match on catch block at 0xc3 in for 0x95
02-11 22:18:42.426 20340 20340 E ArmVmp : Match on catch block at 0xc3 in for 0x95
02-11 22:18:42.431 20340 20340 E ArmVmp : Match on catch block at 0xc3 in for 0x99
02-11 22:18:42.443 20340 20340 E ArmVmp : Match on catch block at 0xc3 in for 0x99
02-11 22:18:42.448 20340 20340 E ArmVmp : Match on catch block at 0xc3 in for 0x91
02-11 22:18:42.461 20340 20340 E ArmVmp : Match on catch block at 0xc3 in for 0x91
02-11 22:18:42.467 20340 20340 E ArmVmp : Match on catch block at 0xc3 in for 0x95
02-11 22:18:42.481 20340 20340 E ArmVmp : Match on catch block at 0xc3 in for 0x95
02-11 22:18:42.486 20340 20340 E ArmVmp : Match on catch block at 0xc3 in for 0x99
02-11 22:18:42.493 20340 20340 E ArmVmp : Match on catch block at 0xc3 in for 0x99
02-11 22:18:42.498 20340 20340 E ArmVmp : Match on catch block at 0xc3 in for 0x91
02-11 22:18:42.511 20340 20340 E ArmVmp : Match on catch block at 0xc3 in for 0x91
02-11 22:18:42.517 20340 20340 E ArmVmp : Match on catch block at 0xc3 in for 0x95
02-11 22:18:42.533 20340 20340 E ArmVmp : Match on catch block at 0xc3 in for 0x95
02-11 22:18:42.539 20340 20340 E ArmVmp : Match on catch block at 0xc3 in for 0x99
02-11 22:18:42.554 20340 20340 E ArmVmp : Match on catch block at 0xc3 in for 0x99
02-11 22:18:42.562 20340 20340 E ArmVmp : Match on catch block at 0xc3 in for 0x91
02-11 22:18:42.580 20340 20340 E ArmVmp : Match on catch block at 0xc3 in for 0x91
02-11 22:18:42.585 20340 20340 E ArmVmp : Match on catch block at 0xc3 in for 0x95
02-11 22:18:42.683 20340 20340 E ArmVmp : Match on catch block at 0xc3 in for 0x91
02-11 22:18:42.688 20340 20340 E ArmVmp : Match on catch block at 0xc3 in for 0x95
02-11 22:18:42.770 20340 20439 W Adreno-EGL: <qeglDrvAPI_eglGetConfigAttrib:612>: EGL_BAD_ATTRIBUTE
02-11 22:18:42.018 20340 20340 E ArmVmp : Match on catch block at 0xc3 in for 0x91
02-11 22:18:42.027 20340 20340 E ArmVmp : Match on catch block at 0xc3 in for 0x95
02-11 22:18:42.104 20340 20340 E ArmVmp : Match on catch block at 0xc3 in for 0x99
02-11 22:18:42.110 20340 20340 E ArmVmp : Match on catch block at 0xc3 in for 0x91
02-11 22:18:44.332 20340 20439 W Adreno-EGL: <qeglDrvAPI_eglGetConfigAttrib:612>: EGL_BAD_ATTRIBUTE
02-11 22:18:45.203 20340 20340 E ArmVmp : Match on catch block at 0xc3 in for 0x95
02-11 22:18:45.213 20340 20340 E ArmVmp : Match on catch block at 0xc3 in for 0x99
02-11 22:18:45.250 20340 20340 E ArmVmp : Match on catch block at 0xc3 in for 0x95
02-11 22:18:45.262 20340 20340 E ArmVmp : Match on catch block at 0xc3 in for 0x99
02-11 22:18:46.212 20340 20439 W Adreno-ES20: <core_glFinish:34>: glFinish skipped: 0
02-11 22:18:46.214 20340 20439 W Adreno-ES20: <core_glFinish:34>: glFinish skipped: 0
02-11 22:18:46.780 20340 20340 E ArmVmp : Match on catch block at 0xc3 in for 0x95
02-11 22:18:46.792 20340 20340 E ArmVmp : Match on catch block at 0xc3 in for 0x99
02-11 22:18:46.815 20340 20340 E ArmVmp : Match on catch block at 0xc3 in for 0x99
02-11 22:18:46.822 20340 20340 E ArmVmp : Match on catch block at 0xc3 in for 0x91
02-11 22:18:46.853 20340 20340 E ArmVmp : Match on catch block at 0xc3 in for 0x99
02-11 22:18:46.859 20340 20340 E ArmVmp : Match on catch block at 0xc3 in for 0x91
02-11 22:18:46.884 20340 20340 E ArmVmp : Match on catch block at 0xc3 in for 0x91
02-11 22:18:46.890 20340 20340 E ArmVmp : Match on catch block at 0xc3 in for 0x95
02-11 22:18:46.916 20340 20340 E ArmVmp : Match on catch block at 0xc3 in for 0x91
02-11 22:18:46.922 20340 20340 E ArmVmp : Match on catch block at 0xc3 in for 0x95
02-11 22:18:46.940 20340 20340 E ArmVmp : Match on catch block at 0xc3 in for 0x95
02-11 22:18:46.946 20340 20340 E ArmVmp : Match on catch block at 0xc3 in for 0x99
02-11 22:18:46.971 20340 20340 E ArmVmp : Match on catch block at 0xc3 in for 0x95
02-11 22:18:46.976 20340 20340 E ArmVmp : Match on catch block at 0xc3 in for 0x99
02-11 22:18:46.995 20340 20340 E ArmVmp : Match on catch block at 0xc3 in for 0x99
02-11 22:18:46.999 20340 20340 E ArmVmp : Match on catch block at 0xc3 in for 0x91
02-11 22:18:47.025 20340 20340 E ArmVmp : Match on catch block at 0xc3 in for 0x99
02-11 22:18:47.031 20340 20340 E ArmVmp : Match on catch block at 0xc3 in for 0x91
02-11 22:18:47.047 20340 20340 E ArmVmp : Match on catch block at 0xc3 in for 0x91
02-11 22:18:47.052 20340 20340 E ArmVmp : Match on catch block at 0xc3 in for 0x95
02-11 22:18:57.629 20340 20340 W IInputConnectionWrapper: requestCursorAnchorInfo on inactive InputConnection
02-11 22:18:57.656 20340 20439 W Adreno-EGL: <qeglDrvAPI_eglGetConfigAttrib:612>: EGL_BAD_ATTRIBUTE
02-11 22:18:57.986 20340 20340 E ArmVmp : Match on catch block at 0xc3 in for 0x95
02-11 22:18:57.990 20340 20340 E ArmVmp : Match on catch block at 0xc3 in for 0x99
02-11 22:18:58.017 20340 20340 E ArmVmp : Match on catch block at 0xc3 in for 0x95
02-11 22:18:58.022 20340 20340 E ArmVmp : Match on catch block at 0xc3 in for 0x99
02-11 22:18:59.503 20340 20439 W Adreno-ES20: <core_glFinish:34>: glFinish skipped: 0
02-11 22:18:59.504 20340 20439 W Adreno-ES20: <core_glFinish:34>: glFinish skipped: 0
02-11 22:18:59.560 20340 20340 E ArmVmp : Match on catch block at 0xc3 in for 0x99
02-11 22:18:59.567 20340 20340 E ArmVmp : Match on catch block at 0xc3 in for 0x91
02-11 22:18:59.590 20340 20340 E ArmVmp : Match on catch block at 0xc3 in for 0x91
02-11 22:18:59.597 20340 20340 E ArmVmp : Match on catch block at 0xc3 in for 0x95
02-11 22:18:59.628 20340 20340 E ArmVmp : Match on catch block at 0xc3 in for 0x91
02-11 22:18:59.635 20340 20340 E ArmVmp : Match on catch block at 0xc3 in for 0x95
02-11 22:18:59.662 20340 20340 E ArmVmp : Match on catch block at 0xc3 in for 0x95
02-11 22:18:59.668 20340 20340 E ArmVmp : Match on catch block at 0xc3 in for 0x99
02-11 22:18:59.691 20340 20340 E ArmVmp : Match on catch block at 0xc3 in for 0x95
02-11 22:18:59.701 20340 20340 E ArmVmp : Match on catch block at 0xc3 in for 0x99
02-11 22:18:59.720 20340 20340 E ArmVmp : Match on catch block at 0xc3 in for 0x99
02-11 22:18:59.724 20340 20340 E ArmVmp : Match on catch block at 0xc3 in for 0x91
02-11 22:18:59.758 20340 20340 E ArmVmp : Match on catch block at 0xc3 in for 0x95
02-11 22:18:59.763 20340 20340 E ArmVmp : Match on catch block at 0xc3 in for 0x99
02-11 22:18:59.785 20340 20340 E ArmVmp : Match on catch block at 0xc3 in for 0x95
02-11 22:18:59.789 20340 20340 E ArmVmp : Match on catch block at 0xc3 in for 0x99
02-11 22:18:59.805 20340 20340 E ArmVmp : Match on catch block at 0xc3 in for 0x99
02-11 22:18:59.810 20340 20340 E ArmVmp : Match on catch block at 0xc3 in for 0x91
02-11 22:19:02.607 20340 20439 W Adreno-ES20: <core_glFinish:34>: glFinish skipped: 0
02-11 22:19:02.609 20340 20439 W Adreno-ES20: <core_glFinish:34>: glFinish skipped: 0
02-11 22:19:02.799 20340 20340 E ArmVmp : Match on catch block at 0xc3 in for 0x95
02-11 22:19:02.806 20340 20340 E ArmVmp : Match on catch block at 0xc3 in for 0x99
02-11 22:19:02.879 20340 20340 E ArmVmp : Match on catch block at 0xc3 in for 0x91
02-11 22:19:02.884 20340 20340 E ArmVmp : Match on catch block at 0xc3 in for 0x95
02-11 22:19:02.898 20340 20340 W IInputConnectionWrapper: requestCursorAnchorInfo on inactive InputConnection
02-11 22:19:02.947 20340 20340 E ArmVmp : Match on catch block at 0xc3 in for 0x95
02-11 22:19:02.952 20340 20340 E ArmVmp : Match on catch block at 0xc3 in for 0x99
02-11 22:19:02.985 20340 20340 W IInputConnectionWrapper: getTextBeforeCursor on inactive InputConnection
02-11 22:19:02.997 20340 20340 E ArmVmp : Match on catch block at 0xc3 in for 0x91
02-11 22:19:03.003 20340 20340 E ArmVmp : Match on catch block at 0xc3 in for 0x95
02-11 22:19:03.032 20340 20340 W IInputConnectionWrapper: getTextAfterCursor on inactive InputConnection
02-11 22:19:03.044 20340 20340 E ArmVmp : Match on catch block at 0xc3 in for 0x99
02-11 22:19:03.048 20340 20340 E ArmVmp : Match on catch block at 0xc3 in for 0x91
02-11 22:19:03.081 20340 20340 W IInputConnectionWrapper: getSelectedText on inactive InputConnection
02-11 22:19:03.097 20340 20340 E ArmVmp : Match on catch block at 0xc3 in for 0x95
02-11 22:19:03.106 20340 20340 E ArmVmp : Match on catch block at 0xc3 in for 0x99
02-11 22:19:03.225 20340 20340 E ArmVmp : Match on catch block at 0xc3 in for 0x99
02-11 22:19:03.232 20340 20340 E ArmVmp : Match on catch block at 0xc3 in for 0x91
02-11 22:19:03.359 20340 20340 E ArmVmp : Match on catch block at 0xc3 in for 0x91
02-11 22:19:03.365 20340 20340 E ArmVmp : Match on catch block at 0xc3 in for 0x95
02-11 22:19:03.386 20340 20340 W IInputConnectionWrapper: performPrivateCommand on inactive InputConnection
02-11 22:19:03.386 20340 20340 W IInputConnectionWrapper: requestCursorAnchorInfo on inactive InputConnection
02-11 22:19:03.444 20340 20340 E ArmVmp : Match on catch block at 0xc3 in for 0x95
02-11 22:19:03.448 20340 20340 E ArmVmp : Match on catch block at 0xc3 in for 0x99
02-11 22:19:03.468 20340 20340 W IInputConnectionWrapper: requestCursorAnchorInfo on inactive InputConnection
02-11 22:19:03.584 20340 20340 E ArmVmp : Match on catch block at 0xc3 in for 0x91
02-11 22:19:03.589 20340 20340 E ArmVmp : Match on catch block at 0xc3 in for 0x95
02-11 22:19:03.607 20340 20340 W IInputConnectionWrapper: getTextBeforeCursor on inactive InputConnection
02-11 22:19:03.652 20340 20340 E ArmVmp : Match on catch block at 0xc3 in for 0x95
02-11 22:19:03.657 20340 20340 E ArmVmp : Match on catch block at 0xc3 in for 0x99
02-11 22:19:03.683 20340 20340 W IInputConnectionWrapper: getTextAfterCursor on inactive InputConnection
02-11 22:19:03.763 20340 20340 E ArmVmp : Match on catch block at 0xc3 in for 0x91
02-11 22:19:03.767 20340 20340 E ArmVmp : Match on catch block at 0xc3 in for 0x95
02-11 22:19:03.784 20340 20340 W IInputConnectionWrapper: getSelectedText on inactive InputConnection
02-11 22:19:03.907 20340 20340 E ArmVmp : Match on catch block at 0xc3 in for 0x99
02-11 22:19:03.913 20340 20340 E ArmVmp : Match on catch block at 0xc3 in for 0x91
02-11 22:19:04.050 20340 20340 E ArmVmp : Match on catch block at 0xc3 in for 0x91
02-11 22:19:04.054 20340 20340 E ArmVmp : Match on catch block at 0xc3 in for 0x95
02-11 22:19:04.068 20340 20340 W IInputConnectionWrapper: requestCursorAnchorInfo on inactive InputConnection
02-11 22:19:04.124 20340 20340 E ArmVmp : Match on catch block at 0xc3 in for 0x95
02-11 22:19:04.128 20340 20340 E ArmVmp : Match on catch block at 0xc3 in for 0x99
02-11 22:19:04.145 20340 20340 W IInputConnectionWrapper: performPrivateCommand on inactive InputConnection
02-11 22:19:04.146 20340 20340 W IInputConnectionWrapper: requestCursorAnchorInfo on inactive InputConnection
02-11 22:19:04.269 20340 20340 E ArmVmp : Match on catch block at 0xc3 in for 0x91
02-11 22:19:04.274 20340 20340 E ArmVmp : Match on catch block at 0xc3 in for 0x95
02-11 22:19:04.290 20340 20340 W IInputConnectionWrapper: requestCursorAnchorInfo on inactive InputConnection
02-11 22:19:04.408 20340 20340 E ArmVmp : Match on catch block at 0xc3 in for 0x95
02-11 22:19:04.413 20340 20340 E ArmVmp : Match on catch block at 0xc3 in for 0x99
02-11 22:19:04.441 20340 20340 W IInputConnectionWrapper: getTextBeforeCursor on inactive InputConnection
02-11 22:19:04.566 20340 20340 E ArmVmp : Match on catch block at 0xc3 in for 0x99
02-11 22:19:04.572 20340 20340 E ArmVmp : Match on catch block at 0xc3 in for 0x91
02-11 22:19:04.589 20340 20340 W IInputConnectionWrapper: getTextAfterCursor on inactive InputConnection
02-11 22:19:04.734 20340 20340 E ArmVmp : Match on catch block at 0xc3 in for 0x91
02-11 22:19:04.745 20340 20340 E ArmVmp : Match on catch block at 0xc3 in for 0x95
02-11 22:19:04.860 20340 20340 W IInputConnectionWrapper: getSelectedText on inactive InputConnection
02-11 22:19:04.969 20340 20340 E ArmVmp : Match on catch block at 0xc3 in for 0x99
02-11 22:19:04.970 20340 20439 W Adreno-ES20: <core_glFinish:34>: glFinish skipped: 0
02-11 22:19:04.971 20340 20439 W Adreno-ES20: <core_glFinish:34>: glFinish skipped: 0
02-11 22:19:04.971 20340 20348 E SpellCheckerSession: ignoring processOrEnqueueTask due to unexpected mState=TASK_CLOSE scp.mWhat=TASK_CLOSE
02-11 22:19:04.974 20340 20439 W Adreno-ES20: <core_glFinish:34>: glFinish skipped: 0
02-11 22:19:04.975 20340 20340 E ArmVmp : Match on catch block at 0xc3 in for 0x91
02-11 22:19:05.036 20340 20340 W IInputConnectionWrapper: requestCursorAnchorInfo on inactive InputConnection
02-11 22:19:05.061 20340 20414 W MediaPlayer: Use of stream types is deprecated for operations other than volume control
02-11 22:19:05.062 20340 20414 W MediaPlayer: See the documentation of setAudioStreamType() for what to use instead with android.media.AudioAttributes to qualify your playback use case
02-11 22:19:05.160 20340 20340 E ArmVmp : Match on catch block at 0xc3 in for 0x99
02-11 22:19:05.166 20340 20340 E ArmVmp : Match on catch block at 0xc3 in for 0x91
02-11 22:19:05.254 20340 20340 W IInputConnectionWrapper: performPrivateCommand on inactive InputConnection
02-11 22:19:05.255 20340 20340 W IInputConnectionWrapper: requestCursorAnchorInfo on inactive InputConnection
02-11 22:19:05.018 20340 20340 E ArmVmp : Match on catch block at 0xc3 in for 0x91
02-11 22:19:05.024 20340 20340 E ArmVmp : Match on catch block at 0xc3 in for 0x95
02-11 22:19:05.138 20340 20340 W IInputConnectionWrapper: requestCursorAnchorInfo on inactive InputConnection
02-11 22:19:05.255 20340 20340 E ArmVmp : Match on catch block at 0xc3 in for 0x95
02-11 22:19:05.263 20340 20340 E ArmVmp : Match on catch block at 0xc3 in for 0x99
02-11 22:19:05.306 20340 20340 W IInputConnectionWrapper: getTextBeforeCursor on inactive InputConnection
02-11 22:19:05.425 20340 20340 E ArmVmp : Match on catch block at 0xc3 in for 0x95
02-11 22:19:05.430 20340 20340 E ArmVmp : Match on catch block at 0xc3 in for 0x99
02-11 22:19:05.468 20340 20340 W IInputConnectionWrapper: getTextAfterCursor on inactive InputConnection
02-11 22:19:05.519 20340 20340 E ArmVmp : Match on catch block at 0xc3 in for 0x95
02-11 22:19:05.524 20340 20340 E ArmVmp : Match on catch block at 0xc3 in for 0x99
02-11 22:19:05.577 20340 20340 W IInputConnectionWrapper: getSelectedText on inactive InputConnection
02-11 22:19:06.041 20340 20340 E ArmVmp : Match on catch block at 0xc3 in for 0x91
02-11 22:19:06.045 20340 20340 E ArmVmp : Match on catch block at 0xc3 in for 0x95
02-11 22:19:06.067 20340 20340 W IInputConnectionWrapper: requestCursorAnchorInfo on inactive InputConnection
02-11 22:19:06.167 20340 20340 E ArmVmp : Match on catch block at 0xc3 in for 0x99
02-11 22:19:06.172 20340 20340 E ArmVmp : Match on catch block at 0xc3 in for 0x91
02-11 22:19:06.203 20340 20340 W IInputConnectionWrapper: performPrivateCommand on inactive InputConnection
02-11 22:19:06.203 20340 20340 W IInputConnectionWrapper: requestCursorAnchorInfo on inactive InputConnection
02-11 22:19:06.308 20340 20340 E ArmVmp : Match on catch block at 0xc3 in for 0x99
02-11 22:19:06.313 20340 20340 E ArmVmp : Match on catch block at 0xc3 in for 0x91
02-11 22:19:06.337 20340 20340 W IInputConnectionWrapper: requestCursorAnchorInfo on inactive InputConnection
02-11 22:19:06.447 20340 20340 E ArmVmp : Match on catch block at 0xc3 in for 0x91
02-11 22:19:06.452 20340 20340 E ArmVmp : Match on catch block at 0xc3 in for 0x95
02-11 22:19:06.483 20340 20340 W IInputConnectionWrapper: getTextBeforeCursor on inactive InputConnection
02-11 22:19:06.541 20340 20340 E ArmVmp : Match on catch block at 0xc3 in for 0x95
02-11 22:19:06.546 20340 20340 E ArmVmp : Match on catch block at 0xc3 in for 0x99
02-11 22:19:06.593 20340 20340 W IInputConnectionWrapper: getTextAfterCursor on inactive InputConnection
02-11 22:19:06.701 20340 20340 E ArmVmp : Match on catch block at 0xc3 in for 0x99
02-11 22:19:06.706 20340 20340 E ArmVmp : Match on catch block at 0xc3 in for 0x91
02-11 22:19:06.738 20340 20340 W IInputConnectionWrapper: getSelectedText on inactive InputConnection
02-11 22:19:06.836 20340 20340 E ArmVmp : Match on catch block at 0xc3 in for 0x91
02-11 22:19:06.841 20340 20340 E ArmVmp : Match on catch block at 0xc3 in for 0x95
02-11 22:19:06.893 20340 20340 W IInputConnectionWrapper: requestCursorAnchorInfo on inactive InputConnection
02-11 22:19:06.992 20340 20340 E ArmVmp : Match on catch block at 0xc3 in for 0x95
02-11 22:19:06.998 20340 20340 E ArmVmp : Match on catch block at 0xc3 in for 0x99
02-11 22:19:07.032 20340 20340 W IInputConnectionWrapper: performPrivateCommand on inactive InputConnection
02-11 22:19:07.032 20340 20340 W IInputConnectionWrapper: requestCursorAnchorInfo on inactive InputConnection
02-11 22:19:07.138 20340 20340 E ArmVmp : Match on catch block at 0xc3 in for 0x99
02-11 22:19:07.144 20340 20340 E ArmVmp : Match on catch block at 0xc3 in for 0x91
02-11 22:19:07.169 20340 20340 W IInputConnectionWrapper: requestCursorAnchorInfo on inactive InputConnection
02-11 22:19:07.236 20340 20340 E ArmVmp : Match on catch block at 0xc3 in for 0x95
02-11 22:19:07.241 20340 20340 E ArmVmp : Match on catch block at 0xc3 in for 0x99
02-11 22:19:07.279 20340 20340 W IInputConnectionWrapper: getTextBeforeCursor on inactive InputConnection
02-11 22:19:07.372 20340 20340 E ArmVmp : Match on catch block at 0xc3 in for 0x99
02-11 22:19:07.377 20340 20340 E ArmVmp : Match on catch block at 0xc3 in for 0x91
02-11 22:19:07.401 20340 20340 W IInputConnectionWrapper: getTextAfterCursor on inactive InputConnection
02-11 22:19:07.502 20340 20340 E ArmVmp : Match on catch block at 0xc3 in for 0x91
02-11 22:19:07.509 20340 20340 E ArmVmp : Match on catch block at 0xc3 in for 0x95
02-11 22:19:07.643 20340 20340 W IInputConnectionWrapper: getSelectedText on inactive InputConnection
02-11 22:19:07.738 20340 20340 E ArmVmp : Match on catch block at 0xc3 in for 0x95
02-11 22:19:07.743 20340 20340 E ArmVmp : Match on catch block at 0xc3 in for 0x99
02-11 22:19:07.784 20340 20439 W Adreno-EGL: <qeglDrvAPI_eglGetConfigAttrib:612>: EGL_BAD_ATTRIBUTE
02-11 22:19:07.820 20340 20340 W IInputConnectionWrapper: requestCursorAnchorInfo on inactive InputConnection
02-11 22:19:07.877 20340 20340 E ArmVmp : Match on catch block at 0xc3 in for 0x99
02-11 22:19:07.885 20340 20340 E ArmVmp : Match on catch block at 0xc3 in for 0x91
02-11 22:19:07.977 20340 20340 W IInputConnectionWrapper: performPrivateCommand on inactive InputConnection
02-11 22:19:07.977 20340 20340 W IInputConnectionWrapper: requestCursorAnchorInfo on inactive InputConnection
02-11 22:19:08.070 20340 20340 E ArmVmp : Match on catch block at 0xc3 in for 0x95
02-11 22:19:08.075 20340 20340 E ArmVmp : Match on catch block at 0xc3 in for 0x99
02-11 22:19:08.136 20340 20340 W IInputConnectionWrapper: requestCursorAnchorInfo on inactive InputConnection
02-11 22:19:08.280 20340 20340 E ArmVmp : Match on catch block at 0xc3 in for 0x91
02-11 22:19:08.285 20340 20340 E ArmVmp : Match on catch block at 0xc3 in for 0x95
02-11 22:19:08.354 20340 20340 W IInputConnectionWrapper: getTextBeforeCursor on inactive InputConnection
02-11 22:19:08.497 20340 20340 E ArmVmp : Match on catch block at 0xc3 in for 0x91
02-11 22:19:08.502 20340 20340 E ArmVmp : Match on catch block at 0xc3 in for 0x95
02-11 22:19:08.556 20340 20340 W IInputConnectionWrapper: getTextAfterCursor on inactive InputConnection
02-11 22:19:08.642 20340 20340 E ArmVmp : Match on catch block at 0xc3 in for 0x95
02-11 22:19:08.647 20340 20340 E ArmVmp : Match on catch block at 0xc3 in for 0x99
02-11 22:19:08.739 20340 20340 W IInputConnectionWrapper: getSelectedText on inactive InputConnection
02-11 22:19:08.783 20340 20340 E ArmVmp : Match on catch block at 0xc3 in for 0x99
02-11 22:19:08.788 20340 20340 E ArmVmp : Match on catch block at 0xc3 in for 0x91
02-11 22:19:08.848 20340 20340 W IInputConnectionWrapper: requestCursorAnchorInfo on inactive InputConnection
02-11 22:19:08.935 20340 20340 E ArmVmp : Match on catch block at 0xc3 in for 0x91
02-11 22:19:08.939 20340 20340 E ArmVmp : Match on catch block at 0xc3 in for 0x95
02-11 22:19:08.992 20340 20340 W IInputConnectionWrapper: performPrivateCommand on inactive InputConnection
02-11 22:19:08.992 20340 20340 W IInputConnectionWrapper: requestCursorAnchorInfo on inactive InputConnection
02-11 22:19:09.080 20340 20340 E ArmVmp : Match on catch block at 0xc3 in for 0x91
02-11 22:19:09.084 20340 20340 E ArmVmp : Match on catch block at 0xc3 in for 0x95
02-11 22:19:09.131 20340 20340 W IInputConnectionWrapper: requestCursorAnchorInfo on inactive InputConnection
02-11 22:19:09.170 20340 20340 E ArmVmp : Match on catch block at 0xc3 in for 0x91
02-11 22:19:09.175 20340 20340 E ArmVmp : Match on catch block at 0xc3 in for 0x95
02-11 22:19:09.216 20340 20340 W IInputConnectionWrapper: getTextBeforeCursor on inactive InputConnection
02-11 22:19:09.309 20340 20340 E ArmVmp : Match on catch block at 0xc3 in for 0x91
02-11 22:19:09.314 20340 20340 E ArmVmp : Match on catch block at 0xc3 in for 0x95
02-11 22:19:09.358 20340 20340 W IInputConnectionWrapper: getTextAfterCursor on inactive InputConnection
02-11 22:19:09.407 20340 20340 E ArmVmp : Match on catch block at 0xc3 in for 0x95
02-11 22:19:09.411 20340 20340 E ArmVmp : Match on catch block at 0xc3 in for 0x99
02-11 22:19:09.451 20340 20340 W IInputConnectionWrapper: getSelectedText on inactive InputConnection
02-11 22:19:09.531 20340 20340 E ArmVmp : Match on catch block at 0xc3 in for 0x95
02-11 22:19:09.536 20340 20340 E ArmVmp : Match on catch block at 0xc3 in for 0x99
02-11 22:19:09.581 20340 20340 W IInputConnectionWrapper: requestCursorAnchorInfo on inactive InputConnection
02-11 22:19:09.640 20340 20340 E ArmVmp : Match on catch block at 0xc3 in for 0x99
02-11 22:19:09.644 20340 20340 E ArmVmp : Match on catch block at 0xc3 in for 0x91
02-11 22:19:09.688 20340 20340 W IInputConnectionWrapper: performPrivateCommand on inactive InputConnection
02-11 22:19:09.689 20340 20340 W IInputConnectionWrapper: requestCursorAnchorInfo on inactive InputConnection
02-11 22:19:09.717 20340 20340 E ArmVmp : Match on catch block at 0xc3 in for 0x91
02-11 22:19:09.723 20340 20340 E ArmVmp : Match on catch block at 0xc3 in for 0x95
02-11 22:19:09.754 20340 20340 W IInputConnectionWrapper: requestCursorAnchorInfo on inactive InputConnection
02-11 22:19:09.777 20340 20340 E ArmVmp : Match on catch block at 0xc3 in for 0x95
02-11 22:19:09.782 20340 20340 E ArmVmp : Match on catch block at 0xc3 in for 0x99
02-11 22:19:09.813 20340 20340 W IInputConnectionWrapper: getTextBeforeCursor on inactive InputConnection
02-11 22:19:09.837 20340 20340 E ArmVmp : Match on catch block at 0xc3 in for 0x91
02-11 22:19:09.841 20340 20340 E ArmVmp : Match on catch block at 0xc3 in for 0x95
02-11 22:19:09.863 20340 20340 W IInputConnectionWrapper: getTextAfterCursor on inactive InputConnection
02-11 22:19:09.888 20340 20340 E ArmVmp : Match on catch block at 0xc3 in for 0x99
02-11 22:19:09.894 20340 20340 E ArmVmp : Match on catch block at 0xc3 in for 0x91
02-11 22:19:09.919 20340 20340 W IInputConnectionWrapper: getSelectedText on inactive InputConnection
02-11 22:19:09.947 20340 20340 E ArmVmp : Match on catch block at 0xc3 in for 0x91
02-11 22:19:09.952 20340 20340 E ArmVmp : Match on catch block at 0xc3 in for 0x95
02-11 22:19:09.999 20340 20340 E ArmVmp : Match on catch block at 0xc3 in for 0x99
02-11 22:19:10.003 20340 20340 E ArmVmp : Match on catch block at 0xc3 in for 0x91
02-11 22:19:10.025 20340 20340 W IInputConnectionWrapper: requestCursorAnchorInfo on inactive InputConnection
02-11 22:19:10.048 20340 20340 E ArmVmp : Match on catch block at 0xc3 in for 0x91
02-11 22:19:10.053 20340 20340 E ArmVmp : Match on catch block at 0xc3 in for 0x95
02-11 22:19:10.075 20340 20340 W IInputConnectionWrapper: performPrivateCommand on inactive InputConnection
02-11 22:19:10.075 20340 20340 W IInputConnectionWrapper: requestCursorAnchorInfo on inactive InputConnection
02-11 22:19:10.106 20340 20340 E ArmVmp : Match on catch block at 0xc3 in for 0x99
02-11 22:19:10.112 20340 20340 E ArmVmp : Match on catch block at 0xc3 in for 0x91
02-11 22:19:10.152 20340 20340 W IInputConnectionWrapper: requestCursorAnchorInfo on inactive InputConnection
02-11 22:19:10.166 20340 20340 E ArmVmp : Match on catch block at 0xc3 in for 0x91
02-11 22:19:10.172 20340 20340 E ArmVmp : Match on catch block at 0xc3 in for 0x95
02-11 22:19:10.213 20340 20340 W IInputConnectionWrapper: getTextBeforeCursor on inactive InputConnection
02-11 22:19:10.222 20340 20340 E ArmVmp : Match on catch block at 0xc3 in for 0x99
02-11 22:19:10.227 20340 20340 E ArmVmp : Match on catch block at 0xc3 in for 0x91
02-11 22:19:10.268 20340 20340 W IInputConnectionWrapper: getTextAfterCursor on inactive InputConnection
02-11 22:19:10.278 20340 20340 E ArmVmp : Match on catch block at 0xc3 in for 0x91
02-11 22:19:10.283 20340 20340 E ArmVmp : Match on catch block at 0xc3 in for 0x95
02-11 22:19:10.320 20340 20340 W IInputConnectionWrapper: getSelectedText on inactive InputConnection
02-11 22:19:10.332 20340 20340 E ArmVmp : Match on catch block at 0xc3 in for 0x99
02-11 22:19:10.337 20340 20340 E ArmVmp : Match on catch block at 0xc3 in for 0x91
02-11 22:19:10.389 20340 20340 E ArmVmp : Match on catch block at 0xc3 in for 0x91
02-11 22:19:10.393 20340 20340 E ArmVmp : Match on catch block at 0xc3 in for 0x95
02-11 22:19:10.429 20340 20340 W IInputConnectionWrapper: requestCursorAnchorInfo on inactive InputConnection
02-11 22:19:10.440 20340 20340 E ArmVmp : Match on catch block at 0xc3 in for 0x99
02-11 22:19:10.445 20340 20340 E ArmVmp : Match on catch block at 0xc3 in for 0x91
02-11 22:19:10.485 20340 20340 W IInputConnectionWrapper: performPrivateCommand on inactive InputConnection
02-11 22:19:10.485 20340 20340 W IInputConnectionWrapper: requestCursorAnchorInfo on inactive InputConnection
02-11 22:19:10.498 20340 20340 E ArmVmp : Match on catch block at 0xc3 in for 0x91
02-11 22:19:10.503 20340 20340 E ArmVmp : Match on catch block at 0xc3 in for 0x95
02-11 22:19:10.540 20340 20340 W IInputConnectionWrapper: requestCursorAnchorInfo on inactive InputConnection
02-11 22:19:10.550 20340 20340 E ArmVmp : Match on catch block at 0xc3 in for 0x99
02-11 22:19:10.556 20340 20340 E ArmVmp : Match on catch block at 0xc3 in for 0x91
02-11 22:19:10.597 20340 20340 W IInputConnectionWrapper: getTextBeforeCursor on inactive InputConnection
02-11 22:19:10.605 20340 20340 E ArmVmp : Match on catch block at 0xc3 in for 0x91
02-11 22:19:10.609 20340 20340 E ArmVmp : Match on catch block at 0xc3 in for 0x95
02-11 22:19:10.644 20340 20340 W IInputConnectionWrapper: getTextAfterCursor on inactive InputConnection
02-11 22:19:10.652 20340 20340 E ArmVmp : Match on catch block at 0xc3 in for 0x99
02-11 22:19:10.657 20340 20340 E ArmVmp : Match on catch block at 0xc3 in for 0x91
02-11 22:19:10.695 20340 20340 W IInputConnectionWrapper: getSelectedText on inactive InputConnection
02-11 22:19:10.705 20340 20340 E ArmVmp : Match on catch block at 0xc3 in for 0x91
02-11 22:19:10.711 20340 20340 E ArmVmp : Match on catch block at 0xc3 in for 0x95
02-11 22:19:10.761 20340 20340 E ArmVmp : Match on catch block at 0xc3 in for 0x99
02-11 22:19:10.766 20340 20340 E ArmVmp : Match on catch block at 0xc3 in for 0x91
02-11 22:19:10.793 20340 20340 W IInputConnectionWrapper: requestCursorAnchorInfo on inactive InputConnection
02-11 22:19:10.816 20340 20340 E ArmVmp : Match on catch block at 0xc3 in for 0x91
02-11 22:19:10.820 20340 20340 E ArmVmp : Match on catch block at 0xc3 in for 0x95
02-11 22:19:10.843 20340 20340 W IInputConnectionWrapper: performPrivateCommand on inactive InputConnection
02-11 22:19:10.843 20340 20340 W IInputConnectionWrapper: requestCursorAnchorInfo on inactive InputConnection
02-11 22:19:10.877 20340 20340 E ArmVmp : Match on catch block at 0xc3 in for 0x99
02-11 22:19:10.882 20340 20340 E ArmVmp : Match on catch block at 0xc3 in for 0x91
02-11 22:19:10.928 20340 20340 W IInputConnectionWrapper: requestCursorAnchorInfo on inactive InputConnection
02-11 22:19:10.977 20340 20340 E ArmVmp : Match on catch block at 0xc3 in for 0x91
02-11 22:19:10.984 20340 20340 E ArmVmp : Match on catch block at 0xc3 in for 0x95
02-11 22:19:11.033 20340 20340 W IInputConnectionWrapper: getTextBeforeCursor on inactive InputConnection
02-11 22:19:11.050 20340 20340 E ArmVmp : Match on catch block at 0xc3 in for 0x95
02-11 22:19:11.058 20340 20340 E ArmVmp : Match on catch block at 0xc3 in for 0x99
02-11 22:19:11.112 20340 20340 W IInputConnectionWrapper: getTextAfterCursor on inactive InputConnection
02-11 22:19:11.123 20340 20340 E ArmVmp : Match on catch block at 0xc3 in for 0x99
02-11 22:19:11.130 20340 20340 E ArmVmp : Match on catch block at 0xc3 in for 0x91
02-11 22:19:11.168 20340 20340 W IInputConnectionWrapper: getSelectedText on inactive InputConnection
02-11 22:19:11.178 20340 20340 E ArmVmp : Match on catch block at 0xc3 in for 0x95
02-11 22:19:11.183 20340 20340 E ArmVmp : Match on catch block at 0xc3 in for 0x99
02-11 22:19:11.242 20340 20340 E ArmVmp : Match on catch block at 0xc3 in for 0x99
02-11 22:19:11.248 20340 20340 E ArmVmp : Match on catch block at 0xc3 in for 0x91
02-11 22:19:11.284 20340 20340 W IInputConnectionWrapper: requestCursorAnchorInfo on inactive InputConnection
02-11 22:19:11.294 20340 20340 E ArmVmp : Match on catch block at 0xc3 in for 0x95
02-11 22:19:11.299 20340 20340 E ArmVmp : Match on catch block at 0xc3 in for 0x99
02-11 22:19:11.342 20340 20340 W IInputConnectionWrapper: performPrivateCommand on inactive InputConnection
02-11 22:19:11.343 20340 20340 W IInputConnectionWrapper: requestCursorAnchorInfo on inactive InputConnection
02-11 22:19:11.354 20340 20340 E ArmVmp : Match on catch block at 0xc3 in for 0x99
02-11 22:19:11.360 20340 20340 E ArmVmp : Match on catch block at 0xc3 in for 0x91
02-11 22:19:11.414 20340 20340 E ArmVmp : Match on catch block at 0xc3 in for 0x95
02-11 22:19:11.419 20340 20340 E ArmVmp : Match on catch block at 0xc3 in for 0x99
02-11 22:19:11.445 20340 20340 W IInputConnectionWrapper: requestCursorAnchorInfo on inactive InputConnection
02-11 22:19:11.472 20340 20340 E ArmVmp : Match on catch block at 0xc3 in for 0x99
02-11 22:19:11.478 20340 20340 E ArmVmp : Match on catch block at 0xc3 in for 0x91
02-11 22:19:11.502 20340 20340 W IInputConnectionWrapper: getTextBeforeCursor on inactive InputConnection
02-11 22:19:11.528 20340 20340 E ArmVmp : Match on catch block at 0xc3 in for 0x95
02-11 22:19:11.534 20340 20340 E ArmVmp : Match on catch block at 0xc3 in for 0x99
02-11 22:19:11.572 20340 20340 W IInputConnectionWrapper: getTextAfterCursor on inactive InputConnection
02-11 22:19:11.664 20340 20340 E ArmVmp : Match on catch block at 0xc3 in for 0x91
02-11 22:19:11.670 20340 20340 E ArmVmp : Match on catch block at 0xc3 in for 0x95
02-11 22:19:11.714 20340 20340 W IInputConnectionWrapper: getSelectedText on inactive InputConnection
02-11 22:19:11.790 20340 20340 E ArmVmp : Match on catch block at 0xc3 in for 0x95
02-11 22:19:11.796 20340 20340 E ArmVmp : Match on catch block at 0xc3 in for 0x99
02-11 22:19:11.935 20340 20340 E ArmVmp : Match on catch block at 0xc3 in for 0x95
02-11 22:19:11.940 20340 20340 E ArmVmp : Match on catch block at 0xc3 in for 0x99
02-11 22:19:11.966 20340 20340 W IInputConnectionWrapper: requestCursorAnchorInfo on inactive InputConnection
02-11 22:19:12.094 20340 20340 E ArmVmp : Match on catch block at 0xc3 in for 0x95
02-11 22:19:12.099 20340 20340 E ArmVmp : Match on catch block at 0xc3 in for 0x99
02-11 22:19:12.135 20340 20340 W IInputConnectionWrapper: performPrivateCommand on inactive InputConnection
02-11 22:19:12.135 20340 20340 W IInputConnectionWrapper: requestCursorAnchorInfo on inactive InputConnection
02-11 22:19:12.186 20340 20340 E ArmVmp : Match on catch block at 0xc3 in for 0x91
02-11 22:19:12.191 20340 20340 E ArmVmp : Match on catch block at 0xc3 in for 0x95
02-11 22:19:12.237 20340 20340 W IInputConnectionWrapper: requestCursorAnchorInfo on inactive InputConnection
02-11 22:19:12.319 20340 20340 E ArmVmp : Match on catch block at 0xc3 in for 0x91
02-11 22:19:12.325 20340 20340 E ArmVmp : Match on catch block at 0xc3 in for 0x95
02-11 22:19:12.363 20340 20340 W IInputConnectionWrapper: getTextBeforeCursor on inactive InputConnection
02-11 22:19:12.460 20340 20340 E ArmVmp : Match on catch block at 0xc3 in for 0x99
02-11 22:19:12.465 20340 20340 E ArmVmp : Match on catch block at 0xc3 in for 0x91
02-11 22:19:12.526 20340 20340 W IInputConnectionWrapper: getTextAfterCursor on inactive InputConnection
02-11 22:19:12.574 20340 20340 E ArmVmp : Match on catch block at 0xc3 in for 0x91
02-11 22:19:12.580 20340 20340 E ArmVmp : Match on catch block at 0xc3 in for 0x95
02-11 22:19:12.621 20340 20340 W IInputConnectionWrapper: getSelectedText on inactive InputConnection
02-11 22:19:12.721 20340 20340 E ArmVmp : Match on catch block at 0xc3 in for 0x99
02-11 22:19:12.727 20340 20340 E ArmVmp : Match on catch block at 0xc3 in for 0x91
02-11 22:19:12.848 20340 20340 E ArmVmp : Match on catch block at 0xc3 in for 0x95
02-11 22:19:12.854 20340 20340 E ArmVmp : Match on catch block at 0xc3 in for 0x99
02-11 22:19:12.889 20340 20340 W IInputConnectionWrapper: requestCursorAnchorInfo on inactive InputConnection
02-11 22:19:13.020 20340 20340 E ArmVmp : Match on catch block at 0xc3 in for 0x99
02-11 22:19:13.027 20340 20340 E ArmVmp : Match on catch block at 0xc3 in for 0x91
02-11 22:19:13.070 20340 20340 W IInputConnectionWrapper: performPrivateCommand on inactive InputConnection
02-11 22:19:13.070 20340 20340 W IInputConnectionWrapper: requestCursorAnchorInfo on inactive InputConnection
02-11 22:19:13.163 20340 20340 E ArmVmp : Match on catch block at 0xc3 in for 0x91
02-11 22:19:13.173 20340 20340 E ArmVmp : Match on catch block at 0xc3 in for 0x95
02-11 22:19:13.229 20340 20340 W IInputConnectionWrapper: requestCursorAnchorInfo on inactive InputConnection
02-11 22:19:13.389 20340 20340 E ArmVmp : Match on catch block at 0xc3 in for 0x95
02-11 22:19:13.395 20340 20340 E ArmVmp : Match on catch block at 0xc3 in for 0x99
02-11 22:19:13.458 20340 20340 W IInputConnectionWrapper: getTextBeforeCursor on inactive InputConnection
02-11 22:19:13.514 20340 20340 E ArmVmp : Match on catch block at 0xc3 in for 0x99
02-11 22:19:13.521 20340 20340 E ArmVmp : Match on catch block at 0xc3 in for 0x91
02-11 22:19:13.587 20340 20439 W Adreno-ES20: <core_glFinish:34>: glFinish skipped: 0
02-11 22:19:13.589 20340 20439 W Adreno-ES20: <core_glFinish:34>: glFinish skipped: 0
02-11 22:19:13.606 20340 20340 W IInputConnectionWrapper: getTextAfterCursor on inactive InputConnection
02-11 22:19:13.735 20340 20340 E ArmVmp : Match on catch block at 0xc3 in for 0x95
02-11 22:19:13.741 20340 20340 E ArmVmp : Match on catch block at 0xc3 in for 0x99
02-11 22:19:13.804 20340 20340 W IInputConnectionWrapper: getSelectedText on inactive InputConnection
02-11 22:19:13.941 20340 20340 E ArmVmp : Match on catch block at 0xc3 in for 0x95
02-11 22:19:13.948 20340 20340 E ArmVmp : Match on catch block at 0xc3 in for 0x99
02-11 22:19:14.036 20340 20340 W IInputConnectionWrapper: requestCursorAnchorInfo on inactive InputConnection
02-11 22:19:14.133 20340 20340 E ArmVmp : Match on catch block at 0xc3 in for 0x95
02-11 22:19:14.138 20340 20340 E ArmVmp : Match on catch block at 0xc3 in for 0x99
02-11 22:19:14.197 20340 20340 W IInputConnectionWrapper: performPrivateCommand on inactive InputConnection
02-11 22:19:14.197 20340 20340 W IInputConnectionWrapper: requestCursorAnchorInfo on inactive InputConnection
02-11 22:19:14.269 20340 20340 E ArmVmp : Match on catch block at 0xc3 in for 0x99
02-11 22:19:14.275 20340 20340 E ArmVmp : Match on catch block at 0xc3 in for 0x91
02-11 22:19:14.341 20340 20340 W IInputConnectionWrapper: requestCursorAnchorInfo on inactive InputConnection
02-11 22:19:14.381 20340 20340 E ArmVmp : Match on catch block at 0xc3 in for 0x91
02-11 22:19:14.387 20340 20340 E ArmVmp : Match on catch block at 0xc3 in for 0x95
02-11 22:19:14.430 20340 20340 W IInputConnectionWrapper: getTextBeforeCursor on inactive InputConnection
02-11 22:19:14.498 20340 20340 E ArmVmp : Match on catch block at 0xc3 in for 0x95
02-11 22:19:14.505 20340 20340 E ArmVmp : Match on catch block at 0xc3 in for 0x99
02-11 22:19:14.563 20340 20340 W IInputConnectionWrapper: getTextAfterCursor on inactive InputConnection
02-11 22:19:14.632 20340 20340 E ArmVmp : Match on catch block at 0xc3 in for 0x95
02-11 22:19:14.638 20340 20340 E ArmVmp : Match on catch block at 0xc3 in for 0x99
02-11 22:19:14.690 20340 20340 W IInputConnectionWrapper: getSelectedText on inactive InputConnection
02-11 22:19:14.717 20340 20340 E ArmVmp : Match on catch block at 0xc3 in for 0x99
02-11 22:19:14.722 20340 20340 E ArmVmp : Match on catch block at 0xc3 in for 0x91
02-11 22:19:14.780 20340 20340 W IInputConnectionWrapper: requestCursorAnchorInfo on inactive InputConnection
02-11 22:19:14.838 20340 20340 E ArmVmp : Match on catch block at 0xc3 in for 0x91
02-11 22:19:14.843 20340 20340 E ArmVmp : Match on catch block at 0xc3 in for 0x95
02-11 22:19:14.895 20340 20340 W IInputConnectionWrapper: performPrivateCommand on inactive InputConnection
02-11 22:19:14.895 20340 20340 W IInputConnectionWrapper: requestCursorAnchorInfo on inactive InputConnection
02-11 22:19:14.963 20340 20340 E ArmVmp : Match on catch block at 0xc3 in for 0x95
02-11 22:19:14.968 20340 20340 E ArmVmp : Match on catch block at 0xc3 in for 0x99
02-11 22:19:15.020 20340 20340 W IInputConnectionWrapper: requestCursorAnchorInfo on inactive InputConnection
02-11 22:19:15.043 20340 20340 E ArmVmp : Match on catch block at 0xc3 in for 0x91
02-11 22:19:15.049 20340 20340 E ArmVmp : Match on catch block at 0xc3 in for 0x95
02-11 22:19:15.104 20340 20340 W IInputConnectionWrapper: getTextBeforeCursor on inactive InputConnection
02-11 22:19:15.163 20340 20340 E ArmVmp : Match on catch block at 0xc3 in for 0x99
02-11 22:19:15.168 20340 20340 E ArmVmp : Match on catch block at 0xc3 in for 0x91
02-11 22:19:15.231 20340 20340 W IInputConnectionWrapper: getTextAfterCursor on inactive InputConnection
02-11 22:19:15.298 20340 20340 E ArmVmp : Match on catch block at 0xc3 in for 0x99
02-11 22:19:15.303 20340 20340 E ArmVmp : Match on catch block at 0xc3 in for 0x91
02-11 22:19:15.364 20340 20340 W IInputConnectionWrapper: getSelectedText on inactive InputConnection
02-11 22:19:15.440 20340 20340 E ArmVmp : Match on catch block at 0xc3 in for 0x99
02-11 22:19:15.446 20340 20340 E ArmVmp : Match on catch block at 0xc3 in for 0x91
02-11 22:19:15.528 20340 20340 E ArmVmp : Match on catch block at 0xc3 in for 0x91
02-11 22:19:15.533 20340 20340 E ArmVmp : Match on catch block at 0xc3 in for 0x95
02-11 22:19:15.573 20340 20340 W IInputConnectionWrapper: requestCursorAnchorInfo on inactive InputConnection
02-11 22:19:15.669 20340 20340 E ArmVmp : Match on catch block at 0xc3 in for 0x99
02-11 22:19:15.674 20340 20340 E ArmVmp : Match on catch block at 0xc3 in for 0x91
02-11 22:19:15.707 20340 20340 W IInputConnectionWrapper: performPrivateCommand on inactive InputConnection
02-11 22:19:15.707 20340 20340 W IInputConnectionWrapper: requestCursorAnchorInfo on inactive InputConnection
02-11 22:19:15.803 20340 20340 E ArmVmp : Match on catch block at 0xc3 in for 0x95
02-11 22:19:15.809 20340 20340 E ArmVmp : Match on catch block at 0xc3 in for 0x99
02-11 22:19:15.866 20340 20340 W IInputConnectionWrapper: requestCursorAnchorInfo on inactive InputConnection
02-11 22:19:15.957 20340 20340 E ArmVmp : Match on catch block at 0xc3 in for 0x91
02-11 22:19:15.962 20340 20340 E ArmVmp : Match on catch block at 0xc3 in for 0x95
02-11 22:19:16.017 20340 20340 W IInputConnectionWrapper: getTextBeforeCursor on inactive InputConnection
02-11 22:19:16.063 20340 20340 E ArmVmp : Match on catch block at 0xc3 in for 0x99
02-11 22:19:16.069 20340 20340 E ArmVmp : Match on catch block at 0xc3 in for 0x91
02-11 22:19:16.109 20340 20340 W IInputConnectionWrapper: getTextAfterCursor on inactive InputConnection
02-11 22:19:16.195 20340 20340 E ArmVmp : Match on catch block at 0xc3 in for 0x95
02-11 22:19:16.201 20340 20340 E ArmVmp : Match on catch block at 0xc3 in for 0x99
02-11 22:19:16.262 20340 20340 W IInputConnectionWrapper: getSelectedText on inactive InputConnection
02-11 22:19:16.354 20340 20340 E ArmVmp : Match on catch block at 0xc3 in for 0x91
02-11 22:19:16.359 20340 20340 E ArmVmp : Match on catch block at 0xc3 in for 0x95
02-11 22:19:16.482 20340 20340 E ArmVmp : Match on catch block at 0xc3 in for 0x99
02-11 22:19:16.487 20340 20340 E ArmVmp : Match on catch block at 0xc3 in for 0x91
02-11 22:19:16.500 20340 20340 W IInputConnectionWrapper: requestCursorAnchorInfo on inactive InputConnection
02-11 22:19:16.646 20340 20340 E ArmVmp : Match on catch block at 0xc3 in for 0x91
02-11 22:19:16.652 20340 20340 E ArmVmp : Match on catch block at 0xc3 in for 0x95
02-11 22:19:16.669 20340 20340 W IInputConnectionWrapper: performPrivateCommand on inactive InputConnection
02-11 22:19:16.670 20340 20340 W IInputConnectionWrapper: requestCursorAnchorInfo on inactive InputConnection
02-11 22:19:16.771 20340 20340 E ArmVmp : Match on catch block at 0xc3 in for 0x91
02-11 22:19:16.779 20340 20340 E ArmVmp : Match on catch block at 0xc3 in for 0x95
02-11 22:19:16.829 20340 20340 W IInputConnectionWrapper: requestCursorAnchorInfo on inactive InputConnection
02-11 22:19:16.902 20340 20439 W Adreno-ES20: <core_glFinish:34>: glFinish skipped: 0
02-11 22:19:16.941 20340 20340 E ArmVmp : Match on catch block at 0xc3 in for 0x99
02-11 22:19:16.946 20340 20340 E ArmVmp : Match on catch block at 0xc3 in for 0x91
02-11 22:19:16.987 20340 20340 W IInputConnectionWrapper: getTextBeforeCursor on inactive InputConnection
02-11 22:19:17.086 20340 20340 E ArmVmp : Match on catch block at 0xc3 in for 0x99
02-11 22:19:17.090 20340 20340 E ArmVmp : Match on catch block at 0xc3 in for 0x91
02-11 22:19:17.144 20340 20340 W IInputConnectionWrapper: getTextAfterCursor on inactive InputConnection
02-11 22:19:17.249 20340 20340 E ArmVmp : Match on catch block at 0xc3 in for 0x95
02-11 22:19:17.255 20340 20340 E ArmVmp : Match on catch block at 0xc3 in for 0x99
02-11 22:19:17.286 20340 20340 W IInputConnectionWrapper: getSelectedText on inactive InputConnection
02-11 22:19:17.383 20340 20340 E ArmVmp : Match on catch block at 0xc3 in for 0x99
02-11 22:19:17.389 20340 20340 E ArmVmp : Match on catch block at 0xc3 in for 0x91
02-11 22:19:17.417 20340 20340 W IInputConnectionWrapper: requestCursorAnchorInfo on inactive InputConnection
02-11 22:19:17.528 20340 20340 E ArmVmp : Match on catch block at 0xc3 in for 0x99
02-11 22:19:17.534 20340 20340 E ArmVmp : Match on catch block at 0xc3 in for 0x91
02-11 22:19:17.557 20340 20340 W IInputConnectionWrapper: performPrivateCommand on inactive InputConnection
02-11 22:19:17.557 20340 20340 W IInputConnectionWrapper: requestCursorAnchorInfo on inactive InputConnection
02-11 22:19:17.671 20340 20340 E ArmVmp : Match on catch block at 0xc3 in for 0x99
02-11 22:19:17.676 20340 20340 E ArmVmp : Match on catch block at 0xc3 in for 0x91
02-11 22:19:17.701 20340 20340 W IInputConnectionWrapper: requestCursorAnchorInfo on inactive InputConnection
02-11 22:19:17.797 20340 20340 E ArmVmp : Match on catch block at 0xc3 in for 0x95
02-11 22:19:17.802 20340 20340 E ArmVmp : Match on catch block at 0xc3 in for 0x99
02-11 22:19:17.830 20340 20340 W IInputConnectionWrapper: getTextBeforeCursor on inactive InputConnection
02-11 22:19:17.892 20340 20340 E ArmVmp : Match on catch block at 0xc3 in for 0x91
02-11 22:19:17.897 20340 20340 E ArmVmp : Match on catch block at 0xc3 in for 0x95
02-11 22:19:17.931 20340 20340 W IInputConnectionWrapper: getTextAfterCursor on inactive InputConnection
02-11 22:19:17.971 20340 20340 E ArmVmp : Match on catch block at 0xc3 in for 0x99
02-11 22:19:17.977 20340 20340 E ArmVmp : Match on catch block at 0xc3 in for 0x91
02-11 22:19:17.990 20340 20340 W IInputConnectionWrapper: getSelectedText on inactive InputConnection
02-11 22:19:18.040 20340 20340 E ArmVmp : Match on catch block at 0xc3 in for 0x91
02-11 22:19:18.046 20340 20340 E ArmVmp : Match on catch block at 0xc3 in for 0x95
02-11 22:19:18.083 20340 20340 E ArmVmp : Match on catch block at 0xc3 in for 0x99
02-11 22:19:18.088 20340 20340 E ArmVmp : Match on catch block at 0xc3 in for 0x91
02-11 22:19:18.094 20340 20340 W IInputConnectionWrapper: requestCursorAnchorInfo on inactive InputConnection
02-11 22:19:18.125 20340 20340 E ArmVmp : Match on catch block at 0xc3 in for 0x95
02-11 22:19:18.130 20340 20340 E ArmVmp : Match on catch block at 0xc3 in for 0x99
02-11 22:19:18.136 20340 20340 W IInputConnectionWrapper: performPrivateCommand on inactive InputConnection
02-11 22:19:18.136 20340 20340 W IInputConnectionWrapper: requestCursorAnchorInfo on inactive InputConnection
02-11 22:19:18.167 20340 20340 E ArmVmp : Match on catch block at 0xc3 in for 0x91
02-11 22:19:18.173 20340 20340 E ArmVmp : Match on catch block at 0xc3 in for 0x95
02-11 22:19:18.210 20340 20340 E ArmVmp : Match on catch block at 0xc3 in for 0x99
02-11 22:19:18.216 20340 20340 E ArmVmp : Match on catch block at 0xc3 in for 0x91
02-11 22:19:18.253 20340 20340 E ArmVmp : Match on catch block at 0xc3 in for 0x95
02-11 22:19:18.259 20340 20340 E ArmVmp : Match on catch block at 0xc3 in for 0x99
02-11 22:19:18.301 20340 20340 E ArmVmp : Match on catch block at 0xc3 in for 0x91
02-11 22:19:18.306 20340 20340 E ArmVmp : Match on catch block at 0xc3 in for 0x95
02-11 22:19:18.344 20340 20340 E ArmVmp : Match on catch block at 0xc3 in for 0x99
02-11 22:19:18.350 20340 20340 E ArmVmp : Match on catch block at 0xc3 in for 0x91
02-11 22:19:18.393 20340 20340 E ArmVmp : Match on catch block at 0xc3 in for 0x95
02-11 22:19:18.399 20340 20340 E ArmVmp : Match on catch block at 0xc3 in for 0x99
02-11 22:19:18.437 20340 20340 E ArmVmp : Match on catch block at 0xc3 in for 0x91
