02-11 22:19:37.056 20340 20340 W IInputConnectionWrapper: requestCursorAnchorInfo on inactive InputConnection
02-11 22:19:37.069 20340 20340 W IInputConnectionWrapper: performPrivateCommand on inactive InputConnection
02-11 22:19:37.069 20340 20340 W IInputConnectionWrapper: requestCursorAnchorInfo on inactive InputConnection
02-11 22:19:37.089 20340 20340 W IInputConnectionWrapper: requestCursorAnchorInfo on inactive InputConnection
02-11 22:19:37.102 20340 20340 W IInputConnectionWrapper: getTextBeforeCursor on inactive InputConnection
02-11 22:19:37.103 20340 20340 W IInputConnectionWrapper: getTextAfterCursor on inactive InputConnection
02-11 22:19:37.104 20340 20340 W IInputConnectionWrapper: getSelectedText on inactive InputConnection
02-11 22:19:37.144 20340 20340 W IInputConnectionWrapper: requestCursorAnchorInfo on inactive InputConnection
02-11 22:19:37.146 20340 20340 W IInputConnectionWrapper: performPrivateCommand on inactive InputConnection
02-11 22:19:37.147 20340 20340 W IInputConnectionWrapper: requestCursorAnchorInfo on inactive InputConnection
02-11 22:19:37.171 20340 20340 W IInputConnectionWrapper: requestCursorAnchorInfo on inactive InputConnection
02-11 22:19:37.181 20340 20340 W IInputConnectionWrapper: getTextBeforeCursor on inactive InputConnection
02-11 22:19:37.184 20340 20340 W IInputConnectionWrapper: getTextAfterCursor on inactive InputConnection
02-11 22:19:37.185 20340 20340 W IInputConnectionWrapper: getSelectedText on inactive InputConnection
02-11 22:19:37.247 20340 20340 W IInputConnectionWrapper: requestCursorAnchorInfo on inactive InputConnection
02-11 22:19:37.250 20340 20340 W IInputConnectionWrapper: performPrivateCommand on inactive InputConnection
02-11 22:19:37.251 20340 20340 W IInputConnectionWrapper: requestCursorAnchorInfo on inactive InputConnection
02-11 22:19:37.270 20340 20340 W IInputConnectionWrapper: requestCursorAnchorInfo on inactive InputConnection
02-11 22:19:37.283 20340 20340 W IInputConnectionWrapper: getTextBeforeCursor on inactive InputConnection
02-11 22:19:37.285 20340 20340 W IInputConnectionWrapper: getTextAfterCursor on inactive InputConnection
02-11 22:19:37.286 20340 20340 W IInputConnectionWrapper: getSelectedText on inactive InputConnection
02-11 22:19:37.336 20340 20340 W IInputConnectionWrapper: requestCursorAnchorInfo on inactive InputConnection
02-11 22:19:37.341 20340 20340 W IInputConnectionWrapper: performPrivateCommand on inactive InputConnection
02-11 22:19:37.341 20340 20340 W IInputConnectionWrapper: requestCursorAnchorInfo on inactive InputConnection
02-11 22:19:37.377 20340 20340 W IInputConnectionWrapper: requestCursorAnchorInfo on inactive InputConnection
02-11 22:19:37.387 20340 20340 W IInputConnectionWrapper: getTextBeforeCursor on inactive InputConnection
02-11 22:19:37.389 20340 20340 W IInputConnectionWrapper: getTextAfterCursor on inactive InputConnection
02-11 22:19:37.403 20340 20340 W IInputConnectionWrapper: getSelectedText on inactive InputConnection
02-11 22:19:37.475 20340 20340 W IInputConnectionWrapper: requestCursorAnchorInfo on inactive InputConnection
02-11 22:19:37.477 20340 20340 W IInputConnectionWrapper: performPrivateCommand on inactive InputConnection
02-11 22:19:37.477 20340 20340 W IInputConnectionWrapper: requestCursorAnchorInfo on inactive InputConnection
02-11 22:19:37.504 20340 20340 W IInputConnectionWrapper: requestCursorAnchorInfo on inactive InputConnection
02-11 22:19:37.514 20340 20340 W IInputConnectionWrapper: getTextBeforeCursor on inactive InputConnection
02-11 22:19:37.521 20340 20340 W IInputConnectionWrapper: getTextAfterCursor on inactive InputConnection
02-11 22:19:37.595 20340 20340 E ArmVmp : Match on catch block at 0xc3 in for 0x99
02-11 22:19:37.601 20340 20340 E ArmVmp : Match on catch block at 0xc3 in for 0x91
02-11 22:19:37.622 20340 20340 W IInputConnectionWrapper: getSelectedText on inactive InputConnection
02-11 22:19:37.697 20340 20340 E ArmVmp : Match on catch block at 0xc3 in for 0x95
02-11 22:19:37.702 20340 20340 E ArmVmp : Match on catch block at 0xc3 in for 0x99
02-11 22:19:37.756 20340 20340 E ArmVmp : Match on catch block at 0xc3 in for 0x95
02-11 22:19:37.763 20340 20340 E ArmVmp : Match on catch block at 0xc3 in for 0x99
02-11 22:19:37.787 20340 20340 W IInputConnectionWrapper: requestCursorAnchorInfo on inactive InputConnection
02-11 22:19:37.879 20340 20340 E ArmVmp : Match on catch block at 0xc3 in for 0x91
02-11 22:19:37.885 20340 20340 E ArmVmp : Match on catch block at 0xc3 in for 0x95
02-11 22:19:37.915 20340 20340 W IInputConnectionWrapper: performPrivateCommand on inactive InputConnection
02-11 22:19:37.915 20340 20340 W IInputConnectionWrapper: requestCursorAnchorInfo on inactive InputConnection
02-11 22:19:37.990 20340 20340 E ArmVmp : Match on catch block at 0xc3 in for 0x99
02-11 22:19:37.995 20340 20340 E ArmVmp : Match on catch block at 0xc3 in for 0x91
02-11 22:19:38.024 20340 20340 W IInputConnectionWrapper: sendKeyEvent on inactive InputConnection
02-11 22:19:38.024 20340 20340 W IInputConnectionWrapper: sendKeyEvent on inactive InputConnection
02-11 22:19:38.026 20340 20340 W IInputConnectionWrapper: sendKeyEvent on inactive InputConnection
02-11 22:19:38.027 20340 20340 W IInputConnectionWrapper: sendKeyEvent on inactive InputConnection
02-11 22:19:38.027 20340 20340 W IInputConnectionWrapper: requestCursorAnchorInfo on inactive InputConnection
02-11 22:19:38.066 20340 20340 E ArmVmp : Match on catch block at 0xc3 in for 0x91
02-11 22:19:38.072 20340 20340 E ArmVmp : Match on catch block at 0xc3 in for 0x95
02-11 22:19:38.175 20340 20340 E ArmVmp : Match on catch block at 0xc3 in for 0x99
02-11 22:19:38.180 20340 20340 E ArmVmp : Match on catch block at 0xc3 in for 0x91
02-11 22:19:38.201 20340 20340 W IInputConnectionWrapper: getTextBeforeCursor on inactive InputConnection
02-11 22:19:38.251 20340 20340 E ArmVmp : Match on catch block at 0xc3 in for 0x95
02-11 22:19:38.256 20340 20340 E ArmVmp : Match on catch block at 0xc3 in for 0x99
02-11 22:19:38.287 20340 20340 W IInputConnectionWrapper: getTextAfterCursor on inactive InputConnection
02-11 22:19:38.367 20340 20340 E ArmVmp : Match on catch block at 0xc3 in for 0x95
02-11 22:19:38.372 20340 20340 E ArmVmp : Match on catch block at 0xc3 in for 0x99
02-11 22:19:38.398 20340 20340 W IInputConnectionWrapper: getSelectedText on inactive InputConnection
02-11 22:19:38.505 20340 20340 E ArmVmp : Match on catch block at 0xc3 in for 0x91
02-11 22:19:38.510 20340 20340 E ArmVmp : Match on catch block at 0xc3 in for 0x95
02-11 22:19:38.555 20340 20340 W IInputConnectionWrapper: requestCursorAnchorInfo on inactive InputConnection
02-11 22:19:38.625 20340 20340 E ArmVmp : Match on catch block at 0xc3 in for 0x95
02-11 22:19:38.630 20340 20340 E ArmVmp : Match on catch block at 0xc3 in for 0x99
02-11 22:19:38.667 20340 20340 W IInputConnectionWrapper: performPrivateCommand on inactive InputConnection
02-11 22:19:38.667 20340 20340 W IInputConnectionWrapper: requestCursorAnchorInfo on inactive InputConnection
02-11 22:19:38.708 20340 20340 E ArmVmp : Match on catch block at 0xc3 in for 0x99
02-11 22:19:38.713 20340 20340 E ArmVmp : Match on catch block at 0xc3 in for 0x91
02-11 22:19:38.814 20340 20340 E ArmVmp : Match on catch block at 0xc3 in for 0x99
02-11 22:19:38.821 20340 20340 E ArmVmp : Match on catch block at 0xc3 in for 0x91
02-11 22:19:38.846 20340 20340 W IInputConnectionWrapper: sendKeyEvent on inactive InputConnection
02-11 22:19:38.846 20340 20340 W IInputConnectionWrapper: sendKeyEvent on inactive InputConnection
02-11 22:19:38.846 20340 20340 W IInputConnectionWrapper: requestCursorAnchorInfo on inactive InputConnection
02-11 22:19:38.936 20340 20340 E ArmVmp : Match on catch block at 0xc3 in for 0x95
02-11 22:19:38.942 20340 20340 E ArmVmp : Match on catch block at 0xc3 in for 0x99
02-11 22:19:38.969 20340 20340 W IInputConnectionWrapper: getTextBeforeCursor on inactive InputConnection
02-11 22:19:39.024 20340 20340 E ArmVmp : Match on catch block at 0xc3 in for 0x99
02-11 22:19:39.029 20340 20340 E ArmVmp : Match on catch block at 0xc3 in for 0x91
02-11 22:19:39.074 20340 20340 W IInputConnectionWrapper: getTextAfterCursor on inactive InputConnection
02-11 22:19:39.162 20340 20340 E ArmVmp : Match on catch block at 0xc3 in for 0x99
02-11 22:19:39.167 20340 20340 E ArmVmp : Match on catch block at 0xc3 in for 0x91
02-11 22:19:39.202 20340 20439 W Adreno-ES20: <core_glFinish:34>: glFinish skipped: 0
02-11 22:19:39.203 20340 20439 W Adreno-ES20: <core_glFinish:34>: glFinish skipped: 0
02-11 22:19:39.215 20340 20439 W Adreno-ES20: <core_glFinish:34>: glFinish skipped: 0
02-11 22:19:39.217 20340 20439 W Adreno-ES20: <core_glFinish:34>: glFinish skipped: 0
02-11 22:19:39.245 20340 20340 W IInputConnectionWrapper: getSelectedText on inactive InputConnection
02-11 22:19:39.342 20340 20340 E ArmVmp : Match on catch block at 0xc3 in for 0x99
02-11 22:19:39.348 20340 20340 E ArmVmp : Match on catch block at 0xc3 in for 0x91
02-11 22:19:39.441 20340 20340 E ArmVmp : Match on catch block at 0xc3 in for 0x91
02-11 22:19:39.448 20340 20340 E ArmVmp : Match on catch block at 0xc3 in for 0x95
02-11 22:19:39.465 20340 20340 W IInputConnectionWrapper: requestCursorAnchorInfo on inactive InputConnection
02-11 22:19:39.540 20340 20340 E ArmVmp : Match on catch block at 0xc3 in for 0x95
02-11 22:19:39.547 20340 20340 E ArmVmp : Match on catch block at 0xc3 in for 0x99
02-11 22:19:39.577 20340 20340 W IInputConnectionWrapper: performPrivateCommand on inactive InputConnection
02-11 22:19:39.577 20340 20340 W IInputConnectionWrapper: requestCursorAnchorInfo on inactive InputConnection
02-11 22:19:39.646 20340 20340 E ArmVmp : Match on catch block at 0xc3 in for 0x91
02-11 22:19:39.651 20340 20340 E ArmVmp : Match on catch block at 0xc3 in for 0x95
02-11 22:19:39.697 20340 20340 W IInputConnectionWrapper: requestCursorAnchorInfo on inactive InputConnection
02-11 22:19:39.729 20340 20340 E ArmVmp : Match on catch block at 0xc3 in for 0x95
02-11 22:19:39.734 20340 20340 E ArmVmp : Match on catch block at 0xc3 in for 0x99
02-11 22:19:39.770 20340 20340 W IInputConnectionWrapper: getTextBeforeCursor on inactive InputConnection
02-11 22:19:39.839 20340 20340 E ArmVmp : Match on catch block at 0xc3 in for 0x95
02-11 22:19:39.844 20340 20340 E ArmVmp : Match on catch block at 0xc3 in for 0x99
02-11 22:19:39.897 20340 20340 W IInputConnectionWrapper: getTextAfterCursor on inactive InputConnection
02-11 22:19:39.957 20340 20340 E ArmVmp : Match on catch block at 0xc3 in for 0x95
02-11 22:19:39.963 20340 20340 E ArmVmp : Match on catch block at 0xc3 in for 0x99
02-11 22:19:40.002 20340 20340 W IInputConnectionWrapper: getSelectedText on inactive InputConnection
02-11 22:19:40.073 20340 20340 E ArmVmp : Match on catch block at 0xc3 in for 0x91
02-11 22:19:40.080 20340 20340 E ArmVmp : Match on catch block at 0xc3 in for 0x95
02-11 22:19:40.126 20340 20340 E ArmVmp : Match on catch block at 0xc3 in for 0x99
02-11 22:19:40.132 20340 20340 E ArmVmp : Match on catch block at 0xc3 in for 0x91
02-11 22:19:40.139 20340 20340 W IInputConnectionWrapper: requestCursorAnchorInfo on inactive InputConnection
02-11 22:19:40.203 20340 20340 E ArmVmp : Match on catch block at 0xc3 in for 0x99
02-11 22:19:40.209 20340 20340 E ArmVmp : Match on catch block at 0xc3 in for 0x91
02-11 22:19:40.218 20340 20340 W IInputConnectionWrapper: performPrivateCommand on inactive InputConnection
02-11 22:19:40.218 20340 20340 W IInputConnectionWrapper: requestCursorAnchorInfo on inactive InputConnection
02-11 22:19:40.287 20340 20340 E ArmVmp : Match on catch block at 0xc3 in for 0x95
02-11 22:19:40.292 20340 20340 E ArmVmp : Match on catch block at 0xc3 in for 0x99
02-11 22:19:40.388 20340 20340 E ArmVmp : Match on catch block at 0xc3 in for 0x99
02-11 22:19:40.394 20340 20340 E ArmVmp : Match on catch block at 0xc3 in for 0x91
02-11 22:19:40.404 20340 20340 W IInputConnectionWrapper: requestCursorAnchorInfo on inactive InputConnection
02-11 22:19:40.457 20340 20340 E ArmVmp : Match on catch block at 0xc3 in for 0x99
02-11 22:19:40.464 20340 20340 E ArmVmp : Match on catch block at 0xc3 in for 0x91
02-11 22:19:40.479 20340 20340 W IInputConnectionWrapper: getTextBeforeCursor on inactive InputConnection
02-11 22:19:40.587 20340 20340 E ArmVmp : Match on catch block at 0xc3 in for 0x95
02-11 22:19:40.593 20340 20340 E ArmVmp : Match on catch block at 0xc3 in for 0x99
02-11 22:19:40.634 20340 20340 W IInputConnectionWrapper: getTextAfterCursor on inactive InputConnection
02-11 22:19:40.713 20340 20340 E ArmVmp : Match on catch block at 0xc3 in for 0x91
02-11 22:19:40.723 20340 20340 E ArmVmp : Match on catch block at 0xc3 in for 0x95
02-11 22:19:40.750 20340 20439 W Adreno-ES20: <core_glFinish:34>: glFinish skipped: 0
02-11 22:19:40.751 20340 20439 W Adreno-ES20: <core_glFinish:34>: glFinish skipped: 0
02-11 22:19:40.802 20340 20340 W IInputConnectionWrapper: getSelectedText on inactive InputConnection
02-11 22:19:40.828 20340 20340 E ArmVmp : Match on catch block at 0xc3 in for 0x91
02-11 22:19:40.843 20340 20340 E ArmVmp : Match on catch block at 0xc3 in for 0x95
02-11 22:19:40.879 20340 20439 W Adreno-EGL: <qeglDrvAPI_eglGetConfigAttrib:612>: EGL_BAD_ATTRIBUTE
02-11 22:19:41.025 20340 20340 E ArmVmp : Match on catch block at 0xc3 in for 0x99
02-11 22:19:41.031 20340 20340 E ArmVmp : Match on catch block at 0xc3 in for 0x91
02-11 22:19:41.061 20340 20340 W IInputConnectionWrapper: requestCursorAnchorInfo on inactive InputConnection
02-11 22:19:41.205 20340 20340 E ArmVmp : Match on catch block at 0xc3 in for 0x95
02-11 22:19:41.211 20340 20340 E ArmVmp : Match on catch block at 0xc3 in for 0x99
02-11 22:19:41.256 20340 20340 W IInputConnectionWrapper: performPrivateCommand on inactive InputConnection
02-11 22:19:41.256 20340 20340 W IInputConnectionWrapper: requestCursorAnchorInfo on inactive InputConnection
02-11 22:19:41.304 20340 20340 E ArmVmp : Match on catch block at 0xc3 in for 0x95
02-11 22:19:41.310 20340 20340 E ArmVmp : Match on catch block at 0xc3 in for 0x99
02-11 22:19:41.348 20340 20340 W IInputConnectionWrapper: requestCursorAnchorInfo on inactive InputConnection
02-11 22:19:41.421 20340 20340 E ArmVmp : Match on catch block at 0xc3 in for 0x95
02-11 22:19:41.426 20340 20340 E ArmVmp : Match on catch block at 0xc3 in for 0x99
02-11 22:19:41.459 20340 20340 W IInputConnectionWrapper: getTextBeforeCursor on inactive InputConnection
02-11 22:19:41.552 20340 20340 E ArmVmp : Match on catch block at 0xc3 in for 0x95
02-11 22:19:41.558 20340 20340 E ArmVmp : Match on catch block at 0xc3 in for 0x99
02-11 22:19:41.647 20340 20340 W IInputConnectionWrapper: getTextAfterCursor on inactive InputConnection
02-11 22:19:41.727 20340 20340 E ArmVmp : Match on catch block at 0xc3 in for 0x95
02-11 22:19:41.750 20340 20340 E ArmVmp : Match on catch block at 0xc3 in for 0x99
02-11 22:19:41.827 20340 20340 W IInputConnectionWrapper: getSelectedText on inactive InputConnection
02-11 22:19:41.873 20340 20340 E ArmVmp : Match on catch block at 0xc3 in for 0x99
02-11 22:19:41.879 20340 20340 E ArmVmp : Match on catch block at 0xc3 in for 0x91
02-11 22:19:41.936 20340 20340 W IInputConnectionWrapper: requestCursorAnchorInfo on inactive InputConnection
02-11 22:19:42.014 20340 20340 E ArmVmp : Match on catch block at 0xc3 in for 0x95
02-11 22:19:42.019 20340 20340 E ArmVmp : Match on catch block at 0xc3 in for 0x99
02-11 22:19:42.073 20340 20340 W IInputConnectionWrapper: performPrivateCommand on inactive InputConnection
02-11 22:19:42.073 20340 20340 W IInputConnectionWrapper: requestCursorAnchorInfo on inactive InputConnection
02-11 22:19:42.109 20340 20340 E ArmVmp : Match on catch block at 0xc3 in for 0x99
02-11 22:19:42.116 20340 20340 E ArmVmp : Match on catch block at 0xc3 in for 0x91
02-11 22:19:42.188 20340 20340 W IInputConnectionWrapper: requestCursorAnchorInfo on inactive InputConnection
02-11 22:19:42.257 20340 20340 E ArmVmp : Match on catch block at 0xc3 in for 0x91
02-11 22:19:42.263 20340 20340 E ArmVmp : Match on catch block at 0xc3 in for 0x95
02-11 22:19:42.307 20340 20340 W IInputConnectionWrapper: getTextBeforeCursor on inactive InputConnection
02-11 22:19:42.377 20340 20340 E ArmVmp : Match on catch block at 0xc3 in for 0x99
02-11 22:19:42.383 20340 20340 E ArmVmp : Match on catch block at 0xc3 in for 0x91
02-11 22:19:42.434 20340 20340 W IInputConnectionWrapper: getTextAfterCursor on inactive InputConnection
02-11 22:19:42.454 20340 20439 W Adreno-EGL: <qeglDrvAPI_eglGetConfigAttrib:612>: EGL_BAD_ATTRIBUTE
02-11 22:19:42.492 20340 20340 E ArmVmp : Match on catch block at 0xc3 in for 0x99
02-11 22:19:42.498 20340 20340 E ArmVmp : Match on catch block at 0xc3 in for 0x91
02-11 22:19:42.538 20340 20340 W IInputConnectionWrapper: getSelectedText on inactive InputConnection
02-11 22:19:42.629 20340 20340 E ArmVmp : Match on catch block at 0xc3 in for 0x99
02-11 22:19:42.635 20340 20340 E ArmVmp : Match on catch block at 0xc3 in for 0x91
02-11 22:19:42.754 20340 20340 E ArmVmp : Match on catch block at 0xc3 in for 0x95
02-11 22:19:42.759 20340 20340 E ArmVmp : Match on catch block at 0xc3 in for 0x99
02-11 22:19:42.780 20340 20340 W IInputConnectionWrapper: requestCursorAnchorInfo on inactive InputConnection
02-11 22:19:42.894 20340 20340 E ArmVmp : Match on catch block at 0xc3 in for 0x99
02-11 22:19:42.899 20340 20340 E ArmVmp : Match on catch block at 0xc3 in for 0x91
02-11 22:19:42.921 20340 20340 W IInputConnectionWrapper: performPrivateCommand on inactive InputConnection
02-11 22:19:42.922 20340 20340 W IInputConnectionWrapper: requestCursorAnchorInfo on inactive InputConnection
02-11 22:19:42.987 20340 20340 E ArmVmp : Match on catch block at 0xc3 in for 0x99
02-11 22:19:42.992 20340 20340 E ArmVmp : Match on catch block at 0xc3 in for 0x91
02-11 22:19:43.014 20340 20340 W IInputConnectionWrapper: requestCursorAnchorInfo on inactive InputConnection
02-11 22:19:43.100 20340 20340 E ArmVmp : Match on catch block at 0xc3 in for 0x95
02-11 22:19:43.105 20340 20340 E ArmVmp : Match on catch block at 0xc3 in for 0x99
02-11 22:19:43.136 20340 20340 W IInputConnectionWrapper: getTextBeforeCursor on inactive InputConnection
02-11 22:19:43.216 20340 20340 E ArmVmp : Match on catch block at 0xc3 in for 0x91
02-11 22:19:43.221 20340 20340 E ArmVmp : Match on catch block at 0xc3 in for 0x95
02-11 22:19:43.288 20340 20340 W IInputConnectionWrapper: getTextAfterCursor on inactive InputConnection
02-11 22:19:43.324 20340 20340 E ArmVmp : Match on catch block at 0xc3 in for 0x95
02-11 22:19:43.330 20340 20340 E ArmVmp : Match on catch block at 0xc3 in for 0x99
02-11 22:19:43.389 20340 20340 W IInputConnectionWrapper: getSelectedText on inactive InputConnection
02-11 22:19:43.472 20340 20340 E ArmVmp : Match on catch block at 0xc3 in for 0x91
02-11 22:19:43.476 20340 20340 E ArmVmp : Match on catch block at 0xc3 in for 0x95
02-11 22:19:43.612 20340 20340 E ArmVmp : Match on catch block at 0xc3 in for 0x99
02-11 22:19:43.616 20340 20340 E ArmVmp : Match on catch block at 0xc3 in for 0x91
02-11 22:19:43.641 20340 20340 W IInputConnectionWrapper: requestCursorAnchorInfo on inactive InputConnection
02-11 22:19:43.710 20340 20340 E ArmVmp : Match on catch block at 0xc3 in for 0x91
02-11 22:19:43.715 20340 20340 E ArmVmp : Match on catch block at 0xc3 in for 0x95
02-11 22:19:43.741 20340 20340 W IInputConnectionWrapper: performPrivateCommand on inactive InputConnection
02-11 22:19:43.741 20340 20340 W IInputConnectionWrapper: requestCursorAnchorInfo on inactive InputConnection
02-11 22:19:43.842 20340 20340 E ArmVmp : Match on catch block at 0xc3 in for 0x95
02-11 22:19:43.848 20340 20340 E ArmVmp : Match on catch block at 0xc3 in for 0x99
02-11 22:19:43.877 20340 20340 W IInputConnectionWrapper: requestCursorAnchorInfo on inactive InputConnection
02-11 22:19:43.987 20340 20340 E ArmVmp : Match on catch block at 0xc3 in for 0x99
02-11 22:19:43.993 20340 20340 E ArmVmp : Match on catch block at 0xc3 in for 0x91
02-11 22:19:44.032 20340 20340 W IInputConnectionWrapper: getTextBeforeCursor on inactive InputConnection
02-11 22:19:44.131 20340 20340 E ArmVmp : Match on catch block at 0xc3 in for 0x95
02-11 22:19:44.137 20340 20340 E ArmVmp : Match on catch block at 0xc3 in for 0x99
02-11 22:19:44.180 20340 20340 W IInputConnectionWrapper: getTextAfterCursor on inactive InputConnection
02-11 22:19:44.252 20340 20340 E ArmVmp : Match on catch block at 0xc3 in for 0x91
02-11 22:19:44.258 20340 20340 E ArmVmp : Match on catch block at 0xc3 in for 0x95
02-11 22:19:44.295 20340 20340 W IInputConnectionWrapper: getSelectedText on inactive InputConnection
02-11 22:19:44.302 20340 20414 W MediaPlayer: Use of stream types is deprecated for operations other than volume control
02-11 22:19:44.302 20340 20414 W MediaPlayer: See the documentation of setAudioStreamType() for what to use instead with android.media.AudioAttributes to qualify your playback use case
02-11 22:19:44.346 20340 20340 E ArmVmp : Match on catch block at 0xc3 in for 0x95
02-11 22:19:44.353 20340 20340 E ArmVmp : Match on catch block at 0xc3 in for 0x99
02-11 22:19:44.399 20340 20414 W MediaPlayer: Use of stream types is deprecated for operations other than volume control
02-11 22:19:44.400 20340 20414 W MediaPlayer: See the documentation of setAudioStreamType() for what to use instead with android.media.AudioAttributes to qualify your playback use case
02-11 22:19:44.440 20340 20340 E ArmVmp : Match on catch block at 0xc3 in for 0x95
02-11 22:19:44.447 20340 20340 E ArmVmp : Match on catch block at 0xc3 in for 0x99
02-11 22:19:44.482 20340 20340 W IInputConnectionWrapper: requestCursorAnchorInfo on inactive InputConnection
02-11 22:19:44.492 20340 20414 W MediaPlayer: Use of stream types is deprecated for operations other than volume control
02-11 22:19:44.492 20340 20414 W MediaPlayer: See the documentation of setAudioStreamType() for what to use instead with android.media.AudioAttributes to qualify your playback use case
02-11 22:19:44.538 20340 20340 E ArmVmp : Match on catch block at 0xc3 in for 0x91
02-11 22:19:44.546 20340 20340 E ArmVmp : Match on catch block at 0xc3 in for 0x95
02-11 22:19:44.589 20340 20414 W MediaPlayer: Use of stream types is deprecated for operations other than volume control
02-11 22:19:44.589 20340 20414 W MediaPlayer: See the documentation of setAudioStreamType() for what to use instead with android.media.AudioAttributes to qualify your playback use case
02-11 22:19:44.603 20340 20340 W IInputConnectionWrapper: performPrivateCommand on inactive InputConnection
02-11 22:19:44.603 20340 20340 W IInputConnectionWrapper: requestCursorAnchorInfo on inactive InputConnection
02-11 22:19:44.644 20340 20340 E ArmVmp : Match on catch block at 0xc3 in for 0x99
02-11 22:19:44.652 20340 20340 E ArmVmp : Match on catch block at 0xc3 in for 0x91
02-11 22:19:44.672 20340 20414 W MediaPlayer: Use of stream types is deprecated for operations other than volume control
02-11 22:19:44.672 20340 20414 W MediaPlayer: See the documentation of setAudioStreamType() for what to use instead with android.media.AudioAttributes to qualify your playback use case
02-11 22:19:44.728 20340 20340 W IInputConnectionWrapper: sendKeyEvent on inactive InputConnection
02-11 22:19:44.728 20340 20340 W IInputConnectionWrapper: sendKeyEvent on inactive InputConnection
02-11 22:19:44.737 20340 20340 W IInputConnectionWrapper: sendKeyEvent on inactive InputConnection
02-11 22:19:44.737 20340 20340 W IInputConnectionWrapper: requestCursorAnchorInfo on inactive InputConnection
02-11 22:19:44.768 20340 20340 E ArmVmp : Match on catch block at 0xc3 in for 0x91
02-11 22:19:44.783 20340 20340 E ArmVmp : Match on catch block at 0xc3 in for 0x95
02-11 22:19:44.855 20340 20414 W MediaPlayer: Use of stream types is deprecated for operations other than volume control
02-11 22:19:44.855 20340 20414 W MediaPlayer: See the documentation of setAudioStreamType() for what to use instead with android.media.AudioAttributes to qualify your playback use case
02-11 22:19:44.890 20340 20340 W IInputConnectionWrapper: getTextBeforeCursor on inactive InputConnection
02-11 22:19:44.908 20340 20340 E ArmVmp : Match on catch block at 0xc3 in for 0x99
02-11 22:19:44.915 20340 20340 E ArmVmp : Match on catch block at 0xc3 in for 0x91
02-11 22:19:45.002 20340 20340 W IInputConnectionWrapper: getTextAfterCursor on inactive InputConnection
02-11 22:19:45.019 20340 20340 E ArmVmp : Match on catch block at 0xc3 in for 0x95
02-11 22:19:45.025 20340 20340 E ArmVmp : Match on catch block at 0xc3 in for 0x99
02-11 22:19:45.069 20340 20414 W MediaPlayer: Use of stream types is deprecated for operations other than volume control
02-11 22:19:45.069 20340 20414 W MediaPlayer: See the documentation of setAudioStreamType() for what to use instead with android.media.AudioAttributes to qualify your playback use case
02-11 22:19:45.081 20340 20340 W IInputConnectionWrapper: getSelectedText on inactive InputConnection
02-11 22:19:45.099 20340 20340 E ArmVmp : Match on catch block at 0xc3 in for 0x95
02-11 22:19:45.115 20340 20340 E ArmVmp : Match on catch block at 0xc3 in for 0x99
02-11 22:19:45.210 20340 20340 E ArmVmp : Match on catch block at 0xc3 in for 0x95
02-11 22:19:45.216 20340 20340 E ArmVmp : Match on catch block at 0xc3 in for 0x99
02-11 22:19:45.233 20340 20340 W IInputConnectionWrapper: requestCursorAnchorInfo on inactive InputConnection
02-11 22:19:45.257 20340 20340 W IInputConnectionWrapper: performPrivateCommand on inactive InputConnection
02-11 22:19:45.257 20340 20340 W IInputConnectionWrapper: requestCursorAnchorInfo on inactive InputConnection
02-11 22:19:45.288 20340 20340 W IInputConnectionWrapper: requestCursorAnchorInfo on inactive InputConnection
02-11 22:19:45.306 20340 20340 W IInputConnectionWrapper: getTextBeforeCursor on inactive InputConnection
02-11 22:19:45.307 20340 20340 W IInputConnectionWrapper: getTextAfterCursor on inactive InputConnection
02-11 22:19:45.307 20340 20340 W IInputConnectionWrapper: getSelectedText on inactive InputConnection
02-11 22:19:45.367 20340 20340 W IInputConnectionWrapper: requestCursorAnchorInfo on inactive InputConnection
02-11 22:19:45.370 20340 20340 W IInputConnectionWrapper: performPrivateCommand on inactive InputConnection
02-11 22:19:45.370 20340 20340 W IInputConnectionWrapper: requestCursorAnchorInfo on inactive InputConnection
02-11 22:19:45.393 20340 20340 W IInputConnectionWrapper: requestCursorAnchorInfo on inactive InputConnection
02-11 22:19:45.408 20340 20340 W IInputConnectionWrapper: getTextBeforeCursor on inactive InputConnection
02-11 22:19:45.409 20340 20340 W IInputConnectionWrapper: getTextAfterCursor on inactive InputConnection
02-11 22:19:45.412 20340 20340 W IInputConnectionWrapper: getSelectedText on inactive InputConnection
02-11 22:19:45.461 20340 20340 W IInputConnectionWrapper: requestCursorAnchorInfo on inactive InputConnection
02-11 22:19:45.473 20340 20340 W IInputConnectionWrapper: performPrivateCommand on inactive InputConnection
02-11 22:19:45.474 20340 20340 W IInputConnectionWrapper: requestCursorAnchorInfo on inactive InputConnection
02-11 22:19:45.500 20340 20340 W IInputConnectionWrapper: requestCursorAnchorInfo on inactive InputConnection
02-11 22:19:45.516 20340 20340 W IInputConnectionWrapper: getTextBeforeCursor on inactive InputConnection
02-11 22:19:45.516 20340 20340 W IInputConnectionWrapper: getTextAfterCursor on inactive InputConnection
02-11 22:19:45.520 20340 20340 W IInputConnectionWrapper: getSelectedText on inactive InputConnection
02-11 22:19:45.566 20340 20340 W IInputConnectionWrapper: requestCursorAnchorInfo on inactive InputConnection
02-11 22:19:45.570 20340 20340 W IInputConnectionWrapper: performPrivateCommand on inactive InputConnection
02-11 22:19:45.570 20340 20340 W IInputConnectionWrapper: requestCursorAnchorInfo on inactive InputConnection
02-11 22:19:45.608 20340 20340 W IInputConnectionWrapper: requestCursorAnchorInfo on inactive InputConnection
02-11 22:19:45.621 20340 20340 W IInputConnectionWrapper: getTextBeforeCursor on inactive InputConnection
02-11 22:19:45.622 20340 20340 W IInputConnectionWrapper: getTextAfterCursor on inactive InputConnection
02-11 22:19:45.624 20340 20340 W IInputConnectionWrapper: getSelectedText on inactive InputConnection
02-11 22:19:45.674 20340 20340 W IInputConnectionWrapper: requestCursorAnchorInfo on inactive InputConnection
02-11 22:19:45.679 20340 20340 W IInputConnectionWrapper: performPrivateCommand on inactive InputConnection
02-11 22:19:45.680 20340 20340 W IInputConnectionWrapper: requestCursorAnchorInfo on inactive InputConnection
02-11 22:19:45.705 20340 20340 W IInputConnectionWrapper: requestCursorAnchorInfo on inactive InputConnection
02-11 22:19:45.716 20340 20340 W IInputConnectionWrapper: getTextBeforeCursor on inactive InputConnection
02-11 22:19:45.716 20340 20340 W IInputConnectionWrapper: getTextAfterCursor on inactive InputConnection
02-11 22:19:45.717 20340 20340 W IInputConnectionWrapper: getSelectedText on inactive InputConnection
02-11 22:19:45.765 20340 20340 W IInputConnectionWrapper: requestCursorAnchorInfo on inactive InputConnection
02-11 22:19:45.768 20340 20340 W IInputConnectionWrapper: performPrivateCommand on inactive InputConnection
02-11 22:19:45.769 20340 20340 W IInputConnectionWrapper: requestCursorAnchorInfo on inactive InputConnection
02-11 22:19:45.791 20340 20340 W IInputConnectionWrapper: requestCursorAnchorInfo on inactive InputConnection
02-11 22:19:46.109 20340 20340 E ArmVmp : Match on catch block at 0xc3 in for 0x99
02-11 22:19:46.118 20340 20340 E ArmVmp : Match on catch block at 0xc3 in for 0x91
02-11 22:19:46.156 20340 20340 E ArmVmp : Match on catch block at 0xc3 in for 0x99
02-11 22:19:46.163 20340 20340 E ArmVmp : Match on catch block at 0xc3 in for 0x91
02-11 22:19:46.220 20340 20439 W Adreno-EGL: <qeglDrvAPI_eglGetConfigAttrib:612>: EGL_BAD_ATTRIBUTE
02-11 22:19:46.299 20340 20439 W Adreno-ES20: <core_glFinish:34>: glFinish skipped: 0
02-11 22:19:46.301 20340 20439 W Adreno-ES20: <core_glFinish:34>: glFinish skipped: 0
02-11 22:19:46.856 20340 20340 W IInputConnectionWrapper: getTextBeforeCursor on inactive InputConnection
02-11 22:19:46.856 20340 20340 W IInputConnectionWrapper: getTextAfterCursor on inactive InputConnection
02-11 22:19:46.857 20340 20340 W IInputConnectionWrapper: getSelectedText on inactive InputConnection
02-11 22:19:46.878 20340 20340 W IInputConnectionWrapper: getTextBeforeCursor on inactive InputConnection
02-11 22:19:46.882 20340 20340 W IInputConnectionWrapper: getTextBeforeCursor on inactive InputConnection
02-11 22:19:46.902 20340 20340 W IInputConnectionWrapper: performPrivateCommand on inactive InputConnection
02-11 22:19:46.903 20340 20340 W IInputConnectionWrapper: requestCursorAnchorInfo on inactive InputConnection
02-11 22:19:47.029 20340 20340 W IInputConnectionWrapper: requestCursorAnchorInfo on inactive InputConnection
02-11 22:19:47.055 20340 20340 W IInputConnectionWrapper: getTextBeforeCursor on inactive InputConnection
02-11 22:19:47.056 20340 20340 W IInputConnectionWrapper: getTextAfterCursor on inactive InputConnection
02-11 22:19:47.058 20340 20340 W IInputConnectionWrapper: getSelectedText on inactive InputConnection
02-11 22:19:47.504 20340 20340 E ArmVmp : Match on catch block at 0xc3 in for 0x99
02-11 22:19:47.511 20340 20340 E ArmVmp : Match on catch block at 0xc3 in for 0x91
02-11 22:19:47.544 20340 20340 E ArmVmp : Match on catch block at 0xc3 in for 0x91
02-11 22:19:47.551 20340 20340 E ArmVmp : Match on catch block at 0xc3 in for 0x95
02-11 22:19:47.608 20340 20340 E ArmVmp : Match on catch block at 0xc3 in for 0x91
02-11 22:19:47.616 20340 20340 E ArmVmp : Match on catch block at 0xc3 in for 0x95
02-11 22:19:47.672 20340 20439 W Adreno-EGL: <qeglDrvAPI_eglGetConfigAttrib:612>: EGL_BAD_ATTRIBUTE
02-11 22:19:47.679 20340 20340 E ArmVmp : Match on catch block at 0xc3 in for 0x95
02-11 22:19:47.687 20340 20340 E ArmVmp : Match on catch block at 0xc3 in for 0x99
02-11 22:19:47.714 20340 20340 W IInputConnectionWrapper: performPrivateCommand on inactive InputConnection
02-11 22:19:47.714 20340 20340 W IInputConnectionWrapper: requestCursorAnchorInfo on inactive InputConnection
02-11 22:19:47.718 20340 20340 E ArmVmp : Match on catch block at 0xc3 in for 0x95
02-11 22:19:47.724 20340 20340 E ArmVmp : Match on catch block at 0xc3 in for 0x99
02-11 22:19:47.764 20340 20340 E ArmVmp : Match on catch block at 0xc3 in for 0x99
02-11 22:19:47.773 20340 20340 E ArmVmp : Match on catch block at 0xc3 in for 0x91
02-11 22:19:47.797 20340 20340 W IInputConnectionWrapper: requestCursorAnchorInfo on inactive InputConnection
02-11 22:19:48.162 20340 20340 E ArmVmp : Match on catch block at 0xc3 in for 0x95
02-11 22:19:48.194 20340 20340 E ArmVmp : Match on catch block at 0xc3 in for 0x99
02-11 22:19:48.261 20340 20340 E ArmVmp : Match on catch block at 0xc3 in for 0x95
02-11 22:19:48.277 20340 20340 E ArmVmp : Match on catch block at 0xc3 in for 0x99
02-11 22:19:49.654 20340 20439 W Adreno-ES20: <core_glFinish:34>: glFinish skipped: 0
02-11 22:19:49.655 20340 20439 W Adreno-ES20: <core_glFinish:34>: glFinish skipped: 0
02-11 22:19:49.701 20340 20340 E ArmVmp : Match on catch block at 0xc3 in for 0x99
02-11 22:19:49.709 20340 20340 E ArmVmp : Match on catch block at 0xc3 in for 0x91
02-11 22:19:49.739 20340 20340 E ArmVmp : Match on catch block at 0xc3 in for 0x99
02-11 22:19:49.747 20340 20340 E ArmVmp : Match on catch block at 0xc3 in for 0x91
02-11 22:19:49.790 20340 20340 E ArmVmp : Match on catch block at 0xc3 in for 0x95
02-11 22:19:49.797 20340 20340 E ArmVmp : Match on catch block at 0xc3 in for 0x99
02-11 22:19:49.834 20340 20340 E ArmVmp : Match on catch block at 0xc3 in for 0x95
02-11 22:19:49.842 20340 20340 E ArmVmp : Match on catch block at 0xc3 in for 0x99
02-11 22:19:49.866 20340 20340 E ArmVmp : Match on catch block at 0xc3 in for 0x95
02-11 22:19:49.871 20340 20340 E ArmVmp : Match on catch block at 0xc3 in for 0x99
02-11 22:19:49.902 20340 20340 E ArmVmp : Match on catch block at 0xc3 in for 0x91
02-11 22:19:49.909 20340 20340 E ArmVmp : Match on catch block at 0xc3 in for 0x95
02-11 22:19:49.942 20340 20340 E ArmVmp : Match on catch block at 0xc3 in for 0x99
02-11 22:19:49.948 20340 20340 E ArmVmp : Match on catch block at 0xc3 in for 0x91
02-11 22:19:49.984 20340 20340 E ArmVmp : Match on catch block at 0xc3 in for 0x99
02-11 22:19:49.991 20340 20340 E ArmVmp : Match on catch block at 0xc3 in for 0x91
02-11 22:19:54.393 20340 20439 W Adreno-ES20: <core_glFinish:34>: glFinish skipped: 0
02-11 22:19:54.402 20340 20439 W Adreno-ES20: <core_glFinish:34>: glFinish skipped: 0
02-11 22:19:54.450 20340 20340 E ArmVmp : Match on catch block at 0xc3 in for 0x91
02-11 22:19:54.455 20340 20340 E ArmVmp : Match on catch block at 0xc3 in for 0x95
02-11 22:19:54.486 20340 20340 W IInputConnectionWrapper: requestCursorAnchorInfo on inactive InputConnection
02-11 22:19:54.519 20340 20340 E ArmVmp : Match on catch block at 0xc3 in for 0x95
02-11 22:19:54.526 20340 20340 E ArmVmp : Match on catch block at 0xc3 in for 0x99
02-11 22:19:54.633 20340 20340 E ArmVmp : Match on catch block at 0xc3 in for 0x95
02-11 22:19:54.639 20340 20340 E ArmVmp : Match on catch block at 0xc3 in for 0x99
02-11 22:19:54.649 20340 20340 W IInputConnectionWrapper: getTextBeforeCursor on inactive InputConnection
02-11 22:19:54.756 20340 20340 E ArmVmp : Match on catch block at 0xc3 in for 0x95
02-11 22:19:54.761 20340 20340 E ArmVmp : Match on catch block at 0xc3 in for 0x99
02-11 22:19:54.769 20340 20340 W IInputConnectionWrapper: getTextAfterCursor on inactive InputConnection
02-11 22:19:54.867 20340 20340 E ArmVmp : Match on catch block at 0xc3 in for 0x99
02-11 22:19:54.872 20340 20340 E ArmVmp : Match on catch block at 0xc3 in for 0x91
02-11 22:19:54.886 20340 20340 W IInputConnectionWrapper: getSelectedText on inactive InputConnection
02-11 22:19:54.054 20340 20340 E ArmVmp : Match on catch block at 0xc3 in for 0x99
02-11 22:19:54.062 20340 20340 E ArmVmp : Match on catch block at 0xc3 in for 0x91
02-11 22:19:54.234 20340 20340 E ArmVmp : Match on catch block at 0xc3 in for 0x91
02-11 22:19:54.245 20340 20340 E ArmVmp : Match on catch block at 0xc3 in for 0x95
02-11 22:19:54.281 20340 20340 W IInputConnectionWrapper: performPrivateCommand on inactive InputConnection
02-11 22:19:54.281 20340 20340 W IInputConnectionWrapper: requestCursorAnchorInfo on inactive InputConnection
02-11 22:19:54.288 20340 20414 W MediaPlayer: Use of stream types is deprecated for operations other than volume control
02-11 22:19:54.288 20340 20414 W MediaPlayer: See the documentation of setAudioStreamType() for what to use instead with android.media.AudioAttributes to qualify your playback use case
02-11 22:19:54.430 20340 20340 E ArmVmp : Match on catch block at 0xc3 in for 0x91
02-11 22:19:54.439 20340 20340 E ArmVmp : Match on catch block at 0xc3 in for 0x95
02-11 22:19:54.475 20340 20340 W IInputConnectionWrapper: requestCursorAnchorInfo on inactive InputConnection
02-11 22:19:54.613 20340 20340 E ArmVmp : Match on catch block at 0xc3 in for 0x99
02-11 22:19:54.622 20340 20340 E ArmVmp : Match on catch block at 0xc3 in for 0x91
02-11 22:19:54.643 20340 20340 W IInputConnectionWrapper: getTextBeforeCursor on inactive InputConnection
02-11 22:19:54.656 20340 20414 W MediaPlayer: Use of stream types is deprecated for operations other than volume control
02-11 22:19:54.656 20340 20414 W MediaPlayer: See the documentation of setAudioStreamType() for what to use instead with android.media.AudioAttributes to qualify your playback use case
02-11 22:19:54.716 20340 20340 E ArmVmp : Match on catch block at 0xc3 in for 0x95
02-11 22:19:54.723 20340 20340 E ArmVmp : Match on catch block at 0xc3 in for 0x99
02-11 22:19:54.760 20340 20340 W IInputConnectionWrapper: getTextAfterCursor on inactive InputConnection
02-11 22:19:54.888 20340 20340 E ArmVmp : Match on catch block at 0xc3 in for 0x95
02-11 22:19:54.894 20340 20340 E ArmVmp : Match on catch block at 0xc3 in for 0x99
02-11 22:19:54.925 20340 20340 W IInputConnectionWrapper: getSelectedText on inactive InputConnection
02-11 22:19:54.976 20340 20340 E ArmVmp : Match on catch block at 0xc3 in for 0x99
02-11 22:19:54.984 20340 20340 E ArmVmp : Match on catch block at 0xc3 in for 0x91
02-11 22:19:55.014 20340 20340 W IInputConnectionWrapper: requestCursorAnchorInfo on inactive InputConnection
02-11 22:19:55.106 20340 20340 E ArmVmp : Match on catch block at 0xc3 in for 0x91
02-11 22:19:55.111 20340 20340 E ArmVmp : Match on catch block at 0xc3 in for 0x95
02-11 22:19:55.128 20340 20414 W MediaPlayer: Use of stream types is deprecated for operations other than volume control
02-11 22:19:55.128 20340 20340 W IInputConnectionWrapper: performPrivateCommand on inactive InputConnection
02-11 22:19:55.129 20340 20414 W MediaPlayer: See the documentation of setAudioStreamType() for what to use instead with android.media.AudioAttributes to qualify your playback use case
02-11 22:19:55.129 20340 20340 W IInputConnectionWrapper: requestCursorAnchorInfo on inactive InputConnection
02-11 22:19:55.250 20340 20340 E ArmVmp : Match on catch block at 0xc3 in for 0x95
02-11 22:19:55.257 20340 20340 E ArmVmp : Match on catch block at 0xc3 in for 0x99
02-11 22:19:55.312 20340 20340 W IInputConnectionWrapper: requestCursorAnchorInfo on inactive InputConnection
02-11 22:19:55.425 20340 20340 E ArmVmp : Match on catch block at 0xc3 in for 0x91
02-11 22:19:55.431 20340 20340 E ArmVmp : Match on catch block at 0xc3 in for 0x95
02-11 22:19:55.441 20340 20340 W IInputConnectionWrapper: getTextBeforeCursor on inactive InputConnection
02-11 22:19:55.564 20340 20340 E ArmVmp : Match on catch block at 0xc3 in for 0x91
02-11 22:19:55.573 20340 20340 E ArmVmp : Match on catch block at 0xc3 in for 0x95
02-11 22:19:55.600 20340 20340 W IInputConnectionWrapper: getTextAfterCursor on inactive InputConnection
02-11 22:19:55.715 20340 20340 E ArmVmp : Match on catch block at 0xc3 in for 0x95
02-11 22:19:55.722 20340 20340 E ArmVmp : Match on catch block at 0xc3 in for 0x99
02-11 22:19:55.789 20340 20340 W IInputConnectionWrapper: getSelectedText on inactive InputConnection
02-11 22:19:55.979 20340 20340 E ArmVmp : Match on catch block at 0xc3 in for 0x91
02-11 22:19:56.003 20340 20340 E ArmVmp : Match on catch block at 0xc3 in for 0x95
02-11 22:19:56.197 20340 20340 W IInputConnectionWrapper: requestCursorAnchorInfo on inactive InputConnection
02-11 22:19:56.273 20340 20439 W Adreno-ES20: <core_glFinish:34>: glFinish skipped: 0
02-11 22:19:56.289 20340 20439 W Adreno-ES20: <core_glFinish:34>: glFinish skipped: 0
02-11 22:19:56.322 20340 20439 W Adreno-ES20: <core_glFinish:34>: glFinish skipped: 0
02-11 22:19:56.322 20340 20348 E SpellCheckerSession: ignoring processOrEnqueueTask due to unexpected mState=TASK_CLOSE scp.mWhat=TASK_CLOSE
02-11 22:19:56.365 20340 20340 E ArmVmp : Match on catch block at 0xc3 in for 0x91
02-11 22:19:56.377 20340 20340 E ArmVmp : Match on catch block at 0xc3 in for 0x95
02-11 22:19:56.486 20340 20340 W IInputConnectionWrapper: performPrivateCommand on inactive InputConnection
02-11 22:19:56.486 20340 20340 W IInputConnectionWrapper: requestCursorAnchorInfo on inactive InputConnection
02-11 22:19:56.616 20340 20340 E ArmVmp : Match on catch block at 0xc3 in for 0x99
02-11 22:19:56.622 20340 20340 E ArmVmp : Match on catch block at 0xc3 in for 0x91
02-11 22:19:56.669 20340 20439 W Adreno-EGL: <qeglDrvAPI_eglGetConfigAttrib:612>: EGL_BAD_ATTRIBUTE
02-11 22:19:56.718 20340 20340 W IInputConnectionWrapper: requestCursorAnchorInfo on inactive InputConnection
02-11 22:19:56.791 20340 20340 E ArmVmp : Match on catch block at 0xc3 in for 0x95
02-11 22:19:56.802 20340 20340 E ArmVmp : Match on catch block at 0xc3 in for 0x99
02-11 22:19:56.990 20340 20340 W IInputConnectionWrapper: requestCursorAnchorInfo on inactive InputConnection
02-11 22:19:57.083 20340 20340 E ArmVmp : Match on catch block at 0xc3 in for 0x95
02-11 22:19:57.089 20340 20340 E ArmVmp : Match on catch block at 0xc3 in for 0x99
02-11 22:19:57.186 20340 20340 W IInputConnectionWrapper: performPrivateCommand on inactive InputConnection
02-11 22:19:57.186 20340 20340 W IInputConnectionWrapper: requestCursorAnchorInfo on inactive InputConnection
02-11 22:19:57.213 20340 20439 W Adreno-ES20: <core_glFinish:34>: glFinish skipped: 0
02-11 22:19:57.216 20340 20439 W Adreno-ES20: <core_glFinish:34>: glFinish skipped: 0
02-11 22:19:57.313 20340 20340 E ArmVmp : Match on catch block at 0xc3 in for 0x91
02-11 22:19:57.319 20340 20340 E ArmVmp : Match on catch block at 0xc3 in for 0x95
02-11 22:19:57.363 20340 20439 W Adreno-ES20: <core_glFinish:34>: glFinish skipped: 0
02-11 22:19:57.370 20340 20439 W Adreno-ES20: <core_glFinish:34>: glFinish skipped: 0
02-11 22:19:57.392 20340 20340 W IInputConnectionWrapper: requestCursorAnchorInfo on inactive InputConnection
02-11 22:19:57.513 20340 20340 E ArmVmp : Match on catch block at 0xc3 in for 0x99
02-11 22:19:57.518 20340 20340 E ArmVmp : Match on catch block at 0xc3 in for 0x91
02-11 22:19:57.553 20340 20340 W IInputConnectionWrapper: getTextBeforeCursor on inactive InputConnection
02-11 22:19:57.661 20340 20340 E ArmVmp : Match on catch block at 0xc3 in for 0x91
02-11 22:19:57.666 20340 20340 E ArmVmp : Match on catch block at 0xc3 in for 0x95
02-11 22:19:57.680 20340 20340 W IInputConnectionWrapper: getTextAfterCursor on inactive InputConnection
02-11 22:19:57.763 20340 20340 E ArmVmp : Match on catch block at 0xc3 in for 0x95
02-11 22:19:57.771 20340 20340 E ArmVmp : Match on catch block at 0xc3 in for 0x99
02-11 22:19:57.816 20340 20340 W IInputConnectionWrapper: getSelectedText on inactive InputConnection
02-11 22:19:57.954 20340 20340 E ArmVmp : Match on catch block at 0xc3 in for 0x99
02-11 22:19:57.963 20340 20340 E ArmVmp : Match on catch block at 0xc3 in for 0x91
02-11 22:19:58.017 20340 20340 W IInputConnectionWrapper: requestCursorAnchorInfo on inactive InputConnection
02-11 22:19:58.138 20340 20340 E ArmVmp : Match on catch block at 0xc3 in for 0x99
02-11 22:19:58.145 20340 20340 E ArmVmp : Match on catch block at 0xc3 in for 0x91
02-11 22:19:58.168 20340 20340 W IInputConnectionWrapper: performPrivateCommand on inactive InputConnection
02-11 22:19:58.168 20340 20340 W IInputConnectionWrapper: requestCursorAnchorInfo on inactive InputConnection
02-11 22:19:58.331 20340 20340 E ArmVmp : Match on catch block at 0xc3 in for 0x99
02-11 22:19:58.337 20340 20340 E ArmVmp : Match on catch block at 0xc3 in for 0x91
02-11 22:19:58.356 20340 20340 W IInputConnectionWrapper: requestCursorAnchorInfo on inactive InputConnection
02-11 22:19:58.436 20340 20340 E ArmVmp : Match on catch block at 0xc3 in for 0x99
02-11 22:19:58.441 20340 20340 E ArmVmp : Match on catch block at 0xc3 in for 0x91
02-11 22:19:58.475 20340 20340 W IInputConnectionWrapper: getTextBeforeCursor on inactive InputConnection
02-11 22:19:58.618 20340 20340 E ArmVmp : Match on catch block at 0xc3 in for 0x99
02-11 22:19:58.625 20340 20340 E ArmVmp : Match on catch block at 0xc3 in for 0x91
02-11 22:19:58.631 20340 20340 W IInputConnectionWrapper: getTextAfterCursor on inactive InputConnection
02-11 22:19:58.794 20340 20340 E ArmVmp : Match on catch block at 0xc3 in for 0x95
02-11 22:19:58.801 20340 20340 E ArmVmp : Match on catch block at 0xc3 in for 0x99
02-11 22:19:58.813 20340 20340 W IInputConnectionWrapper: getSelectedText on inactive InputConnection
02-11 22:19:58.897 20340 20340 E ArmVmp : Match on catch block at 0xc3 in for 0x95
02-11 22:19:58.904 20340 20340 E ArmVmp : Match on catch block at 0xc3 in for 0x99
02-11 22:19:58.931 20340 20340 W IInputConnectionWrapper: requestCursorAnchorInfo on inactive InputConnection
02-11 22:19:59.079 20340 20340 E ArmVmp : Match on catch block at 0xc3 in for 0x91
02-11 22:19:59.085 20340 20340 E ArmVmp : Match on catch block at 0xc3 in for 0x95
02-11 22:19:59.096 20340 20340 W IInputConnectionWrapper: performPrivateCommand on inactive InputConnection
02-11 22:19:59.096 20340 20340 W IInputConnectionWrapper: requestCursorAnchorInfo on inactive InputConnection
02-11 22:19:59.226 20340 20340 E ArmVmp : Match on catch block at 0xc3 in for 0x95
02-11 22:19:59.232 20340 20340 E ArmVmp : Match on catch block at 0xc3 in for 0x99
02-11 22:19:59.255 20340 20340 W IInputConnectionWrapper: requestCursorAnchorInfo on inactive InputConnection
02-11 22:19:59.472 20340 20340 E ArmVmp : Match on catch block at 0xc3 in for 0x91
02-11 22:19:59.481 20340 20340 E ArmVmp : Match on catch block at 0xc3 in for 0x95
02-11 22:19:59.496 20340 20340 W IInputConnectionWrapper: getTextBeforeCursor on inactive InputConnection
02-11 22:19:59.647 20340 20340 E ArmVmp : Match on catch block at 0xc3 in for 0x91
02-11 22:19:59.653 20340 20340 E ArmVmp : Match on catch block at 0xc3 in for 0x95
02-11 22:19:59.678 20340 20340 W IInputConnectionWrapper: getTextAfterCursor on inactive InputConnection
02-11 22:19:59.775 20340 20340 E ArmVmp : Match on catch block at 0xc3 in for 0x91
02-11 22:19:59.783 20340 20340 E ArmVmp : Match on catch block at 0xc3 in for 0x95
02-11 22:19:59.800 20340 20340 W IInputConnectionWrapper: getSelectedText on inactive InputConnection
02-11 22:19:59.935 20340 20340 E ArmVmp : Match on catch block at 0xc3 in for 0x95
02-11 22:19:59.941 20340 20340 E ArmVmp : Match on catch block at 0xc3 in for 0x99
02-11 22:19:59.984 20340 20340 W IInputConnectionWrapper: requestCursorAnchorInfo on inactive InputConnection
02-11 22:20:00.151 20340 20340 E ArmVmp : Match on catch block at 0xc3 in for 0x91
02-11 22:20:00.170 20340 20340 E ArmVmp : Match on catch block at 0xc3 in for 0x95
02-11 22:20:00.190 20340 20340 W IInputConnectionWrapper: performPrivateCommand on inactive InputConnection
02-11 22:20:00.190 20340 20340 W IInputConnectionWrapper: requestCursorAnchorInfo on inactive InputConnection
02-11 22:20:00.420 20340 20340 E ArmVmp : Match on catch block at 0xc3 in for 0x99
02-11 22:20:00.427 20340 20340 E ArmVmp : Match on catch block at 0xc3 in for 0x91
02-11 22:20:00.437 20340 20340 W IInputConnectionWrapper: requestCursorAnchorInfo on inactive InputConnection
02-11 22:20:00.641 20340 20340 E ArmVmp : Match on catch block at 0xc3 in for 0x95
02-11 22:20:00.663 20340 20340 E ArmVmp : Match on catch block at 0xc3 in for 0x99
02-11 22:20:00.780 20340 20340 W IInputConnectionWrapper: requestCursorAnchorInfo on inactive InputConnection
02-11 22:20:01.080 20340 20340 E ArmVmp : Match on catch block at 0xc3 in for 0x95
02-11 22:20:01.102 20340 20340 E ArmVmp : Match on catch block at 0xc3 in for 0x99
02-11 22:20:01.226 20340 20439 W Adreno-ES20: <core_glFinish:34>: glFinish skipped: 0
02-11 22:20:01.345 20340 20439 W Adreno-ES20: <core_glFinish:34>: glFinish skipped: 0
02-11 22:20:01.346 20340 20439 W Adreno-ES20: <core_glFinish:34>: glFinish skipped: 0
02-11 22:20:01.435 20340 20439 W Adreno-ES20: <core_glFinish:34>: glFinish skipped: 0
02-11 22:20:01.436 20340 20439 W Adreno-ES20: <core_glFinish:34>: glFinish skipped: 0
02-11 22:20:01.453 20340 20340 W IInputConnectionWrapper: performPrivateCommand on inactive InputConnection
02-11 22:20:01.454 20340 20340 W IInputConnectionWrapper: requestCursorAnchorInfo on inactive InputConnection
02-11 22:20:01.554 20340 20340 E ArmVmp : Match on catch block at 0x6f in for 0xb1
02-11 22:20:01.563 20340 20340 W System.err: java.lang.NullPointerException: Attempt to invoke virtual method 'java.lang.String com.whatsapp.mentions.MentionableEntry.getStringText()' on a null object reference
02-11 22:20:01.563 20340 20340 W System.err:
02-11 22:20:01.568 20340 20340 W System.err: at X.5pH.A2A(Unknown Source:93)
02-11 22:20:01.568 20340 20340 W System.err:
02-11 22:20:01.568 20340 20340 W System.err: at X.5he.onClick(Unknown Source:1473)
02-11 22:20:01.569 20340 20340 W System.err:
