02-11 21:55:19.024 11391 11435 E SQLiteDatabase: Error inserting media_duration=18 file_path=null transferred=0 thumbnail_height_width_ratio=1.7777778 face_y=0 face_x=0 trim_from=0 media_caption=null transcoded=0 message_url=https://mmg.whatsapp.net/v/t62.7161- 24/30567540_3679256942357015_2371620768257303090_n.enc?ccb=11- 4&oh=01_AdQ5eCBEBtoDVU5GNnJ1UomwBizrAzJk3R- k8TO63Ga9Eg&oe=65F0DE8D&_nc_sid=5e03e0&mms3=true first_scan_sidecar=null direct_path=/v/t62.7161-24/30567540_3679256942357015_2371620768257303090_n.enc? ccb=11-4&oh=01_AdQ5eCBEBtoDVU5GNnJ1UomwBizrAzJk3R- k8TO63Ga9Eg&oe=65F0DE8D&_nc_sid=5e03e0 original_file_hash=null is_animated_sticker=0 media_name=null has_streaming_sidecar=1 partial_media_enc_hash=null media_key=[B@2b588ed multicast_id=null page_count=0 height=1022 partial_media_hash=null gif_attribution=0 mute_video=0 autotransfer_retry_enabled=1 first_scan_length=0 trim_to=0 media_key_timestamp=1707698985000 file_size=0 chat_row_id=11 media_job_uuid=1eb5c14e-e92e-4e12-b378-2f5bd65ecc9b message_row_id=2394 enc_file_hash=Ae4lCN3URlseiUddgYe75p0IbSzAhmPAG3LQdtuRXfY= file_hash=Vc7kv2ZmksVRCGQoMQpO1Ug3+nB9mDY1dIWtdvZ+bdg= mime_type=video/mp4 media_upload_handle=null suspicious_content=0 width=576 file_length=564775
02-11 21:55:19.024 11391 11435 E SQLiteDatabase: android.database.sqlite.SQLiteConstraintException: UNIQUE constraint failed: message_media.message_row_id (code 1555)
02-11 21:55:19.024 11391 11435 E SQLiteDatabase: at android.database.sqlite.SQLiteConnection.nativeExecuteForLastInsertedRowId(Native Method)
02-11 21:55:19.024 11391 11435 E SQLiteDatabase: at android.database.sqlite.SQLiteConnection.executeForLastInsertedRowId(SQLiteConnecti on.java:790)
02-11 21:55:19.024 11391 11435 E SQLiteDatabase: at android.database.sqlite.SQLiteSession.executeForLastInsertedRowId(SQLiteSession.jav a:788)
02-11 21:55:19.024 11391 11435 E SQLiteDatabase: at android.database.sqlite.SQLiteStatement.executeInsert(SQLiteStatement.java:86)
02-11 21:55:19.024 11391 11435 E SQLiteDatabase: at android.database.sqlite.SQLiteDatabase.insertWithOnConflict(SQLiteDatabase.java:154 8)
02-11 21:55:19.024 11391 11435 E SQLiteDatabase: at android.database.sqlite.SQLiteDatabase.insert(SQLiteDatabase.java:1417)
02-11 21:55:19.024 11391 11435 E SQLiteDatabase: at X.2tm.A08(Unknown Source:6)
02-11 21:55:19.024 11391 11435 E SQLiteDatabase: at X.35Y.A07(Unknown Source:212)
02-11 21:55:19.024 11391 11435 E SQLiteDatabase: at X.3QF.A14(Unknown Source:470)
02-11 21:55:19.024 11391 11435 E SQLiteDatabase: at X.3gU.run(Unknown Source:982)
02-11 21:55:19.024 11391 11435 E SQLiteDatabase: at android.os.Handler.handleCallback(Handler.java:790)
02-11 21:55:19.024 11391 11435 E SQLiteDatabase: at android.os.Handler.dispatchMessage(Handler.java:99)
02-11 21:55:19.024 11391 11435 E SQLiteDatabase: at X.0zq.dispatchMessage(Unknown Source:4)
02-11 21:55:19.024 11391 11435 E SQLiteDatabase: at android.os.Looper.loop(Looper.java:164)
02-11 21:55:19.024 11391 11435 E SQLiteDatabase: at android.os.HandlerThread.run(HandlerThread.java:65)
02-11 21:55:22.070 11391 11391 E RecyclerView: No adapter attached; skipping layout
02-11 21:55:22.179 11391 11821 W GrallocMapperPassthrough: buffer descriptor with invalid usage bits 0x2000
02-11 21:55:22.181 11391 11821 W GrallocMapperPassthrough: buffer descriptor with invalid usage bits 0x2000
02-11 21:55:22.198 11391 11825 W ExtendedACodec: Failed to get extension for extradata parameter
02-11 21:55:22.213 11391 11821 W GrallocMapperPassthrough: buffer descriptor with invalid usage bits 0x2000
02-11 21:55:22.220 11391 11821 W GrallocMapperPassthrough: buffer descriptor with invalid usage bits 0x2000
02-11 21:55:22.264 11391 11821 W GrallocMapperPassthrough: buffer descriptor with invalid usage bits 0x2000
02-11 21:55:22.272 11391 11821 W GrallocMapperPassthrough: buffer descriptor with invalid usage bits 0x2000
02-11 21:55:22.287 11391 11821 W GrallocMapperPassthrough: buffer descriptor with invalid usage bits 0x2000
02-11 21:55:22.292 11391 11821 W GrallocMapperPassthrough: buffer descriptor with invalid usage bits 0x2000
02-11 21:55:22.403 11391 11821 W GrallocMapperPassthrough: buffer descriptor with invalid usage bits 0x2000
02-11 21:55:22.986 11391 11435 E SQLiteDatabase: Error inserting media_duration=9 file_path=Media/.Statuses/b22bf7f47e8841b18dd19bb5fa7de6b9.mp4 transferred=1 thumbnail_height_width_ratio=1.7777778 face_y=0 face_x=0 trim_from=0 media_caption=null transcoded=0 message_url=https://mmg.whatsapp.net/v/t62.7161- 24/33441201_262287456892674_1781026982451230745_n.enc?ccb=11- 4&oh=01_AdS3d5L7q4at_QaTEnomDKa6Sle_-_qM71XWJ- 7SRZCZXg&oe=65F0F094&_nc_sid=5e03e0&mms3=true first_scan_sidecar=null direct_path=/v/t62.7161-24/33441201_262287456892674_1781026982451230745_n.enc? ccb=11-4&oh=01_AdS3d5L7q4at_QaTEnomDKa6Sle_-_qM71XWJ- 7SRZCZXg&oe=65F0F094&_nc_sid=5e03e0 original_file_hash=null is_animated_sticker=0 media_name=null has_streaming_sidecar=1 partial_media_enc_hash=null media_key=[B@de5953d multicast_id=null page_count=0 height=640 partial_media_hash=null gif_attribution=0 mute_video=0 autotransfer_retry_enabled=1 first_scan_length=0 trim_to=0 media_key_timestamp=1707701570000 file_size=1303290 chat_row_id=11 media_job_uuid=839c3155-46a7-443f-98e5-bb97ff668654 message_row_id=2396 enc_file_hash=X3hFsSH1pTiUw14uUv9aOZpcAEIjL4QwvIp++D2421A= file_hash=TqBrMc5UGyPEvVB+Rr9NW7r80kVAP6+pvkd0//nbNxc= mime_type=video/mp4 media_upload_handle=null suspicious_content=0 width=360 file_length=1303290
02-11 21:55:22.986 11391 11435 E SQLiteDatabase: android.database.sqlite.SQLiteConstraintException: UNIQUE constraint failed: message_media.message_row_id (code 1555)
02-11 21:55:22.986 11391 11435 E SQLiteDatabase: at android.database.sqlite.SQLiteConnection.nativeExecuteForLastInsertedRowId(Native Method)
02-11 21:55:22.986 11391 11435 E SQLiteDatabase: at android.database.sqlite.SQLiteConnection.executeForLastInsertedRowId(SQLiteConnecti on.java:790)
02-11 21:55:22.986 11391 11435 E SQLiteDatabase: at android.database.sqlite.SQLiteSession.executeForLastInsertedRowId(SQLiteSession.jav a:788)
02-11 21:55:22.986 11391 11435 E SQLiteDatabase: at android.database.sqlite.SQLiteStatement.executeInsert(SQLiteStatement.java:86)
02-11 21:55:22.986 11391 11435 E SQLiteDatabase: at android.database.sqlite.SQLiteDatabase.insertWithOnConflict(SQLiteDatabase.java:154 8)
02-11 21:55:22.986 11391 11435 E SQLiteDatabase: at android.database.sqlite.SQLiteDatabase.insert(SQLiteDatabase.java:1417)
02-11 21:55:22.986 11391 11435 E SQLiteDatabase: at X.2tm.A08(Unknown Source:6)
02-11 21:55:22.986 11391 11435 E SQLiteDatabase: at X.35Y.A07(Unknown Source:212)
02-11 21:55:22.986 11391 11435 E SQLiteDatabase: at X.3QF.A14(Unknown Source:470)
02-11 21:55:22.986 11391 11435 E SQLiteDatabase: at X.3gU.run(Unknown Source:982)
02-11 21:55:22.986 11391 11435 E SQLiteDatabase: at android.os.Handler.handleCallback(Handler.java:790)
02-11 21:55:22.986 11391 11435 E SQLiteDatabase: at android.os.Handler.dispatchMessage(Handler.java:99)
02-11 21:55:22.986 11391 11435 E SQLiteDatabase: at X.0zq.dispatchMessage(Unknown Source:4)
02-11 21:55:22.986 11391 11435 E SQLiteDatabase: at android.os.Looper.loop(Looper.java:164)
02-11 21:55:22.986 11391 11435 E SQLiteDatabase: at android.os.HandlerThread.run(HandlerThread.java:65)
02-11 21:55:32.417 11391 11391 W BottomSheetBehavior: BottomSheetBehavior now supports multiple callbacks. `setBottomSheetCallback()` removes all existing callbacks, including ones set internally by library authors, which may result in unintended behavior. This may change in the future. Please use `addBottomSheetCallback()` and `removeBottomSheetCallback()` instead to set your own callbacks.
02-11 21:55:32.417 11391 11391 W BottomSheetBehavior: BottomSheetBehavior now supports multiple callbacks. `setBottomSheetCallback()` removes all existing callbacks, including ones set internally by library authors, which may result in unintended behavior. This may change in the future. Please use `addBottomSheetCallback()` and `removeBottomSheetCallback()` instead to set your own callbacks.
02-11 21:55:32.911 11391 11435 E SQLiteDatabase: Error inserting media_duration=18 file_path=Media/.Statuses/e46df9fea7f84e5681211f01b3e2f390.mp4 transferred=1 thumbnail_height_width_ratio=1.7777778 face_y=0 face_x=0 trim_from=0 media_caption=null transcoded=0 message_url=https://mmg.whatsapp.net/v/t62.7161- 24/30567540_3679256942357015_2371620768257303090_n.enc?ccb=11- 4&oh=01_AdQ5eCBEBtoDVU5GNnJ1UomwBizrAzJk3R- k8TO63Ga9Eg&oe=65F0DE8D&_nc_sid=5e03e0&mms3=true first_scan_sidecar=null direct_path=/v/t62.7161-24/30567540_3679256942357015_2371620768257303090_n.enc? ccb=11-4&oh=01_AdQ5eCBEBtoDVU5GNnJ1UomwBizrAzJk3R- k8TO63Ga9Eg&oe=65F0DE8D&_nc_sid=5e03e0 original_file_hash=null is_animated_sticker=0 media_name=null has_streaming_sidecar=1 partial_media_enc_hash=null media_key=[B@2b588ed multicast_id=null page_count=0 height=1022 partial_media_hash=null gif_attribution=0 mute_video=0 autotransfer_retry_enabled=1 first_scan_length=0 trim_to=0 media_key_timestamp=1707698985000 file_size=564775 chat_row_id=11 media_job_uuid=1eb5c14e-e92e-4e12-b378-2f5bd65ecc9b message_row_id=2394 enc_file_hash=Ae4lCN3URlseiUddgYe75p0IbSzAhmPAG3LQdtuRXfY= file_hash=Vc7kv2ZmksVRCGQoMQpO1Ug3+nB9mDY1dIWtdvZ+bdg= mime_type=video/mp4 media_upload_handle=null suspicious_content=0 width=576 file_length=564775
02-11 21:55:32.911 11391 11435 E SQLiteDatabase: android.database.sqlite.SQLiteConstraintException: UNIQUE constraint failed: message_media.message_row_id (code 1555)
02-11 21:55:32.911 11391 11435 E SQLiteDatabase: at android.database.sqlite.SQLiteConnection.nativeExecuteForLastInsertedRowId(Native Method)
02-11 21:55:32.911 11391 11435 E SQLiteDatabase: at android.database.sqlite.SQLiteConnection.executeForLastInsertedRowId(SQLiteConnecti on.java:790)
02-11 21:55:32.911 11391 11435 E SQLiteDatabase: at android.database.sqlite.SQLiteSession.executeForLastInsertedRowId(SQLiteSession.jav a:788)
02-11 21:55:32.911 11391 11435 E SQLiteDatabase: at android.database.sqlite.SQLiteStatement.executeInsert(SQLiteStatement.java:86)
02-11 21:55:32.911 11391 11435 E SQLiteDatabase: at android.database.sqlite.SQLiteDatabase.insertWithOnConflict(SQLiteDatabase.java:154 8)
02-11 21:55:32.911 11391 11435 E SQLiteDatabase: at android.database.sqlite.SQLiteDatabase.insert(SQLiteDatabase.java:1417)
02-11 21:55:32.911 11391 11435 E SQLiteDatabase: at X.2tm.A08(Unknown Source:6)
02-11 21:55:32.911 11391 11435 E SQLiteDatabase: at X.35Y.A07(Unknown Source:212)
02-11 21:55:32.911 11391 11435 E SQLiteDatabase: at X.3QF.A14(Unknown Source:470)
02-11 21:55:32.911 11391 11435 E SQLiteDatabase: at X.3gU.run(Unknown Source:982)
02-11 21:55:32.911 11391 11435 E SQLiteDatabase: at android.os.Handler.handleCallback(Handler.java:790)
02-11 21:55:32.911 11391 11435 E SQLiteDatabase: at android.os.Handler.dispatchMessage(Handler.java:99)
02-11 21:55:32.911 11391 11435 E SQLiteDatabase: at X.0zq.dispatchMessage(Unknown Source:4)
02-11 21:55:32.911 11391 11435 E SQLiteDatabase: at android.os.Looper.loop(Looper.java:164)
02-11 21:55:32.911 11391 11435 E SQLiteDatabase: at android.os.HandlerThread.run(HandlerThread.java:65)
02-11 21:55:33.212 11391 11876 W GrallocMapperPassthrough: buffer descriptor with invalid usage bits 0x2000
02-11 21:55:33.218 11391 11876 W GrallocMapperPassthrough: buffer descriptor with invalid usage bits 0x2000
02-11 21:55:33.230 11391 11880 W ExtendedACodec: Failed to get extension for extradata parameter
02-11 21:55:33.248 11391 11876 W GrallocMapperPassthrough: buffer descriptor with invalid usage bits 0x2000
02-11 21:55:33.250 11391 11876 W GrallocMapperPassthrough: buffer descriptor with invalid usage bits 0x2000
02-11 21:55:33.264 11391 11876 W GrallocMapperPassthrough: buffer descriptor with invalid usage bits 0x2000
02-11 21:55:33.272 11391 11876 W GrallocMapperPassthrough: buffer descriptor with invalid usage bits 0x2000
02-11 21:55:33.298 11391 11876 W GrallocMapperPassthrough: buffer descriptor with invalid usage bits 0x2000
02-11 21:55:33.300 11391 11876 W GrallocMapperPassthrough: buffer descriptor with invalid usage bits 0x2000
02-11 21:55:33.435 11391 11876 W GrallocMapperPassthrough: buffer descriptor with invalid usage bits 0x2000
02-11 21:55:35.982 11391 11469 W Adreno-ES20: <core_glFinish:34>: glFinish skipped: 0
02-11 21:55:35.984 11391 11469 W Adreno-ES20: <core_glFinish:34>: glFinish skipped: 0
02-11 21:55:36.428 11391 11469 W Adreno-ES20: <core_glFinish:34>: glFinish skipped: 0
02-11 21:55:36.498 11391 11469 W Adreno-ES20: <core_glFinish:34>: glFinish skipped: 0
02-11 21:55:36.498 11391 11469 W Adreno-ES20: <core_glFinish:34>: glFinish skipped: 0
02-11 21:55:36.968 11391 11469 W Adreno-ES20: <core_glFinish:34>: glFinish skipped: 0
02-11 21:55:37.036 11391 11391 W ResourceType: Too many attribute references, stopped at: 0x01010034
02-11 21:55:37.036 11391 11391 W ResourceType: Too many attribute references, stopped at: 0x01010034
02-11 21:55:37.043 11391 11391 W ResourceType: Too many attribute references, stopped at: 0x01010034
02-11 21:55:37.043 11391 11391 W ResourceType: Too many attribute references, stopped at: 0x01010034
02-11 21:55:37.116 11391 11469 W Adreno-EGL: <qeglDrvAPI_eglGetConfigAttrib:612>: EGL_BAD_ATTRIBUTE
02-11 21:55:38.240 11391 11469 W Adreno-ES20: <core_glFinish:34>: glFinish skipped: 0
02-11 21:55:38.243 11391 11469 W Adreno-ES20: <core_glFinish:34>: glFinish skipped: 0
02-11 21:55:38.645 11391 11469 W Adreno-ES20: <core_glFinish:34>: glFinish skipped: 0
02-11 21:55:39.894 11391 11469 W Adreno-EGL: <qeglDrvAPI_eglGetConfigAttrib:612>: EGL_BAD_ATTRIBUTE
02-11 21:55:39.977 11391 11391 W BottomSheetBehavior: BottomSheetBehavior now supports multiple callbacks. `setBottomSheetCallback()` removes all existing callbacks, including ones set internally by library authors, which may result in unintended behavior. This may change in the future. Please use `addBottomSheetCallback()` and `removeBottomSheetCallback()` instead to set your own callbacks.
02-11 21:55:39.977 11391 11391 W BottomSheetBehavior: BottomSheetBehavior now supports multiple callbacks. `setBottomSheetCallback()` removes all existing callbacks, including ones set internally by library authors, which may result in unintended behavior. This may change in the future. Please use `addBottomSheetCallback()` and `removeBottomSheetCallback()` instead to set your own callbacks.
02-11 21:55:40.033 11391 11391 W BottomSheetBehavior: BottomSheetBehavior now supports multiple callbacks. `setBottomSheetCallback()` removes all existing callbacks, including ones set internally by library authors, which may result in unintended behavior. This may change in the future. Please use `addBottomSheetCallback()` and `removeBottomSheetCallback()` instead to set your own callbacks.
02-11 21:55:40.033 11391 11391 W BottomSheetBehavior: BottomSheetBehavior now supports multiple callbacks. `setBottomSheetCallback()` removes all existing callbacks, including ones set internally by library authors, which may result in unintended behavior. This may change in the future. Please use `addBottomSheetCallback()` and `removeBottomSheetCallback()` instead to set your own callbacks.
02-11 21:55:40.199 11391 11960 W GrallocMapperPassthrough: buffer descriptor with invalid usage bits 0x2000
02-11 21:55:40.201 11391 11960 W GrallocMapperPassthrough: buffer descriptor with invalid usage bits 0x2000
02-11 21:55:40.210 11391 11960 W GrallocMapperPassthrough: buffer descriptor with invalid usage bits 0x2000
02-11 21:55:40.229 11391 11967 W ExtendedACodec: Failed to get extension for extradata parameter
02-11 21:55:40.266 11391 11960 W GrallocMapperPassthrough: buffer descriptor with invalid usage bits 0x2000
02-11 21:55:40.269 11391 11960 W GrallocMapperPassthrough: buffer descriptor with invalid usage bits 0x2000
02-11 21:55:40.291 11391 11960 W GrallocMapperPassthrough: buffer descriptor with invalid usage bits 0x2000
02-11 21:55:40.294 11391 11960 W GrallocMapperPassthrough: buffer descriptor with invalid usage bits 0x2000
02-11 21:55:40.478 11391 11960 W GrallocMapperPassthrough: buffer descriptor with invalid usage bits 0x2000
02-11 21:55:50.125 11391 11469 W Adreno-ES20: <core_glFinish:34>: glFinish skipped: 0
02-11 21:55:50.166 11391 11469 W Adreno-ES20: <core_glFinish:34>: glFinish skipped: 0
02-11 21:55:50.214 11391 11469 W Adreno-ES20: <core_glFinish:34>: glFinish skipped: 0
02-11 21:55:50.215 11391 11469 W Adreno-ES20: <core_glFinish:34>: glFinish skipped: 0
02-11 21:55:51.476 11391 11391 W TabLayout: MODE_SCROLLABLE + GRAVITY_FILL is not supported, GRAVITY_START will be used instead
02-11 21:55:51.558 11391 11391 W BottomSheetBehavior: BottomSheetBehavior now supports multiple callbacks. `setBottomSheetCallback()` removes all existing callbacks, including ones set internally by library authors, which may result in unintended behavior. This may change in the future. Please use `addBottomSheetCallback()` and `removeBottomSheetCallback()` instead to set your own callbacks.
02-11 21:55:51.689 11391 11438 W ResourceType: ResTable_typeSpec entry count inconsistent: given 3138, previously 3812
02-11 21:55:51.690 11391 11438 W ResourceType: ResTable_typeSpec entry count inconsistent: given 2493, previously 2504
02-11 21:55:51.690 11391 11438 W ResourceType: ResTable_typeSpec entry count inconsistent: given 393, previously 3237
02-11 21:55:51.732 11391 11986 E libc : Access denied finding property "camera.hal1.packagelist"
02-11 21:55:51.726 11391 11391 W Optic-Camera-Ha: type=1400 audit(0.0:316432): avc: denied { read } for name="u:object_r:camera_prop:s0" dev="tmpfs" ino=2449 scontext=u:r:untrusted_app:s0:c512,c768 tcontext=u:object_r:camera_prop:s0 tclass=file permissive=0
02-11 21:55:51.920 11391 11469 W Adreno-EGL: <qeglDrvAPI_eglGetConfigAttrib:612>: EGL_BAD_ATTRIBUTE
02-11 21:55:51.945 11391 11391 W View : requestLayout() improperly called by com.whatsapp.WaImageView{50a83f VF.D..CL. ......ID 0,0-88,88 #7f0b1814 app:id/shutter} during layout: running second layout pass
02-11 21:55:51.945 11391 11391 W View : requestLayout() improperly called by com.whatsapp.CircularProgressBar{555050c V.ED..... ......ID 0,0-88,88 #7f0b14fc app:id/recording_progress} during layout: running second layout pass
02-11 21:55:51.945 11391 11391 W View : requestLayout() improperly called by com.whatsapp.WaImageView{4fe55 VF.D..C.. ......ID 0,0-66,66 #7f0b1976 app:id/switch_camera_btn} during layout: running second layout pass
02-11 21:55:51.945 11391 11391 W View : requestLayout() improperly called by com.whatsapp.WaImageView{25c606a VFED..C.. ......ID 0,0-66,66 #7f0b0b0d app:id/gallery_btn} during layout: running second layout pass
02-11 21:55:51.945 11391 11391 W View : requestLayout() improperly called by com.whatsapp.WaImageView{2b1895b VF.D..C.. ......ID 0,0-66,66 #7f0b0a9c app:id/flash_btn} during layout: running second layout pass
02-11 21:55:51.945 11391 11391 W View : requestLayout() improperly called by com.whatsapp.WaImageView{4d365f8 VFED..C.. ......ID 0,0-66,66 #7f0b057f app:id/close_camera_btn} during layout: running second layout pass
02-11 21:55:51.945 11391 11391 W View : requestLayout() improperly called by X.4Ki{ce42ad1 V.ED..... ......ID 0,3-480,69} during layout: running second layout pass
02-11 21:55:51.995 11391 11391 W View : requestLayout() improperly called by com.whatsapp.WaImageView{50a83f VF.D..CL. ......ID 196,670-284,758 #7f0b1814 app:id/shutter} during layout: running second layout pass
02-11 21:55:51.995 11391 11391 W View : requestLayout() improperly called by com.whatsapp.CircularProgressBar{555050c V.ED..... ......ID 196,670-284,758 #7f0b14fc app:id/recording_progress} during layout: running second layout pass
02-11 21:55:51.995 11391 11391 W View : requestLayout() improperly called by com.whatsapp.WaImageView{4fe55 VF.D..C.. ......ID 402,680-468,746 #7f0b1976 app:id/switch_camera_btn} during layout: running second layout pass
02-11 21:55:51.995 11391 11391 W View : requestLayout() improperly called by com.whatsapp.WaImageView{25c606a VFED..C.. ......ID 12,680-78,746 #7f0b0b0d app:id/gallery_btn} during layout: running second layout pass
02-11 21:55:51.995 11391 11391 W View : requestLayout() improperly called by com.whatsapp.WaImageView{2b1895b VF.D..C.. ......ID 402,12-468,78 #7f0b0a9c app:id/flash_btn} during layout: running second layout pass
02-11 21:55:51.995 11391 11391 W View : requestLayout() improperly called by com.whatsapp.WaImageView{4d365f8 VFED..C.. ......ID 12,12-78,78 #7f0b057f app:id/close_camera_btn} during layout: running second layout pass
02-11 21:55:52.065 11391 11469 W Adreno-ES20: <core_glFinish:34>: glFinish skipped: 0
02-11 21:55:52.276 11391 11469 W Adreno-ES20: <core_glFinish:34>: glFinish skipped: 0
02-11 21:55:52.277 11391 11469 W Adreno-ES20: <core_glFinish:34>: glFinish skipped: 0
02-11 21:55:52.766 11391 11391 W Optic-Task-Hand: type=1400 audit(0.0:316433): avc: denied { search } for name="kgsl-3d0" dev="sysfs" ino=20173 scontext=u:r:untrusted_app:s0:c512,c768 tcontext=u:object_r:sysfs_kgsl:s0 tclass=dir permissive=0
02-11 21:55:52.771 11391 11985 W Adreno-ES20: <get_gpu_clk:229>: open failed: errno 13
02-11 21:55:52.773 11391 11985 W Adreno-EGL: <qeglDrvAPI_eglGetConfigAttrib:612>: EGL_BAD_ATTRIBUTE
02-11 21:55:52.780 11391 11985 W Adreno-EGL: <qeglDrvAPI_eglGetConfigAttrib:612>: EGL_BAD_ATTRIBUTE
02-11 21:55:52.785 11391 11985 W Adreno-EGL: <qeglDrvAPI_eglQueryContext:4411>: EGL_BAD_ATTRIBUTE
02-11 21:55:52.900 11391 11469 W Adreno-ES20: <core_glFinish:34>: glFinish skipped: 0
02-11 21:55:57.679 11391 11469 W Adreno-EGL: <qeglDrvAPI_eglGetConfigAttrib:612>: EGL_BAD_ATTRIBUTE
02-11 21:55:57.981 11391 12151 W Adreno-ES20: <get_gpu_clk:229>: open failed: errno 13
02-11 21:55:57.966 11391 11391 W ExoPlayer:Dummy: type=1400 audit(0.0:316434): avc: denied { search } for name="kgsl-3d0" dev="sysfs" ino=20173 scontext=u:r:untrusted_app:s0:c512,c768 tcontext=u:object_r:sysfs_kgsl:s0 tclass=dir permissive=0
02-11 21:55:57.984 11391 12151 W Adreno-EGL: <qeglDrvAPI_eglGetConfigAttrib:612>: EGL_BAD_ATTRIBUTE
02-11 21:55:57.984 11391 12151 W Adreno-EGL: <qeglDrvAPI_eglQueryContext:4411>: EGL_BAD_ATTRIBUTE
02-11 21:55:58.020 11391 12147 W GrallocMapperPassthrough: buffer descriptor with invalid usage bits 0x2000
02-11 21:55:58.025 11391 12147 W GrallocMapperPassthrough: buffer descriptor with invalid usage bits 0x2000
02-11 21:55:58.028 11391 12147 W GrallocMapperPassthrough: buffer descriptor with invalid usage bits 0x2000
02-11 21:55:58.042 11391 12152 W ExtendedACodec: Failed to get extension for extradata parameter
02-11 21:55:58.081 11391 12147 W GrallocMapperPassthrough: buffer descriptor with invalid usage bits 0x2000
02-11 21:55:58.084 11391 12147 W GrallocMapperPassthrough: buffer descriptor with invalid usage bits 0x2000
02-11 21:55:58.223 11391 12147 W GrallocMapperPassthrough: buffer descriptor with invalid usage bits 0x2000
02-11 21:55:58.481 11391 11469 W Adreno-ES20: <core_glFinish:34>: glFinish skipped: 0
02-11 21:55:58.493 11391 11469 W Adreno-ES20: <core_glFinish:34>: glFinish skipped: 0
02-11 21:56:01.338 11391 11391 W RecyclerView: An instance of 6Hl was started more than once. Each instance of6Hl is intended to only be used once. You should create a new instance for each use.
02-11 21:56:01.366 11391 11469 W Adreno-EGL: <qeglDrvAPI_eglGetConfigAttrib:612>: EGL_BAD_ATTRIBUTE
02-11 21:56:01.583 11391 11391 W RecyclerView: An instance of 6Hl was started more than once. Each instance of6Hl is intended to only be used once. You should create a new instance for each use.
02-11 21:56:01.677 11391 11391 W RecyclerView: An instance of 6Hl was started more than once. Each instance of6Hl is intended to only be used once. You should create a new instance for each use.
02-11 21:56:01.856 11391 11391 W Optic-Camera-Ha: type=1400 audit(0.0:316435): avc: denied { read } for name="u:object_r:camera_prop:s0" dev="tmpfs" ino=2449 scontext=u:r:untrusted_app:s0:c512,c768 tcontext=u:object_r:camera_prop:s0 tclass=file permissive=0
02-11 21:56:01.865 11391 11986 E libc : Access denied finding property "camera.hal1.packagelist"
02-11 21:56:01.876 11391 11469 W Adreno-ES20: <core_glFinish:34>: glFinish skipped: 0
02-11 21:56:01.879 11391 11469 W Adreno-ES20: <core_glFinish:34>: glFinish skipped: 0
02-11 21:56:01.917 11391 11469 W Adreno-ES20: <core_glFinish:34>: glFinish skipped: 0
02-11 21:56:01.932 11391 11469 W Adreno-ES20: <core_glFinish:34>: glFinish skipped: 0
02-11 21:56:01.932 11391 11469 W Adreno-ES20: <core_glFinish:34>: glFinish skipped: 0
02-11 21:56:02.036 11391 11391 W Optic-Task-Hand: type=1400 audit(0.0:316436): avc: denied { search } for name="kgsl-3d0" dev="sysfs" ino=20173 scontext=u:r:untrusted_app:s0:c512,c768 tcontext=u:object_r:sysfs_kgsl:s0 tclass=dir permissive=0
02-11 21:56:02.049 11391 11985 W Adreno-ES20: <get_gpu_clk:229>: open failed: errno 13
02-11 21:56:02.051 11391 11985 W Adreno-EGL: <qeglDrvAPI_eglGetConfigAttrib:612>: EGL_BAD_ATTRIBUTE
02-11 21:56:02.057 11391 11985 W Adreno-EGL: <qeglDrvAPI_eglGetConfigAttrib:612>: EGL_BAD_ATTRIBUTE
02-11 21:56:02.058 11391 11985 W Adreno-EGL: <qeglDrvAPI_eglQueryContext:4411>: EGL_BAD_ATTRIBUTE
02-11 21:56:12.384 11391 11469 W Adreno-ES20: <core_glFinish:34>: glFinish skipped: 0
02-11 21:56:12.387 11391 11399 E SpellCheckerSession: ignoring processOrEnqueueTask due to unexpected mState=TASK_CLOSE scp.mWhat=TASK_CLOSE
02-11 21:56:12.408 11391 11469 W Adreno-EGL: <qeglDrvAPI_eglGetConfigAttrib:612>: EGL_BAD_ATTRIBUTE
02-11 21:56:12.470 11391 11469 W Adreno-ES20: <core_glFinish:34>: glFinish skipped: 0
02-11 21:56:12.890 11391 11469 W Adreno-ES20: <core_glFinish:34>: glFinish skipped: 0
02-11 21:56:14.368 11391 11469 W Adreno-EGL: <qeglDrvAPI_eglGetConfigAttrib:612>: EGL_BAD_ATTRIBUTE
02-11 21:56:14.459 11391 11469 W Adreno-ES20: <core_glFinish:34>: glFinish skipped: 0
02-11 21:56:14.460 11391 11469 W Adreno-ES20: <core_glFinish:34>: glFinish skipped: 0
02-11 21:56:14.838 11391 11469 W Adreno-ES20: <core_glFinish:34>: glFinish skipped: 0
02-11 21:56:14.845 11391 11469 W Adreno-ES20: <core_glFinish:34>: glFinish skipped: 0
02-11 21:56:16.253 11391 11391 W StaticLayout: maxLineHeight should not be -1. maxLines:1 lineCount:1
02-11 21:56:16.257 11391 11391 W StaticLayout: maxLineHeight should not be -1. maxLines:1 lineCount:1
02-11 21:56:20.666 11391 11469 W Adreno-ES20: <core_glFinish:34>: glFinish skipped: 0
02-11 21:56:20.976 11391 11469 W Adreno-ES20: <core_glFinish:34>: glFinish skipped: 0
02-11 21:56:21.359 11391 11469 W Adreno-ES20: <core_glFinish:34>: glFinish skipped: 0
02-11 21:56:21.361 11391 11469 W Adreno-ES20: <core_glFinish:34>: glFinish skipped: 0 --------- beginning of main
02-11 22:03:04.420 14437 14437 W System.err: java.lang.ClassNotFoundException: mbmodsd.mbmodsw.ui.views.btn.BtnBK
02-11 22:03:04.420 14437 14437 W System.err: at java.lang.VMClassLoader.findLoadedClass(Native Method)
02-11 22:03:04.420 14437 14437 W System.err: at java.lang.ClassLoader.findLoadedClass(ClassLoader.java:738)
02-11 22:03:04.420 14437 14437 W System.err: at java.lang.ClassLoader.loadClass(ClassLoader.java:363)
02-11 22:03:04.420 14437 14437 W System.err: at java.lang.ClassLoader.loadClass(ClassLoader.java:312)
02-11 22:03:04.420 14437 14437 W System.err: at java.lang.Runtime.nativeLoad(Native Method)
02-11 22:03:04.420 14437 14437 W System.err: at java.lang.Runtime.doLoad(Runtime.java:1099)
02-11 22:03:04.420 14437 14437 W System.err: at java.lang.Runtime.loadLibrary0(Runtime.java:1014)
02-11 22:03:04.420 14437 14437 W System.err: at java.lang.System.loadLibrary(System.java:1657)
02-11 22:03:04.420 14437 14437 W System.err: at arm.EpicVm.<clinit>(Unknown Source:2)
02-11 22:03:04.420 14437 14437 W System.err: at java.lang.Class.newInstance(Native Method)
02-11 22:03:04.420 14437 14437 W System.err: at android.app.Instrumentation.newApplication(Instrumentation.java:1140)
02-11 22:03:04.420 14437 14437 W System.err: at android.app.Instrumentation.newApplication(Instrumentation.java:1125)
02-11 22:03:04.420 14437 14437 W System.err: at android.app.LoadedApk.makeApplication(LoadedApk.java:983)
02-11 22:03:04.420 14437 14437 W System.err: at android.app.ActivityThread.handleBindApplication(ActivityThread.java:5751)
02-11 22:03:04.420 14437 14437 W System.err: at android.app.ActivityThread.- wrap1(Unknown Source:0)
02-11 22:03:04.420 14437 14437 W System.err: at android.app.ActivityThread$H.handleMessage(ActivityThread.java:1680)
02-11 22:03:04.420 14437 14437 W System.err: at android.os.Handler.dispatchMessage(Handler.java:106)
02-11 22:03:04.420 14437 14437 W System.err: at android.os.Looper.loop(Looper.java:164)
02-11 22:03:04.420 14437 14437 W System.err: at android.app.ActivityThread.main(ActivityThread.java:6539)
02-11 22:03:04.421 14437 14437 W System.err: at java.lang.reflect.Method.invoke(Native Method)
02-11 22:03:04.421 14437 14437 W System.err: at com.android.internal.os.RuntimeInit$MethodAndArgsCaller.run(RuntimeInit.java:438)
02-11 22:03:04.421 14437 14437 W System.err: at com.android.internal.os.ZygoteInit.main(ZygoteInit.java:807)
02-11 22:03:04.421 14437 14437 W System.err: Caused by: java.lang.NoClassDefFoundError: Failed resolution of: Lcom/whatsapp/components/Button;
02-11 22:03:04.421 14437 14437 W System.err: ... 18 more
02-11 22:03:04.421 14437 14437 W System.err: Caused by: java.lang.ClassNotFoundException: Didn't find class "com.whatsapp.components.Button" on path: DexPathList[[zip file "/data/app/com.whatsapp-UEj3oGZH85olLjPuviRrSA==/base.apk"],nativeLibraryDirectorie s=[/data/app/com.whatsapp-UEj3oGZH85olLjPuviRrSA==/lib/arm, /data/app/com.whatsapp- UEj3oGZH85olLjPuviRrSA==/base.apk!/lib/armeabi-v7a, /system/lib, /vendor/lib]]
02-11 22:03:04.421 14437 14437 W System.err: at dalvik.system.BaseDexClassLoader.findClass(BaseDexClassLoader.java:125)
02-11 22:03:04.421 14437 14437 W System.err: at java.lang.ClassLoader.loadClass(ClassLoader.java:379)
02-11 22:03:04.421 14437 14437 W System.err: at java.lang.ClassLoader.loadClass(ClassLoader.java:312)
02-11 22:03:04.421 14437 14437 W System.err: ... 18 more
02-11 22:03:04.516 14437 14437 E CustomActivityOnCrash: IMPORTANT WARNING! You already have an UncaughtExceptionHandler, are you sure this is correct? If you use a custom UncaughtExceptionHandler, you must initialize it AFTER CustomActivityOnCrash! Installing anyway, but your original handler will not be called.
02-11 22:03:05.471 14437 14482 W zygote : Class X.2rL failed lock verification and will run slower.
02-11 22:03:05.472 14437 14482 W zygote : Common causes for lock verification issues are non-optimized dex code
02-11 22:03:05.472 14437 14482 W zygote : and incorrect proguard optimizations.
02-11 22:03:05.492 14437 14437 W zygote : Class X.0eU failed lock verification and will run slower. --------- beginning of system
02-11 22:03:05.831 14437 14437 W zygote : Class com.whatsapp.HomeActivity failed lock verification and will run slower.
02-11 22:03:06.217 14437 14437 W ResourceType: Too many attribute references, stopped at: 0x01010034
02-11 22:03:06.226 14437 14437 W ResourceType: Too many attribute references, stopped at: 0x01010034
02-11 22:03:06.640 14437 14437 E ArmVmp : Match on catch block at 0x0a in for 0xb1
02-11 22:03:06.683 14437 14437 E ArmVmp : Match on catch block at 0x0a in for 0x121
02-11 22:03:07.456 14437 14437 W StaticLayout: maxLineHeight should not be -1. maxLines:1 lineCount:1
02-11 22:03:07.493 14437 14437 W StaticLayout: maxLineHeight should not be -1. maxLines:1 lineCount:1
02-11 22:03:09.346 14437 14437 E RecyclerView: No adapter attached; skipping layout
02-11 22:03:09.368 14437 14437 E ArmVmp : Match on catch block at 0x0a in for 0xc9
02-11 22:03:09.489 14437 14437 E RecyclerView: No adapter attached; skipping layout
02-11 22:03:09.690 14437 14454 W LibraryVersion: Failed to get app version for libraryName: firebase-iid
02-11 22:03:09.794 14437 14553 W LOTTIE : Animation contains merge paths. Merge paths are only supported on KitKat+ and must be manually enabled by calling enableMergePathsForKitKatAndAbove().
02-11 22:03:09.873 14437 14437 W StaticLayout: maxLineHeight should not be -1. maxLines:1 lineCount:1
02-11 22:03:09.876 14437 14437 W StaticLayout: maxLineHeight should not be -1. maxLines:1 lineCount:1
02-11 22:03:09.900 14437 14513 W Adreno-ES20: <get_gpu_clk:229>: open failed: errno 13
02-11 22:03:09.904 14437 14513 W Adreno-EGL: <qeglDrvAPI_eglGetConfigAttrib:612>: EGL_BAD_ATTRIBUTE
02-11 22:03:09.907 14437 14513 W Adreno-EGL: <qeglDrvAPI_eglGetConfigAttrib:612>: EGL_BAD_ATTRIBUTE
02-11 22:03:10.044 14437 14479 E SQLiteDatabase: Error inserting media_duration=9 file_path=null transferred=0 thumbnail_height_width_ratio=1.7777778 face_y=0 face_x=0 trim_from=0 media_caption=null transcoded=0 message_url=https://mmg.whatsapp.net/v/t62.7161- 24/29747898_310336215379419_2783798967066743975_n.enc?ccb=11- 4&oh=01_AdSwh1rBbh9kbI_AVKi_Q1J0YXHIX6wkmNqjUHEXkxupNQ&oe=65F103FB&_nc_sid=5e03e0&m ms3=true first_scan_sidecar=null direct_path=/v/t62.7161- 24/29747898_310336215379419_2783798967066743975_n.enc?ccb=11- 4&oh=01_AdSwh1rBbh9kbI_AVKi_Q1J0YXHIX6wkmNqjUHEXkxupNQ&oe=65F103FB&_nc_sid=5e03e0 original_file_hash=null is_animated_sticker=0 media_name=null has_streaming_sidecar=1 partial_media_enc_hash=null media_key=[B@1d3db44 multicast_id=null page_count=0 height=640 partial_media_hash=null gif_attribution=0 mute_video=0 autotransfer_retry_enabled=0 first_scan_length=0 trim_to=0 media_key_timestamp=1707703163000 file_size=0 chat_row_id=11 media_job_uuid=f2886297-ecac-4da1-ab93-a224c01d72c6 message_row_id=2398 enc_file_hash=DyEGNEhTPM53lTBnEm4nflYGSypkapVRqrPGnUsc/m0= file_hash=f2dLJID10rZwhlY7sZL83tUlnV5sn5m1itvtItVWaEw= mime_type=video/mp4 media_upload_handle=null suspicious_content=0 width=360 file_length=808925
02-11 22:03:10.044 14437 14479 E SQLiteDatabase: android.database.sqlite.SQLiteConstraintException: UNIQUE constraint failed: message_media.message_row_id (code 1555)
02-11 22:03:10.044 14437 14479 E SQLiteDatabase: at android.database.sqlite.SQLiteConnection.nativeExecuteForLastInsertedRowId(Native Method)
02-11 22:03:10.044 14437 14479 E SQLiteDatabase: at android.database.sqlite.SQLiteConnection.executeForLastInsertedRowId(SQLiteConnecti on.java:790)
02-11 22:03:10.044 14437 14479 E SQLiteDatabase: at android.database.sqlite.SQLiteSession.executeForLastInsertedRowId(SQLiteSession.jav a:788)
02-11 22:03:10.044 14437 14479 E SQLiteDatabase: at android.database.sqlite.SQLiteStatement.executeInsert(SQLiteStatement.java:86)
02-11 22:03:10.044 14437 14479 E SQLiteDatabase: at android.database.sqlite.SQLiteDatabase.insertWithOnConflict(SQLiteDatabase.java:154 8)
02-11 22:03:10.044 14437 14479 E SQLiteDatabase: at android.database.sqlite.SQLiteDatabase.insert(SQLiteDatabase.java:1417)
02-11 22:03:10.044 14437 14479 E SQLiteDatabase: at X.2tm.A08(Unknown Source:6)
02-11 22:03:10.044 14437 14479 E SQLiteDatabase: at X.35Y.A07(Unknown Source:212)
02-11 22:03:10.044 14437 14479 E SQLiteDatabase: at X.3QF.A14(Unknown Source:470)
02-11 22:03:10.044 14437 14479 E SQLiteDatabase: at X.3gU.run(Unknown Source:982)
02-11 22:03:10.044 14437 14479 E SQLiteDatabase: at android.os.Handler.handleCallback(Handler.java:790)
02-11 22:03:10.044 14437 14479 E SQLiteDatabase: at android.os.Handler.dispatchMessage(Handler.java:99)
02-11 22:03:10.044 14437 14479 E SQLiteDatabase: at X.0zq.dispatchMessage(Unknown Source:4)
02-11 22:03:10.044 14437 14479 E SQLiteDatabase: at android.os.Looper.loop(Looper.java:164)
02-11 22:03:10.044 14437 14479 E SQLiteDatabase: at android.os.HandlerThread.run(HandlerThread.java:65)
02-11 22:03:10.048 14437 14479 E SQLiteDatabase: Error inserting media_duration=10 file_path=null transferred=0 thumbnail_height_width_ratio=1.7777778 face_y=0 face_x=0 trim_from=0 media_caption=null transcoded=0 message_url=https://mmg.whatsapp.net/v/t62.7161- 24/11811028_902878028044452_1059384860363073763_n.enc?ccb=11- 4&oh=01_AdQke6fwS7E1KwCEaevlfXJAdL0QEGuJsUrB9Y7nLrZBhQ&oe=65F0ED63&_nc_sid=5e03e0&m ms3=true first_scan_sidecar=null direct_path=/v/t62.7161- 24/11811028_902878028044452_1059384860363073763_n.enc?ccb=11- 4&oh=01_AdQke6fwS7E1KwCEaevlfXJAdL0QEGuJsUrB9Y7nLrZBhQ&oe=65F0ED63&_nc_sid=5e03e0 original_file_hash=null is_animated_sticker=0 media_name=null has_streaming_sidecar=1 partial_media_enc_hash=null media_key=[B@7081ef3 multicast_id=null page_count=0 height=640 partial_media_hash=null gif_attribution=0 mute_video=0 autotransfer_retry_enabled=0 first_scan_length=0 trim_to=0 media_key_timestamp=1707703333000 file_size=0 chat_row_id=11 media_job_uuid=81df6c3b-8116-4e94-8307-d320e2ad92c2 message_row_id=2399 enc_file_hash=gRT7yjjvnoGHspyc8wd6QLhnG6Prk8ZWpuRJ+GDefOw= file_hash=ub5tWCfZMIjbCMqa1lumUNDtFjP1yYvuU7r5SL75PlU= mime_type=video/mp4 media_upload_handle=null suspicious_content=0 width=360 file_length=1447734
02-11 22:03:10.048 14437 14479 E SQLiteDatabase: android.database.sqlite.SQLiteConstraintException: UNIQUE constraint failed: message_media.message_row_id (code 1555)
02-11 22:03:10.048 14437 14479 E SQLiteDatabase: at android.database.sqlite.SQLiteConnection.nativeExecuteForLastInsertedRowId(Native Method)
02-11 22:03:10.048 14437 14479 E SQLiteDatabase: at android.database.sqlite.SQLiteConnection.executeForLastInsertedRowId(SQLiteConnecti on.java:790)
02-11 22:03:10.048 14437 14479 E SQLiteDatabase: at android.database.sqlite.SQLiteSession.executeForLastInsertedRowId(SQLiteSession.jav a:788)
02-11 22:03:10.048 14437 14479 E SQLiteDatabase: at android.database.sqlite.SQLiteStatement.executeInsert(SQLiteStatement.java:86)
02-11 22:03:10.048 14437 14479 E SQLiteDatabase: at android.database.sqlite.SQLiteDatabase.insertWithOnConflict(SQLiteDatabase.java:154 8)
02-11 22:03:10.048 14437 14479 E SQLiteDatabase: at android.database.sqlite.SQLiteDatabase.insert(SQLiteDatabase.java:1417)
02-11 22:03:10.048 14437 14479 E SQLiteDatabase: at X.2tm.A08(Unknown Source:6)
02-11 22:03:10.048 14437 14479 E SQLiteDatabase: at X.35Y.A07(Unknown Source:212)
02-11 22:03:10.048 14437 14479 E SQLiteDatabase: at X.3QF.A14(Unknown Source:470)
02-11 22:03:10.048 14437 14479 E SQLiteDatabase: at X.3gU.run(Unknown Source:982)
02-11 22:03:10.048 14437 14479 E SQLiteDatabase: at android.os.Handler.handleCallback(Handler.java:790)
02-11 22:03:10.048 14437 14479 E SQLiteDatabase: at android.os.Handler.dispatchMessage(Handler.java:99)
02-11 22:03:10.048 14437 14479 E SQLiteDatabase: at X.0zq.dispatchMessage(Unknown Source:4)
02-11 22:03:10.048 14437 14479 E SQLiteDatabase: at android.os.Looper.loop(Looper.java:164)
02-11 22:03:10.048 14437 14479 E SQLiteDatabase: at android.os.HandlerThread.run(HandlerThread.java:65)
02-11 22:03:10.084 14437 14437 W LOTTIE : Animation contains merge paths but they are disabled.
02-11 22:03:10.379 14437 14479 E SQLiteDatabase: Error inserting media_duration=10 file_path=null transferred=0 thumbnail_height_width_ratio=1.7777778 face_y=0 face_x=0 trim_from=0 media_caption=null transcoded=0 message_url=https://mmg.whatsapp.net/v/t62.7161- 24/11811028_902878028044452_1059384860363073763_n.enc?ccb=11- 4&oh=01_AdQke6fwS7E1KwCEaevlfXJAdL0QEGuJsUrB9Y7nLrZBhQ&oe=65F0ED63&_nc_sid=5e03e0&m ms3=true first_scan_sidecar=null direct_path=/v/t62.7161- 24/11811028_902878028044452_1059384860363073763_n.enc?ccb=11- 4&oh=01_AdQke6fwS7E1KwCEaevlfXJAdL0QEGuJsUrB9Y7nLrZBhQ&oe=65F0ED63&_nc_sid=5e03e0 original_file_hash=null is_animated_sticker=0 media_name=null has_streaming_sidecar=1 partial_media_enc_hash=null media_key=[B@7081ef3 multicast_id=null page_count=0 height=640 partial_media_hash=null gif_attribution=0 mute_video=0 autotransfer_retry_enabled=0 first_scan_length=0 trim_to=0 media_key_timestamp=1707703333000 file_size=0 chat_row_id=11 media_job_uuid=81df6c3b-8116-4e94-8307-d320e2ad92c2 message_row_id=2399 enc_file_hash=gRT7yjjvnoGHspyc8wd6QLhnG6Prk8ZWpuRJ+GDefOw= file_hash=ub5tWCfZMIjbCMqa1lumUNDtFjP1yYvuU7r5SL75PlU= mime_type=video/mp4 media_upload_handle=null suspicious_content=0 width=360 file_length=1447734
02-11 22:03:10.379 14437 14479 E SQLiteDatabase: android.database.sqlite.SQLiteConstraintException: UNIQUE constraint failed: message_media.message_row_id (code 1555)
02-11 22:03:10.379 14437 14479 E SQLiteDatabase: at android.database.sqlite.SQLiteConnection.nativeExecuteForLastInsertedRowId(Native Method)
02-11 22:03:10.379 14437 14479 E SQLiteDatabase: at android.database.sqlite.SQLiteConnection.executeForLastInsertedRowId(SQLiteConnecti on.java:790)
02-11 22:03:10.379 14437 14479 E SQLiteDatabase: at android.database.sqlite.SQLiteSession.executeForLastInsertedRowId(SQLiteSession.jav a:788)
02-11 22:03:10.379 14437 14479 E SQLiteDatabase: at android.database.sqlite.SQLiteStatement.executeInsert(SQLiteStatement.java:86)
02-11 22:03:10.379 14437 14479 E SQLiteDatabase: at android.database.sqlite.SQLiteDatabase.insertWithOnConflict(SQLiteDatabase.java:154 8)
02-11 22:03:10.379 14437 14479 E SQLiteDatabase: at android.database.sqlite.SQLiteDatabase.insert(SQLiteDatabase.java:1417)
02-11 22:03:10.379 14437 14479 E SQLiteDatabase: at X.2tm.A08(Unknown Source:6)
02-11 22:03:10.379 14437 14479 E SQLiteDatabase: at X.35Y.A07(Unknown Source:212)
02-11 22:03:10.379 14437 14479 E SQLiteDatabase: at X.3QF.A14(Unknown Source:470)
02-11 22:03:10.379 14437 14479 E SQLiteDatabase: at X.3gU.run(Unknown Source:982)
02-11 22:03:10.379 14437 14479 E SQLiteDatabase: at android.os.Handler.handleCallback(Handler.java:790)
02-11 22:03:10.379 14437 14479 E SQLiteDatabase: at android.os.Handler.dispatchMessage(Handler.java:99)
02-11 22:03:10.379 14437 14479 E SQLiteDatabase: at X.0zq.dispatchMessage(Unknown Source:4)
02-11 22:03:10.379 14437 14479 E SQLiteDatabase: at android.os.Looper.loop(Looper.java:164)
02-11 22:03:10.379 14437 14479 E SQLiteDatabase: at android.os.HandlerThread.run(HandlerThread.java:65)
02-11 22:03:10.383 14437 14479 E SQLiteDatabase: Error inserting media_duration=9 file_path=null transferred=0 thumbnail_height_width_ratio=1.7777778 face_y=0 face_x=0 trim_from=0 media_caption=null transcoded=0 message_url=https://mmg.whatsapp.net/v/t62.7161- 24/29747898_310336215379419_2783798967066743975_n.enc?ccb=11- 4&oh=01_AdSwh1rBbh9kbI_AVKi_Q1J0YXHIX6wkmNqjUHEXkxupNQ&oe=65F103FB&_nc_sid=5e03e0&m ms3=true first_scan_sidecar=null direct_path=/v/t62.7161- 24/29747898_310336215379419_2783798967066743975_n.enc?ccb=11- 4&oh=01_AdSwh1rBbh9kbI_AVKi_Q1J0YXHIX6wkmNqjUHEXkxupNQ&oe=65F103FB&_nc_sid=5e03e0 original_file_hash=null is_animated_sticker=0 media_name=null has_streaming_sidecar=1 partial_media_enc_hash=null media_key=[B@1d3db44 multicast_id=null page_count=0 height=640 partial_media_hash=null gif_attribution=0 mute_video=0 autotransfer_retry_enabled=0 first_scan_length=0 trim_to=0 media_key_timestamp=1707703163000 file_size=0 chat_row_id=11 media_job_uuid=f2886297-ecac-4da1-ab93-a224c01d72c6 message_row_id=2398 enc_file_hash=DyEGNEhTPM53lTBnEm4nflYGSypkapVRqrPGnUsc/m0= file_hash=f2dLJID10rZwhlY7sZL83tUlnV5sn5m1itvtItVWaEw= mime_type=video/mp4 media_upload_handle=null suspicious_content=0 width=360 file_length=808925
02-11 22:03:10.383 14437 14479 E SQLiteDatabase: android.database.sqlite.SQLiteConstraintException: UNIQUE constraint failed: message_media.message_row_id (code 1555)
02-11 22:03:10.383 14437 14479 E SQLiteDatabase: at android.database.sqlite.SQLiteConnection.nativeExecuteForLastInsertedRowId(Native Method)
02-11 22:03:10.383 14437 14479 E SQLiteDatabase: at android.database.sqlite.SQLiteConnection.executeForLastInsertedRowId(SQLiteConnecti on.java:790)
02-11 22:03:10.383 14437 14479 E SQLiteDatabase: at android.database.sqlite.SQLiteSession.executeForLastInsertedRowId(SQLiteSession.jav a:788)
02-11 22:03:10.383 14437 14479 E SQLiteDatabase: at android.database.sqlite.SQLiteStatement.executeInsert(SQLiteStatement.java:86)
02-11 22:03:10.383 14437 14479 E SQLiteDatabase: at android.database.sqlite.SQLiteDatabase.insertWithOnConflict(SQLiteDatabase.java:154 8)
02-11 22:03:10.383 14437 14479 E SQLiteDatabase: at android.database.sqlite.SQLiteDatabase.insert(SQLiteDatabase.java:1417)
02-11 22:03:10.383 14437 14479 E SQLiteDatabase: at X.2tm.A08(Unknown Source:6)
02-11 22:03:10.383 14437 14479 E SQLiteDatabase: at X.35Y.A07(Unknown Source:212)
02-11 22:03:10.383 14437 14479 E SQLiteDatabase: at X.3QF.A14(Unknown Source:470)
02-11 22:03:10.383 14437 14479 E SQLiteDatabase: at X.3gU.run(Unknown Source:982)
02-11 22:03:10.383 14437 14479 E SQLiteDatabase: at android.os.Handler.handleCallback(Handler.java:790)
02-11 22:03:10.383 14437 14479 E SQLiteDatabase: at android.os.Handler.dispatchMessage(Handler.java:99)
02-11 22:03:10.383 14437 14479 E SQLiteDatabase: at X.0zq.dispatchMessage(Unknown Source:4)
02-11 22:03:10.383 14437 14479 E SQLiteDatabase: at android.os.Looper.loop(Looper.java:164)
02-11 22:03:10.383 14437 14479 E SQLiteDatabase: at android.os.HandlerThread.run(HandlerThread.java:65)
02-11 22:03:13.544 14437 14437 W zygote : Verification of void X.5pH.A1Z(android.os.Bundle) took 125.711ms
02-11 22:03:14.292 14437 14437 E ArmVmp : Match on catch block at 0x0a in for 0xb5
02-11 22:03:14.304 14437 14437 E ArmVmp : Match on catch block at 0x0a in for 0xb5
02-11 22:03:14.435 14437 14513 W Adreno-EGL: <qeglDrvAPI_eglGetConfigAttrib:612>: EGL_BAD_ATTRIBUTE
02-11 22:03:14.839 14437 14437 E ArmVmp : Match on catch block at 0xc3 in for 0xa5
02-11 22:03:14.848 14437 14437 E ArmVmp : Match on catch block at 0xc3 in for 0xa1
02-11 22:03:14.853 14437 14437 E ArmVmp : Match on catch block at 0xc3 in for 0xa1
02-11 22:03:14.916 14437 14437 E ArmVmp : Match on catch block at 0xc3 in for 0x99
02-11 22:03:14.921 14437 14437 E ArmVmp : Match on catch block at 0xc3 in for 0x95
02-11 22:03:14.924 14437 14437 E ArmVmp : Match on catch block at 0xc3 in for 0x95
02-11 22:03:15.019 14437 14437 E ArmVmp : Match on catch block at 0xc3 in for 0x99
02-11 22:03:15.024 14437 14437 E ArmVmp : Match on catch block at 0xc3 in for 0x91
02-11 22:03:15.027 14437 14437 E ArmVmp : Match on catch block at 0xc3 in for 0x91
02-11 22:03:15.047 14437 14437 E ArmVmp : Match on catch block at 0xc3 in for 0x95
02-11 22:03:15.052 14437 14437 E ArmVmp : Match on catch block at 0xc3 in for 0x99
02-11 22:03:15.055 14437 14437 E ArmVmp : Match on catch block at 0xc3 in for 0x99
02-11 22:03:15.070 14437 14513 W Adreno-ES20: <core_glFinish:34>: glFinish skipped: 0
02-11 22:03:15.073 14437 14513 W Adreno-ES20: <core_glFinish:34>: glFinish skipped: 0
02-11 22:03:15.087 14437 14437 E ArmVmp : Match on catch block at 0xc3 in for 0x95
02-11 22:03:15.092 14437 14437 E ArmVmp : Match on catch block at 0xc3 in for 0x99
02-11 22:03:15.095 14437 14437 E ArmVmp : Match on catch block at 0xc3 in for 0x99
02-11 22:03:15.109 14437 14437 E ArmVmp : Match on catch block at 0xc3 in for 0x91
02-11 22:03:15.114 14437 14437 E ArmVmp : Match on catch block at 0xc3 in for 0x95
02-11 22:03:15.117 14437 14437 E ArmVmp : Match on catch block at 0xc3 in for 0x95
02-11 22:03:15.137 14437 14437 E ArmVmp : Match on catch block at 0xc3 in for 0x99
02-11 22:03:15.142 14437 14437 E ArmVmp : Match on catch block at 0xc3 in for 0x91
02-11 22:03:15.145 14437 14437 E ArmVmp : Match on catch block at 0xc3 in for 0x91
02-11 22:03:15.204 14437 14437 E ArmVmp : Match on catch block at 0xc3 in for 0x95
02-11 22:03:15.210 14437 14437 E ArmVmp : Match on catch block at 0xc3 in for 0x99
02-11 22:03:15.213 14437 14437 E ArmVmp : Match on catch block at 0xc3 in for 0x99
02-11 22:03:15.223 14437 14437 E ArmVmp : Match on catch block at 0xc3 in for 0x91
02-11 22:03:15.228 14437 14437 E ArmVmp : Match on catch block at 0xc3 in for 0x95
02-11 22:03:15.232 14437 14437 E ArmVmp : Match on catch block at 0xc3 in for 0x95
02-11 22:03:15.254 14437 14437 E ArmVmp : Match on catch block at 0xc3 in for 0x99
02-11 22:03:15.259 14437 14437 E ArmVmp : Match on catch block at 0xc3 in for 0x91
02-11 22:03:15.262 14437 14437 E ArmVmp : Match on catch block at 0xc3 in for 0x91
02-11 22:03:15.270 14437 14437 E ArmVmp : Match on catch block at 0xc3 in for 0x95
02-11 22:03:15.276 14437 14437 E ArmVmp : Match on catch block at 0xc3 in for 0x99
02-11 22:03:15.279 14437 14437 E ArmVmp : Match on catch block at 0xc3 in for 0x99
02-11 22:03:15.287 14437 14437 E ArmVmp : Match on catch block at 0xc3 in for 0x91
02-11 22:03:15.293 14437 14437 E ArmVmp : Match on catch block at 0xc3 in for 0x95
02-11 22:03:15.296 14437 14437 E ArmVmp : Match on catch block at 0xc3 in for 0x95
02-11 22:03:15.304 14437 14437 E ArmVmp : Match on catch block at 0xc3 in for 0x91
02-11 22:03:15.310 14437 14437 E ArmVmp : Match on catch block at 0xc3 in for 0x95
02-11 22:03:15.313 14437 14437 E ArmVmp : Match on catch block at 0xc3 in for 0x95
02-11 22:03:15.327 14437 14437 E ArmVmp : Match on catch block at 0xc3 in for 0x91
02-11 22:03:15.332 14437 14437 E ArmVmp : Match on catch block at 0xc3 in for 0x95
02-11 22:03:15.337 14437 14437 E ArmVmp : Match on catch block at 0xc3 in for 0x95
02-11 22:03:15.347 14437 14437 E ArmVmp : Match on catch block at 0xc3 in for 0x99
02-11 22:03:15.352 14437 14437 E ArmVmp : Match on catch block at 0xc3 in for 0x91
02-11 22:03:15.356 14437 14437 E ArmVmp : Match on catch block at 0xc3 in for 0x91
02-11 22:03:15.370 14437 14437 E ArmVmp : Match on catch block at 0xc3 in for 0x95
02-11 22:03:15.375 14437 14437 E ArmVmp : Match on catch block at 0xc3 in for 0x99
02-11 22:03:15.378 14437 14437 E ArmVmp : Match on catch block at 0xc3 in for 0x99
02-11 22:03:15.424 14437 14513 W Adreno-ES20: <core_glFinish:34>: glFinish skipped: 0
02-11 22:03:15.429 14437 14437 E ArmVmp : Match on catch block at 0xc3 in for 0x95
02-11 22:03:15.435 14437 14437 E ArmVmp : Match on catch block at 0xc3 in for 0x99
