02-11 23:50:06.525 15812 15812 E ArmVmp : Match on catch block at 0xc3 in for 0x91
02-11 23:50:06.530 15812 15812 E ArmVmp : Match on catch block at 0xc3 in for 0x95
02-11 23:50:06.534 15812 15812 E ArmVmp : Match on catch block at 0xc3 in for 0x95
02-11 23:50:06.539 15812 15812 E ArmVmp : Match on catch block at 0xc3 in for 0x99
02-11 23:50:06.544 15812 15812 E ArmVmp : Match on catch block at 0xc3 in for 0x91
02-11 23:50:06.548 15812 15812 E ArmVmp : Match on catch block at 0xc3 in for 0x91
02-11 23:50:06.555 15812 15812 E ArmVmp : Match on catch block at 0xc3 in for 0x95
02-11 23:50:06.560 15812 15812 E ArmVmp : Match on catch block at 0xc3 in for 0x99
02-11 23:50:06.563 15812 15812 E ArmVmp : Match on catch block at 0xc3 in for 0x99
02-11 23:50:06.932 15812 15812 E ArmVmp : Match on catch block at 0xc3 in for 0x91
02-11 23:50:06.940 15812 15812 E ArmVmp : Match on catch block at 0xc3 in for 0x95
02-11 23:50:06.943 15812 15812 E ArmVmp : Match on catch block at 0xc3 in for 0x95
02-11 23:50:07.093 15812 15812 E ArmVmp : Match on catch block at 0xc3 in for 0x91
02-11 23:50:07.098 15812 15812 E ArmVmp : Match on catch block at 0xc3 in for 0x95
02-11 23:50:07.112 15812 15812 E ArmVmp : Match on catch block at 0xc3 in for 0x99
02-11 23:50:07.124 15812 15812 E ArmVmp : Match on catch block at 0xc3 in for 0x91
02-11 23:50:07.135 15812 15812 E ArmVmp : Match on catch block at 0xc3 in for 0x99
02-11 23:50:07.143 15812 15812 E ArmVmp : Match on catch block at 0xc3 in for 0x91
02-11 23:50:07.153 15812 15812 E ArmVmp : Match on catch block at 0xc3 in for 0x99
02-11 23:50:07.157 15812 15812 E ArmVmp : Match on catch block at 0xc3 in for 0x91
02-11 23:50:07.169 15812 15812 E ArmVmp : Match on catch block at 0xc3 in for 0x99
02-11 23:50:07.173 15812 15812 E ArmVmp : Match on catch block at 0xc3 in for 0x91
02-11 23:50:07.435 15812 15812 E ArmVmp : Match on catch block at 0xc3 in for 0x99
02-11 23:50:07.441 15812 15812 E ArmVmp : Match on catch block at 0xc3 in for 0x91
02-11 23:50:07.845 15812 15812 E ArmVmp : Match on catch block at 0xc3 in for 0x99
02-11 23:50:07.851 15812 15812 E ArmVmp : Match on catch block at 0xc3 in for 0x91
02-11 23:50:07.868 15812 15812 E ArmVmp : Match on catch block at 0xc3 in for 0x95
02-11 23:50:07.874 15812 15812 E ArmVmp : Match on catch block at 0xc3 in for 0x99
02-11 23:50:07.885 15812 15812 E ArmVmp : Match on catch block at 0xc3 in for 0x95
02-11 23:50:07.891 15812 15812 E ArmVmp : Match on catch block at 0xc3 in for 0x99
02-11 23:50:07.904 15812 15812 E ArmVmp : Match on catch block at 0xc3 in for 0x95
02-11 23:50:07.910 15812 15812 E ArmVmp : Match on catch block at 0xc3 in for 0x99
02-11 23:50:07.918 15812 15812 E ArmVmp : Match on catch block at 0xc3 in for 0x95
02-11 23:50:07.922 15812 15812 E ArmVmp : Match on catch block at 0xc3 in for 0x99
02-11 23:50:07.939 15812 15812 E ArmVmp : Match on catch block at 0xc3 in for 0x95
02-11 23:50:07.943 15812 15812 E ArmVmp : Match on catch block at 0xc3 in for 0x99
02-11 23:50:07.951 15812 15812 E ArmVmp : Match on catch block at 0xc3 in for 0x95
02-11 23:50:07.956 15812 15812 E ArmVmp : Match on catch block at 0xc3 in for 0x99
02-11 23:50:07.970 15812 15812 E ArmVmp : Match on catch block at 0xc3 in for 0x95
02-11 23:50:07.976 15812 15812 E ArmVmp : Match on catch block at 0xc3 in for 0x99
02-11 23:50:07.985 15812 15812 E ArmVmp : Match on catch block at 0xc3 in for 0x95
02-11 23:50:07.991 15812 15812 E ArmVmp : Match on catch block at 0xc3 in for 0x99
02-11 23:50:08.002 15812 15812 E ArmVmp : Match on catch block at 0xc3 in for 0x95
02-11 23:50:08.006 15812 15812 E ArmVmp : Match on catch block at 0xc3 in for 0x99
02-11 23:50:08.018 15812 15812 E ArmVmp : Match on catch block at 0xc3 in for 0x95
02-11 23:50:08.023 15812 15812 E ArmVmp : Match on catch block at 0xc3 in for 0x99
02-11 23:50:08.470 15812 15812 E ArmVmp : Match on catch block at 0xc3 in for 0x95
02-11 23:50:08.476 15812 15812 E ArmVmp : Match on catch block at 0xc3 in for 0x99
02-11 23:50:08.621 15812 15812 E ArmVmp : Match on catch block at 0xc3 in for 0x95
02-11 23:50:08.628 15812 15812 E ArmVmp : Match on catch block at 0xc3 in for 0x99
02-11 23:50:08.639 15812 15812 E ArmVmp : Match on catch block at 0xc3 in for 0x95
02-11 23:50:08.645 15812 15812 E ArmVmp : Match on catch block at 0xc3 in for 0x99
02-11 23:50:08.658 15812 15812 E ArmVmp : Match on catch block at 0xc3 in for 0x95
02-11 23:50:08.663 15812 15812 E ArmVmp : Match on catch block at 0xc3 in for 0x99
02-11 23:50:08.674 15812 15812 E ArmVmp : Match on catch block at 0xc3 in for 0x95
02-11 23:50:08.679 15812 15812 E ArmVmp : Match on catch block at 0xc3 in for 0x99
02-11 23:50:08.687 15812 15812 E ArmVmp : Match on catch block at 0xc3 in for 0x95
02-11 23:50:08.694 15812 15812 E ArmVmp : Match on catch block at 0xc3 in for 0x99
02-11 23:50:08.704 15812 15812 E ArmVmp : Match on catch block at 0xc3 in for 0x95
02-11 23:50:08.710 15812 15812 E ArmVmp : Match on catch block at 0xc3 in for 0x99
02-11 23:50:08.722 15812 15812 E ArmVmp : Match on catch block at 0xc3 in for 0x95
02-11 23:50:08.727 15812 15812 E ArmVmp : Match on catch block at 0xc3 in for 0x99
02-11 23:50:08.739 15812 15812 E ArmVmp : Match on catch block at 0xc3 in for 0x95
02-11 23:50:08.745 15812 15812 E ArmVmp : Match on catch block at 0xc3 in for 0x99
02-11 23:50:08.754 15812 15812 E ArmVmp : Match on catch block at 0xc3 in for 0x95
02-11 23:50:08.760 15812 15812 E ArmVmp : Match on catch block at 0xc3 in for 0x99
02-11 23:50:08.770 15812 15812 E ArmVmp : Match on catch block at 0xc3 in for 0x95
02-11 23:50:08.776 15812 15812 E ArmVmp : Match on catch block at 0xc3 in for 0x99
02-11 23:50:08.788 15812 15812 E ArmVmp : Match on catch block at 0xc3 in for 0x95
02-11 23:50:08.793 15812 15812 E ArmVmp : Match on catch block at 0xc3 in for 0x99
02-11 23:50:08.805 15812 15812 E ArmVmp : Match on catch block at 0xc3 in for 0x95
02-11 23:50:08.811 15812 15812 E ArmVmp : Match on catch block at 0xc3 in for 0x99
02-11 23:50:08.820 15812 15812 E ArmVmp : Match on catch block at 0xc3 in for 0x95
02-11 23:50:08.826 15812 15812 E ArmVmp : Match on catch block at 0xc3 in for 0x99
02-11 23:50:08.839 15812 15812 E ArmVmp : Match on catch block at 0xc3 in for 0x95
02-11 23:50:08.844 15812 15812 E ArmVmp : Match on catch block at 0xc3 in for 0x99
02-11 23:50:08.854 15812 15812 E ArmVmp : Match on catch block at 0xc3 in for 0x95
02-11 23:50:08.860 15812 15812 E ArmVmp : Match on catch block at 0xc3 in for 0x99
02-11 23:50:08.873 15812 15812 E ArmVmp : Match on catch block at 0xc3 in for 0x95
02-11 23:50:08.878 15812 15812 E ArmVmp : Match on catch block at 0xc3 in for 0x99
02-11 23:50:08.888 15812 15812 E ArmVmp : Match on catch block at 0xc3 in for 0x95
02-11 23:50:08.894 15812 15812 E ArmVmp : Match on catch block at 0xc3 in for 0x99
02-11 23:50:09.174 15812 15812 E ArmVmp : Match on catch block at 0xc3 in for 0x95
02-11 23:50:09.180 15812 15812 E ArmVmp : Match on catch block at 0xc3 in for 0x99
02-11 23:50:09.541 15812 15812 E ArmVmp : Match on catch block at 0xc3 in for 0x95
02-11 23:50:09.546 15812 15812 E ArmVmp : Match on catch block at 0xc3 in for 0x99
02-11 23:50:09.806 15812 15812 E ArmVmp : Match on catch block at 0xc3 in for 0x95
02-11 23:50:09.813 15812 15812 E ArmVmp : Match on catch block at 0xc3 in for 0x99
02-11 23:50:10.307 15812 15812 E ArmVmp : Match on catch block at 0xc3 in for 0x95
02-11 23:50:10.313 15812 15812 E ArmVmp : Match on catch block at 0xc3 in for 0x99
02-11 23:50:10.363 15812 15812 E ArmVmp : Match on catch block at 0xc3 in for 0x95
02-11 23:50:10.370 15812 15812 E ArmVmp : Match on catch block at 0xc3 in for 0x99
02-11 23:50:10.843 15812 15812 E ArmVmp : Match on catch block at 0xc3 in for 0x95
02-11 23:50:10.848 15812 15812 E ArmVmp : Match on catch block at 0xc3 in for 0x99
02-11 23:50:10.894 15812 15812 E ArmVmp : Match on catch block at 0xc3 in for 0x99
02-11 23:50:10.898 15812 15812 E ArmVmp : Match on catch block at 0xc3 in for 0x91
02-11 23:50:10.934 15812 15812 E ArmVmp : Match on catch block at 0xc3 in for 0x99
02-11 23:50:10.940 15812 15812 E ArmVmp : Match on catch block at 0xc3 in for 0x91
02-11 23:50:10.946 15812 15812 E ArmVmp : Match on catch block at 0xc3 in for 0x99
02-11 23:50:10.952 15812 15812 E ArmVmp : Match on catch block at 0xc3 in for 0x91
02-11 23:50:10.977 15812 15812 E ArmVmp : Match on catch block at 0xc3 in for 0x99
02-11 23:50:10.982 15812 15812 E ArmVmp : Match on catch block at 0xc3 in for 0x91
02-11 23:50:11.034 15812 15812 E ArmVmp : Match on catch block at 0xc3 in for 0x91
02-11 23:50:11.039 15812 15812 E ArmVmp : Match on catch block at 0xc3 in for 0x95
02-11 23:50:11.057 15812 15812 E ArmVmp : Match on catch block at 0xc3 in for 0x91
02-11 23:50:11.064 15812 15812 E ArmVmp : Match on catch block at 0xc3 in for 0x95
02-11 23:50:11.079 15812 15812 E ArmVmp : Match on catch block at 0xc3 in for 0x91
02-11 23:50:11.084 15812 15812 E ArmVmp : Match on catch block at 0xc3 in for 0x95
02-11 23:50:11.093 15812 15812 E ArmVmp : Match on catch block at 0xc3 in for 0x91
02-11 23:50:11.098 15812 15812 E ArmVmp : Match on catch block at 0xc3 in for 0x95
02-11 23:50:11.110 15812 15812 E ArmVmp : Match on catch block at 0xc3 in for 0x91
02-11 23:50:11.115 15812 15812 E ArmVmp : Match on catch block at 0xc3 in for 0x95
02-11 23:50:11.182 15812 15812 E ArmVmp : Match on catch block at 0xc3 in for 0x99
02-11 23:50:11.187 15812 15812 E ArmVmp : Match on catch block at 0xc3 in for 0x91
02-11 23:50:11.199 15812 15812 E ArmVmp : Match on catch block at 0xc3 in for 0x99
02-11 23:50:11.204 15812 15812 E ArmVmp : Match on catch block at 0xc3 in for 0x91
02-11 23:50:11.205 15812 19936 W MediaPlayer: Use of stream types is deprecated for operations other than volume control
02-11 23:50:11.205 15812 19936 W MediaPlayer: See the documentation of setAudioStreamType() for what to use instead with android.media.AudioAttributes to qualify your playback use case
02-11 23:50:11.378 15812 15812 E ArmVmp : Match on catch block at 0xc3 in for 0x99
02-11 23:50:11.385 15812 15812 E ArmVmp : Match on catch block at 0xc3 in for 0x91
02-11 23:50:11.880 15812 15812 E ArmVmp : Match on catch block at 0xc3 in for 0x99
02-11 23:50:11.887 15812 15812 E ArmVmp : Match on catch block at 0xc3 in for 0x91
02-11 23:50:12.380 15812 15812 E ArmVmp : Match on catch block at 0xc3 in for 0x99
02-11 23:50:12.387 15812 15812 E ArmVmp : Match on catch block at 0xc3 in for 0x91
02-11 23:50:12.471 15812 15812 E ArmVmp : Match on catch block at 0xc3 in for 0x95
02-11 23:50:12.477 15812 15812 E ArmVmp : Match on catch block at 0xc3 in for 0x99
02-11 23:50:12.500 15812 15812 E ArmVmp : Match on catch block at 0xc3 in for 0x91
02-11 23:50:12.506 15812 15812 E ArmVmp : Match on catch block at 0xc3 in for 0x95
02-11 23:50:12.524 15812 15812 E ArmVmp : Match on catch block at 0xc3 in for 0x99
02-11 23:50:12.529 15812 15812 E ArmVmp : Match on catch block at 0xc3 in for 0x91
02-11 23:50:12.131 15812 15812 E ArmVmp : Match on catch block at 0xc3 in for 0x99
02-11 23:50:12.138 15812 15812 E ArmVmp : Match on catch block at 0xc3 in for 0x91
02-11 23:50:13.010 15812 15812 E ArmVmp : Match on catch block at 0xc3 in for 0x99
02-11 23:50:13.017 15812 15812 E ArmVmp : Match on catch block at 0xc3 in for 0x91
02-11 23:50:13.277 15812 15812 E ArmVmp : Match on catch block at 0xc3 in for 0x99
02-11 23:50:13.283 15812 15812 E ArmVmp : Match on catch block at 0xc3 in for 0x91
02-11 23:50:13.303 15812 15812 E ArmVmp : Match on catch block at 0xc3 in for 0x95
02-11 23:50:13.309 15812 15812 E ArmVmp : Match on catch block at 0xc3 in for 0x99
02-11 23:50:13.342 15812 15812 E ArmVmp : Match on catch block at 0xc3 in for 0x95
02-11 23:50:13.347 15812 15812 E ArmVmp : Match on catch block at 0xc3 in for 0x99
02-11 23:50:13.396 15812 15812 E ArmVmp : Match on catch block at 0xc3 in for 0x95
02-11 23:50:13.400 15812 15812 E ArmVmp : Match on catch block at 0xc3 in for 0x99
02-11 23:50:13.436 15812 15899 W Adreno-EGL: <qeglDrvAPI_eglGetConfigAttrib:612>: EGL_BAD_ATTRIBUTE
02-11 23:50:13.571 15812 15812 W IInputConnectionWrapper: requestCursorAnchorInfo on inactive InputConnection
02-11 23:50:13.615 15812 15899 W Adreno-ES20: <core_glFinish:34>: glFinish skipped: 0
02-11 23:50:13.619 15812 15899 W Adreno-ES20: <core_glFinish:34>: glFinish skipped: 0
02-11 23:50:13.630 15812 15812 E ArmVmp : Match on catch block at 0xc3 in for 0x95
02-11 23:50:13.635 15812 15812 E ArmVmp : Match on catch block at 0xc3 in for 0x99
02-11 23:50:13.675 15812 15812 W StaticLayout: maxLineHeight should not be -1. maxLines:1 lineCount:1
02-11 23:50:13.677 15812 15812 W StaticLayout: maxLineHeight should not be -1. maxLines:1 lineCount:1
02-11 23:50:13.793 15812 15812 E ArmVmp : Match on catch block at 0xc3 in for 0x99
02-11 23:50:13.799 15812 15812 E ArmVmp : Match on catch block at 0xc3 in for 0x91
02-11 23:50:13.810 15812 15812 E ArmVmp : Match on catch block at 0xc3 in for 0x95
02-11 23:50:13.815 15812 15812 E ArmVmp : Match on catch block at 0xc3 in for 0x99
02-11 23:50:13.827 15812 15812 E ArmVmp : Match on catch block at 0xc3 in for 0x95
02-11 23:50:13.833 15812 15812 E ArmVmp : Match on catch block at 0xc3 in for 0x99
02-11 23:50:13.844 15812 15812 E ArmVmp : Match on catch block at 0xc3 in for 0x95
02-11 23:50:13.851 15812 15812 E ArmVmp : Match on catch block at 0xc3 in for 0x99
02-11 23:50:13.861 15812 15812 E ArmVmp : Match on catch block at 0xc3 in for 0x99
02-11 23:50:13.867 15812 15812 E ArmVmp : Match on catch block at 0xc3 in for 0x91
02-11 23:50:13.881 15812 15812 E ArmVmp : Match on catch block at 0xc3 in for 0x99
02-11 23:50:13.888 15812 15812 E ArmVmp : Match on catch block at 0xc3 in for 0x91
02-11 23:50:13.894 15812 15812 E ArmVmp : Match on catch block at 0xc3 in for 0x99
02-11 23:50:13.901 15812 15812 E ArmVmp : Match on catch block at 0xc3 in for 0x91
02-11 23:50:13.911 15812 15812 E ArmVmp : Match on catch block at 0xc3 in for 0x99
02-11 23:50:13.917 15812 15812 E ArmVmp : Match on catch block at 0xc3 in for 0x91
02-11 23:50:13.929 15812 15812 E ArmVmp : Match on catch block at 0xc3 in for 0x99
02-11 23:50:13.935 15812 15812 E ArmVmp : Match on catch block at 0xc3 in for 0x91
02-11 23:50:13.945 15812 15812 E ArmVmp : Match on catch block at 0xc3 in for 0x99
02-11 23:50:13.952 15812 15812 E ArmVmp : Match on catch block at 0xc3 in for 0x91
02-11 23:50:13.961 15812 15812 E ArmVmp : Match on catch block at 0xc3 in for 0x99
02-11 23:50:13.968 15812 15812 E ArmVmp : Match on catch block at 0xc3 in for 0x91
02-11 23:50:13.977 15812 15812 E ArmVmp : Match on catch block at 0xc3 in for 0x99
02-11 23:50:13.984 15812 15812 E ArmVmp : Match on catch block at 0xc3 in for 0x91
02-11 23:50:13.994 15812 15812 E ArmVmp : Match on catch block at 0xc3 in for 0x99
02-11 23:50:14.000 15812 15812 E ArmVmp : Match on catch block at 0xc3 in for 0x91
02-11 23:50:14.012 15812 15812 E ArmVmp : Match on catch block at 0xc3 in for 0x99
02-11 23:50:14.018 15812 15812 E ArmVmp : Match on catch block at 0xc3 in for 0x91
02-11 23:50:14.028 15812 15812 E ArmVmp : Match on catch block at 0xc3 in for 0x99
02-11 23:50:14.035 15812 15812 E ArmVmp : Match on catch block at 0xc3 in for 0x91
02-11 23:50:14.045 15812 15812 E ArmVmp : Match on catch block at 0xc3 in for 0x99
02-11 23:50:14.052 15812 15812 E ArmVmp : Match on catch block at 0xc3 in for 0x91
02-11 23:50:14.063 15812 15899 W Adreno-ES20: <core_glFinish:34>: glFinish skipped: 0
02-11 23:50:14.103 15812 15899 W Adreno-ES20: <core_glFinish:34>: glFinish skipped: 0
02-11 23:50:14.103 15812 15899 W Adreno-ES20: <core_glFinish:34>: glFinish skipped: 0
02-11 23:50:15.711 15812 15812 W StaticLayout: maxLineHeight should not be -1. maxLines:1 lineCount:1
02-11 23:50:15.713 15812 15812 W StaticLayout: maxLineHeight should not be -1. maxLines:1 lineCount:1
02-11 23:50:18.379 15812 15899 W Adreno-EGL: <qeglDrvAPI_eglGetConfigAttrib:612>: EGL_BAD_ATTRIBUTE
02-11 23:50:18.482 15812 15812 W BottomSheetBehavior: BottomSheetBehavior now supports multiple callbacks. `setBottomSheetCallback()` removes all existing callbacks, including ones set internally by library authors, which may result in unintended behavior. This may change in the future. Please use `addBottomSheetCallback()` and `removeBottomSheetCallback()` instead to set your own callbacks.
02-11 23:50:18.482 15812 15812 W BottomSheetBehavior: BottomSheetBehavior now supports multiple callbacks. `setBottomSheetCallback()` removes all existing callbacks, including ones set internally by library authors, which may result in unintended behavior. This may change in the future. Please use `addBottomSheetCallback()` and `removeBottomSheetCallback()` instead to set your own callbacks.
02-11 23:50:18.752 15812 15899 W Adreno-ES20: <core_glFinish:34>: glFinish skipped: 0
02-11 23:50:18.758 15812 15899 W Adreno-ES20: <core_glFinish:34>: glFinish skipped: 0
02-11 23:50:18.759 15812 15820 E SpellCheckerSession: ignoring processOrEnqueueTask due to unexpected mState=TASK_CLOSE scp.mWhat=TASK_CLOSE
02-11 23:50:18.761 15812 15812 W BottomSheetBehavior: BottomSheetBehavior now supports multiple callbacks. `setBottomSheetCallback()` removes all existing callbacks, including ones set internally by library authors, which may result in unintended behavior. This may change in the future. Please use `addBottomSheetCallback()` and `removeBottomSheetCallback()` instead to set your own callbacks.
02-11 23:50:18.785 15812 15812 W BottomSheetBehavior: BottomSheetBehavior now supports multiple callbacks. `setBottomSheetCallback()` removes all existing callbacks, including ones set internally by library authors, which may result in unintended behavior. This may change in the future. Please use `addBottomSheetCallback()` and `removeBottomSheetCallback()` instead to set your own callbacks.
02-11 23:50:18.824 15812 15812 E RecyclerView: No adapter attached; skipping layout
02-11 23:50:18.825 15812 15812 E RecyclerView: No adapter attached; skipping layout
02-11 23:50:18.927 15812 15812 W StaticLayout: maxLineHeight should not be -1. maxLines:1 lineCount:1
02-11 23:50:18.958 15812 15812 W StaticLayout: maxLineHeight should not be -1. maxLines:1 lineCount:1
02-11 23:50:19.092 15812 20021 W VideoCapabilities: Unrecognized profile 2130706433 for video/avc
02-11 23:50:19.092 15812 20021 W VideoCapabilities: Unrecognized profile 2130706434 for video/avc
02-11 23:50:19.099 15812 20021 W VideoCapabilities: Unsupported mime video/divx
02-11 23:50:19.104 15812 20021 W VideoCapabilities: Unsupported mime video/divx4
02-11 23:50:19.127 15812 20021 W Utils : could not parse long range '146-132'
02-11 23:50:19.147 15812 20021 W VideoCapabilities: Unrecognized profile 2130706433 for video/avc
02-11 23:50:19.147 15812 20021 W VideoCapabilities: Unrecognized profile 2130706434 for video/avc
02-11 23:50:19.176 15812 20021 W VideoCapabilities: Unrecognized profile 2130706433 for video/avc
02-11 23:50:19.176 15812 20021 W VideoCapabilities: Unrecognized profile 2130706434 for video/avc
02-11 23:50:19.180 15812 20021 W VideoCapabilities: Unrecognized profile 2130706433 for video/avc
02-11 23:50:19.180 15812 20021 W VideoCapabilities: Unrecognized profile 2130706434 for video/avc
02-11 23:50:19.435 15812 20037 W GrallocMapperPassthrough: buffer descriptor with invalid usage bits 0x2000
02-11 23:50:19.441 15812 20037 W GrallocMapperPassthrough: buffer descriptor with invalid usage bits 0x2000
02-11 23:50:19.444 15812 20037 W GrallocMapperPassthrough: buffer descriptor with invalid usage bits 0x2000
02-11 23:50:19.496 15812 20045 W ExtendedACodec: Failed to get extension for extradata parameter
02-11 23:50:19.539 15812 20037 W GrallocMapperPassthrough: buffer descriptor with invalid usage bits 0x2000
02-11 23:50:19.552 15812 20037 W GrallocMapperPassthrough: buffer descriptor with invalid usage bits 0x2000
02-11 23:50:19.602 15812 20037 W GrallocMapperPassthrough: buffer descriptor with invalid usage bits 0x2000
02-11 23:50:19.747 15812 20037 W GrallocMapperPassthrough: buffer descriptor with invalid usage bits 0x2000
02-11 23:50:20.588 15812 15854 E SQLiteDatabase: Error inserting media_duration=29 file_path=Media/.Statuses/655f51aeb8814921afd8f3eafff7ada9.mp4 transferred=1 thumbnail_height_width_ratio=1.7777778 face_y=0 face_x=0 trim_from=0 media_caption=null transcoded=0 message_url=https://mmg.whatsapp.net/v/t62.7161- 24/12595126_377059851633226_3261807449566234125_n.enc?ccb=11- 4&oh=01_AdRdpzlfBRDlot7Ge0_TEuwl90JhX7Pl2XgYbQA5CIr6uA&oe=65F0F478&_nc_sid=5e03e0&m ms3=true first_scan_sidecar=null direct_path=/v/t62.7161- 24/12595126_377059851633226_3261807449566234125_n.enc?ccb=11- 4&oh=01_AdRdpzlfBRDlot7Ge0_TEuwl90JhX7Pl2XgYbQA5CIr6uA&oe=65F0F478&_nc_sid=5e03e0 original_file_hash=null is_animated_sticker=0 media_name=null has_streaming_sidecar=1 partial_media_enc_hash=null media_key=[B@7c66167 multicast_id=null page_count=0 height=1024 partial_media_hash=null gif_attribution=0 mute_video=0 autotransfer_retry_enabled=1 first_scan_length=0 trim_to=0 media_key_timestamp=1707708606000 file_size=995573 chat_row_id=11 media_job_uuid=edab7db0-5c41-400c-877e-7ecf76d9d48b message_row_id=2656 enc_file_hash=J5aXO8bOIofT1XkaxAVl5ABHAYZ7C+aKigD6XVC+MS4= file_hash=X59U0sT1l5MDtXGqwdM2ZCmpR9ZsOpLLk5ITjs1e1YU= mime_type=video/mp4 media_upload_handle=null suspicious_content=0 width=576 file_length=995573
02-11 23:50:20.588 15812 15854 E SQLiteDatabase: android.database.sqlite.SQLiteConstraintException: UNIQUE constraint failed: message_media.message_row_id (code 1555)
02-11 23:50:20.588 15812 15854 E SQLiteDatabase: at android.database.sqlite.SQLiteConnection.nativeExecuteForLastInsertedRowId(Native Method)
02-11 23:50:20.588 15812 15854 E SQLiteDatabase: at android.database.sqlite.SQLiteConnection.executeForLastInsertedRowId(SQLiteConnecti on.java:790)
02-11 23:50:20.588 15812 15854 E SQLiteDatabase: at android.database.sqlite.SQLiteSession.executeForLastInsertedRowId(SQLiteSession.jav a:788)
02-11 23:50:20.588 15812 15854 E SQLiteDatabase: at android.database.sqlite.SQLiteStatement.executeInsert(SQLiteStatement.java:86)
02-11 23:50:20.588 15812 15854 E SQLiteDatabase: at android.database.sqlite.SQLiteDatabase.insertWithOnConflict(SQLiteDatabase.java:154 8)
02-11 23:50:20.588 15812 15854 E SQLiteDatabase: at android.database.sqlite.SQLiteDatabase.insert(SQLiteDatabase.java:1417)
02-11 23:50:20.588 15812 15854 E SQLiteDatabase: at X.2tm.A08(Unknown Source:6)
02-11 23:50:20.588 15812 15854 E SQLiteDatabase: at X.35Y.A07(Unknown Source:212)
02-11 23:50:20.588 15812 15854 E SQLiteDatabase: at X.3QF.A14(Unknown Source:470)
02-11 23:50:20.588 15812 15854 E SQLiteDatabase: at X.3gU.run(Unknown Source:982)
02-11 23:50:20.588 15812 15854 E SQLiteDatabase: at android.os.Handler.handleCallback(Handler.java:790)
02-11 23:50:20.588 15812 15854 E SQLiteDatabase: at android.os.Handler.dispatchMessage(Handler.java:99)
02-11 23:50:20.588 15812 15854 E SQLiteDatabase: at X.0zq.dispatchMessage(Unknown Source:4)
02-11 23:50:20.588 15812 15854 E SQLiteDatabase: at android.os.Looper.loop(Looper.java:164)
02-11 23:50:20.588 15812 15854 E SQLiteDatabase: at android.os.HandlerThread.run(HandlerThread.java:65)
02-11 23:50:20.913 15812 15854 E SQLiteDatabase: Error inserting media_duration=18 file_path=null transferred=0 thumbnail_height_width_ratio=0.4375 face_y=0 face_x=0 trim_from=0 media_caption=null transcoded=0 message_url=https://mmg.whatsapp.net/v/t62.7161- 24/29023852_742512350925047_5439393424712880253_n.enc?ccb=11- 4&oh=01_AdQJHWi5VDR9n8aO4M6YfdhcdrzxnhCYEygkP0fn0Asqvw&oe=65F10675&_nc_sid=5e03e0&m ms3=true first_scan_sidecar=null direct_path=/v/t62.7161- 24/29023852_742512350925047_5439393424712880253_n.enc?ccb=11- 4&oh=01_AdQJHWi5VDR9n8aO4M6YfdhcdrzxnhCYEygkP0fn0Asqvw&oe=65F10675&_nc_sid=5e03e0 original_file_hash=null is_animated_sticker=0 media_name=null has_streaming_sidecar=1 partial_media_enc_hash=null media_key=[B@e26b3a6 multicast_id=null page_count=0 height=720 partial_media_hash=null gif_attribution=0 mute_video=0 autotransfer_retry_enabled=1 first_scan_length=0 trim_to=0 media_key_timestamp=1707709227000 file_size=0 chat_row_id=11 media_job_uuid=03189f4d-a4dd-4fa0-b02d-b911da756f9d message_row_id=2659 enc_file_hash=1QiFjCvfhIqQZV4LVviRYjHhp9xbjIt8Fm3wi6ZoeFU= file_hash=n4Fu5/rMO/qOHfVwtu7AFCZryKMDsa6AUm7XXztd/tk= mime_type=video/mp4 media_upload_handle=null suspicious_content=0 width=1640 file_length=9236443
02-11 23:50:20.913 15812 15854 E SQLiteDatabase: android.database.sqlite.SQLiteConstraintException: UNIQUE constraint failed: message_media.message_row_id (code 1555)
02-11 23:50:20.913 15812 15854 E SQLiteDatabase: at android.database.sqlite.SQLiteConnection.nativeExecuteForLastInsertedRowId(Native Method)
02-11 23:50:20.913 15812 15854 E SQLiteDatabase: at android.database.sqlite.SQLiteConnection.executeForLastInsertedRowId(SQLiteConnecti on.java:790)
02-11 23:50:20.913 15812 15854 E SQLiteDatabase: at android.database.sqlite.SQLiteSession.executeForLastInsertedRowId(SQLiteSession.jav a:788)
02-11 23:50:20.913 15812 15854 E SQLiteDatabase: at android.database.sqlite.SQLiteStatement.executeInsert(SQLiteStatement.java:86)
02-11 23:50:20.913 15812 15854 E SQLiteDatabase: at android.database.sqlite.SQLiteDatabase.insertWithOnConflict(SQLiteDatabase.java:154 8)
02-11 23:50:20.913 15812 15854 E SQLiteDatabase: at android.database.sqlite.SQLiteDatabase.insert(SQLiteDatabase.java:1417)
02-11 23:50:20.913 15812 15854 E SQLiteDatabase: at X.2tm.A08(Unknown Source:6)
02-11 23:50:20.913 15812 15854 E SQLiteDatabase: at X.35Y.A07(Unknown Source:212)
02-11 23:50:20.913 15812 15854 E SQLiteDatabase: at X.3QF.A14(Unknown Source:470)
02-11 23:50:20.913 15812 15854 E SQLiteDatabase: at X.3gU.run(Unknown Source:982)
02-11 23:50:20.913 15812 15854 E SQLiteDatabase: at android.os.Handler.handleCallback(Handler.java:790)
02-11 23:50:20.913 15812 15854 E SQLiteDatabase: at android.os.Handler.dispatchMessage(Handler.java:99)
02-11 23:50:20.913 15812 15854 E SQLiteDatabase: at X.0zq.dispatchMessage(Unknown Source:4)
02-11 23:50:20.913 15812 15854 E SQLiteDatabase: at android.os.Looper.loop(Looper.java:164)
02-11 23:50:20.913 15812 15854 E SQLiteDatabase: at android.os.HandlerThread.run(HandlerThread.java:65)
02-11 23:50:25.114 15812 15899 W Adreno-ES20: <core_glFinish:34>: glFinish skipped: 0
02-11 23:50:25.116 15812 15899 W Adreno-ES20: <core_glFinish:34>: glFinish skipped: 0
02-11 23:50:25.378 15812 15899 W Adreno-ES20: <core_glFinish:34>: glFinish skipped: 0
02-11 23:50:25.426 15812 15899 W Adreno-ES20: <core_glFinish:34>: glFinish skipped: 0
02-11 23:50:25.426 15812 15899 W Adreno-ES20: <core_glFinish:34>: glFinish skipped: 0
02-11 23:50:26.589 15812 15899 W Adreno-EGL: <qeglDrvAPI_eglGetConfigAttrib:612>: EGL_BAD_ATTRIBUTE
02-11 23:50:26.658 15812 15812 W BottomSheetBehavior: BottomSheetBehavior now supports multiple callbacks. `setBottomSheetCallback()` removes all existing callbacks, including ones set internally by library authors, which may result in unintended behavior. This may change in the future. Please use `addBottomSheetCallback()` and `removeBottomSheetCallback()` instead to set your own callbacks.
02-11 23:50:26.658 15812 15812 W BottomSheetBehavior: BottomSheetBehavior now supports multiple callbacks. `setBottomSheetCallback()` removes all existing callbacks, including ones set internally by library authors, which may result in unintended behavior. This may change in the future. Please use `addBottomSheetCallback()` and `removeBottomSheetCallback()` instead to set your own callbacks.
02-11 23:50:26.699 15812 15812 W BottomSheetBehavior: BottomSheetBehavior now supports multiple callbacks. `setBottomSheetCallback()` removes all existing callbacks, including ones set internally by library authors, which may result in unintended behavior. This may change in the future. Please use `addBottomSheetCallback()` and `removeBottomSheetCallback()` instead to set your own callbacks.
02-11 23:50:26.699 15812 15812 W BottomSheetBehavior: BottomSheetBehavior now supports multiple callbacks. `setBottomSheetCallback()` removes all existing callbacks, including ones set internally by library authors, which may result in unintended behavior. This may change in the future. Please use `addBottomSheetCallback()` and `removeBottomSheetCallback()` instead to set your own callbacks.
02-11 23:50:26.716 15812 15812 E RecyclerView: No adapter attached; skipping layout
02-11 23:50:26.764 15812 20098 W Adreno-ES20: <get_gpu_clk:229>: open failed: errno 13
02-11 23:50:26.757 15812 15812 W ExoPlayer:Dummy: type=1400 audit(0.0:323507): avc: denied { search } for name="kgsl-3d0" dev="sysfs" ino=20173 scontext=u:r:untrusted_app:s0:c512,c768 tcontext=u:object_r:sysfs_kgsl:s0 tclass=dir permissive=0
02-11 23:50:26.768 15812 20098 W Adreno-EGL: <qeglDrvAPI_eglGetConfigAttrib:612>: EGL_BAD_ATTRIBUTE
02-11 23:50:26.772 15812 20098 W Adreno-EGL: <qeglDrvAPI_eglQueryContext:4411>: EGL_BAD_ATTRIBUTE
02-11 23:50:26.819 15812 20094 W GrallocMapperPassthrough: buffer descriptor with invalid usage bits 0x2000
02-11 23:50:26.831 15812 20094 W GrallocMapperPassthrough: buffer descriptor with invalid usage bits 0x2000
02-11 23:50:26.855 15812 20102 W ExtendedACodec: Failed to get extension for extradata parameter
02-11 23:50:26.886 15812 20094 W GrallocMapperPassthrough: buffer descriptor with invalid usage bits 0x2000
02-11 23:50:26.887 15812 20094 W GrallocMapperPassthrough: buffer descriptor with invalid usage bits 0x2000
02-11 23:50:26.902 15812 20094 W GrallocMapperPassthrough: buffer descriptor with invalid usage bits 0x2000
02-11 23:50:26.912 15812 20094 W GrallocMapperPassthrough: buffer descriptor with invalid usage bits 0x2000
02-11 23:50:26.950 15812 20094 W GrallocMapperPassthrough: buffer descriptor with invalid usage bits 0x2000
02-11 23:50:27.070 15812 15812 E RecyclerView: No adapter attached; skipping layout
02-11 23:50:27.110 15812 15812 W StaticLayout: maxLineHeight should not be -1. maxLines:1 lineCount:1
02-11 23:50:27.111 15812 15812 W StaticLayout: maxLineHeight should not be -1. maxLines:1 lineCount:1
02-11 23:50:27.115 15812 20094 W GrallocMapperPassthrough: buffer descriptor with invalid usage bits 0x2000
02-11 23:50:27.146 15812 15812 W StaticLayout: maxLineHeight should not be -1. maxLines:1 lineCount:1
02-11 23:50:27.147 15812 15812 W StaticLayout: maxLineHeight should not be -1. maxLines:1 lineCount:1
02-11 23:50:27.485 15812 20094 W GrallocMapperPassthrough: buffer descriptor with invalid usage bits 0x2000
02-11 23:50:27.516 15812 15899 W Adreno-ES20: <core_glFinish:34>: glFinish skipped: 0
02-11 23:50:31.993 15812 15854 E SQLiteDatabase: Error inserting media_duration=18 file_path=Media/.Statuses/495a070daf514a19b96d76491e8d7ccd.mp4 transferred=1 thumbnail_height_width_ratio=0.4375 face_y=0 face_x=0 trim_from=0 media_caption=null transcoded=0 message_url=https://mmg.whatsapp.net/v/t62.7161- 24/29023852_742512350925047_5439393424712880253_n.enc?ccb=11- 4&oh=01_AdQJHWi5VDR9n8aO4M6YfdhcdrzxnhCYEygkP0fn0Asqvw&oe=65F10675&_nc_sid=5e03e0&m ms3=true first_scan_sidecar=null direct_path=/v/t62.7161- 24/29023852_742512350925047_5439393424712880253_n.enc?ccb=11- 4&oh=01_AdQJHWi5VDR9n8aO4M6YfdhcdrzxnhCYEygkP0fn0Asqvw&oe=65F10675&_nc_sid=5e03e0 original_file_hash=null is_animated_sticker=0 media_name=null has_streaming_sidecar=1 partial_media_enc_hash=null media_key=[B@e26b3a6 multicast_id=null page_count=0 height=720 partial_media_hash=null gif_attribution=0 mute_video=0 autotransfer_retry_enabled=1 first_scan_length=0 trim_to=0 media_key_timestamp=1707709227000 file_size=9236443 chat_row_id=11 media_job_uuid=03189f4d-a4dd-4fa0-b02d-b911da756f9d message_row_id=2659 enc_file_hash=1QiFjCvfhIqQZV4LVviRYjHhp9xbjIt8Fm3wi6ZoeFU= file_hash=n4Fu5/rMO/qOHfVwtu7AFCZryKMDsa6AUm7XXztd/tk= mime_type=video/mp4 media_upload_handle=null suspicious_content=0 width=1640 file_length=9236443
02-11 23:50:31.993 15812 15854 E SQLiteDatabase: android.database.sqlite.SQLiteConstraintException: UNIQUE constraint failed: message_media.message_row_id (code 1555)
02-11 23:50:31.993 15812 15854 E SQLiteDatabase: at android.database.sqlite.SQLiteConnection.nativeExecuteForLastInsertedRowId(Native Method)
02-11 23:50:31.993 15812 15854 E SQLiteDatabase: at android.database.sqlite.SQLiteConnection.executeForLastInsertedRowId(SQLiteConnecti on.java:790)
02-11 23:50:31.993 15812 15854 E SQLiteDatabase: at android.database.sqlite.SQLiteSession.executeForLastInsertedRowId(SQLiteSession.jav a:788)
02-11 23:50:31.993 15812 15854 E SQLiteDatabase: at android.database.sqlite.SQLiteStatement.executeInsert(SQLiteStatement.java:86)
02-11 23:50:31.993 15812 15854 E SQLiteDatabase: at android.database.sqlite.SQLiteDatabase.insertWithOnConflict(SQLiteDatabase.java:154 8)
02-11 23:50:31.993 15812 15854 E SQLiteDatabase: at android.database.sqlite.SQLiteDatabase.insert(SQLiteDatabase.java:1417)
02-11 23:50:31.993 15812 15854 E SQLiteDatabase: at X.2tm.A08(Unknown Source:6)
02-11 23:50:31.993 15812 15854 E SQLiteDatabase: at X.35Y.A07(Unknown Source:212)
02-11 23:50:31.993 15812 15854 E SQLiteDatabase: at X.3QF.A14(Unknown Source:470)
02-11 23:50:31.993 15812 15854 E SQLiteDatabase: at X.3gU.run(Unknown Source:982)
02-11 23:50:31.993 15812 15854 E SQLiteDatabase: at android.os.Handler.handleCallback(Handler.java:790)
02-11 23:50:31.993 15812 15854 E SQLiteDatabase: at android.os.Handler.dispatchMessage(Handler.java:99)
02-11 23:50:31.993 15812 15854 E SQLiteDatabase: at X.0zq.dispatchMessage(Unknown Source:4)
02-11 23:50:31.993 15812 15854 E SQLiteDatabase: at android.os.Looper.loop(Looper.java:164)
02-11 23:50:31.993 15812 15854 E SQLiteDatabase: at android.os.HandlerThread.run(HandlerThread.java:65)
02-11 23:50:46.032 15812 15899 W Adreno-ES20: <core_glFinish:34>: glFinish skipped: 0
02-11 23:50:46.037 15812 15899 W Adreno-ES20: <core_glFinish:34>: glFinish skipped: 0
02-11 23:50:46.299 15812 15899 W Adreno-ES20: <core_glFinish:34>: glFinish skipped: 0
02-11 23:50:46.367 15812 15899 W Adreno-ES20: <core_glFinish:34>: glFinish skipped: 0
02-11 23:50:46.368 15812 15899 W Adreno-ES20: <core_glFinish:34>: glFinish skipped: 0
02-11 23:50:48.200 15812 15812 W StaticLayout: maxLineHeight should not be -1. maxLines:1 lineCount:1
02-11 23:50:48.202 15812 15812 W StaticLayout: maxLineHeight should not be -1. maxLines:1 lineCount:1
02-11 23:50:52.289 15812 15812 E ArmVmp : Match on catch block at 0x0a in for 0xb9
02-11 23:50:52.300 15812 15812 E ArmVmp : Match on catch block at 0x0a in for 0xb5
02-11 23:50:52.441 15812 15899 W Adreno-EGL: <qeglDrvAPI_eglGetConfigAttrib:612>: EGL_BAD_ATTRIBUTE
02-11 23:50:52.691 15812 15812 E ArmVmp : Match on catch block at 0xc3 in for 0xa9
02-11 23:50:52.697 15812 15812 E ArmVmp : Match on catch block at 0xc3 in for 0xa9
02-11 23:50:52.745 15812 15812 E ArmVmp : Match on catch block at 0xc3 in for 0x95
02-11 23:50:52.750 15812 15812 E ArmVmp : Match on catch block at 0xc3 in for 0x99
02-11 23:50:52.834 15812 15812 E ArmVmp : Match on catch block at 0xc3 in for 0x91
02-11 23:50:52.840 15812 15812 E ArmVmp : Match on catch block at 0xc3 in for 0x95
02-11 23:50:52.923 15812 15812 E ArmVmp : Match on catch block at 0xc3 in for 0x99
02-11 23:50:52.929 15812 15812 E ArmVmp : Match on catch block at 0xc3 in for 0x91
02-11 23:50:52.955 15812 15899 W Adreno-ES20: <core_glFinish:34>: glFinish skipped: 0
02-11 23:50:52.957 15812 15899 W Adreno-ES20: <core_glFinish:34>: glFinish skipped: 0
02-11 23:50:52.968 15812 15812 E ArmVmp : Match on catch block at 0xc3 in for 0x91
02-11 23:50:52.973 15812 15812 E ArmVmp : Match on catch block at 0xc3 in for 0x95
02-11 23:50:52.985 15812 15812 E ArmVmp : Match on catch block at 0xc3 in for 0x95
02-11 23:50:52.992 15812 15812 E ArmVmp : Match on catch block at 0xc3 in for 0x99
02-11 23:50:53.179 15812 15899 W Adreno-ES20: <core_glFinish:34>: glFinish skipped: 0
02-11 23:50:53.203 15812 15812 E ArmVmp : Match on catch block at 0xc3 in for 0x99
02-11 23:50:53.210 15812 15812 E ArmVmp : Match on catch block at 0xc3 in for 0x91
02-11 23:50:53.222 15812 15812 E ArmVmp : Match on catch block at 0xc3 in for 0x91
02-11 23:50:53.229 15812 15812 E ArmVmp : Match on catch block at 0xc3 in for 0x95
02-11 23:50:53.236 15812 15812 E ArmVmp : Match on catch block at 0xc3 in for 0x95
02-11 23:50:53.242 15812 15812 E ArmVmp : Match on catch block at 0xc3 in for 0x99
02-11 23:50:53.254 15812 15812 E ArmVmp : Match on catch block at 0xc3 in for 0x99
02-11 23:50:53.259 15812 15812 E ArmVmp : Match on catch block at 0xc3 in for 0x91
02-11 23:50:53.271 15812 15812 E ArmVmp : Match on catch block at 0xc3 in for 0x91
02-11 23:50:53.276 15812 15812 E ArmVmp : Match on catch block at 0xc3 in for 0x95
02-11 23:50:53.286 15812 15812 E ArmVmp : Match on catch block at 0xc3 in for 0x95
02-11 23:50:53.292 15812 15812 E ArmVmp : Match on catch block at 0xc3 in for 0x99
02-11 23:50:53.303 15812 15812 E ArmVmp : Match on catch block at 0xc3 in for 0x99
02-11 23:50:53.309 15812 15812 E ArmVmp : Match on catch block at 0xc3 in for 0x91
02-11 23:50:53.319 15812 15812 E ArmVmp : Match on catch block at 0xc3 in for 0x91
02-11 23:50:53.325 15812 15812 E ArmVmp : Match on catch block at 0xc3 in for 0x95
02-11 23:50:53.336 15812 15812 E ArmVmp : Match on catch block at 0xc3 in for 0x95
02-11 23:50:53.342 15812 15812 E ArmVmp : Match on catch block at 0xc3 in for 0x99
02-11 23:50:53.354 15812 15812 E ArmVmp : Match on catch block at 0xc3 in for 0x99
02-11 23:50:53.359 15812 15812 E ArmVmp : Match on catch block at 0xc3 in for 0x91
02-11 23:50:53.369 15812 15812 E ArmVmp : Match on catch block at 0xc3 in for 0x91
02-11 23:50:53.375 15812 15812 E ArmVmp : Match on catch block at 0xc3 in for 0x95
02-11 23:50:53.387 15812 15812 E ArmVmp : Match on catch block at 0xc3 in for 0x95
02-11 23:50:53.393 15812 15812 E ArmVmp : Match on catch block at 0xc3 in for 0x99
02-11 23:50:53.404 15812 15812 E ArmVmp : Match on catch block at 0xc3 in for 0x99
02-11 23:50:53.411 15812 15812 E ArmVmp : Match on catch block at 0xc3 in for 0x91
02-11 23:50:53.420 15812 15812 E ArmVmp : Match on catch block at 0xc3 in for 0x91
02-11 23:50:53.425 15812 15812 E ArmVmp : Match on catch block at 0xc3 in for 0x95
02-11 23:50:53.438 15812 15812 E ArmVmp : Match on catch block at 0xc3 in for 0x95
02-11 23:50:53.443 15812 15812 E ArmVmp : Match on catch block at 0xc3 in for 0x99
02-11 23:50:53.454 15812 15812 E ArmVmp : Match on catch block at 0xc3 in for 0x99
02-11 23:50:53.459 15812 15812 E ArmVmp : Match on catch block at 0xc3 in for 0x91
02-11 23:50:53.471 15812 15812 E ArmVmp : Match on catch block at 0xc3 in for 0x91
02-11 23:50:53.476 15812 15812 E ArmVmp : Match on catch block at 0xc3 in for 0x95
02-11 23:50:53.487 15812 15812 E ArmVmp : Match on catch block at 0xc3 in for 0x95
02-11 23:50:53.493 15812 15812 E ArmVmp : Match on catch block at 0xc3 in for 0x99
02-11 23:50:53.502 15812 15812 E ArmVmp : Match on catch block at 0xc3 in for 0x99
02-11 23:50:53.508 15812 15812 E ArmVmp : Match on catch block at 0xc3 in for 0x91
02-11 23:50:53.824 15812 15812 E ArmVmp : Match on catch block at 0xc3 in for 0x91
02-11 23:50:53.831 15812 15812 E ArmVmp : Match on catch block at 0xc3 in for 0x95
02-11 23:50:53.876 15812 15812 E ArmVmp : Match on catch block at 0xc3 in for 0x99
02-11 23:50:53.882 15812 15812 E ArmVmp : Match on catch block at 0xc3 in for 0x91
02-11 23:50:53.892 15812 15812 E ArmVmp : Match on catch block at 0xc3 in for 0x91
02-11 23:50:53.899 15812 15812 E ArmVmp : Match on catch block at 0xc3 in for 0x95
02-11 23:50:54.076 15812 15812 E ArmVmp : Match on catch block at 0xc3 in for 0x99
02-11 23:50:54.082 15812 15812 E ArmVmp : Match on catch block at 0xc3 in for 0x91
02-11 23:50:54.097 15812 15812 E ArmVmp : Match on catch block at 0xc3 in for 0x99
02-11 23:50:54.103 15812 15812 E ArmVmp : Match on catch block at 0xc3 in for 0x91
02-11 23:50:54.322 15812 15812 E ArmVmp : Match on catch block at 0xc3 in for 0x91
02-11 23:50:54.328 15812 15812 E ArmVmp : Match on catch block at 0xc3 in for 0x95
02-11 23:50:54.823 15812 15812 E ArmVmp : Match on catch block at 0xc3 in for 0x95
02-11 23:50:54.829 15812 15812 E ArmVmp : Match on catch block at 0xc3 in for 0x99
02-11 23:50:54.865 15812 15812 E ArmVmp : Match on catch block at 0xc3 in for 0x91
02-11 23:50:54.871 15812 15812 E ArmVmp : Match on catch block at 0xc3 in for 0x95
02-11 23:50:54.891 15812 15812 E ArmVmp : Match on catch block at 0xc3 in for 0x91
02-11 23:50:54.897 15812 15812 E ArmVmp : Match on catch block at 0xc3 in for 0x95
02-11 23:50:54.923 15812 15812 E ArmVmp : Match on catch block at 0xc3 in for 0x95
02-11 23:50:54.928 15812 15812 E ArmVmp : Match on catch block at 0xc3 in for 0x99
02-11 23:50:54.939 15812 15812 E ArmVmp : Match on catch block at 0xc3 in for 0x99
02-11 23:50:54.945 15812 15812 E ArmVmp : Match on catch block at 0xc3 in for 0x91
02-11 23:50:54.957 15812 15812 E ArmVmp : Match on catch block at 0xc3 in for 0x91
02-11 23:50:54.962 15812 15812 E ArmVmp : Match on catch block at 0xc3 in for 0x95
02-11 23:50:54.977 15812 15812 E ArmVmp : Match on catch block at 0xc3 in for 0x95
02-11 23:50:54.982 15812 15812 E ArmVmp : Match on catch block at 0xc3 in for 0x99
02-11 23:50:54.993 15812 15812 E ArmVmp : Match on catch block at 0xc3 in for 0x99
02-11 23:50:55.000 15812 15812 E ArmVmp : Match on catch block at 0xc3 in for 0x91
02-11 23:50:55.009 15812 15812 E ArmVmp : Match on catch block at 0xc3 in for 0x91
02-11 23:50:55.016 15812 15812 E ArmVmp : Match on catch block at 0xc3 in for 0x95
02-11 23:50:55.025 15812 15812 E ArmVmp : Match on catch block at 0xc3 in for 0x95
02-11 23:50:55.038 15812 15812 E ArmVmp : Match on catch block at 0xc3 in for 0x99
02-11 23:50:55.058 15812 15812 E ArmVmp : Match on catch block at 0xc3 in for 0x99
02-11 23:50:55.064 15812 15812 E ArmVmp : Match on catch block at 0xc3 in for 0x91
02-11 23:50:55.079 15812 15812 E ArmVmp : Match on catch block at 0xc3 in for 0x91
02-11 23:50:55.084 15812 15812 E ArmVmp : Match on catch block at 0xc3 in for 0x95
02-11 23:50:55.157 15812 15812 E ArmVmp : Match on catch block at 0xc3 in for 0x95
02-11 23:50:55.164 15812 15812 E ArmVmp : Match on catch block at 0xc3 in for 0x99
02-11 23:50:55.425 15812 15812 E ArmVmp : Match on catch block at 0xc3 in for 0x95
02-11 23:50:55.432 15812 15812 E ArmVmp : Match on catch block at 0xc3 in for 0x99
02-11 23:50:55.626 15812 15812 E ArmVmp : Match on catch block at 0xc3 in for 0x99
02-11 23:50:55.631 15812 15812 E ArmVmp : Match on catch block at 0xc3 in for 0x91
02-11 23:50:55.641 15812 15812 E ArmVmp : Match on catch block at 0xc3 in for 0x91
02-11 23:50:55.647 15812 15812 E ArmVmp : Match on catch block at 0xc3 in for 0x95
02-11 23:50:55.659 15812 15812 E ArmVmp : Match on catch block at 0xc3 in for 0x95
02-11 23:50:55.664 15812 15812 E ArmVmp : Match on catch block at 0xc3 in for 0x99
02-11 23:50:55.675 15812 15812 E ArmVmp : Match on catch block at 0xc3 in for 0x99
02-11 23:50:55.681 15812 15812 E ArmVmp : Match on catch block at 0xc3 in for 0x91
02-11 23:50:55.691 15812 15812 E ArmVmp : Match on catch block at 0xc3 in for 0x91
02-11 23:50:55.697 15812 15812 E ArmVmp : Match on catch block at 0xc3 in for 0x95
02-11 23:50:55.708 15812 15812 E ArmVmp : Match on catch block at 0xc3 in for 0x95
02-11 23:50:55.717 15812 15812 E ArmVmp : Match on catch block at 0xc3 in for 0x99
02-11 23:50:55.726 15812 15812 E ArmVmp : Match on catch block at 0xc3 in for 0x99
02-11 23:50:55.731 15812 15812 E ArmVmp : Match on catch block at 0xc3 in for 0x91
02-11 23:50:55.741 15812 15812 E ArmVmp : Match on catch block at 0xc3 in for 0x91
02-11 23:50:55.746 15812 15812 E ArmVmp : Match on catch block at 0xc3 in for 0x95
02-11 23:50:55.758 15812 15812 E ArmVmp : Match on catch block at 0xc3 in for 0x95
02-11 23:50:55.763 15812 15812 E ArmVmp : Match on catch block at 0xc3 in for 0x99
02-11 23:50:55.775 15812 15812 E ArmVmp : Match on catch block at 0xc3 in for 0x99
02-11 23:50:55.780 15812 15812 E ArmVmp : Match on catch block at 0xc3 in for 0x91
02-11 23:50:55.791 15812 15812 E ArmVmp : Match on catch block at 0xc3 in for 0x91
02-11 23:50:55.797 15812 15812 E ArmVmp : Match on catch block at 0xc3 in for 0x95
02-11 23:50:55.810 15812 15812 E ArmVmp : Match on catch block at 0xc3 in for 0x95
02-11 23:50:55.815 15812 15812 E ArmVmp : Match on catch block at 0xc3 in for 0x99
02-11 23:50:55.826 15812 15812 E ArmVmp : Match on catch block at 0xc3 in for 0x99
02-11 23:50:55.833 15812 15812 E ArmVmp : Match on catch block at 0xc3 in for 0x91
02-11 23:50:55.842 15812 15812 E ArmVmp : Match on catch block at 0xc3 in for 0x91
02-11 23:50:55.848 15812 15812 E ArmVmp : Match on catch block at 0xc3 in for 0x95
02-11 23:50:55.859 15812 15812 E ArmVmp : Match on catch block at 0xc3 in for 0x95
02-11 23:50:55.866 15812 15812 E ArmVmp : Match on catch block at 0xc3 in for 0x99
02-11 23:50:55.878 15812 15812 E ArmVmp : Match on catch block at 0xc3 in for 0x99
02-11 23:50:55.884 15812 15812 E ArmVmp : Match on catch block at 0xc3 in for 0x91
02-11 23:50:55.892 15812 15812 E ArmVmp : Match on catch block at 0xc3 in for 0x91
02-11 23:50:55.899 15812 15812 E ArmVmp : Match on catch block at 0xc3 in for 0x95
02-11 23:50:55.926 15812 15812 E ArmVmp : Match on catch block at 0xc3 in for 0x95
02-11 23:50:55.931 15812 15812 E ArmVmp : Match on catch block at 0xc3 in for 0x99
02-11 23:50:56.429 15812 15812 E ArmVmp : Match on catch block at 0xc3 in for 0x99
02-11 23:50:56.435 15812 15812 E ArmVmp : Match on catch block at 0xc3 in for 0x91
02-11 23:50:56.929 15812 15812 E ArmVmp : Match on catch block at 0xc3 in for 0x91
02-11 23:50:56.935 15812 15812 E ArmVmp : Match on catch block at 0xc3 in for 0x95
02-11 23:50:57.431 15812 15812 E ArmVmp : Match on catch block at 0xc3 in for 0x95
02-11 23:50:57.438 15812 15812 E ArmVmp : Match on catch block at 0xc3 in for 0x99
02-11 23:50:57.948 15812 15812 E ArmVmp : Match on catch block at 0xc3 in for 0x99
02-11 23:50:57.955 15812 15812 E ArmVmp : Match on catch block at 0xc3 in for 0x91
02-11 23:50:58.365 15812 15812 E ArmVmp : Match on catch block at 0xc3 in for 0x99
02-11 23:50:58.373 15812 15812 E ArmVmp : Match on catch block at 0xc3 in for 0x91
02-11 23:50:58.868 15812 15812 E ArmVmp : Match on catch block at 0xc3 in for 0x91
02-11 23:50:58.874 15812 15812 E ArmVmp : Match on catch block at 0xc3 in for 0x95
02-11 23:50:59.270 15812 15812 E ArmVmp : Match on catch block at 0xc3 in for 0x95
02-11 23:50:59.278 15812 15812 E ArmVmp : Match on catch block at 0xc3 in for 0x99
02-11 23:50:59.776 15812 15812 E ArmVmp : Match on catch block at 0xc3 in for 0x99
02-11 23:50:59.782 15812 15812 E ArmVmp : Match on catch block at 0xc3 in for 0x91
02-11 23:51:00.273 15812 15812 E ArmVmp : Match on catch block at 0xc3 in for 0x91
02-11 23:51:00.278 15812 15812 E ArmVmp : Match on catch block at 0xc3 in for 0x95
02-11 23:51:00.771 15812 15812 E ArmVmp : Match on catch block at 0xc3 in for 0x95
02-11 23:51:00.775 15812 15812 E ArmVmp : Match on catch block at 0xc3 in for 0x99
02-11 23:51:01.276 15812 15812 E ArmVmp : Match on catch block at 0xc3 in for 0x99
02-11 23:51:01.284 15812 15812 E ArmVmp : Match on catch block at 0xc3 in for 0x91
02-11 23:51:01.777 15812 15812 E ArmVmp : Match on catch block at 0xc3 in for 0x91
02-11 23:51:01.784 15812 15812 E ArmVmp : Match on catch block at 0xc3 in for 0x95
02-11 23:51:02.273 15812 15812 E ArmVmp : Match on catch block at 0xc3 in for 0x95
02-11 23:51:02.280 15812 15812 E ArmVmp : Match on catch block at 0xc3 in for 0x99
02-11 23:51:02.779 15812 15812 E ArmVmp : Match on catch block at 0xc3 in for 0x99
02-11 23:51:02.785 15812 15812 E ArmVmp : Match on catch block at 0xc3 in for 0x91
02-11 23:51:03.278 15812 15812 E ArmVmp : Match on catch block at 0xc3 in for 0x91
02-11 23:51:03.288 15812 15812 E ArmVmp : Match on catch block at 0xc3 in for 0x95
02-11 23:51:03.781 15812 15812 E ArmVmp : Match on catch block at 0xc3 in for 0x95
02-11 23:51:03.788 15812 15812 E ArmVmp : Match on catch block at 0xc3 in for 0x99
02-11 23:51:04.282 15812 15812 E ArmVmp : Match on catch block at 0xc3 in for 0x99
02-11 23:51:04.289 15812 15812 E ArmVmp : Match on catch block at 0xc3 in for 0x91
02-11 23:51:04.783 15812 15812 E ArmVmp : Match on catch block at 0xc3 in for 0x91
02-11 23:51:04.790 15812 15812 E ArmVmp : Match on catch block at 0xc3 in for 0x95
02-11 23:51:05.284 15812 15812 E ArmVmp : Match on catch block at 0xc3 in for 0x95
02-11 23:51:05.290 15812 15812 E ArmVmp : Match on catch block at 0xc3 in for 0x99
02-11 23:51:05.784 15812 15812 E ArmVmp : Match on catch block at 0xc3 in for 0x99
02-11 23:51:05.791 15812 15812 E ArmVmp : Match on catch block at 0xc3 in for 0x91
02-11 23:51:06.288 15812 15812 E ArmVmp : Match on catch block at 0xc3 in for 0x91
02-11 23:51:06.294 15812 15812 E ArmVmp : Match on catch block at 0xc3 in for 0x95
02-11 23:51:06.789 15812 15812 E ArmVmp : Match on catch block at 0xc3 in for 0x95
02-11 23:51:06.796 15812 15812 E ArmVmp : Match on catch block at 0xc3 in for 0x99
02-11 23:51:07.296 15812 15812 E ArmVmp : Match on catch block at 0xc3 in for 0x99
02-11 23:51:07.303 15812 15812 E ArmVmp : Match on catch block at 0xc3 in for 0x91
02-11 23:51:07.795 15812 15812 E ArmVmp : Match on catch block at 0xc3 in for 0x91
02-11 23:51:07.801 15812 15812 E ArmVmp : Match on catch block at 0xc3 in for 0x95
02-11 23:51:08.022 15812 15812 E ArmVmp : Match on catch block at 0xc3 in for 0x91
02-11 23:51:08.033 15812 15812 E ArmVmp : Match on catch block at 0xc3 in for 0x95
02-11 23:51:08.526 15812 15812 E ArmVmp : Match on catch block at 0xc3 in for 0x95
02-11 23:51:08.532 15812 15812 E ArmVmp : Match on catch block at 0xc3 in for 0x99
02-11 23:51:09.026 15812 15812 E ArmVmp : Match on catch block at 0xc3 in for 0x99
02-11 23:51:09.033 15812 15812 E ArmVmp : Match on catch block at 0xc3 in for 0x91
02-11 23:51:09.527 15812 15812 E ArmVmp : Match on catch block at 0xc3 in for 0x91
