02-11 22:20:01.578 20340 20340 W System.err: at android.view.View.performClick(View.java:6294)
02-11 22:20:01.579 20340 20340 W System.err:
02-11 22:20:01.579 20340 20340 W System.err: at mbmodsd.mbmodsw.boom.EdDi$BoomText.run(Native Method)
02-11 22:20:01.584 20340 20340 W System.err:
02-11 22:20:01.584 20340 20340 W System.err: at android.os.Handler.handleCallback(Handler.java:790)
02-11 22:20:01.584 20340 20340 W System.err:
02-11 22:20:01.584 20340 20340 W System.err: at android.os.Handler.dispatchMessage(Handler.java:99)
02-11 22:20:01.584 20340 20340 W System.err:
02-11 22:20:01.587 20340 20340 W System.err: at android.os.Looper.loop(Looper.java:164)
02-11 22:20:01.587 20340 20340 W System.err:
02-11 22:20:01.587 20340 20340 W System.err: at android.app.ActivityThread.main(ActivityThread.java:6539)
02-11 22:20:01.587 20340 20340 W System.err:
02-11 22:20:01.588 20340 20340 W System.err: at java.lang.reflect.Method.invoke(Native Method)
02-11 22:20:01.588 20340 20340 W System.err:
02-11 22:20:01.588 20340 20340 W System.err: at com.android.internal.os.RuntimeInit$MethodAndArgsCaller.run(RuntimeInit.java:438)
02-11 22:20:01.588 20340 20340 W System.err:
02-11 22:20:01.588 20340 20340 W System.err: at com.android.internal.os.ZygoteInit.main(ZygoteInit.java:807)
02-11 22:20:01.588 20340 20340 W System.err:
02-11 22:20:01.634 20340 20439 W Adreno-ES20: <core_glFinish:34>: glFinish skipped: 0
02-11 22:20:01.637 20340 20439 W Adreno-ES20: <core_glFinish:34>: glFinish skipped: 0
02-11 22:20:01.732 20340 20439 W Adreno-ES20: <core_glFinish:34>: glFinish skipped: 0
02-11 22:20:01.824 20340 20439 W Adreno-ES20: <core_glFinish:34>: glFinish skipped: 0
02-11 22:20:01.843 20340 20340 W IInputConnectionWrapper: requestCursorAnchorInfo on inactive InputConnection
02-11 22:20:02.101 20340 20439 W Adreno-EGL: <qeglDrvAPI_eglGetConfigAttrib:612>: EGL_BAD_ATTRIBUTE
02-11 22:20:02.222 20340 20340 W IInputConnectionWrapper: requestCursorAnchorInfo on inactive InputConnection
02-11 22:20:02.515 20340 20340 W IInputConnectionWrapper: performPrivateCommand on inactive InputConnection
02-11 22:20:02.515 20340 20340 W IInputConnectionWrapper: requestCursorAnchorInfo on inactive InputConnection
02-11 22:20:02.591 20340 20340 W IInputConnectionWrapper: requestCursorAnchorInfo on inactive InputConnection
02-11 22:20:02.687 20340 20340 W IInputConnectionWrapper: requestCursorAnchorInfo on inactive InputConnection
02-11 22:20:02.758 20340 20340 W IInputConnectionWrapper: performPrivateCommand on inactive InputConnection
02-11 22:20:02.758 20340 20340 W IInputConnectionWrapper: requestCursorAnchorInfo on inactive InputConnection
02-11 22:20:02.805 20340 20340 W IInputConnectionWrapper: requestCursorAnchorInfo on inactive InputConnection
02-11 22:20:02.816 20340 20340 W IInputConnectionWrapper: getTextBeforeCursor on inactive InputConnection
02-11 22:20:02.817 20340 20340 W IInputConnectionWrapper: getTextAfterCursor on inactive InputConnection
02-11 22:20:02.818 20340 20340 W IInputConnectionWrapper: getSelectedText on inactive InputConnection
02-11 22:20:02.901 20340 20340 W IInputConnectionWrapper: requestCursorAnchorInfo on inactive InputConnection
02-11 22:20:02.904 20340 20340 W IInputConnectionWrapper: performPrivateCommand on inactive InputConnection
02-11 22:20:02.906 20340 20340 W IInputConnectionWrapper: requestCursorAnchorInfo on inactive InputConnection
02-11 22:20:02.944 20340 20340 W IInputConnectionWrapper: requestCursorAnchorInfo on inactive InputConnection
02-11 22:20:02.964 20340 20340 W IInputConnectionWrapper: getTextBeforeCursor on inactive InputConnection
02-11 22:20:02.981 20340 20340 W IInputConnectionWrapper: getTextAfterCursor on inactive InputConnection
02-11 22:20:03.003 20340 20340 W IInputConnectionWrapper: getSelectedText on inactive InputConnection
02-11 22:20:03.103 20340 20340 W IInputConnectionWrapper: requestCursorAnchorInfo on inactive InputConnection
02-11 22:20:03.108 20340 20340 W IInputConnectionWrapper: performPrivateCommand on inactive InputConnection
02-11 22:20:03.109 20340 20340 W IInputConnectionWrapper: requestCursorAnchorInfo on inactive InputConnection
02-11 22:20:03.144 20340 20340 W IInputConnectionWrapper: requestCursorAnchorInfo on inactive InputConnection
02-11 22:20:03.156 20340 20340 W IInputConnectionWrapper: getTextBeforeCursor on inactive InputConnection
02-11 22:20:03.161 20340 20340 W IInputConnectionWrapper: getTextAfterCursor on inactive InputConnection
02-11 22:20:03.166 20340 20340 W IInputConnectionWrapper: getSelectedText on inactive InputConnection
02-11 22:20:03.315 20340 20340 W IInputConnectionWrapper: requestCursorAnchorInfo on inactive InputConnection
02-11 22:20:03.338 20340 20340 W IInputConnectionWrapper: performPrivateCommand on inactive InputConnection
02-11 22:20:03.340 20340 20340 W IInputConnectionWrapper: requestCursorAnchorInfo on inactive InputConnection
02-11 22:20:03.391 20340 20340 W IInputConnectionWrapper: requestCursorAnchorInfo on inactive InputConnection
02-11 22:20:03.494 20340 20340 W IInputConnectionWrapper: getTextBeforeCursor on inactive InputConnection
02-11 22:20:03.516 20340 20340 W IInputConnectionWrapper: getTextAfterCursor on inactive InputConnection
02-11 22:20:03.569 20340 20340 W IInputConnectionWrapper: getSelectedText on inactive InputConnection
02-11 22:20:03.937 20340 20439 W Adreno-ES20: <core_glFinish:34>: glFinish skipped: 0
02-11 22:20:03.939 20340 20439 W Adreno-ES20: <core_glFinish:34>: glFinish skipped: 0
02-11 22:20:03.950 20340 20340 W IInputConnectionWrapper: requestCursorAnchorInfo on inactive InputConnection
02-11 22:20:04.022 20340 20340 W IInputConnectionWrapper: performPrivateCommand on inactive InputConnection
02-11 22:20:04.022 20340 20340 W IInputConnectionWrapper: requestCursorAnchorInfo on inactive InputConnection
02-11 22:20:04.033 20340 20340 W IInputConnectionWrapper: requestCursorAnchorInfo on inactive InputConnection
02-11 22:20:04.045 20340 20340 W IInputConnectionWrapper: getTextBeforeCursor on inactive InputConnection
02-11 22:20:04.050 20340 20340 W IInputConnectionWrapper: getTextAfterCursor on inactive InputConnection
02-11 22:20:04.051 20340 20340 W IInputConnectionWrapper: getSelectedText on inactive InputConnection
02-11 22:20:04.199 20340 20340 W IInputConnectionWrapper: requestCursorAnchorInfo on inactive InputConnection
02-11 22:20:04.203 20340 20340 W IInputConnectionWrapper: performPrivateCommand on inactive InputConnection
02-11 22:20:04.204 20340 20340 W IInputConnectionWrapper: requestCursorAnchorInfo on inactive InputConnection
02-11 22:20:04.330 20340 20340 W IInputConnectionWrapper: requestCursorAnchorInfo on inactive InputConnection
02-11 22:20:04.988 20340 20340 W IInputConnectionWrapper: getTextBeforeCursor on inactive InputConnection
02-11 22:20:04.995 20340 20340 W IInputConnectionWrapper: getTextAfterCursor on inactive InputConnection
02-11 22:20:05.001 20340 20340 W IInputConnectionWrapper: getSelectedText on inactive InputConnection
02-11 22:20:05.140 20340 20340 W IInputConnectionWrapper: requestCursorAnchorInfo on inactive InputConnection
02-11 22:20:05.143 20340 20340 W IInputConnectionWrapper: performPrivateCommand on inactive InputConnection
02-11 22:20:05.143 20340 20340 W IInputConnectionWrapper: requestCursorAnchorInfo on inactive InputConnection
02-11 22:20:05.160 20340 20340 W IInputConnectionWrapper: requestCursorAnchorInfo on inactive InputConnection
02-11 22:20:05.172 20340 20340 W IInputConnectionWrapper: getTextBeforeCursor on inactive InputConnection
02-11 22:20:05.173 20340 20340 W IInputConnectionWrapper: getTextAfterCursor on inactive InputConnection
02-11 22:20:05.173 20340 20340 W IInputConnectionWrapper: getSelectedText on inactive InputConnection
02-11 22:20:05.206 20340 20340 W IInputConnectionWrapper: requestCursorAnchorInfo on inactive InputConnection
02-11 22:20:05.208 20340 20340 W IInputConnectionWrapper: performPrivateCommand on inactive InputConnection
02-11 22:20:05.211 20340 20340 W IInputConnectionWrapper: requestCursorAnchorInfo on inactive InputConnection
02-11 22:20:05.227 20340 20340 W IInputConnectionWrapper: requestCursorAnchorInfo on inactive InputConnection
02-11 22:20:05.237 20340 20340 W IInputConnectionWrapper: getTextBeforeCursor on inactive InputConnection
02-11 22:20:05.242 20340 20340 W IInputConnectionWrapper: getTextAfterCursor on inactive InputConnection
02-11 22:20:05.243 20340 20340 W IInputConnectionWrapper: getSelectedText on inactive InputConnection
02-11 22:20:05.297 20340 20340 W IInputConnectionWrapper: requestCursorAnchorInfo on inactive InputConnection
02-11 22:20:05.307 20340 20340 W IInputConnectionWrapper: performPrivateCommand on inactive InputConnection
02-11 22:20:05.307 20340 20340 W IInputConnectionWrapper: requestCursorAnchorInfo on inactive InputConnection
02-11 22:20:05.340 20340 20340 W IInputConnectionWrapper: requestCursorAnchorInfo on inactive InputConnection
02-11 22:20:05.355 20340 20340 W IInputConnectionWrapper: getTextBeforeCursor on inactive InputConnection
02-11 22:20:05.361 20340 20340 W IInputConnectionWrapper: getTextAfterCursor on inactive InputConnection
02-11 22:20:05.363 20340 20340 W IInputConnectionWrapper: getSelectedText on inactive InputConnection
02-11 22:20:05.411 20340 20340 W IInputConnectionWrapper: requestCursorAnchorInfo on inactive InputConnection
02-11 22:20:05.449 20340 20340 W IInputConnectionWrapper: performPrivateCommand on inactive InputConnection
02-11 22:20:05.449 20340 20340 W IInputConnectionWrapper: requestCursorAnchorInfo on inactive InputConnection
02-11 22:20:05.474 20340 20340 W IInputConnectionWrapper: requestCursorAnchorInfo on inactive InputConnection
02-11 22:20:05.485 20340 20340 W IInputConnectionWrapper: getTextBeforeCursor on inactive InputConnection
02-11 22:20:05.488 20340 20340 W IInputConnectionWrapper: getTextAfterCursor on inactive InputConnection
02-11 22:20:05.489 20340 20340 W IInputConnectionWrapper: getSelectedText on inactive InputConnection
02-11 22:20:05.540 20340 20340 W IInputConnectionWrapper: requestCursorAnchorInfo on inactive InputConnection
02-11 22:20:05.545 20340 20340 W IInputConnectionWrapper: performPrivateCommand on inactive InputConnection
02-11 22:20:05.545 20340 20340 W IInputConnectionWrapper: requestCursorAnchorInfo on inactive InputConnection
02-11 22:20:05.594 20340 20340 W IInputConnectionWrapper: requestCursorAnchorInfo on inactive InputConnection
02-11 22:20:05.643 20340 20340 W IInputConnectionWrapper: getTextBeforeCursor on inactive InputConnection
02-11 22:20:05.689 20340 20340 W IInputConnectionWrapper: getTextAfterCursor on inactive InputConnection
02-11 22:20:05.764 20340 20340 W IInputConnectionWrapper: getSelectedText on inactive InputConnection
02-11 22:20:05.900 20340 20340 W IInputConnectionWrapper: requestCursorAnchorInfo on inactive InputConnection
02-11 22:20:05.951 20340 20340 W IInputConnectionWrapper: performPrivateCommand on inactive InputConnection
02-11 22:20:05.951 20340 20340 W IInputConnectionWrapper: requestCursorAnchorInfo on inactive InputConnection
02-11 22:20:06.017 20340 20340 W IInputConnectionWrapper: requestCursorAnchorInfo on inactive InputConnection
02-11 22:20:06.057 20340 20340 W IInputConnectionWrapper: getTextBeforeCursor on inactive InputConnection
02-11 22:20:06.058 20340 20340 W IInputConnectionWrapper: getTextAfterCursor on inactive InputConnection
02-11 22:20:06.058 20340 20340 W IInputConnectionWrapper: getSelectedText on inactive InputConnection
02-11 22:20:06.149 20340 20340 W IInputConnectionWrapper: requestCursorAnchorInfo on inactive InputConnection
02-11 22:20:06.167 20340 20340 W IInputConnectionWrapper: performPrivateCommand on inactive InputConnection
02-11 22:20:06.168 20340 20340 W IInputConnectionWrapper: requestCursorAnchorInfo on inactive InputConnection
02-11 22:20:06.389 20340 20340 W IInputConnectionWrapper: requestCursorAnchorInfo on inactive InputConnection
02-11 22:20:06.407 20340 20340 W IInputConnectionWrapper: getTextBeforeCursor on inactive InputConnection
02-11 22:20:06.792 20340 20340 W IInputConnectionWrapper: getTextAfterCursor on inactive InputConnection
02-11 22:20:06.821 20340 20340 W IInputConnectionWrapper: getSelectedText on inactive InputConnection
02-11 22:20:07.047 20340 20340 W IInputConnectionWrapper: requestCursorAnchorInfo on inactive InputConnection
02-11 22:20:07.193 20340 20340 W IInputConnectionWrapper: performPrivateCommand on inactive InputConnection
02-11 22:20:07.193 20340 20340 W IInputConnectionWrapper: requestCursorAnchorInfo on inactive InputConnection
02-11 22:20:07.234 20340 20340 W IInputConnectionWrapper: requestCursorAnchorInfo on inactive InputConnection
02-11 22:20:07.264 20340 20340 W IInputConnectionWrapper: getTextBeforeCursor on inactive InputConnection
02-11 22:20:07.265 20340 20340 W IInputConnectionWrapper: getTextAfterCursor on inactive InputConnection
02-11 22:20:07.266 20340 20340 W IInputConnectionWrapper: getSelectedText on inactive InputConnection
02-11 22:20:07.584 20340 20340 W IInputConnectionWrapper: requestCursorAnchorInfo on inactive InputConnection
02-11 22:20:07.697 20340 20340 W IInputConnectionWrapper: performPrivateCommand on inactive InputConnection
02-11 22:20:07.697 20340 20340 W IInputConnectionWrapper: requestCursorAnchorInfo on inactive InputConnection
02-11 22:20:07.794 20340 20340 W IInputConnectionWrapper: requestCursorAnchorInfo on inactive InputConnection
02-11 22:20:07.807 20340 20340 W IInputConnectionWrapper: getTextBeforeCursor on inactive InputConnection
02-11 22:20:07.811 20340 20340 W IInputConnectionWrapper: getTextAfterCursor on inactive InputConnection
02-11 22:20:07.812 20340 20340 W IInputConnectionWrapper: getSelectedText on inactive InputConnection
02-11 22:20:08.086 20340 20340 W IInputConnectionWrapper: requestCursorAnchorInfo on inactive InputConnection
02-11 22:20:08.095 20340 20340 W IInputConnectionWrapper: performPrivateCommand on inactive InputConnection
02-11 22:20:08.095 20340 20340 W IInputConnectionWrapper: requestCursorAnchorInfo on inactive InputConnection
02-11 22:20:08.124 20340 20340 W IInputConnectionWrapper: requestCursorAnchorInfo on inactive InputConnection
02-11 22:20:08.137 20340 20340 W IInputConnectionWrapper: getTextBeforeCursor on inactive InputConnection
02-11 22:20:08.138 20340 20340 W IInputConnectionWrapper: getTextAfterCursor on inactive InputConnection
02-11 22:20:08.138 20340 20340 W IInputConnectionWrapper: getSelectedText on inactive InputConnection
02-11 22:20:08.345 20340 20340 W IInputConnectionWrapper: requestCursorAnchorInfo on inactive InputConnection
02-11 22:20:08.348 20340 20340 W IInputConnectionWrapper: performPrivateCommand on inactive InputConnection
02-11 22:20:08.349 20340 20340 W IInputConnectionWrapper: requestCursorAnchorInfo on inactive InputConnection
02-11 22:20:08.381 20340 20340 W IInputConnectionWrapper: requestCursorAnchorInfo on inactive InputConnection
02-11 22:20:08.385 20340 20439 W Adreno-ES20: <core_glFinish:34>: glFinish skipped: 0
02-11 22:20:08.394 20340 20340 W IInputConnectionWrapper: getTextBeforeCursor on inactive InputConnection
02-11 22:20:08.394 20340 20439 W Adreno-ES20: <core_glFinish:34>: glFinish skipped: 0
02-11 22:20:08.395 20340 20340 W IInputConnectionWrapper: getTextAfterCursor on inactive InputConnection
02-11 22:20:08.396 20340 20340 W IInputConnectionWrapper: getSelectedText on inactive InputConnection
02-11 22:20:08.406 20340 20439 W Adreno-ES20: <core_glFinish:34>: glFinish skipped: 0
02-11 22:20:08.462 20340 20340 W IInputConnectionWrapper: requestCursorAnchorInfo on inactive InputConnection
02-11 22:20:08.464 20340 20340 W IInputConnectionWrapper: performPrivateCommand on inactive InputConnection
02-11 22:20:08.466 20340 20340 W IInputConnectionWrapper: requestCursorAnchorInfo on inactive InputConnection
02-11 22:20:08.489 20340 20340 W IInputConnectionWrapper: requestCursorAnchorInfo on inactive InputConnection
02-11 22:20:08.500 20340 20340 W IInputConnectionWrapper: getTextBeforeCursor on inactive InputConnection
02-11 22:20:08.501 20340 20340 W IInputConnectionWrapper: getTextAfterCursor on inactive InputConnection
02-11 22:20:08.502 20340 20340 W IInputConnectionWrapper: getSelectedText on inactive InputConnection
02-11 22:20:08.705 20340 20340 W IInputConnectionWrapper: requestCursorAnchorInfo on inactive InputConnection
02-11 22:20:08.716 20340 20340 W IInputConnectionWrapper: performPrivateCommand on inactive InputConnection
02-11 22:20:08.719 20340 20340 W IInputConnectionWrapper: requestCursorAnchorInfo on inactive InputConnection
02-11 22:20:08.770 20340 20340 W IInputConnectionWrapper: requestCursorAnchorInfo on inactive InputConnection
02-11 22:20:08.811 20340 20340 W IInputConnectionWrapper: getTextBeforeCursor on inactive InputConnection
02-11 22:20:08.813 20340 20340 W IInputConnectionWrapper: getTextAfterCursor on inactive InputConnection
02-11 22:20:08.814 20340 20340 W IInputConnectionWrapper: getSelectedText on inactive InputConnection
02-11 22:20:08.886 20340 20340 W IInputConnectionWrapper: requestCursorAnchorInfo on inactive InputConnection
02-11 22:20:08.901 20340 20340 W IInputConnectionWrapper: performPrivateCommand on inactive InputConnection
02-11 22:20:08.902 20340 20340 W IInputConnectionWrapper: requestCursorAnchorInfo on inactive InputConnection
02-11 22:20:08.949 20340 20340 W IInputConnectionWrapper: requestCursorAnchorInfo on inactive InputConnection
02-11 22:20:09.009 20340 20340 W IInputConnectionWrapper: getTextBeforeCursor on inactive InputConnection
02-11 22:20:09.010 20340 20340 W IInputConnectionWrapper: getTextAfterCursor on inactive InputConnection
02-11 22:20:09.011 20340 20340 W IInputConnectionWrapper: getSelectedText on inactive InputConnection
02-11 22:20:09.147 20340 20340 W IInputConnectionWrapper: requestCursorAnchorInfo on inactive InputConnection
02-11 22:20:09.150 20340 20340 W IInputConnectionWrapper: performPrivateCommand on inactive InputConnection
02-11 22:20:09.150 20340 20340 W IInputConnectionWrapper: requestCursorAnchorInfo on inactive InputConnection
02-11 22:20:09.176 20340 20340 W IInputConnectionWrapper: requestCursorAnchorInfo on inactive InputConnection
02-11 22:20:09.236 20340 20340 W IInputConnectionWrapper: getTextBeforeCursor on inactive InputConnection
02-11 22:20:09.240 20340 20340 W IInputConnectionWrapper: getTextAfterCursor on inactive InputConnection
02-11 22:20:09.242 20340 20340 W IInputConnectionWrapper: getSelectedText on inactive InputConnection
02-11 22:20:09.300 20340 20340 W IInputConnectionWrapper: requestCursorAnchorInfo on inactive InputConnection
02-11 22:20:09.303 20340 20340 W IInputConnectionWrapper: performPrivateCommand on inactive InputConnection
02-11 22:20:09.303 20340 20340 W IInputConnectionWrapper: requestCursorAnchorInfo on inactive InputConnection
02-11 22:20:09.346 20340 20340 W IInputConnectionWrapper: requestCursorAnchorInfo on inactive InputConnection
02-11 22:20:09.356 20340 20340 W IInputConnectionWrapper: getTextBeforeCursor on inactive InputConnection
02-11 22:20:09.358 20340 20340 W IInputConnectionWrapper: getTextAfterCursor on inactive InputConnection
02-11 22:20:09.359 20340 20340 W IInputConnectionWrapper: getSelectedText on inactive InputConnection
02-11 22:20:09.459 20340 20340 W IInputConnectionWrapper: requestCursorAnchorInfo on inactive InputConnection
02-11 22:20:09.501 20340 20340 W IInputConnectionWrapper: performPrivateCommand on inactive InputConnection
02-11 22:20:09.501 20340 20340 W IInputConnectionWrapper: requestCursorAnchorInfo on inactive InputConnection
02-11 22:20:09.571 20340 20340 W IInputConnectionWrapper: requestCursorAnchorInfo on inactive InputConnection
02-11 22:20:09.607 20340 20340 W IInputConnectionWrapper: getTextBeforeCursor on inactive InputConnection
02-11 22:20:09.608 20340 20340 W IInputConnectionWrapper: getTextAfterCursor on inactive InputConnection
02-11 22:20:09.613 20340 20340 W IInputConnectionWrapper: getSelectedText on inactive InputConnection
02-11 22:20:09.735 20340 20340 W IInputConnectionWrapper: requestCursorAnchorInfo on inactive InputConnection
02-11 22:20:09.737 20340 20340 W IInputConnectionWrapper: performPrivateCommand on inactive InputConnection
02-11 22:20:09.738 20340 20340 W IInputConnectionWrapper: requestCursorAnchorInfo on inactive InputConnection
02-11 22:20:09.788 20340 20340 W IInputConnectionWrapper: requestCursorAnchorInfo on inactive InputConnection
02-11 22:20:09.827 20340 20340 W IInputConnectionWrapper: getTextBeforeCursor on inactive InputConnection
02-11 22:20:09.843 20340 20340 W IInputConnectionWrapper: getTextAfterCursor on inactive InputConnection
02-11 22:20:09.851 20340 20340 W IInputConnectionWrapper: getSelectedText on inactive InputConnection
02-11 22:20:10.008 20340 20340 W IInputConnectionWrapper: requestCursorAnchorInfo on inactive InputConnection
02-11 22:20:10.017 20340 20340 W IInputConnectionWrapper: performPrivateCommand on inactive InputConnection
02-11 22:20:10.017 20340 20340 W IInputConnectionWrapper: requestCursorAnchorInfo on inactive InputConnection
02-11 22:20:10.093 20340 20340 W IInputConnectionWrapper: requestCursorAnchorInfo on inactive InputConnection
02-11 22:20:10.109 20340 20340 W IInputConnectionWrapper: getTextBeforeCursor on inactive InputConnection
02-11 22:20:10.143 20340 20340 W IInputConnectionWrapper: getTextAfterCursor on inactive InputConnection
02-11 22:20:10.158 20340 20340 W IInputConnectionWrapper: getSelectedText on inactive InputConnection
02-11 22:20:10.278 20340 20340 W IInputConnectionWrapper: requestCursorAnchorInfo on inactive InputConnection
02-11 22:20:10.283 20340 20340 W IInputConnectionWrapper: performPrivateCommand on inactive InputConnection
02-11 22:20:10.283 20340 20340 W IInputConnectionWrapper: requestCursorAnchorInfo on inactive InputConnection
02-11 22:20:10.377 20340 20340 W IInputConnectionWrapper: requestCursorAnchorInfo on inactive InputConnection
02-11 22:20:10.392 20340 20340 W IInputConnectionWrapper: getTextBeforeCursor on inactive InputConnection
02-11 22:20:10.503 20340 20340 W IInputConnectionWrapper: getTextAfterCursor on inactive InputConnection
02-11 22:20:10.507 20340 20340 W IInputConnectionWrapper: getSelectedText on inactive InputConnection
02-11 22:20:10.593 20340 20340 W IInputConnectionWrapper: requestCursorAnchorInfo on inactive InputConnection
02-11 22:20:10.657 20340 20340 W IInputConnectionWrapper: performPrivateCommand on inactive InputConnection
02-11 22:20:10.659 20340 20340 W IInputConnectionWrapper: requestCursorAnchorInfo on inactive InputConnection
02-11 22:20:10.702 20340 20340 W IInputConnectionWrapper: requestCursorAnchorInfo on inactive InputConnection
02-11 22:20:10.751 20340 20340 W IInputConnectionWrapper: getTextBeforeCursor on inactive InputConnection
02-11 22:20:10.753 20340 20340 W IInputConnectionWrapper: getTextAfterCursor on inactive InputConnection
02-11 22:20:10.757 20340 20340 W IInputConnectionWrapper: getSelectedText on inactive InputConnection
02-11 22:20:10.868 20340 20340 W IInputConnectionWrapper: requestCursorAnchorInfo on inactive InputConnection
02-11 22:20:10.872 20340 20340 W IInputConnectionWrapper: performPrivateCommand on inactive InputConnection
02-11 22:20:10.872 20340 20340 W IInputConnectionWrapper: requestCursorAnchorInfo on inactive InputConnection
02-11 22:20:10.947 20340 20340 W IInputConnectionWrapper: requestCursorAnchorInfo on inactive InputConnection
02-11 22:20:10.963 20340 20340 W IInputConnectionWrapper: getTextBeforeCursor on inactive InputConnection
02-11 22:20:10.963 20340 20340 W IInputConnectionWrapper: getTextAfterCursor on inactive InputConnection
02-11 22:20:10.964 20340 20340 W IInputConnectionWrapper: getSelectedText on inactive InputConnection
02-11 22:20:11.036 20340 20340 W IInputConnectionWrapper: requestCursorAnchorInfo on inactive InputConnection
02-11 22:20:11.043 20340 20340 W IInputConnectionWrapper: performPrivateCommand on inactive InputConnection
02-11 22:20:11.043 20340 20340 W IInputConnectionWrapper: requestCursorAnchorInfo on inactive InputConnection
02-11 22:20:11.090 20340 20340 W IInputConnectionWrapper: requestCursorAnchorInfo on inactive InputConnection
02-11 22:20:11.108 20340 20340 W IInputConnectionWrapper: getTextBeforeCursor on inactive InputConnection
02-11 22:20:11.112 20340 20340 W IInputConnectionWrapper: getTextAfterCursor on inactive InputConnection
02-11 22:20:11.119 20340 20340 W IInputConnectionWrapper: getSelectedText on inactive InputConnection
02-11 22:20:11.192 20340 20340 W IInputConnectionWrapper: requestCursorAnchorInfo on inactive InputConnection
02-11 22:20:11.219 20340 20340 W IInputConnectionWrapper: performPrivateCommand on inactive InputConnection
02-11 22:20:11.219 20340 20340 W IInputConnectionWrapper: requestCursorAnchorInfo on inactive InputConnection
02-11 22:20:11.423 20340 20340 W IInputConnectionWrapper: requestCursorAnchorInfo on inactive InputConnection
02-11 22:20:11.443 20340 20340 W IInputConnectionWrapper: getTextBeforeCursor on inactive InputConnection
02-11 22:20:11.449 20340 20340 W IInputConnectionWrapper: getTextAfterCursor on inactive InputConnection
02-11 22:20:11.456 20340 20340 W IInputConnectionWrapper: getSelectedText on inactive InputConnection
02-11 22:20:11.537 20340 20340 W IInputConnectionWrapper: requestCursorAnchorInfo on inactive InputConnection
02-11 22:20:11.539 20340 20340 W IInputConnectionWrapper: performPrivateCommand on inactive InputConnection
02-11 22:20:11.539 20340 20340 W IInputConnectionWrapper: requestCursorAnchorInfo on inactive InputConnection
02-11 22:20:11.604 20340 20340 W IInputConnectionWrapper: requestCursorAnchorInfo on inactive InputConnection
02-11 22:20:11.625 20340 20340 W IInputConnectionWrapper: getTextBeforeCursor on inactive InputConnection
02-11 22:20:11.630 20340 20340 W IInputConnectionWrapper: getTextAfterCursor on inactive InputConnection
02-11 22:20:11.631 20340 20340 W IInputConnectionWrapper: getSelectedText on inactive InputConnection
02-11 22:20:11.784 20340 20340 W IInputConnectionWrapper: requestCursorAnchorInfo on inactive InputConnection
02-11 22:20:11.793 20340 20340 W IInputConnectionWrapper: performPrivateCommand on inactive InputConnection
02-11 22:20:11.808 20340 20340 W IInputConnectionWrapper: requestCursorAnchorInfo on inactive InputConnection
02-11 22:20:11.963 20340 20340 W IInputConnectionWrapper: requestCursorAnchorInfo on inactive InputConnection
02-11 22:21:35.520 20340 20439 W Adreno-ES20: <core_glFinish:34>: glFinish skipped: 0
02-11 22:21:35.539 20340 20439 W Adreno-ES20: <core_glFinish:34>: glFinish skipped: 0 --------- beginning of main
02-11 22:51:57.021 1036 1036 W System.err: java.lang.ClassNotFoundException: mbmodsd.mbmodsw.ui.views.btn.BtnBK
02-11 22:51:57.021 1036 1036 W System.err: at java.lang.VMClassLoader.findLoadedClass(Native Method)
02-11 22:51:57.021 1036 1036 W System.err: at java.lang.ClassLoader.findLoadedClass(ClassLoader.java:738)
02-11 22:51:57.021 1036 1036 W System.err: at java.lang.ClassLoader.loadClass(ClassLoader.java:363)
02-11 22:51:57.021 1036 1036 W System.err: at java.lang.ClassLoader.loadClass(ClassLoader.java:312)
02-11 22:51:57.021 1036 1036 W System.err: at java.lang.Runtime.nativeLoad(Native Method)
02-11 22:51:57.022 1036 1036 W System.err: at java.lang.Runtime.doLoad(Runtime.java:1099)
02-11 22:51:57.022 1036 1036 W System.err: at java.lang.Runtime.loadLibrary0(Runtime.java:1014)
02-11 22:51:57.022 1036 1036 W System.err: at java.lang.System.loadLibrary(System.java:1657)
02-11 22:51:57.022 1036 1036 W System.err: at arm.EpicVm.<clinit>(Unknown Source:2)
02-11 22:51:57.022 1036 1036 W System.err: at java.lang.Class.newInstance(Native Method)
02-11 22:51:57.022 1036 1036 W System.err: at android.app.Instrumentation.newApplication(Instrumentation.java:1140)
02-11 22:51:57.022 1036 1036 W System.err: at android.app.Instrumentation.newApplication(Instrumentation.java:1125)
02-11 22:51:57.022 1036 1036 W System.err: at android.app.LoadedApk.makeApplication(LoadedApk.java:983)
02-11 22:51:57.022 1036 1036 W System.err: at android.app.ActivityThread.handleBindApplication(ActivityThread.java:5751)
02-11 22:51:57.022 1036 1036 W System.err: at android.app.ActivityThread.- wrap1(Unknown Source:0)
02-11 22:51:57.022 1036 1036 W System.err: at android.app.ActivityThread$H.handleMessage(ActivityThread.java:1680)
02-11 22:51:57.022 1036 1036 W System.err: at android.os.Handler.dispatchMessage(Handler.java:106)
02-11 22:51:57.022 1036 1036 W System.err: at android.os.Looper.loop(Looper.java:164)
02-11 22:51:57.022 1036 1036 W System.err: at android.app.ActivityThread.main(ActivityThread.java:6539)
02-11 22:51:57.022 1036 1036 W System.err: at java.lang.reflect.Method.invoke(Native Method)
02-11 22:51:57.022 1036 1036 W System.err: at com.android.internal.os.RuntimeInit$MethodAndArgsCaller.run(RuntimeInit.java:438)
02-11 22:51:57.022 1036 1036 W System.err: at com.android.internal.os.ZygoteInit.main(ZygoteInit.java:807)
02-11 22:51:57.022 1036 1036 W System.err: Caused by: java.lang.NoClassDefFoundError: Failed resolution of: Lcom/whatsapp/components/Button;
02-11 22:51:57.022 1036 1036 W System.err: ... 18 more
02-11 22:51:57.022 1036 1036 W System.err: Caused by: java.lang.ClassNotFoundException: Didn't find class "com.whatsapp.components.Button" on path: DexPathList[[zip file "/data/app/com.whatsapp-UEj3oGZH85olLjPuviRrSA==/base.apk"],nativeLibraryDirectorie s=[/data/app/com.whatsapp-UEj3oGZH85olLjPuviRrSA==/lib/arm, /data/app/com.whatsapp- UEj3oGZH85olLjPuviRrSA==/base.apk!/lib/armeabi-v7a, /system/lib, /vendor/lib]]
02-11 22:51:57.023 1036 1036 W System.err: at dalvik.system.BaseDexClassLoader.findClass(BaseDexClassLoader.java:125)
02-11 22:51:57.023 1036 1036 W System.err: at java.lang.ClassLoader.loadClass(ClassLoader.java:379)
02-11 22:51:57.023 1036 1036 W System.err: at java.lang.ClassLoader.loadClass(ClassLoader.java:312)
02-11 22:51:57.023 1036 1036 W System.err: ... 18 more
02-11 22:51:57.111 1036 1036 E CustomActivityOnCrash: IMPORTANT WARNING! You already have an UncaughtExceptionHandler, are you sure this is correct? If you use a custom UncaughtExceptionHandler, you must initialize it AFTER CustomActivityOnCrash! Installing anyway, but your original handler will not be called.
02-11 22:51:58.260 1036 1201 W zygote : Class X.2rL failed lock verification and will run slower.
02-11 22:51:58.260 1036 1201 W zygote : Common causes for lock verification issues are non-optimized dex code
02-11 22:51:58.260 1036 1201 W zygote : and incorrect proguard optimizations.
02-11 22:51:58.294 1036 1036 W zygote : Class com.whatsapp.HomeActivity failed lock verification and will run slower.
02-11 22:51:58.311 1036 1036 W zygote : Class X.0eU failed lock verification and will run slower.
02-11 22:51:59.032 1036 1036 W ResourceType: Too many attribute references, stopped at: 0x01010034
02-11 22:51:59.032 1036 1036 W ResourceType: Too many attribute references, stopped at: 0x01010034
02-11 22:51:59.055 1036 1036 W ResourceType: Too many attribute references, stopped at: 0x01010034
02-11 22:51:59.058 1036 1036 W ResourceType: Too many attribute references, stopped at: 0x01010034
02-11 22:51:59.534 1036 1036 E ArmVmp : Match on catch block at 0x0a in for 0xb9
02-11 22:51:59.589 1036 1036 E ArmVmp : Match on catch block at 0x0a in for 0x129 --------- beginning of system
02-11 22:52:00.351 1036 1280 W LOTTIE : Animation contains merge paths. Merge paths are only supported on KitKat+ and must be manually enabled by calling enableMergePathsForKitKatAndAbove().
02-11 22:52:00.465 1036 1036 E ArmVmp : Match on catch block at 0x0a in for 0xc5
02-11 22:52:00.575 1036 1036 W StaticLayout: maxLineHeight should not be -1. maxLines:1 lineCount:1
02-11 22:52:00.598 1036 1036 W StaticLayout: maxLineHeight should not be -1. maxLines:1 lineCount:1
02-11 22:52:00.639 1036 1036 W StaticLayout: maxLineHeight should not be -1. maxLines:1 lineCount:1
02-11 22:52:00.640 1036 1036 W StaticLayout: maxLineHeight should not be -1. maxLines:1 lineCount:1
02-11 22:52:00.644 1036 1281 W Adreno-ES20: <get_gpu_clk:229>: open failed: errno 13
02-11 22:52:00.627 1036 1036 W RenderThread: type=1400 audit(0.0:316757): avc: denied { search } for name="kgsl-3d0" dev="sysfs" ino=20173 scontext=u:r:untrusted_app:s0:c512,c768 tcontext=u:object_r:sysfs_kgsl:s0 tclass=dir permissive=0
02-11 22:52:00.645 1036 1281 W Adreno-EGL: <qeglDrvAPI_eglGetConfigAttrib:612>: EGL_BAD_ATTRIBUTE
02-11 22:52:00.650 1036 1281 W Adreno-EGL: <qeglDrvAPI_eglGetConfigAttrib:612>: EGL_BAD_ATTRIBUTE
02-11 22:52:01.557 1036 1036 E RecyclerView: No adapter attached; skipping layout
02-11 22:52:01.570 1036 1036 W LOTTIE : Animation contains merge paths but they are disabled.
02-11 22:52:01.792 1036 1036 E RecyclerView: No adapter attached; skipping layout
02-11 22:52:03.264 1036 1074 W LibraryVersion: Failed to get app version for libraryName: firebase-iid
02-11 22:52:05.626 1036 1198 E SQLiteDatabase: Error inserting media_duration=30 file_path=null transferred=0 thumbnail_height_width_ratio=1.7777778 face_y=0 face_x=0 trim_from=0 media_caption=null transcoded=0 message_url=https://mmg.whatsapp.net/v/t62.7161- 24/32124649_918590479637591_174284548015243699_n.enc?ccb=11- 4&oh=01_AdSPZpHoX41_GTULKJ9eyYB65t5QgA1_KLhR_pI9UZTVwA&oe=65F0E817&_nc_sid=5e03e0&m ms3=true first_scan_sidecar=null direct_path=/v/t62.7161- 24/32124649_918590479637591_174284548015243699_n.enc?ccb=11- 4&oh=01_AdSPZpHoX41_GTULKJ9eyYB65t5QgA1_KLhR_pI9UZTVwA&oe=65F0E817&_nc_sid=5e03e0 original_file_hash=null is_animated_sticker=0 media_name=null has_streaming_sidecar=1 partial_media_enc_hash=null media_key=[B@c22e79d multicast_id=null page_count=0 height=1024 partial_media_hash=null gif_attribution=0 mute_video=0 autotransfer_retry_enabled=1 first_scan_length=0 trim_to=0 media_key_timestamp=1707705876000 file_size=0 chat_row_id=11 media_job_uuid=d9c76f55-7842-483a-9cf9-40e9759c37e6 message_row_id=2654 enc_file_hash=+zpMLp7u1rwCM2I+KV+sfy+YO4rpGvg7lEwQZ+zXHJI= file_hash=87iImr3pc5BbcCZAA9LnUb6veSdY+FCuhIaMLcUWiKU= mime_type=video/mp4 media_upload_handle=null suspicious_content=0 width=576 file_length=5127922
02-11 22:52:05.626 1036 1198 E SQLiteDatabase: android.database.sqlite.SQLiteConstraintException: UNIQUE constraint failed: message_media.message_row_id (code 1555)
02-11 22:52:05.626 1036 1198 E SQLiteDatabase: at android.database.sqlite.SQLiteConnection.nativeExecuteForLastInsertedRowId(Native Method)
02-11 22:52:05.626 1036 1198 E SQLiteDatabase: at android.database.sqlite.SQLiteConnection.executeForLastInsertedRowId(SQLiteConnecti on.java:790)
02-11 22:52:05.626 1036 1198 E SQLiteDatabase: at android.database.sqlite.SQLiteSession.executeForLastInsertedRowId(SQLiteSession.jav a:788)
02-11 22:52:05.626 1036 1198 E SQLiteDatabase: at android.database.sqlite.SQLiteStatement.executeInsert(SQLiteStatement.java:86)
02-11 22:52:05.626 1036 1198 E SQLiteDatabase: at android.database.sqlite.SQLiteDatabase.insertWithOnConflict(SQLiteDatabase.java:154 8)
02-11 22:52:05.626 1036 1198 E SQLiteDatabase: at android.database.sqlite.SQLiteDatabase.insert(SQLiteDatabase.java:1417)
02-11 22:52:05.626 1036 1198 E SQLiteDatabase: at X.2tm.A08(Unknown Source:6)
02-11 22:52:05.626 1036 1198 E SQLiteDatabase: at X.35Y.A07(Unknown Source:212)
02-11 22:52:05.626 1036 1198 E SQLiteDatabase: at X.3QF.A14(Unknown Source:470)
02-11 22:52:05.626 1036 1198 E SQLiteDatabase: at X.3gU.run(Unknown Source:982)
02-11 22:52:05.626 1036 1198 E SQLiteDatabase: at android.os.Handler.handleCallback(Handler.java:790)
02-11 22:52:05.626 1036 1198 E SQLiteDatabase: at android.os.Handler.dispatchMessage(Handler.java:99)
02-11 22:52:05.626 1036 1198 E SQLiteDatabase: at X.0zq.dispatchMessage(Unknown Source:4)
02-11 22:52:05.626 1036 1198 E SQLiteDatabase: at android.os.Looper.loop(Looper.java:164)
02-11 22:52:05.626 1036 1198 E SQLiteDatabase: at android.os.HandlerThread.run(HandlerThread.java:65)
02-11 22:52:07.697 1036 1036 W zygote : Verification of void X.5pH.A1Z(android.os.Bundle) took 128.887ms
02-11 22:52:08.490 1036 1036 E ArmVmp : Match on catch block at 0x0a in for 0xb1
02-11 22:52:08.502 1036 1036 E ArmVmp : Match on catch block at 0x0a in for 0xb1
02-11 22:52:08.047 1036 1281 W Adreno-EGL: <qeglDrvAPI_eglGetConfigAttrib:612>: EGL_BAD_ATTRIBUTE
02-11 22:52:09.221 1036 1036 E ArmVmp : Match on catch block at 0xc3 in for 0xa1
02-11 22:52:09.231 1036 1036 E ArmVmp : Match on catch block at 0xc3 in for 0xa9
02-11 22:52:09.236 1036 1036 E ArmVmp : Match on catch block at 0xc3 in for 0xa9
02-11 22:52:09.299 1036 1036 E ArmVmp : Match on catch block at 0xc3 in for 0x99
02-11 22:52:09.307 1036 1036 E ArmVmp : Match on catch block at 0xc3 in for 0x95
02-11 22:52:09.311 1036 1036 E ArmVmp : Match on catch block at 0xc3 in for 0x95
02-11 22:52:09.546 1036 1036 E ArmVmp : Match on catch block at 0xc3 in for 0x99
02-11 22:52:09.553 1036 1036 E ArmVmp : Match on catch block at 0xc3 in for 0x91
02-11 22:52:09.560 1036 1036 E ArmVmp : Match on catch block at 0xc3 in for 0x91
02-11 22:52:09.582 1036 1036 E ArmVmp : Match on catch block at 0xc3 in for 0x99
02-11 22:52:09.589 1036 1036 E ArmVmp : Match on catch block at 0xc3 in for 0x91
02-11 22:52:09.596 1036 1036 E ArmVmp : Match on catch block at 0xc3 in for 0x91
02-11 22:52:09.615 1036 1281 W Adreno-ES20: <core_glFinish:34>: glFinish skipped: 0
02-11 22:52:09.617 1036 1281 W Adreno-ES20: <core_glFinish:34>: glFinish skipped: 0
02-11 22:52:09.637 1036 1036 E ArmVmp : Match on catch block at 0xc3 in for 0x99
02-11 22:52:09.643 1036 1036 E ArmVmp : Match on catch block at 0xc3 in for 0x91
02-11 22:52:09.646 1036 1036 E ArmVmp : Match on catch block at 0xc3 in for 0x91
02-11 22:52:09.657 1036 1036 E ArmVmp : Match on catch block at 0xc3 in for 0x95
02-11 22:52:09.663 1036 1036 E ArmVmp : Match on catch block at 0xc3 in for 0x99
02-11 22:52:09.666 1036 1036 E ArmVmp : Match on catch block at 0xc3 in for 0x99
02-11 22:52:09.684 1036 1036 E ArmVmp : Match on catch block at 0xc3 in for 0x95
02-11 22:52:09.689 1036 1036 E ArmVmp : Match on catch block at 0xc3 in for 0x99
02-11 22:52:09.694 1036 1036 E ArmVmp : Match on catch block at 0xc3 in for 0x99
02-11 22:52:09.710 1036 1036 E ArmVmp : Match on catch block at 0xc3 in for 0x95
02-11 22:52:09.715 1036 1036 E ArmVmp : Match on catch block at 0xc3 in for 0x99
02-11 22:52:09.718 1036 1036 E ArmVmp : Match on catch block at 0xc3 in for 0x99
02-11 22:52:09.731 1036 1036 E ArmVmp : Match on catch block at 0xc3 in for 0x91
02-11 22:52:09.736 1036 1036 E ArmVmp : Match on catch block at 0xc3 in for 0x95
02-11 22:52:09.744 1036 1036 E ArmVmp : Match on catch block at 0xc3 in for 0x95
02-11 22:52:09.760 1036 1036 E ArmVmp : Match on catch block at 0xc3 in for 0x99
02-11 22:52:09.765 1036 1036 E ArmVmp : Match on catch block at 0xc3 in for 0x91
02-11 22:52:09.768 1036 1036 E ArmVmp : Match on catch block at 0xc3 in for 0x91
02-11 22:52:09.776 1036 1036 E ArmVmp : Match on catch block at 0xc3 in for 0x95
02-11 22:52:09.782 1036 1036 E ArmVmp : Match on catch block at 0xc3 in for 0x99
02-11 22:52:09.785 1036 1036 E ArmVmp : Match on catch block at 0xc3 in for 0x99
02-11 22:52:09.793 1036 1036 E ArmVmp : Match on catch block at 0xc3 in for 0x91
02-11 22:52:09.798 1036 1036 E ArmVmp : Match on catch block at 0xc3 in for 0x95
02-11 22:52:09.802 1036 1036 E ArmVmp : Match on catch block at 0xc3 in for 0x95
02-11 22:52:09.810 1036 1036 E ArmVmp : Match on catch block at 0xc3 in for 0x99
02-11 22:52:09.815 1036 1036 E ArmVmp : Match on catch block at 0xc3 in for 0x91
02-11 22:52:09.819 1036 1036 E ArmVmp : Match on catch block at 0xc3 in for 0x91
02-11 22:52:09.827 1036 1036 E ArmVmp : Match on catch block at 0xc3 in for 0x95
02-11 22:52:09.832 1036 1036 E ArmVmp : Match on catch block at 0xc3 in for 0x99
02-11 22:52:09.835 1036 1036 E ArmVmp : Match on catch block at 0xc3 in for 0x99
02-11 22:52:09.844 1036 1036 E ArmVmp : Match on catch block at 0xc3 in for 0x91
02-11 22:52:09.850 1036 1036 E ArmVmp : Match on catch block at 0xc3 in for 0x95
02-11 22:52:09.853 1036 1036 E ArmVmp : Match on catch block at 0xc3 in for 0x95
02-11 22:52:09.860 1036 1036 E ArmVmp : Match on catch block at 0xc3 in for 0x99
02-11 22:52:09.865 1036 1036 E ArmVmp : Match on catch block at 0xc3 in for 0x91
02-11 22:52:09.868 1036 1036 E ArmVmp : Match on catch block at 0xc3 in for 0x91
02-11 22:52:09.877 1036 1036 E ArmVmp : Match on catch block at 0xc3 in for 0x95
02-11 22:52:09.882 1036 1036 E ArmVmp : Match on catch block at 0xc3 in for 0x99
02-11 22:52:09.885 1036 1036 E ArmVmp : Match on catch block at 0xc3 in for 0x99
02-11 22:52:09.896 1036 1036 E ArmVmp : Match on catch block at 0xc3 in for 0x95
02-11 22:52:09.901 1036 1036 E ArmVmp : Match on catch block at 0xc3 in for 0x99
02-11 22:52:09.905 1036 1036 E ArmVmp : Match on catch block at 0xc3 in for 0x99
02-11 22:52:09.916 1036 1281 W Adreno-ES20: <core_glFinish:34>: glFinish skipped: 0
02-11 22:52:10.378 1036 1036 E ArmVmp : Match on catch block at 0xc3 in for 0x91
02-11 22:52:10.386 1036 1036 E ArmVmp : Match on catch block at 0xc3 in for 0x95
02-11 22:52:10.391 1036 1036 E ArmVmp : Match on catch block at 0xc3 in for 0x95
02-11 22:52:10.880 1036 1036 E ArmVmp : Match on catch block at 0xc3 in for 0x99
02-11 22:52:10.887 1036 1036 E ArmVmp : Match on catch block at 0xc3 in for 0x91
02-11 22:52:10.893 1036 1036 E ArmVmp : Match on catch block at 0xc3 in for 0x91
02-11 22:52:11.113 1036 1036 E ArmVmp : Match on catch block at 0xc3 in for 0x95
02-11 22:52:11.119 1036 1036 E ArmVmp : Match on catch block at 0xc3 in for 0x99
02-11 22:52:11.123 1036 1036 E ArmVmp : Match on catch block at 0xc3 in for 0x99
02-11 22:52:11.130 1036 1036 E ArmVmp : Match on catch block at 0xc3 in for 0x91
02-11 22:52:11.137 1036 1036 E ArmVmp : Match on catch block at 0xc3 in for 0x95
02-11 22:52:11.140 1036 1036 E ArmVmp : Match on catch block at 0xc3 in for 0x95
02-11 22:52:11.147 1036 1036 E ArmVmp : Match on catch block at 0xc3 in for 0x99
02-11 22:52:11.154 1036 1036 E ArmVmp : Match on catch block at 0xc3 in for 0x91
02-11 22:52:11.157 1036 1036 E ArmVmp : Match on catch block at 0xc3 in for 0x91
02-11 22:52:11.165 1036 1036 E ArmVmp : Match on catch block at 0xc3 in for 0x95
02-11 22:52:11.172 1036 1036 E ArmVmp : Match on catch block at 0xc3 in for 0x99
02-11 22:52:11.175 1036 1036 E ArmVmp : Match on catch block at 0xc3 in for 0x99
02-11 22:52:11.180 1036 1036 E ArmVmp : Match on catch block at 0xc3 in for 0x91
02-11 22:52:11.187 1036 1036 E ArmVmp : Match on catch block at 0xc3 in for 0x95
02-11 22:52:11.192 1036 1036 E ArmVmp : Match on catch block at 0xc3 in for 0x95
02-11 22:52:11.198 1036 1036 E ArmVmp : Match on catch block at 0xc3 in for 0x99
02-11 22:52:11.205 1036 1036 E ArmVmp : Match on catch block at 0xc3 in for 0x91
02-11 22:52:11.209 1036 1036 E ArmVmp : Match on catch block at 0xc3 in for 0x91
02-11 22:52:11.216 1036 1036 E ArmVmp : Match on catch block at 0xc3 in for 0x95
02-11 22:52:11.222 1036 1036 E ArmVmp : Match on catch block at 0xc3 in for 0x99
02-11 22:52:11.225 1036 1036 E ArmVmp : Match on catch block at 0xc3 in for 0x99
02-11 22:52:11.231 1036 1036 E ArmVmp : Match on catch block at 0xc3 in for 0x91
02-11 22:52:11.237 1036 1036 E ArmVmp : Match on catch block at 0xc3 in for 0x95
02-11 22:52:11.241 1036 1036 E ArmVmp : Match on catch block at 0xc3 in for 0x95
02-11 22:52:11.247 1036 1036 E ArmVmp : Match on catch block at 0xc3 in for 0x99
02-11 22:52:11.254 1036 1036 E ArmVmp : Match on catch block at 0xc3 in for 0x91
02-11 22:52:11.257 1036 1036 E ArmVmp : Match on catch block at 0xc3 in for 0x91
02-11 22:52:11.263 1036 1036 E ArmVmp : Match on catch block at 0xc3 in for 0x95
02-11 22:52:11.270 1036 1036 E ArmVmp : Match on catch block at 0xc3 in for 0x99
02-11 22:52:11.272 1036 1036 E ArmVmp : Match on catch block at 0xc3 in for 0x99
02-11 22:52:11.280 1036 1036 E ArmVmp : Match on catch block at 0xc3 in for 0x91
02-11 22:52:11.286 1036 1036 E ArmVmp : Match on catch block at 0xc3 in for 0x95
02-11 22:52:11.289 1036 1036 E ArmVmp : Match on catch block at 0xc3 in for 0x95
02-11 22:52:11.297 1036 1036 E ArmVmp : Match on catch block at 0xc3 in for 0x99
02-11 22:52:11.303 1036 1036 E ArmVmp : Match on catch block at 0xc3 in for 0x91
02-11 22:52:11.306 1036 1036 E ArmVmp : Match on catch block at 0xc3 in for 0x91
02-11 22:52:11.315 1036 1036 E ArmVmp : Match on catch block at 0xc3 in for 0x95
02-11 22:52:11.320 1036 1036 E ArmVmp : Match on catch block at 0xc3 in for 0x99
02-11 22:52:11.323 1036 1036 E ArmVmp : Match on catch block at 0xc3 in for 0x99
02-11 22:52:11.331 1036 1036 E ArmVmp : Match on catch block at 0xc3 in for 0x91
02-11 22:52:11.336 1036 1036 E ArmVmp : Match on catch block at 0xc3 in for 0x95
02-11 22:52:11.339 1036 1036 E ArmVmp : Match on catch block at 0xc3 in for 0x95
02-11 22:52:11.349 1036 1036 E ArmVmp : Match on catch block at 0xc3 in for 0x99
02-11 22:52:11.354 1036 1036 E ArmVmp : Match on catch block at 0xc3 in for 0x91
02-11 22:52:11.357 1036 1036 E ArmVmp : Match on catch block at 0xc3 in for 0x91
02-11 22:52:11.365 1036 1036 E ArmVmp : Match on catch block at 0xc3 in for 0x95
02-11 22:52:11.370 1036 1036 E ArmVmp : Match on catch block at 0xc3 in for 0x99
02-11 22:52:11.373 1036 1036 E ArmVmp : Match on catch block at 0xc3 in for 0x99
02-11 22:52:11.380 1036 1036 E ArmVmp : Match on catch block at 0xc3 in for 0x91
02-11 22:52:11.386 1036 1036 E ArmVmp : Match on catch block at 0xc3 in for 0x95
02-11 22:52:11.389 1036 1036 E ArmVmp : Match on catch block at 0xc3 in for 0x95
02-11 22:52:11.882 1036 1036 E ArmVmp : Match on catch block at 0xc3 in for 0x95
02-11 22:52:11.886 1036 1036 E ArmVmp : Match on catch block at 0xc3 in for 0x99
02-11 22:52:11.890 1036 1036 E ArmVmp : Match on catch block at 0xc3 in for 0x99
02-11 22:52:12.384 1036 1036 E ArmVmp : Match on catch block at 0xc3 in for 0x91
02-11 22:52:12.391 1036 1036 E ArmVmp : Match on catch block at 0xc3 in for 0x95
02-11 22:52:12.395 1036 1036 E ArmVmp : Match on catch block at 0xc3 in for 0x95
02-11 22:52:12.885 1036 1036 E ArmVmp : Match on catch block at 0xc3 in for 0x99
02-11 22:52:12.892 1036 1036 E ArmVmp : Match on catch block at 0xc3 in for 0x91
02-11 22:52:12.896 1036 1036 E ArmVmp : Match on catch block at 0xc3 in for 0x91
02-11 22:52:13.387 1036 1036 E ArmVmp : Match on catch block at 0xc3 in for 0x95
02-11 22:52:13.395 1036 1036 E ArmVmp : Match on catch block at 0xc3 in for 0x99
02-11 22:52:13.400 1036 1036 E ArmVmp : Match on catch block at 0xc3 in for 0x99
02-11 22:52:13.887 1036 1036 E ArmVmp : Match on catch block at 0xc3 in for 0x91
02-11 22:52:13.892 1036 1036 E ArmVmp : Match on catch block at 0xc3 in for 0x95
02-11 22:52:14.089 1036 1036 E ArmVmp : Match on catch block at 0xc3 in for 0x95
02-11 22:52:14.098 1036 1036 E ArmVmp : Match on catch block at 0xc3 in for 0x99
02-11 22:52:14.101 1036 1036 E ArmVmp : Match on catch block at 0xc3 in for 0x99
02-11 22:52:14.109 1036 1036 E ArmVmp : Match on catch block at 0xc3 in for 0x91
02-11 22:52:14.114 1036 1036 E ArmVmp : Match on catch block at 0xc3 in for 0x95
02-11 22:52:14.118 1036 1036 E ArmVmp : Match on catch block at 0xc3 in for 0x95
02-11 22:52:14.126 1036 1036 E ArmVmp : Match on catch block at 0xc3 in for 0x99
02-11 22:52:14.131 1036 1036 E ArmVmp : Match on catch block at 0xc3 in for 0x91
02-11 22:52:14.134 1036 1036 E ArmVmp : Match on catch block at 0xc3 in for 0x91
02-11 22:52:14.144 1036 1036 E ArmVmp : Match on catch block at 0xc3 in for 0x99
02-11 22:52:14.149 1036 1036 E ArmVmp : Match on catch block at 0xc3 in for 0x91
02-11 22:52:14.154 1036 1036 E ArmVmp : Match on catch block at 0xc3 in for 0x91
02-11 22:52:14.161 1036 1036 E ArmVmp : Match on catch block at 0xc3 in for 0x95
02-11 22:52:14.166 1036 1036 E ArmVmp : Match on catch block at 0xc3 in for 0x99
02-11 22:52:14.169 1036 1036 E ArmVmp : Match on catch block at 0xc3 in for 0x99
02-11 22:52:14.178 1036 1036 E ArmVmp : Match on catch block at 0xc3 in for 0x91
02-11 22:52:14.184 1036 1036 E ArmVmp : Match on catch block at 0xc3 in for 0x95
02-11 22:52:14.187 1036 1036 E ArmVmp : Match on catch block at 0xc3 in for 0x95
02-11 22:52:14.278 1036 1036 E ArmVmp : Match on catch block at 0xc3 in for 0x99
02-11 22:52:14.283 1036 1036 E ArmVmp : Match on catch block at 0xc3 in for 0x91
02-11 22:52:14.332 1036 1036 E ArmVmp : Match on catch block at 0xc3 in for 0x95
02-11 22:52:14.337 1036 1036 E ArmVmp : Match on catch block at 0xc3 in for 0x99
02-11 22:52:14.350 1036 1036 E ArmVmp : Match on catch block at 0xc3 in for 0x95
02-11 22:52:14.355 1036 1036 E ArmVmp : Match on catch block at 0xc3 in for 0x99
02-11 22:52:14.359 1036 1036 E ArmVmp : Match on catch block at 0xc3 in for 0x99
02-11 22:52:14.365 1036 1036 E ArmVmp : Match on catch block at 0xc3 in for 0x91
02-11 22:52:14.374 1036 1036 E ArmVmp : Match on catch block at 0xc3 in for 0x95
02-11 22:52:14.378 1036 1036 E ArmVmp : Match on catch block at 0xc3 in for 0x95
02-11 22:52:14.383 1036 1036 E ArmVmp : Match on catch block at 0xc3 in for 0x99
02-11 22:52:14.397 1036 1036 E ArmVmp : Match on catch block at 0xc3 in for 0x91
02-11 22:52:14.401 1036 1036 E ArmVmp : Match on catch block at 0xc3 in for 0x91
02-11 22:52:14.410 1036 1036 E ArmVmp : Match on catch block at 0xc3 in for 0x95
02-11 22:52:14.420 1036 1036 E ArmVmp : Match on catch block at 0xc3 in for 0x99
02-11 22:52:14.423 1036 1036 E ArmVmp : Match on catch block at 0xc3 in for 0x99
02-11 22:52:14.428 1036 1036 E ArmVmp : Match on catch block at 0xc3 in for 0x91
02-11 22:52:14.439 1036 1036 E ArmVmp : Match on catch block at 0xc3 in for 0x95
02-11 22:52:14.444 1036 1036 E ArmVmp : Match on catch block at 0xc3 in for 0x95
02-11 22:52:14.500 1036 1036 E ArmVmp : Match on catch block at 0xc3 in for 0x95
02-11 22:52:14.505 1036 1036 E ArmVmp : Match on catch block at 0xc3 in for 0x99
02-11 22:52:14.508 1036 1036 E ArmVmp : Match on catch block at 0xc3 in for 0x99
