02-11 19:50:01.234 7207 7207 W BottomSheetBehavior: BottomSheetBehavior now supports multiple callbacks. `setBottomSheetCallback()` removes all existing callbacks, including ones set internally by library authors, which may result in unintended behavior. This may change in the future. Please use `addBottomSheetCallback()` and `removeBottomSheetCallback()` instead to set your own callbacks.
02-11 19:50:01.234 7207 7207 W BottomSheetBehavior: BottomSheetBehavior now supports multiple callbacks. `setBottomSheetCallback()` removes all existing callbacks, including ones set internally by library authors, which may result in unintended behavior. This may change in the future. Please use `addBottomSheetCallback()` and `removeBottomSheetCallback()` instead to set your own callbacks.
02-11 19:50:01.246 7207 7207 E RecyclerView: No adapter attached; skipping layout
02-11 19:50:01.555 7207 7330 W Adreno-EGL: <qeglDrvAPI_eglGetConfigAttrib:612>: EGL_BAD_ATTRIBUTE
02-11 19:50:01.819 7207 7330 W Adreno-EGL: <qeglDrvAPI_eglGetConfigAttrib:612>: EGL_BAD_ATTRIBUTE
02-11 19:50:01.983 7207 7254 E SQLiteDatabase: Error inserting media_duration=11 file_path=null transferred=0 thumbnail_height_width_ratio=1.7777778 face_y=0 face_x=0 trim_from=0 media_caption=null transcoded=0 message_url=https://mmg.whatsapp.net/v/t62.7161- 24/32709396_923550402363887_7614758280716320757_n.enc?ccb=11- 4&oh=01_AdTp3rOoI_divgO2uNFitfdj2Pekm2VBjaFrwHhuN6O2aQ&oe=65F0348C&_nc_sid=5e03e0&m ms3=true first_scan_sidecar=null direct_path=/v/t62.7161- 24/32709396_923550402363887_7614758280716320757_n.enc?ccb=11- 4&oh=01_AdTp3rOoI_divgO2uNFitfdj2Pekm2VBjaFrwHhuN6O2aQ&oe=65F0348C&_nc_sid=5e03e0 original_file_hash=null is_animated_sticker=0 media_name=null has_streaming_sidecar=1 partial_media_enc_hash=null media_key=[B@5542c6b multicast_id=null page_count=0 height=642 partial_media_hash=null gif_attribution=0 mute_video=0 autotransfer_retry_enabled=1 first_scan_length=0 trim_to=0 media_key_timestamp=1707663203000 file_size=0 chat_row_id=11 media_job_uuid=2b5dd849-22ae-488a-85f2-23712f9b5d2d message_row_id=2338 enc_file_hash=bvjjW1449WdHDHEnKUJevo8vzfb2Mtx/rtP67wCT6v4= file_hash=C46VgPPsTqyb3Wbf3HsGlSKXoMnnVm2llBl0tB+RuTE= mime_type=video/mp4 media_upload_handle=null suspicious_content=0 width=362 file_length=1514026
02-11 19:50:01.983 7207 7254 E SQLiteDatabase: android.database.sqlite.SQLiteConstraintException: UNIQUE constraint failed: message_media.message_row_id (code 1555)
02-11 19:50:01.983 7207 7254 E SQLiteDatabase: at android.database.sqlite.SQLiteConnection.nativeExecuteForLastInsertedRowId(Native Method)
02-11 19:50:01.983 7207 7254 E SQLiteDatabase: at android.database.sqlite.SQLiteConnection.executeForLastInsertedRowId(SQLiteConnecti on.java:790)
02-11 19:50:01.983 7207 7254 E SQLiteDatabase: at android.database.sqlite.SQLiteSession.executeForLastInsertedRowId(SQLiteSession.jav a:788)
02-11 19:50:01.983 7207 7254 E SQLiteDatabase: at android.database.sqlite.SQLiteStatement.executeInsert(SQLiteStatement.java:86)
02-11 19:50:01.983 7207 7254 E SQLiteDatabase: at android.database.sqlite.SQLiteDatabase.insertWithOnConflict(SQLiteDatabase.java:154 8)
02-11 19:50:01.983 7207 7254 E SQLiteDatabase: at android.database.sqlite.SQLiteDatabase.insert(SQLiteDatabase.java:1417)
02-11 19:50:01.983 7207 7254 E SQLiteDatabase: at X.2tm.A08(Unknown Source:6)
02-11 19:50:01.983 7207 7254 E SQLiteDatabase: at X.35Y.A07(Unknown Source:212)
02-11 19:50:01.983 7207 7254 E SQLiteDatabase: at X.3QF.A14(Unknown Source:470)
02-11 19:50:01.983 7207 7254 E SQLiteDatabase: at X.3gU.run(Unknown Source:982)
02-11 19:50:01.983 7207 7254 E SQLiteDatabase: at android.os.Handler.handleCallback(Handler.java:790)
02-11 19:50:01.983 7207 7254 E SQLiteDatabase: at android.os.Handler.dispatchMessage(Handler.java:99)
02-11 19:50:01.983 7207 7254 E SQLiteDatabase: at X.0zq.dispatchMessage(Unknown Source:4)
02-11 19:50:01.983 7207 7254 E SQLiteDatabase: at android.os.Looper.loop(Looper.java:164)
02-11 19:50:01.983 7207 7254 E SQLiteDatabase: at android.os.HandlerThread.run(HandlerThread.java:65)
02-11 19:50:02.276 7207 7330 W Adreno-ES20: <core_glFinish:34>: glFinish skipped: 0
02-11 19:50:02.827 7207 7330 W Adreno-ES20: <core_glFinish:34>: glFinish skipped: 0
02-11 19:50:02.829 7207 7330 W Adreno-ES20: <core_glFinish:34>: glFinish skipped: 0
02-11 19:50:03.783 7207 7207 E RecyclerView: No adapter attached; skipping layout
02-11 19:50:03.784 7207 7207 E RecyclerView: No adapter attached; skipping layout
02-11 19:50:05.771 7207 7207 E RecyclerView: No adapter attached; skipping layout
02-11 19:50:05.894 7207 8054 W GrallocMapperPassthrough: buffer descriptor with invalid usage bits 0x2000
02-11 19:50:05.895 7207 8054 W GrallocMapperPassthrough: buffer descriptor with invalid usage bits 0x2000
02-11 19:50:05.911 7207 8058 W ExtendedACodec: Failed to get extension for extradata parameter
02-11 19:50:05.932 7207 8054 W GrallocMapperPassthrough: buffer descriptor with invalid usage bits 0x2000
02-11 19:50:05.939 7207 8054 W GrallocMapperPassthrough: buffer descriptor with invalid usage bits 0x2000
02-11 19:50:05.942 7207 8054 W GrallocMapperPassthrough: buffer descriptor with invalid usage bits 0x2000
02-11 19:50:05.985 7207 8054 W GrallocMapperPassthrough: buffer descriptor with invalid usage bits 0x2000
02-11 19:50:05.991 7207 8054 W GrallocMapperPassthrough: buffer descriptor with invalid usage bits 0x2000
02-11 19:50:06.018 7207 8054 W GrallocMapperPassthrough: buffer descriptor with invalid usage bits 0x2000
02-11 19:50:06.024 7207 8054 W GrallocMapperPassthrough: buffer descriptor with invalid usage bits 0x2000
02-11 19:50:06.033 7207 7330 E qdgralloc: Unknown Color Space = 2
02-11 19:50:06.124 7207 8054 W GrallocMapperPassthrough: buffer descriptor with invalid usage bits 0x2000
02-11 19:50:06.162 7207 7330 E qdgralloc: Unknown Color Space = 2
02-11 19:50:06.192 7207 7330 E qdgralloc: Unknown Color Space = 2
02-11 19:50:06.227 7207 7330 E qdgralloc: Unknown Color Space = 2
02-11 19:50:06.276 7207 7330 E qdgralloc: Unknown Color Space = 2
02-11 19:50:06.394 7207 7330 E qdgralloc: Unknown Color Space = 2
02-11 19:50:06.865 7207 7254 E SQLiteDatabase: Error inserting media_duration=11 file_path=Media/.Statuses/326a7acd1a0a48e796abe0f40294d5ce.mp4 transferred=1 thumbnail_height_width_ratio=1.7777778 face_y=0 face_x=0 trim_from=0 media_caption=null transcoded=0 message_url=https://mmg.whatsapp.net/v/t62.7161- 24/32709396_923550402363887_7614758280716320757_n.enc?ccb=11- 4&oh=01_AdTp3rOoI_divgO2uNFitfdj2Pekm2VBjaFrwHhuN6O2aQ&oe=65F0348C&_nc_sid=5e03e0&m ms3=true first_scan_sidecar=null direct_path=/v/t62.7161- 24/32709396_923550402363887_7614758280716320757_n.enc?ccb=11- 4&oh=01_AdTp3rOoI_divgO2uNFitfdj2Pekm2VBjaFrwHhuN6O2aQ&oe=65F0348C&_nc_sid=5e03e0 original_file_hash=null is_animated_sticker=0 media_name=null has_streaming_sidecar=1 partial_media_enc_hash=null media_key=[B@5542c6b multicast_id=null page_count=0 height=642 partial_media_hash=null gif_attribution=0 mute_video=0 autotransfer_retry_enabled=1 first_scan_length=0 trim_to=0 media_key_timestamp=1707663203000 file_size=1514026 chat_row_id=11 media_job_uuid=2b5dd849-22ae-488a-85f2-23712f9b5d2d message_row_id=2338 enc_file_hash=bvjjW1449WdHDHEnKUJevo8vzfb2Mtx/rtP67wCT6v4= file_hash=C46VgPPsTqyb3Wbf3HsGlSKXoMnnVm2llBl0tB+RuTE= mime_type=video/mp4 media_upload_handle=null suspicious_content=0 width=362 file_length=1514026
02-11 19:50:06.865 7207 7254 E SQLiteDatabase: android.database.sqlite.SQLiteConstraintException: UNIQUE constraint failed: message_media.message_row_id (code 1555)
02-11 19:50:06.865 7207 7254 E SQLiteDatabase: at android.database.sqlite.SQLiteConnection.nativeExecuteForLastInsertedRowId(Native Method)
02-11 19:50:06.865 7207 7254 E SQLiteDatabase: at android.database.sqlite.SQLiteConnection.executeForLastInsertedRowId(SQLiteConnecti on.java:790)
02-11 19:50:06.865 7207 7254 E SQLiteDatabase: at android.database.sqlite.SQLiteSession.executeForLastInsertedRowId(SQLiteSession.jav a:788)
02-11 19:50:06.865 7207 7254 E SQLiteDatabase: at android.database.sqlite.SQLiteStatement.executeInsert(SQLiteStatement.java:86)
02-11 19:50:06.865 7207 7254 E SQLiteDatabase: at android.database.sqlite.SQLiteDatabase.insertWithOnConflict(SQLiteDatabase.java:154 8)
02-11 19:50:06.865 7207 7254 E SQLiteDatabase: at android.database.sqlite.SQLiteDatabase.insert(SQLiteDatabase.java:1417)
02-11 19:50:06.865 7207 7254 E SQLiteDatabase: at X.2tm.A08(Unknown Source:6)
02-11 19:50:06.865 7207 7254 E SQLiteDatabase: at X.35Y.A07(Unknown Source:212)
02-11 19:50:06.865 7207 7254 E SQLiteDatabase: at X.3QF.A14(Unknown Source:470)
02-11 19:50:06.865 7207 7254 E SQLiteDatabase: at X.3gU.run(Unknown Source:982)
02-11 19:50:06.865 7207 7254 E SQLiteDatabase: at android.os.Handler.handleCallback(Handler.java:790)
02-11 19:50:06.865 7207 7254 E SQLiteDatabase: at android.os.Handler.dispatchMessage(Handler.java:99)
02-11 19:50:06.865 7207 7254 E SQLiteDatabase: at X.0zq.dispatchMessage(Unknown Source:4)
02-11 19:50:06.865 7207 7254 E SQLiteDatabase: at android.os.Looper.loop(Looper.java:164)
02-11 19:50:06.865 7207 7254 E SQLiteDatabase: at android.os.HandlerThread.run(HandlerThread.java:65)
02-11 19:50:09.817 7207 7207 E RecyclerView: No adapter attached; skipping layout
02-11 19:50:09.818 7207 7207 E RecyclerView: No adapter attached; skipping layout
02-11 19:50:09.850 7207 7207 W StaticLayout: maxLineHeight should not be -1. maxLines:1 lineCount:1
02-11 19:50:09.851 7207 7207 W StaticLayout: maxLineHeight should not be -1. maxLines:1 lineCount:1
02-11 19:50:09.878 7207 7207 W StaticLayout: maxLineHeight should not be -1. maxLines:1 lineCount:1
02-11 19:50:09.879 7207 7207 W StaticLayout: maxLineHeight should not be -1. maxLines:1 lineCount:1
02-11 19:50:10.329 7207 7330 W Adreno-ES20: <core_glFinish:34>: glFinish skipped: 0
02-11 19:50:17.682 7207 7207 W BottomSheetBehavior: BottomSheetBehavior now supports multiple callbacks. `setBottomSheetCallback()` removes all existing callbacks, including ones set internally by library authors, which may result in unintended behavior. This may change in the future. Please use `addBottomSheetCallback()` and `removeBottomSheetCallback()` instead to set your own callbacks.
02-11 19:50:17.682 7207 7207 W BottomSheetBehavior: BottomSheetBehavior now supports multiple callbacks. `setBottomSheetCallback()` removes all existing callbacks, including ones set internally by library authors, which may result in unintended behavior. This may change in the future. Please use `addBottomSheetCallback()` and `removeBottomSheetCallback()` instead to set your own callbacks.
02-11 19:50:18.108 7207 7254 E SQLiteDatabase: Error inserting media_duration=0 file_path=Media/.Statuses/1e58ff244cae4cb7b02495868872fcea.jpg transferred=1 thumbnail_height_width_ratio=1.0549451 face_y=0 face_x=0 trim_from=0 media_caption=null transcoded=0 message_url=https://mmg.whatsapp.net/v/t62.7118- 24/26785326_943289633891976_7176452016388247344_n.enc?ccb=11- 4&oh=01_AdRpLzOdGvnze2j3yvK8kL5m- 6D0sWLCMZVfo1lS7mwhgw&oe=65F0235A&_nc_sid=5e03e0&mms3=true first_scan_sidecar=null direct_path=/v/t62.7118-24/26785326_943289633891976_7176452016388247344_n.enc? ccb=11-4&oh=01_AdRpLzOdGvnze2j3yvK8kL5m- 6D0sWLCMZVfo1lS7mwhgw&oe=65F0235A&_nc_sid=5e03e0 original_file_hash=null is_animated_sticker=0 media_name=null has_streaming_sidecar=0 partial_media_enc_hash=null media_key=[B@51f85a3 multicast_id=null page_count=0 height=500 partial_media_hash=null gif_attribution=0 mute_video=0 autotransfer_retry_enabled=1 first_scan_length=0 trim_to=0 media_key_timestamp=1707655851000 file_size=50262 chat_row_id=11 media_job_uuid=55b9bf26-2608-4047-8de8-0b6a103b9d48 message_row_id=2329 enc_file_hash=Tg4L39arrj32KXEgbZcCoWSjKO74kEHlhHPBdyoID38= file_hash=SNav+pIvj3emoSOILf47mRgWSXn4xZUbRnpWLMK6IX4= mime_type=image/jpeg media_upload_handle=null suspicious_content=0 width=475 file_length=50262
02-11 19:50:18.108 7207 7254 E SQLiteDatabase: android.database.sqlite.SQLiteConstraintException: UNIQUE constraint failed: message_media.message_row_id (code 1555)
02-11 19:50:18.108 7207 7254 E SQLiteDatabase: at android.database.sqlite.SQLiteConnection.nativeExecuteForLastInsertedRowId(Native Method)
02-11 19:50:18.108 7207 7254 E SQLiteDatabase: at android.database.sqlite.SQLiteConnection.executeForLastInsertedRowId(SQLiteConnecti on.java:790)
02-11 19:50:18.108 7207 7254 E SQLiteDatabase: at android.database.sqlite.SQLiteSession.executeForLastInsertedRowId(SQLiteSession.jav a:788)
02-11 19:50:18.108 7207 7254 E SQLiteDatabase: at android.database.sqlite.SQLiteStatement.executeInsert(SQLiteStatement.java:86)
02-11 19:50:18.108 7207 7254 E SQLiteDatabase: at android.database.sqlite.SQLiteDatabase.insertWithOnConflict(SQLiteDatabase.java:154 8)
02-11 19:50:18.108 7207 7254 E SQLiteDatabase: at android.database.sqlite.SQLiteDatabase.insert(SQLiteDatabase.java:1417)
02-11 19:50:18.108 7207 7254 E SQLiteDatabase: at X.2tm.A08(Unknown Source:6)
02-11 19:50:18.108 7207 7254 E SQLiteDatabase: at X.35Y.A07(Unknown Source:212)
02-11 19:50:18.108 7207 7254 E SQLiteDatabase: at X.3QF.A14(Unknown Source:470)
02-11 19:50:18.108 7207 7254 E SQLiteDatabase: at X.3gU.run(Unknown Source:982)
02-11 19:50:18.108 7207 7254 E SQLiteDatabase: at android.os.Handler.handleCallback(Handler.java:790)
02-11 19:50:18.108 7207 7254 E SQLiteDatabase: at android.os.Handler.dispatchMessage(Handler.java:99)
02-11 19:50:18.108 7207 7254 E SQLiteDatabase: at X.0zq.dispatchMessage(Unknown Source:4)
02-11 19:50:18.108 7207 7254 E SQLiteDatabase: at android.os.Looper.loop(Looper.java:164)
02-11 19:50:18.108 7207 7254 E SQLiteDatabase: at android.os.HandlerThread.run(HandlerThread.java:65)
02-11 19:50:21.221 7207 7207 W BottomSheetBehavior: BottomSheetBehavior now supports multiple callbacks. `setBottomSheetCallback()` removes all existing callbacks, including ones set internally by library authors, which may result in unintended behavior. This may change in the future. Please use `addBottomSheetCallback()` and `removeBottomSheetCallback()` instead to set your own callbacks.
02-11 19:50:21.222 7207 7207 W BottomSheetBehavior: BottomSheetBehavior now supports multiple callbacks. `setBottomSheetCallback()` removes all existing callbacks, including ones set internally by library authors, which may result in unintended behavior. This may change in the future. Please use `addBottomSheetCallback()` and `removeBottomSheetCallback()` instead to set your own callbacks.
02-11 19:50:21.231 7207 7207 E RecyclerView: No adapter attached; skipping layout
02-11 19:50:21.348 7207 7254 E SQLiteDatabase: Error inserting media_duration=0 file_path=Media/.Statuses/bfcb2b17e26d4f6b86c050bcc4f6df89.jpg transferred=1 thumbnail_height_width_ratio=0.9861111 face_y=0 face_x=0 trim_from=0 media_caption=null transcoded=0 message_url=https://mmg.whatsapp.net/v/t62.7118- 24/11905013_362716193272920_7486924368610150841_n.enc?ccb=11- 4&oh=01_AdQl_lfM9ATG3suI_fg2o9hG9QUJVEEU5urKMrMAIkYBEg&oe=65F034FC&_nc_sid=5e03e0&m ms3=true first_scan_sidecar=null direct_path=/v/t62.7118- 24/11905013_362716193272920_7486924368610150841_n.enc?ccb=11- 4&oh=01_AdQl_lfM9ATG3suI_fg2o9hG9QUJVEEU5urKMrMAIkYBEg&oe=65F034FC&_nc_sid=5e03e0 original_file_hash=null is_animated_sticker=0 media_name=null has_streaming_sidecar=0 partial_media_enc_hash=null media_key=[B@f0a91d0 multicast_id=null page_count=0 height=712 partial_media_hash=null gif_attribution=0 mute_video=0 autotransfer_retry_enabled=1 first_scan_length=0 trim_to=0 media_key_timestamp=1707493440000 file_size=31842 chat_row_id=11 media_job_uuid=a399f2d9-c1a3-4a5e-bdd9-f2071823b5a2 message_row_id=2330 enc_file_hash=2Fy1xAvcaEZTVtcOAAIhfN9cXRqCn1BllOPoBK3Rkq4= file_hash=X/aBvU8AiGl823c1566C85KMmKM1THHVnJEVPnNfSPc= mime_type=image/jpeg media_upload_handle=null suspicious_content=0 width=720 file_length=31842
02-11 19:50:21.348 7207 7254 E SQLiteDatabase: android.database.sqlite.SQLiteConstraintException: UNIQUE constraint failed: message_media.message_row_id (code 1555)
02-11 19:50:21.348 7207 7254 E SQLiteDatabase: at android.database.sqlite.SQLiteConnection.nativeExecuteForLastInsertedRowId(Native Method)
02-11 19:50:21.348 7207 7254 E SQLiteDatabase: at android.database.sqlite.SQLiteConnection.executeForLastInsertedRowId(SQLiteConnecti on.java:790)
02-11 19:50:21.348 7207 7254 E SQLiteDatabase: at android.database.sqlite.SQLiteSession.executeForLastInsertedRowId(SQLiteSession.jav a:788)
02-11 19:50:21.348 7207 7254 E SQLiteDatabase: at android.database.sqlite.SQLiteStatement.executeInsert(SQLiteStatement.java:86)
02-11 19:50:21.348 7207 7254 E SQLiteDatabase: at android.database.sqlite.SQLiteDatabase.insertWithOnConflict(SQLiteDatabase.java:154 8)
02-11 19:50:21.348 7207 7254 E SQLiteDatabase: at android.database.sqlite.SQLiteDatabase.insert(SQLiteDatabase.java:1417)
02-11 19:50:21.348 7207 7254 E SQLiteDatabase: at X.2tm.A08(Unknown Source:6)
02-11 19:50:21.348 7207 7254 E SQLiteDatabase: at X.35Y.A07(Unknown Source:212)
02-11 19:50:21.348 7207 7254 E SQLiteDatabase: at X.3QF.A14(Unknown Source:470)
02-11 19:50:21.348 7207 7254 E SQLiteDatabase: at X.3gU.run(Unknown Source:982)
02-11 19:50:21.348 7207 7254 E SQLiteDatabase: at android.os.Handler.handleCallback(Handler.java:790)
02-11 19:50:21.348 7207 7254 E SQLiteDatabase: at android.os.Handler.dispatchMessage(Handler.java:99)
02-11 19:50:21.348 7207 7254 E SQLiteDatabase: at X.0zq.dispatchMessage(Unknown Source:4)
02-11 19:50:21.348 7207 7254 E SQLiteDatabase: at android.os.Looper.loop(Looper.java:164)
02-11 19:50:21.348 7207 7254 E SQLiteDatabase: at android.os.HandlerThread.run(HandlerThread.java:65)
02-11 19:50:21.872 7207 7207 W BottomSheetBehavior: BottomSheetBehavior now supports multiple callbacks. `setBottomSheetCallback()` removes all existing callbacks, including ones set internally by library authors, which may result in unintended behavior. This may change in the future. Please use `addBottomSheetCallback()` and `removeBottomSheetCallback()` instead to set your own callbacks.
02-11 19:50:21.872 7207 7207 W BottomSheetBehavior: BottomSheetBehavior now supports multiple callbacks. `setBottomSheetCallback()` removes all existing callbacks, including ones set internally by library authors, which may result in unintended behavior. This may change in the future. Please use `addBottomSheetCallback()` and `removeBottomSheetCallback()` instead to set your own callbacks.
02-11 19:50:21.882 7207 7207 E RecyclerView: No adapter attached; skipping layout
02-11 19:50:22.002 7207 7254 E SQLiteDatabase: Error inserting media_duration=0 file_path=Media/.Statuses/df4c2d319cc642b1a921de93d42fa51a.jpg transferred=1 thumbnail_height_width_ratio=0.9861111 face_y=0 face_x=0 trim_from=0 media_caption=null transcoded=0 message_url=https://mmg.whatsapp.net/v/t62.7118- 24/23118065_915031416612545_6283347368007075875_n.enc?ccb=11- 4&oh=01_AdRHqMdty2cORwJQ_xNtzeiglfmxZOnKLEvbIYS48QJW_Q&oe=65F04E3A&_nc_sid=5e03e0&m ms3=true first_scan_sidecar=null direct_path=/v/t62.7118- 24/23118065_915031416612545_6283347368007075875_n.enc?ccb=11- 4&oh=01_AdRHqMdty2cORwJQ_xNtzeiglfmxZOnKLEvbIYS48QJW_Q&oe=65F04E3A&_nc_sid=5e03e0 original_file_hash=null is_animated_sticker=0 media_name=null has_streaming_sidecar=0 partial_media_enc_hash=null media_key=[B@38e9339 multicast_id=null page_count=0 height=420 partial_media_hash=null gif_attribution=0 mute_video=0 autotransfer_retry_enabled=1 first_scan_length=0 trim_to=0 media_key_timestamp=1707625978000 file_size=27714 chat_row_id=11 media_job_uuid=e8e9c08d-cecd-4b3d-95be-eae083ba5cf1 message_row_id=2331 enc_file_hash=ptnLSV/k2JDO1XPABC1HUH5ibUuY6zjaAVL3Euzc8D0= file_hash=cjyWVAsbVhz/8pUNuZ/IBKFaRvmCPf5lM5i8X/eLJDE= mime_type=image/jpeg media_upload_handle=null suspicious_content=0 width=421 file_length=27714
02-11 19:50:22.002 7207 7254 E SQLiteDatabase: android.database.sqlite.SQLiteConstraintException: UNIQUE constraint failed: message_media.message_row_id (code 1555)
02-11 19:50:22.002 7207 7254 E SQLiteDatabase: at android.database.sqlite.SQLiteConnection.nativeExecuteForLastInsertedRowId(Native Method)
02-11 19:50:22.002 7207 7254 E SQLiteDatabase: at android.database.sqlite.SQLiteConnection.executeForLastInsertedRowId(SQLiteConnecti on.java:790)
02-11 19:50:22.002 7207 7254 E SQLiteDatabase: at android.database.sqlite.SQLiteSession.executeForLastInsertedRowId(SQLiteSession.jav a:788)
02-11 19:50:22.002 7207 7254 E SQLiteDatabase: at android.database.sqlite.SQLiteStatement.executeInsert(SQLiteStatement.java:86)
02-11 19:50:22.002 7207 7254 E SQLiteDatabase: at android.database.sqlite.SQLiteDatabase.insertWithOnConflict(SQLiteDatabase.java:154 8)
02-11 19:50:22.002 7207 7254 E SQLiteDatabase: at android.database.sqlite.SQLiteDatabase.insert(SQLiteDatabase.java:1417)
02-11 19:50:22.002 7207 7254 E SQLiteDatabase: at X.2tm.A08(Unknown Source:6)
02-11 19:50:22.002 7207 7254 E SQLiteDatabase: at X.35Y.A07(Unknown Source:212)
02-11 19:50:22.002 7207 7254 E SQLiteDatabase: at X.3QF.A14(Unknown Source:470)
02-11 19:50:22.002 7207 7254 E SQLiteDatabase: at X.3gU.run(Unknown Source:982)
02-11 19:50:22.002 7207 7254 E SQLiteDatabase: at android.os.Handler.handleCallback(Handler.java:790)
02-11 19:50:22.002 7207 7254 E SQLiteDatabase: at android.os.Handler.dispatchMessage(Handler.java:99)
02-11 19:50:22.002 7207 7254 E SQLiteDatabase: at X.0zq.dispatchMessage(Unknown Source:4)
02-11 19:50:22.002 7207 7254 E SQLiteDatabase: at android.os.Looper.loop(Looper.java:164)
02-11 19:50:22.002 7207 7254 E SQLiteDatabase: at android.os.HandlerThread.run(HandlerThread.java:65)
02-11 19:50:22.445 7207 7207 W BottomSheetBehavior: BottomSheetBehavior now supports multiple callbacks. `setBottomSheetCallback()` removes all existing callbacks, including ones set internally by library authors, which may result in unintended behavior. This may change in the future. Please use `addBottomSheetCallback()` and `removeBottomSheetCallback()` instead to set your own callbacks.
02-11 19:50:22.446 7207 7207 W BottomSheetBehavior: BottomSheetBehavior now supports multiple callbacks. `setBottomSheetCallback()` removes all existing callbacks, including ones set internally by library authors, which may result in unintended behavior. This may change in the future. Please use `addBottomSheetCallback()` and `removeBottomSheetCallback()` instead to set your own callbacks.
02-11 19:50:22.453 7207 7207 E RecyclerView: No adapter attached; skipping layout
02-11 19:50:22.955 7207 7254 E SQLiteDatabase: Error inserting media_duration=0 file_path=Media/.Statuses/2526bf4896ae4507948cc1920e074e93.jpg transferred=1 thumbnail_height_width_ratio=1.2307693 face_y=0 face_x=0 trim_from=0 media_caption=null transcoded=0 message_url=https://mmg.whatsapp.net/v/t62.7118- 24/22548055_381489391245187_7333961092493257905_n.enc?ccb=11- 4&oh=01_AdTTv99oaidLDS5BcgL- mcXrDcB6qvAhuaTAGIABt9YBhw&oe=65F029D0&_nc_sid=5e03e0&mms3=true first_scan_sidecar=[B@49b022e direct_path=/v/t62.7118- 24/22548055_381489391245187_7333961092493257905_n.enc?ccb=11- 4&oh=01_AdTTv99oaidLDS5BcgL-mcXrDcB6qvAhuaTAGIABt9YBhw&oe=65F029D0&_nc_sid=5e03e0 original_file_hash=null is_animated_sticker=0 media_name=null has_streaming_sidecar=1 partial_media_enc_hash=null media_key=[B@e3e21cf multicast_id=null page_count=0 height=1013 partial_media_hash=c2Hn3BRN1K83bbFoGeLbP9WMn5IVnSuBEBYQp8rRRqs= gif_attribution=0 mute_video=0 autotransfer_retry_enabled=1 first_scan_length=6195 trim_to=0 media_key_timestamp=1707656364000 file_size=41313 chat_row_id=11 media_job_uuid=3f6aaad2-4dc7-4fad-bb47-8d410a3ac0ce message_row_id=2332 enc_file_hash=GueqifANg6G/rNZbImzZKqk2ZWwpjc3MoAqpOjalEc4= file_hash=EX4DtmjXfprMDKp42L3wjYPQIfTfmCDyEl9KBWx0YFY= mime_type=image/jpeg media_upload_handle=null suspicious_content=0 width=828 file_length=41313
02-11 19:50:22.955 7207 7254 E SQLiteDatabase: android.database.sqlite.SQLiteConstraintException: UNIQUE constraint failed: message_media.message_row_id (code 1555)
02-11 19:50:22.955 7207 7254 E SQLiteDatabase: at android.database.sqlite.SQLiteConnection.nativeExecuteForLastInsertedRowId(Native Method)
02-11 19:50:22.955 7207 7254 E SQLiteDatabase: at android.database.sqlite.SQLiteConnection.executeForLastInsertedRowId(SQLiteConnecti on.java:790)
02-11 19:50:22.955 7207 7254 E SQLiteDatabase: at android.database.sqlite.SQLiteSession.executeForLastInsertedRowId(SQLiteSession.jav a:788)
02-11 19:50:22.955 7207 7254 E SQLiteDatabase: at android.database.sqlite.SQLiteStatement.executeInsert(SQLiteStatement.java:86)
02-11 19:50:22.955 7207 7254 E SQLiteDatabase: at android.database.sqlite.SQLiteDatabase.insertWithOnConflict(SQLiteDatabase.java:154 8)
02-11 19:50:22.955 7207 7254 E SQLiteDatabase: at android.database.sqlite.SQLiteDatabase.insert(SQLiteDatabase.java:1417)
02-11 19:50:22.955 7207 7254 E SQLiteDatabase: at X.2tm.A08(Unknown Source:6)
02-11 19:50:22.955 7207 7254 E SQLiteDatabase: at X.35Y.A07(Unknown Source:212)
02-11 19:50:22.955 7207 7254 E SQLiteDatabase: at X.3QF.A14(Unknown Source:470)
02-11 19:50:22.955 7207 7254 E SQLiteDatabase: at X.3gU.run(Unknown Source:982)
02-11 19:50:22.955 7207 7254 E SQLiteDatabase: at android.os.Handler.handleCallback(Handler.java:790)
02-11 19:50:22.955 7207 7254 E SQLiteDatabase: at android.os.Handler.dispatchMessage(Handler.java:99)
02-11 19:50:22.955 7207 7254 E SQLiteDatabase: at X.0zq.dispatchMessage(Unknown Source:4)
02-11 19:50:22.955 7207 7254 E SQLiteDatabase: at android.os.Looper.loop(Looper.java:164)
02-11 19:50:22.955 7207 7254 E SQLiteDatabase: at android.os.HandlerThread.run(HandlerThread.java:65)
02-11 19:50:23.015 7207 7207 E RecyclerView: No adapter attached; skipping layout
02-11 19:50:28.047 7207 7330 W Adreno-ES20: <core_glFinish:34>: glFinish skipped: 0
02-11 19:50:28.625 7207 7330 W Adreno-ES20: <core_glFinish:34>: glFinish skipped: 0
02-11 19:50:28.644 7207 7330 W Adreno-ES20: <core_glFinish:34>: glFinish skipped: 0
02-11 19:50:28.645 7207 7330 W Adreno-ES20: <core_glFinish:34>: glFinish skipped: 0
02-11 19:50:29.977 7207 7207 W ResourceType: Too many attribute references, stopped at: 0x01010034
02-11 19:50:29.983 7207 7207 W ResourceType: Too many attribute references, stopped at: 0x01010034
02-11 19:50:30.035 7207 7330 W Adreno-EGL: <qeglDrvAPI_eglGetConfigAttrib:612>: EGL_BAD_ATTRIBUTE
02-11 19:50:30.151 7207 7330 W Adreno-ES20: <core_glFinish:34>: glFinish skipped: 0
02-11 19:50:30.154 7207 7330 W Adreno-ES20: <core_glFinish:34>: glFinish skipped: 0
02-11 19:50:30.544 7207 7330 W Adreno-ES20: <core_glFinish:34>: glFinish skipped: 0
02-11 19:50:31.330 7207 7330 W Adreno-EGL: <qeglDrvAPI_eglGetConfigAttrib:612>: EGL_BAD_ATTRIBUTE
02-11 19:50:31.431 7207 7207 W BottomSheetBehavior: BottomSheetBehavior now supports multiple callbacks. `setBottomSheetCallback()` removes all existing callbacks, including ones set internally by library authors, which may result in unintended behavior. This may change in the future. Please use `addBottomSheetCallback()` and `removeBottomSheetCallback()` instead to set your own callbacks.
02-11 19:50:31.431 7207 7207 W BottomSheetBehavior: BottomSheetBehavior now supports multiple callbacks. `setBottomSheetCallback()` removes all existing callbacks, including ones set internally by library authors, which may result in unintended behavior. This may change in the future. Please use `addBottomSheetCallback()` and `removeBottomSheetCallback()` instead to set your own callbacks.
02-11 19:50:31.749 7207 8110 W GrallocMapperPassthrough: buffer descriptor with invalid usage bits 0x2000
02-11 19:50:31.757 7207 8110 W GrallocMapperPassthrough: buffer descriptor with invalid usage bits 0x2000
02-11 19:50:31.789 7207 8115 W ExtendedACodec: Failed to get extension for extradata parameter
02-11 19:50:31.869 7207 8110 W GrallocMapperPassthrough: buffer descriptor with invalid usage bits 0x2000
02-11 19:50:31.883 7207 8110 W GrallocMapperPassthrough: buffer descriptor with invalid usage bits 0x2000
02-11 19:50:32.013 7207 8110 W GrallocMapperPassthrough: buffer descriptor with invalid usage bits 0x2000
02-11 19:50:44.834 7207 7330 W Adreno-ES20: <core_glFinish:34>: glFinish skipped: 0
02-11 19:50:47.840 7207 7330 W Adreno-ES20: <core_glFinish:34>: glFinish skipped: 0
02-11 19:50:47.881 7207 7330 W Adreno-ES20: <core_glFinish:34>: glFinish skipped: 0
02-11 19:50:47.938 7207 7330 W Adreno-ES20: <core_glFinish:34>: glFinish skipped: 0
02-11 19:50:47.938 7207 7330 W Adreno-ES20: <core_glFinish:34>: glFinish skipped: 0
02-11 19:50:49.268 7207 7207 W TabLayout: MODE_SCROLLABLE + GRAVITY_FILL is not supported, GRAVITY_START will be used instead
02-11 19:50:49.354 7207 7207 W BottomSheetBehavior: BottomSheetBehavior now supports multiple callbacks. `setBottomSheetCallback()` removes all existing callbacks, including ones set internally by library authors, which may result in unintended behavior. This may change in the future. Please use `addBottomSheetCallback()` and `removeBottomSheetCallback()` instead to set your own callbacks.
02-11 19:50:49.454 7207 7300 W ResourceType: ResTable_typeSpec entry count inconsistent: given 3138, previously 3812
02-11 19:50:49.454 7207 7300 W ResourceType: ResTable_typeSpec entry count inconsistent: given 2493, previously 2504
02-11 19:50:49.454 7207 7300 W ResourceType: ResTable_typeSpec entry count inconsistent: given 393, previously 3237
02-11 19:50:49.460 7207 7207 W Optic-Camera-Ha: type=1400 audit(0.0:315728): avc: denied { read } for name="u:object_r:camera_prop:s0" dev="tmpfs" ino=2449 scontext=u:r:untrusted_app:s0:c512,c768 tcontext=u:object_r:camera_prop:s0 tclass=file permissive=0
02-11 19:50:49.474 7207 8125 E libc : Access denied finding property "camera.hal1.packagelist"
02-11 19:50:49.615 7207 7330 W Adreno-EGL: <qeglDrvAPI_eglGetConfigAttrib:612>: EGL_BAD_ATTRIBUTE
02-11 19:50:49.626 7207 7207 W View : requestLayout() improperly called by com.whatsapp.WaImageView{280d1aa VF.D..CL. ......ID 0,0-88,88 #7f0b1814 app:id/shutter} during layout: running second layout pass
02-11 19:50:49.626 7207 7207 W View : requestLayout() improperly called by com.whatsapp.CircularProgressBar{437419b V.ED..... ......ID 0,0-88,88 #7f0b14fc app:id/recording_progress} during layout: running second layout pass
02-11 19:50:49.626 7207 7207 W View : requestLayout() improperly called by com.whatsapp.WaImageView{a665938 VF.D..C.. ......ID 0,0-66,66 #7f0b1976 app:id/switch_camera_btn} during layout: running second layout pass
02-11 19:50:49.626 7207 7207 W View : requestLayout() improperly called by com.whatsapp.WaImageView{6133d11 VFED..C.. ......ID 0,0-66,66 #7f0b0b0d app:id/gallery_btn} during layout: running second layout pass
02-11 19:50:49.627 7207 7207 W View : requestLayout() improperly called by com.whatsapp.WaImageView{ef25e76 VF.D..C.. ......ID 0,0-66,66 #7f0b0a9c app:id/flash_btn} during layout: running second layout pass
02-11 19:50:49.627 7207 7207 W View : requestLayout() improperly called by com.whatsapp.WaImageView{b3e5c77 VFED..C.. ......ID 0,0-66,66 #7f0b057f app:id/close_camera_btn} during layout: running second layout pass
02-11 19:50:49.627 7207 7207 W View : requestLayout() improperly called by X.4Ki{4c3d0e4 V.ED..... ......ID 0,3-480,69} during layout: running second layout pass
02-11 19:50:49.666 7207 7207 W View : requestLayout() improperly called by com.whatsapp.WaImageView{280d1aa VF.D..CL. ......ID 196,670-284,758 #7f0b1814 app:id/shutter} during layout: running second layout pass
02-11 19:50:49.667 7207 7207 W View : requestLayout() improperly called by com.whatsapp.CircularProgressBar{437419b V.ED..... ......ID 196,670-284,758 #7f0b14fc app:id/recording_progress} during layout: running second layout pass
02-11 19:50:49.667 7207 7207 W View : requestLayout() improperly called by com.whatsapp.WaImageView{a665938 VF.D..C.. ......ID 402,680-468,746 #7f0b1976 app:id/switch_camera_btn} during layout: running second layout pass
02-11 19:50:49.667 7207 7207 W View : requestLayout() improperly called by com.whatsapp.WaImageView{6133d11 VFED..C.. ......ID 12,680-78,746 #7f0b0b0d app:id/gallery_btn} during layout: running second layout pass
02-11 19:50:49.667 7207 7207 W View : requestLayout() improperly called by com.whatsapp.WaImageView{ef25e76 VF.D..C.. ......ID 402,12-468,78 #7f0b0a9c app:id/flash_btn} during layout: running second layout pass
02-11 19:50:49.667 7207 7207 W View : requestLayout() improperly called by com.whatsapp.WaImageView{b3e5c77 VFED..C.. ......ID 12,12-78,78 #7f0b057f app:id/close_camera_btn} during layout: running second layout pass
02-11 19:50:49.994 7207 7330 W Adreno-ES20: <core_glFinish:34>: glFinish skipped: 0
02-11 19:50:49.996 7207 7330 W Adreno-ES20: <core_glFinish:34>: glFinish skipped: 0
02-11 19:50:50.230 7207 7330 W Adreno-ES20: <core_glFinish:34>: glFinish skipped: 0
02-11 19:50:50.413 7207 8124 W Adreno-ES20: <get_gpu_clk:229>: open failed: errno 13
02-11 19:50:50.400 7207 7207 W Optic-Task-Hand: type=1400 audit(0.0:315729): avc: denied { search } for name="kgsl-3d0" dev="sysfs" ino=20173 scontext=u:r:untrusted_app:s0:c512,c768 tcontext=u:object_r:sysfs_kgsl:s0 tclass=dir permissive=0
02-11 19:50:50.419 7207 8124 W Adreno-EGL: <qeglDrvAPI_eglGetConfigAttrib:612>: EGL_BAD_ATTRIBUTE
02-11 19:50:50.425 7207 8124 W Adreno-EGL: <qeglDrvAPI_eglGetConfigAttrib:612>: EGL_BAD_ATTRIBUTE
02-11 19:50:50.427 7207 8124 W Adreno-EGL: <qeglDrvAPI_eglQueryContext:4411>: EGL_BAD_ATTRIBUTE
02-11 19:50:54.425 7207 7330 W Adreno-EGL: <qeglDrvAPI_eglGetConfigAttrib:612>: EGL_BAD_ATTRIBUTE
02-11 19:50:54.710 7207 7207 W ExoPlayer:Dummy: type=1400 audit(0.0:315732): avc: denied { search } for name="kgsl-3d0" dev="sysfs" ino=20173 scontext=u:r:untrusted_app:s0:c512,c768 tcontext=u:object_r:sysfs_kgsl:s0 tclass=dir permissive=0
02-11 19:50:54.719 7207 8275 W Adreno-ES20: <get_gpu_clk:229>: open failed: errno 13
02-11 19:50:54.721 7207 8275 W Adreno-EGL: <qeglDrvAPI_eglGetConfigAttrib:612>: EGL_BAD_ATTRIBUTE
02-11 19:50:54.722 7207 8275 W Adreno-EGL: <qeglDrvAPI_eglQueryContext:4411>: EGL_BAD_ATTRIBUTE
02-11 19:50:54.756 7207 8271 W GrallocMapperPassthrough: buffer descriptor with invalid usage bits 0x2000
02-11 19:50:54.764 7207 8271 W GrallocMapperPassthrough: buffer descriptor with invalid usage bits 0x2000
02-11 19:50:54.797 7207 8276 W ExtendedACodec: Failed to get extension for extradata parameter
02-11 19:50:54.814 7207 8271 W GrallocMapperPassthrough: buffer descriptor with invalid usage bits 0x2000
02-11 19:50:54.815 7207 8271 W GrallocMapperPassthrough: buffer descriptor with invalid usage bits 0x2000
02-11 19:50:54.837 7207 8271 W GrallocMapperPassthrough: buffer descriptor with invalid usage bits 0x2000
02-11 19:50:54.927 7207 8271 W GrallocMapperPassthrough: buffer descriptor with invalid usage bits 0x2000
02-11 19:50:55.226 7207 7330 W Adreno-ES20: <core_glFinish:34>: glFinish skipped: 0
02-11 19:50:55.239 7207 7330 W Adreno-ES20: <core_glFinish:34>: glFinish skipped: 0
02-11 19:50:56.286 7207 8271 W GrallocMapperPassthrough: buffer descriptor with invalid usage bits 0x2000
02-11 19:50:59.563 7207 8271 W GrallocMapperPassthrough: buffer descriptor with invalid usage bits 0x2000
02-11 19:51:05.034 7207 7330 W Adreno-ES20: <core_glFinish:34>: glFinish skipped: 0
02-11 19:51:10.401 7207 7330 W Adreno-EGL: <qeglDrvAPI_eglGetConfigAttrib:612>: EGL_BAD_ATTRIBUTE
02-11 19:51:15.173 7207 7330 W Adreno-ES20: <core_glFinish:34>: glFinish skipped: 0
02-11 19:51:15.174 7207 7330 W Adreno-ES20: <core_glFinish:34>: glFinish skipped: 0
02-11 19:51:15.230 7207 7330 W Adreno-EGL: <qeglDrvAPI_eglGetConfigAttrib:612>: EGL_BAD_ATTRIBUTE
02-11 19:51:15.647 7207 7330 W Adreno-ES20: <core_glFinish:34>: glFinish skipped: 0
02-11 19:51:15.648 7207 7330 W Adreno-ES20: <core_glFinish:34>: glFinish skipped: 0
02-11 19:51:15.705 7207 7330 W Adreno-EGL: <qeglDrvAPI_eglGetConfigAttrib:612>: EGL_BAD_ATTRIBUTE
02-11 19:51:15.961 7207 7330 W Adreno-ES20: <core_glFinish:34>: glFinish skipped: 0
02-11 19:51:15.971 7207 7330 W Adreno-ES20: <core_glFinish:34>: glFinish skipped: 0
02-11 19:51:16.028 7207 7330 W Adreno-ES20: <core_glFinish:34>: glFinish skipped: 0
02-11 19:51:16.055 7207 7330 W Adreno-ES20: <core_glFinish:34>: glFinish skipped: 0
02-11 19:51:16.233 7207 7330 W Adreno-ES20: <core_glFinish:34>: glFinish skipped: 0
02-11 19:51:16.251 7207 7330 W Adreno-ES20: <core_glFinish:34>: glFinish skipped: 0
02-11 19:51:16.295 7207 7330 W Adreno-ES20: <core_glFinish:34>: glFinish skipped: 0
02-11 19:51:16.370 7207 7330 W Adreno-ES20: <core_glFinish:34>: glFinish skipped: 0
02-11 19:51:16.396 7207 7330 W Adreno-ES20: <core_glFinish:34>: glFinish skipped: 0
02-11 19:51:16.562 7207 7254 E SQLiteDatabase: Error inserting media_duration=17 file_path=/data/user/0/com.whatsapp/files/.Shared/bf00c8b7-9f6b-4f9c-8d98- 3773e6ae6d60.mp4 transferred=0 thumbnail_height_width_ratio=1.7777778 face_y=0 face_x=0 trim_from=0 media_caption=null transcoded=1 message_url=null first_scan_sidecar=null direct_path=null original_file_hash=null is_animated_sticker=0 media_name=bf00c8b7-9f6b-4f9c-8d98-3773e6ae6d60.mp4 has_streaming_sidecar=0 partial_media_enc_hash=null media_key=null multicast_id=null page_count=0 height=0 partial_media_hash=null gif_attribution=0 mute_video=0 autotransfer_retry_enabled=1 first_scan_length=0 trim_to=0 media_key_timestamp=0 file_size=2071257 chat_row_id=11 media_job_uuid=0f8ef476- 4487-430c-99c0-2e6507225f9a message_row_id=2393 enc_file_hash=null file_hash=null mime_type=null media_upload_handle=null suspicious_content=0 width=0 file_length=2071257
02-11 19:51:16.562 7207 7254 E SQLiteDatabase: android.database.sqlite.SQLiteConstraintException: UNIQUE constraint failed: message_media.message_row_id (code 1555)
02-11 19:51:16.562 7207 7254 E SQLiteDatabase: at android.database.sqlite.SQLiteConnection.nativeExecuteForLastInsertedRowId(Native Method)
02-11 19:51:16.562 7207 7254 E SQLiteDatabase: at android.database.sqlite.SQLiteConnection.executeForLastInsertedRowId(SQLiteConnecti on.java:790)
02-11 19:51:16.562 7207 7254 E SQLiteDatabase: at android.database.sqlite.SQLiteSession.executeForLastInsertedRowId(SQLiteSession.jav a:788)
02-11 19:51:16.562 7207 7254 E SQLiteDatabase: at android.database.sqlite.SQLiteStatement.executeInsert(SQLiteStatement.java:86)
02-11 19:51:16.562 7207 7254 E SQLiteDatabase: at android.database.sqlite.SQLiteDatabase.insertWithOnConflict(SQLiteDatabase.java:154 8)
02-11 19:51:16.562 7207 7254 E SQLiteDatabase: at android.database.sqlite.SQLiteDatabase.insert(SQLiteDatabase.java:1417)
02-11 19:51:16.562 7207 7254 E SQLiteDatabase: at X.2tm.A08(Unknown Source:6)
02-11 19:51:16.562 7207 7254 E SQLiteDatabase: at X.35Y.A07(Unknown Source:212)
02-11 19:51:16.562 7207 7254 E SQLiteDatabase: at X.3QF.A14(Unknown Source:470)
02-11 19:51:16.562 7207 7254 E SQLiteDatabase: at X.3gU.run(Unknown Source:982)
02-11 19:51:16.562 7207 7254 E SQLiteDatabase: at android.os.Handler.handleCallback(Handler.java:790)
02-11 19:51:16.562 7207 7254 E SQLiteDatabase: at android.os.Handler.dispatchMessage(Handler.java:99)
02-11 19:51:16.562 7207 7254 E SQLiteDatabase: at X.0zq.dispatchMessage(Unknown Source:4)
02-11 19:51:16.562 7207 7254 E SQLiteDatabase: at android.os.Looper.loop(Looper.java:164)
02-11 19:51:16.562 7207 7254 E SQLiteDatabase: at android.os.HandlerThread.run(HandlerThread.java:65)
02-11 19:51:17.248 7207 7330 W Adreno-ES20: <core_glFinish:34>: glFinish skipped: 0
02-11 19:51:17.272 7207 7330 W Adreno-ES20: <core_glFinish:34>: glFinish skipped: 0
02-11 19:51:18.248 7207 7330 W Adreno-EGL: <qeglDrvAPI_eglGetConfigAttrib:612>: EGL_BAD_ATTRIBUTE
02-11 19:51:18.367 7207 7330 W Adreno-ES20: <core_glFinish:34>: glFinish skipped: 0
02-11 19:51:18.387 7207 7215 E SpellCheckerSession: ignoring processOrEnqueueTask due to unexpected mState=TASK_CLOSE scp.mWhat=TASK_CLOSE
02-11 19:51:18.389 7207 7330 W Adreno-ES20: <core_glFinish:34>: glFinish skipped: 0
02-11 19:51:18.400 7207 7330 W Adreno-ES20: <core_glFinish:34>: glFinish skipped: 0
02-11 19:51:18.568 7207 7330 W Adreno-ES20: <core_glFinish:34>: glFinish skipped: 0
02-11 19:51:18.572 7207 7330 W Adreno-ES20: <core_glFinish:34>: glFinish skipped: 0
02-11 19:51:18.692 7207 7254 E SQLiteDatabase: Error inserting media_duration=17 file_path=Media/WhatsApp Video/Sent/VID-20240211-WA0009.mp4 transferred=1 thumbnail_height_width_ratio=1.7777778 face_y=0 face_x=0 trim_from=0 media_caption=null transcoded=1 message_url=https://mmg.whatsapp.net/v/t62.7161- 24/40811319_721703273413410_6282966595336866616_n.enc?ccb=11- 4&oh=01_AdTRoxRYrhvJX_QpWUFAFybK4B5ihuoTSEM10TzGz4F4ug&oe=65F0EA10&_nc_sid=5e03e0&m ms3=true first_scan_sidecar=null direct_path=/v/t62.7161- 24/40811319_721703273413410_6282966595336866616_n.enc?ccb=11- 4&oh=01_AdTRoxRYrhvJX_QpWUFAFybK4B5ihuoTSEM10TzGz4F4ug&oe=65F0EA10&_nc_sid=5e03e0 original_file_hash=null is_animated_sticker=0 media_name=bf00c8b7-9f6b-4f9c-8d98- 3773e6ae6d60.mp4 has_streaming_sidecar=1 partial_media_enc_hash=null media_key=[B@9107269 multicast_id=null page_count=0 height=1024 partial_media_hash=null gif_attribution=0 mute_video=0 autotransfer_retry_enabled=0 first_scan_length=0 trim_to=0 media_key_timestamp=1707695477721 file_size=2071257 chat_row_id=11 media_job_uuid=0f8ef476-4487-430c-99c0-2e6507225f9a message_row_id=2393 enc_file_hash=LmQgQxnoNa38zlbYGd96OJJgnE1k32Ds4OiU3pDGoMA= file_hash=KX7kM+SA81ImNvRqEK4JEgQbxtwiUy+QMcKHPyFRETs= mime_type=video/mp4 media_upload_handle=null suspicious_content=0 width=576 file_length=2071257
02-11 19:51:18.692 7207 7254 E SQLiteDatabase: android.database.sqlite.SQLiteConstraintException: UNIQUE constraint failed: message_media.message_row_id (code 1555)
02-11 19:51:18.692 7207 7254 E SQLiteDatabase: at android.database.sqlite.SQLiteConnection.nativeExecuteForLastInsertedRowId(Native Method)
02-11 19:51:18.692 7207 7254 E SQLiteDatabase: at android.database.sqlite.SQLiteConnection.executeForLastInsertedRowId(SQLiteConnecti on.java:790)
02-11 19:51:18.692 7207 7254 E SQLiteDatabase: at android.database.sqlite.SQLiteSession.executeForLastInsertedRowId(SQLiteSession.jav a:788)
02-11 19:51:18.692 7207 7254 E SQLiteDatabase: at android.database.sqlite.SQLiteStatement.executeInsert(SQLiteStatement.java:86)
02-11 19:51:18.692 7207 7254 E SQLiteDatabase: at android.database.sqlite.SQLiteDatabase.insertWithOnConflict(SQLiteDatabase.java:154 8)
02-11 19:51:18.692 7207 7254 E SQLiteDatabase: at android.database.sqlite.SQLiteDatabase.insert(SQLiteDatabase.java:1417)
02-11 19:51:18.692 7207 7254 E SQLiteDatabase: at X.2tm.A08(Unknown Source:6)
02-11 19:51:18.692 7207 7254 E SQLiteDatabase: at X.35Y.A07(Unknown Source:212)
02-11 19:51:18.692 7207 7254 E SQLiteDatabase: at X.3QF.A14(Unknown Source:470)
02-11 19:51:18.692 7207 7254 E SQLiteDatabase: at X.3gU.run(Unknown Source:982)
02-11 19:51:18.692 7207 7254 E SQLiteDatabase: at android.os.Handler.handleCallback(Handler.java:790)
02-11 19:51:18.692 7207 7254 E SQLiteDatabase: at android.os.Handler.dispatchMessage(Handler.java:99)
02-11 19:51:18.692 7207 7254 E SQLiteDatabase: at X.0zq.dispatchMessage(Unknown Source:4)
02-11 19:51:18.692 7207 7254 E SQLiteDatabase: at android.os.Looper.loop(Looper.java:164)
02-11 19:51:18.692 7207 7254 E SQLiteDatabase: at android.os.HandlerThread.run(HandlerThread.java:65)
02-11 19:51:19.858 7207 7330 W Adreno-ES20: <core_glFinish:34>: glFinish skipped: 0
02-11 19:51:19.867 7207 7330 W Adreno-ES20: <core_glFinish:34>: glFinish skipped: 0
02-11 19:51:22.490 7207 7330 W Adreno-ES20: <core_glFinish:34>: glFinish skipped: 0
02-11 19:51:22.606 7207 7330 W Adreno-ES20: <core_glFinish:34>: glFinish skipped: 0
02-11 19:51:22.621 7207 7330 W Adreno-ES20: <core_glFinish:34>: glFinish skipped: 0
02-11 19:51:23.678 7207 7330 W Adreno-ES20: <core_glFinish:34>: glFinish skipped: 0 --------- beginning of main
02-11 21:14:35.744 25534 25534 W System.err: java.lang.ClassNotFoundException: mbmodsd.mbmodsw.ui.views.btn.BtnBK
02-11 21:14:35.745 25534 25534 W System.err: at java.lang.VMClassLoader.findLoadedClass(Native Method)
02-11 21:14:35.745 25534 25534 W System.err: at java.lang.ClassLoader.findLoadedClass(ClassLoader.java:738)
02-11 21:14:35.745 25534 25534 W System.err: at java.lang.ClassLoader.loadClass(ClassLoader.java:363)
02-11 21:14:35.745 25534 25534 W System.err: at java.lang.ClassLoader.loadClass(ClassLoader.java:312)
02-11 21:14:35.745 25534 25534 W System.err: at java.lang.Runtime.nativeLoad(Native Method)
02-11 21:14:35.745 25534 25534 W System.err: at java.lang.Runtime.doLoad(Runtime.java:1099)
02-11 21:14:35.745 25534 25534 W System.err: at java.lang.Runtime.loadLibrary0(Runtime.java:1014)
02-11 21:14:35.745 25534 25534 W System.err: at java.lang.System.loadLibrary(System.java:1657)
02-11 21:14:35.745 25534 25534 W System.err: at arm.EpicVm.<clinit>(Unknown Source:2)
02-11 21:14:35.745 25534 25534 W System.err: at java.lang.Class.newInstance(Native Method)
02-11 21:14:35.745 25534 25534 W System.err: at android.app.Instrumentation.newApplication(Instrumentation.java:1140)
02-11 21:14:35.745 25534 25534 W System.err: at android.app.Instrumentation.newApplication(Instrumentation.java:1125)
02-11 21:14:35.745 25534 25534 W System.err: at android.app.LoadedApk.makeApplication(LoadedApk.java:983)
02-11 21:14:35.745 25534 25534 W System.err: at android.app.ActivityThread.handleBindApplication(ActivityThread.java:5751)
02-11 21:14:35.745 25534 25534 W System.err: at android.app.ActivityThread.- wrap1(Unknown Source:0)
02-11 21:14:35.745 25534 25534 W System.err: at android.app.ActivityThread$H.handleMessage(ActivityThread.java:1680)
02-11 21:14:35.745 25534 25534 W System.err: at android.os.Handler.dispatchMessage(Handler.java:106)
02-11 21:14:35.745 25534 25534 W System.err: at android.os.Looper.loop(Looper.java:164)
02-11 21:14:35.745 25534 25534 W System.err: at android.app.ActivityThread.main(ActivityThread.java:6539)
02-11 21:14:35.745 25534 25534 W System.err: at java.lang.reflect.Method.invoke(Native Method)
02-11 21:14:35.745 25534 25534 W System.err: at com.android.internal.os.RuntimeInit$MethodAndArgsCaller.run(RuntimeInit.java:438)
02-11 21:14:35.745 25534 25534 W System.err: at com.android.internal.os.ZygoteInit.main(ZygoteInit.java:807)
02-11 21:14:35.745 25534 25534 W System.err: Caused by: java.lang.NoClassDefFoundError: Failed resolution of: Lcom/whatsapp/components/Button;
02-11 21:14:35.745 25534 25534 W System.err: ... 18 more
02-11 21:14:35.746 25534 25534 W System.err: Caused by: java.lang.ClassNotFoundException: Didn't find class "com.whatsapp.components.Button" on path: DexPathList[[zip file "/data/app/com.whatsapp-UEj3oGZH85olLjPuviRrSA==/base.apk"],nativeLibraryDirectorie s=[/data/app/com.whatsapp-UEj3oGZH85olLjPuviRrSA==/lib/arm, /data/app/com.whatsapp- UEj3oGZH85olLjPuviRrSA==/base.apk!/lib/armeabi-v7a, /system/lib, /vendor/lib]]
02-11 21:14:35.746 25534 25534 W System.err: at dalvik.system.BaseDexClassLoader.findClass(BaseDexClassLoader.java:125)
02-11 21:14:35.746 25534 25534 W System.err: at java.lang.ClassLoader.loadClass(ClassLoader.java:379)
02-11 21:14:35.746 25534 25534 W System.err: at java.lang.ClassLoader.loadClass(ClassLoader.java:312)
02-11 21:14:35.746 25534 25534 W System.err: ... 18 more
02-11 21:14:35.822 25534 25534 E CustomActivityOnCrash: IMPORTANT WARNING! You already have an UncaughtExceptionHandler, are you sure this is correct? If you use a custom UncaughtExceptionHandler, you must initialize it AFTER CustomActivityOnCrash! Installing anyway, but your original handler will not be called.
02-11 21:14:36.746 25534 25578 W zygote : Class X.2rL failed lock verification and will run slower.
02-11 21:14:36.746 25534 25578 W zygote : Common causes for lock verification issues are non-optimized dex code
02-11 21:14:36.746 25534 25578 W zygote : and incorrect proguard optimizations.
02-11 21:14:36.794 25534 25534 W zygote : Class X.0eU failed lock verification and will run slower. --------- beginning of system
02-11 21:14:37.092 25534 25534 W zygote : Class com.whatsapp.HomeActivity failed lock verification and will run slower.
02-11 21:14:37.406 25534 25534 W ResourceType: Too many attribute references, stopped at: 0x01010034
02-11 21:14:37.415 25534 25534 W ResourceType: Too many attribute references, stopped at: 0x01010034
02-11 21:14:37.832 25534 25534 E ArmVmp : Match on catch block at 0x0a in for 0xb9
02-11 21:14:37.876 25534 25534 E ArmVmp : Match on catch block at 0x0a in for 0x125
02-11 21:14:38.699 25534 25534 W StaticLayout: maxLineHeight should not be -1. maxLines:1 lineCount:1
02-11 21:14:38.736 25534 25534 W StaticLayout: maxLineHeight should not be -1. maxLines:1 lineCount:1
02-11 21:14:39.622 25534 25534 E RecyclerView: No adapter attached; skipping layout
02-11 21:14:39.641 25534 25534 E ArmVmp : Match on catch block at 0x0a in for 0xc5
02-11 21:14:39.740 25534 25534 E RecyclerView: No adapter attached; skipping layout
02-11 21:14:39.938 25534 25550 W LibraryVersion: Failed to get app version for libraryName: firebase-iid
02-11 21:14:40.047 25534 25651 W LOTTIE : Animation contains merge paths. Merge paths are only supported on KitKat+ and must be manually enabled by calling enableMergePathsForKitKatAndAbove().
02-11 21:14:40.076 25534 25534 W RenderThread: type=1400 audit(0.0:316107): avc: denied { search } for name="kgsl-3d0" dev="sysfs" ino=20173 scontext=u:r:untrusted_app:s0:c512,c768 tcontext=u:object_r:sysfs_kgsl:s0 tclass=dir permissive=0
02-11 21:14:40.088 25534 25609 W Adreno-ES20: <get_gpu_clk:229>: open failed: errno 13
02-11 21:14:40.090 25534 25609 W Adreno-EGL: <qeglDrvAPI_eglGetConfigAttrib:612>: EGL_BAD_ATTRIBUTE
02-11 21:14:40.093 25534 25609 W Adreno-EGL: <qeglDrvAPI_eglGetConfigAttrib:612>: EGL_BAD_ATTRIBUTE
02-11 21:14:40.104 25534 25534 W StaticLayout: maxLineHeight should not be -1. maxLines:1 lineCount:1
