02-11 23:59:22.852 15812 15812 E ArmVmp : Match on catch block at 0xc3 in for 0x91
02-11 23:59:22.859 15812 15812 E ArmVmp : Match on catch block at 0xc3 in for 0x95
02-11 23:59:22.868 15812 15812 E ArmVmp : Match on catch block at 0xc3 in for 0x91
02-11 23:59:22.874 15812 15812 E ArmVmp : Match on catch block at 0xc3 in for 0x95
02-11 23:59:22.885 15812 15812 E ArmVmp : Match on catch block at 0xc3 in for 0x91
02-11 23:59:22.891 15812 15812 E ArmVmp : Match on catch block at 0xc3 in for 0x95
02-11 23:59:22.902 15812 15812 E ArmVmp : Match on catch block at 0xc3 in for 0x91
02-11 23:59:22.908 15812 15812 E ArmVmp : Match on catch block at 0xc3 in for 0x95
02-11 23:59:22.918 15812 15812 E ArmVmp : Match on catch block at 0xc3 in for 0x91
02-11 23:59:22.924 15812 15812 E ArmVmp : Match on catch block at 0xc3 in for 0x95
02-11 23:59:22.935 15812 15812 E ArmVmp : Match on catch block at 0xc3 in for 0x91
02-11 23:59:22.942 15812 15812 E ArmVmp : Match on catch block at 0xc3 in for 0x95
02-11 23:59:22.951 15812 15812 E ArmVmp : Match on catch block at 0xc3 in for 0x91
02-11 23:59:22.960 15812 15812 E ArmVmp : Match on catch block at 0xc3 in for 0x95
02-11 23:59:22.968 15812 15812 E ArmVmp : Match on catch block at 0xc3 in for 0x91
02-11 23:59:22.974 15812 15812 E ArmVmp : Match on catch block at 0xc3 in for 0x95
02-11 23:59:23.320 15812 15812 E ArmVmp : Match on catch block at 0xc3 in for 0x91
02-11 23:59:23.328 15812 15812 E ArmVmp : Match on catch block at 0xc3 in for 0x95
02-11 23:59:23.821 15812 15812 E ArmVmp : Match on catch block at 0xc3 in for 0x91
02-11 23:59:23.828 15812 15812 E ArmVmp : Match on catch block at 0xc3 in for 0x95
02-11 23:59:24.322 15812 15812 E ArmVmp : Match on catch block at 0xc3 in for 0x91
02-11 23:59:24.329 15812 15812 E ArmVmp : Match on catch block at 0xc3 in for 0x95
02-11 23:59:24.591 15812 15812 E ArmVmp : Match on catch block at 0xc3 in for 0x91
02-11 23:59:24.597 15812 15812 E ArmVmp : Match on catch block at 0xc3 in for 0x95
02-11 23:59:24.624 15812 15812 E ArmVmp : Match on catch block at 0xc3 in for 0x99
02-11 23:59:24.630 15812 15812 E ArmVmp : Match on catch block at 0xc3 in for 0x91
02-11 23:59:24.654 15812 15812 E ArmVmp : Match on catch block at 0xc3 in for 0x99
02-11 23:59:24.659 15812 15812 E ArmVmp : Match on catch block at 0xc3 in for 0x91
02-11 23:59:24.765 15812 15899 W Adreno-EGL: <qeglDrvAPI_eglGetConfigAttrib:612>: EGL_BAD_ATTRIBUTE
02-11 23:59:24.786 15812 15812 E ArmVmp : Match on catch block at 0xc3 in for 0x99
02-11 23:59:24.793 15812 15812 E ArmVmp : Match on catch block at 0xc3 in for 0x91
02-11 23:59:24.945 15812 15812 W IInputConnectionWrapper: requestCursorAnchorInfo on inactive InputConnection
02-11 23:59:25.011 15812 15899 W Adreno-ES20: <core_glFinish:34>: glFinish skipped: 0
02-11 23:59:25.015 15812 15899 W Adreno-ES20: <core_glFinish:34>: glFinish skipped: 0
02-11 23:59:25.024 15812 15812 E ArmVmp : Match on catch block at 0xc3 in for 0x91
02-11 23:59:25.030 15812 15812 E ArmVmp : Match on catch block at 0xc3 in for 0x95
02-11 23:59:25.063 15812 15812 W StaticLayout: maxLineHeight should not be -1. maxLines:1 lineCount:1
02-11 23:59:25.064 15812 15812 W StaticLayout: maxLineHeight should not be -1. maxLines:1 lineCount:1
02-11 23:59:25.302 15812 15899 W Adreno-ES20: <core_glFinish:34>: glFinish skipped: 0
02-11 23:59:25.327 15812 15899 W Adreno-ES20: <core_glFinish:34>: glFinish skipped: 0
02-11 23:59:25.327 15812 15899 W Adreno-ES20: <core_glFinish:34>: glFinish skipped: 0
02-11 23:59:27.618 15812 15899 W Adreno-ES20: <core_glFinish:34>: glFinish skipped: 0
02-11 23:59:27.626 15812 15899 W Adreno-ES20: <core_glFinish:34>: glFinish skipped: 0
02-11 23:59:27.631 15812 15899 W Adreno-ES20: <core_glFinish:34>: glFinish skipped: 0
02-11 23:59:27.665 15812 15899 W Adreno-ES20: <core_glFinish:34>: glFinish skipped: 0
02-11 23:59:28.096 15812 15899 W Adreno-ES20: <core_glFinish:34>: glFinish skipped: 0
02-11 23:59:28.098 15812 15820 E SpellCheckerSession: ignoring processOrEnqueueTask due to unexpected mState=TASK_CLOSE scp.mWhat=TASK_CLOSE
02-12 00:00:00.184 15812 15880 W OkHttpClient: A connection to https://157.240.14.52/ was leaked. Did you forget to close a response body?
02-12 00:00:00.184 15812 15880 W OkHttpClient: A connection to https://157.240.14.52/ was leaked. Did you forget to close a response body?
02-12 00:00:59.533 15812 15899 W Adreno-ES20: <core_glFinish:34>: glFinish skipped: 0
02-12 00:00:59.600 15812 15899 W Adreno-ES20: <core_glFinish:34>: glFinish skipped: 0
02-12 00:00:59.623 15812 15899 W Adreno-ES20: <core_glFinish:34>: glFinish skipped: 0
02-12 00:02:16.574 15812 15812 W RenderThread: type=1400 audit(0.0:323527): avc: denied { search } for name="kgsl-3d0" dev="sysfs" ino=20173 scontext=u:r:untrusted_app:s0:c512,c768 tcontext=u:object_r:sysfs_kgsl:s0 tclass=dir permissive=0
02-12 00:02:16.585 15812 15899 W Adreno-ES20: <get_gpu_clk:229>: open failed: errno 13
02-12 00:02:16.588 15812 15899 W Adreno-EGL: <qeglDrvAPI_eglGetConfigAttrib:612>: EGL_BAD_ATTRIBUTE
02-12 00:02:16.591 15812 15899 W Adreno-EGL: <qeglDrvAPI_eglGetConfigAttrib:612>: EGL_BAD_ATTRIBUTE
02-12 00:02:28.816 15812 15899 W Adreno-ES20: <core_glFinish:34>: glFinish skipped: 0
02-12 00:02:29.015 15812 15899 W Adreno-ES20: <core_glFinish:34>: glFinish skipped: 0
02-12 00:02:29.017 15812 15899 W Adreno-ES20: <core_glFinish:34>: glFinish skipped: 0
02-12 00:03:25.357 15812 15899 W Adreno-EGL: <qeglDrvAPI_eglGetConfigAttrib:612>: EGL_BAD_ATTRIBUTE
02-12 00:03:25.713 15812 15899 W Adreno-EGL: <qeglDrvAPI_eglGetConfigAttrib:612>: EGL_BAD_ATTRIBUTE
02-12 00:03:25.716 15812 15899 W Adreno-EGL: <qeglDrvAPI_eglGetConfigAttrib:612>: EGL_BAD_ATTRIBUTE
02-12 00:03:25.720 15812 15899 W Adreno-EGL: <qeglDrvAPI_eglGetConfigAttrib:612>: EGL_BAD_ATTRIBUTE
02-12 00:03:25.740 15812 15899 W Adreno-EGL: <qeglDrvAPI_eglGetConfigAttrib:612>: EGL_BAD_ATTRIBUTE
02-12 00:03:26.140 15812 15899 W Adreno-EGL: <qeglDrvAPI_eglGetConfigAttrib:612>: EGL_BAD_ATTRIBUTE
02-12 00:03:26.191 15812 15899 W Adreno-EGL: <qeglDrvAPI_eglGetConfigAttrib:612>: EGL_BAD_ATTRIBUTE
02-12 00:03:26.223 15812 15899 W Adreno-EGL: <qeglDrvAPI_eglGetConfigAttrib:612>: EGL_BAD_ATTRIBUTE
02-12 00:03:26.256 15812 15899 W Adreno-EGL: <qeglDrvAPI_eglGetConfigAttrib:612>: EGL_BAD_ATTRIBUTE
02-12 00:03:26.291 15812 15899 W Adreno-EGL: <qeglDrvAPI_eglGetConfigAttrib:612>: EGL_BAD_ATTRIBUTE
02-12 00:03:26.324 15812 15899 W Adreno-EGL: <qeglDrvAPI_eglGetConfigAttrib:612>: EGL_BAD_ATTRIBUTE
02-12 00:03:26.362 15812 15899 W Adreno-EGL: <qeglDrvAPI_eglGetConfigAttrib:612>: EGL_BAD_ATTRIBUTE
02-12 00:03:47.521 15812 15899 W Adreno-ES20: <core_glFinish:34>: glFinish skipped: 0
02-12 00:03:47.521 15812 15899 W Adreno-ES20: <core_glFinish:34>: glFinish skipped: 0
02-12 00:03:47.759 15812 15899 W Adreno-EGL: <qeglDrvAPI_eglGetConfigAttrib:612>: EGL_BAD_ATTRIBUTE
02-12 00:03:51.696 15812 15812 E ArmVmp : Match on catch block at 0x0a in for 0xb1
02-12 00:03:51.705 15812 15812 E ArmVmp : Match on catch block at 0x0a in for 0xb9
02-12 00:03:51.842 15812 15899 W Adreno-EGL: <qeglDrvAPI_eglGetConfigAttrib:612>: EGL_BAD_ATTRIBUTE
02-12 00:03:52.189 15812 15812 E ArmVmp : Match on catch block at 0xc3 in for 0xa9
02-12 00:03:52.205 15812 15812 E ArmVmp : Match on catch block at 0xc3 in for 0xa9
02-12 00:03:52.242 15812 15812 E ArmVmp : Match on catch block at 0xc3 in for 0x91
02-12 00:03:52.248 15812 15812 E ArmVmp : Match on catch block at 0xc3 in for 0x95
02-12 00:03:52.252 15812 15812 E ArmVmp : Match on catch block at 0xc3 in for 0x95
02-12 00:03:52.371 15812 15812 E ArmVmp : Match on catch block at 0xc3 in for 0x99
02-12 00:03:52.376 15812 15812 E ArmVmp : Match on catch block at 0xc3 in for 0x91
02-12 00:03:52.379 15812 15812 E ArmVmp : Match on catch block at 0xc3 in for 0x91
02-12 00:03:52.407 15812 15812 E ArmVmp : Match on catch block at 0xc3 in for 0x99
02-12 00:03:52.420 15812 15812 E ArmVmp : Match on catch block at 0xc3 in for 0x91
02-12 00:03:52.424 15812 15812 E ArmVmp : Match on catch block at 0xc3 in for 0x91
02-12 00:03:52.439 15812 15899 W Adreno-ES20: <core_glFinish:34>: glFinish skipped: 0
02-12 00:03:52.441 15812 15899 W Adreno-ES20: <core_glFinish:34>: glFinish skipped: 0
02-12 00:03:52.460 15812 15812 E ArmVmp : Match on catch block at 0xc3 in for 0x91
02-12 00:03:52.465 15812 15812 E ArmVmp : Match on catch block at 0xc3 in for 0x95
02-12 00:03:52.469 15812 15812 E ArmVmp : Match on catch block at 0xc3 in for 0x95
02-12 00:03:52.482 15812 15812 E ArmVmp : Match on catch block at 0xc3 in for 0x99
02-12 00:03:52.487 15812 15812 E ArmVmp : Match on catch block at 0xc3 in for 0x91
02-12 00:03:52.490 15812 15812 E ArmVmp : Match on catch block at 0xc3 in for 0x91
02-12 00:03:52.603 15812 15812 E ArmVmp : Match on catch block at 0xc3 in for 0x95
02-12 00:03:52.612 15812 15812 E ArmVmp : Match on catch block at 0xc3 in for 0x99
02-12 00:03:52.618 15812 15812 E ArmVmp : Match on catch block at 0xc3 in for 0x99
02-12 00:03:52.637 15812 15812 E ArmVmp : Match on catch block at 0xc3 in for 0x91
02-12 00:03:52.645 15812 15812 E ArmVmp : Match on catch block at 0xc3 in for 0x95
02-12 00:03:52.650 15812 15812 E ArmVmp : Match on catch block at 0xc3 in for 0x95
02-12 00:03:52.668 15812 15812 E ArmVmp : Match on catch block at 0xc3 in for 0x91
02-12 00:03:52.675 15812 15812 E ArmVmp : Match on catch block at 0xc3 in for 0x95
02-12 00:03:52.703 15812 15812 E ArmVmp : Match on catch block at 0xc3 in for 0x95
02-12 00:03:52.710 15812 15812 E ArmVmp : Match on catch block at 0xc3 in for 0x99
02-12 00:03:52.714 15812 15812 E ArmVmp : Match on catch block at 0xc3 in for 0x99
02-12 00:03:52.729 15812 15899 W Adreno-ES20: <core_glFinish:34>: glFinish skipped: 0
02-12 00:03:52.735 15812 15812 E ArmVmp : Match on catch block at 0xc3 in for 0x99
02-12 00:03:52.743 15812 15812 E ArmVmp : Match on catch block at 0xc3 in for 0x91
02-12 00:03:52.748 15812 15812 E ArmVmp : Match on catch block at 0xc3 in for 0x91
02-12 00:03:52.768 15812 15812 E ArmVmp : Match on catch block at 0xc3 in for 0x95
02-12 00:03:52.776 15812 15812 E ArmVmp : Match on catch block at 0xc3 in for 0x99
02-12 00:03:52.780 15812 15812 E ArmVmp : Match on catch block at 0xc3 in for 0x99
02-12 00:03:52.787 15812 15812 E ArmVmp : Match on catch block at 0xc3 in for 0x91
02-12 00:03:52.795 15812 15812 E ArmVmp : Match on catch block at 0xc3 in for 0x95
02-12 00:03:52.798 15812 15812 E ArmVmp : Match on catch block at 0xc3 in for 0x95
02-12 00:03:52.819 15812 15812 E ArmVmp : Match on catch block at 0xc3 in for 0x99
02-12 00:03:52.825 15812 15812 E ArmVmp : Match on catch block at 0xc3 in for 0x91
02-12 00:03:52.828 15812 15812 E ArmVmp : Match on catch block at 0xc3 in for 0x91
02-12 00:03:52.835 15812 15812 E ArmVmp : Match on catch block at 0xc3 in for 0x95
02-12 00:03:52.840 15812 15812 E ArmVmp : Match on catch block at 0xc3 in for 0x99
02-12 00:03:52.843 15812 15812 E ArmVmp : Match on catch block at 0xc3 in for 0x99
02-12 00:03:52.852 15812 15812 E ArmVmp : Match on catch block at 0xc3 in for 0x91
02-12 00:03:52.857 15812 15812 E ArmVmp : Match on catch block at 0xc3 in for 0x95
02-12 00:03:52.861 15812 15812 E ArmVmp : Match on catch block at 0xc3 in for 0x95
02-12 00:03:52.868 15812 15812 E ArmVmp : Match on catch block at 0xc3 in for 0x99
02-12 00:03:52.873 15812 15812 E ArmVmp : Match on catch block at 0xc3 in for 0x91
02-12 00:03:52.876 15812 15812 E ArmVmp : Match on catch block at 0xc3 in for 0x91
02-12 00:03:52.885 15812 15812 E ArmVmp : Match on catch block at 0xc3 in for 0x95
02-12 00:03:52.890 15812 15812 E ArmVmp : Match on catch block at 0xc3 in for 0x99
02-12 00:03:52.893 15812 15812 E ArmVmp : Match on catch block at 0xc3 in for 0x99
02-12 00:03:52.901 15812 15812 E ArmVmp : Match on catch block at 0xc3 in for 0x91
02-12 00:03:52.907 15812 15812 E ArmVmp : Match on catch block at 0xc3 in for 0x95
02-12 00:03:52.910 15812 15812 E ArmVmp : Match on catch block at 0xc3 in for 0x95
02-12 00:03:52.919 15812 15812 E ArmVmp : Match on catch block at 0xc3 in for 0x99
02-12 00:03:52.926 15812 15812 E ArmVmp : Match on catch block at 0xc3 in for 0x91
02-12 00:03:52.929 15812 15812 E ArmVmp : Match on catch block at 0xc3 in for 0x91
02-12 00:03:53.370 15812 15812 E ArmVmp : Match on catch block at 0xc3 in for 0x95
02-12 00:03:53.376 15812 15812 E ArmVmp : Match on catch block at 0xc3 in for 0x99
02-12 00:03:53.383 15812 15812 E ArmVmp : Match on catch block at 0xc3 in for 0x99
02-12 00:03:53.872 15812 15812 E ArmVmp : Match on catch block at 0xc3 in for 0x91
02-12 00:03:53.880 15812 15812 E ArmVmp : Match on catch block at 0xc3 in for 0x95
02-12 00:03:53.885 15812 15812 E ArmVmp : Match on catch block at 0xc3 in for 0x95
02-12 00:03:53.938 15812 15812 E ArmVmp : Match on catch block at 0xc3 in for 0x99
02-12 00:03:53.946 15812 15812 E ArmVmp : Match on catch block at 0xc3 in for 0x91
02-12 00:03:53.951 15812 15812 E ArmVmp : Match on catch block at 0xc3 in for 0x91
02-12 00:03:53.957 15812 15812 E ArmVmp : Match on catch block at 0xc3 in for 0x95
02-12 00:03:53.967 15812 15812 E ArmVmp : Match on catch block at 0xc3 in for 0x99
02-12 00:03:53.974 15812 15812 E ArmVmp : Match on catch block at 0xc3 in for 0x99
02-12 00:03:53.980 15812 15812 E ArmVmp : Match on catch block at 0xc3 in for 0x91
02-12 00:03:53.989 15812 15812 E ArmVmp : Match on catch block at 0xc3 in for 0x95
02-12 00:03:53.993 15812 15812 E ArmVmp : Match on catch block at 0xc3 in for 0x95
02-12 00:03:54.006 15812 15812 E ArmVmp : Match on catch block at 0xc3 in for 0x99
02-12 00:03:54.013 15812 15812 E ArmVmp : Match on catch block at 0xc3 in for 0x91
02-12 00:03:54.017 15812 15812 E ArmVmp : Match on catch block at 0xc3 in for 0x91
02-12 00:03:54.023 15812 15812 E ArmVmp : Match on catch block at 0xc3 in for 0x95
02-12 00:03:54.031 15812 15812 E ArmVmp : Match on catch block at 0xc3 in for 0x99
02-12 00:03:54.034 15812 15812 E ArmVmp : Match on catch block at 0xc3 in for 0x99
02-12 00:03:54.042 15812 15812 E ArmVmp : Match on catch block at 0xc3 in for 0x91
02-12 00:03:54.049 15812 15812 E ArmVmp : Match on catch block at 0xc3 in for 0x95
02-12 00:03:54.053 15812 15812 E ArmVmp : Match on catch block at 0xc3 in for 0x95
02-12 00:03:54.059 15812 15812 E ArmVmp : Match on catch block at 0xc3 in for 0x99
02-12 00:03:54.066 15812 15812 E ArmVmp : Match on catch block at 0xc3 in for 0x91
02-12 00:03:54.070 15812 15812 E ArmVmp : Match on catch block at 0xc3 in for 0x91
02-12 00:03:54.076 15812 15812 E ArmVmp : Match on catch block at 0xc3 in for 0x95
02-12 00:03:54.082 15812 15812 E ArmVmp : Match on catch block at 0xc3 in for 0x99
02-12 00:03:54.085 15812 15812 E ArmVmp : Match on catch block at 0xc3 in for 0x99
02-12 00:03:54.091 15812 15812 E ArmVmp : Match on catch block at 0xc3 in for 0x91
02-12 00:03:54.098 15812 15812 E ArmVmp : Match on catch block at 0xc3 in for 0x95
02-12 00:03:54.101 15812 15812 E ArmVmp : Match on catch block at 0xc3 in for 0x95
02-12 00:03:54.107 15812 15812 E ArmVmp : Match on catch block at 0xc3 in for 0x99
02-12 00:03:54.114 15812 15812 E ArmVmp : Match on catch block at 0xc3 in for 0x91
02-12 00:03:54.117 15812 15812 E ArmVmp : Match on catch block at 0xc3 in for 0x91
02-12 00:03:54.123 15812 15812 E ArmVmp : Match on catch block at 0xc3 in for 0x95
02-12 00:03:54.129 15812 15812 E ArmVmp : Match on catch block at 0xc3 in for 0x99
02-12 00:03:54.133 15812 15812 E ArmVmp : Match on catch block at 0xc3 in for 0x99
02-12 00:03:54.139 15812 15812 E ArmVmp : Match on catch block at 0xc3 in for 0x91
02-12 00:03:54.145 15812 15812 E ArmVmp : Match on catch block at 0xc3 in for 0x95
02-12 00:03:54.149 15812 15812 E ArmVmp : Match on catch block at 0xc3 in for 0x95
02-12 00:03:54.155 15812 15812 E ArmVmp : Match on catch block at 0xc3 in for 0x99
02-12 00:03:54.161 15812 15812 E ArmVmp : Match on catch block at 0xc3 in for 0x91
02-12 00:03:54.164 15812 15812 E ArmVmp : Match on catch block at 0xc3 in for 0x91
02-12 00:03:54.172 15812 15812 E ArmVmp : Match on catch block at 0xc3 in for 0x95
02-12 00:03:54.177 15812 15812 E ArmVmp : Match on catch block at 0xc3 in for 0x99
02-12 00:03:54.180 15812 15812 E ArmVmp : Match on catch block at 0xc3 in for 0x99
02-12 00:03:54.188 15812 15812 E ArmVmp : Match on catch block at 0xc3 in for 0x91
02-12 00:03:54.193 15812 15812 E ArmVmp : Match on catch block at 0xc3 in for 0x95
02-12 00:03:54.196 15812 15812 E ArmVmp : Match on catch block at 0xc3 in for 0x95
02-12 00:03:54.374 15812 15812 E ArmVmp : Match on catch block at 0xc3 in for 0x99
02-12 00:03:54.380 15812 15812 E ArmVmp : Match on catch block at 0xc3 in for 0x91
02-12 00:03:54.385 15812 15812 E ArmVmp : Match on catch block at 0xc3 in for 0x91
02-12 00:03:54.874 15812 15812 E ArmVmp : Match on catch block at 0xc3 in for 0x91
02-12 00:03:54.881 15812 15812 E ArmVmp : Match on catch block at 0xc3 in for 0x95
02-12 00:03:54.886 15812 15812 E ArmVmp : Match on catch block at 0xc3 in for 0x95
02-12 00:03:55.375 15812 15812 E ArmVmp : Match on catch block at 0xc3 in for 0x99
02-12 00:03:55.382 15812 15812 E ArmVmp : Match on catch block at 0xc3 in for 0x91
02-12 00:03:55.387 15812 15812 E ArmVmp : Match on catch block at 0xc3 in for 0x91
02-12 00:03:55.877 15812 15812 E ArmVmp : Match on catch block at 0xc3 in for 0x95
02-12 00:03:55.885 15812 15812 E ArmVmp : Match on catch block at 0xc3 in for 0x99
02-12 00:03:55.889 15812 15812 E ArmVmp : Match on catch block at 0xc3 in for 0x99
02-12 00:03:56.379 15812 15812 E ArmVmp : Match on catch block at 0xc3 in for 0x91
02-12 00:03:56.387 15812 15812 E ArmVmp : Match on catch block at 0xc3 in for 0x95
02-12 00:03:56.392 15812 15812 E ArmVmp : Match on catch block at 0xc3 in for 0x95
02-12 00:03:56.878 15812 15812 E ArmVmp : Match on catch block at 0xc3 in for 0x99
02-12 00:03:56.885 15812 15812 E ArmVmp : Match on catch block at 0xc3 in for 0x91
02-12 00:03:56.889 15812 15812 E ArmVmp : Match on catch block at 0xc3 in for 0x91
02-12 00:03:57.375 15812 15812 E ArmVmp : Match on catch block at 0xc3 in for 0x95
02-12 00:03:57.384 15812 15812 E ArmVmp : Match on catch block at 0xc3 in for 0x99
02-12 00:03:57.389 15812 15812 E ArmVmp : Match on catch block at 0xc3 in for 0x99
02-12 00:03:57.868 15812 15812 E ArmVmp : Match on catch block at 0xc3 in for 0x91
02-12 00:03:57.875 15812 15812 E ArmVmp : Match on catch block at 0xc3 in for 0x95
02-12 00:03:57.879 15812 15812 E ArmVmp : Match on catch block at 0xc3 in for 0x95
02-12 00:03:58.372 15812 15812 E ArmVmp : Match on catch block at 0xc3 in for 0x99
02-12 00:03:58.379 15812 15812 E ArmVmp : Match on catch block at 0xc3 in for 0x91
02-12 00:03:58.384 15812 15812 E ArmVmp : Match on catch block at 0xc3 in for 0x91
02-12 00:03:58.879 15812 15812 E ArmVmp : Match on catch block at 0xc3 in for 0x95
02-12 00:03:58.886 15812 15812 E ArmVmp : Match on catch block at 0xc3 in for 0x99
02-12 00:03:58.891 15812 15812 E ArmVmp : Match on catch block at 0xc3 in for 0x99
02-12 00:03:59.143 15812 15812 E ArmVmp : Match on catch block at 0xc3 in for 0x95
02-12 00:03:59.149 15812 15812 E ArmVmp : Match on catch block at 0xc3 in for 0x99
02-12 00:03:59.154 15812 15812 E ArmVmp : Match on catch block at 0xc3 in for 0x99
02-12 00:03:59.165 15812 15812 E ArmVmp : Match on catch block at 0xc3 in for 0x91
02-12 00:03:59.172 15812 15812 E ArmVmp : Match on catch block at 0xc3 in for 0x95
02-12 00:03:59.176 15812 15812 E ArmVmp : Match on catch block at 0xc3 in for 0x95
02-12 00:03:59.187 15812 15812 E ArmVmp : Match on catch block at 0xc3 in for 0x99
02-12 00:03:59.194 15812 15812 E ArmVmp : Match on catch block at 0xc3 in for 0x91
02-12 00:03:59.198 15812 15812 E ArmVmp : Match on catch block at 0xc3 in for 0x91
02-12 00:03:59.210 15812 15812 E ArmVmp : Match on catch block at 0xc3 in for 0x95
02-12 00:03:59.216 15812 15812 E ArmVmp : Match on catch block at 0xc3 in for 0x99
02-12 00:03:59.221 15812 15812 E ArmVmp : Match on catch block at 0xc3 in for 0x99
02-12 00:03:59.227 15812 15812 E ArmVmp : Match on catch block at 0xc3 in for 0x91
02-12 00:03:59.237 15812 15812 E ArmVmp : Match on catch block at 0xc3 in for 0x95
02-12 00:03:59.241 15812 15812 E ArmVmp : Match on catch block at 0xc3 in for 0x95
02-12 00:03:59.248 15812 15812 E ArmVmp : Match on catch block at 0xc3 in for 0x99
02-12 00:03:59.254 15812 15812 E ArmVmp : Match on catch block at 0xc3 in for 0x91
02-12 00:03:59.258 15812 15812 E ArmVmp : Match on catch block at 0xc3 in for 0x91
02-12 00:03:59.322 15812 15812 E ArmVmp : Match on catch block at 0xc3 in for 0x91
02-12 00:03:59.326 15812 15812 E ArmVmp : Match on catch block at 0xc3 in for 0x95
02-12 00:03:59.362 15812 15812 E ArmVmp : Match on catch block at 0xc3 in for 0x95
02-12 00:03:59.368 15812 15812 E ArmVmp : Match on catch block at 0xc3 in for 0x99
02-12 00:03:59.380 15812 15812 E ArmVmp : Match on catch block at 0xc3 in for 0x95
02-12 00:03:59.385 15812 15812 E ArmVmp : Match on catch block at 0xc3 in for 0x99
02-12 00:03:59.389 15812 15812 E ArmVmp : Match on catch block at 0xc3 in for 0x99
02-12 00:03:59.402 15812 15812 E ArmVmp : Match on catch block at 0xc3 in for 0x91
02-12 00:03:59.407 15812 15812 E ArmVmp : Match on catch block at 0xc3 in for 0x95
02-12 00:03:59.411 15812 15812 E ArmVmp : Match on catch block at 0xc3 in for 0x95
02-12 00:03:59.419 15812 15812 E ArmVmp : Match on catch block at 0xc3 in for 0x99
02-12 00:03:59.426 15812 15812 E ArmVmp : Match on catch block at 0xc3 in for 0x91
02-12 00:03:59.430 15812 15812 E ArmVmp : Match on catch block at 0xc3 in for 0x91
02-12 00:03:59.437 15812 15812 E ArmVmp : Match on catch block at 0xc3 in for 0x95
02-12 00:03:59.442 15812 15812 E ArmVmp : Match on catch block at 0xc3 in for 0x99
02-12 00:03:59.446 15812 15812 E ArmVmp : Match on catch block at 0xc3 in for 0x99
02-12 00:03:59.454 15812 15812 E ArmVmp : Match on catch block at 0xc3 in for 0x91
02-12 00:03:59.461 15812 15812 E ArmVmp : Match on catch block at 0xc3 in for 0x95
02-12 00:03:59.464 15812 15812 E ArmVmp : Match on catch block at 0xc3 in for 0x95
02-12 00:03:59.470 15812 15812 E ArmVmp : Match on catch block at 0xc3 in for 0x99
02-12 00:03:59.475 15812 15812 E ArmVmp : Match on catch block at 0xc3 in for 0x91
02-12 00:03:59.478 15812 15812 E ArmVmp : Match on catch block at 0xc3 in for 0x91
02-12 00:03:59.486 15812 15812 E ArmVmp : Match on catch block at 0xc3 in for 0x95
02-12 00:03:59.491 15812 15812 E ArmVmp : Match on catch block at 0xc3 in for 0x99
02-12 00:03:59.494 15812 15812 E ArmVmp : Match on catch block at 0xc3 in for 0x99
02-12 00:03:59.518 15812 15812 E ArmVmp : Match on catch block at 0xc3 in for 0x95
02-12 00:03:59.523 15812 15812 E ArmVmp : Match on catch block at 0xc3 in for 0x99
02-12 00:03:59.526 15812 15812 E ArmVmp : Match on catch block at 0xc3 in for 0x99
02-12 00:03:59.533 15812 15812 E ArmVmp : Match on catch block at 0xc3 in for 0x91
02-12 00:03:59.539 15812 15812 E ArmVmp : Match on catch block at 0xc3 in for 0x95
02-12 00:03:59.542 15812 15812 E ArmVmp : Match on catch block at 0xc3 in for 0x95
02-12 00:03:59.552 15812 15812 E ArmVmp : Match on catch block at 0xc3 in for 0x99
02-12 00:03:59.563 15812 15812 E ArmVmp : Match on catch block at 0xc3 in for 0x91
02-12 00:03:59.567 15812 15812 E ArmVmp : Match on catch block at 0xc3 in for 0x91
02-12 00:03:59.719 15812 15812 E ArmVmp : Match on catch block at 0xc3 in for 0x95
02-12 00:03:59.724 15812 15812 E ArmVmp : Match on catch block at 0xc3 in for 0x99
02-12 00:03:59.727 15812 15812 E ArmVmp : Match on catch block at 0xc3 in for 0x99
02-12 00:03:59.742 15812 15812 E ArmVmp : Match on catch block at 0xc3 in for 0x91
02-12 00:03:59.748 15812 15812 E ArmVmp : Match on catch block at 0xc3 in for 0x95
02-12 00:03:59.752 15812 15812 E ArmVmp : Match on catch block at 0xc3 in for 0x95
02-12 00:03:59.768 15812 15812 E ArmVmp : Match on catch block at 0xc3 in for 0x99
02-12 00:03:59.774 15812 15812 E ArmVmp : Match on catch block at 0xc3 in for 0x91
02-12 00:03:59.776 15812 15812 E ArmVmp : Match on catch block at 0xc3 in for 0x91
02-12 00:03:59.787 15812 15812 E ArmVmp : Match on catch block at 0xc3 in for 0x95
02-12 00:03:59.792 15812 15812 E ArmVmp : Match on catch block at 0xc3 in for 0x99
02-12 00:03:59.795 15812 15812 E ArmVmp : Match on catch block at 0xc3 in for 0x99
02-12 00:03:59.902 15812 15812 E ArmVmp : Match on catch block at 0xc3 in for 0x91
02-12 00:03:59.908 15812 15812 E ArmVmp : Match on catch block at 0xc3 in for 0x95
02-12 00:03:59.912 15812 15812 E ArmVmp : Match on catch block at 0xc3 in for 0x95
02-12 00:04:00.404 15812 15812 E ArmVmp : Match on catch block at 0xc3 in for 0x99
02-12 00:04:00.413 15812 15812 E ArmVmp : Match on catch block at 0xc3 in for 0x91
02-12 00:04:00.418 15812 15812 E ArmVmp : Match on catch block at 0xc3 in for 0x91
02-12 00:04:00.781 15812 15812 E ArmVmp : Match on catch block at 0xc3 in for 0x99
02-12 00:04:00.792 15812 15812 E ArmVmp : Match on catch block at 0xc3 in for 0x91
02-12 00:04:00.807 15812 15812 E ArmVmp : Match on catch block at 0xc3 in for 0x91
02-12 00:04:00.814 15812 15812 E ArmVmp : Match on catch block at 0xc3 in for 0x95
02-12 00:04:00.819 15812 15812 E ArmVmp : Match on catch block at 0xc3 in for 0x95
02-12 00:04:00.838 15812 15812 E ArmVmp : Match on catch block at 0xc3 in for 0x99
02-12 00:04:00.844 15812 15812 E ArmVmp : Match on catch block at 0xc3 in for 0x91
02-12 00:04:00.847 15812 15812 E ArmVmp : Match on catch block at 0xc3 in for 0x91
02-12 00:04:00.855 15812 15812 E ArmVmp : Match on catch block at 0xc3 in for 0x95
02-12 00:04:00.861 15812 15812 E ArmVmp : Match on catch block at 0xc3 in for 0x99
02-12 00:04:00.864 15812 15812 E ArmVmp : Match on catch block at 0xc3 in for 0x99
02-12 00:04:00.872 15812 15812 E ArmVmp : Match on catch block at 0xc3 in for 0x91
02-12 00:04:00.878 15812 15812 E ArmVmp : Match on catch block at 0xc3 in for 0x95
02-12 00:04:00.882 15812 15812 E ArmVmp : Match on catch block at 0xc3 in for 0x95
02-12 00:04:00.892 15812 15812 E ArmVmp : Match on catch block at 0xc3 in for 0x99
02-12 00:04:00.896 15812 15812 E ArmVmp : Match on catch block at 0xc3 in for 0x91
02-12 00:04:00.899 15812 15812 E ArmVmp : Match on catch block at 0xc3 in for 0x91
02-12 00:04:00.907 15812 15812 E ArmVmp : Match on catch block at 0xc3 in for 0x95
02-12 00:04:00.912 15812 15812 E ArmVmp : Match on catch block at 0xc3 in for 0x99
02-12 00:04:00.915 15812 15812 E ArmVmp : Match on catch block at 0xc3 in for 0x99
02-12 00:04:00.922 15812 15812 E ArmVmp : Match on catch block at 0xc3 in for 0x91
02-12 00:04:00.926 15812 15812 E ArmVmp : Match on catch block at 0xc3 in for 0x95
02-12 00:04:00.929 15812 15812 E ArmVmp : Match on catch block at 0xc3 in for 0x95
02-12 00:04:00.939 15812 15812 E ArmVmp : Match on catch block at 0xc3 in for 0x99
02-12 00:04:00.944 15812 15812 E ArmVmp : Match on catch block at 0xc3 in for 0x91
02-12 00:04:00.947 15812 15812 E ArmVmp : Match on catch block at 0xc3 in for 0x91
02-12 00:04:00.956 15812 15812 E ArmVmp : Match on catch block at 0xc3 in for 0x95
02-12 00:04:00.961 15812 15812 E ArmVmp : Match on catch block at 0xc3 in for 0x99
02-12 00:04:00.964 15812 15812 E ArmVmp : Match on catch block at 0xc3 in for 0x99
02-12 00:04:00.972 15812 15812 E ArmVmp : Match on catch block at 0xc3 in for 0x91
02-12 00:04:00.977 15812 15812 E ArmVmp : Match on catch block at 0xc3 in for 0x95
02-12 00:04:00.980 15812 15812 E ArmVmp : Match on catch block at 0xc3 in for 0x95
02-12 00:04:01.210 15812 15812 E ArmVmp : Match on catch block at 0xc3 in for 0x99
02-12 00:04:01.218 15812 15812 E ArmVmp : Match on catch block at 0xc3 in for 0x91
02-12 00:04:01.223 15812 15812 E ArmVmp : Match on catch block at 0xc3 in for 0x91
02-12 00:04:01.235 15812 15812 E ArmVmp : Match on catch block at 0xc3 in for 0x95
02-12 00:04:01.245 15812 15812 E ArmVmp : Match on catch block at 0xc3 in for 0x99
02-12 00:04:01.250 15812 15812 E ArmVmp : Match on catch block at 0xc3 in for 0x99
02-12 00:04:01.259 15812 15812 E ArmVmp : Match on catch block at 0xc3 in for 0x91
02-12 00:04:01.266 15812 15812 E ArmVmp : Match on catch block at 0xc3 in for 0x95
02-12 00:04:01.270 15812 15812 E ArmVmp : Match on catch block at 0xc3 in for 0x95
02-12 00:04:01.278 15812 15812 E ArmVmp : Match on catch block at 0xc3 in for 0x99
02-12 00:04:01.284 15812 15812 E ArmVmp : Match on catch block at 0xc3 in for 0x91
02-12 00:04:01.288 15812 15812 E ArmVmp : Match on catch block at 0xc3 in for 0x91
02-12 00:04:01.294 15812 15812 E ArmVmp : Match on catch block at 0xc3 in for 0x95
02-12 00:04:01.300 15812 15812 E ArmVmp : Match on catch block at 0xc3 in for 0x99
02-12 00:04:01.304 15812 15812 E ArmVmp : Match on catch block at 0xc3 in for 0x99
02-12 00:04:01.311 15812 15812 E ArmVmp : Match on catch block at 0xc3 in for 0x91
02-12 00:04:01.316 15812 15812 E ArmVmp : Match on catch block at 0xc3 in for 0x95
02-12 00:04:01.322 15812 15812 E ArmVmp : Match on catch block at 0xc3 in for 0x95
02-12 00:04:01.327 15812 15812 E ArmVmp : Match on catch block at 0xc3 in for 0x99
02-12 00:04:01.334 15812 15812 E ArmVmp : Match on catch block at 0xc3 in for 0x91
02-12 00:04:01.337 15812 15812 E ArmVmp : Match on catch block at 0xc3 in for 0x91
02-12 00:04:01.344 15812 15812 E ArmVmp : Match on catch block at 0xc3 in for 0x95
02-12 00:04:01.350 15812 15812 E ArmVmp : Match on catch block at 0xc3 in for 0x99
02-12 00:04:01.354 15812 15812 E ArmVmp : Match on catch block at 0xc3 in for 0x99
02-12 00:04:01.360 15812 15812 E ArmVmp : Match on catch block at 0xc3 in for 0x91
02-12 00:04:01.366 15812 15812 E ArmVmp : Match on catch block at 0xc3 in for 0x95
02-12 00:04:01.371 15812 15812 E ArmVmp : Match on catch block at 0xc3 in for 0x95
02-12 00:04:01.377 15812 15812 E ArmVmp : Match on catch block at 0xc3 in for 0x99
02-12 00:04:01.384 15812 15812 E ArmVmp : Match on catch block at 0xc3 in for 0x91
02-12 00:04:01.389 15812 15812 E ArmVmp : Match on catch block at 0xc3 in for 0x91
02-12 00:04:01.395 15812 15812 E ArmVmp : Match on catch block at 0xc3 in for 0x95
02-12 00:04:01.406 15812 15812 E ArmVmp : Match on catch block at 0xc3 in for 0x99
02-12 00:04:01.410 15812 15812 E ArmVmp : Match on catch block at 0xc3 in for 0x99
02-12 00:04:01.423 15812 15812 E ArmVmp : Match on catch block at 0xc3 in for 0x91
02-12 00:04:01.429 15812 15812 E ArmVmp : Match on catch block at 0xc3 in for 0x95
02-12 00:04:01.433 15812 15812 E ArmVmp : Match on catch block at 0xc3 in for 0x95
02-12 00:04:01.441 15812 15812 E ArmVmp : Match on catch block at 0xc3 in for 0x99
02-12 00:04:01.447 15812 15812 E ArmVmp : Match on catch block at 0xc3 in for 0x91
02-12 00:04:01.450 15812 15812 E ArmVmp : Match on catch block at 0xc3 in for 0x91
02-12 00:04:01.457 15812 15812 E ArmVmp : Match on catch block at 0xc3 in for 0x95
02-12 00:04:01.462 15812 15812 E ArmVmp : Match on catch block at 0xc3 in for 0x99
02-12 00:04:01.465 15812 15812 E ArmVmp : Match on catch block at 0xc3 in for 0x99
02-12 00:04:01.542 15812 15812 E ArmVmp : Match on catch block at 0xc3 in for 0x91
02-12 00:04:01.551 15812 15812 E ArmVmp : Match on catch block at 0xc3 in for 0x95
02-12 00:04:01.556 15812 15812 E ArmVmp : Match on catch block at 0xc3 in for 0x95
02-12 00:04:02.042 15812 15812 E ArmVmp : Match on catch block at 0xc3 in for 0x99
02-12 00:04:02.049 15812 15812 E ArmVmp : Match on catch block at 0xc3 in for 0x91
02-12 00:04:02.054 15812 15812 E ArmVmp : Match on catch block at 0xc3 in for 0x91
02-12 00:04:02.544 15812 15812 E ArmVmp : Match on catch block at 0xc3 in for 0x95
02-12 00:04:02.551 15812 15812 E ArmVmp : Match on catch block at 0xc3 in for 0x99
02-12 00:04:02.556 15812 15812 E ArmVmp : Match on catch block at 0xc3 in for 0x99
02-12 00:04:02.962 15812 15812 E ArmVmp : Match on catch block at 0xc3 in for 0x91
02-12 00:04:02.971 15812 15812 E ArmVmp : Match on catch block at 0xc3 in for 0x95
02-12 00:04:02.977 15812 15812 E ArmVmp : Match on catch block at 0xc3 in for 0x95
02-12 00:04:03.430 15812 15812 E ArmVmp : Match on catch block at 0xc3 in for 0x99
02-12 00:04:03.438 15812 15812 E ArmVmp : Match on catch block at 0xc3 in for 0x91
02-12 00:04:03.442 15812 15812 E ArmVmp : Match on catch block at 0xc3 in for 0x91
02-12 00:04:03.934 15812 15812 E ArmVmp : Match on catch block at 0xc3 in for 0x95
02-12 00:04:03.941 15812 15812 E ArmVmp : Match on catch block at 0xc3 in for 0x99
02-12 00:04:03.945 15812 15812 E ArmVmp : Match on catch block at 0xc3 in for 0x99
02-12 00:04:03.981 15812 15812 E ArmVmp : Match on catch block at 0xc3 in for 0x91
02-12 00:04:03.988 15812 15812 E ArmVmp : Match on catch block at 0xc3 in for 0x95
02-12 00:04:03.992 15812 15812 E ArmVmp : Match on catch block at 0xc3 in for 0x95
02-12 00:04:04.483 15812 15812 E ArmVmp : Match on catch block at 0xc3 in for 0x99
02-12 00:04:04.494 15812 15812 E ArmVmp : Match on catch block at 0xc3 in for 0x91
02-12 00:04:04.499 15812 15812 E ArmVmp : Match on catch block at 0xc3 in for 0x91
02-12 00:04:04.983 15812 15812 E ArmVmp : Match on catch block at 0xc3 in for 0x95
02-12 00:04:04.991 15812 15812 E ArmVmp : Match on catch block at 0xc3 in for 0x99
02-12 00:04:04.995 15812 15812 E ArmVmp : Match on catch block at 0xc3 in for 0x99
02-12 00:04:05.356 15812 15812 E ArmVmp : Match on catch block at 0xc3 in for 0x91
02-12 00:04:05.363 15812 15812 E ArmVmp : Match on catch block at 0xc3 in for 0x95
02-12 00:04:05.374 15812 15812 E ArmVmp : Match on catch block at 0xc3 in for 0x95
02-12 00:04:05.869 15812 15812 E ArmVmp : Match on catch block at 0xc3 in for 0x99
02-12 00:04:05.877 15812 15812 E ArmVmp : Match on catch block at 0xc3 in for 0x91
02-12 00:04:05.882 15812 15812 E ArmVmp : Match on catch block at 0xc3 in for 0x91
02-12 00:04:06.154 15812 15812 E ArmVmp : Match on catch block at 0xc3 in for 0x95
02-12 00:04:06.161 15812 15812 E ArmVmp : Match on catch block at 0xc3 in for 0x99
02-12 00:04:06.165 15812 15812 E ArmVmp : Match on catch block at 0xc3 in for 0x99
02-12 00:04:06.659 15812 15812 E ArmVmp : Match on catch block at 0xc3 in for 0x91
02-12 00:04:06.666 15812 15812 E ArmVmp : Match on catch block at 0xc3 in for 0x95
02-12 00:04:06.671 15812 15812 E ArmVmp : Match on catch block at 0xc3 in for 0x95
02-12 00:04:07.157 15812 15812 E ArmVmp : Match on catch block at 0xc3 in for 0x99
02-12 00:04:07.164 15812 15812 E ArmVmp : Match on catch block at 0xc3 in for 0x91
02-12 00:04:07.168 15812 15812 E ArmVmp : Match on catch block at 0xc3 in for 0x91
02-12 00:04:07.662 15812 15812 E ArmVmp : Match on catch block at 0xc3 in for 0x95
02-12 00:04:07.669 15812 15812 E ArmVmp : Match on catch block at 0xc3 in for 0x99
02-12 00:04:07.674 15812 15812 E ArmVmp : Match on catch block at 0xc3 in for 0x99
02-12 00:04:07.848 15812 15812 E ArmVmp : Match on catch block at 0xc3 in for 0x91
02-12 00:04:07.854 15812 15812 E ArmVmp : Match on catch block at 0xc3 in for 0x95
02-12 00:04:07.857 15812 15812 E ArmVmp : Match on catch block at 0xc3 in for 0x95
02-12 00:04:07.895 15812 15812 E ArmVmp : Match on catch block at 0xc3 in for 0x95
02-12 00:04:07.901 15812 15812 E ArmVmp : Match on catch block at 0xc3 in for 0x99
02-12 00:04:07.904 15812 15812 E ArmVmp : Match on catch block at 0xc3 in for 0x99
02-12 00:04:07.942 15812 15812 E ArmVmp : Match on catch block at 0xc3 in for 0x95
02-12 00:04:07.954 15812 15812 E ArmVmp : Match on catch block at 0xc3 in for 0x99
02-12 00:04:07.967 15812 15812 E ArmVmp : Match on catch block at 0xc3 in for 0x95
02-12 00:04:07.977 15812 15812 E ArmVmp : Match on catch block at 0xc3 in for 0x99
02-12 00:04:07.995 15812 15812 E ArmVmp : Match on catch block at 0xc3 in for 0x95
02-12 00:04:08.007 15812 15812 E ArmVmp : Match on catch block at 0xc3 in for 0x99
02-12 00:04:08.023 15812 15812 E ArmVmp : Match on catch block at 0xc3 in for 0x95
02-12 00:04:08.030 15812 15812 E ArmVmp : Match on catch block at 0xc3 in for 0x99
02-12 00:04:08.095 15812 15812 E ArmVmp : Match on catch block at 0xc3 in for 0x99
02-12 00:04:08.102 15812 15812 E ArmVmp : Match on catch block at 0xc3 in for 0x91
02-12 00:04:08.174 15812 15812 E ArmVmp : Match on catch block at 0xc3 in for 0x99
02-12 00:04:08.180 15812 15812 E ArmVmp : Match on catch block at 0xc3 in for 0x91
02-12 00:04:08.203 15812 15812 E ArmVmp : Match on catch block at 0xc3 in for 0x99
02-12 00:04:08.210 15812 15812 E ArmVmp : Match on catch block at 0xc3 in for 0x91
02-12 00:04:08.226 15812 15812 E ArmVmp : Match on catch block at 0xc3 in for 0x99
02-12 00:04:08.233 15812 15812 E ArmVmp : Match on catch block at 0xc3 in for 0x91
02-12 00:04:08.240 15812 15812 E ArmVmp : Match on catch block at 0xc3 in for 0x99
02-12 00:04:08.248 15812 15812 E ArmVmp : Match on catch block at 0xc3 in for 0x91
02-12 00:04:08.257 15812 15812 E ArmVmp : Match on catch block at 0xc3 in for 0x99
02-12 00:04:08.269 15812 15812 E ArmVmp : Match on catch block at 0xc3 in for 0x91
02-12 00:04:08.363 15812 15812 E ArmVmp : Match on catch block at 0xc3 in for 0x99
02-12 00:04:08.371 15812 15812 E ArmVmp : Match on catch block at 0xc3 in for 0x91
02-12 00:04:08.384 15812 15812 E ArmVmp : Match on catch block at 0xc3 in for 0x99
02-12 00:04:08.384 15812 24448 W MediaPlayer: Use of stream types is deprecated for operations other than volume control
02-12 00:04:08.384 15812 24448 W MediaPlayer: See the documentation of setAudioStreamType() for what to use instead with android.media.AudioAttributes to qualify your playback use case
02-12 00:04:08.393 15812 15812 E ArmVmp : Match on catch block at 0xc3 in for 0x91
02-12 00:04:08.863 15812 15812 E ArmVmp : Match on catch block at 0xc3 in for 0x99
02-12 00:04:08.868 15812 15812 E ArmVmp : Match on catch block at 0xc3 in for 0x91
02-12 00:04:08.880 15812 15812 E ArmVmp : Match on catch block at 0xc3 in for 0x99
02-12 00:04:08.887 15812 15812 E ArmVmp : Match on catch block at 0xc3 in for 0x91
02-12 00:04:08.910 15812 15812 E ArmVmp : Match on catch block at 0xc3 in for 0x91
02-12 00:04:08.915 15812 15812 E ArmVmp : Match on catch block at 0xc3 in for 0x95
02-12 00:04:09.268 15812 15812 E ArmVmp : Match on catch block at 0xc3 in for 0x91
02-12 00:04:09.275 15812 15812 E ArmVmp : Match on catch block at 0xc3 in for 0x95
02-12 00:04:09.286 15812 15812 E ArmVmp : Match on catch block at 0xc3 in for 0x91
02-12 00:04:09.294 15812 15812 E ArmVmp : Match on catch block at 0xc3 in for 0x95
02-12 00:04:09.307 15812 15812 E ArmVmp : Match on catch block at 0xc3 in for 0x91
02-12 00:04:09.315 15812 15812 E ArmVmp : Match on catch block at 0xc3 in for 0x95
02-12 00:04:09.325 15812 15812 E ArmVmp : Match on catch block at 0xc3 in for 0x91
02-12 00:04:09.331 15812 15812 E ArmVmp : Match on catch block at 0xc3 in for 0x95
02-12 00:04:09.339 15812 15812 E ArmVmp : Match on catch block at 0xc3 in for 0x91
02-12 00:04:09.346 15812 15812 E ArmVmp : Match on catch block at 0xc3 in for 0x95
02-12 00:04:09.354 15812 15812 E ArmVmp : Match on catch block at 0xc3 in for 0x91
02-12 00:04:09.360 15812 15812 E ArmVmp : Match on catch block at 0xc3 in for 0x95
02-12 00:04:09.388 15812 15812 E ArmVmp : Match on catch block at 0xc3 in for 0x95
02-12 00:04:09.393 15812 15812 E ArmVmp : Match on catch block at 0xc3 in for 0x99
02-12 00:04:09.414 15812 15812 E ArmVmp : Match on catch block at 0xc3 in for 0x95
02-12 00:04:09.418 15812 15812 E ArmVmp : Match on catch block at 0xc3 in for 0x99
02-12 00:04:09.427 15812 15812 E ArmVmp : Match on catch block at 0xc3 in for 0x95
02-12 00:04:09.431 15812 15812 E ArmVmp : Match on catch block at 0xc3 in for 0x99
02-12 00:04:09.444 15812 15812 E ArmVmp : Match on catch block at 0xc3 in for 0x95
02-12 00:04:09.448 15812 15812 E ArmVmp : Match on catch block at 0xc3 in for 0x99
02-12 00:04:09.461 15812 15812 E ArmVmp : Match on catch block at 0xc3 in for 0x95
02-12 00:04:09.466 15812 15812 E ArmVmp : Match on catch block at 0xc3 in for 0x99
02-12 00:04:09.477 15812 15812 E ArmVmp : Match on catch block at 0xc3 in for 0x95
02-12 00:04:09.482 15812 15812 E ArmVmp : Match on catch block at 0xc3 in for 0x99
02-12 00:04:09.493 15812 15812 E ArmVmp : Match on catch block at 0xc3 in for 0x95
02-12 00:04:09.499 15812 15812 E ArmVmp : Match on catch block at 0xc3 in for 0x99
02-12 00:04:09.510 15812 15812 E ArmVmp : Match on catch block at 0xc3 in for 0x95
02-12 00:04:09.516 15812 15812 E ArmVmp : Match on catch block at 0xc3 in for 0x99
02-12 00:04:09.527 15812 15812 E ArmVmp : Match on catch block at 0xc3 in for 0x95
02-12 00:04:09.532 15812 15812 E ArmVmp : Match on catch block at 0xc3 in for 0x99
02-12 00:04:09.544 15812 15812 E ArmVmp : Match on catch block at 0xc3 in for 0x95
02-12 00:04:09.550 15812 15812 E ArmVmp : Match on catch block at 0xc3 in for 0x99
02-12 00:04:09.561 15812 15812 E ArmVmp : Match on catch block at 0xc3 in for 0x95
02-12 00:04:09.566 15812 15812 E ArmVmp : Match on catch block at 0xc3 in for 0x99
02-12 00:04:09.578 15812 15812 E ArmVmp : Match on catch block at 0xc3 in for 0x95
02-12 00:04:09.583 15812 15812 E ArmVmp : Match on catch block at 0xc3 in for 0x99
02-12 00:04:09.594 15812 15812 E ArmVmp : Match on catch block at 0xc3 in for 0x95
02-12 00:04:09.599 15812 15812 E ArmVmp : Match on catch block at 0xc3 in for 0x99
02-12 00:04:09.611 15812 15812 E ArmVmp : Match on catch block at 0xc3 in for 0x95
02-12 00:04:09.616 15812 15812 E ArmVmp : Match on catch block at 0xc3 in for 0x99
02-12 00:04:09.639 15812 15812 E ArmVmp : Match on catch block at 0xc3 in for 0x99
02-12 00:04:09.644 15812 15812 E ArmVmp : Match on catch block at 0xc3 in for 0x91
02-12 00:04:09.653 15812 15812 E ArmVmp : Match on catch block at 0xc3 in for 0x99
02-12 00:04:09.659 15812 15812 E ArmVmp : Match on catch block at 0xc3 in for 0x91
02-12 00:04:09.946 15812 15812 E ArmVmp : Match on catch block at 0xc3 in for 0x99
02-12 00:04:09.953 15812 15812 E ArmVmp : Match on catch block at 0xc3 in for 0x91
02-12 00:04:10.447 15812 15812 E ArmVmp : Match on catch block at 0xc3 in for 0x99
02-12 00:04:10.454 15812 15812 E ArmVmp : Match on catch block at 0xc3 in for 0x91
02-12 00:04:10.949 15812 15812 E ArmVmp : Match on catch block at 0xc3 in for 0x99
02-12 00:04:10.956 15812 15812 E ArmVmp : Match on catch block at 0xc3 in for 0x91
02-12 00:04:11.233 15812 15812 E ArmVmp : Match on catch block at 0xc3 in for 0x99
02-12 00:04:11.241 15812 15812 E ArmVmp : Match on catch block at 0xc3 in for 0x91
02-12 00:04:11.249 15812 15812 E ArmVmp : Match on catch block at 0xc3 in for 0x99
02-12 00:04:11.256 15812 15812 E ArmVmp : Match on catch block at 0xc3 in for 0x91
02-12 00:04:11.267 15812 15812 E ArmVmp : Match on catch block at 0xc3 in for 0x99
02-12 00:04:11.274 15812 15812 E ArmVmp : Match on catch block at 0xc3 in for 0x91
02-12 00:04:11.283 15812 15812 E ArmVmp : Match on catch block at 0xc3 in for 0x99
02-12 00:04:11.289 15812 15812 E ArmVmp : Match on catch block at 0xc3 in for 0x91
02-12 00:04:11.298 15812 15812 E ArmVmp : Match on catch block at 0xc3 in for 0x99
02-12 00:04:11.303 15812 15812 E ArmVmp : Match on catch block at 0xc3 in for 0x91
02-12 00:04:11.316 15812 15812 E ArmVmp : Match on catch block at 0xc3 in for 0x99
02-12 00:04:11.322 15812 15812 E ArmVmp : Match on catch block at 0xc3 in for 0x91
02-12 00:04:11.331 15812 15812 E ArmVmp : Match on catch block at 0xc3 in for 0x99
02-12 00:04:11.338 15812 15812 E ArmVmp : Match on catch block at 0xc3 in for 0x91
02-12 00:04:11.348 15812 15812 E ArmVmp : Match on catch block at 0xc3 in for 0x99
02-12 00:04:11.355 15812 15812 E ArmVmp : Match on catch block at 0xc3 in for 0x91
02-12 00:04:11.367 15812 15812 E ArmVmp : Match on catch block at 0xc3 in for 0x99
02-12 00:04:11.374 15812 15812 E ArmVmp : Match on catch block at 0xc3 in for 0x91
02-12 00:04:11.382 15812 15812 E ArmVmp : Match on catch block at 0xc3 in for 0x99
02-12 00:04:11.389 15812 15812 E ArmVmp : Match on catch block at 0xc3 in for 0x91
02-12 00:04:11.399 15812 15812 E ArmVmp : Match on catch block at 0xc3 in for 0x99
02-12 00:04:11.405 15812 15812 E ArmVmp : Match on catch block at 0xc3 in for 0x91
02-12 00:04:11.415 15812 15812 E ArmVmp : Match on catch block at 0xc3 in for 0x99
02-12 00:04:11.422 15812 15812 E ArmVmp : Match on catch block at 0xc3 in for 0x91
02-12 00:04:11.432 15812 15812 E ArmVmp : Match on catch block at 0xc3 in for 0x99
02-12 00:04:11.438 15812 15812 E ArmVmp : Match on catch block at 0xc3 in for 0x91
02-12 00:04:11.449 15812 15812 E ArmVmp : Match on catch block at 0xc3 in for 0x99
02-12 00:04:11.455 15812 15812 E ArmVmp : Match on catch block at 0xc3 in for 0x91
02-12 00:04:11.466 15812 15812 E ArmVmp : Match on catch block at 0xc3 in for 0x99
02-12 00:04:11.473 15812 15812 E ArmVmp : Match on catch block at 0xc3 in for 0x91
02-12 00:04:11.482 15812 15812 E ArmVmp : Match on catch block at 0xc3 in for 0x99
02-12 00:04:11.488 15812 15812 E ArmVmp : Match on catch block at 0xc3 in for 0x91
02-12 00:04:11.499 15812 15812 E ArmVmp : Match on catch block at 0xc3 in for 0x99
02-12 00:04:11.504 15812 15812 E ArmVmp : Match on catch block at 0xc3 in for 0x91
02-12 00:04:11.951 15812 15812 E ArmVmp : Match on catch block at 0xc3 in for 0x99
02-12 00:04:11.957 15812 15812 E ArmVmp : Match on catch block at 0xc3 in for 0x91
02-12 00:04:12.451 15812 15812 E ArmVmp : Match on catch block at 0xc3 in for 0x99
02-12 00:04:12.458 15812 15812 E ArmVmp : Match on catch block at 0xc3 in for 0x91
02-12 00:04:12.969 15812 15812 E ArmVmp : Match on catch block at 0xc3 in for 0x99
02-12 00:04:12.975 15812 15812 E ArmVmp : Match on catch block at 0xc3 in for 0x91
02-12 00:04:13.471 15812 15812 E ArmVmp : Match on catch block at 0xc3 in for 0x99
02-12 00:04:13.477 15812 15812 E ArmVmp : Match on catch block at 0xc3 in for 0x91
02-12 00:04:13.957 15812 15812 E ArmVmp : Match on catch block at 0xc3 in for 0x99
02-12 00:04:13.963 15812 15812 E ArmVmp : Match on catch block at 0xc3 in for 0x91
02-12 00:04:14.463 15812 15812 E ArmVmp : Match on catch block at 0xc3 in for 0x99
02-12 00:04:14.469 15812 15812 E ArmVmp : Match on catch block at 0xc3 in for 0x91
02-12 00:04:14.964 15812 15812 E ArmVmp : Match on catch block at 0xc3 in for 0x99
02-12 00:04:14.970 15812 15812 E ArmVmp : Match on catch block at 0xc3 in for 0x91
02-12 00:04:15.459 15812 15812 E ArmVmp : Match on catch block at 0xc3 in for 0x99
02-12 00:04:15.466 15812 15812 E ArmVmp : Match on catch block at 0xc3 in for 0x91
02-12 00:04:15.500 15812 15812 E ArmVmp : Match on catch block at 0xc3 in for 0x91
02-12 00:04:15.505 15812 15812 E ArmVmp : Match on catch block at 0xc3 in for 0x95
02-12 00:04:15.525 15812 15812 E ArmVmp : Match on catch block at 0xc3 in for 0x99
02-12 00:04:15.531 15812 15812 E ArmVmp : Match on catch block at 0xc3 in for 0x91
02-12 00:04:15.544 15812 15812 E ArmVmp : Match on catch block at 0xc3 in for 0x99
02-12 00:04:15.549 15812 15812 E ArmVmp : Match on catch block at 0xc3 in for 0x91
02-12 00:04:15.561 15812 15812 E ArmVmp : Match on catch block at 0xc3 in for 0x99
02-12 00:04:15.566 15812 15812 E ArmVmp : Match on catch block at 0xc3 in for 0x91
02-12 00:04:15.575 15812 15812 E ArmVmp : Match on catch block at 0xc3 in for 0x99
02-12 00:04:15.580 15812 15812 E ArmVmp : Match on catch block at 0xc3 in for 0x91
02-12 00:04:15.592 15812 15812 E ArmVmp : Match on catch block at 0xc3 in for 0x99
02-12 00:04:15.597 15812 15812 E ArmVmp : Match on catch block at 0xc3 in for 0x91
02-12 00:04:15.608 15812 15812 E ArmVmp : Match on catch block at 0xc3 in for 0x99
02-12 00:04:15.614 15812 15812 E ArmVmp : Match on catch block at 0xc3 in for 0x91
02-12 00:04:15.631 15812 15812 E ArmVmp : Match on catch block at 0xc3 in for 0x99
02-12 00:04:15.635 15812 15812 E ArmVmp : Match on catch block at 0xc3 in for 0x91
02-12 00:04:15.642 15812 15812 E ArmVmp : Match on catch block at 0xc3 in for 0x99
02-12 00:04:15.648 15812 15812 E ArmVmp : Match on catch block at 0xc3 in for 0x91
02-12 00:04:15.659 15812 15812 E ArmVmp : Match on catch block at 0xc3 in for 0x99
02-12 00:04:15.664 15812 15812 E ArmVmp : Match on catch block at 0xc3 in for 0x91
02-12 00:04:15.676 15812 15812 E ArmVmp : Match on catch block at 0xc3 in for 0x99
02-12 00:04:15.681 15812 15812 E ArmVmp : Match on catch block at 0xc3 in for 0x91
02-12 00:04:15.692 15812 15812 E ArmVmp : Match on catch block at 0xc3 in for 0x99
02-12 00:04:15.696 15812 15812 E ArmVmp : Match on catch block at 0xc3 in for 0x91
02-12 00:04:15.833 15812 15812 E ArmVmp : Match on catch block at 0xc3 in for 0x91
02-12 00:04:15.838 15812 15812 E ArmVmp : Match on catch block at 0xc3 in for 0x95
02-12 00:04:15.901 15812 15812 E ArmVmp : Match on catch block at 0xc3 in for 0x99
02-12 00:04:15.906 15812 15812 E ArmVmp : Match on catch block at 0xc3 in for 0x91
02-12 00:04:15.936 15812 15812 E ArmVmp : Match on catch block at 0xc3 in for 0x91
02-12 00:04:15.941 15812 15812 E ArmVmp : Match on catch block at 0xc3 in for 0x95
02-12 00:04:15.963 15812 15899 W Adreno-EGL: <qeglDrvAPI_eglGetConfigAttrib:612>: EGL_BAD_ATTRIBUTE
02-12 00:04:15.985 15812 15899 W Adreno-EGL: <qeglDrvAPI_eglGetConfigAttrib:612>: EGL_BAD_ATTRIBUTE
02-12 00:04:15.998 15812 15812 E ArmVmp : Match on catch block at 0xc3 in for 0x99
02-12 00:04:16.004 15812 15812 E ArmVmp : Match on catch block at 0xc3 in for 0x91
02-12 00:04:16.037 15812 15812 E ArmVmp : Match on catch block at 0xc3 in for 0x99
02-12 00:04:16.044 15812 15812 E ArmVmp : Match on catch block at 0xc3 in for 0x91
02-12 00:04:16.067 15812 15812 E ArmVmp : Match on catch block at 0xc3 in for 0x99
02-12 00:04:16.072 15812 15812 E ArmVmp : Match on catch block at 0xc3 in for 0x91
02-12 00:04:16.093 15812 15812 E ArmVmp : Match on catch block at 0xc3 in for 0x99
02-12 00:04:16.098 15812 15812 E ArmVmp : Match on catch block at 0xc3 in for 0x91
02-12 00:04:16.114 15812 15812 E ArmVmp : Match on catch block at 0xc3 in for 0x99
02-12 00:04:16.118 15812 15812 E ArmVmp : Match on catch block at 0xc3 in for 0x91
02-12 00:04:16.134 15812 15812 E ArmVmp : Match on catch block at 0xc3 in for 0x99
02-12 00:04:16.138 15812 15812 E ArmVmp : Match on catch block at 0xc3 in for 0x91
