02-11 22:52:14.517 1036 1036 E ArmVmp : Match on catch block at 0xc3 in for 0x91
02-11 22:52:14.523 1036 1036 E ArmVmp : Match on catch block at 0xc3 in for 0x95
02-11 22:52:14.526 1036 1036 E ArmVmp : Match on catch block at 0xc3 in for 0x95
02-11 22:52:14.923 1036 1036 E ArmVmp : Match on catch block at 0xc3 in for 0x99
02-11 22:52:14.928 1036 1036 E ArmVmp : Match on catch block at 0xc3 in for 0x91
02-11 22:52:14.933 1036 1036 E ArmVmp : Match on catch block at 0xc3 in for 0x91
02-11 22:52:15.209 1036 1036 E ArmVmp : Match on catch block at 0xc3 in for 0x99
02-11 22:52:15.227 1036 1036 E ArmVmp : Match on catch block at 0xc3 in for 0x91
02-11 22:52:15.243 1036 1036 E ArmVmp : Match on catch block at 0xc3 in for 0x95
02-11 22:52:15.250 1036 1036 E ArmVmp : Match on catch block at 0xc3 in for 0x99
02-11 22:52:15.275 1036 1036 E ArmVmp : Match on catch block at 0xc3 in for 0x95
02-11 22:52:15.281 1036 1036 E ArmVmp : Match on catch block at 0xc3 in for 0x99
02-11 22:52:15.307 1036 1036 E ArmVmp : Match on catch block at 0xc3 in for 0x95
02-11 22:52:15.313 1036 1036 E ArmVmp : Match on catch block at 0xc3 in for 0x99
02-11 22:52:15.426 1036 1036 E ArmVmp : Match on catch block at 0xc3 in for 0x95
02-11 22:52:15.432 1036 1036 E ArmVmp : Match on catch block at 0xc3 in for 0x99
02-11 22:52:15.926 1036 1036 E ArmVmp : Match on catch block at 0xc3 in for 0x95
02-11 22:52:15.931 1036 1036 E ArmVmp : Match on catch block at 0xc3 in for 0x99
02-11 22:52:16.127 1036 1036 E ArmVmp : Match on catch block at 0xc3 in for 0x91
02-11 22:52:16.133 1036 1036 E ArmVmp : Match on catch block at 0xc3 in for 0x95
02-11 22:52:16.142 1036 1036 E ArmVmp : Match on catch block at 0xc3 in for 0x99
02-11 22:52:16.147 1036 1036 E ArmVmp : Match on catch block at 0xc3 in for 0x91
02-11 22:52:16.160 1036 1036 E ArmVmp : Match on catch block at 0xc3 in for 0x99
02-11 22:52:16.167 1036 1036 E ArmVmp : Match on catch block at 0xc3 in for 0x91
02-11 22:52:16.176 1036 1036 E ArmVmp : Match on catch block at 0xc3 in for 0x99
02-11 22:52:16.194 1036 1036 E ArmVmp : Match on catch block at 0xc3 in for 0x91
02-11 22:52:16.210 1036 1036 E ArmVmp : Match on catch block at 0xc3 in for 0x99
02-11 22:52:16.216 1036 1036 E ArmVmp : Match on catch block at 0xc3 in for 0x91
02-11 22:52:16.231 1036 1036 E ArmVmp : Match on catch block at 0xc3 in for 0x99
02-11 22:52:16.236 1036 1036 E ArmVmp : Match on catch block at 0xc3 in for 0x91
02-11 22:52:16.244 1036 1036 E ArmVmp : Match on catch block at 0xc3 in for 0x99
02-11 22:52:16.249 1036 1036 E ArmVmp : Match on catch block at 0xc3 in for 0x91
02-11 22:52:16.261 1036 1036 E ArmVmp : Match on catch block at 0xc3 in for 0x99
02-11 22:52:16.266 1036 1036 E ArmVmp : Match on catch block at 0xc3 in for 0x91
02-11 22:52:16.278 1036 1036 E ArmVmp : Match on catch block at 0xc3 in for 0x99
02-11 22:52:16.284 1036 1036 E ArmVmp : Match on catch block at 0xc3 in for 0x91
02-11 22:52:16.294 1036 1036 E ArmVmp : Match on catch block at 0xc3 in for 0x99
02-11 22:52:16.299 1036 1036 E ArmVmp : Match on catch block at 0xc3 in for 0x91
02-11 22:52:16.310 1036 1036 E ArmVmp : Match on catch block at 0xc3 in for 0x99
02-11 22:52:16.316 1036 1036 E ArmVmp : Match on catch block at 0xc3 in for 0x91
02-11 22:52:16.480 1036 1036 E ArmVmp : Match on catch block at 0xc3 in for 0x99
02-11 22:52:16.486 1036 1036 E ArmVmp : Match on catch block at 0xc3 in for 0x91
02-11 22:52:16.727 1036 1036 E ArmVmp : Match on catch block at 0xc3 in for 0x99
02-11 22:52:16.734 1036 1036 E ArmVmp : Match on catch block at 0xc3 in for 0x91
02-11 22:52:16.747 1036 1036 E ArmVmp : Match on catch block at 0xc3 in for 0x99
02-11 22:52:16.752 1036 1036 E ArmVmp : Match on catch block at 0xc3 in for 0x91
02-11 22:52:16.762 1036 1036 E ArmVmp : Match on catch block at 0xc3 in for 0x99
02-11 22:52:16.770 1036 1036 E ArmVmp : Match on catch block at 0xc3 in for 0x91
02-11 22:52:16.778 1036 1036 E ArmVmp : Match on catch block at 0xc3 in for 0x99
02-11 22:52:16.790 1036 1036 E ArmVmp : Match on catch block at 0xc3 in for 0x91
02-11 22:52:16.797 1036 1036 E ArmVmp : Match on catch block at 0xc3 in for 0x99
02-11 22:52:16.803 1036 1036 E ArmVmp : Match on catch block at 0xc3 in for 0x91
02-11 22:52:16.814 1036 1036 E ArmVmp : Match on catch block at 0xc3 in for 0x99
02-11 22:52:16.821 1036 1036 E ArmVmp : Match on catch block at 0xc3 in for 0x91
02-11 22:52:16.831 1036 1036 E ArmVmp : Match on catch block at 0xc3 in for 0x99
02-11 22:52:16.837 1036 1036 E ArmVmp : Match on catch block at 0xc3 in for 0x91
02-11 22:52:16.846 1036 1036 E ArmVmp : Match on catch block at 0xc3 in for 0x99
02-11 22:52:16.853 1036 1036 E ArmVmp : Match on catch block at 0xc3 in for 0x91
02-11 22:52:16.861 1036 1036 E ArmVmp : Match on catch block at 0xc3 in for 0x99
02-11 22:52:16.874 1036 1036 E ArmVmp : Match on catch block at 0xc3 in for 0x91
02-11 22:52:16.889 1036 1036 E ArmVmp : Match on catch block at 0xc3 in for 0x99
02-11 22:52:16.897 1036 1036 E ArmVmp : Match on catch block at 0xc3 in for 0x91
02-11 22:52:16.912 1036 1036 E ArmVmp : Match on catch block at 0xc3 in for 0x99
02-11 22:52:16.918 1036 1036 E ArmVmp : Match on catch block at 0xc3 in for 0x91
02-11 22:52:16.928 1036 1036 E ArmVmp : Match on catch block at 0xc3 in for 0x99
02-11 22:52:16.934 1036 1036 E ArmVmp : Match on catch block at 0xc3 in for 0x91
02-11 22:52:16.945 1036 1036 E ArmVmp : Match on catch block at 0xc3 in for 0x99
02-11 22:52:16.950 1036 1036 E ArmVmp : Match on catch block at 0xc3 in for 0x91
02-11 22:52:16.962 1036 1036 E ArmVmp : Match on catch block at 0xc3 in for 0x99
02-11 22:52:16.967 1036 1036 E ArmVmp : Match on catch block at 0xc3 in for 0x91
02-11 22:52:16.979 1036 1036 E ArmVmp : Match on catch block at 0xc3 in for 0x99
02-11 22:52:16.984 1036 1036 E ArmVmp : Match on catch block at 0xc3 in for 0x91
02-11 22:52:16.995 1036 1036 E ArmVmp : Match on catch block at 0xc3 in for 0x99
02-11 22:52:17.000 1036 1036 E ArmVmp : Match on catch block at 0xc3 in for 0x91
02-11 22:52:17.262 1036 1036 E ArmVmp : Match on catch block at 0xc3 in for 0x99
02-11 22:52:17.273 1036 1036 E ArmVmp : Match on catch block at 0xc3 in for 0x91
02-11 22:52:17.630 1036 1036 E ArmVmp : Match on catch block at 0xc3 in for 0x99
02-11 22:52:17.637 1036 1036 E ArmVmp : Match on catch block at 0xc3 in for 0x91
02-11 22:52:18.149 1036 1036 E ArmVmp : Match on catch block at 0xc3 in for 0x99
02-11 22:52:18.155 1036 1036 E ArmVmp : Match on catch block at 0xc3 in for 0x91
02-11 22:52:18.600 1036 1036 E ArmVmp : Match on catch block at 0xc3 in for 0x99
02-11 22:52:18.607 1036 1036 E ArmVmp : Match on catch block at 0xc3 in for 0x91
02-11 22:52:19.105 1036 1036 E ArmVmp : Match on catch block at 0xc3 in for 0x99
02-11 22:52:19.112 1036 1036 E ArmVmp : Match on catch block at 0xc3 in for 0x91
02-11 22:52:19.552 1036 1036 E ArmVmp : Match on catch block at 0xc3 in for 0x99
02-11 22:52:19.558 1036 1036 E ArmVmp : Match on catch block at 0xc3 in for 0x91
02-11 22:52:20.054 1036 1036 E ArmVmp : Match on catch block at 0xc3 in for 0x99
02-11 22:52:20.061 1036 1036 E ArmVmp : Match on catch block at 0xc3 in for 0x91
02-11 22:52:20.338 1036 1036 E ArmVmp : Match on catch block at 0xc3 in for 0x99
02-11 22:52:20.348 1036 1036 E ArmVmp : Match on catch block at 0xc3 in for 0x91
02-11 22:52:20.824 1036 1036 E ArmVmp : Match on catch block at 0xc3 in for 0x99
02-11 22:52:20.829 1036 1036 E ArmVmp : Match on catch block at 0xc3 in for 0x91
02-11 22:52:21.272 1036 1036 E ArmVmp : Match on catch block at 0xc3 in for 0x99
02-11 22:52:21.282 1036 1036 E ArmVmp : Match on catch block at 0xc3 in for 0x91
02-11 22:52:21.724 1036 1036 E ArmVmp : Match on catch block at 0xc3 in for 0x99
02-11 22:52:21.730 1036 1036 E ArmVmp : Match on catch block at 0xc3 in for 0x91
02-11 22:52:22.225 1036 1036 E ArmVmp : Match on catch block at 0xc3 in for 0x99
02-11 22:52:22.233 1036 1036 E ArmVmp : Match on catch block at 0xc3 in for 0x91
02-11 22:52:22.694 1036 1036 E ArmVmp : Match on catch block at 0xc3 in for 0x99
02-11 22:52:22.703 1036 1036 E ArmVmp : Match on catch block at 0xc3 in for 0x91
02-11 22:52:23.196 1036 1036 E ArmVmp : Match on catch block at 0xc3 in for 0x99
02-11 22:52:23.203 1036 1036 E ArmVmp : Match on catch block at 0xc3 in for 0x91
02-11 22:52:23.312 1036 1036 E ArmVmp : Match on catch block at 0xc3 in for 0x99
02-11 22:52:23.319 1036 1036 E ArmVmp : Match on catch block at 0xc3 in for 0x91
02-11 22:52:23.764 1036 1036 E ArmVmp : Match on catch block at 0xc3 in for 0x99
02-11 22:52:23.770 1036 1036 E ArmVmp : Match on catch block at 0xc3 in for 0x91
02-11 22:52:24.216 1036 1036 E ArmVmp : Match on catch block at 0xc3 in for 0x91
02-11 22:52:24.222 1036 1036 E ArmVmp : Match on catch block at 0xc3 in for 0x95
02-11 22:52:24.232 1036 1036 E ArmVmp : Match on catch block at 0xc3 in for 0x91
02-11 22:52:24.238 1036 1036 E ArmVmp : Match on catch block at 0xc3 in for 0x95
02-11 22:52:24.681 1036 1036 E ArmVmp : Match on catch block at 0xc3 in for 0x91
02-11 22:52:24.688 1036 1036 E ArmVmp : Match on catch block at 0xc3 in for 0x95
02-11 22:52:25.183 1036 1036 E ArmVmp : Match on catch block at 0xc3 in for 0x91
02-11 22:52:25.190 1036 1036 E ArmVmp : Match on catch block at 0xc3 in for 0x95
02-11 22:52:25.675 1036 1036 E ArmVmp : Match on catch block at 0xc3 in for 0x91
02-11 22:52:25.681 1036 1036 E ArmVmp : Match on catch block at 0xc3 in for 0x95
02-11 22:52:25.790 1036 1036 E ArmVmp : Match on catch block at 0xc3 in for 0x91
02-11 22:52:25.801 1036 1036 E ArmVmp : Match on catch block at 0xc3 in for 0x95
02-11 22:52:25.819 1036 1036 E ArmVmp : Match on catch block at 0xc3 in for 0x91
02-11 22:52:25.826 1036 1036 E ArmVmp : Match on catch block at 0xc3 in for 0x95
02-11 22:52:25.834 1036 1036 E ArmVmp : Match on catch block at 0xc3 in for 0x91
02-11 22:52:25.840 1036 1036 E ArmVmp : Match on catch block at 0xc3 in for 0x95
02-11 22:52:25.852 1036 1036 E ArmVmp : Match on catch block at 0xc3 in for 0x91
02-11 22:52:25.858 1036 1036 E ArmVmp : Match on catch block at 0xc3 in for 0x95
02-11 22:52:25.867 1036 1036 E ArmVmp : Match on catch block at 0xc3 in for 0x91
02-11 22:52:25.873 1036 1036 E ArmVmp : Match on catch block at 0xc3 in for 0x95
02-11 22:52:25.883 1036 1036 E ArmVmp : Match on catch block at 0xc3 in for 0x91
02-11 22:52:25.891 1036 1036 E ArmVmp : Match on catch block at 0xc3 in for 0x95
02-11 22:52:25.902 1036 1036 E ArmVmp : Match on catch block at 0xc3 in for 0x91
02-11 22:52:25.908 1036 1036 E ArmVmp : Match on catch block at 0xc3 in for 0x95
02-11 22:52:25.917 1036 1036 E ArmVmp : Match on catch block at 0xc3 in for 0x91
02-11 22:52:25.924 1036 1036 E ArmVmp : Match on catch block at 0xc3 in for 0x95
02-11 22:52:25.933 1036 1036 E ArmVmp : Match on catch block at 0xc3 in for 0x91
02-11 22:52:25.940 1036 1036 E ArmVmp : Match on catch block at 0xc3 in for 0x95
02-11 22:52:25.953 1036 1036 E ArmVmp : Match on catch block at 0xc3 in for 0x91
02-11 22:52:25.960 1036 1036 E ArmVmp : Match on catch block at 0xc3 in for 0x95
02-11 22:52:25.967 1036 1036 E ArmVmp : Match on catch block at 0xc3 in for 0x91
02-11 22:52:25.974 1036 1036 E ArmVmp : Match on catch block at 0xc3 in for 0x95
02-11 22:52:25.983 1036 1036 E ArmVmp : Match on catch block at 0xc3 in for 0x91
02-11 22:52:25.994 1036 1036 E ArmVmp : Match on catch block at 0xc3 in for 0x95
02-11 22:52:26.003 1036 1036 E ArmVmp : Match on catch block at 0xc3 in for 0x91
02-11 22:52:26.010 1036 1036 E ArmVmp : Match on catch block at 0xc3 in for 0x95
02-11 22:52:26.017 1036 1036 E ArmVmp : Match on catch block at 0xc3 in for 0x91
02-11 22:52:26.022 1036 1036 E ArmVmp : Match on catch block at 0xc3 in for 0x95
02-11 22:52:26.035 1036 1036 E ArmVmp : Match on catch block at 0xc3 in for 0x91
02-11 22:52:26.041 1036 1036 E ArmVmp : Match on catch block at 0xc3 in for 0x95
02-11 22:52:26.053 1036 1036 E ArmVmp : Match on catch block at 0xc3 in for 0x91
02-11 22:52:26.058 1036 1036 E ArmVmp : Match on catch block at 0xc3 in for 0x95
02-11 22:52:26.185 1036 1036 E ArmVmp : Match on catch block at 0xc3 in for 0x99
02-11 22:52:26.197 1036 1036 E ArmVmp : Match on catch block at 0xc3 in for 0x91
02-11 22:52:26.685 1036 1036 E ArmVmp : Match on catch block at 0xc3 in for 0x99
02-11 22:52:26.690 1036 1036 E ArmVmp : Match on catch block at 0xc3 in for 0x91
02-11 22:52:27.187 1036 1036 E ArmVmp : Match on catch block at 0xc3 in for 0x99
02-11 22:52:27.194 1036 1036 E ArmVmp : Match on catch block at 0xc3 in for 0x91
02-11 22:52:27.690 1036 1036 E ArmVmp : Match on catch block at 0xc3 in for 0x99
02-11 22:52:27.695 1036 1036 E ArmVmp : Match on catch block at 0xc3 in for 0x91
02-11 22:52:27.839 1036 1036 E ArmVmp : Match on catch block at 0xc3 in for 0x99
02-11 22:52:27.844 1036 1036 E ArmVmp : Match on catch block at 0xc3 in for 0x91
02-11 22:52:28.342 1036 1036 E ArmVmp : Match on catch block at 0xc3 in for 0x95
02-11 22:52:28.348 1036 1036 E ArmVmp : Match on catch block at 0xc3 in for 0x99
02-11 22:52:28.841 1036 1036 E ArmVmp : Match on catch block at 0xc3 in for 0x99
02-11 22:52:28.847 1036 1036 E ArmVmp : Match on catch block at 0xc3 in for 0x91
02-11 22:52:29.058 1036 1036 E ArmVmp : Match on catch block at 0xc3 in for 0x99
02-11 22:52:29.063 1036 1036 E ArmVmp : Match on catch block at 0xc3 in for 0x91
02-11 22:52:29.169 1036 1036 E ArmVmp : Match on catch block at 0xc3 in for 0x99
02-11 22:52:29.176 1036 1036 E ArmVmp : Match on catch block at 0xc3 in for 0x91
02-11 22:52:29.222 1036 1036 E ArmVmp : Match on catch block at 0xc3 in for 0x95
02-11 22:52:29.228 1036 1036 E ArmVmp : Match on catch block at 0xc3 in for 0x99
02-11 22:52:29.238 1036 1036 E ArmVmp : Match on catch block at 0xc3 in for 0x95
02-11 22:52:29.243 1036 1036 E ArmVmp : Match on catch block at 0xc3 in for 0x99
02-11 22:52:29.262 1036 1036 E ArmVmp : Match on catch block at 0xc3 in for 0x95
02-11 22:52:29.268 1036 1036 E ArmVmp : Match on catch block at 0xc3 in for 0x99
02-11 22:52:29.275 1036 1036 E ArmVmp : Match on catch block at 0xc3 in for 0x95
02-11 22:52:29.288 1036 1036 E ArmVmp : Match on catch block at 0xc3 in for 0x99
02-11 22:52:29.308 1036 1036 E ArmVmp : Match on catch block at 0xc3 in for 0x95
02-11 22:52:29.318 1036 1036 E ArmVmp : Match on catch block at 0xc3 in for 0x99
02-11 22:52:29.357 1036 1036 E ArmVmp : Match on catch block at 0xc3 in for 0x99
02-11 22:52:29.366 1036 1036 E ArmVmp : Match on catch block at 0xc3 in for 0x91
02-11 22:52:29.435 1036 1036 E ArmVmp : Match on catch block at 0xc3 in for 0x99
02-11 22:52:29.441 1036 1036 E ArmVmp : Match on catch block at 0xc3 in for 0x91
02-11 22:52:29.520 1036 1036 E ArmVmp : Match on catch block at 0xc3 in for 0x95
02-11 22:52:29.550 1036 1036 E ArmVmp : Match on catch block at 0xc3 in for 0x99
02-11 22:52:29.579 1036 1036 E ArmVmp : Match on catch block at 0xc3 in for 0x95
02-11 22:52:29.587 1036 1036 E ArmVmp : Match on catch block at 0xc3 in for 0x99
02-11 22:52:29.615 1036 1036 E ArmVmp : Match on catch block at 0xc3 in for 0x95
02-11 22:52:29.623 1036 1036 E ArmVmp : Match on catch block at 0xc3 in for 0x99
02-11 22:52:29.645 1036 1036 E ArmVmp : Match on catch block at 0xc3 in for 0x95
02-11 22:52:29.652 1036 1036 E ArmVmp : Match on catch block at 0xc3 in for 0x99
02-11 22:52:29.853 1036 1036 E ArmVmp : Match on catch block at 0xc3 in for 0x95
02-11 22:52:29.858 1036 1036 E ArmVmp : Match on catch block at 0xc3 in for 0x99
02-11 22:52:29.869 1036 1036 E ArmVmp : Match on catch block at 0xc3 in for 0x95
02-11 22:52:29.878 1036 1036 E ArmVmp : Match on catch block at 0xc3 in for 0x99
02-11 22:52:29.891 1036 1253 W MediaPlayer: Use of stream types is deprecated for operations other than volume control
02-11 22:52:29.892 1036 1253 W MediaPlayer: See the documentation of setAudioStreamType() for what to use instead with android.media.AudioAttributes to qualify your playback use case
02-11 22:52:30.144 1036 1036 E ArmVmp : Match on catch block at 0xc3 in for 0x99
02-11 22:52:30.150 1036 1036 E ArmVmp : Match on catch block at 0xc3 in for 0x91
02-11 22:52:30.645 1036 1036 E ArmVmp : Match on catch block at 0xc3 in for 0x91
02-11 22:52:30.651 1036 1036 E ArmVmp : Match on catch block at 0xc3 in for 0x95
02-11 22:52:31.148 1036 1036 E ArmVmp : Match on catch block at 0xc3 in for 0x91
02-11 22:52:31.155 1036 1036 E ArmVmp : Match on catch block at 0xc3 in for 0x95
02-11 22:52:31.448 1036 1036 E ArmVmp : Match on catch block at 0xc3 in for 0x91
02-11 22:52:31.456 1036 1036 E ArmVmp : Match on catch block at 0xc3 in for 0x95
02-11 22:52:31.465 1036 1036 E ArmVmp : Match on catch block at 0xc3 in for 0x91
02-11 22:52:31.473 1036 1036 E ArmVmp : Match on catch block at 0xc3 in for 0x95
02-11 22:52:31.484 1036 1036 E ArmVmp : Match on catch block at 0xc3 in for 0x91
02-11 22:52:31.490 1036 1036 E ArmVmp : Match on catch block at 0xc3 in for 0x95
02-11 22:52:31.499 1036 1036 E ArmVmp : Match on catch block at 0xc3 in for 0x91
02-11 22:52:31.504 1036 1036 E ArmVmp : Match on catch block at 0xc3 in for 0x95
02-11 22:52:31.515 1036 1036 E ArmVmp : Match on catch block at 0xc3 in for 0x91
02-11 22:52:31.521 1036 1036 E ArmVmp : Match on catch block at 0xc3 in for 0x95
02-11 22:52:31.532 1036 1036 E ArmVmp : Match on catch block at 0xc3 in for 0x91
02-11 22:52:31.539 1036 1036 E ArmVmp : Match on catch block at 0xc3 in for 0x95
02-11 22:52:31.548 1036 1036 E ArmVmp : Match on catch block at 0xc3 in for 0x91
02-11 22:52:31.555 1036 1036 E ArmVmp : Match on catch block at 0xc3 in for 0x95
02-11 22:52:31.565 1036 1036 E ArmVmp : Match on catch block at 0xc3 in for 0x91
02-11 22:52:31.572 1036 1036 E ArmVmp : Match on catch block at 0xc3 in for 0x95
02-11 22:52:31.582 1036 1036 E ArmVmp : Match on catch block at 0xc3 in for 0x91
02-11 22:52:31.589 1036 1036 E ArmVmp : Match on catch block at 0xc3 in for 0x95
02-11 22:52:31.599 1036 1036 E ArmVmp : Match on catch block at 0xc3 in for 0x91
02-11 22:52:31.605 1036 1036 E ArmVmp : Match on catch block at 0xc3 in for 0x95
02-11 22:52:31.617 1036 1036 E ArmVmp : Match on catch block at 0xc3 in for 0x91
02-11 22:52:31.623 1036 1036 E ArmVmp : Match on catch block at 0xc3 in for 0x95
02-11 22:52:31.632 1036 1036 E ArmVmp : Match on catch block at 0xc3 in for 0x91
02-11 22:52:31.638 1036 1036 E ArmVmp : Match on catch block at 0xc3 in for 0x95
02-11 22:52:31.648 1036 1036 E ArmVmp : Match on catch block at 0xc3 in for 0x91
02-11 22:52:31.654 1036 1036 E ArmVmp : Match on catch block at 0xc3 in for 0x95
02-11 22:52:31.665 1036 1036 E ArmVmp : Match on catch block at 0xc3 in for 0x91
02-11 22:52:31.672 1036 1036 E ArmVmp : Match on catch block at 0xc3 in for 0x95
02-11 22:52:31.682 1036 1036 E ArmVmp : Match on catch block at 0xc3 in for 0x91
02-11 22:52:31.688 1036 1036 E ArmVmp : Match on catch block at 0xc3 in for 0x95
02-11 22:52:31.699 1036 1036 E ArmVmp : Match on catch block at 0xc3 in for 0x91
02-11 22:52:31.705 1036 1036 E ArmVmp : Match on catch block at 0xc3 in for 0x95
02-11 22:52:31.716 1036 1036 E ArmVmp : Match on catch block at 0xc3 in for 0x91
02-11 22:52:31.721 1036 1036 E ArmVmp : Match on catch block at 0xc3 in for 0x95
02-11 22:52:32.151 1036 1036 E ArmVmp : Match on catch block at 0xc3 in for 0x91
02-11 22:52:32.158 1036 1036 E ArmVmp : Match on catch block at 0xc3 in for 0x95
02-11 22:52:32.652 1036 1036 E ArmVmp : Match on catch block at 0xc3 in for 0x91
02-11 22:52:32.659 1036 1036 E ArmVmp : Match on catch block at 0xc3 in for 0x95
02-11 22:52:33.153 1036 1036 E ArmVmp : Match on catch block at 0xc3 in for 0x91
02-11 22:52:33.160 1036 1036 E ArmVmp : Match on catch block at 0xc3 in for 0x95
02-11 22:52:33.422 1036 1036 E ArmVmp : Match on catch block at 0xc3 in for 0x91
02-11 22:52:33.429 1036 1036 E ArmVmp : Match on catch block at 0xc3 in for 0x95
02-11 22:52:33.455 1036 1036 E ArmVmp : Match on catch block at 0xc3 in for 0x99
02-11 22:52:33.461 1036 1036 E ArmVmp : Match on catch block at 0xc3 in for 0x91
02-11 22:52:33.482 1036 1036 E ArmVmp : Match on catch block at 0xc3 in for 0x99
02-11 22:52:33.489 1036 1036 E ArmVmp : Match on catch block at 0xc3 in for 0x91
02-11 22:52:33.581 1036 1281 W Adreno-EGL: <qeglDrvAPI_eglGetConfigAttrib:612>: EGL_BAD_ATTRIBUTE
02-11 22:52:33.601 1036 1036 E ArmVmp : Match on catch block at 0xc3 in for 0x99
02-11 22:52:33.609 1036 1036 E ArmVmp : Match on catch block at 0xc3 in for 0x91
02-11 22:52:33.777 1036 1036 W IInputConnectionWrapper: requestCursorAnchorInfo on inactive InputConnection
02-11 22:52:33.831 1036 1281 W Adreno-ES20: <core_glFinish:34>: glFinish skipped: 0
02-11 22:52:33.833 1036 1281 W Adreno-ES20: <core_glFinish:34>: glFinish skipped: 0
02-11 22:52:33.843 1036 1036 E ArmVmp : Match on catch block at 0xc3 in for 0x99
02-11 22:52:33.848 1036 1036 E ArmVmp : Match on catch block at 0xc3 in for 0x91
02-11 22:52:33.888 1036 1036 W StaticLayout: maxLineHeight should not be -1. maxLines:1 lineCount:1
02-11 22:52:33.889 1036 1036 W StaticLayout: maxLineHeight should not be -1. maxLines:1 lineCount:1
02-11 22:52:34.115 1036 1281 W Adreno-ES20: <core_glFinish:34>: glFinish skipped: 0
02-11 22:52:34.141 1036 1281 W Adreno-ES20: <core_glFinish:34>: glFinish skipped: 0
02-11 22:52:34.141 1036 1281 W Adreno-ES20: <core_glFinish:34>: glFinish skipped: 0
02-11 22:52:38.282 1036 1281 W Adreno-EGL: <qeglDrvAPI_eglGetConfigAttrib:612>: EGL_BAD_ATTRIBUTE
02-11 22:52:39.696 1036 1281 W Adreno-ES20: <core_glFinish:34>: glFinish skipped: 0
02-11 22:52:39.698 1036 1281 W Adreno-ES20: <core_glFinish:34>: glFinish skipped: 0
02-11 22:52:40.418 1036 1281 W Adreno-EGL: <qeglDrvAPI_eglGetConfigAttrib:612>: EGL_BAD_ATTRIBUTE
02-11 22:52:40.517 1036 1281 W Adreno-ES20: <core_glFinish:34>: glFinish skipped: 0
02-11 22:52:40.519 1036 1046 E SpellCheckerSession: ignoring processOrEnqueueTask due to unexpected mState=TASK_CLOSE scp.mWhat=TASK_CLOSE
02-11 22:52:40.551 1036 1281 W Adreno-ES20: <core_glFinish:34>: glFinish skipped: 0
02-11 22:52:40.555 1036 1281 W Adreno-ES20: <core_glFinish:34>: glFinish skipped: 0
02-11 22:52:40.928 1036 1281 W Adreno-ES20: <core_glFinish:34>: glFinish skipped: 0
02-11 22:52:42.194 1036 1036 E ArmVmp : Match on catch block at 0x0a in for 0xe5
02-11 22:52:42.225 1036 1036 E ArmVmp : Match on catch block at 0x22 in for 0xa5
02-11 22:52:42.530 1036 1036 E ArmVmp : Match on catch block at 0x0a in for 0xa9
02-11 22:52:42.653 1036 1036 E ArmVmp : Match on catch block at 0x0a in for 0xc1
02-11 22:52:42.698 1036 1281 W Adreno-EGL: <qeglDrvAPI_eglGetConfigAttrib:612>: EGL_BAD_ATTRIBUTE
02-11 22:52:42.709 1036 1036 E ArmVmp : Match on catch block at 0xc3 in for 0xa5
02-11 22:52:42.724 1036 1036 E ArmVmp : Match on catch block at 0xc3 in for 0xa5
02-11 22:52:42.734 1036 1036 E ArmVmp : Match on catch block at 0xc3 in for 0x99
02-11 22:52:42.738 1036 1036 E ArmVmp : Match on catch block at 0xc3 in for 0x91
02-11 22:52:42.740 1036 1036 E ArmVmp : Match on catch block at 0xc3 in for 0x95
02-11 22:52:42.743 1036 1036 E ArmVmp : Match on catch block at 0xc3 in for 0x99
02-11 22:52:42.745 1036 1036 E ArmVmp : Match on catch block at 0xc3 in for 0x91
02-11 22:52:42.800 1036 1036 E ArmVmp : Match on catch block at 0xc3 in for 0x91
02-11 22:52:42.804 1036 1036 E ArmVmp : Match on catch block at 0xc3 in for 0x95
02-11 22:52:42.807 1036 1036 E ArmVmp : Match on catch block at 0xc3 in for 0x99
02-11 22:52:42.810 1036 1036 E ArmVmp : Match on catch block at 0xc3 in for 0x91
02-11 22:52:42.813 1036 1036 E ArmVmp : Match on catch block at 0xc3 in for 0x95
02-11 22:52:42.828 1036 1036 E ArmVmp : Match on catch block at 0xc3 in for 0x95
02-11 22:52:42.835 1036 1036 E ArmVmp : Match on catch block at 0xc3 in for 0x99
02-11 22:52:42.837 1036 1036 E ArmVmp : Match on catch block at 0xc3 in for 0x91
02-11 22:52:42.840 1036 1036 E ArmVmp : Match on catch block at 0xc3 in for 0x95
02-11 22:52:42.844 1036 1036 E ArmVmp : Match on catch block at 0xc3 in for 0x99
02-11 22:52:42.862 1036 1281 W Adreno-ES20: <core_glFinish:34>: glFinish skipped: 0
02-11 22:52:42.864 1036 1281 W Adreno-ES20: <core_glFinish:34>: glFinish skipped: 0
02-11 22:52:42.872 1036 1036 E ArmVmp : Match on catch block at 0xc3 in for 0x99
02-11 22:52:42.878 1036 1036 E ArmVmp : Match on catch block at 0xc3 in for 0x91
02-11 22:52:42.881 1036 1036 E ArmVmp : Match on catch block at 0xc3 in for 0x95
02-11 22:52:42.884 1036 1036 E ArmVmp : Match on catch block at 0xc3 in for 0x99
02-11 22:52:42.886 1036 1036 E ArmVmp : Match on catch block at 0xc3 in for 0x91
02-11 22:52:42.910 1036 1036 E ArmVmp : Match on catch block at 0xc3 in for 0x91
02-11 22:52:42.915 1036 1036 E ArmVmp : Match on catch block at 0xc3 in for 0x95
02-11 22:52:42.918 1036 1036 E ArmVmp : Match on catch block at 0xc3 in for 0x99
02-11 22:52:42.921 1036 1036 E ArmVmp : Match on catch block at 0xc3 in for 0x91
02-11 22:52:42.926 1036 1036 E ArmVmp : Match on catch block at 0xc3 in for 0x95
02-11 22:52:42.944 1036 1036 E ArmVmp : Match on catch block at 0xc3 in for 0x95
02-11 22:52:42.950 1036 1036 E ArmVmp : Match on catch block at 0xc3 in for 0x99
02-11 22:52:42.953 1036 1036 E ArmVmp : Match on catch block at 0xc3 in for 0x91
02-11 22:52:42.956 1036 1036 E ArmVmp : Match on catch block at 0xc3 in for 0x95
02-11 22:52:42.963 1036 1036 E ArmVmp : Match on catch block at 0xc3 in for 0x99
02-11 22:52:42.977 1036 1036 E ArmVmp : Match on catch block at 0xc3 in for 0x99
02-11 22:52:42.982 1036 1036 E ArmVmp : Match on catch block at 0xc3 in for 0x91
02-11 22:52:42.986 1036 1036 E ArmVmp : Match on catch block at 0xc3 in for 0x95
02-11 22:52:42.989 1036 1036 E ArmVmp : Match on catch block at 0xc3 in for 0x99
02-11 22:52:42.993 1036 1036 E ArmVmp : Match on catch block at 0xc3 in for 0x91
02-11 22:52:43.012 1036 1036 E ArmVmp : Match on catch block at 0xc3 in for 0x91
02-11 22:52:43.017 1036 1036 E ArmVmp : Match on catch block at 0xc3 in for 0x95
02-11 22:52:43.021 1036 1036 E ArmVmp : Match on catch block at 0xc3 in for 0x99
02-11 22:52:43.024 1036 1036 E ArmVmp : Match on catch block at 0xc3 in for 0x91
02-11 22:52:43.026 1036 1036 E ArmVmp : Match on catch block at 0xc3 in for 0x95
02-11 22:52:43.251 1036 1281 W Adreno-ES20: <core_glFinish:34>: glFinish skipped: 0
02-11 22:52:45.171 1036 1281 W Adreno-EGL: <qeglDrvAPI_eglGetConfigAttrib:612>: EGL_BAD_ATTRIBUTE
02-11 22:52:45.250 1036 1281 W Adreno-ES20: <core_glFinish:34>: glFinish skipped: 0
02-11 22:52:45.251 1036 1281 W Adreno-ES20: <core_glFinish:34>: glFinish skipped: 0
02-11 22:52:45.259 1036 1036 E ArmVmp : Match on catch block at 0xc3 in for 0x91
02-11 22:52:45.265 1036 1036 E ArmVmp : Match on catch block at 0xc3 in for 0x95
02-11 22:52:45.268 1036 1036 E ArmVmp : Match on catch block at 0xc3 in for 0x99
02-11 22:52:45.271 1036 1036 E ArmVmp : Match on catch block at 0xc3 in for 0x91
02-11 22:52:45.273 1036 1036 E ArmVmp : Match on catch block at 0xc3 in for 0x95
02-11 22:52:45.635 1036 1281 W Adreno-ES20: <core_glFinish:34>: glFinish skipped: 0
02-11 22:52:46.498 1036 1281 W Adreno-EGL: <qeglDrvAPI_eglGetConfigAttrib:612>: EGL_BAD_ATTRIBUTE
02-11 22:52:47.573 1036 1281 W Adreno-ES20: <core_glFinish:34>: glFinish skipped: 0
02-11 22:52:47.576 1036 1281 W Adreno-ES20: <core_glFinish:34>: glFinish skipped: 0
02-11 22:52:47.781 1036 1338 W ResourceType: ResTable_typeSpec entry count inconsistent: given 3138, previously 3812
02-11 22:52:47.781 1036 1338 W ResourceType: ResTable_typeSpec entry count inconsistent: given 2493, previously 2504
02-11 22:52:47.781 1036 1338 W ResourceType: ResTable_typeSpec entry count inconsistent: given 393, previously 3237
02-11 22:52:47.900 1036 1281 W Adreno-EGL: <qeglDrvAPI_eglGetConfigAttrib:612>: EGL_BAD_ATTRIBUTE
02-11 22:52:48.076 1036 1281 W Adreno-ES20: <core_glFinish:34>: glFinish skipped: 0
02-11 22:52:48.077 1036 1281 W Adreno-ES20: <core_glFinish:34>: glFinish skipped: 0
02-11 22:52:48.370 1036 1281 W Adreno-ES20: <core_glFinish:34>: glFinish skipped: 0
02-11 22:52:51.323 1036 1281 W Adreno-EGL: <qeglDrvAPI_eglGetConfigAttrib:612>: EGL_BAD_ATTRIBUTE
02-11 22:52:51.779 1036 1281 W Adreno-ES20: <core_glFinish:34>: glFinish skipped: 0
02-11 22:52:51.784 1036 1281 W Adreno-ES20: <core_glFinish:34>: glFinish skipped: 0
02-11 22:52:51.794 1036 1281 W Adreno-ES20: <core_glFinish:34>: glFinish skipped: 0
02-11 22:52:59.588 1036 1281 W Adreno-ES20: <core_glFinish:34>: glFinish skipped: 0
02-11 22:52:59.588 1036 1281 W Adreno-ES20: <core_glFinish:34>: glFinish skipped: 0
02-11 22:52:59.629 1036 1281 W Adreno-EGL: <qeglDrvAPI_eglGetConfigAttrib:612>: EGL_BAD_ATTRIBUTE
02-11 22:52:59.704 1036 1281 W Adreno-ES20: <core_glFinish:34>: glFinish skipped: 0
02-11 22:52:59.712 1036 1281 W Adreno-ES20: <core_glFinish:34>: glFinish skipped: 0
02-11 22:52:59.824 1036 1281 W Adreno-EGL: <qeglDrvAPI_eglGetConfigAttrib:612>: EGL_BAD_ATTRIBUTE
02-11 22:52:59.871 1036 1281 W Adreno-ES20: <core_glFinish:34>: glFinish skipped: 0
02-11 22:52:59.874 1036 1281 W Adreno-ES20: <core_glFinish:34>: glFinish skipped: 0
02-11 22:53:00.224 1036 1281 W Adreno-ES20: <core_glFinish:34>: glFinish skipped: 0
02-11 22:53:00.263 1036 1281 W Adreno-ES20: <core_glFinish:34>: glFinish skipped: 0
02-11 22:53:00.347 1036 1281 W Adreno-ES20: <core_glFinish:34>: glFinish skipped: 0
02-11 22:53:09.290 1036 1036 W Bitmap : Called getWidth() on a recycle()'d bitmap! This is undefined behavior!
02-11 22:53:09.290 1036 1036 W Bitmap : Called getHeight() on a recycle()'d bitmap! This is undefined behavior!
02-11 22:53:09.290 1036 1036 W Bitmap : Called getWidth() on a recycle()'d bitmap! This is undefined behavior!
02-11 22:53:09.290 1036 1036 W Bitmap : Called getHeight() on a recycle()'d bitmap! This is undefined behavior!
02-11 22:53:09.290 1036 1036 W Bitmap : Called getWidth() on a recycle()'d bitmap! This is undefined behavior!
02-11 22:53:09.290 1036 1036 W Bitmap : Called getHeight() on a recycle()'d bitmap! This is undefined behavior!
02-11 22:53:09.397 1036 1281 W Adreno-EGL: <qeglDrvAPI_eglGetConfigAttrib:612>: EGL_BAD_ATTRIBUTE
02-11 22:53:09.460 1036 1281 W Adreno-ES20: <core_glFinish:34>: glFinish skipped: 0
02-11 22:53:09.463 1036 1281 W Adreno-ES20: <core_glFinish:34>: glFinish skipped: 0
02-11 22:53:09.858 1036 1281 W Adreno-ES20: <core_glFinish:34>: glFinish skipped: 0
02-11 22:53:09.875 1036 1281 W Adreno-ES20: <core_glFinish:34>: glFinish skipped: 0
02-11 22:53:09.909 1036 1281 W Adreno-EGL: <qeglDrvAPI_eglGetConfigAttrib:612>: EGL_BAD_ATTRIBUTE
02-11 22:53:11.854 1036 1281 W Adreno-ES20: <core_glFinish:34>: glFinish skipped: 0
02-11 22:53:11.856 1036 1281 W Adreno-ES20: <core_glFinish:34>: glFinish skipped: 0
02-11 22:53:11.978 1036 1036 E ArmVmp : Match on catch block at 0x0a in for 0xc5
02-11 22:53:12.002 1036 1281 W Adreno-EGL: <qeglDrvAPI_eglGetConfigAttrib:612>: EGL_BAD_ATTRIBUTE
02-11 22:53:12.005 1036 1036 E ArmVmp : Match on catch block at 0xc3 in for 0x99
02-11 22:53:12.010 1036 1036 E ArmVmp : Match on catch block at 0xc3 in for 0x91
02-11 22:53:12.012 1036 1036 E ArmVmp : Match on catch block at 0xc3 in for 0x95
02-11 22:53:12.015 1036 1036 E ArmVmp : Match on catch block at 0xc3 in for 0x99
02-11 22:53:12.018 1036 1036 E ArmVmp : Match on catch block at 0xc3 in for 0x91
02-11 22:53:12.035 1036 1036 E ArmVmp : Match on catch block at 0xc3 in for 0x91
02-11 22:53:12.039 1036 1036 E ArmVmp : Match on catch block at 0xc3 in for 0x95
02-11 22:53:12.041 1036 1036 E ArmVmp : Match on catch block at 0xc3 in for 0x99
02-11 22:53:12.043 1036 1036 E ArmVmp : Match on catch block at 0xc3 in for 0x91
02-11 22:53:12.045 1036 1036 E ArmVmp : Match on catch block at 0xc3 in for 0x95
02-11 22:53:12.119 1036 1281 W Adreno-ES20: <core_glFinish:34>: glFinish skipped: 0
02-11 22:53:12.123 1036 1281 W Adreno-ES20: <core_glFinish:34>: glFinish skipped: 0
02-11 22:53:12.527 1036 1281 W Adreno-ES20: <core_glFinish:34>: glFinish skipped: 0
02-11 22:53:12.532 1036 1281 W Adreno-ES20: <core_glFinish:34>: glFinish skipped: 0
02-11 22:53:13.955 1036 1036 E ArmVmp : Match on catch block at 0xc3 in for 0x99
02-11 22:53:13.963 1036 1036 E ArmVmp : Match on catch block at 0xc3 in for 0x91
02-11 22:53:13.966 1036 1036 E ArmVmp : Match on catch block at 0xc3 in for 0x95
02-11 22:53:13.971 1036 1036 E ArmVmp : Match on catch block at 0xc3 in for 0x99
02-11 22:53:13.974 1036 1036 E ArmVmp : Match on catch block at 0xc3 in for 0x91
02-11 22:53:14.048 1036 1036 E ArmVmp : Match on catch block at 0xc3 in for 0x99
02-11 22:53:14.055 1036 1036 E ArmVmp : Match on catch block at 0xc3 in for 0x91
02-11 22:53:14.058 1036 1036 E ArmVmp : Match on catch block at 0xc3 in for 0x95
02-11 22:53:14.061 1036 1036 E ArmVmp : Match on catch block at 0xc3 in for 0x99
02-11 22:53:14.064 1036 1036 E ArmVmp : Match on catch block at 0xc3 in for 0x91
02-11 22:53:14.109 1036 1281 W Adreno-EGL: <qeglDrvAPI_eglGetConfigAttrib:612>: EGL_BAD_ATTRIBUTE
02-11 22:53:14.174 1036 1281 W Adreno-ES20: <core_glFinish:34>: glFinish skipped: 0
02-11 22:53:14.176 1036 1281 W Adreno-ES20: <core_glFinish:34>: glFinish skipped: 0
02-11 22:53:14.184 1036 1036 E ArmVmp : Match on catch block at 0xc3 in for 0x95
02-11 22:53:14.191 1036 1036 E ArmVmp : Match on catch block at 0xc3 in for 0x99
02-11 22:53:14.194 1036 1036 E ArmVmp : Match on catch block at 0xc3 in for 0x91
02-11 22:53:14.196 1036 1036 E ArmVmp : Match on catch block at 0xc3 in for 0x95
02-11 22:53:14.198 1036 1036 E ArmVmp : Match on catch block at 0xc3 in for 0x99
02-11 22:53:14.677 1036 1281 W Adreno-ES20: <core_glFinish:34>: glFinish skipped: 0
02-11 22:53:14.686 1036 1281 W Adreno-ES20: <core_glFinish:34>: glFinish skipped: 0
02-11 22:53:15.982 1036 1281 W Adreno-EGL: <qeglDrvAPI_eglGetConfigAttrib:612>: EGL_BAD_ATTRIBUTE
02-11 22:53:16.124 1036 1281 W Adreno-ES20: <core_glFinish:34>: glFinish skipped: 0
02-11 22:53:16.497 1036 1281 W Adreno-ES20: <core_glFinish:34>: glFinish skipped: 0
02-11 22:53:19.306 1036 1281 W Adreno-EGL: <qeglDrvAPI_eglGetConfigAttrib:612>: EGL_BAD_ATTRIBUTE
02-11 22:53:20.032 1036 1281 W Adreno-EGL: <qeglDrvAPI_eglGetConfigAttrib:612>: EGL_BAD_ATTRIBUTE
02-11 22:53:20.066 1036 1281 W Adreno-EGL: <qeglDrvAPI_eglGetConfigAttrib:612>: EGL_BAD_ATTRIBUTE
02-11 22:53:20.097 1036 1281 W Adreno-EGL: <qeglDrvAPI_eglGetConfigAttrib:612>: EGL_BAD_ATTRIBUTE
02-11 22:53:20.132 1036 1281 W Adreno-EGL: <qeglDrvAPI_eglGetConfigAttrib:612>: EGL_BAD_ATTRIBUTE
02-11 22:53:20.177 1036 1281 W Adreno-EGL: <qeglDrvAPI_eglGetConfigAttrib:612>: EGL_BAD_ATTRIBUTE
02-11 22:53:20.276 1036 1281 W Adreno-EGL: <qeglDrvAPI_eglGetConfigAttrib:612>: EGL_BAD_ATTRIBUTE
02-11 22:53:21.254 1036 1281 W Adreno-ES20: <core_glFinish:34>: glFinish skipped: 0
02-11 22:53:21.256 1036 1281 W Adreno-ES20: <core_glFinish:34>: glFinish skipped: 0
02-11 22:53:27.794 1036 1036 W StaticLayout: maxLineHeight should not be -1. maxLines:1 lineCount:1
02-11 22:53:27.796 1036 1036 W StaticLayout: maxLineHeight should not be -1. maxLines:1 lineCount:1
02-11 22:53:28.924 1036 1281 W Adreno-EGL: <qeglDrvAPI_eglGetConfigAttrib:612>: EGL_BAD_ATTRIBUTE
02-11 22:53:29.040 1036 1036 W BottomSheetBehavior: BottomSheetBehavior now supports multiple callbacks. `setBottomSheetCallback()` removes all existing callbacks, including ones set internally by library authors, which may result in unintended behavior. This may change in the future. Please use `addBottomSheetCallback()` and `removeBottomSheetCallback()` instead to set your own callbacks.
02-11 22:53:29.041 1036 1036 W BottomSheetBehavior: BottomSheetBehavior now supports multiple callbacks. `setBottomSheetCallback()` removes all existing callbacks, including ones set internally by library authors, which may result in unintended behavior. This may change in the future. Please use `addBottomSheetCallback()` and `removeBottomSheetCallback()` instead to set your own callbacks.
02-11 22:53:29.213 1036 1036 W BottomSheetBehavior: BottomSheetBehavior now supports multiple callbacks. `setBottomSheetCallback()` removes all existing callbacks, including ones set internally by library authors, which may result in unintended behavior. This may change in the future. Please use `addBottomSheetCallback()` and `removeBottomSheetCallback()` instead to set your own callbacks.
02-11 22:53:29.213 1036 1036 W BottomSheetBehavior: BottomSheetBehavior now supports multiple callbacks. `setBottomSheetCallback()` removes all existing callbacks, including ones set internally by library authors, which may result in unintended behavior. This may change in the future. Please use `addBottomSheetCallback()` and `removeBottomSheetCallback()` instead to set your own callbacks.
02-11 22:53:29.252 1036 1036 E RecyclerView: No adapter attached; skipping layout
02-11 22:53:29.339 1036 1886 W VideoCapabilities: Unrecognized profile 2130706433 for video/avc
02-11 22:53:29.339 1036 1886 W VideoCapabilities: Unrecognized profile 2130706434 for video/avc
02-11 22:53:29.352 1036 1886 W VideoCapabilities: Unsupported mime video/divx
02-11 22:53:29.355 1036 1886 W VideoCapabilities: Unsupported mime video/divx4
02-11 22:53:29.370 1036 1886 W Utils : could not parse long range '146-132'
02-11 22:53:29.395 1036 1036 E RecyclerView: No adapter attached; skipping layout
02-11 22:53:29.396 1036 1886 W VideoCapabilities: Unrecognized profile 2130706433 for video/avc
02-11 22:53:29.396 1036 1886 W VideoCapabilities: Unrecognized profile 2130706434 for video/avc
02-11 22:53:29.433 1036 1886 W VideoCapabilities: Unrecognized profile 2130706433 for video/avc
02-11 22:53:29.433 1036 1886 W VideoCapabilities: Unrecognized profile 2130706434 for video/avc
02-11 22:53:29.435 1036 1036 W StaticLayout: maxLineHeight should not be -1. maxLines:1 lineCount:1
02-11 22:53:29.436 1036 1036 W StaticLayout: maxLineHeight should not be -1. maxLines:1 lineCount:1
02-11 22:53:29.459 1036 1886 W VideoCapabilities: Unrecognized profile 2130706433 for video/avc
02-11 22:53:29.459 1036 1886 W VideoCapabilities: Unrecognized profile 2130706434 for video/avc
02-11 22:53:29.473 1036 1036 W StaticLayout: maxLineHeight should not be -1. maxLines:1 lineCount:1
02-11 22:53:29.476 1036 1036 W StaticLayout: maxLineHeight should not be -1. maxLines:1 lineCount:1
02-11 22:53:29.677 1036 1969 W GrallocMapperPassthrough: buffer descriptor with invalid usage bits 0x2000
02-11 22:53:29.685 1036 1969 W GrallocMapperPassthrough: buffer descriptor with invalid usage bits 0x2000
02-11 22:53:29.737 1036 1989 W ExtendedACodec: Failed to get extension for extradata parameter
02-11 22:53:29.755 1036 1969 W GrallocMapperPassthrough: buffer descriptor with invalid usage bits 0x2000
02-11 22:53:29.757 1036 1969 W GrallocMapperPassthrough: buffer descriptor with invalid usage bits 0x2000
02-11 22:53:29.791 1036 1969 W GrallocMapperPassthrough: buffer descriptor with invalid usage bits 0x2000
02-11 22:53:29.885 1036 1969 W GrallocMapperPassthrough: buffer descriptor with invalid usage bits 0x2000
02-11 22:53:30.005 1036 1969 W GrallocMapperPassthrough: buffer descriptor with invalid usage bits 0x2000
02-11 22:53:30.008 1036 1281 W Adreno-ES20: <core_glFinish:34>: glFinish skipped: 0
02-11 22:53:30.034 1036 1281 W Adreno-ES20: <core_glFinish:34>: glFinish skipped: 0
02-11 22:53:30.058 1036 1281 W Adreno-ES20: <core_glFinish:34>: glFinish skipped: 0
02-11 22:53:30.067 1036 1281 W Adreno-ES20: <core_glFinish:34>: glFinish skipped: 0
02-11 22:53:30.087 1036 1281 W Adreno-ES20: <core_glFinish:34>: glFinish skipped: 0
02-11 22:53:30.095 1036 1281 W Adreno-ES20: <core_glFinish:34>: glFinish skipped: 0
02-11 22:53:30.120 1036 1281 W Adreno-ES20: <core_glFinish:34>: glFinish skipped: 0
02-11 22:53:30.143 1036 1281 W Adreno-ES20: <core_glFinish:34>: glFinish skipped: 0
02-11 22:53:32.575 1036 1198 E SQLiteDatabase: Error inserting media_duration=30 file_path=Media/.Statuses/da00a9e50f5a41a48136718a508f82c3.mp4 transferred=1 thumbnail_height_width_ratio=1.7777778 face_y=0 face_x=0 trim_from=0 media_caption=null transcoded=0 message_url=https://mmg.whatsapp.net/v/t62.7161- 24/32124649_918590479637591_174284548015243699_n.enc?ccb=11- 4&oh=01_AdSPZpHoX41_GTULKJ9eyYB65t5QgA1_KLhR_pI9UZTVwA&oe=65F0E817&_nc_sid=5e03e0&m ms3=true first_scan_sidecar=null direct_path=/v/t62.7161- 24/32124649_918590479637591_174284548015243699_n.enc?ccb=11- 4&oh=01_AdSPZpHoX41_GTULKJ9eyYB65t5QgA1_KLhR_pI9UZTVwA&oe=65F0E817&_nc_sid=5e03e0 original_file_hash=null is_animated_sticker=0 media_name=null has_streaming_sidecar=1 partial_media_enc_hash=null media_key=[B@c22e79d multicast_id=null page_count=0 height=1024 partial_media_hash=null gif_attribution=0 mute_video=0 autotransfer_retry_enabled=1 first_scan_length=0 trim_to=0 media_key_timestamp=1707705876000 file_size=5127922 chat_row_id=11 media_job_uuid=d9c76f55-7842-483a-9cf9-40e9759c37e6 message_row_id=2654 enc_file_hash=+zpMLp7u1rwCM2I+KV+sfy+YO4rpGvg7lEwQZ+zXHJI= file_hash=87iImr3pc5BbcCZAA9LnUb6veSdY+FCuhIaMLcUWiKU= mime_type=video/mp4 media_upload_handle=null suspicious_content=0 width=576 file_length=5127922
02-11 22:53:32.575 1036 1198 E SQLiteDatabase: android.database.sqlite.SQLiteConstraintException: UNIQUE constraint failed: message_media.message_row_id (code 1555)
02-11 22:53:32.575 1036 1198 E SQLiteDatabase: at android.database.sqlite.SQLiteConnection.nativeExecuteForLastInsertedRowId(Native Method)
02-11 22:53:32.575 1036 1198 E SQLiteDatabase: at android.database.sqlite.SQLiteConnection.executeForLastInsertedRowId(SQLiteConnecti on.java:790)
02-11 22:53:32.575 1036 1198 E SQLiteDatabase: at android.database.sqlite.SQLiteSession.executeForLastInsertedRowId(SQLiteSession.jav a:788)
02-11 22:53:32.575 1036 1198 E SQLiteDatabase: at android.database.sqlite.SQLiteStatement.executeInsert(SQLiteStatement.java:86)
02-11 22:53:32.575 1036 1198 E SQLiteDatabase: at android.database.sqlite.SQLiteDatabase.insertWithOnConflict(SQLiteDatabase.java:154 8)
02-11 22:53:32.575 1036 1198 E SQLiteDatabase: at android.database.sqlite.SQLiteDatabase.insert(SQLiteDatabase.java:1417)
02-11 22:53:32.575 1036 1198 E SQLiteDatabase: at X.2tm.A08(Unknown Source:6)
02-11 22:53:32.575 1036 1198 E SQLiteDatabase: at X.35Y.A07(Unknown Source:212)
02-11 22:53:32.575 1036 1198 E SQLiteDatabase: at X.3QF.A14(Unknown Source:470)
02-11 22:53:32.575 1036 1198 E SQLiteDatabase: at X.3gU.run(Unknown Source:982)
02-11 22:53:32.575 1036 1198 E SQLiteDatabase: at android.os.Handler.handleCallback(Handler.java:790)
02-11 22:53:32.575 1036 1198 E SQLiteDatabase: at android.os.Handler.dispatchMessage(Handler.java:99)
02-11 22:53:32.575 1036 1198 E SQLiteDatabase: at X.0zq.dispatchMessage(Unknown Source:4)
02-11 22:53:32.575 1036 1198 E SQLiteDatabase: at android.os.Looper.loop(Looper.java:164)
02-11 22:53:32.575 1036 1198 E SQLiteDatabase: at android.os.HandlerThread.run(HandlerThread.java:65)
02-11 22:53:35.776 1036 1281 W Adreno-ES20: <core_glFinish:34>: glFinish skipped: 0
02-11 22:53:35.778 1036 1281 W Adreno-ES20: <core_glFinish:34>: glFinish skipped: 0
02-11 22:53:36.224 1036 1281 W Adreno-ES20: <core_glFinish:34>: glFinish skipped: 0
02-11 22:53:36.281 1036 1281 W Adreno-ES20: <core_glFinish:34>: glFinish skipped: 0
02-11 22:53:36.282 1036 1281 W Adreno-ES20: <core_glFinish:34>: glFinish skipped: 0
02-11 22:53:37.256 1036 1281 W Adreno-ES20: <core_glFinish:34>: glFinish skipped: 0
02-11 22:53:37.273 1036 1281 W Adreno-ES20: <core_glFinish:34>: glFinish skipped: 0
02-11 22:53:37.284 1036 1281 W Adreno-ES20: <core_glFinish:34>: glFinish skipped: 0
02-11 22:53:37.329 1036 1281 W Adreno-ES20: <core_glFinish:34>: glFinish skipped: 0
02-11 22:53:37.330 1036 1281 W Adreno-ES20: <core_glFinish:34>: glFinish skipped: 0
02-11 22:53:42.794 1036 1281 W Adreno-ES20: <core_glFinish:34>: glFinish skipped: 0 --------- beginning of main
02-11 22:59:05.374 3875 3875 W System.err: java.lang.ClassNotFoundException: mbmodsd.mbmodsw.ui.views.btn.BtnBK
02-11 22:59:05.374 3875 3875 W System.err: at java.lang.VMClassLoader.findLoadedClass(Native Method)
02-11 22:59:05.374 3875 3875 W System.err: at java.lang.ClassLoader.findLoadedClass(ClassLoader.java:738)
02-11 22:59:05.374 3875 3875 W System.err: at java.lang.ClassLoader.loadClass(ClassLoader.java:363)
02-11 22:59:05.374 3875 3875 W System.err: at java.lang.ClassLoader.loadClass(ClassLoader.java:312)
02-11 22:59:05.374 3875 3875 W System.err: at java.lang.Runtime.nativeLoad(Native Method)
02-11 22:59:05.374 3875 3875 W System.err: at java.lang.Runtime.doLoad(Runtime.java:1099)
02-11 22:59:05.374 3875 3875 W System.err: at java.lang.Runtime.loadLibrary0(Runtime.java:1014)
02-11 22:59:05.374 3875 3875 W System.err: at java.lang.System.loadLibrary(System.java:1657)
02-11 22:59:05.374 3875 3875 W System.err: at arm.EpicVm.<clinit>(Unknown Source:2)
02-11 22:59:05.374 3875 3875 W System.err: at java.lang.Class.newInstance(Native Method)
02-11 22:59:05.374 3875 3875 W System.err: at android.app.Instrumentation.newApplication(Instrumentation.java:1140)
02-11 22:59:05.374 3875 3875 W System.err: at android.app.Instrumentation.newApplication(Instrumentation.java:1125)
02-11 22:59:05.374 3875 3875 W System.err: at android.app.LoadedApk.makeApplication(LoadedApk.java:983)
02-11 22:59:05.374 3875 3875 W System.err: at android.app.ActivityThread.handleBindApplication(ActivityThread.java:5751)
02-11 22:59:05.374 3875 3875 W System.err: at android.app.ActivityThread.- wrap1(Unknown Source:0)
02-11 22:59:05.374 3875 3875 W System.err: at android.app.ActivityThread$H.handleMessage(ActivityThread.java:1680)
02-11 22:59:05.374 3875 3875 W System.err: at android.os.Handler.dispatchMessage(Handler.java:106)
02-11 22:59:05.374 3875 3875 W System.err: at android.os.Looper.loop(Looper.java:164)
02-11 22:59:05.374 3875 3875 W System.err: at android.app.ActivityThread.main(ActivityThread.java:6539)
02-11 22:59:05.374 3875 3875 W System.err: at java.lang.reflect.Method.invoke(Native Method)
02-11 22:59:05.374 3875 3875 W System.err: at com.android.internal.os.RuntimeInit$MethodAndArgsCaller.run(RuntimeInit.java:438)
02-11 22:59:05.374 3875 3875 W System.err: at com.android.internal.os.ZygoteInit.main(ZygoteInit.java:807)
02-11 22:59:05.375 3875 3875 W System.err: Caused by: java.lang.NoClassDefFoundError: Failed resolution of: Lcom/whatsapp/components/Button;
02-11 22:59:05.375 3875 3875 W System.err: ... 18 more
02-11 22:59:05.375 3875 3875 W System.err: Caused by: java.lang.ClassNotFoundException: Didn't find class "com.whatsapp.components.Button" on path: DexPathList[[zip file "/data/app/com.whatsapp-UEj3oGZH85olLjPuviRrSA==/base.apk"],nativeLibraryDirectorie s=[/data/app/com.whatsapp-UEj3oGZH85olLjPuviRrSA==/lib/arm, /data/app/com.whatsapp- UEj3oGZH85olLjPuviRrSA==/base.apk!/lib/armeabi-v7a, /system/lib, /vendor/lib]]
02-11 22:59:05.375 3875 3875 W System.err: at dalvik.system.BaseDexClassLoader.findClass(BaseDexClassLoader.java:125)
02-11 22:59:05.375 3875 3875 W System.err: at java.lang.ClassLoader.loadClass(ClassLoader.java:379)
02-11 22:59:05.375 3875 3875 W System.err: at java.lang.ClassLoader.loadClass(ClassLoader.java:312)
02-11 22:59:05.375 3875 3875 W System.err: ... 18 more
02-11 22:59:05.460 3875 3875 E CustomActivityOnCrash: IMPORTANT WARNING! You already have an UncaughtExceptionHandler, are you sure this is correct? If you use a custom UncaughtExceptionHandler, you must initialize it AFTER CustomActivityOnCrash! Installing anyway, but your original handler will not be called.
02-11 22:59:06.480 3875 3924 W zygote : Class X.2rL failed lock verification and will run slower.
02-11 22:59:06.480 3875 3924 W zygote : Common causes for lock verification issues are non-optimized dex code
02-11 22:59:06.480 3875 3924 W zygote : and incorrect proguard optimizations.
02-11 22:59:06.554 3875 3875 W zygote : Class com.whatsapp.HomeActivity failed lock verification and will run slower.
02-11 22:59:06.583 3875 3875 W zygote : Class X.0eU failed lock verification and will run slower.
02-11 22:59:07.353 3875 3875 W ResourceType: Too many attribute references, stopped at: 0x01010034
02-11 22:59:07.365 3875 3875 W ResourceType: Too many attribute references, stopped at: 0x01010034
02-11 22:59:07.826 3875 3875 E ArmVmp : Match on catch block at 0x0a in for 0xb1
02-11 22:59:07.893 3875 3875 E ArmVmp : Match on catch block at 0x0a in for 0x125 --------- beginning of system
02-11 22:59:08.801 3875 3971 W LOTTIE : Animation contains merge paths. Merge paths are only supported on KitKat+ and must be manually enabled by calling enableMergePathsForKitKatAndAbove().
02-11 22:59:08.902 3875 3875 E ArmVmp : Match on catch block at 0x0a in for 0xc1
02-11 22:59:08.931 3875 3875 W LOTTIE : Animation contains merge paths but they are disabled.
02-11 22:59:09.051 3875 3875 W StaticLayout: maxLineHeight should not be -1. maxLines:1 lineCount:1
02-11 22:59:09.092 3875 3875 W StaticLayout: maxLineHeight should not be -1. maxLines:1 lineCount:1
02-11 22:59:10.008 3875 3875 E RecyclerView: No adapter attached; skipping layout
02-11 22:59:10.366 3875 3875 E RecyclerView: No adapter attached; skipping layout
02-11 22:59:10.599 3875 3875 W StaticLayout: maxLineHeight should not be -1. maxLines:1 lineCount:1
02-11 22:59:10.610 3875 3875 W StaticLayout: maxLineHeight should not be -1. maxLines:1 lineCount:1
02-11 22:59:10.733 3875 3875 W RenderThread: type=1400 audit(0.0:316817): avc: denied { search } for name="kgsl-3d0" dev="sysfs" ino=20173 scontext=u:r:untrusted_app:s0:c512,c768 tcontext=u:object_r:sysfs_kgsl:s0 tclass=dir permissive=0
02-11 22:59:10.744 3875 3972 W Adreno-ES20: <get_gpu_clk:229>: open failed: errno 13
02-11 22:59:10.746 3875 3972 W Adreno-EGL: <qeglDrvAPI_eglGetConfigAttrib:612>: EGL_BAD_ATTRIBUTE
02-11 22:59:10.780 3875 3972 W Adreno-EGL: <qeglDrvAPI_eglGetConfigAttrib:612>: EGL_BAD_ATTRIBUTE
02-11 22:59:10.858 3875 3972 W Adreno-EGL: <qeglDrvAPI_eglGetConfigAttrib:612>: EGL_BAD_ATTRIBUTE
02-11 22:59:11.815 3875 3894 W LibraryVersion: Failed to get app version for libraryName: firebase-iid
02-11 22:59:14.833 3875 3875 W StaticLayout: maxLineHeight should not be -1. maxLines:1 lineCount:1
