This document contains log entries from an Android application. It reports errors loading a class and inserting a record into a SQLite database due to a uniqueness constraint. Specifically:
- A ClassNotFoundException is thrown when trying to load a class, indicating the class could not be found.
- An SQLiteConstraintException is thrown when inserting a record into the message_media table, because the message_row_id value being inserted violates the UNIQUE constraint on that column.
We take content rights seriously. If you suspect this is your content, claim it here.
Available Formats
Download as TXT, PDF, TXT or read online on Scribd
0 ratings0% found this document useful (0 votes)
9 views
Logcat
This document contains log entries from an Android application. It reports errors loading a class and inserting a record into a SQLite database due to a uniqueness constraint. Specifically:
- A ClassNotFoundException is thrown when trying to load a class, indicating the class could not be found.
- An SQLiteConstraintException is thrown when inserting a record into the message_media table, because the message_row_id value being inserted violates the UNIQUE constraint on that column.
We take content rights seriously. If you suspect this is your content, claim it here.
Available Formats
Download as TXT, PDF, TXT or read online on Scribd
You are on page 1/ 3400
--------- beginning of main
02-11 10:04:51.067 8795 8795 W System.err: java.lang.ClassNotFoundException:
mbmodsd.mbmodsw.ui.views.btn.BtnBK
02-11 10:04:51.067 8795 8795 W System.err: at java.lang.VMClassLoader.findLoadedClass(Native Method)
02-11 10:04:51.067 8795 8795 W System.err: at java.lang.ClassLoader.findLoadedClass(ClassLoader.java:738)
02-11 10:04:51.067 8795 8795 W System.err: at java.lang.ClassLoader.loadClass(ClassLoader.java:363)
02-11 10:04:51.067 8795 8795 W System.err: at java.lang.ClassLoader.loadClass(ClassLoader.java:312)
02-11 10:04:51.067 8795 8795 W System.err: at java.lang.Runtime.nativeLoad(Native Method)
02-11 10:04:51.067 8795 8795 W System.err: at java.lang.Runtime.doLoad(Runtime.java:1099)
02-11 10:04:51.067 8795 8795 W System.err: at java.lang.Runtime.loadLibrary0(Runtime.java:1014)
02-11 10:04:51.067 8795 8795 W System.err: at java.lang.System.loadLibrary(System.java:1657)
02-11 10:04:51.067 8795 8795 W System.err: at arm.EpicVm.<clinit>(Unknown Source:2)
02-11 10:04:51.067 8795 8795 W System.err: at java.lang.Class.newInstance(Native Method)
02-11 10:04:51.067 8795 8795 W System.err: at android.app.Instrumentation.newApplication(Instrumentation.java:1140)
02-11 10:04:51.067 8795 8795 W System.err: at android.app.Instrumentation.newApplication(Instrumentation.java:1125)
02-11 10:04:51.067 8795 8795 W System.err: at android.app.LoadedApk.makeApplication(LoadedApk.java:983)
02-11 10:04:51.068 8795 8795 W System.err: at android.app.ActivityThread.handleBindApplication(ActivityThread.java:5751)
02-11 10:04:51.068 8795 8795 W System.err: at android.app.ActivityThread.- wrap1(Unknown Source:0)
02-11 10:04:51.068 8795 8795 W System.err: at android.app.ActivityThread$H.handleMessage(ActivityThread.java:1680)
02-11 10:04:51.068 8795 8795 W System.err: at android.os.Handler.dispatchMessage(Handler.java:106)
02-11 10:04:51.068 8795 8795 W System.err: at android.os.Looper.loop(Looper.java:164)
02-11 10:04:51.068 8795 8795 W System.err: at android.app.ActivityThread.main(ActivityThread.java:6539)
02-11 10:04:51.068 8795 8795 W System.err: at java.lang.reflect.Method.invoke(Native Method)
02-11 10:04:51.068 8795 8795 W System.err: at com.android.internal.os.RuntimeInit$MethodAndArgsCaller.run(RuntimeInit.java:438)
02-11 10:04:51.068 8795 8795 W System.err: at com.android.internal.os.ZygoteInit.main(ZygoteInit.java:807)
02-11 10:04:51.068 8795 8795 W System.err: Caused by: java.lang.NoClassDefFoundError: Failed resolution of: Lcom/whatsapp/components/Button;
02-11 10:04:51.068 8795 8795 W System.err: ... 18 more
02-11 10:04:51.068 8795 8795 W System.err: Caused by: java.lang.ClassNotFoundException: Didn't find class "com.whatsapp.components.Button" on path: DexPathList[[zip file "/data/app/com.whatsapp-UEj3oGZH85olLjPuviRrSA==/base.apk"],nativeLibraryDirectorie s=[/data/app/com.whatsapp-UEj3oGZH85olLjPuviRrSA==/lib/arm, /data/app/com.whatsapp- UEj3oGZH85olLjPuviRrSA==/base.apk!/lib/armeabi-v7a, /system/lib, /vendor/lib]]
02-11 10:04:51.068 8795 8795 W System.err: at dalvik.system.BaseDexClassLoader.findClass(BaseDexClassLoader.java:125)
02-11 10:04:51.068 8795 8795 W System.err: at java.lang.ClassLoader.loadClass(ClassLoader.java:379)
02-11 10:04:51.068 8795 8795 W System.err: at java.lang.ClassLoader.loadClass(ClassLoader.java:312)
02-11 10:04:51.068 8795 8795 W System.err: ... 18 more
02-11 10:04:51.194 8795 8795 E CustomActivityOnCrash: IMPORTANT WARNING! You already have an UncaughtExceptionHandler, are you sure this is correct? If you use a custom UncaughtExceptionHandler, you must initialize it AFTER CustomActivityOnCrash! Installing anyway, but your original handler will not be called.
02-11 10:04:52.665 8795 8865 W zygote : Class X.2rL failed lock verification and will run slower.
02-11 10:04:52.665 8795 8865 W zygote : Common causes for lock verification issues are non-optimized dex code
02-11 10:04:52.665 8795 8865 W zygote : and incorrect proguard optimizations.
02-11 10:04:52.679 8795 8795 W zygote : Class X.0eU failed lock verification and will run slower. --------- beginning of system
02-11 10:04:53.240 8795 8795 W zygote : Class com.whatsapp.HomeActivity failed lock verification and will run slower.
02-11 10:04:54.484 8795 8795 W ResourceType: Too many attribute references, stopped at: 0x01010034
02-11 10:04:54.795 8795 8795 W ResourceType: Too many attribute references, stopped at: 0x01010034
02-11 10:04:56.564 8795 8795 E ArmVmp : Match on catch block at 0x0a in for 0xb1
02-11 10:04:56.645 8795 8795 E ArmVmp : Match on catch block at 0x0a in for 0x129
02-11 10:04:57.653 8795 8795 W StaticLayout: maxLineHeight should not be -1. maxLines:1 lineCount:1
02-11 10:04:57.712 8795 8795 W StaticLayout: maxLineHeight should not be -1. maxLines:1 lineCount:1
02-11 10:05:00.255 8795 8795 E RecyclerView: No adapter attached; skipping layout
02-11 10:05:00.281 8795 8795 E ArmVmp : Match on catch block at 0x0a in for 0xc9
02-11 10:05:01.252 8795 8795 W StaticLayout: maxLineHeight should not be -1. maxLines:1 lineCount:1
02-11 10:05:01.254 8795 8795 W StaticLayout: maxLineHeight should not be -1. maxLines:1 lineCount:1
02-11 10:05:01.272 8795 8795 E RecyclerView: No adapter attached; skipping layout
02-11 10:05:01.276 8795 8795 W RenderThread: type=1400 audit(0.0:260473): avc: denied { search } for name="kgsl-3d0" dev="sysfs" ino=20173 scontext=u:r:untrusted_app:s0:c512,c768 tcontext=u:object_r:sysfs_kgsl:s0 tclass=dir permissive=0
02-11 10:05:01.290 8795 8899 W Adreno-ES20: <get_gpu_clk:229>: open failed: errno 13
02-11 10:05:01.292 8795 8899 W Adreno-EGL: <qeglDrvAPI_eglGetConfigAttrib:612>: EGL_BAD_ATTRIBUTE
02-11 10:05:01.296 8795 8899 W Adreno-EGL: <qeglDrvAPI_eglGetConfigAttrib:612>: EGL_BAD_ATTRIBUTE
02-11 10:05:01.363 8795 8899 W Adreno-ES20: <core_glFinish:34>: glFinish skipped: 0
02-11 10:05:01.367 8795 8899 W Adreno-ES20: <core_glFinish:34>: glFinish skipped: 0
02-11 10:05:01.443 8795 8943 W LOTTIE : Animation contains merge paths. Merge paths are only supported on KitKat+ and must be manually enabled by calling enableMergePathsForKitKatAndAbove().
02-11 10:05:01.639 8795 8835 W LibraryVersion: Failed to get app version for libraryName: firebase-iid
02-11 10:05:01.660 8795 8899 W Adreno-EGL: <qeglDrvAPI_eglGetConfigAttrib:612>: EGL_BAD_ATTRIBUTE
02-11 10:05:01.932 8795 8795 W LOTTIE : Animation contains merge paths but they are disabled.
02-11 10:05:06.578 8795 8862 E SQLiteDatabase: Error inserting media_duration=0 file_path=null transferred=0 thumbnail_height_width_ratio=1.05 face_y=0 face_x=0 trim_from=0 media_caption=null transcoded=0 message_url=https://mmg.whatsapp.net/o1/v/t62.7118-24/f1/m234/up-oil-image- 220f1495-3c5e-454f-adca-61ba1099daad?ccb=9- 4&oh=01_AdRAFtEY3IDZVJdsbQgVQzYEaJKNOGztq8SBLmXukKwQbw&oe=65F035A9&_nc_sid=000000&m ms3=true first_scan_sidecar=[B@c9fe51 direct_path=/o1/v/t62.7118-24/f1/m234/up-oil- image-220f1495-3c5e-454f-adca-61ba1099daad?ccb=9- 4&oh=01_AdRAFtEY3IDZVJdsbQgVQzYEaJKNOGztq8SBLmXukKwQbw&oe=65F035A9&_nc_sid=000000 original_file_hash=null is_animated_sticker=0 media_name=null has_streaming_sidecar=1 partial_media_enc_hash=null media_key=[B@52426b6 multicast_id=null page_count=0 height=669 partial_media_hash=kaBAH5J487vGgWb4yIMtSqdd+KFjYnbKL5nuW3Qi6d8= gif_attribution=0 mute_video=0 autotransfer_retry_enabled=0 first_scan_length=3687 trim_to=0 media_key_timestamp=1707654838000 file_size=0 chat_row_id=11 media_job_uuid=84e00a48-e220-40af-8e3f-3aa867ee972f message_row_id=2328 enc_file_hash=Zz6b5najfo2WkzK8rNXBHnFPk98CFtPcshfRnM5EBqc= file_hash=OqNmezwuaBNLHuUt1p/RtxlH16nE+2w7DijDwgkWFlc= mime_type=image/jpeg media_upload_handle=null suspicious_content=0 width=640 file_length=30784
02-11 10:05:06.578 8795 8862 E SQLiteDatabase: android.database.sqlite.SQLiteConstraintException: UNIQUE constraint failed: message_media.message_row_id (code 1555)
02-11 10:05:06.578 8795 8862 E SQLiteDatabase: at android.database.sqlite.SQLiteConnection.nativeExecuteForLastInsertedRowId(Native Method)
02-11 10:05:06.578 8795 8862 E SQLiteDatabase: at android.database.sqlite.SQLiteConnection.executeForLastInsertedRowId(SQLiteConnecti on.java:790)
02-11 10:05:06.578 8795 8862 E SQLiteDatabase: at android.database.sqlite.SQLiteSession.executeForLastInsertedRowId(SQLiteSession.jav a:788)
02-11 10:05:06.578 8795 8862 E SQLiteDatabase: at android.database.sqlite.SQLiteStatement.executeInsert(SQLiteStatement.java:86)
02-11 10:05:06.578 8795 8862 E SQLiteDatabase: at android.database.sqlite.SQLiteDatabase.insertWithOnConflict(SQLiteDatabase.java:154 8)
02-11 10:05:06.578 8795 8862 E SQLiteDatabase: at android.database.sqlite.SQLiteDatabase.insert(SQLiteDatabase.java:1417)
02-11 10:05:06.578 8795 8862 E SQLiteDatabase: at X.2tm.A08(Unknown Source:6)
02-11 10:05:06.578 8795 8862 E SQLiteDatabase: at X.35Y.A07(Unknown Source:212)
02-11 10:05:06.578 8795 8862 E SQLiteDatabase: at X.3QF.A14(Unknown Source:470)
02-11 10:05:06.578 8795 8862 E SQLiteDatabase: at X.3gU.run(Unknown Source:982)
02-11 10:05:06.578 8795 8862 E SQLiteDatabase: at android.os.Handler.handleCallback(Handler.java:790)
02-11 10:05:06.578 8795 8862 E SQLiteDatabase: at android.os.Handler.dispatchMessage(Handler.java:99)
02-11 10:05:06.578 8795 8862 E SQLiteDatabase: at X.0zq.dispatchMessage(Unknown Source:4)
02-11 10:05:06.578 8795 8862 E SQLiteDatabase: at android.os.Looper.loop(Looper.java:164)
02-11 10:05:06.578 8795 8862 E SQLiteDatabase: at android.os.HandlerThread.run(HandlerThread.java:65)
02-11 10:05:07.314 8795 8862 E SQLiteDatabase: Error inserting media_duration=0 file_path=null transferred=0 thumbnail_height_width_ratio=0.96875 face_y=0 face_x=0 trim_from=0 media_caption=null transcoded=0 message_url=https://mmg.whatsapp.net/o1/v/t62.7118-24/f1/m269/up-oil-image- cad9b6f2-e8f8-4d5a-892c-28b23f52f9fc?ccb=9- 4&oh=01_AdQbp8YRWfnKoHK0tUAXrQN6za20LCjBt44CekuhZgMJzQ&oe=65F04AB3&_nc_sid=000000&m ms3=true first_scan_sidecar=[B@943f842 direct_path=/o1/v/t62.7118-24/f1/m269/up- oil-image-cad9b6f2-e8f8-4d5a-892c-28b23f52f9fc?ccb=9- 4&oh=01_AdQbp8YRWfnKoHK0tUAXrQN6za20LCjBt44CekuhZgMJzQ&oe=65F04AB3&_nc_sid=000000 original_file_hash=null is_animated_sticker=0 media_name=null has_streaming_sidecar=1 partial_media_enc_hash=null media_key=[B@ca10053 multicast_id=null page_count=0 height=1053 partial_media_hash=D7t3wthpfYhLGhbvUcq0ueYkAygrkSGFKaQBXAMA4JU= gif_attribution=0 mute_video=0 autotransfer_retry_enabled=0 first_scan_length=7975 trim_to=0 media_key_timestamp=1707657430000 file_size=0 chat_row_id=11 media_job_uuid=bb99b76b-9d56-40bd-a005-10a46999466d message_row_id=2333 enc_file_hash=eFBdEZ8krwt0F0xaI8E0I/2akOsrd7oy7TdW99nR328= file_hash=0VGAykWa9H+75DswOHV6WmJVjrEjVOEV4KsmHW/AKfI= mime_type=image/jpeg media_upload_handle=null suspicious_content=0 width=1080 file_length=56800
02-11 10:05:07.314 8795 8862 E SQLiteDatabase: android.database.sqlite.SQLiteConstraintException: UNIQUE constraint failed: message_media.message_row_id (code 1555)
02-11 10:05:07.314 8795 8862 E SQLiteDatabase: at android.database.sqlite.SQLiteConnection.nativeExecuteForLastInsertedRowId(Native Method)
02-11 10:05:07.314 8795 8862 E SQLiteDatabase: at android.database.sqlite.SQLiteConnection.executeForLastInsertedRowId(SQLiteConnecti on.java:790)
02-11 10:05:07.314 8795 8862 E SQLiteDatabase: at android.database.sqlite.SQLiteSession.executeForLastInsertedRowId(SQLiteSession.jav a:788)
02-11 10:05:07.314 8795 8862 E SQLiteDatabase: at android.database.sqlite.SQLiteStatement.executeInsert(SQLiteStatement.java:86)
02-11 10:05:07.314 8795 8862 E SQLiteDatabase: at android.database.sqlite.SQLiteDatabase.insertWithOnConflict(SQLiteDatabase.java:154 8)
02-11 10:05:07.314 8795 8862 E SQLiteDatabase: at android.database.sqlite.SQLiteDatabase.insert(SQLiteDatabase.java:1417)
02-11 10:05:07.314 8795 8862 E SQLiteDatabase: at X.2tm.A08(Unknown Source:6)
02-11 10:05:07.314 8795 8862 E SQLiteDatabase: at X.35Y.A07(Unknown Source:212)
02-11 10:05:07.314 8795 8862 E SQLiteDatabase: at X.3QF.A14(Unknown Source:470)
02-11 10:05:07.314 8795 8862 E SQLiteDatabase: at X.3gU.run(Unknown Source:982)
02-11 10:05:07.314 8795 8862 E SQLiteDatabase: at android.os.Handler.handleCallback(Handler.java:790)
02-11 10:05:07.314 8795 8862 E SQLiteDatabase: at android.os.Handler.dispatchMessage(Handler.java:99)
02-11 10:05:07.314 8795 8862 E SQLiteDatabase: at X.0zq.dispatchMessage(Unknown Source:4)
02-11 10:05:07.314 8795 8862 E SQLiteDatabase: at android.os.Looper.loop(Looper.java:164)
02-11 10:05:07.314 8795 8862 E SQLiteDatabase: at android.os.HandlerThread.run(HandlerThread.java:65)
02-11 10:05:08.421 8795 8862 E SQLiteDatabase: Error inserting media_duration=0 file_path=null transferred=0 thumbnail_height_width_ratio=1.0549451 face_y=0 face_x=0 trim_from=0 media_caption=null transcoded=0 message_url=https://mmg.whatsapp.net/v/t62.7118- 24/26785326_943289633891976_7176452016388247344_n.enc?ccb=11- 4&oh=01_AdRpLzOdGvnze2j3yvK8kL5m- 6D0sWLCMZVfo1lS7mwhgw&oe=65F0235A&_nc_sid=5e03e0&mms3=true first_scan_sidecar=null direct_path=/v/t62.7118-24/26785326_943289633891976_7176452016388247344_n.enc? ccb=11-4&oh=01_AdRpLzOdGvnze2j3yvK8kL5m- 6D0sWLCMZVfo1lS7mwhgw&oe=65F0235A&_nc_sid=5e03e0 original_file_hash=null is_animated_sticker=0 media_name=null has_streaming_sidecar=0 partial_media_enc_hash=null media_key=[B@bf1d2c6 multicast_id=null page_count=0 height=500 partial_media_hash=null gif_attribution=0 mute_video=0 autotransfer_retry_enabled=0 first_scan_length=0 trim_to=0 media_key_timestamp=1707655851000 file_size=0 chat_row_id=11 media_job_uuid=55b9bf26-2608-4047-8de8-0b6a103b9d48 message_row_id=2329 enc_file_hash=Tg4L39arrj32KXEgbZcCoWSjKO74kEHlhHPBdyoID38= file_hash=SNav+pIvj3emoSOILf47mRgWSXn4xZUbRnpWLMK6IX4= mime_type=image/jpeg media_upload_handle=null suspicious_content=0 width=475 file_length=50262
02-11 10:05:08.421 8795 8862 E SQLiteDatabase: android.database.sqlite.SQLiteConstraintException: UNIQUE constraint failed: message_media.message_row_id (code 1555)
02-11 10:05:08.421 8795 8862 E SQLiteDatabase: at android.database.sqlite.SQLiteConnection.nativeExecuteForLastInsertedRowId(Native Method)
02-11 10:05:08.421 8795 8862 E SQLiteDatabase: at android.database.sqlite.SQLiteConnection.executeForLastInsertedRowId(SQLiteConnecti on.java:790)
02-11 10:05:08.421 8795 8862 E SQLiteDatabase: at android.database.sqlite.SQLiteSession.executeForLastInsertedRowId(SQLiteSession.jav a:788)
02-11 10:05:08.421 8795 8862 E SQLiteDatabase: at android.database.sqlite.SQLiteStatement.executeInsert(SQLiteStatement.java:86)
02-11 10:05:08.421 8795 8862 E SQLiteDatabase: at android.database.sqlite.SQLiteDatabase.insertWithOnConflict(SQLiteDatabase.java:154 8)
02-11 10:05:08.421 8795 8862 E SQLiteDatabase: at android.database.sqlite.SQLiteDatabase.insert(SQLiteDatabase.java:1417)
02-11 10:05:08.421 8795 8862 E SQLiteDatabase: at X.2tm.A08(Unknown Source:6)
02-11 10:05:08.421 8795 8862 E SQLiteDatabase: at X.35Y.A07(Unknown Source:212)
02-11 10:05:08.421 8795 8862 E SQLiteDatabase: at X.3QF.A14(Unknown Source:470)
02-11 10:05:08.421 8795 8862 E SQLiteDatabase: at X.3gU.run(Unknown Source:982)
02-11 10:05:08.421 8795 8862 E SQLiteDatabase: at android.os.Handler.handleCallback(Handler.java:790)
02-11 10:05:08.421 8795 8862 E SQLiteDatabase: at android.os.Handler.dispatchMessage(Handler.java:99)
02-11 10:05:08.421 8795 8862 E SQLiteDatabase: at X.0zq.dispatchMessage(Unknown Source:4)
02-11 10:05:08.421 8795 8862 E SQLiteDatabase: at android.os.Looper.loop(Looper.java:164)
02-11 10:05:08.421 8795 8862 E SQLiteDatabase: at android.os.HandlerThread.run(HandlerThread.java:65)
02-11 10:05:08.616 8795 8862 E SQLiteDatabase: Error inserting media_duration=0 file_path=null transferred=0 thumbnail_height_width_ratio=0.96875 face_y=0 face_x=0 trim_from=0 media_caption=null transcoded=0 message_url=https://mmg.whatsapp.net/o1/v/t62.7118-24/f1/m269/up-oil-image- cad9b6f2-e8f8-4d5a-892c-28b23f52f9fc?ccb=9- 4&oh=01_AdQbp8YRWfnKoHK0tUAXrQN6za20LCjBt44CekuhZgMJzQ&oe=65F04AB3&_nc_sid=000000&m ms3=true first_scan_sidecar=[B@943f842 direct_path=/o1/v/t62.7118-24/f1/m269/up- oil-image-cad9b6f2-e8f8-4d5a-892c-28b23f52f9fc?ccb=9- 4&oh=01_AdQbp8YRWfnKoHK0tUAXrQN6za20LCjBt44CekuhZgMJzQ&oe=65F04AB3&_nc_sid=000000 original_file_hash=null is_animated_sticker=0 media_name=null has_streaming_sidecar=1 partial_media_enc_hash=null media_key=[B@ca10053 multicast_id=null page_count=0 height=1053 partial_media_hash=D7t3wthpfYhLGhbvUcq0ueYkAygrkSGFKaQBXAMA4JU= gif_attribution=0 mute_video=0 autotransfer_retry_enabled=0 first_scan_length=7975 trim_to=0 media_key_timestamp=1707657430000 file_size=0 chat_row_id=11 media_job_uuid=bb99b76b-9d56-40bd-a005-10a46999466d message_row_id=2333 enc_file_hash=eFBdEZ8krwt0F0xaI8E0I/2akOsrd7oy7TdW99nR328= file_hash=0VGAykWa9H+75DswOHV6WmJVjrEjVOEV4KsmHW/AKfI= mime_type=image/jpeg media_upload_handle=null suspicious_content=0 width=1080 file_length=56800
02-11 10:05:08.616 8795 8862 E SQLiteDatabase: android.database.sqlite.SQLiteConstraintException: UNIQUE constraint failed: message_media.message_row_id (code 1555)
02-11 10:05:08.616 8795 8862 E SQLiteDatabase: at android.database.sqlite.SQLiteConnection.nativeExecuteForLastInsertedRowId(Native Method)
02-11 10:05:08.616 8795 8862 E SQLiteDatabase: at android.database.sqlite.SQLiteConnection.executeForLastInsertedRowId(SQLiteConnecti on.java:790)
02-11 10:05:08.616 8795 8862 E SQLiteDatabase: at android.database.sqlite.SQLiteSession.executeForLastInsertedRowId(SQLiteSession.jav a:788)
02-11 10:05:08.616 8795 8862 E SQLiteDatabase: at android.database.sqlite.SQLiteStatement.executeInsert(SQLiteStatement.java:86)
02-11 10:05:08.616 8795 8862 E SQLiteDatabase: at android.database.sqlite.SQLiteDatabase.insertWithOnConflict(SQLiteDatabase.java:154 8)
02-11 10:05:08.616 8795 8862 E SQLiteDatabase: at android.database.sqlite.SQLiteDatabase.insert(SQLiteDatabase.java:1417)
02-11 10:05:08.616 8795 8862 E SQLiteDatabase: at X.2tm.A08(Unknown Source:6)
02-11 10:05:08.616 8795 8862 E SQLiteDatabase: at X.35Y.A07(Unknown Source:212)
02-11 10:05:08.616 8795 8862 E SQLiteDatabase: at X.3QF.A14(Unknown Source:470)
02-11 10:05:08.616 8795 8862 E SQLiteDatabase: at X.3gU.run(Unknown Source:982)
02-11 10:05:08.616 8795 8862 E SQLiteDatabase: at android.os.Handler.handleCallback(Handler.java:790)
02-11 10:05:08.616 8795 8862 E SQLiteDatabase: at android.os.Handler.dispatchMessage(Handler.java:99)
02-11 10:05:08.616 8795 8862 E SQLiteDatabase: at X.0zq.dispatchMessage(Unknown Source:4)
02-11 10:05:08.616 8795 8862 E SQLiteDatabase: at android.os.Looper.loop(Looper.java:164)
02-11 10:05:08.616 8795 8862 E SQLiteDatabase: at android.os.HandlerThread.run(HandlerThread.java:65)
02-11 10:05:08.625 8795 8862 E SQLiteDatabase: Error inserting media_duration=0 file_path=null transferred=0 thumbnail_height_width_ratio=1.05 face_y=0 face_x=0 trim_from=0 media_caption=null transcoded=0 message_url=https://mmg.whatsapp.net/o1/v/t62.7118-24/f1/m234/up-oil-image- 220f1495-3c5e-454f-adca-61ba1099daad?ccb=9- 4&oh=01_AdRAFtEY3IDZVJdsbQgVQzYEaJKNOGztq8SBLmXukKwQbw&oe=65F035A9&_nc_sid=000000&m ms3=true first_scan_sidecar=[B@c9fe51 direct_path=/o1/v/t62.7118-24/f1/m234/up-oil- image-220f1495-3c5e-454f-adca-61ba1099daad?ccb=9- 4&oh=01_AdRAFtEY3IDZVJdsbQgVQzYEaJKNOGztq8SBLmXukKwQbw&oe=65F035A9&_nc_sid=000000 original_file_hash=null is_animated_sticker=0 media_name=null has_streaming_sidecar=1 partial_media_enc_hash=null media_key=[B@52426b6 multicast_id=null page_count=0 height=669 partial_media_hash=kaBAH5J487vGgWb4yIMtSqdd+KFjYnbKL5nuW3Qi6d8= gif_attribution=0 mute_video=0 autotransfer_retry_enabled=0 first_scan_length=3687 trim_to=0 media_key_timestamp=1707654838000 file_size=0 chat_row_id=11 media_job_uuid=84e00a48-e220-40af-8e3f-3aa867ee972f message_row_id=2328 enc_file_hash=Zz6b5najfo2WkzK8rNXBHnFPk98CFtPcshfRnM5EBqc= file_hash=OqNmezwuaBNLHuUt1p/RtxlH16nE+2w7DijDwgkWFlc= mime_type=image/jpeg media_upload_handle=null suspicious_content=0 width=640 file_length=30784
02-11 10:05:08.625 8795 8862 E SQLiteDatabase: android.database.sqlite.SQLiteConstraintException: UNIQUE constraint failed: message_media.message_row_id (code 1555)
02-11 10:05:08.625 8795 8862 E SQLiteDatabase: at android.database.sqlite.SQLiteConnection.nativeExecuteForLastInsertedRowId(Native Method)
02-11 10:05:08.625 8795 8862 E SQLiteDatabase: at android.database.sqlite.SQLiteConnection.executeForLastInsertedRowId(SQLiteConnecti on.java:790)
02-11 10:05:08.625 8795 8862 E SQLiteDatabase: at android.database.sqlite.SQLiteSession.executeForLastInsertedRowId(SQLiteSession.jav a:788)
02-11 10:05:08.625 8795 8862 E SQLiteDatabase: at android.database.sqlite.SQLiteStatement.executeInsert(SQLiteStatement.java:86)
02-11 10:05:08.625 8795 8862 E SQLiteDatabase: at android.database.sqlite.SQLiteDatabase.insertWithOnConflict(SQLiteDatabase.java:154 8)
02-11 10:05:08.625 8795 8862 E SQLiteDatabase: at android.database.sqlite.SQLiteDatabase.insert(SQLiteDatabase.java:1417)
02-11 10:05:08.625 8795 8862 E SQLiteDatabase: at X.2tm.A08(Unknown Source:6)
02-11 10:05:08.625 8795 8862 E SQLiteDatabase: at X.35Y.A07(Unknown Source:212)
02-11 10:05:08.625 8795 8862 E SQLiteDatabase: at X.3QF.A14(Unknown Source:470)
02-11 10:05:08.625 8795 8862 E SQLiteDatabase: at X.3gU.run(Unknown Source:982)
02-11 10:05:08.625 8795 8862 E SQLiteDatabase: at android.os.Handler.handleCallback(Handler.java:790)
02-11 10:05:08.625 8795 8862 E SQLiteDatabase: at android.os.Handler.dispatchMessage(Handler.java:99)
02-11 10:05:08.625 8795 8862 E SQLiteDatabase: at X.0zq.dispatchMessage(Unknown Source:4)
02-11 10:05:08.625 8795 8862 E SQLiteDatabase: at android.os.Looper.loop(Looper.java:164)
02-11 10:05:08.625 8795 8862 E SQLiteDatabase: at android.os.HandlerThread.run(HandlerThread.java:65)
02-11 10:05:08.652 8795 8862 E SQLiteDatabase: Error inserting media_duration=0 file_path=null transferred=0 thumbnail_height_width_ratio=1.0549451 face_y=0 face_x=0 trim_from=0 media_caption=null transcoded=0 message_url=https://mmg.whatsapp.net/v/t62.7118- 24/26785326_943289633891976_7176452016388247344_n.enc?ccb=11- 4&oh=01_AdRpLzOdGvnze2j3yvK8kL5m- 6D0sWLCMZVfo1lS7mwhgw&oe=65F0235A&_nc_sid=5e03e0&mms3=true first_scan_sidecar=null direct_path=/v/t62.7118-24/26785326_943289633891976_7176452016388247344_n.enc? ccb=11-4&oh=01_AdRpLzOdGvnze2j3yvK8kL5m- 6D0sWLCMZVfo1lS7mwhgw&oe=65F0235A&_nc_sid=5e03e0 original_file_hash=null is_animated_sticker=0 media_name=null has_streaming_sidecar=0 partial_media_enc_hash=null media_key=[B@bf1d2c6 multicast_id=null page_count=0 height=500 partial_media_hash=null gif_attribution=0 mute_video=0 autotransfer_retry_enabled=0 first_scan_length=0 trim_to=0 media_key_timestamp=1707655851000 file_size=0 chat_row_id=11 media_job_uuid=55b9bf26-2608-4047-8de8-0b6a103b9d48 message_row_id=2329 enc_file_hash=Tg4L39arrj32KXEgbZcCoWSjKO74kEHlhHPBdyoID38= file_hash=SNav+pIvj3emoSOILf47mRgWSXn4xZUbRnpWLMK6IX4= mime_type=image/jpeg media_upload_handle=null suspicious_content=0 width=475 file_length=50262
02-11 10:05:08.652 8795 8862 E SQLiteDatabase: android.database.sqlite.SQLiteConstraintException: UNIQUE constraint failed: message_media.message_row_id (code 1555)
02-11 10:05:08.652 8795 8862 E SQLiteDatabase: at android.database.sqlite.SQLiteConnection.nativeExecuteForLastInsertedRowId(Native Method)
02-11 10:05:08.652 8795 8862 E SQLiteDatabase: at android.database.sqlite.SQLiteConnection.executeForLastInsertedRowId(SQLiteConnecti on.java:790)
02-11 10:05:08.652 8795 8862 E SQLiteDatabase: at android.database.sqlite.SQLiteSession.executeForLastInsertedRowId(SQLiteSession.jav a:788)
02-11 10:05:08.652 8795 8862 E SQLiteDatabase: at android.database.sqlite.SQLiteStatement.executeInsert(SQLiteStatement.java:86)
02-11 10:05:08.652 8795 8862 E SQLiteDatabase: at android.database.sqlite.SQLiteDatabase.insertWithOnConflict(SQLiteDatabase.java:154 8)
02-11 10:05:08.652 8795 8862 E SQLiteDatabase: at android.database.sqlite.SQLiteDatabase.insert(SQLiteDatabase.java:1417)
02-11 10:05:08.652 8795 8862 E SQLiteDatabase: at X.2tm.A08(Unknown Source:6)
02-11 10:05:08.652 8795 8862 E SQLiteDatabase: at X.35Y.A07(Unknown Source:212)
02-11 10:05:08.652 8795 8862 E SQLiteDatabase: at X.3QF.A14(Unknown Source:470)
02-11 10:05:08.652 8795 8862 E SQLiteDatabase: at X.3gU.run(Unknown Source:982)
02-11 10:05:08.652 8795 8862 E SQLiteDatabase: at android.os.Handler.handleCallback(Handler.java:790)
02-11 10:05:08.652 8795 8862 E SQLiteDatabase: at android.os.Handler.dispatchMessage(Handler.java:99)
02-11 10:05:08.652 8795 8862 E SQLiteDatabase: at X.0zq.dispatchMessage(Unknown Source:4)
02-11 10:05:08.652 8795 8862 E SQLiteDatabase: at android.os.Looper.loop(Looper.java:164)
02-11 10:05:08.652 8795 8862 E SQLiteDatabase: at android.os.HandlerThread.run(HandlerThread.java:65)
02-11 10:05:11.792 8795 8795 W zygote : Verification of void X.5pH.A1Z(android.os.Bundle) took 168.467ms
02-11 10:05:12.195 8795 8891 W OkHttpClient: A connection to https://31.13.67.52/ was leaked. Did you forget to close a response body?
02-11 10:05:12.947 8795 8795 W zygote : Verification of void X.1ar.A00(X.1ar) took 1.058s
02-11 10:05:13.287 8795 8795 W zygote : Verification of boolean X.5sS.A00(android.bluetooth.BluetoothHeadset, android.media.AudioManager) took 315.640ms
02-11 10:05:15.806 8795 8795 E ArmVmp : Match on catch block at 0x0a in for 0xb5
02-11 10:05:15.820 8795 8795 E ArmVmp : Match on catch block at 0x0a in for 0xb5
02-11 10:05:16.305 8795 8899 W Adreno-EGL: <qeglDrvAPI_eglGetConfigAttrib:612>: EGL_BAD_ATTRIBUTE
02-11 10:05:17.477 8795 8795 E ArmVmp : Match on catch block at 0xc3 in for 0xa1
02-11 10:05:17.490 8795 8795 E ArmVmp : Match on catch block at 0xc3 in for 0xa9
02-11 10:05:17.497 8795 8795 E ArmVmp : Match on catch block at 0xc3 in for 0xa9
02-11 10:05:17.549 8795 8795 E ArmVmp : Match on catch block at 0xc3 in for 0x99
02-11 10:05:17.552 8795 8795 E ArmVmp : Match on catch block at 0xc3 in for 0x95
02-11 10:05:17.556 8795 8795 E ArmVmp : Match on catch block at 0xc3 in for 0x95
02-11 10:05:17.824 8795 9058 W WM-Processor: Didn't find WorkSpec for id WorkGenerationalId(workSpecId=ddce829a-5fc5-4a08-8c61-402a96d280c2, generation=0)
02-11 10:05:17.837 8795 8899 W Adreno-ES20: <core_glFinish:34>: glFinish skipped: 0
02-11 10:05:17.840 8795 8899 W Adreno-ES20: <core_glFinish:34>: glFinish skipped: 0
02-11 10:05:17.865 8795 8795 E ArmVmp : Match on catch block at 0xc3 in for 0x95
02-11 10:05:17.868 8795 8795 E ArmVmp : Match on catch block at 0xc3 in for 0x99
02-11 10:05:17.872 8795 8795 E ArmVmp : Match on catch block at 0xc3 in for 0x99
02-11 10:05:18.236 8795 8795 E ArmVmp : Match on catch block at 0x0a in for 0xb5
02-11 10:05:18.247 8795 8795 E ArmVmp : Match on catch block at 0x0a in for 0xb1
02-11 10:05:18.450 8795 8795 E ArmVmp : Match on catch block at 0xc3 in for 0x95
02-11 10:05:18.455 8795 8795 E ArmVmp : Match on catch block at 0xc3 in for 0x99
02-11 10:05:18.458 8795 8795 E ArmVmp : Match on catch block at 0xc3 in for 0x99
02-11 10:05:18.516 8795 8899 W Adreno-EGL: <qeglDrvAPI_eglGetConfigAttrib:612>: EGL_BAD_ATTRIBUTE
02-11 10:05:20.650 8795 8795 W StaticLayout: maxLineHeight should not be -1. maxLines:3 lineCount:3
02-11 10:05:20.654 8795 8795 W StaticLayout: maxLineHeight should not be -1. maxLines:3 lineCount:3
02-11 10:05:20.941 8795 8795 W View : requestLayout() improperly called by X.4rg{ab48298 V.E....L. ......ID 0,68-480,426} during layout: running second layout pass
02-11 10:05:20.941 8795 8795 W View : requestLayout() improperly called by android.widget.LinearLayout{8361af1 V.E...... ......ID 121,7-467,353 #7f0b0e50 app:id/main_layout} during layout: running second layout pass
02-11 10:05:20.941 8795 8795 W View : requestLayout() improperly called by com.whatsapp.conversation.conversationrow.ConversationRowImage$RowImageView{2a516d6 VFED..CL. ......ID 5,5-341,341 #7f0b0c84 app:id/image} during layout: running second layout pass
02-11 10:05:20.952 8795 8795 E ArmVmp : Match on catch block at 0xc3 in for 0xa1
02-11 10:05:20.960 8795 8795 E ArmVmp : Match on catch block at 0xc3 in for 0xa1
02-11 10:05:21.260 8795 8795 E ArmVmp : Match on catch block at 0xc3 in for 0x95
02-11 10:05:21.269 8795 8795 E ArmVmp : Match on catch block at 0xc3 in for 0x99
02-11 10:05:21.274 8795 8795 E ArmVmp : Match on catch block at 0xc3 in for 0x99
02-11 10:05:21.290 8795 8795 E ArmVmp : Match on catch block at 0xc3 in for 0x95
02-11 10:05:21.295 8795 8795 E ArmVmp : Match on catch block at 0xc3 in for 0x99
02-11 10:05:20.073 8795 8795 W View : requestLayout() improperly called by X.4rg{ab48298 V.E....L. ......ID 0,68-480,426} during second layout pass: posting in next frame
02-11 10:05:20.073 8795 8795 W View : requestLayout() improperly called by android.widget.LinearLayout{8361af1 V.E...... .......D 121,7-467,353 #7f0b0e50 app:id/main_layout} during second layout pass: posting in next frame
02-11 10:05:20.098 8795 8795 E ArmVmp : Match on catch block at 0xc3 in for 0x91
02-11 10:05:20.102 8795 8795 E ArmVmp : Match on catch block at 0xc3 in for 0x95
02-11 10:05:20.202 8795 8795 E ArmVmp : Match on catch block at 0xc3 in for 0x95
02-11 10:05:20.221 8795 8795 E ArmVmp : Match on catch block at 0xc3 in for 0x99
02-11 10:05:20.233 8795 8795 E ArmVmp : Match on catch block at 0xc3 in for 0x99
02-11 10:05:20.328 8795 8795 E ArmVmp : Match on catch block at 0xc3 in for 0x95
02-11 10:05:20.334 8795 8795 E ArmVmp : Match on catch block at 0xc3 in for 0x99
02-11 10:05:20.389 8795 8899 W Adreno-ES20: <core_glFinish:34>: glFinish skipped: 0
02-11 10:05:20.390 8795 8899 W Adreno-ES20: <core_glFinish:34>: glFinish skipped: 0
02-11 10:05:20.417 8795 8795 E ArmVmp : Match on catch block at 0xc3 in for 0x99
02-11 10:05:20.422 8795 8795 E ArmVmp : Match on catch block at 0xc3 in for 0x91
02-11 10:05:20.425 8795 8795 E ArmVmp : Match on catch block at 0xc3 in for 0x91
02-11 10:05:20.489 8795 8899 W Adreno-ES20: <core_glFinish:34>: glFinish skipped: 0
02-11 10:05:20.491 8795 8899 W Adreno-ES20: <core_glFinish:34>: glFinish skipped: 0
02-11 10:05:20.508 8795 8795 E ArmVmp : Match on catch block at 0xc3 in for 0x95
02-11 10:05:20.516 8795 8795 E ArmVmp : Match on catch block at 0xc3 in for 0x99
02-11 10:05:20.521 8795 8795 E ArmVmp : Match on catch block at 0xc3 in for 0x99
02-11 10:05:20.528 8795 8795 E ArmVmp : Match on catch block at 0xc3 in for 0x91
02-11 10:05:20.534 8795 8795 E ArmVmp : Match on catch block at 0xc3 in for 0x91
02-11 10:05:20.555 8795 8899 W Adreno-EGL: <qeglDrvAPI_eglGetConfigAttrib:612>: EGL_BAD_ATTRIBUTE
02-11 10:05:20.835 8795 8899 W Adreno-ES20: <core_glFinish:34>: glFinish skipped: 0
02-11 10:05:20.909 8795 8899 W Adreno-ES20: <core_glFinish:34>: glFinish skipped: 0
02-11 10:05:20.910 8795 8899 W Adreno-ES20: <core_glFinish:34>: glFinish skipped: 0
02-11 10:05:20.925 8795 8899 W Adreno-ES20: <core_glFinish:34>: glFinish skipped: 0
02-11 10:05:20.948 8795 8899 W Adreno-ES20: <core_glFinish:34>: glFinish skipped: 0
02-11 10:05:23.001 8795 8795 E ArmVmp : Match on catch block at 0x0a in for 0xb5
02-11 10:05:23.010 8795 8795 E ArmVmp : Match on catch block at 0x0a in for 0xb1
02-11 10:05:23.175 8795 8899 W Adreno-EGL: <qeglDrvAPI_eglGetConfigAttrib:612>: EGL_BAD_ATTRIBUTE
02-11 10:05:23.320 8795 8795 W StaticLayout: maxLineHeight should not be -1. maxLines:3 lineCount:3
02-11 10:05:23.323 8795 8795 W StaticLayout: maxLineHeight should not be -1. maxLines:3 lineCount:3
02-11 10:05:23.380 8795 8795 E ArmVmp : Match on catch block at 0xc3 in for 0xa9
02-11 10:05:23.388 8795 8795 E ArmVmp : Match on catch block at 0xc3 in for 0xa9
02-11 10:05:23.423 8795 8795 E ArmVmp : Match on catch block at 0xc3 in for 0x99
02-11 10:05:23.428 8795 8795 E ArmVmp : Match on catch block at 0xc3 in for 0x91
02-11 10:05:23.559 8795 8795 E ArmVmp : Match on catch block at 0xc3 in for 0x99
02-11 10:05:23.567 8795 8795 E ArmVmp : Match on catch block at 0xc3 in for 0x91
02-11 10:05:23.622 8795 8795 E ArmVmp : Match on catch block at 0xc3 in for 0x95
02-11 10:05:23.627 8795 8795 E ArmVmp : Match on catch block at 0xc3 in for 0x99
02-11 10:05:23.649 8795 8899 W Adreno-ES20: <core_glFinish:34>: glFinish skipped: 0
02-11 10:05:23.652 8795 8899 W Adreno-ES20: <core_glFinish:34>: glFinish skipped: 0
02-11 10:05:23.668 8795 8795 E ArmVmp : Match on catch block at 0xc3 in for 0x91
02-11 10:05:23.674 8795 8795 E ArmVmp : Match on catch block at 0xc3 in for 0x95
02-11 10:05:23.682 8795 8795 E ArmVmp : Match on catch block at 0xc3 in for 0x95
02-11 10:05:23.689 8795 8795 E ArmVmp : Match on catch block at 0xc3 in for 0x99
02-11 10:05:23.962 8795 8899 W Adreno-ES20: <core_glFinish:34>: glFinish skipped: 0
02-11 10:05:23.986 8795 8795 E ArmVmp : Match on catch block at 0xc3 in for 0x99
02-11 10:05:23.992 8795 8795 E ArmVmp : Match on catch block at 0xc3 in for 0x91
02-11 10:05:24.015 8795 8795 E ArmVmp : Match on catch block at 0xc3 in for 0x91
02-11 10:05:24.022 8795 8795 E ArmVmp : Match on catch block at 0xc3 in for 0x95
02-11 10:05:24.035 8795 8795 E ArmVmp : Match on catch block at 0xc3 in for 0x95
02-11 10:05:24.041 8795 8795 E ArmVmp : Match on catch block at 0xc3 in for 0x99
02-11 10:05:24.051 8795 8795 E ArmVmp : Match on catch block at 0xc3 in for 0x99
02-11 10:05:24.056 8795 8795 E ArmVmp : Match on catch block at 0xc3 in for 0x91
02-11 10:05:24.068 8795 8795 E ArmVmp : Match on catch block at 0xc3 in for 0x91
02-11 10:05:24.073 8795 8795 E ArmVmp : Match on catch block at 0xc3 in for 0x95
02-11 10:05:24.086 8795 8795 E ArmVmp : Match on catch block at 0xc3 in for 0x95
02-11 10:05:24.093 8795 8795 E ArmVmp : Match on catch block at 0xc3 in for 0x99
02-11 10:05:24.103 8795 8795 E ArmVmp : Match on catch block at 0xc3 in for 0x99
02-11 10:05:24.110 8795 8795 E ArmVmp : Match on catch block at 0xc3 in for 0x91
02-11 10:05:24.121 8795 8795 E ArmVmp : Match on catch block at 0xc3 in for 0x91
02-11 10:05:24.128 8795 8795 E ArmVmp : Match on catch block at 0xc3 in for 0x95
02-11 10:05:24.136 8795 8795 E ArmVmp : Match on catch block at 0xc3 in for 0x95
02-11 10:05:24.147 8795 8795 E ArmVmp : Match on catch block at 0xc3 in for 0x99
02-11 10:05:24.169 8795 8795 E ArmVmp : Match on catch block at 0xc3 in for 0x99
02-11 10:05:24.175 8795 8795 E ArmVmp : Match on catch block at 0xc3 in for 0x91
02-11 10:05:24.186 8795 8795 E ArmVmp : Match on catch block at 0xc3 in for 0x91
02-11 10:05:24.191 8795 8795 E ArmVmp : Match on catch block at 0xc3 in for 0x95
02-11 10:05:24.203 8795 8795 E ArmVmp : Match on catch block at 0xc3 in for 0x95
02-11 10:05:24.208 8795 8795 E ArmVmp : Match on catch block at 0xc3 in for 0x99
02-11 10:05:24.219 8795 8795 E ArmVmp : Match on catch block at 0xc3 in for 0x99
02-11 10:05:24.228 8795 8795 E ArmVmp : Match on catch block at 0xc3 in for 0x91
02-11 10:05:24.236 8795 8795 E ArmVmp : Match on catch block at 0xc3 in for 0x91
02-11 10:05:24.244 8795 8795 E ArmVmp : Match on catch block at 0xc3 in for 0x95
02-11 10:05:24.252 8795 8795 E ArmVmp : Match on catch block at 0xc3 in for 0x95
02-11 10:05:24.258 8795 8795 E ArmVmp : Match on catch block at 0xc3 in for 0x99
02-11 10:05:24.269 8795 8795 E ArmVmp : Match on catch block at 0xc3 in for 0x99
02-11 10:05:24.275 8795 8795 E ArmVmp : Match on catch block at 0xc3 in for 0x91
02-11 10:05:24.287 8795 8795 E ArmVmp : Match on catch block at 0xc3 in for 0x91
02-11 10:05:24.293 8795 8795 E ArmVmp : Match on catch block at 0xc3 in for 0x95
02-11 10:05:24.538 8795 8795 E ArmVmp : Match on catch block at 0xc3 in for 0x95
02-11 10:05:24.547 8795 8795 E ArmVmp : Match on catch block at 0xc3 in for 0x99
02-11 10:05:25.037 8795 8795 E ArmVmp : Match on catch block at 0xc3 in for 0x99
02-11 10:05:25.044 8795 8795 E ArmVmp : Match on catch block at 0xc3 in for 0x91
02-11 10:05:25.255 8795 8795 E ArmVmp : Match on catch block at 0xc3 in for 0x91
02-11 10:05:25.260 8795 8795 E ArmVmp : Match on catch block at 0xc3 in for 0x95
02-11 10:05:25.271 8795 8795 E ArmVmp : Match on catch block at 0xc3 in for 0x95
02-11 10:05:25.278 8795 8795 E ArmVmp : Match on catch block at 0xc3 in for 0x99
02-11 10:05:25.290 8795 8795 E ArmVmp : Match on catch block at 0xc3 in for 0x99
02-11 10:05:25.299 8795 8795 E ArmVmp : Match on catch block at 0xc3 in for 0x91
02-11 10:05:25.310 8795 8795 E ArmVmp : Match on catch block at 0xc3 in for 0x91
02-11 10:05:25.325 8795 8795 E ArmVmp : Match on catch block at 0xc3 in for 0x95
02-11 10:05:25.338 8795 8795 E ArmVmp : Match on catch block at 0xc3 in for 0x95
02-11 10:05:25.343 8795 8795 E ArmVmp : Match on catch block at 0xc3 in for 0x99
02-11 10:05:25.356 8795 8795 E ArmVmp : Match on catch block at 0xc3 in for 0x99
02-11 10:05:25.362 8795 8795 E ArmVmp : Match on catch block at 0xc3 in for 0x91
02-11 10:05:25.373 8795 8795 E ArmVmp : Match on catch block at 0xc3 in for 0x91
02-11 10:05:25.379 8795 8795 E ArmVmp : Match on catch block at 0xc3 in for 0x95
02-11 10:05:25.388 8795 8795 E ArmVmp : Match on catch block at 0xc3 in for 0x95
02-11 10:05:25.396 8795 8795 E ArmVmp : Match on catch block at 0xc3 in for 0x99
02-11 10:05:25.405 8795 8795 E ArmVmp : Match on catch block at 0xc3 in for 0x99
02-11 10:05:25.416 8795 8795 E ArmVmp : Match on catch block at 0xc3 in for 0x91
02-11 10:05:25.423 8795 8795 E ArmVmp : Match on catch block at 0xc3 in for 0x91
02-11 10:05:25.429 8795 8795 E ArmVmp : Match on catch block at 0xc3 in for 0x95
02-11 10:05:25.441 8795 8795 E ArmVmp : Match on catch block at 0xc3 in for 0x95
02-11 10:05:25.446 8795 8795 E ArmVmp : Match on catch block at 0xc3 in for 0x99
02-11 10:05:25.456 8795 8795 E ArmVmp : Match on catch block at 0xc3 in for 0x99
02-11 10:05:25.461 8795 8795 E ArmVmp : Match on catch block at 0xc3 in for 0x91
02-11 10:05:25.472 8795 8795 E ArmVmp : Match on catch block at 0xc3 in for 0x91
02-11 10:05:25.479 8795 8795 E ArmVmp : Match on catch block at 0xc3 in for 0x95
02-11 10:05:25.488 8795 8795 E ArmVmp : Match on catch block at 0xc3 in for 0x95
02-11 10:05:25.494 8795 8795 E ArmVmp : Match on catch block at 0xc3 in for 0x99
02-11 10:05:25.505 8795 8795 E ArmVmp : Match on catch block at 0xc3 in for 0x99
02-11 10:05:25.511 8795 8795 E ArmVmp : Match on catch block at 0xc3 in for 0x91
02-11 10:05:25.524 8795 8795 E ArmVmp : Match on catch block at 0xc3 in for 0x91
02-11 10:05:25.532 8795 8795 E ArmVmp : Match on catch block at 0xc3 in for 0x95
02-11 10:05:25.540 8795 8795 E ArmVmp : Match on catch block at 0xc3 in for 0x95
02-11 10:05:25.544 8795 8795 E ArmVmp : Match on catch block at 0xc3 in for 0x99
02-11 10:05:26.039 8795 8795 E ArmVmp : Match on catch block at 0xc3 in for 0x99
02-11 10:05:26.045 8795 8795 E ArmVmp : Match on catch block at 0xc3 in for 0x91
02-11 10:05:26.542 8795 8795 E ArmVmp : Match on catch block at 0xc3 in for 0x99
02-11 10:05:26.548 8795 8795 E ArmVmp : Match on catch block at 0xc3 in for 0x91
02-11 10:05:27.043 8795 8795 E ArmVmp : Match on catch block at 0xc3 in for 0x91
02-11 10:05:27.049 8795 8795 E ArmVmp : Match on catch block at 0xc3 in for 0x95
02-11 10:05:27.549 8795 8795 E ArmVmp : Match on catch block at 0xc3 in for 0x95
02-11 10:05:27.557 8795 8795 E ArmVmp : Match on catch block at 0xc3 in for 0x99
02-11 10:05:28.046 8795 8795 E ArmVmp : Match on catch block at 0xc3 in for 0x99
02-11 10:05:28.052 8795 8795 E ArmVmp : Match on catch block at 0xc3 in for 0x91
02-11 10:05:28.546 8795 8795 E ArmVmp : Match on catch block at 0xc3 in for 0x91
02-11 10:05:28.551 8795 8795 E ArmVmp : Match on catch block at 0xc3 in for 0x95
02-11 10:05:29.048 8795 8795 E ArmVmp : Match on catch block at 0xc3 in for 0x95
02-11 10:05:29.055 8795 8795 E ArmVmp : Match on catch block at 0xc3 in for 0x99
02-11 10:05:29.549 8795 8795 E ArmVmp : Match on catch block at 0xc3 in for 0x99
02-11 10:05:29.556 8795 8795 E ArmVmp : Match on catch block at 0xc3 in for 0x91
02-11 10:05:29.985 8795 8795 E ArmVmp : Match on catch block at 0xc3 in for 0x91
02-11 10:05:29.990 8795 8795 E ArmVmp : Match on catch block at 0xc3 in for 0x95
02-11 10:05:30.039 8795 8795 E ArmVmp : Match on catch block at 0xc3 in for 0x91
02-11 10:05:30.044 8795 8795 E ArmVmp : Match on catch block at 0xc3 in for 0x95
02-11 10:05:30.068 8795 8795 E ArmVmp : Match on catch block at 0xc3 in for 0x95
02-11 10:05:30.074 8795 8795 E ArmVmp : Match on catch block at 0xc3 in for 0x99
02-11 10:05:30.151 8795 8899 W Adreno-EGL: <qeglDrvAPI_eglGetConfigAttrib:612>: EGL_BAD_ATTRIBUTE
02-11 10:05:30.158 8795 8795 E ArmVmp : Match on catch block at 0xc3 in for 0x99
02-11 10:05:30.164 8795 8795 E ArmVmp : Match on catch block at 0xc3 in for 0x91
02-11 10:05:30.329 8795 8899 W Adreno-ES20: <core_glFinish:34>: glFinish skipped: 0
02-11 10:05:30.334 8795 8899 W Adreno-ES20: <core_glFinish:34>: glFinish skipped: 0
02-11 10:05:30.342 8795 8795 E ArmVmp : Match on catch block at 0xc3 in for 0x95
02-11 10:05:30.353 8795 8795 E ArmVmp : Match on catch block at 0xc3 in for 0x99
02-11 10:05:30.682 8795 8899 W Adreno-ES20: <core_glFinish:34>: glFinish skipped: 0
02-11 10:05:30.720 8795 8899 W Adreno-ES20: <core_glFinish:34>: glFinish skipped: 0
02-11 10:05:30.721 8795 8899 W Adreno-ES20: <core_glFinish:34>: glFinish skipped: 0
02-11 10:05:33.024 8795 8899 W Adreno-ES20: <core_glFinish:34>: glFinish skipped: 0
02-11 10:05:33.040 8795 8899 W Adreno-ES20: <core_glFinish:34>: glFinish skipped: 0
02-11 10:05:33.040 8795 8795 W ViewRootImpl[HomeActivity]: Dropping event due to no window focus: MotionEvent { action=ACTION_MOVE, actionButton=0, id[0]=0, x[0]=318.3368, y[0]=869.63446, toolType[0]=TOOL_TYPE_FINGER, buttonState=0, metaState=0, flags=0x0, edgeFlags=0x0, pointerCount=1, historySize=1, eventTime=362613734, downTime=362613378, deviceId=5, source=0x1002 }
02-11 10:05:33.047 8795 8899 W Adreno-ES20: <core_glFinish:34>: glFinish skipped: 0
02-11 10:05:33.052 8795 8899 W Adreno-ES20: <core_glFinish:34>: glFinish skipped: 0
02-11 10:05:33.082 8795 8795 W ViewRootImpl[HomeActivity]: Dropping event due to no window focus: MotionEvent { action=ACTION_MOVE, actionButton=0, id[0]=0, x[0]=318.3368, y[0]=868.09576, toolType[0]=TOOL_TYPE_FINGER, buttonState=0, metaState=0, flags=0x0, edgeFlags=0x0, pointerCount=1, historySize=1, eventTime=362613768, downTime=362613378, deviceId=5, source=0x1002 }
02-11 10:05:33.105 8795 8795 W ViewRootImpl[HomeActivity]: Dropping event due to no window focus: MotionEvent { action=ACTION_MOVE, actionButton=0, id[0]=0, x[0]=318.3368, y[0]=867.0968, toolType[0]=TOOL_TYPE_FINGER, buttonState=0, metaState=0, flags=0x0, edgeFlags=0x0, pointerCount=1, historySize=0, eventTime=362613801, downTime=362613378, deviceId=5, source=0x1002 }
02-11 10:05:33.156 8795 8795 W ViewRootImpl[HomeActivity]: Dropping event due to no window focus: MotionEvent { action=ACTION_MOVE, actionButton=0, id[0]=0, x[0]=318.3368, y[0]=866.09784, toolType[0]=TOOL_TYPE_FINGER, buttonState=0, metaState=0, flags=0x0, edgeFlags=0x0, pointerCount=1, historySize=0, eventTime=362613857, downTime=362613378, deviceId=5, source=0x1002 }
02-11 10:05:33.205 8795 8795 W ViewRootImpl[HomeActivity]: Dropping event due to no window focus: MotionEvent { action=ACTION_MOVE, actionButton=0, id[0]=0, x[0]=318.3368, y[0]=865.0989, toolType[0]=TOOL_TYPE_FINGER, buttonState=0, metaState=0, flags=0x0, edgeFlags=0x0, pointerCount=1, historySize=0, eventTime=362613902, downTime=362613378, deviceId=5, source=0x1002 }
02-11 10:05:33.233 8795 8795 W ViewRootImpl[HomeActivity]: Dropping event due to no window focus: MotionEvent { action=ACTION_MOVE, actionButton=0, id[0]=0, x[0]=318.3368, y[0]=864.0999, toolType[0]=TOOL_TYPE_FINGER, buttonState=0, metaState=0, flags=0x0, edgeFlags=0x0, pointerCount=1, historySize=0, eventTime=362613935, downTime=362613378, deviceId=5, source=0x1002 }
02-11 10:05:33.233 8795 8795 W ViewRootImpl[HomeActivity]: Cancelling event due to no window focus: MotionEvent { action=ACTION_CANCEL, actionButton=0, id[0]=0, x[0]=318.3368, y[0]=864.0999, toolType[0]=TOOL_TYPE_FINGER, buttonState=0, metaState=0, flags=0x0, edgeFlags=0x0, pointerCount=1, historySize=0, eventTime=362613946, downTime=362613378, deviceId=5, source=0x1002 }
02-11 10:05:33.244 8795 8899 W Adreno-ES20: <core_glFinish:34>: glFinish skipped: 0
02-11 10:05:33.245 8795 8899 W Adreno-ES20: <core_glFinish:34>: glFinish skipped: 0
02-11 10:05:33.450 8795 8899 W Adreno-ES20: <core_glFinish:34>: glFinish skipped: 0
02-11 10:05:33.460 8795 8899 W Adreno-ES20: <core_glFinish:34>: glFinish skipped: 0
02-11 10:05:33.463 8795 8803 E SpellCheckerSession: ignoring processOrEnqueueTask due to unexpected mState=TASK_CLOSE scp.mWhat=TASK_CLOSE
02-11 10:05:33.464 8795 8803 E SpellCheckerSession: ignoring processOrEnqueueTask due to unexpected mState=TASK_CLOSE scp.mWhat=TASK_CLOSE
02-11 10:05:33.472 8795 8899 W Adreno-ES20: <core_glFinish:34>: glFinish skipped: 0
02-11 10:05:33.474 8795 8803 E SpellCheckerSession: ignoring processOrEnqueueTask due to unexpected mState=TASK_CLOSE scp.mWhat=TASK_CLOSE
02-11 10:05:33.233 8795 8795 W ViewRootImpl[HomeActivity]: Cancelling event due to no window focus: MotionEvent { action=ACTION_CANCEL, actionButton=0, id[0]=0, x[0]=318.3368, y[0]=864.0999, toolType[0]=TOOL_TYPE_FINGER, buttonState=0, metaState=0, flags=0x0, edgeFlags=0x0, pointerCount=1, historySize=0, eventTime=362613946, downTime=362613378, deviceId=5, source=0x1002 }
02-11 10:05:34.755 8795 8899 W Adreno-ES20: <core_glFinish:34>: glFinish skipped: 0 --------- beginning of main
02-11 11:33:43.320 29917 29917 W System.err: java.lang.ClassNotFoundException: mbmodsd.mbmodsw.ui.views.btn.BtnBK
02-11 11:33:43.320 29917 29917 W System.err: at java.lang.VMClassLoader.findLoadedClass(Native Method)
02-11 11:33:43.320 29917 29917 W System.err: at java.lang.ClassLoader.findLoadedClass(ClassLoader.java:738)
02-11 11:33:43.320 29917 29917 W System.err: at java.lang.ClassLoader.loadClass(ClassLoader.java:363)
02-11 11:33:43.320 29917 29917 W System.err: at java.lang.ClassLoader.loadClass(ClassLoader.java:312)
02-11 11:33:43.320 29917 29917 W System.err: at java.lang.Runtime.nativeLoad(Native Method)
02-11 11:33:43.320 29917 29917 W System.err: at java.lang.Runtime.doLoad(Runtime.java:1099)
02-11 11:33:43.320 29917 29917 W System.err: at java.lang.Runtime.loadLibrary0(Runtime.java:1014)
02-11 11:33:43.320 29917 29917 W System.err: at java.lang.System.loadLibrary(System.java:1657)
02-11 11:33:43.320 29917 29917 W System.err: at arm.EpicVm.<clinit>(Unknown Source:2)
02-11 11:33:43.320 29917 29917 W System.err: at java.lang.Class.newInstance(Native Method)
02-11 11:33:43.320 29917 29917 W System.err: at android.app.Instrumentation.newApplication(Instrumentation.java:1140)
02-11 11:33:43.320 29917 29917 W System.err: at android.app.Instrumentation.newApplication(Instrumentation.java:1125)
02-11 11:33:43.320 29917 29917 W System.err: at android.app.LoadedApk.makeApplication(LoadedApk.java:983)
02-11 11:33:43.320 29917 29917 W System.err: at android.app.ActivityThread.handleBindApplication(ActivityThread.java:5751)
02-11 11:33:43.320 29917 29917 W System.err: at android.app.ActivityThread.- wrap1(Unknown Source:0)
02-11 11:33:43.320 29917 29917 W System.err: at android.app.ActivityThread$H.handleMessage(ActivityThread.java:1680)
02-11 11:33:43.320 29917 29917 W System.err: at android.os.Handler.dispatchMessage(Handler.java:106)
02-11 11:33:43.320 29917 29917 W System.err: at android.os.Looper.loop(Looper.java:164)
02-11 11:33:43.320 29917 29917 W System.err: at android.app.ActivityThread.main(ActivityThread.java:6539)
02-11 11:33:43.321 29917 29917 W System.err: at java.lang.reflect.Method.invoke(Native Method)
02-11 11:33:43.321 29917 29917 W System.err: at com.android.internal.os.RuntimeInit$MethodAndArgsCaller.run(RuntimeInit.java:438)
02-11 11:33:43.321 29917 29917 W System.err: at com.android.internal.os.ZygoteInit.main(ZygoteInit.java:807)
02-11 11:33:43.321 29917 29917 W System.err: Caused by: java.lang.NoClassDefFoundError: Failed resolution of: Lcom/whatsapp/components/Button;
02-11 11:33:43.321 29917 29917 W System.err: ... 18 more
02-11 11:33:43.321 29917 29917 W System.err: Caused by: java.lang.ClassNotFoundException: Didn't find class "com.whatsapp.components.Button" on path: DexPathList[[zip file "/data/app/com.whatsapp-UEj3oGZH85olLjPuviRrSA==/base.apk"],nativeLibraryDirectorie s=[/data/app/com.whatsapp-UEj3oGZH85olLjPuviRrSA==/lib/arm, /data/app/com.whatsapp- UEj3oGZH85olLjPuviRrSA==/base.apk!/lib/armeabi-v7a, /system/lib, /vendor/lib]]
