02-11 16:02:05.922 19752 19797 E SQLiteDatabase: at android.database.sqlite.SQLiteDatabase.insert(SQLiteDatabase.java:1417)
02-11 16:02:05.922 19752 19797 E SQLiteDatabase: at X.2tm.A08(Unknown Source:6)
02-11 16:02:05.922 19752 19797 E SQLiteDatabase: at X.35Y.A07(Unknown Source:212)
02-11 16:02:05.922 19752 19797 E SQLiteDatabase: at X.3QF.A14(Unknown Source:470)
02-11 16:02:05.922 19752 19797 E SQLiteDatabase: at X.3gU.run(Unknown Source:982)
02-11 16:02:05.922 19752 19797 E SQLiteDatabase: at android.os.Handler.handleCallback(Handler.java:790)
02-11 16:02:05.922 19752 19797 E SQLiteDatabase: at android.os.Handler.dispatchMessage(Handler.java:99)
02-11 16:02:05.922 19752 19797 E SQLiteDatabase: at X.0zq.dispatchMessage(Unknown Source:4)
02-11 16:02:05.922 19752 19797 E SQLiteDatabase: at android.os.Looper.loop(Looper.java:164)
02-11 16:02:05.922 19752 19797 E SQLiteDatabase: at android.os.HandlerThread.run(HandlerThread.java:65)
02-11 16:02:05.959 19752 19797 E SQLiteDatabase: Error inserting media_duration=13 file_path=null transferred=0 thumbnail_height_width_ratio=2.173913 face_y=0 face_x=0 trim_from=0 media_caption=null transcoded=0 message_url=https://mmg.whatsapp.net/v/t62.7161- 24/34933114_372442905537107_3449439873884565030_n.enc?ccb=11- 4&oh=01_AdQQpR6qGjO8JcLMeuWQCqVOVH7AH0nyvaxz2RICUaq2Dw&oe=65F09319&_nc_sid=5e03e0&m ms3=true first_scan_sidecar=null direct_path=/v/t62.7161- 24/34933114_372442905537107_3449439873884565030_n.enc?ccb=11- 4&oh=01_AdQQpR6qGjO8JcLMeuWQCqVOVH7AH0nyvaxz2RICUaq2Dw&oe=65F09319&_nc_sid=5e03e0 original_file_hash=null is_animated_sticker=0 media_name=null has_streaming_sidecar=1 partial_media_enc_hash=null media_key=[B@d44f70b multicast_id=null page_count=0 height=1246 partial_media_hash=null gif_attribution=0 mute_video=0 autotransfer_retry_enabled=0 first_scan_length=0 trim_to=0 media_key_timestamp=1707678903000 file_size=0 chat_row_id=11 media_job_uuid=0e617c51-f200-49fb-b327-f7a67c265d06 message_row_id=2363 enc_file_hash=j4OF/q2JnV3PxiEXNEbC/dSxZ2gomqUteVUJsqQEdNk= file_hash=dWWm3C9e3L6Gy/jq77tJwNqFBxphGVx4efoRk35RReY= mime_type=video/mp4 media_upload_handle=null suspicious_content=0 width=576 file_length=1386984
02-11 16:02:05.959 19752 19797 E SQLiteDatabase: android.database.sqlite.SQLiteConstraintException: UNIQUE constraint failed: message_media.message_row_id (code 1555)
02-11 16:02:05.959 19752 19797 E SQLiteDatabase: at android.database.sqlite.SQLiteConnection.nativeExecuteForLastInsertedRowId(Native Method)
02-11 16:02:05.959 19752 19797 E SQLiteDatabase: at android.database.sqlite.SQLiteConnection.executeForLastInsertedRowId(SQLiteConnecti on.java:790)
02-11 16:02:05.959 19752 19797 E SQLiteDatabase: at android.database.sqlite.SQLiteSession.executeForLastInsertedRowId(SQLiteSession.jav a:788)
02-11 16:02:05.959 19752 19797 E SQLiteDatabase: at android.database.sqlite.SQLiteStatement.executeInsert(SQLiteStatement.java:86)
02-11 16:02:05.959 19752 19797 E SQLiteDatabase: at android.database.sqlite.SQLiteDatabase.insertWithOnConflict(SQLiteDatabase.java:154 8)
02-11 16:02:05.959 19752 19797 E SQLiteDatabase: at android.database.sqlite.SQLiteDatabase.insert(SQLiteDatabase.java:1417)
02-11 16:02:05.959 19752 19797 E SQLiteDatabase: at X.2tm.A08(Unknown Source:6)
02-11 16:02:05.959 19752 19797 E SQLiteDatabase: at X.35Y.A07(Unknown Source:212)
02-11 16:02:05.959 19752 19797 E SQLiteDatabase: at X.3QF.A14(Unknown Source:470)
02-11 16:02:05.959 19752 19797 E SQLiteDatabase: at X.3gU.run(Unknown Source:982)
02-11 16:02:05.959 19752 19797 E SQLiteDatabase: at android.os.Handler.handleCallback(Handler.java:790)
02-11 16:02:05.959 19752 19797 E SQLiteDatabase: at android.os.Handler.dispatchMessage(Handler.java:99)
02-11 16:02:05.959 19752 19797 E SQLiteDatabase: at X.0zq.dispatchMessage(Unknown Source:4)
02-11 16:02:05.959 19752 19797 E SQLiteDatabase: at android.os.Looper.loop(Looper.java:164)
02-11 16:02:05.959 19752 19797 E SQLiteDatabase: at android.os.HandlerThread.run(HandlerThread.java:65)
02-11 16:02:05.971 19752 19797 E SQLiteDatabase: Error inserting media_duration=19 file_path=null transferred=0 thumbnail_height_width_ratio=1.0 face_y=0 face_x=0 trim_from=0 media_caption=null transcoded=0 message_url=https://mmg.whatsapp.net/v/t62.7161- 24/19160830_917632000022748_6924711508416955328_n.enc?ccb=11- 4&oh=01_AdQMMDIx2VHOiE1HSL14NcwtefTkZqx_- XBR6m7073Y25Q&oe=65F091D2&_nc_sid=5e03e0&mms3=true first_scan_sidecar=null direct_path=/v/t62.7161-24/19160830_917632000022748_6924711508416955328_n.enc? ccb=11-4&oh=01_AdQMMDIx2VHOiE1HSL14NcwtefTkZqx_- XBR6m7073Y25Q&oe=65F091D2&_nc_sid=5e03e0 original_file_hash=null is_animated_sticker=0 media_name=null has_streaming_sidecar=1 partial_media_enc_hash=null media_key=[B@534c264 multicast_id=null page_count=0 height=368 partial_media_hash=null gif_attribution=0 mute_video=0 autotransfer_retry_enabled=0 first_scan_length=0 trim_to=0 media_key_timestamp=1707677859000 file_size=0 chat_row_id=11 media_job_uuid=7aa9a4b2-5330-4884-ae12-7c6438f14394 message_row_id=2361 enc_file_hash=SMH6lfdd20xKnKSG4+Tmoart7CrdYiAmE+X6iLotC0w= file_hash=kCQh2ehT+EFDiauLN3drRlYZXmIwJZpa28RpUBi2lSI= mime_type=video/mp4 media_upload_handle=null suspicious_content=0 width=368 file_length=1865332
02-11 16:02:05.971 19752 19797 E SQLiteDatabase: android.database.sqlite.SQLiteConstraintException: UNIQUE constraint failed: message_media.message_row_id (code 1555)
02-11 16:02:05.971 19752 19797 E SQLiteDatabase: at android.database.sqlite.SQLiteConnection.nativeExecuteForLastInsertedRowId(Native Method)
02-11 16:02:05.971 19752 19797 E SQLiteDatabase: at android.database.sqlite.SQLiteConnection.executeForLastInsertedRowId(SQLiteConnecti on.java:790)
02-11 16:02:05.971 19752 19797 E SQLiteDatabase: at android.database.sqlite.SQLiteSession.executeForLastInsertedRowId(SQLiteSession.jav a:788)
02-11 16:02:05.971 19752 19797 E SQLiteDatabase: at android.database.sqlite.SQLiteStatement.executeInsert(SQLiteStatement.java:86)
02-11 16:02:05.971 19752 19797 E SQLiteDatabase: at android.database.sqlite.SQLiteDatabase.insertWithOnConflict(SQLiteDatabase.java:154 8)
02-11 16:02:05.971 19752 19797 E SQLiteDatabase: at android.database.sqlite.SQLiteDatabase.insert(SQLiteDatabase.java:1417)
02-11 16:02:05.971 19752 19797 E SQLiteDatabase: at X.2tm.A08(Unknown Source:6)
02-11 16:02:05.971 19752 19797 E SQLiteDatabase: at X.35Y.A07(Unknown Source:212)
02-11 16:02:05.971 19752 19797 E SQLiteDatabase: at X.3QF.A14(Unknown Source:470)
02-11 16:02:05.971 19752 19797 E SQLiteDatabase: at X.3gU.run(Unknown Source:982)
02-11 16:02:05.971 19752 19797 E SQLiteDatabase: at android.os.Handler.handleCallback(Handler.java:790)
02-11 16:02:05.971 19752 19797 E SQLiteDatabase: at android.os.Handler.dispatchMessage(Handler.java:99)
02-11 16:02:05.971 19752 19797 E SQLiteDatabase: at X.0zq.dispatchMessage(Unknown Source:4)
02-11 16:02:05.971 19752 19797 E SQLiteDatabase: at android.os.Looper.loop(Looper.java:164)
02-11 16:02:05.971 19752 19797 E SQLiteDatabase: at android.os.HandlerThread.run(HandlerThread.java:65)
02-11 16:02:05.978 19752 19797 E SQLiteDatabase: Error inserting media_duration=30 file_path=null transferred=0 thumbnail_height_width_ratio=1.2467532 face_y=0 face_x=0 trim_from=0 media_caption=null transcoded=0 message_url=https://mmg.whatsapp.net/v/t62.7161- 24/20099701_1103334440704105_5212754030738752043_n.enc?ccb=11- 4&oh=01_AdTzs6U8NRKtAbrSN1M_CY0sQQu2_eG0xpB0xVypkXEMGA&oe=65F08AA8&_nc_sid=5e03e0&m ms3=true first_scan_sidecar=null direct_path=/v/t62.7161- 24/20099701_1103334440704105_5212754030738752043_n.enc?ccb=11- 4&oh=01_AdTzs6U8NRKtAbrSN1M_CY0sQQu2_eG0xpB0xVypkXEMGA&oe=65F08AA8&_nc_sid=5e03e0 original_file_hash=null is_animated_sticker=0 media_name=null has_streaming_sidecar=1 partial_media_enc_hash=null media_key=[B@1ada0d0 multicast_id=null page_count=0 height=720 partial_media_hash=null gif_attribution=0 mute_video=0 autotransfer_retry_enabled=0 first_scan_length=0 trim_to=0 media_key_timestamp=1707679380000 file_size=0 chat_row_id=11 media_job_uuid=6d1805c9-e61b-477b-9b3d-0ce142bf5486 message_row_id=2364 enc_file_hash=gGa4yuanv7ttrL6JRIXUx0Vgz7SvZKa2ZMn0f+om6g4= file_hash=WTRq/uEpt5nlU3juKUwWPCXf4ObwNn2aGBF39lqAIXQ= mime_type=video/mp4 media_upload_handle=null suspicious_content=0 width=576 file_length=1375161
02-11 16:02:05.978 19752 19797 E SQLiteDatabase: android.database.sqlite.SQLiteConstraintException: UNIQUE constraint failed: message_media.message_row_id (code 1555)
02-11 16:02:05.978 19752 19797 E SQLiteDatabase: at android.database.sqlite.SQLiteConnection.nativeExecuteForLastInsertedRowId(Native Method)
02-11 16:02:05.978 19752 19797 E SQLiteDatabase: at android.database.sqlite.SQLiteConnection.executeForLastInsertedRowId(SQLiteConnecti on.java:790)
02-11 16:02:05.978 19752 19797 E SQLiteDatabase: at android.database.sqlite.SQLiteSession.executeForLastInsertedRowId(SQLiteSession.jav a:788)
02-11 16:02:05.978 19752 19797 E SQLiteDatabase: at android.database.sqlite.SQLiteStatement.executeInsert(SQLiteStatement.java:86)
02-11 16:02:05.978 19752 19797 E SQLiteDatabase: at android.database.sqlite.SQLiteDatabase.insertWithOnConflict(SQLiteDatabase.java:154 8)
02-11 16:02:05.978 19752 19797 E SQLiteDatabase: at android.database.sqlite.SQLiteDatabase.insert(SQLiteDatabase.java:1417)
02-11 16:02:05.978 19752 19797 E SQLiteDatabase: at X.2tm.A08(Unknown Source:6)
02-11 16:02:05.978 19752 19797 E SQLiteDatabase: at X.35Y.A07(Unknown Source:212)
02-11 16:02:05.978 19752 19797 E SQLiteDatabase: at X.3QF.A14(Unknown Source:470)
02-11 16:02:05.978 19752 19797 E SQLiteDatabase: at X.3gU.run(Unknown Source:982)
02-11 16:02:05.978 19752 19797 E SQLiteDatabase: at android.os.Handler.handleCallback(Handler.java:790)
02-11 16:02:05.978 19752 19797 E SQLiteDatabase: at android.os.Handler.dispatchMessage(Handler.java:99)
02-11 16:02:05.978 19752 19797 E SQLiteDatabase: at X.0zq.dispatchMessage(Unknown Source:4)
02-11 16:02:05.978 19752 19797 E SQLiteDatabase: at android.os.Looper.loop(Looper.java:164)
02-11 16:02:05.978 19752 19797 E SQLiteDatabase: at android.os.HandlerThread.run(HandlerThread.java:65)
02-11 16:02:06.074 19752 19888 W Adreno-EGL: <qeglDrvAPI_eglGetConfigAttrib:612>: EGL_BAD_ATTRIBUTE
02-11 16:02:06.107 19752 19888 W Adreno-EGL: <qeglDrvAPI_eglGetConfigAttrib:612>: EGL_BAD_ATTRIBUTE
02-11 16:02:06.189 19752 19888 W Adreno-EGL: <qeglDrvAPI_eglGetConfigAttrib:612>: EGL_BAD_ATTRIBUTE
02-11 16:02:06.229 19752 19888 W Adreno-EGL: <qeglDrvAPI_eglGetConfigAttrib:612>: EGL_BAD_ATTRIBUTE
02-11 16:02:06.528 19752 19888 W Adreno-EGL: <qeglDrvAPI_eglGetConfigAttrib:612>: EGL_BAD_ATTRIBUTE
02-11 16:02:06.567 19752 19888 W Adreno-EGL: <qeglDrvAPI_eglGetConfigAttrib:612>: EGL_BAD_ATTRIBUTE
02-11 16:02:07.309 19752 19888 W Adreno-ES20: <core_glFinish:34>: glFinish skipped: 0
02-11 16:02:07.311 19752 19888 W Adreno-ES20: <core_glFinish:34>: glFinish skipped: 0
02-11 16:02:08.387 19752 19797 E SQLiteDatabase: Error inserting media_duration=0 file_path=Media/.Statuses/920b559a8f924431a872dd7297d2b609.jpg transferred=1 thumbnail_height_width_ratio=1.0909091 face_y=0 face_x=0 trim_from=0 media_caption=null transcoded=0 message_url=https://mmg.whatsapp.net/o1/v/t62.7118- 24/f1/m234/up-oil-image-6196bbd9-e732-481d-9347-6671b7d51414?ccb=9- 4&oh=01_AdTnIjLqfsnq5tXBDrL7obSWNUWpUF8ZqCUj- f5hQltMkw&oe=65F09A3D&_nc_sid=000000&mms3=true first_scan_sidecar=null direct_path=/o1/v/t62.7118-24/f1/m234/up-oil-image-6196bbd9-e732-481d-9347- 6671b7d51414?ccb=9-4&oh=01_AdTnIjLqfsnq5tXBDrL7obSWNUWpUF8ZqCUj- f5hQltMkw&oe=65F09A3D&_nc_sid=000000 original_file_hash=null is_animated_sticker=0 media_name=null has_streaming_sidecar=0 partial_media_enc_hash=null media_key=[B@337fb11 multicast_id=null page_count=0 height=452 partial_media_hash=null gif_attribution=0 mute_video=0 autotransfer_retry_enabled=1 first_scan_length=0 trim_to=0 media_key_timestamp=1707680463000 file_size=14488 chat_row_id=11 media_job_uuid=2ae09a1a-6112-4b3d-a213-9178bf9121db message_row_id=2367 enc_file_hash=DD9NU2L9AWyyIYSR4ROyCm5GsW1j5Pscvm7CnBqps0w= file_hash=3kBgqGvAY2m2Z9FJcX8bPGLEVx9xYD94qmWyDTEMr4U= mime_type=image/jpeg media_upload_handle=null suspicious_content=0 width=416 file_length=14488
02-11 16:02:08.387 19752 19797 E SQLiteDatabase: android.database.sqlite.SQLiteConstraintException: UNIQUE constraint failed: message_media.message_row_id (code 1555)
02-11 16:02:08.387 19752 19797 E SQLiteDatabase: at android.database.sqlite.SQLiteConnection.nativeExecuteForLastInsertedRowId(Native Method)
02-11 16:02:08.387 19752 19797 E SQLiteDatabase: at android.database.sqlite.SQLiteConnection.executeForLastInsertedRowId(SQLiteConnecti on.java:790)
02-11 16:02:08.387 19752 19797 E SQLiteDatabase: at android.database.sqlite.SQLiteSession.executeForLastInsertedRowId(SQLiteSession.jav a:788)
02-11 16:02:08.387 19752 19797 E SQLiteDatabase: at android.database.sqlite.SQLiteStatement.executeInsert(SQLiteStatement.java:86)
02-11 16:02:08.387 19752 19797 E SQLiteDatabase: at android.database.sqlite.SQLiteDatabase.insertWithOnConflict(SQLiteDatabase.java:154 8)
02-11 16:02:08.387 19752 19797 E SQLiteDatabase: at android.database.sqlite.SQLiteDatabase.insert(SQLiteDatabase.java:1417)
02-11 16:02:08.387 19752 19797 E SQLiteDatabase: at X.2tm.A08(Unknown Source:6)
02-11 16:02:08.387 19752 19797 E SQLiteDatabase: at X.35Y.A07(Unknown Source:212)
02-11 16:02:08.387 19752 19797 E SQLiteDatabase: at X.3QF.A14(Unknown Source:470)
02-11 16:02:08.387 19752 19797 E SQLiteDatabase: at X.3gU.run(Unknown Source:982)
02-11 16:02:08.387 19752 19797 E SQLiteDatabase: at android.os.Handler.handleCallback(Handler.java:790)
02-11 16:02:08.387 19752 19797 E SQLiteDatabase: at android.os.Handler.dispatchMessage(Handler.java:99)
02-11 16:02:08.387 19752 19797 E SQLiteDatabase: at X.0zq.dispatchMessage(Unknown Source:4)
02-11 16:02:08.387 19752 19797 E SQLiteDatabase: at android.os.Looper.loop(Looper.java:164)
02-11 16:02:08.387 19752 19797 E SQLiteDatabase: at android.os.HandlerThread.run(HandlerThread.java:65)
02-11 16:02:08.880 19752 19888 W Adreno-EGL: <qeglDrvAPI_eglGetConfigAttrib:612>: EGL_BAD_ATTRIBUTE
02-11 16:02:09.556 19752 19888 W Adreno-EGL: <qeglDrvAPI_eglGetConfigAttrib:612>: EGL_BAD_ATTRIBUTE
02-11 16:02:09.582 19752 19888 W Adreno-EGL: <qeglDrvAPI_eglGetConfigAttrib:612>: EGL_BAD_ATTRIBUTE
02-11 16:02:09.684 19752 19888 W Adreno-EGL: <qeglDrvAPI_eglGetConfigAttrib:612>: EGL_BAD_ATTRIBUTE
02-11 16:02:09.718 19752 19888 W Adreno-EGL: <qeglDrvAPI_eglGetConfigAttrib:612>: EGL_BAD_ATTRIBUTE
02-11 16:02:09.750 19752 19888 W Adreno-EGL: <qeglDrvAPI_eglGetConfigAttrib:612>: EGL_BAD_ATTRIBUTE
02-11 16:02:09.817 19752 19888 W Adreno-EGL: <qeglDrvAPI_eglGetConfigAttrib:612>: EGL_BAD_ATTRIBUTE
02-11 16:02:09.851 19752 19888 W Adreno-EGL: <qeglDrvAPI_eglGetConfigAttrib:612>: EGL_BAD_ATTRIBUTE
02-11 16:02:10.807 19752 19888 W Adreno-ES20: <core_glFinish:34>: glFinish skipped: 0
02-11 16:02:10.809 19752 19888 W Adreno-ES20: <core_glFinish:34>: glFinish skipped: 0
02-11 16:02:26.695 19752 19752 W StaticLayout: maxLineHeight should not be -1. maxLines:1 lineCount:1
02-11 16:02:26.696 19752 19752 W StaticLayout: maxLineHeight should not be -1. maxLines:1 lineCount:1
02-11 16:02:27.842 19752 19888 W Adreno-ES20: <core_glFinish:34>: glFinish skipped: 0
02-11 16:02:28.193 19752 19888 W Adreno-ES20: <core_glFinish:34>: glFinish skipped: 0
02-11 16:02:29.980 19752 19888 W Adreno-ES20: <core_glFinish:34>: glFinish skipped: 0
02-11 16:02:29.981 19752 19888 W Adreno-ES20: <core_glFinish:34>: glFinish skipped: 0 --------- beginning of main
02-11 16:59:23.979 26690 26690 W System.err: java.lang.ClassNotFoundException: mbmodsd.mbmodsw.ui.views.btn.BtnBK
02-11 16:59:23.979 26690 26690 W System.err: at java.lang.VMClassLoader.findLoadedClass(Native Method)
02-11 16:59:23.979 26690 26690 W System.err: at java.lang.ClassLoader.findLoadedClass(ClassLoader.java:738)
02-11 16:59:23.979 26690 26690 W System.err: at java.lang.ClassLoader.loadClass(ClassLoader.java:363)
02-11 16:59:23.979 26690 26690 W System.err: at java.lang.ClassLoader.loadClass(ClassLoader.java:312)
02-11 16:59:23.979 26690 26690 W System.err: at java.lang.Runtime.nativeLoad(Native Method)
02-11 16:59:23.979 26690 26690 W System.err: at java.lang.Runtime.doLoad(Runtime.java:1099)
02-11 16:59:23.979 26690 26690 W System.err: at java.lang.Runtime.loadLibrary0(Runtime.java:1014)
02-11 16:59:23.979 26690 26690 W System.err: at java.lang.System.loadLibrary(System.java:1657)
02-11 16:59:23.979 26690 26690 W System.err: at arm.EpicVm.<clinit>(Unknown Source:2)
02-11 16:59:23.979 26690 26690 W System.err: at java.lang.Class.newInstance(Native Method)
02-11 16:59:23.979 26690 26690 W System.err: at android.app.Instrumentation.newApplication(Instrumentation.java:1140)
02-11 16:59:23.979 26690 26690 W System.err: at android.app.Instrumentation.newApplication(Instrumentation.java:1125)
02-11 16:59:23.979 26690 26690 W System.err: at android.app.LoadedApk.makeApplication(LoadedApk.java:983)
02-11 16:59:23.979 26690 26690 W System.err: at android.app.ActivityThread.handleBindApplication(ActivityThread.java:5751)
02-11 16:59:23.979 26690 26690 W System.err: at android.app.ActivityThread.- wrap1(Unknown Source:0)
02-11 16:59:23.979 26690 26690 W System.err: at android.app.ActivityThread$H.handleMessage(ActivityThread.java:1680)
02-11 16:59:23.979 26690 26690 W System.err: at android.os.Handler.dispatchMessage(Handler.java:106)
02-11 16:59:23.979 26690 26690 W System.err: at android.os.Looper.loop(Looper.java:164)
02-11 16:59:23.979 26690 26690 W System.err: at android.app.ActivityThread.main(ActivityThread.java:6539)
02-11 16:59:23.979 26690 26690 W System.err: at java.lang.reflect.Method.invoke(Native Method)
02-11 16:59:23.979 26690 26690 W System.err: at com.android.internal.os.RuntimeInit$MethodAndArgsCaller.run(RuntimeInit.java:438)
02-11 16:59:23.979 26690 26690 W System.err: at com.android.internal.os.ZygoteInit.main(ZygoteInit.java:807)
02-11 16:59:23.980 26690 26690 W System.err: Caused by: java.lang.NoClassDefFoundError: Failed resolution of: Lcom/whatsapp/components/Button;
02-11 16:59:23.980 26690 26690 W System.err: ... 18 more
02-11 16:59:23.980 26690 26690 W System.err: Caused by: java.lang.ClassNotFoundException: Didn't find class "com.whatsapp.components.Button" on path: DexPathList[[zip file "/data/app/com.whatsapp-UEj3oGZH85olLjPuviRrSA==/base.apk"],nativeLibraryDirectorie s=[/data/app/com.whatsapp-UEj3oGZH85olLjPuviRrSA==/lib/arm, /data/app/com.whatsapp- UEj3oGZH85olLjPuviRrSA==/base.apk!/lib/armeabi-v7a, /system/lib, /vendor/lib]]
02-11 16:59:23.980 26690 26690 W System.err: at dalvik.system.BaseDexClassLoader.findClass(BaseDexClassLoader.java:125)
02-11 16:59:23.980 26690 26690 W System.err: at java.lang.ClassLoader.loadClass(ClassLoader.java:379)
02-11 16:59:23.980 26690 26690 W System.err: at java.lang.ClassLoader.loadClass(ClassLoader.java:312)
02-11 16:59:23.980 26690 26690 W System.err: ... 18 more
02-11 16:59:24.074 26690 26690 E CustomActivityOnCrash: IMPORTANT WARNING! You already have an UncaughtExceptionHandler, are you sure this is correct? If you use a custom UncaughtExceptionHandler, you must initialize it AFTER CustomActivityOnCrash! Installing anyway, but your original handler will not be called.
02-11 16:59:25.151 26690 26747 W zygote : Class X.2rL failed lock verification and will run slower.
02-11 16:59:25.151 26690 26747 W zygote : Common causes for lock verification issues are non-optimized dex code
02-11 16:59:25.152 26690 26747 W zygote : and incorrect proguard optimizations.
02-11 16:59:25.155 26690 26690 W zygote : Class X.0eU failed lock verification and will run slower.
02-11 16:59:25.409 26690 26690 W zygote : Verification of void X.5pH.A1Z(android.os.Bundle) took 142.222ms
02-11 16:59:26.694 26690 26690 E ArmVmp : Match on catch block at 0x0a in for 0xb5
02-11 16:59:26.710 26690 26690 E ArmVmp : Match on catch block at 0x0a in for 0xb5
02-11 16:59:26.933 26690 26690 W RenderThread: type=1400 audit(0.0:303735): avc: denied { search } for name="kgsl-3d0" dev="sysfs" ino=20173 scontext=u:r:untrusted_app:s0:c512,c768 tcontext=u:object_r:sysfs_kgsl:s0 tclass=dir permissive=0
02-11 16:59:26.948 26690 26775 W Adreno-ES20: <get_gpu_clk:229>: open failed: errno 13
02-11 16:59:26.951 26690 26775 W Adreno-EGL: <qeglDrvAPI_eglGetConfigAttrib:612>: EGL_BAD_ATTRIBUTE
02-11 16:59:26.954 26690 26775 W Adreno-EGL: <qeglDrvAPI_eglGetConfigAttrib:612>: EGL_BAD_ATTRIBUTE
02-11 16:59:27.431 26690 26690 E ArmVmp : Match on catch block at 0xc3 in for 0xa1
02-11 16:59:27.450 26690 26690 E ArmVmp : Match on catch block at 0xc3 in for 0xa1
02-11 16:59:27.527 26690 26690 E ArmVmp : Match on catch block at 0xc3 in for 0x91
02-11 16:59:27.532 26690 26690 E ArmVmp : Match on catch block at 0xc3 in for 0x99
02-11 16:59:27.535 26690 26690 E ArmVmp : Match on catch block at 0xc3 in for 0x99
02-11 16:59:27.709 26690 26690 E ArmVmp : Match on catch block at 0xc3 in for 0x99
02-11 16:59:27.714 26690 26690 E ArmVmp : Match on catch block at 0xc3 in for 0x91
02-11 16:59:27.719 26690 26690 E ArmVmp : Match on catch block at 0xc3 in for 0x91
02-11 16:59:27.771 26690 26690 E ArmVmp : Match on catch block at 0xc3 in for 0x91
02-11 16:59:27.777 26690 26690 E ArmVmp : Match on catch block at 0xc3 in for 0x95
02-11 16:59:27.784 26690 26690 E ArmVmp : Match on catch block at 0xc3 in for 0x95
02-11 16:59:27.796 26690 26690 E ArmVmp : Match on catch block at 0xc3 in for 0x99
02-11 16:59:27.804 26690 26690 E ArmVmp : Match on catch block at 0xc3 in for 0x91
02-11 16:59:27.816 26690 26690 E ArmVmp : Match on catch block at 0xc3 in for 0x91
02-11 16:59:27.830 26690 26690 E ArmVmp : Match on catch block at 0xc3 in for 0x95
02-11 16:59:27.836 26690 26690 E ArmVmp : Match on catch block at 0xc3 in for 0x99
02-11 16:59:27.839 26690 26690 E ArmVmp : Match on catch block at 0xc3 in for 0x99
02-11 16:59:27.848 26690 26690 E ArmVmp : Match on catch block at 0xc3 in for 0x91
02-11 16:59:27.854 26690 26690 E ArmVmp : Match on catch block at 0xc3 in for 0x95
02-11 16:59:27.857 26690 26690 E ArmVmp : Match on catch block at 0xc3 in for 0x95
02-11 16:59:27.864 26690 26690 E ArmVmp : Match on catch block at 0xc3 in for 0x99
02-11 16:59:27.869 26690 26690 E ArmVmp : Match on catch block at 0xc3 in for 0x91
02-11 16:59:27.872 26690 26690 E ArmVmp : Match on catch block at 0xc3 in for 0x91
02-11 16:59:27.881 26690 26690 E ArmVmp : Match on catch block at 0xc3 in for 0x95
02-11 16:59:27.890 26690 26690 E ArmVmp : Match on catch block at 0xc3 in for 0x99
02-11 16:59:27.893 26690 26690 E ArmVmp : Match on catch block at 0xc3 in for 0x99
02-11 16:59:27.913 26690 26690 E ArmVmp : Match on catch block at 0xc3 in for 0x91
02-11 16:59:27.918 26690 26690 E ArmVmp : Match on catch block at 0xc3 in for 0x95
02-11 16:59:27.921 26690 26690 E ArmVmp : Match on catch block at 0xc3 in for 0x95
02-11 16:59:27.932 26690 26690 E ArmVmp : Match on catch block at 0xc3 in for 0x99
02-11 16:59:27.936 26690 26690 E ArmVmp : Match on catch block at 0xc3 in for 0x91
02-11 16:59:27.940 26690 26690 E ArmVmp : Match on catch block at 0xc3 in for 0x91
02-11 16:59:27.947 26690 26690 E ArmVmp : Match on catch block at 0xc3 in for 0x95
02-11 16:59:27.952 26690 26690 E ArmVmp : Match on catch block at 0xc3 in for 0x99
02-11 16:59:27.955 26690 26690 E ArmVmp : Match on catch block at 0xc3 in for 0x99
02-11 16:59:27.964 26690 26690 E ArmVmp : Match on catch block at 0xc3 in for 0x91
02-11 16:59:27.968 26690 26690 E ArmVmp : Match on catch block at 0xc3 in for 0x95
02-11 16:59:27.972 26690 26690 E ArmVmp : Match on catch block at 0xc3 in for 0x95
02-11 16:59:27.981 26690 26690 E ArmVmp : Match on catch block at 0xc3 in for 0x99
02-11 16:59:27.986 26690 26690 E ArmVmp : Match on catch block at 0xc3 in for 0x91
02-11 16:59:27.989 26690 26690 E ArmVmp : Match on catch block at 0xc3 in for 0x91
02-11 16:59:27.998 26690 26690 E ArmVmp : Match on catch block at 0xc3 in for 0x95
02-11 16:59:28.003 26690 26690 E ArmVmp : Match on catch block at 0xc3 in for 0x99
02-11 16:59:28.006 26690 26690 E ArmVmp : Match on catch block at 0xc3 in for 0x99
02-11 16:59:28.013 26690 26690 E ArmVmp : Match on catch block at 0xc3 in for 0x91
02-11 16:59:28.018 26690 26690 E ArmVmp : Match on catch block at 0xc3 in for 0x95
02-11 16:59:28.021 26690 26690 E ArmVmp : Match on catch block at 0xc3 in for 0x95
02-11 16:59:28.031 26690 26690 E ArmVmp : Match on catch block at 0xc3 in for 0x99
02-11 16:59:28.036 26690 26690 E ArmVmp : Match on catch block at 0xc3 in for 0x91
02-11 16:59:28.039 26690 26690 E ArmVmp : Match on catch block at 0xc3 in for 0x91
02-11 16:59:28.047 26690 26690 E ArmVmp : Match on catch block at 0xc3 in for 0x95
02-11 16:59:28.052 26690 26690 E ArmVmp : Match on catch block at 0xc3 in for 0x99
02-11 16:59:28.056 26690 26690 E ArmVmp : Match on catch block at 0xc3 in for 0x99
02-11 16:59:28.064 26690 26690 E ArmVmp : Match on catch block at 0xc3 in for 0x91
02-11 16:59:28.069 26690 26690 E ArmVmp : Match on catch block at 0xc3 in for 0x95
02-11 16:59:28.072 26690 26690 E ArmVmp : Match on catch block at 0xc3 in for 0x95
02-11 16:59:28.081 26690 26690 E ArmVmp : Match on catch block at 0xc3 in for 0x99
02-11 16:59:28.085 26690 26690 E ArmVmp : Match on catch block at 0xc3 in for 0x91
02-11 16:59:28.088 26690 26690 E ArmVmp : Match on catch block at 0xc3 in for 0x91
02-11 16:59:28.164 26690 26690 E ArmVmp : Match on catch block at 0xc3 in for 0x95
02-11 16:59:28.170 26690 26690 E ArmVmp : Match on catch block at 0xc3 in for 0x99
02-11 16:59:28.173 26690 26690 E ArmVmp : Match on catch block at 0xc3 in for 0x99
02-11 16:59:28.682 26690 26690 E ArmVmp : Match on catch block at 0xc3 in for 0x91
02-11 16:59:28.700 26690 26690 E ArmVmp : Match on catch block at 0xc3 in for 0x95
02-11 16:59:28.707 26690 26690 E ArmVmp : Match on catch block at 0xc3 in for 0x95
02-11 16:59:29.183 26690 26690 E ArmVmp : Match on catch block at 0xc3 in for 0x99
02-11 16:59:29.191 26690 26690 E ArmVmp : Match on catch block at 0xc3 in for 0x91
02-11 16:59:29.195 26690 26690 E ArmVmp : Match on catch block at 0xc3 in for 0x91
02-11 16:59:29.283 26690 26690 E ArmVmp : Match on catch block at 0xc3 in for 0x95
02-11 16:59:29.288 26690 26690 E ArmVmp : Match on catch block at 0xc3 in for 0x99
02-11 16:59:29.291 26690 26690 E ArmVmp : Match on catch block at 0xc3 in for 0x99
02-11 16:59:29.301 26690 26690 E ArmVmp : Match on catch block at 0xc3 in for 0x91
02-11 16:59:29.307 26690 26690 E ArmVmp : Match on catch block at 0xc3 in for 0x95
02-11 16:59:29.311 26690 26690 E ArmVmp : Match on catch block at 0xc3 in for 0x95
02-11 16:59:29.327 26690 26690 E ArmVmp : Match on catch block at 0xc3 in for 0x99
02-11 16:59:29.333 26690 26690 E ArmVmp : Match on catch block at 0xc3 in for 0x91
02-11 16:59:29.340 26690 26690 E ArmVmp : Match on catch block at 0xc3 in for 0x91
02-11 16:59:29.357 26690 26690 E ArmVmp : Match on catch block at 0xc3 in for 0x95
02-11 16:59:29.369 26690 26690 E ArmVmp : Match on catch block at 0xc3 in for 0x99
02-11 16:59:29.374 26690 26690 E ArmVmp : Match on catch block at 0xc3 in for 0x99
02-11 16:59:29.385 26690 26690 E ArmVmp : Match on catch block at 0xc3 in for 0x91
02-11 16:59:29.392 26690 26690 E ArmVmp : Match on catch block at 0xc3 in for 0x95
02-11 16:59:29.395 26690 26690 E ArmVmp : Match on catch block at 0xc3 in for 0x95
02-11 16:59:29.405 26690 26690 E ArmVmp : Match on catch block at 0xc3 in for 0x99
02-11 16:59:29.410 26690 26690 E ArmVmp : Match on catch block at 0xc3 in for 0x91
02-11 16:59:29.413 26690 26690 E ArmVmp : Match on catch block at 0xc3 in for 0x91
02-11 16:59:29.422 26690 26690 E ArmVmp : Match on catch block at 0xc3 in for 0x95
02-11 16:59:29.436 26690 26690 E ArmVmp : Match on catch block at 0xc3 in for 0x99
02-11 16:59:29.442 26690 26690 E ArmVmp : Match on catch block at 0xc3 in for 0x99
02-11 16:59:29.457 26690 26690 E ArmVmp : Match on catch block at 0xc3 in for 0x91
02-11 16:59:29.462 26690 26690 E ArmVmp : Match on catch block at 0xc3 in for 0x95
02-11 16:59:29.470 26690 26690 E ArmVmp : Match on catch block at 0xc3 in for 0x95
02-11 16:59:29.481 26690 26690 E ArmVmp : Match on catch block at 0xc3 in for 0x99
02-11 16:59:29.489 26690 26690 E ArmVmp : Match on catch block at 0xc3 in for 0x91
02-11 16:59:29.494 26690 26690 E ArmVmp : Match on catch block at 0xc3 in for 0x91
02-11 16:59:29.502 26690 26690 E ArmVmp : Match on catch block at 0xc3 in for 0x95
02-11 16:59:29.508 26690 26690 E ArmVmp : Match on catch block at 0xc3 in for 0x99
02-11 16:59:29.511 26690 26690 E ArmVmp : Match on catch block at 0xc3 in for 0x99
02-11 16:59:29.520 26690 26690 E ArmVmp : Match on catch block at 0xc3 in for 0x91
02-11 16:59:29.525 26690 26690 E ArmVmp : Match on catch block at 0xc3 in for 0x95
02-11 16:59:29.529 26690 26690 E ArmVmp : Match on catch block at 0xc3 in for 0x95
02-11 16:59:29.534 26690 26690 E ArmVmp : Match on catch block at 0xc3 in for 0x99
02-11 16:59:29.544 26690 26690 E ArmVmp : Match on catch block at 0xc3 in for 0x91
02-11 16:59:29.550 26690 26690 E ArmVmp : Match on catch block at 0xc3 in for 0x91
02-11 16:59:29.685 26690 26690 E ArmVmp : Match on catch block at 0xc3 in for 0x95
02-11 16:59:29.690 26690 26690 E ArmVmp : Match on catch block at 0xc3 in for 0x99
02-11 16:59:29.693 26690 26690 E ArmVmp : Match on catch block at 0xc3 in for 0x99
02-11 16:59:30.187 26690 26690 E ArmVmp : Match on catch block at 0xc3 in for 0x99
02-11 16:59:30.198 26690 26690 E ArmVmp : Match on catch block at 0xc3 in for 0x91
02-11 16:59:30.203 26690 26690 E ArmVmp : Match on catch block at 0xc3 in for 0x91
02-11 16:59:30.688 26690 26690 E ArmVmp : Match on catch block at 0xc3 in for 0x95
02-11 16:59:30.696 26690 26690 E ArmVmp : Match on catch block at 0xc3 in for 0x99
02-11 16:59:30.700 26690 26690 E ArmVmp : Match on catch block at 0xc3 in for 0x99
02-11 16:59:31.190 26690 26690 E ArmVmp : Match on catch block at 0xc3 in for 0x91
02-11 16:59:31.202 26690 26690 E ArmVmp : Match on catch block at 0xc3 in for 0x95
02-11 16:59:31.210 26690 26690 E ArmVmp : Match on catch block at 0xc3 in for 0x95
02-11 16:59:31.689 26690 26690 E ArmVmp : Match on catch block at 0xc3 in for 0x99
02-11 16:59:31.694 26690 26690 E ArmVmp : Match on catch block at 0xc3 in for 0x91
02-11 16:59:31.698 26690 26690 E ArmVmp : Match on catch block at 0xc3 in for 0x91
02-11 16:59:32.191 26690 26690 E ArmVmp : Match on catch block at 0xc3 in for 0x95
02-11 16:59:32.195 26690 26690 E ArmVmp : Match on catch block at 0xc3 in for 0x99
02-11 16:59:32.202 26690 26690 E ArmVmp : Match on catch block at 0xc3 in for 0x99
02-11 16:59:32.692 26690 26690 E ArmVmp : Match on catch block at 0xc3 in for 0x91
02-11 16:59:32.697 26690 26690 E ArmVmp : Match on catch block at 0xc3 in for 0x95
02-11 16:59:32.711 26690 26690 E ArmVmp : Match on catch block at 0xc3 in for 0x95
02-11 16:59:32.892 26690 26690 E ArmVmp : Match on catch block at 0xc3 in for 0x99
02-11 16:59:32.903 26690 26690 E ArmVmp : Match on catch block at 0xc3 in for 0x91
02-11 16:59:32.908 26690 26690 E ArmVmp : Match on catch block at 0xc3 in for 0x91
02-11 16:59:33.992 26690 26690 E ArmVmp : Match on catch block at 0xc3 in for 0x91
02-11 16:59:33.997 26690 26690 E ArmVmp : Match on catch block at 0xc3 in for 0x95
02-11 16:59:34.028 26690 26690 E ArmVmp : Match on catch block at 0xc3 in for 0x95
02-11 16:59:34.035 26690 26690 E ArmVmp : Match on catch block at 0xc3 in for 0x99
02-11 16:59:34.039 26690 26690 E ArmVmp : Match on catch block at 0xc3 in for 0x99
02-11 16:59:34.049 26690 26690 E ArmVmp : Match on catch block at 0xc3 in for 0x91
02-11 16:59:34.065 26690 26690 E ArmVmp : Match on catch block at 0xc3 in for 0x95
02-11 16:59:34.079 26690 26690 E ArmVmp : Match on catch block at 0xc3 in for 0x95
02-11 16:59:34.104 26690 26690 E ArmVmp : Match on catch block at 0xc3 in for 0x99
02-11 16:59:34.113 26690 26690 E ArmVmp : Match on catch block at 0xc3 in for 0x91
02-11 16:59:34.117 26690 26690 E ArmVmp : Match on catch block at 0xc3 in for 0x91
02-11 16:59:34.123 26690 26690 E ArmVmp : Match on catch block at 0xc3 in for 0x95
02-11 16:59:34.135 26690 26690 E ArmVmp : Match on catch block at 0xc3 in for 0x99
02-11 16:59:34.139 26690 26690 E ArmVmp : Match on catch block at 0xc3 in for 0x99
02-11 16:59:34.146 26690 26690 E ArmVmp : Match on catch block at 0xc3 in for 0x91
02-11 16:59:34.153 26690 26690 E ArmVmp : Match on catch block at 0xc3 in for 0x95
02-11 16:59:34.157 26690 26690 E ArmVmp : Match on catch block at 0xc3 in for 0x95
02-11 16:59:34.164 26690 26690 E ArmVmp : Match on catch block at 0xc3 in for 0x99
02-11 16:59:34.169 26690 26690 E ArmVmp : Match on catch block at 0xc3 in for 0x91
02-11 16:59:34.172 26690 26690 E ArmVmp : Match on catch block at 0xc3 in for 0x91
02-11 16:59:34.191 26690 26690 E ArmVmp : Match on catch block at 0xc3 in for 0x95
02-11 16:59:34.198 26690 26690 E ArmVmp : Match on catch block at 0xc3 in for 0x99
02-11 16:59:34.202 26690 26690 E ArmVmp : Match on catch block at 0xc3 in for 0x99
02-11 16:59:34.209 26690 26690 E ArmVmp : Match on catch block at 0xc3 in for 0x91
02-11 16:59:34.217 26690 26690 E ArmVmp : Match on catch block at 0xc3 in for 0x95
02-11 16:59:34.222 26690 26690 E ArmVmp : Match on catch block at 0xc3 in for 0x95
02-11 16:59:34.229 26690 26690 E ArmVmp : Match on catch block at 0xc3 in for 0x99
02-11 16:59:34.236 26690 26690 E ArmVmp : Match on catch block at 0xc3 in for 0x91
02-11 16:59:34.239 26690 26690 E ArmVmp : Match on catch block at 0xc3 in for 0x91
02-11 16:59:34.250 26690 26690 E ArmVmp : Match on catch block at 0xc3 in for 0x95
02-11 16:59:34.256 26690 26690 E ArmVmp : Match on catch block at 0xc3 in for 0x99
02-11 16:59:34.260 26690 26690 E ArmVmp : Match on catch block at 0xc3 in for 0x99
02-11 16:59:34.266 26690 26690 E ArmVmp : Match on catch block at 0xc3 in for 0x91
02-11 16:59:34.271 26690 26690 E ArmVmp : Match on catch block at 0xc3 in for 0x95
02-11 16:59:34.274 26690 26690 E ArmVmp : Match on catch block at 0xc3 in for 0x95
02-11 16:59:34.282 26690 26690 E ArmVmp : Match on catch block at 0xc3 in for 0x99
02-11 16:59:34.287 26690 26690 E ArmVmp : Match on catch block at 0xc3 in for 0x91
02-11 16:59:34.291 26690 26690 E ArmVmp : Match on catch block at 0xc3 in for 0x91
02-11 16:59:34.330 26690 26690 E ArmVmp : Match on catch block at 0xc3 in for 0x99
02-11 16:59:34.340 26690 26690 E ArmVmp : Match on catch block at 0xc3 in for 0x91
02-11 16:59:34.344 26690 26690 E ArmVmp : Match on catch block at 0xc3 in for 0x91
02-11 16:59:34.354 26690 26690 E ArmVmp : Match on catch block at 0xc3 in for 0x95
02-11 16:59:34.363 26690 26690 E ArmVmp : Match on catch block at 0xc3 in for 0x99
02-11 16:59:34.367 26690 26690 E ArmVmp : Match on catch block at 0xc3 in for 0x99
02-11 16:59:35.263 26690 26690 E ArmVmp : Match on catch block at 0xc3 in for 0x99
02-11 16:59:35.270 26690 26690 E ArmVmp : Match on catch block at 0xc3 in for 0x91
02-11 16:59:35.274 26690 26690 E ArmVmp : Match on catch block at 0xc3 in for 0x91
02-11 16:59:35.318 26690 26690 E ArmVmp : Match on catch block at 0xc3 in for 0x95
02-11 16:59:35.323 26690 26690 E ArmVmp : Match on catch block at 0xc3 in for 0x99
02-11 16:59:35.327 26690 26690 E ArmVmp : Match on catch block at 0xc3 in for 0x99
02-11 16:59:36.857 26690 26690 E ArmVmp : Match on catch block at 0xc3 in for 0x91
02-11 16:59:36.863 26690 26690 E ArmVmp : Match on catch block at 0xc3 in for 0x95
02-11 16:59:36.867 26690 26690 E ArmVmp : Match on catch block at 0xc3 in for 0x95
02-11 16:59:37.126 26690 26690 E ArmVmp : Match on catch block at 0xc3 in for 0x99
02-11 16:59:37.132 26690 26690 E ArmVmp : Match on catch block at 0xc3 in for 0x91
02-11 16:59:37.137 26690 26690 E ArmVmp : Match on catch block at 0xc3 in for 0x91
02-11 16:59:37.143 26690 26690 E ArmVmp : Match on catch block at 0xc3 in for 0x95
02-11 16:59:37.154 26690 26690 E ArmVmp : Match on catch block at 0xc3 in for 0x99
02-11 16:59:37.158 26690 26690 E ArmVmp : Match on catch block at 0xc3 in for 0x99
02-11 16:59:37.179 26690 26690 E ArmVmp : Match on catch block at 0xc3 in for 0x91
02-11 16:59:37.194 26690 26690 E ArmVmp : Match on catch block at 0xc3 in for 0x95
02-11 16:59:37.215 26690 26690 E ArmVmp : Match on catch block at 0xc3 in for 0x95
02-11 16:59:37.224 26690 26690 E ArmVmp : Match on catch block at 0xc3 in for 0x99
02-11 16:59:37.239 26690 26690 E ArmVmp : Match on catch block at 0xc3 in for 0x91
02-11 16:59:37.248 26690 26690 E ArmVmp : Match on catch block at 0xc3 in for 0x91
02-11 16:59:37.266 26690 26690 E ArmVmp : Match on catch block at 0xc3 in for 0x95
02-11 16:59:37.279 26690 26690 E ArmVmp : Match on catch block at 0xc3 in for 0x99
02-11 16:59:37.283 26690 26690 E ArmVmp : Match on catch block at 0xc3 in for 0x99
02-11 16:59:37.291 26690 26690 E ArmVmp : Match on catch block at 0xc3 in for 0x91
02-11 16:59:37.298 26690 26690 E ArmVmp : Match on catch block at 0xc3 in for 0x95
02-11 16:59:37.302 26690 26690 E ArmVmp : Match on catch block at 0xc3 in for 0x95
02-11 16:59:37.309 26690 26690 E ArmVmp : Match on catch block at 0xc3 in for 0x99
02-11 16:59:37.314 26690 26690 E ArmVmp : Match on catch block at 0xc3 in for 0x91
02-11 16:59:37.318 26690 26690 E ArmVmp : Match on catch block at 0xc3 in for 0x91
02-11 16:59:37.339 26690 26690 E ArmVmp : Match on catch block at 0xc3 in for 0x95
02-11 16:59:37.345 26690 26690 E ArmVmp : Match on catch block at 0xc3 in for 0x99
02-11 16:59:37.366 26690 26690 E ArmVmp : Match on catch block at 0xc3 in for 0x99
02-11 16:59:37.422 26690 26690 E ArmVmp : Match on catch block at 0xc3 in for 0x91
02-11 16:59:37.428 26690 26690 E ArmVmp : Match on catch block at 0xc3 in for 0x95
02-11 16:59:37.433 26690 26690 E ArmVmp : Match on catch block at 0xc3 in for 0x95
02-11 16:59:38.457 26690 26690 E ArmVmp : Match on catch block at 0xc3 in for 0x95
02-11 16:59:38.483 26690 26690 E ArmVmp : Match on catch block at 0xc3 in for 0x99
02-11 16:59:38.490 26690 26690 E ArmVmp : Match on catch block at 0xc3 in for 0x99
02-11 16:59:38.500 26690 26690 E ArmVmp : Match on catch block at 0xc3 in for 0x91
02-11 16:59:38.534 26690 26690 E ArmVmp : Match on catch block at 0xc3 in for 0x95
02-11 16:59:38.539 26690 26690 E ArmVmp : Match on catch block at 0xc3 in for 0x95
02-11 16:59:38.553 26690 26690 E ArmVmp : Match on catch block at 0xc3 in for 0x99
02-11 16:59:38.560 26690 26690 E ArmVmp : Match on catch block at 0xc3 in for 0x91
02-11 16:59:38.564 26690 26690 E ArmVmp : Match on catch block at 0xc3 in for 0x91
02-11 16:59:38.577 26690 26690 E ArmVmp : Match on catch block at 0xc3 in for 0x95
02-11 16:59:38.582 26690 26690 E ArmVmp : Match on catch block at 0xc3 in for 0x99
02-11 16:59:38.585 26690 26690 E ArmVmp : Match on catch block at 0xc3 in for 0x99
02-11 16:59:38.591 26690 26690 E ArmVmp : Match on catch block at 0xc3 in for 0x91
02-11 16:59:38.596 26690 26690 E ArmVmp : Match on catch block at 0xc3 in for 0x95
02-11 16:59:38.599 26690 26690 E ArmVmp : Match on catch block at 0xc3 in for 0x95
02-11 16:59:38.611 26690 26690 E ArmVmp : Match on catch block at 0xc3 in for 0x99
02-11 16:59:38.618 26690 26690 E ArmVmp : Match on catch block at 0xc3 in for 0x91
02-11 16:59:38.621 26690 26690 E ArmVmp : Match on catch block at 0xc3 in for 0x91
02-11 16:59:38.628 26690 26690 E ArmVmp : Match on catch block at 0xc3 in for 0x95
02-11 16:59:38.634 26690 26690 E ArmVmp : Match on catch block at 0xc3 in for 0x99
02-11 16:59:38.636 26690 26690 E ArmVmp : Match on catch block at 0xc3 in for 0x99
02-11 16:59:38.642 26690 26690 E ArmVmp : Match on catch block at 0xc3 in for 0x91
02-11 16:59:38.647 26690 26690 E ArmVmp : Match on catch block at 0xc3 in for 0x95
02-11 16:59:38.651 26690 26690 E ArmVmp : Match on catch block at 0xc3 in for 0x95
02-11 16:59:38.658 26690 26690 E ArmVmp : Match on catch block at 0xc3 in for 0x99
02-11 16:59:38.662 26690 26690 E ArmVmp : Match on catch block at 0xc3 in for 0x91
02-11 16:59:38.666 26690 26690 E ArmVmp : Match on catch block at 0xc3 in for 0x91
02-11 16:59:38.674 26690 26690 E ArmVmp : Match on catch block at 0xc3 in for 0x95
02-11 16:59:38.680 26690 26690 E ArmVmp : Match on catch block at 0xc3 in for 0x99
02-11 16:59:38.683 26690 26690 E ArmVmp : Match on catch block at 0xc3 in for 0x99
02-11 16:59:38.691 26690 26690 E ArmVmp : Match on catch block at 0xc3 in for 0x91
02-11 16:59:38.697 26690 26690 E ArmVmp : Match on catch block at 0xc3 in for 0x95
02-11 16:59:38.699 26690 26690 E ArmVmp : Match on catch block at 0xc3 in for 0x95
02-11 16:59:38.709 26690 26690 E ArmVmp : Match on catch block at 0xc3 in for 0x99
02-11 16:59:38.713 26690 26690 E ArmVmp : Match on catch block at 0xc3 in for 0x91
02-11 16:59:38.716 26690 26690 E ArmVmp : Match on catch block at 0xc3 in for 0x91
02-11 16:59:43.665 26690 26690 E ArmVmp : Match on catch block at 0xc3 in for 0x99
02-11 16:59:43.675 26690 26690 E ArmVmp : Match on catch block at 0xc3 in for 0x91
02-11 16:59:43.686 26690 26690 E ArmVmp : Match on catch block at 0xc3 in for 0x91
02-11 16:59:44.172 26690 26690 E ArmVmp : Match on catch block at 0xc3 in for 0x95
02-11 16:59:44.177 26690 26690 E ArmVmp : Match on catch block at 0xc3 in for 0x99
02-11 16:59:44.181 26690 26690 E ArmVmp : Match on catch block at 0xc3 in for 0x99
02-11 16:59:44.672 26690 26690 E ArmVmp : Match on catch block at 0xc3 in for 0x99
02-11 16:59:44.680 26690 26690 E ArmVmp : Match on catch block at 0xc3 in for 0x91
02-11 16:59:44.686 26690 26690 E ArmVmp : Match on catch block at 0xc3 in for 0x91
02-11 16:59:44.890 26690 26690 E ArmVmp : Match on catch block at 0xc3 in for 0x95
02-11 16:59:44.901 26690 26690 E ArmVmp : Match on catch block at 0xc3 in for 0x99
02-11 16:59:44.905 26690 26690 E ArmVmp : Match on catch block at 0xc3 in for 0x99 --------- beginning of system
02-11 16:59:44.985 26690 26690 E ArmVmp : Match on catch block at 0xc3 in for 0x99
02-11 16:59:44.995 26690 26690 E ArmVmp : Match on catch block at 0xc3 in for 0x91
02-11 16:59:45.003 26690 26690 E ArmVmp : Match on catch block at 0xc3 in for 0x91
02-11 16:59:45.164 26690 26690 E ArmVmp : Match on catch block at 0xc3 in for 0x95
02-11 16:59:45.169 26690 26690 E ArmVmp : Match on catch block at 0xc3 in for 0x99
02-11 16:59:45.179 26690 26690 E ArmVmp : Match on catch block at 0xc3 in for 0x99
02-11 16:59:45.335 26690 26690 W zygote : Class com.whatsapp.HomeActivity failed lock verification and will run slower.
02-11 16:59:45.667 26690 26690 W ResourceType: Too many attribute references, stopped at: 0x01010034
02-11 16:59:45.679 26690 26690 W ResourceType: Too many attribute references, stopped at: 0x01010034
02-11 16:59:46.121 26690 26690 E ArmVmp : Match on catch block at 0x0a in for 0xb1
02-11 16:59:46.179 26690 26690 E ArmVmp : Match on catch block at 0x0a in for 0x121
02-11 16:59:46.467 26690 26775 W Adreno-ES20: <core_glFinish:34>: glFinish skipped: 0
02-11 16:59:46.470 26690 26775 W Adreno-ES20: <core_glFinish:34>: glFinish skipped: 0
02-11 16:59:46.477 26690 26690 E ArmVmp : Match on catch block at 0xc3 in for 0x91
02-11 16:59:46.481 26690 26690 E ArmVmp : Match on catch block at 0xc3 in for 0x95
02-11 16:59:46.484 26690 26690 E ArmVmp : Match on catch block at 0xc3 in for 0x95
02-11 16:59:46.669 26690 27146 W LOTTIE : Animation contains merge paths. Merge paths are only supported on KitKat+ and must be manually enabled by calling enableMergePathsForKitKatAndAbove().
02-11 16:59:46.691 26690 26690 W StaticLayout: maxLineHeight should not be -1. maxLines:1 lineCount:1
02-11 16:59:46.709 26690 26690 W StaticLayout: maxLineHeight should not be -1. maxLines:1 lineCount:1
02-11 16:59:46.734 26690 26775 W Adreno-EGL: <qeglDrvAPI_eglGetConfigAttrib:612>: EGL_BAD_ATTRIBUTE
02-11 16:59:46.756 26690 26690 W StaticLayout: maxLineHeight should not be -1. maxLines:1 lineCount:1
02-11 16:59:46.757 26690 26690 W StaticLayout: maxLineHeight should not be -1. maxLines:1 lineCount:1
02-11 16:59:46.904 26690 26791 E ArmVmp : No matching catch block at 0x07
02-11 16:59:46.904 26690 26791 E ArmVmp : Match on catch block at 0x02 in for 0x21
02-11 16:59:46.912 26690 26791 W System.err: javax.net.ssl.SSLHandshakeException: SSL handshake aborted: ssl=0x82f2b900: I/O error during system call, Connection reset by peer
02-11 16:59:46.912 26690 26791 W System.err:
02-11 16:59:46.913 26690 26791 W System.err: at com.android.org.conscrypt.NativeCrypto.SSL_do_handshake(Native Method)
02-11 16:59:46.915 26690 26791 W System.err:
02-11 16:59:46.915 26690 26791 W System.err: at com.android.org.conscrypt.SslWrapper.doHandshake(SslWrapper.java:374)
02-11 16:59:46.915 26690 26791 W System.err:
02-11 16:59:46.915 26690 26791 W System.err: at com.android.org.conscrypt.ConscryptFileDescriptorSocket.startHandshake(ConscryptFil eDescriptorSocket.java:217)
02-11 16:59:46.915 26690 26791 W System.err:
02-11 16:59:46.915 26690 26791 W System.err: at com.android.okhttp.internal.io.RealConnection.connectTls(RealConnection.java:192)
02-11 16:59:46.915 26690 26791 W System.err:
02-11 16:59:46.915 26690 26791 W System.err: at com.android.okhttp.internal.io.RealConnection.connectSocket(RealConnection.java:149 )
02-11 16:59:46.916 26690 26791 W System.err:
02-11 16:59:46.916 26690 26791 W System.err: at com.android.okhttp.internal.io.RealConnection.connect(RealConnection.java:112)
02-11 16:59:46.916 26690 26791 W System.err:
02-11 16:59:46.916 26690 26791 W System.err: at com.android.okhttp.internal.http.StreamAllocation.findConnection(StreamAllocation.j ava:184)
02-11 16:59:46.917 26690 26791 W System.err:
02-11 16:59:46.917 26690 26791 W System.err: at com.android.okhttp.internal.http.StreamAllocation.findHealthyConnection(StreamAlloc ation.java:126)
02-11 16:59:46.917 26690 26791 W System.err:
02-11 16:59:46.917 26690 26791 W System.err: at com.android.okhttp.internal.http.StreamAllocation.newStream(StreamAllocation.java:9 5)
02-11 16:59:46.917 26690 26791 W System.err:
02-11 16:59:46.917 26690 26791 W System.err: at com.android.okhttp.internal.http.HttpEngine.connect(HttpEngine.java:281)
02-11 16:59:46.917 26690 26791 W System.err:
02-11 16:59:46.917 26690 26791 W System.err: at com.android.okhttp.internal.http.HttpEngine.sendRequest(HttpEngine.java:224)
02-11 16:59:46.918 26690 26791 W System.err:
02-11 16:59:46.918 26690 26791 W System.err: at com.android.okhttp.internal.huc.HttpURLConnectionImpl.execute(HttpURLConnectionImpl .java:461)
02-11 16:59:46.918 26690 26791 W System.err:
02-11 16:59:46.918 26690 26791 W System.err: at com.android.okhttp.internal.huc.HttpURLConnectionImpl.getResponse(HttpURLConnection Impl.java:407)
02-11 16:59:46.918 26690 26791 W System.err:
02-11 16:59:46.919 26690 26791 W System.err: at com.android.okhttp.internal.huc.HttpURLConnectionImpl.getInputStream(HttpURLConnect ionImpl.java:244)
02-11 16:59:46.919 26690 26791 W System.err:
02-11 16:59:46.919 26690 26791 W System.err: at com.android.okhttp.internal.huc.DelegatingHttpsURLConnection.getInputStream(Delegat ingHttpsURLConnection.java:210)
02-11 16:59:46.919 26690 26791 W System.err:
02-11 16:59:46.919 26690 26791 W System.err: at com.android.okhttp.internal.huc.HttpsURLConnectionImpl.getInputStream(Unknown Source:0)
02-11 16:59:46.919 26690 26791 W System.err:
02-11 16:59:46.919 26690 26791 W System.err: at java.net.URL.openStream(URL.java:1059)
02-11 16:59:46.919 26690 26791 W System.err:
02-11 16:59:46.920 26690 26791 W System.err: at mbmodsd.mbmodsw.mbdialog.MBDialogMan.loadJsonFromUrl(Native Method)
02-11 16:59:46.920 26690 26791 W System.err:
02-11 16:59:46.920 26690 26791 W System.err: at mbmodsd.mbmodsw.mbdialog.MBDialogMan.access$000(Native Method)
02-11 16:59:46.920 26690 26791 W System.err:
02-11 16:59:46.924 26690 26791 W System.err: at mbmodsd.mbmodsw.mbdialog.MBDialogMan$FetchJsonTask.doInBackground(Native Method)
02-11 16:59:46.924 26690 26791 W System.err:
02-11 16:59:46.924 26690 26791 W System.err: at mbmodsd.mbmodsw.mbdialog.MBDialogMan$FetchJsonTask.doInBackground(Native Method)
02-11 16:59:46.925 26690 26791 W System.err:
02-11 16:59:46.925 26690 26791 W System.err: at android.os.AsyncTask$2.call(AsyncTask.java:333)
02-11 16:59:46.925 26690 26791 W System.err:
02-11 16:59:46.925 26690 26791 W System.err: at java.util.concurrent.FutureTask.run(FutureTask.java:266)
02-11 16:59:46.925 26690 26791 W System.err:
02-11 16:59:46.925 26690 26791 W System.err: at android.os.AsyncTask$SerialExecutor$1.run(AsyncTask.java:245)
02-11 16:59:46.925 26690 26791 W System.err:
02-11 16:59:46.925 26690 26791 W System.err: at java.util.concurrent.ThreadPoolExecutor.runWorker(ThreadPoolExecutor.java:1162)
02-11 16:59:46.925 26690 26791 W System.err:
02-11 16:59:46.926 26690 26791 W System.err: at java.util.concurrent.ThreadPoolExecutor$Worker.run(ThreadPoolExecutor.java:636)
02-11 16:59:46.926 26690 26791 W System.err:
02-11 16:59:46.928 26690 26791 W System.err: at java.lang.Thread.run(Thread.java:764)
02-11 16:59:46.928 26690 26791 W System.err:
02-11 16:59:47.407 26690 26690 E RecyclerView: No adapter attached; skipping layout
02-11 16:59:47.470 26690 26719 W LibraryVersion: Failed to get app version for libraryName: firebase-iid
02-11 16:59:47.559 26690 26690 E RecyclerView: No adapter attached; skipping layout
02-11 16:59:47.655 26690 26690 E ArmVmp : Match on catch block at 0xc3 in for 0x95
02-11 16:59:47.659 26690 26690 E ArmVmp : Match on catch block at 0xc3 in for 0x99
02-11 16:59:47.661 26690 26690 E ArmVmp : Match on catch block at 0xc3 in for 0x99
02-11 16:59:47.675 26690 26690 W LOTTIE : Animation contains merge paths but they are disabled.
02-11 16:59:47.683 26690 26690 E ArmVmp : Match on catch block at 0x0a in for 0xc9
02-11 16:59:47.798 26690 26775 W Adreno-ES20: <core_glFinish:34>: glFinish skipped: 0
02-11 16:59:47.800 26690 26775 W Adreno-ES20: <core_glFinish:34>: glFinish skipped: 0
02-11 16:59:48.061 26690 26775 W Adreno-EGL: <qeglDrvAPI_eglGetConfigAttrib:612>: EGL_BAD_ATTRIBUTE
