02-17 23:15:27.222 8828 8828 E ArmVmp : Match on catch block at 0xc3 in for 0x7fbc1a9025
02-17 23:15:27.224 8828 8828 E ArmVmp : Match on catch block at 0xc3 in for 0x7fbc1a9025
02-17 23:15:27.342 8828 8828 E ArmVmp : Match on catch block at 0xc3 in for 0x7fbc1a9025
02-17 23:15:27.348 8828 8828 E ArmVmp : Match on catch block at 0xc3 in for 0x7fbc1a9025
02-17 23:15:27.552 8828 8828 E ArmVmp : Match on catch block at 0xc3 in for 0x7fbc1a9025
02-17 23:15:27.555 8828 8828 E ArmVmp : Match on catch block at 0xc3 in for 0x7fbc1a9025
02-17 23:15:27.729 8828 8828 E ArmVmp : Match on catch block at 0xc3 in for 0x7fbc1a9025
02-17 23:15:27.735 8828 8828 E ArmVmp : Match on catch block at 0xc3 in for 0x7fbc1a9025
02-17 23:15:27.895 8828 8828 E ArmVmp : Match on catch block at 0xc3 in for 0x7fbc1a9025
02-17 23:15:27.899 8828 8828 E ArmVmp : Match on catch block at 0xc3 in for 0x7fbc1a9025
02-17 23:15:27.994 8828 8828 E ArmVmp : Match on catch block at 0xc3 in for 0x7fbc1a9025
02-17 23:15:27.997 8828 8828 E ArmVmp : Match on catch block at 0xc3 in for 0x7fbc1a9025
02-17 23:15:28.078 8828 8828 E ArmVmp : Match on catch block at 0xc3 in for 0x7fbc1a9025
02-17 23:15:28.080 8828 8828 E ArmVmp : Match on catch block at 0xc3 in for 0x7fbc1a9025
02-17 23:15:28.094 8828 8828 E ArmVmp : Match on catch block at 0xc3 in for 0x7fbc1a9025
02-17 23:15:28.098 8828 8828 E ArmVmp : Match on catch block at 0xc3 in for 0x7fbc1a9025
02-17 23:15:28.111 8828 8828 E ArmVmp : Match on catch block at 0xc3 in for 0x7fbc1a9025
02-17 23:15:28.115 8828 8828 E ArmVmp : Match on catch block at 0xc3 in for 0x7fbc1a9025
02-17 23:15:28.128 8828 8828 E ArmVmp : Match on catch block at 0xc3 in for 0x7fbc1a9025
02-17 23:15:28.132 8828 8828 E ArmVmp : Match on catch block at 0xc3 in for 0x7fbc1a9025
02-17 23:15:28.144 8828 8828 E ArmVmp : Match on catch block at 0xc3 in for 0x7fbc1a9025
02-17 23:15:28.148 8828 8828 E ArmVmp : Match on catch block at 0xc3 in for 0x7fbc1a9025
02-17 23:15:28.161 8828 8828 E ArmVmp : Match on catch block at 0xc3 in for 0x7fbc1a9025
02-17 23:15:28.165 8828 8828 E ArmVmp : Match on catch block at 0xc3 in for 0x7fbc1a9025
02-17 23:15:28.178 8828 8828 E ArmVmp : Match on catch block at 0xc3 in for 0x7fbc1a9025
02-17 23:15:28.182 8828 8828 E ArmVmp : Match on catch block at 0xc3 in for 0x7fbc1a9025
02-17 23:15:28.195 8828 8828 E ArmVmp : Match on catch block at 0xc3 in for 0x7fbc1a9025
02-17 23:15:28.199 8828 8828 E ArmVmp : Match on catch block at 0xc3 in for 0x7fbc1a9025
02-17 23:15:28.212 8828 8828 E ArmVmp : Match on catch block at 0xc3 in for 0x7fbc1a9025
02-17 23:15:28.216 8828 8828 E ArmVmp : Match on catch block at 0xc3 in for 0x7fbc1a9025
02-17 23:15:28.228 8828 8828 E ArmVmp : Match on catch block at 0xc3 in for 0x7fbc1a9025
02-17 23:15:28.231 8828 8828 E ArmVmp : Match on catch block at 0xc3 in for 0x7fbc1a9025
02-17 23:15:28.245 8828 8828 E ArmVmp : Match on catch block at 0xc3 in for 0x7fbc1a9025
02-17 23:15:28.248 8828 8828 E ArmVmp : Match on catch block at 0xc3 in for 0x7fbc1a9025
02-17 23:15:28.261 8828 8828 E ArmVmp : Match on catch block at 0xc3 in for 0x7fbc1a9025
02-17 23:15:28.264 8828 8828 E ArmVmp : Match on catch block at 0xc3 in for 0x7fbc1a9025
02-17 23:15:28.278 8828 8828 E ArmVmp : Match on catch block at 0xc3 in for 0x7fbc1a9025
02-17 23:15:28.281 8828 8828 E ArmVmp : Match on catch block at 0xc3 in for 0x7fbc1a9025
02-17 23:15:28.294 8828 8828 E ArmVmp : Match on catch block at 0xc3 in for 0x7fbc1a9025
02-17 23:15:28.298 8828 8828 E ArmVmp : Match on catch block at 0xc3 in for 0x7fbc1a9025
02-17 23:15:28.311 8828 8828 E ArmVmp : Match on catch block at 0xc3 in for 0x7fbc1a9025
02-17 23:15:28.314 8828 8828 E ArmVmp : Match on catch block at 0xc3 in for 0x7fbc1a9025
02-17 23:15:28.328 8828 8828 E ArmVmp : Match on catch block at 0xc3 in for 0x7fbc1a9025
02-17 23:15:28.330 8828 8828 E ArmVmp : Match on catch block at 0xc3 in for 0x7fbc1a9025
02-17 23:15:28.345 8828 8828 E ArmVmp : Match on catch block at 0xc3 in for 0x7fbc1a9025
02-17 23:15:28.348 8828 8828 E ArmVmp : Match on catch block at 0xc3 in for 0x7fbc1a9025
02-17 23:15:28.523 8828 8828 E ArmVmp : Match on catch block at 0xc3 in for 0x7fbc1a9025
02-17 23:15:28.529 8828 8828 E ArmVmp : Match on catch block at 0xc3 in for 0x7fbc1a9025
02-17 23:15:28.862 8828 8828 E ArmVmp : Match on catch block at 0xc3 in for 0x7fbc1a9025
02-17 23:15:28.868 8828 8828 E ArmVmp : Match on catch block at 0xc3 in for 0x7fbc1a9025
02-17 23:15:28.889 8828 8828 E ArmVmp : Match on catch block at 0xc3 in for 0x7fbc1a9025
02-17 23:15:28.892 8828 8828 E ArmVmp : Match on catch block at 0xc3 in for 0x7fbc1a9025
02-17 23:15:28.910 8828 8828 E ArmVmp : Match on catch block at 0xc3 in for 0x7fbc1a9025
02-17 23:15:28.914 8828 8828 E ArmVmp : Match on catch block at 0xc3 in for 0x7fbc1a9025
02-17 23:15:28.925 8828 8828 E ArmVmp : Match on catch block at 0xc3 in for 0x7fbc1a9025
02-17 23:15:28.929 8828 8828 E ArmVmp : Match on catch block at 0xc3 in for 0x7fbc1a9025
02-17 23:15:28.965 8828 8828 E ArmVmp : Match on catch block at 0xc3 in for 0x7fbc1a9025
02-17 23:15:28.968 8828 8828 E ArmVmp : Match on catch block at 0xc3 in for 0x7fbc1a9025
02-17 23:15:28.984 8828 8828 E ArmVmp : Match on catch block at 0xc3 in for 0x7fbc1a9025
02-17 23:15:28.991 8828 8828 E ArmVmp : Match on catch block at 0xc3 in for 0x7fbc1a9025
02-17 23:15:29.037 8828 8828 E ArmVmp : Match on catch block at 0xc3 in for 0x7fbc1a9025
02-17 23:15:29.040 8828 8828 E ArmVmp : Match on catch block at 0xc3 in for 0x7fbc1a9025
02-17 23:15:29.044 8828 8828 E ArmVmp : Match on catch block at 0xc3 in for 0x7fbc1a9025
02-17 23:15:29.047 8828 8828 E ArmVmp : Match on catch block at 0xc3 in for 0x7fbc1a9025
02-17 23:15:29.061 8828 8828 E ArmVmp : Match on catch block at 0xc3 in for 0x7fbc1a9025
02-17 23:15:29.064 8828 8828 E ArmVmp : Match on catch block at 0xc3 in for 0x7fbc1a9025
02-17 23:15:29.078 8828 8828 E ArmVmp : Match on catch block at 0xc3 in for 0x7fbc1a9025
02-17 23:15:29.082 8828 8828 E ArmVmp : Match on catch block at 0xc3 in for 0x7fbc1a9025
02-17 23:15:29.232 8828 8828 E ArmVmp : Match on catch block at 0xc3 in for 0x7fbc1a9025
02-17 23:15:29.236 8828 8828 E ArmVmp : Match on catch block at 0xc3 in for 0x7fbc1a9025
02-17 23:15:29.243 8828 11899 W MediaPlayer: Use of stream types is deprecated for operations other than volume control
02-17 23:15:29.243 8828 11899 W MediaPlayer: See the documentation of setAudioStreamType() for what to use instead with android.media.AudioAttributes to qualify your playback use case
02-17 23:15:29.248 8828 8828 E ArmVmp : Match on catch block at 0xc3 in for 0x7fbc1a9025
02-17 23:15:29.260 8828 8828 E ArmVmp : Match on catch block at 0xc3 in for 0x7fbc1a9025
02-17 23:15:29.378 8828 8828 E ArmVmp : Match on catch block at 0xc3 in for 0x7fbc1a9025
02-17 23:15:29.382 8828 8828 E ArmVmp : Match on catch block at 0xc3 in for 0x7fbc1a9025
02-17 23:15:29.587 8828 8828 E ArmVmp : Match on catch block at 0xc3 in for 0x7fbc1a9025
02-17 23:15:29.590 8828 8828 E ArmVmp : Match on catch block at 0xc3 in for 0x7fbc1a9025
02-17 23:15:29.626 8828 8828 E ArmVmp : Match on catch block at 0xc3 in for 0x7fbc1a9025
02-17 23:15:29.629 8828 8828 E ArmVmp : Match on catch block at 0xc3 in for 0x7fbc1a9025
02-17 23:15:29.634 8828 8828 E ArmVmp : Match on catch block at 0xc3 in for 0x7fbc1a9025
02-17 23:15:29.639 8828 8828 E ArmVmp : Match on catch block at 0xc3 in for 0x7fbc1a9025
02-17 23:15:29.648 8828 8828 E ArmVmp : Match on catch block at 0xc3 in for 0x7fbc1a9025
02-17 23:15:29.650 8828 8828 E ArmVmp : Match on catch block at 0xc3 in for 0x7fbc1a9025
02-17 23:15:29.661 8828 8828 E ArmVmp : Match on catch block at 0xc3 in for 0x7fbc1a9025
02-17 23:15:29.664 8828 8828 E ArmVmp : Match on catch block at 0xc3 in for 0x7fbc1a9025
02-17 23:15:29.678 8828 8828 E ArmVmp : Match on catch block at 0xc3 in for 0x7fbc1a9025
02-17 23:15:29.681 8828 8828 E ArmVmp : Match on catch block at 0xc3 in for 0x7fbc1a9025
02-17 23:15:29.697 8828 8828 E ArmVmp : Match on catch block at 0xc3 in for 0x7fbc1a9025
02-17 23:15:29.701 8828 8828 E ArmVmp : Match on catch block at 0xc3 in for 0x7fbc1a9025
02-17 23:15:29.713 8828 8828 E ArmVmp : Match on catch block at 0xc3 in for 0x7fbc1a9025
02-17 23:15:29.717 8828 8828 E ArmVmp : Match on catch block at 0xc3 in for 0x7fbc1a9025
02-17 23:15:29.728 8828 8828 E ArmVmp : Match on catch block at 0xc3 in for 0x7fbc1a9025
02-17 23:15:29.735 8828 8828 E ArmVmp : Match on catch block at 0xc3 in for 0x7fbc1a9025
02-17 23:15:29.745 8828 8828 E ArmVmp : Match on catch block at 0xc3 in for 0x7fbc1a9025
02-17 23:15:29.749 8828 8828 E ArmVmp : Match on catch block at 0xc3 in for 0x7fbc1a9025
02-17 23:15:29.761 8828 8828 E ArmVmp : Match on catch block at 0xc3 in for 0x7fbc1a9025
02-17 23:15:29.764 8828 8828 E ArmVmp : Match on catch block at 0xc3 in for 0x7fbc1a9025
02-17 23:15:29.779 8828 8828 E ArmVmp : Match on catch block at 0xc3 in for 0x7fbc1a9025
02-17 23:15:29.782 8828 8828 E ArmVmp : Match on catch block at 0xc3 in for 0x7fbc1a9025
02-17 23:15:29.796 8828 8828 E ArmVmp : Match on catch block at 0xc3 in for 0x7fbc1a9025
02-17 23:15:29.803 8828 8828 E ArmVmp : Match on catch block at 0xc3 in for 0x7fbc1a9025
02-17 23:15:29.813 8828 8828 E ArmVmp : Match on catch block at 0xc3 in for 0x7fbc1a9025
02-17 23:15:29.822 8828 8828 E ArmVmp : Match on catch block at 0xc3 in for 0x7fbc1a9025
02-17 23:15:29.834 8828 8828 E ArmVmp : Match on catch block at 0xc3 in for 0x7fbc1a9025
02-17 23:15:29.837 8828 8828 E ArmVmp : Match on catch block at 0xc3 in for 0x7fbc1a9025
02-17 23:15:29.845 8828 8828 E ArmVmp : Match on catch block at 0xc3 in for 0x7fbc1a9025
02-17 23:15:29.848 8828 8828 E ArmVmp : Match on catch block at 0xc3 in for 0x7fbc1a9025
02-17 23:15:29.862 8828 8828 E ArmVmp : Match on catch block at 0xc3 in for 0x7fbc1a9025
02-17 23:15:29.865 8828 8828 E ArmVmp : Match on catch block at 0xc3 in for 0x7fbc1a9025
02-17 23:15:29.879 8828 8828 E ArmVmp : Match on catch block at 0xc3 in for 0x7fbc1a9025
02-17 23:15:29.884 8828 8828 E ArmVmp : Match on catch block at 0xc3 in for 0x7fbc1a9025
02-17 23:15:29.896 8828 8828 E ArmVmp : Match on catch block at 0xc3 in for 0x7fbc1a9025
02-17 23:15:29.900 8828 8828 E ArmVmp : Match on catch block at 0xc3 in for 0x7fbc1a9025
02-17 23:15:29.912 8828 8828 E ArmVmp : Match on catch block at 0xc3 in for 0x7fbc1a9025
02-17 23:15:29.917 8828 8828 E ArmVmp : Match on catch block at 0xc3 in for 0x7fbc1a9025
02-17 23:15:29.929 8828 8828 E ArmVmp : Match on catch block at 0xc3 in for 0x7fbc1a9025
02-17 23:15:29.933 8828 8828 E ArmVmp : Match on catch block at 0xc3 in for 0x7fbc1a9025
02-17 23:15:29.946 8828 8828 E ArmVmp : Match on catch block at 0xc3 in for 0x7fbc1a9025
02-17 23:15:29.949 8828 8828 E ArmVmp : Match on catch block at 0xc3 in for 0x7fbc1a9025
02-17 23:15:29.962 8828 8828 E ArmVmp : Match on catch block at 0xc3 in for 0x7fbc1a9025
02-17 23:15:29.966 8828 8828 E ArmVmp : Match on catch block at 0xc3 in for 0x7fbc1a9025
02-17 23:15:29.979 8828 8828 E ArmVmp : Match on catch block at 0xc3 in for 0x7fbc1a9025
02-17 23:15:29.983 8828 8828 E ArmVmp : Match on catch block at 0xc3 in for 0x7fbc1a9025
02-17 23:15:29.996 8828 8828 E ArmVmp : Match on catch block at 0xc3 in for 0x7fbc1a9025
02-17 23:15:30.000 8828 8828 E ArmVmp : Match on catch block at 0xc3 in for 0x7fbc1a9025
02-17 23:15:30.012 8828 8828 E ArmVmp : Match on catch block at 0xc3 in for 0x7fbc1a9025
02-17 23:15:30.016 8828 8828 E ArmVmp : Match on catch block at 0xc3 in for 0x7fbc1a9025
02-17 23:15:30.029 8828 8828 E ArmVmp : Match on catch block at 0xc3 in for 0x7fbc1a9025
02-17 23:15:30.033 8828 8828 E ArmVmp : Match on catch block at 0xc3 in for 0x7fbc1a9025
02-17 23:15:30.046 8828 8828 E ArmVmp : Match on catch block at 0xc3 in for 0x7fbc1a9025
02-17 23:15:30.049 8828 8828 E ArmVmp : Match on catch block at 0xc3 in for 0x7fbc1a9025
02-17 23:15:30.220 8828 8828 E ArmVmp : Match on catch block at 0xc3 in for 0x7fbc1a9025
02-17 23:15:30.224 8828 8828 E ArmVmp : Match on catch block at 0xc3 in for 0x7fbc1a9025
02-17 23:15:30.365 8828 8828 E ArmVmp : Match on catch block at 0xc3 in for 0x7fbc1a9025
02-17 23:15:30.368 8828 8828 E ArmVmp : Match on catch block at 0xc3 in for 0x7fbc1a9025
02-17 23:15:30.881 8828 8828 E ArmVmp : Match on catch block at 0xc3 in for 0x7fbc1a9025
02-17 23:15:30.886 8828 8828 E ArmVmp : Match on catch block at 0xc3 in for 0x7fbc1a9025
02-17 23:15:30.908 8828 8828 E ArmVmp : Match on catch block at 0xc3 in for 0x7fbc1a9025
02-17 23:15:30.911 8828 8828 E ArmVmp : Match on catch block at 0xc3 in for 0x7fbc1a9025
02-17 23:15:31.062 8828 8828 E ArmVmp : Match on catch block at 0xc3 in for 0x7fbc1a9025
02-17 23:15:31.067 8828 8828 E ArmVmp : Match on catch block at 0xc3 in for 0x7fbc1a9025
02-17 23:15:31.212 8828 8828 E ArmVmp : Match on catch block at 0xc3 in for 0x7fbc1a9025
02-17 23:15:31.216 8828 8828 E ArmVmp : Match on catch block at 0xc3 in for 0x7fbc1a9025
02-17 23:15:31.229 8828 8828 E ArmVmp : Match on catch block at 0xc3 in for 0x7fbc1a9025
02-17 23:15:31.232 8828 8828 E ArmVmp : Match on catch block at 0xc3 in for 0x7fbc1a9025
02-17 23:15:31.246 8828 8828 E ArmVmp : Match on catch block at 0xc3 in for 0x7fbc1a9025
02-17 23:15:31.249 8828 8828 E ArmVmp : Match on catch block at 0xc3 in for 0x7fbc1a9025
02-17 23:15:31.262 8828 8828 E ArmVmp : Match on catch block at 0xc3 in for 0x7fbc1a9025
02-17 23:15:31.266 8828 8828 E ArmVmp : Match on catch block at 0xc3 in for 0x7fbc1a9025
02-17 23:15:31.279 8828 8828 E ArmVmp : Match on catch block at 0xc3 in for 0x7fbc1a9025
02-17 23:15:31.283 8828 8828 E ArmVmp : Match on catch block at 0xc3 in for 0x7fbc1a9025
02-17 23:15:31.295 8828 8828 E ArmVmp : Match on catch block at 0xc3 in for 0x7fbc1a9025
02-17 23:15:31.303 8828 8828 E ArmVmp : Match on catch block at 0xc3 in for 0x7fbc1a9025
02-17 23:15:31.312 8828 8828 E ArmVmp : Match on catch block at 0xc3 in for 0x7fbc1a9025
02-17 23:15:31.316 8828 8828 E ArmVmp : Match on catch block at 0xc3 in for 0x7fbc1a9025
02-17 23:15:31.329 8828 8828 E ArmVmp : Match on catch block at 0xc3 in for 0x7fbc1a9025
02-17 23:15:31.334 8828 8828 E ArmVmp : Match on catch block at 0xc3 in for 0x7fbc1a9025
02-17 23:15:31.346 8828 8828 E ArmVmp : Match on catch block at 0xc3 in for 0x7fbc1a9025
02-17 23:15:31.349 8828 8828 E ArmVmp : Match on catch block at 0xc3 in for 0x7fbc1a9025
02-17 23:15:31.362 8828 8828 E ArmVmp : Match on catch block at 0xc3 in for 0x7fbc1a9025
02-17 23:15:31.365 8828 8828 E ArmVmp : Match on catch block at 0xc3 in for 0x7fbc1a9025
02-17 23:15:31.379 8828 8828 E ArmVmp : Match on catch block at 0xc3 in for 0x7fbc1a9025
02-17 23:15:31.386 8828 8828 E ArmVmp : Match on catch block at 0xc3 in for 0x7fbc1a9025
02-17 23:15:31.395 8828 8828 E ArmVmp : Match on catch block at 0xc3 in for 0x7fbc1a9025
02-17 23:15:31.398 8828 8828 E ArmVmp : Match on catch block at 0xc3 in for 0x7fbc1a9025
02-17 23:15:31.412 8828 8828 E ArmVmp : Match on catch block at 0xc3 in for 0x7fbc1a9025
02-17 23:15:31.416 8828 8828 E ArmVmp : Match on catch block at 0xc3 in for 0x7fbc1a9025
02-17 23:15:31.429 8828 8828 E ArmVmp : Match on catch block at 0xc3 in for 0x7fbc1a9025
02-17 23:15:31.432 8828 8828 E ArmVmp : Match on catch block at 0xc3 in for 0x7fbc1a9025
02-17 23:15:31.445 8828 8828 E ArmVmp : Match on catch block at 0xc3 in for 0x7fbc1a9025
02-17 23:15:31.450 8828 8828 E ArmVmp : Match on catch block at 0xc3 in for 0x7fbc1a9025
02-17 23:15:31.462 8828 8828 E ArmVmp : Match on catch block at 0xc3 in for 0x7fbc1a9025
02-17 23:15:31.466 8828 8828 E ArmVmp : Match on catch block at 0xc3 in for 0x7fbc1a9025
02-17 23:15:31.484 8828 8828 E ArmVmp : Match on catch block at 0xc3 in for 0x7fbc1a9025
02-17 23:15:31.487 8828 8828 E ArmVmp : Match on catch block at 0xc3 in for 0x7fbc1a9025
02-17 23:15:31.495 8828 8828 E ArmVmp : Match on catch block at 0xc3 in for 0x7fbc1a9025
02-17 23:15:31.504 8828 8828 E ArmVmp : Match on catch block at 0xc3 in for 0x7fbc1a9025
02-17 23:15:31.762 8828 8828 E ArmVmp : Match on catch block at 0xc3 in for 0x7fbc1a9025
02-17 23:15:31.769 8828 8828 E ArmVmp : Match on catch block at 0xc3 in for 0x7fbc1a9025
02-17 23:15:32.012 8828 8828 E ArmVmp : Match on catch block at 0xc3 in for 0x7fbc1a9025
02-17 23:15:32.016 8828 8828 E ArmVmp : Match on catch block at 0xc3 in for 0x7fbc1a9025
02-17 23:15:32.029 8828 8828 E ArmVmp : Match on catch block at 0xc3 in for 0x7fbc1a9025
02-17 23:15:32.031 8828 8828 E ArmVmp : Match on catch block at 0xc3 in for 0x7fbc1a9025
02-17 23:15:32.046 8828 8828 E ArmVmp : Match on catch block at 0xc3 in for 0x7fbc1a9025
02-17 23:15:32.049 8828 8828 E ArmVmp : Match on catch block at 0xc3 in for 0x7fbc1a9025
02-17 23:15:32.063 8828 8828 E ArmVmp : Match on catch block at 0xc3 in for 0x7fbc1a9025
02-17 23:15:32.066 8828 8828 E ArmVmp : Match on catch block at 0xc3 in for 0x7fbc1a9025
02-17 23:15:32.080 8828 8828 E ArmVmp : Match on catch block at 0xc3 in for 0x7fbc1a9025
02-17 23:15:32.084 8828 8828 E ArmVmp : Match on catch block at 0xc3 in for 0x7fbc1a9025
02-17 23:15:32.096 8828 8828 E ArmVmp : Match on catch block at 0xc3 in for 0x7fbc1a9025
02-17 23:15:32.101 8828 8828 E ArmVmp : Match on catch block at 0xc3 in for 0x7fbc1a9025
02-17 23:15:32.113 8828 8828 E ArmVmp : Match on catch block at 0xc3 in for 0x7fbc1a9025
02-17 23:15:32.117 8828 8828 E ArmVmp : Match on catch block at 0xc3 in for 0x7fbc1a9025
02-17 23:15:32.129 8828 8828 E ArmVmp : Match on catch block at 0xc3 in for 0x7fbc1a9025
02-17 23:15:32.132 8828 8828 E ArmVmp : Match on catch block at 0xc3 in for 0x7fbc1a9025
02-17 23:15:32.146 8828 8828 E ArmVmp : Match on catch block at 0xc3 in for 0x7fbc1a9025
02-17 23:15:32.149 8828 8828 E ArmVmp : Match on catch block at 0xc3 in for 0x7fbc1a9025
02-17 23:15:32.162 8828 8828 E ArmVmp : Match on catch block at 0xc3 in for 0x7fbc1a9025
02-17 23:15:32.166 8828 8828 E ArmVmp : Match on catch block at 0xc3 in for 0x7fbc1a9025
02-17 23:15:32.182 8828 8828 E ArmVmp : Match on catch block at 0xc3 in for 0x7fbc1a9025
02-17 23:15:32.186 8828 8828 E ArmVmp : Match on catch block at 0xc3 in for 0x7fbc1a9025
02-17 23:15:32.196 8828 8828 E ArmVmp : Match on catch block at 0xc3 in for 0x7fbc1a9025
02-17 23:15:32.200 8828 8828 E ArmVmp : Match on catch block at 0xc3 in for 0x7fbc1a9025
02-17 23:15:32.212 8828 8828 E ArmVmp : Match on catch block at 0xc3 in for 0x7fbc1a9025
02-17 23:15:32.215 8828 8828 E ArmVmp : Match on catch block at 0xc3 in for 0x7fbc1a9025
02-17 23:15:32.230 8828 8828 E ArmVmp : Match on catch block at 0xc3 in for 0x7fbc1a9025
02-17 23:15:32.233 8828 8828 E ArmVmp : Match on catch block at 0xc3 in for 0x7fbc1a9025
02-17 23:15:32.247 8828 8828 E ArmVmp : Match on catch block at 0xc3 in for 0x7fbc1a9025
02-17 23:15:32.250 8828 8828 E ArmVmp : Match on catch block at 0xc3 in for 0x7fbc1a9025
02-17 23:15:32.263 8828 8828 E ArmVmp : Match on catch block at 0xc3 in for 0x7fbc1a9025
02-17 23:15:32.267 8828 8828 E ArmVmp : Match on catch block at 0xc3 in for 0x7fbc1a9025
02-17 23:15:32.280 8828 8828 E ArmVmp : Match on catch block at 0xc3 in for 0x7fbc1a9025
02-17 23:15:32.283 8828 8828 E ArmVmp : Match on catch block at 0xc3 in for 0x7fbc1a9025
02-17 23:15:32.297 8828 8828 E ArmVmp : Match on catch block at 0xc3 in for 0x7fbc1a9025
02-17 23:15:32.300 8828 8828 E ArmVmp : Match on catch block at 0xc3 in for 0x7fbc1a9025
02-17 23:15:32.314 8828 8828 E ArmVmp : Match on catch block at 0xc3 in for 0x7fbc1a9025
02-17 23:15:32.318 8828 8828 E ArmVmp : Match on catch block at 0xc3 in for 0x7fbc1a9025
02-17 23:15:32.330 8828 8828 E ArmVmp : Match on catch block at 0xc3 in for 0x7fbc1a9025
02-17 23:15:32.334 8828 8828 E ArmVmp : Match on catch block at 0xc3 in for 0x7fbc1a9025
02-17 23:15:32.354 8828 8828 E ArmVmp : Match on catch block at 0xc3 in for 0x7fbc1a9025
02-17 23:15:32.356 8828 8828 E ArmVmp : Match on catch block at 0xc3 in for 0x7fbc1a9025
02-17 23:15:32.362 8828 8828 E ArmVmp : Match on catch block at 0xc3 in for 0x7fbc1a9025
02-17 23:15:32.364 8828 8828 E ArmVmp : Match on catch block at 0xc3 in for 0x7fbc1a9025
02-17 23:15:32.380 8828 8828 E ArmVmp : Match on catch block at 0xc3 in for 0x7fbc1a9025
02-17 23:15:32.383 8828 8828 E ArmVmp : Match on catch block at 0xc3 in for 0x7fbc1a9025
02-17 23:15:32.397 8828 8828 E ArmVmp : Match on catch block at 0xc3 in for 0x7fbc1a9025
02-17 23:15:32.401 8828 8828 E ArmVmp : Match on catch block at 0xc3 in for 0x7fbc1a9025
02-17 23:15:32.413 8828 8828 E ArmVmp : Match on catch block at 0xc3 in for 0x7fbc1a9025
02-17 23:15:32.420 8828 8828 E ArmVmp : Match on catch block at 0xc3 in for 0x7fbc1a9025
02-17 23:15:32.429 8828 8828 E ArmVmp : Match on catch block at 0xc3 in for 0x7fbc1a9025
02-17 23:15:32.432 8828 8828 E ArmVmp : Match on catch block at 0xc3 in for 0x7fbc1a9025
02-17 23:15:32.496 8828 8828 E ArmVmp : Match on catch block at 0xc3 in for 0x7fbc1a9025
02-17 23:15:32.501 8828 8828 E ArmVmp : Match on catch block at 0xc3 in for 0x7fbc1a9025
02-17 23:15:32.646 8828 8828 E ArmVmp : Match on catch block at 0xc3 in for 0x7fbc1a9025
02-17 23:15:32.648 8828 8828 E ArmVmp : Match on catch block at 0xc3 in for 0x7fbc1a9025
02-17 23:15:32.715 8828 8828 E ArmVmp : Match on catch block at 0xc3 in for 0x7fbc1a9025
02-17 23:15:32.718 8828 8828 E ArmVmp : Match on catch block at 0xc3 in for 0x7fbc1a9025
02-17 23:15:32.913 8828 8828 E ArmVmp : Match on catch block at 0xc3 in for 0x7fbc1a9025
02-17 23:15:32.918 8828 8828 E ArmVmp : Match on catch block at 0xc3 in for 0x7fbc1a9025
02-17 23:15:33.097 8828 8828 E ArmVmp : Match on catch block at 0xc3 in for 0x7fbc1a9025
02-17 23:15:33.104 8828 8828 E ArmVmp : Match on catch block at 0xc3 in for 0x7fbc1a9025
02-17 23:15:33.346 8828 8828 E ArmVmp : Match on catch block at 0xc3 in for 0x7fbc1a9025
02-17 23:15:33.353 8828 8828 E ArmVmp : Match on catch block at 0xc3 in for 0x7fbc1a9025
02-17 23:15:33.463 8828 8828 E ArmVmp : Match on catch block at 0xc3 in for 0x7fbc1a9025
02-17 23:15:33.469 8828 8828 E ArmVmp : Match on catch block at 0xc3 in for 0x7fbc1a9025
02-17 23:15:33.630 8828 8828 E ArmVmp : Match on catch block at 0xc3 in for 0x7fbc1a9025
02-17 23:15:33.635 8828 8828 E ArmVmp : Match on catch block at 0xc3 in for 0x7fbc1a9025
02-17 23:15:33.729 8828 8828 E ArmVmp : Match on catch block at 0xc3 in for 0x7fbc1a9025
02-17 23:15:33.736 8828 8828 E ArmVmp : Match on catch block at 0xc3 in for 0x7fbc1a9025
02-17 23:15:33.913 8828 8828 E ArmVmp : Match on catch block at 0xc3 in for 0x7fbc1a9025
02-17 23:15:33.918 8828 8828 E ArmVmp : Match on catch block at 0xc3 in for 0x7fbc1a9025
02-17 23:15:34.416 8828 8828 E ArmVmp : Match on catch block at 0xc3 in for 0x7fbc1a9025
02-17 23:15:34.420 8828 8828 E ArmVmp : Match on catch block at 0xc3 in for 0x7fbc1a9025
02-17 23:15:34.513 8828 8828 E ArmVmp : Match on catch block at 0xc3 in for 0x7fbc1a9025
02-17 23:15:34.525 8828 8828 E ArmVmp : Match on catch block at 0xc3 in for 0x7fbc1a9025
02-17 23:15:34.630 8828 8828 E ArmVmp : Match on catch block at 0xc3 in for 0x7fbc1a9025
02-17 23:15:34.637 8828 8828 E ArmVmp : Match on catch block at 0xc3 in for 0x7fbc1a9025
02-17 23:15:34.730 8828 8828 E ArmVmp : Match on catch block at 0xc3 in for 0x7fbc1a9025
02-17 23:15:34.737 8828 8828 E ArmVmp : Match on catch block at 0xc3 in for 0x7fbc1a9025
02-17 23:15:34.997 8828 8828 E ArmVmp : Match on catch block at 0xc3 in for 0x7fbc1a9025
02-17 23:15:35.003 8828 8828 E ArmVmp : Match on catch block at 0xc3 in for 0x7fbc1a9025
02-17 23:15:35.297 8828 8828 E ArmVmp : Match on catch block at 0xc3 in for 0x7fbc1a9025
02-17 23:15:35.306 8828 8828 E ArmVmp : Match on catch block at 0xc3 in for 0x7fbc1a9025
02-17 23:15:35.414 8828 8828 E ArmVmp : Match on catch block at 0xc3 in for 0x7fbc1a9025
02-17 23:15:35.418 8828 8828 E ArmVmp : Match on catch block at 0xc3 in for 0x7fbc1a9025
02-17 23:15:35.427 8828 8828 E ArmVmp : Match on catch block at 0xc3 in for 0x7fbc1a9025
02-17 23:15:35.432 8828 8828 E ArmVmp : Match on catch block at 0xc3 in for 0x7fbc1a9025
02-17 23:15:35.443 8828 8828 E ArmVmp : Match on catch block at 0xc3 in for 0x7fbc1a9025
02-17 23:15:35.447 8828 8828 E ArmVmp : Match on catch block at 0xc3 in for 0x7fbc1a9025
02-17 23:15:35.458 8828 8828 E ArmVmp : Match on catch block at 0xc3 in for 0x7fbc1a9025
02-17 23:15:35.461 8828 8828 E ArmVmp : Match on catch block at 0xc3 in for 0x7fbc1a9025
02-17 23:15:35.466 8828 8828 E ArmVmp : Match on catch block at 0xc3 in for 0x7fbc1a9025
02-17 23:15:35.468 8828 8828 E ArmVmp : Match on catch block at 0xc3 in for 0x7fbc1a9025
02-17 23:15:35.481 8828 8828 E ArmVmp : Match on catch block at 0xc3 in for 0x7fbc1a9025
02-17 23:15:35.484 8828 8828 E ArmVmp : Match on catch block at 0xc3 in for 0x7fbc1a9025
02-17 23:15:35.498 8828 8828 E ArmVmp : Match on catch block at 0xc3 in for 0x7fbc1a9025
02-17 23:15:35.502 8828 8828 E ArmVmp : Match on catch block at 0xc3 in for 0x7fbc1a9025
02-17 23:15:35.515 8828 8828 E ArmVmp : Match on catch block at 0xc3 in for 0x7fbc1a9025
02-17 23:15:35.519 8828 8828 E ArmVmp : Match on catch block at 0xc3 in for 0x7fbc1a9025
02-17 23:15:35.532 8828 8828 E ArmVmp : Match on catch block at 0xc3 in for 0x7fbc1a9025
02-17 23:15:35.536 8828 8828 E ArmVmp : Match on catch block at 0xc3 in for 0x7fbc1a9025
02-17 23:15:35.549 8828 8828 E ArmVmp : Match on catch block at 0xc3 in for 0x7fbc1a9025
02-17 23:15:35.553 8828 8828 E ArmVmp : Match on catch block at 0xc3 in for 0x7fbc1a9025
02-17 23:15:35.566 8828 8828 E ArmVmp : Match on catch block at 0xc3 in for 0x7fbc1a9025
02-17 23:15:35.570 8828 8828 E ArmVmp : Match on catch block at 0xc3 in for 0x7fbc1a9025
02-17 23:15:35.589 8828 8828 E ArmVmp : Match on catch block at 0xc3 in for 0x7fbc1a9025
02-17 23:15:35.594 8828 8828 E ArmVmp : Match on catch block at 0xc3 in for 0x7fbc1a9025
02-17 23:15:35.616 8828 8828 E ArmVmp : Match on catch block at 0xc3 in for 0x7fbc1a9025
02-17 23:15:35.619 8828 8828 E ArmVmp : Match on catch block at 0xc3 in for 0x7fbc1a9025
02-17 23:15:35.627 8828 8828 E ArmVmp : Match on catch block at 0xc3 in for 0x7fbc1a9025
02-17 23:15:35.629 8828 8828 E ArmVmp : Match on catch block at 0xc3 in for 0x7fbc1a9025
02-17 23:15:35.644 8828 8828 E ArmVmp : Match on catch block at 0xc3 in for 0x7fbc1a9025
02-17 23:15:35.650 8828 8828 E ArmVmp : Match on catch block at 0xc3 in for 0x7fbc1a9025
02-17 23:15:35.660 8828 8828 E ArmVmp : Match on catch block at 0xc3 in for 0x7fbc1a9025
02-17 23:15:35.662 8828 8828 E ArmVmp : Match on catch block at 0xc3 in for 0x7fbc1a9025
02-17 23:15:35.678 8828 8828 E ArmVmp : Match on catch block at 0xc3 in for 0x7fbc1a9025
02-17 23:15:35.681 8828 8828 E ArmVmp : Match on catch block at 0xc3 in for 0x7fbc1a9025
02-17 23:15:35.716 8828 8828 E ArmVmp : Match on catch block at 0xc3 in for 0x7fbc1a9025
02-17 23:15:35.718 8828 8828 E ArmVmp : Match on catch block at 0xc3 in for 0x7fbc1a9025
02-17 23:15:35.882 8828 8828 E ArmVmp : Match on catch block at 0xc3 in for 0x7fbc1a9025
02-17 23:15:35.885 8828 8828 E ArmVmp : Match on catch block at 0xc3 in for 0x7fbc1a9025
02-17 23:15:35.915 8828 8828 E ArmVmp : Match on catch block at 0xc3 in for 0x7fbc1a9025
02-17 23:15:35.918 8828 8828 E ArmVmp : Match on catch block at 0xc3 in for 0x7fbc1a9025
02-17 23:15:36.057 8828 8828 E ArmVmp : Match on catch block at 0xc3 in for 0x7fbc1a9025
02-17 23:15:36.060 8828 8828 E ArmVmp : Match on catch block at 0xc3 in for 0x7fbc1a9025
02-17 23:15:36.071 8828 11899 W MediaPlayer: Use of stream types is deprecated for operations other than volume control
02-17 23:15:36.071 8828 11899 W MediaPlayer: See the documentation of setAudioStreamType() for what to use instead with android.media.AudioAttributes to qualify your playback use case
02-17 23:15:36.074 8828 8828 E ArmVmp : Match on catch block at 0xc3 in for 0x7fbc1a9025
02-17 23:15:36.079 8828 8828 E ArmVmp : Match on catch block at 0xc3 in for 0x7fbc1a9025
02-17 23:15:36.098 8828 8828 E ArmVmp : Match on catch block at 0xc3 in for 0x7fbc1a9025
02-17 23:15:36.101 8828 8828 E ArmVmp : Match on catch block at 0xc3 in for 0x7fbc1a9025
02-17 23:15:36.121 8828 8828 E ArmVmp : Match on catch block at 0xc3 in for 0x7fbc1a9025
02-17 23:15:36.131 8828 8828 E ArmVmp : Match on catch block at 0xc3 in for 0x7fbc1a9025
02-17 23:15:36.145 8828 8828 E ArmVmp : Match on catch block at 0xc3 in for 0x7fbc1a9025
02-17 23:15:36.149 8828 8828 E ArmVmp : Match on catch block at 0xc3 in for 0x7fbc1a9025
02-17 23:15:36.186 8828 8828 E ArmVmp : Match on catch block at 0xc3 in for 0x7fbc1a9025
02-17 23:15:36.190 8828 8828 E ArmVmp : Match on catch block at 0xc3 in for 0x7fbc1a9025
02-17 23:15:36.235 8828 8828 E ArmVmp : Match on catch block at 0xc3 in for 0x7fbc1a9025
02-17 23:15:36.238 8828 8828 E ArmVmp : Match on catch block at 0xc3 in for 0x7fbc1a9025
02-17 23:15:36.272 8828 8828 E ArmVmp : Match on catch block at 0xc3 in for 0x7fbc1a9025
02-17 23:15:36.276 8828 8828 E ArmVmp : Match on catch block at 0xc3 in for 0x7fbc1a9025
02-17 23:15:36.316 8828 8828 E ArmVmp : Match on catch block at 0xc3 in for 0x7fbc1a9025
02-17 23:15:36.323 8828 8828 E ArmVmp : Match on catch block at 0xc3 in for 0x7fbc1a9025
02-17 23:15:36.373 8828 8828 E ArmVmp : Match on catch block at 0xc3 in for 0x7fbc1a9025
02-17 23:15:36.375 8828 8828 E ArmVmp : Match on catch block at 0xc3 in for 0x7fbc1a9025
02-17 23:15:36.402 8828 8828 E ArmVmp : Match on catch block at 0xc3 in for 0x7fbc1a9025
02-17 23:15:36.405 8828 8828 E ArmVmp : Match on catch block at 0xc3 in for 0x7fbc1a9025
02-17 23:15:36.414 8828 8828 E ArmVmp : Match on catch block at 0xc3 in for 0x7fbc1a9025
02-17 23:15:36.416 8828 8828 E ArmVmp : Match on catch block at 0xc3 in for 0x7fbc1a9025
02-17 23:15:36.424 8828 8828 E ArmVmp : Match on catch block at 0xc3 in for 0x7fbc1a9025
02-17 23:15:36.426 8828 8828 E ArmVmp : Match on catch block at 0xc3 in for 0x7fbc1a9025
02-17 23:15:36.430 8828 8828 E ArmVmp : Match on catch block at 0xc3 in for 0x7fbc1a9025
02-17 23:15:36.432 8828 8828 E ArmVmp : Match on catch block at 0xc3 in for 0x7fbc1a9025
02-17 23:15:36.447 8828 8828 E ArmVmp : Match on catch block at 0xc3 in for 0x7fbc1a9025
02-17 23:15:36.450 8828 8828 E ArmVmp : Match on catch block at 0xc3 in for 0x7fbc1a9025
02-17 23:15:36.465 8828 8828 E ArmVmp : Match on catch block at 0xc3 in for 0x7fbc1a9025
02-17 23:15:36.469 8828 8828 E ArmVmp : Match on catch block at 0xc3 in for 0x7fbc1a9025
02-17 23:15:36.481 8828 8828 E ArmVmp : Match on catch block at 0xc3 in for 0x7fbc1a9025
02-17 23:15:36.484 8828 8828 E ArmVmp : Match on catch block at 0xc3 in for 0x7fbc1a9025
02-17 23:15:36.498 8828 8828 E ArmVmp : Match on catch block at 0xc3 in for 0x7fbc1a9025
02-17 23:15:36.501 8828 8828 E ArmVmp : Match on catch block at 0xc3 in for 0x7fbc1a9025
02-17 23:15:36.515 8828 8828 E ArmVmp : Match on catch block at 0xc3 in for 0x7fbc1a9025
02-17 23:15:36.518 8828 8828 E ArmVmp : Match on catch block at 0xc3 in for 0x7fbc1a9025
02-17 23:15:36.533 8828 8828 E ArmVmp : Match on catch block at 0xc3 in for 0x7fbc1a9025
02-17 23:15:36.537 8828 8828 E ArmVmp : Match on catch block at 0xc3 in for 0x7fbc1a9025
02-17 23:15:36.549 8828 8828 E ArmVmp : Match on catch block at 0xc3 in for 0x7fbc1a9025
02-17 23:15:36.554 8828 8828 E ArmVmp : Match on catch block at 0xc3 in for 0x7fbc1a9025
02-17 23:15:36.565 8828 8828 E ArmVmp : Match on catch block at 0xc3 in for 0x7fbc1a9025
02-17 23:15:36.569 8828 8828 E ArmVmp : Match on catch block at 0xc3 in for 0x7fbc1a9025
02-17 23:15:36.581 8828 8828 E ArmVmp : Match on catch block at 0xc3 in for 0x7fbc1a9025
02-17 23:15:36.584 8828 8828 E ArmVmp : Match on catch block at 0xc3 in for 0x7fbc1a9025
02-17 23:15:36.598 8828 8828 E ArmVmp : Match on catch block at 0xc3 in for 0x7fbc1a9025
02-17 23:15:36.601 8828 8828 E ArmVmp : Match on catch block at 0xc3 in for 0x7fbc1a9025
02-17 23:15:36.615 8828 8828 E ArmVmp : Match on catch block at 0xc3 in for 0x7fbc1a9025
02-17 23:15:36.618 8828 8828 E ArmVmp : Match on catch block at 0xc3 in for 0x7fbc1a9025
02-17 23:15:36.631 8828 8828 E ArmVmp : Match on catch block at 0xc3 in for 0x7fbc1a9025
02-17 23:15:36.635 8828 8828 E ArmVmp : Match on catch block at 0xc3 in for 0x7fbc1a9025
02-17 23:15:36.682 8828 8828 E ArmVmp : Match on catch block at 0xc3 in for 0x7fbc1a9025
02-17 23:15:36.686 8828 8828 E ArmVmp : Match on catch block at 0xc3 in for 0x7fbc1a9025
02-17 23:15:36.717 8828 8828 E ArmVmp : Match on catch block at 0xc3 in for 0x7fbc1a9025
02-17 23:15:36.724 8828 8828 E ArmVmp : Match on catch block at 0xc3 in for 0x7fbc1a9025
02-17 23:15:36.868 8828 8828 E ArmVmp : Match on catch block at 0xc3 in for 0x7fbc1a9025
02-17 23:15:36.872 8828 8828 E ArmVmp : Match on catch block at 0xc3 in for 0x7fbc1a9025
02-17 23:15:36.883 8828 8828 E ArmVmp : Match on catch block at 0xc3 in for 0x7fbc1a9025
02-17 23:15:36.885 8828 11899 W MediaPlayer: Use of stream types is deprecated for operations other than volume control
02-17 23:15:36.885 8828 11899 W MediaPlayer: See the documentation of setAudioStreamType() for what to use instead with android.media.AudioAttributes to qualify your playback use case
02-17 23:15:36.891 8828 8828 E ArmVmp : Match on catch block at 0xc3 in for 0x7fbc1a9025
02-17 23:15:37.050 8828 8828 E ArmVmp : Match on catch block at 0xc3 in for 0x7fbc1a9025
02-17 23:15:37.053 8828 8828 E ArmVmp : Match on catch block at 0xc3 in for 0x7fbc1a9025
02-17 23:15:37.099 8828 8828 E ArmVmp : Match on catch block at 0xc3 in for 0x7fbc1a9025
02-17 23:15:37.101 8828 8828 E ArmVmp : Match on catch block at 0xc3 in for 0x7fbc1a9025
02-17 23:15:37.114 8828 8828 E ArmVmp : Match on catch block at 0xc3 in for 0x7fbc1a9025
02-17 23:15:37.116 8828 8828 E ArmVmp : Match on catch block at 0xc3 in for 0x7fbc1a9025
02-17 23:15:37.130 8828 8828 E ArmVmp : Match on catch block at 0xc3 in for 0x7fbc1a9025
02-17 23:15:37.133 8828 8828 E ArmVmp : Match on catch block at 0xc3 in for 0x7fbc1a9025
02-17 23:15:37.149 8828 8828 E ArmVmp : Match on catch block at 0xc3 in for 0x7fbc1a9025
02-17 23:15:37.156 8828 8828 E ArmVmp : Match on catch block at 0xc3 in for 0x7fbc1a9025
02-17 23:15:37.164 8828 8828 E ArmVmp : Match on catch block at 0xc3 in for 0x7fbc1a9025
02-17 23:15:37.167 8828 8828 E ArmVmp : Match on catch block at 0xc3 in for 0x7fbc1a9025
02-17 23:15:37.180 8828 8828 E ArmVmp : Match on catch block at 0xc3 in for 0x7fbc1a9025
02-17 23:15:37.183 8828 8828 E ArmVmp : Match on catch block at 0xc3 in for 0x7fbc1a9025
02-17 23:15:37.257 8828 8828 W SoundPool: Use of stream types is deprecated for operations other than volume control
02-17 23:15:37.257 8828 8828 W SoundPool: See the documentation of SoundPool() for what to use instead with android.media.AudioAttributes to qualify your playback use case
02-17 23:15:37.283 8828 8828 W AudioManager: Use of stream types is deprecated for operations other than volume control
02-17 23:15:37.283 8828 8828 W AudioManager: See the documentation of requestAudioFocus() for what to use instead with android.media.AudioAttributes to qualify your playback use case
02-17 23:15:37.289 8828 10666 W SoundPool: play soundID 1 not READY
02-17 23:15:37.380 8828 13939 W Codec2Client: query -- param skipped: index = 1107298332.
02-17 23:15:37.381 8828 13940 W Codec2Client: query -- param skipped: index = 1107298332.
02-17 23:15:37.382 8828 13939 W Codec2Client: query -- param skipped: index = 1342179345.
02-17 23:15:37.382 8828 13940 W Codec2Client: query -- param skipped: index = 1342179345.
02-17 23:15:37.382 8828 13940 W Codec2Client: query -- param skipped: index = 2415921170.
02-17 23:15:37.383 8828 13939 W Codec2Client: query -- param skipped: index = 2415921170.
02-17 23:15:37.386 8828 13940 E ion : ioctl c0044901 failed with code -1: Inappropriate ioctl for device
02-17 23:15:37.432 8828 8828 W libOpenSLES: Conversion from OpenSL ES positional channel mask 0x4 to Android mask 0 loses channels
02-17 23:15:37.457 8828 13951 W Codec2Client: query -- param skipped: index = 1107298332.
02-17 23:15:37.459 8828 13951 W Codec2Client: query -- param skipped: index = 1342179345.
02-17 23:15:37.459 8828 13951 W Codec2Client: query -- param skipped: index = 2415921170.
02-17 23:15:37.494 8828 13956 W Codec2Client: query -- param skipped: index = 1107298332.
02-17 23:15:37.495 8828 13956 W Codec2Client: query -- param skipped: index = 1342179345.
02-17 23:15:37.496 8828 13956 W Codec2Client: query -- param skipped: index = 2415921170.
02-17 23:15:37.588 8828 8828 E ArmVmp : Match on catch block at 0xc3 in for 0x7fbc1a9025
02-17 23:15:37.592 8828 8828 E ArmVmp : Match on catch block at 0xc3 in for 0x7fbc1a9025
02-17 23:15:37.594 8828 13964 W Codec2Client: query -- param skipped: index = 1107298332.
02-17 23:15:37.596 8828 13964 W Codec2Client: query -- param skipped: index = 1342179345.
02-17 23:15:37.596 8828 13964 W Codec2Client: query -- param skipped: index = 2415921170.
02-17 23:15:37.597 8828 13963 W LOTTIE : Unknown shape type rd
02-17 23:15:37.631 8828 8828 E ArmVmp : Match on catch block at 0xc3 in for 0x7fbc1a9025
02-17 23:15:37.642 8828 8828 E ArmVmp : Match on catch block at 0xc3 in for 0x7fbc1a9025
02-17 23:15:37.721 8828 13970 W Codec2Client: query -- param skipped: index = 1107298332.
02-17 23:15:37.722 8828 13970 W Codec2Client: query -- param skipped: index = 1342179345.
02-17 23:15:37.722 8828 13970 W Codec2Client: query -- param skipped: index = 2415921170.
02-17 23:15:37.743 8828 8828 E ArmVmp : Match on catch block at 0xc3 in for 0x7fbc1a9025
02-17 23:15:37.746 8828 8828 E ArmVmp : Match on catch block at 0xc3 in for 0x7fbc1a9025
02-17 23:15:37.760 8828 8828 E ArmVmp : Match on catch block at 0xc3 in for 0x7fbc1a9025
02-17 23:15:37.764 8828 8828 E ArmVmp : Match on catch block at 0xc3 in for 0x7fbc1a9025
02-17 23:15:37.776 8828 8828 E ArmVmp : Match on catch block at 0xc3 in for 0x7fbc1a9025
02-17 23:15:37.778 8828 8828 E ArmVmp : Match on catch block at 0xc3 in for 0x7fbc1a9025
02-17 23:15:37.781 8828 8828 E ArmVmp : Match on catch block at 0xc3 in for 0x7fbc1a9025
02-17 23:15:37.785 8828 8828 E ArmVmp : Match on catch block at 0xc3 in for 0x7fbc1a9025
02-17 23:15:37.797 8828 8828 E ArmVmp : Match on catch block at 0xc3 in for 0x7fbc1a9025
02-17 23:15:37.800 8828 8828 E ArmVmp : Match on catch block at 0xc3 in for 0x7fbc1a9025
02-17 23:15:37.814 8828 8828 E ArmVmp : Match on catch block at 0xc3 in for 0x7fbc1a9025
02-17 23:15:37.818 8828 8828 E ArmVmp : Match on catch block at 0xc3 in for 0x7fbc1a9025
02-17 23:15:37.832 8828 8828 E ArmVmp : Match on catch block at 0xc3 in for 0x7fbc1a9025
02-17 23:15:37.836 8828 8828 E ArmVmp : Match on catch block at 0xc3 in for 0x7fbc1a9025
02-17 23:15:37.849 8828 8828 E ArmVmp : Match on catch block at 0xc3 in for 0x7fbc1a9025
02-17 23:15:37.852 8828 8828 E ArmVmp : Match on catch block at 0xc3 in for 0x7fbc1a9025
02-17 23:15:37.867 8828 8828 E ArmVmp : Match on catch block at 0xc3 in for 0x7fbc1a9025
02-17 23:15:37.870 8828 8828 E ArmVmp : Match on catch block at 0xc3 in for 0x7fbc1a9025
02-17 23:15:37.882 8828 8828 E ArmVmp : Match on catch block at 0xc3 in for 0x7fbc1a9025
02-17 23:15:37.886 8828 8828 E ArmVmp : Match on catch block at 0xc3 in for 0x7fbc1a9025
02-17 23:15:37.901 8828 8828 E ArmVmp : Match on catch block at 0xc3 in for 0x7fbc1a9025
02-17 23:15:37.905 8828 8828 E ArmVmp : Match on catch block at 0xc3 in for 0x7fbc1a9025
02-17 23:15:37.917 8828 8828 E ArmVmp : Match on catch block at 0xc3 in for 0x7fbc1a9025
02-17 23:15:37.920 8828 8828 E ArmVmp : Match on catch block at 0xc3 in for 0x7fbc1a9025
02-17 23:15:37.933 8828 8828 E ArmVmp : Match on catch block at 0xc3 in for 0x7fbc1a9025
02-17 23:15:37.937 8828 8828 E ArmVmp : Match on catch block at 0xc3 in for 0x7fbc1a9025
02-17 23:15:37.949 8828 8828 E ArmVmp : Match on catch block at 0xc3 in for 0x7fbc1a9025
02-17 23:15:37.953 8828 8828 E ArmVmp : Match on catch block at 0xc3 in for 0x7fbc1a9025
02-17 23:15:37.970 8828 8828 E ArmVmp : Match on catch block at 0xc3 in for 0x7fbc1a9025
02-17 23:15:37.973 8828 8828 E ArmVmp : Match on catch block at 0xc3 in for 0x7fbc1a9025
02-17 23:15:38.103 8828 8828 E ArmVmp : Match on catch block at 0xc3 in for 0x7fbc1a9025
02-17 23:15:38.115 8828 8828 E ArmVmp : Match on catch block at 0xc3 in for 0x7fbc1a9025
02-17 23:15:38.602 8828 8828 E ArmVmp : Match on catch block at 0xc3 in for 0x7fbc1a9025
02-17 23:15:38.612 8828 8828 E ArmVmp : Match on catch block at 0xc3 in for 0x7fbc1a9025
02-17 23:15:39.101 8828 8828 E ArmVmp : Match on catch block at 0xc3 in for 0x7fbc1a9025
02-17 23:15:39.109 8828 8828 E ArmVmp : Match on catch block at 0xc3 in for 0x7fbc1a9025
02-17 23:15:39.285 8828 8828 E ArmVmp : Match on catch block at 0xc3 in for 0x7fbc1a9025
02-17 23:15:39.295 8828 8828 E ArmVmp : Match on catch block at 0xc3 in for 0x7fbc1a9025
02-17 23:15:39.310 8828 8828 E ArmVmp : Match on catch block at 0xc3 in for 0x7fbc1a9025
02-17 23:15:39.320 8828 8828 E ArmVmp : Match on catch block at 0xc3 in for 0x7fbc1a9025
02-17 23:15:39.335 8828 8828 E ArmVmp : Match on catch block at 0xc3 in for 0x7fbc1a9025
02-17 23:15:39.347 8828 8828 E ArmVmp : Match on catch block at 0xc3 in for 0x7fbc1a9025
02-17 23:15:39.367 8828 8828 E ArmVmp : Match on catch block at 0xc3 in for 0x7fbc1a9025
02-17 23:15:39.376 8828 8828 E ArmVmp : Match on catch block at 0xc3 in for 0x7fbc1a9025
02-17 23:15:39.408 8828 8828 E ArmVmp : Match on catch block at 0xc3 in for 0x7fbc1a9025
02-17 23:15:39.411 8828 8828 E ArmVmp : Match on catch block at 0xc3 in for 0x7fbc1a9025
02-17 23:15:39.434 8828 8828 E ArmVmp : Match on catch block at 0xc3 in for 0x7fbc1a9025
02-17 23:15:39.438 8828 8828 E ArmVmp : Match on catch block at 0xc3 in for 0x7fbc1a9025
02-17 23:15:39.471 8828 8828 E ArmVmp : Match on catch block at 0xc3 in for 0x7fbc1a9025
02-17 23:15:39.476 8828 8828 E ArmVmp : Match on catch block at 0xc3 in for 0x7fbc1a9025
02-17 23:15:39.488 8828 8828 E ArmVmp : Match on catch block at 0xc3 in for 0x7fbc1a9025
02-17 23:15:39.492 8828 8828 E ArmVmp : Match on catch block at 0xc3 in for 0x7fbc1a9025
02-17 23:15:39.502 8828 8828 E ArmVmp : Match on catch block at 0xc3 in for 0x7fbc1a9025
02-17 23:15:39.506 8828 8828 E ArmVmp : Match on catch block at 0xc3 in for 0x7fbc1a9025
02-17 23:15:39.517 8828 8828 E ArmVmp : Match on catch block at 0xc3 in for 0x7fbc1a9025
02-17 23:15:39.520 8828 8828 E ArmVmp : Match on catch block at 0xc3 in for 0x7fbc1a9025
02-17 23:15:39.541 8828 8828 E ArmVmp : Match on catch block at 0xc3 in for 0x7fbc1a9025
02-17 23:15:39.545 8828 8828 E ArmVmp : Match on catch block at 0xc3 in for 0x7fbc1a9025
02-17 23:15:39.558 8828 8828 E ArmVmp : Match on catch block at 0xc3 in for 0x7fbc1a9025
02-17 23:15:39.562 8828 8828 E ArmVmp : Match on catch block at 0xc3 in for 0x7fbc1a9025
02-17 23:15:39.617 8828 8828 E ArmVmp : Match on catch block at 0xc3 in for 0x7fbc1a9025
02-17 23:15:39.621 8828 8828 E ArmVmp : Match on catch block at 0xc3 in for 0x7fbc1a9025
02-17 23:15:40.119 8828 8828 E ArmVmp : Match on catch block at 0xc3 in for 0x7fbc1a9025
02-17 23:15:40.131 8828 8828 E ArmVmp : Match on catch block at 0xc3 in for 0x7fbc1a9025
02-17 23:15:40.618 8828 8828 E ArmVmp : Match on catch block at 0xc3 in for 0x7fbc1a9025
02-17 23:15:40.628 8828 8828 E ArmVmp : Match on catch block at 0xc3 in for 0x7fbc1a9025
02-17 23:15:41.035 8828 8828 E ArmVmp : Match on catch block at 0xc3 in for 0x7fbc1a9025
02-17 23:15:41.038 8828 8828 E ArmVmp : Match on catch block at 0xc3 in for 0x7fbc1a9025
02-17 23:15:41.050 8828 11899 W MediaPlayer: Use of stream types is deprecated for operations other than volume control
02-17 23:15:41.050 8828 11899 W MediaPlayer: See the documentation of setAudioStreamType() for what to use instead with android.media.AudioAttributes to qualify your playback use case
02-17 23:15:41.056 8828 8828 E ArmVmp : Match on catch block at 0xc3 in for 0x7fbc1a9025
02-17 23:15:41.058 8828 8828 E ArmVmp : Match on catch block at 0xc3 in for 0x7fbc1a9025
02-17 23:15:41.086 8828 8828 E ArmVmp : Match on catch block at 0xc3 in for 0x7fbc1a9025
02-17 23:15:41.089 8828 8828 E ArmVmp : Match on catch block at 0xc3 in for 0x7fbc1a9025
02-17 23:15:41.115 8828 8828 E ArmVmp : Match on catch block at 0xc3 in for 0x7fbc1a9025
02-17 23:15:41.117 8828 8828 E ArmVmp : Match on catch block at 0xc3 in for 0x7fbc1a9025
02-17 23:15:41.132 8828 8828 E ArmVmp : Match on catch block at 0xc3 in for 0x7fbc1a9025
02-17 23:15:41.135 8828 8828 E ArmVmp : Match on catch block at 0xc3 in for 0x7fbc1a9025
02-17 23:15:41.149 8828 8828 E ArmVmp : Match on catch block at 0xc3 in for 0x7fbc1a9025
02-17 23:15:41.152 8828 8828 E ArmVmp : Match on catch block at 0xc3 in for 0x7fbc1a9025
02-17 23:15:41.165 8828 8828 E ArmVmp : Match on catch block at 0xc3 in for 0x7fbc1a9025
02-17 23:15:41.168 8828 8828 E ArmVmp : Match on catch block at 0xc3 in for 0x7fbc1a9025
02-17 23:15:41.182 8828 8828 E ArmVmp : Match on catch block at 0xc3 in for 0x7fbc1a9025
02-17 23:15:41.187 8828 8828 E ArmVmp : Match on catch block at 0xc3 in for 0x7fbc1a9025
02-17 23:15:41.200 8828 8828 E ArmVmp : Match on catch block at 0xc3 in for 0x7fbc1a9025
02-17 23:15:41.204 8828 8828 E ArmVmp : Match on catch block at 0xc3 in for 0x7fbc1a9025
02-17 23:15:41.216 8828 8828 E ArmVmp : Match on catch block at 0xc3 in for 0x7fbc1a9025
02-17 23:15:41.220 8828 8828 E ArmVmp : Match on catch block at 0xc3 in for 0x7fbc1a9025
02-17 23:15:41.233 8828 8828 E ArmVmp : Match on catch block at 0xc3 in for 0x7fbc1a9025
02-17 23:15:41.237 8828 8828 E ArmVmp : Match on catch block at 0xc3 in for 0x7fbc1a9025
02-17 23:15:41.249 8828 8828 E ArmVmp : Match on catch block at 0xc3 in for 0x7fbc1a9025
02-17 23:15:41.251 8828 8828 E ArmVmp : Match on catch block at 0xc3 in for 0x7fbc1a9025
02-17 23:15:41.270 8828 8828 E ArmVmp : Match on catch block at 0xc3 in for 0x7fbc1a9025
02-17 23:15:41.273 8828 8828 E ArmVmp : Match on catch block at 0xc3 in for 0x7fbc1a9025
02-17 23:15:41.283 8828 8828 E ArmVmp : Match on catch block at 0xc3 in for 0x7fbc1a9025
02-17 23:15:41.285 8828 8828 E ArmVmp : Match on catch block at 0xc3 in for 0x7fbc1a9025
02-17 23:15:41.300 8828 8828 E ArmVmp : Match on catch block at 0xc3 in for 0x7fbc1a9025
02-17 23:15:41.304 8828 8828 E ArmVmp : Match on catch block at 0xc3 in for 0x7fbc1a9025
02-17 23:15:41.317 8828 8828 E ArmVmp : Match on catch block at 0xc3 in for 0x7fbc1a9025
02-17 23:15:41.321 8828 8828 E ArmVmp : Match on catch block at 0xc3 in for 0x7fbc1a9025
02-17 23:15:41.334 8828 8828 E ArmVmp : Match on catch block at 0xc3 in for 0x7fbc1a9025
02-17 23:15:41.337 8828 8828 E ArmVmp : Match on catch block at 0xc3 in for 0x7fbc1a9025
02-17 23:15:41.349 8828 8828 E ArmVmp : Match on catch block at 0xc3 in for 0x7fbc1a9025
02-17 23:15:41.353 8828 8828 E ArmVmp : Match on catch block at 0xc3 in for 0x7fbc1a9025
02-17 23:15:41.367 8828 8828 E ArmVmp : Match on catch block at 0xc3 in for 0x7fbc1a9025
02-17 23:15:41.370 8828 8828 E ArmVmp : Match on catch block at 0xc3 in for 0x7fbc1a9025
02-17 23:15:41.383 8828 8828 E ArmVmp : Match on catch block at 0xc3 in for 0x7fbc1a9025
02-17 23:15:41.386 8828 8828 E ArmVmp : Match on catch block at 0xc3 in for 0x7fbc1a9025
02-17 23:15:41.406 8828 8828 E ArmVmp : Match on catch block at 0xc3 in for 0x7fbc1a9025
02-17 23:15:41.408 8828 8828 E ArmVmp : Match on catch block at 0xc3 in for 0x7fbc1a9025
02-17 23:15:41.440 8828 8828 E ArmVmp : Match on catch block at 0xc3 in for 0x7fbc1a9025
02-17 23:15:41.443 8828 8828 E ArmVmp : Match on catch block at 0xc3 in for 0x7fbc1a9025
02-17 23:15:41.455 8828 8828 E ArmVmp : Match on catch block at 0xc3 in for 0x7fbc1a9025
02-17 23:15:41.458 8828 8828 E ArmVmp : Match on catch block at 0xc3 in for 0x7fbc1a9025
02-17 23:15:41.567 8828 8828 E ArmVmp : Match on catch block at 0xc3 in for 0x7fbc1a9025
02-17 23:15:41.571 8828 8828 E ArmVmp : Match on catch block at 0xc3 in for 0x7fbc1a9025
02-17 23:15:41.600 8828 8828 E ArmVmp : Match on catch block at 0xc3 in for 0x7fbc1a9025
02-17 23:15:41.602 8828 8828 E ArmVmp : Match on catch block at 0xc3 in for 0x7fbc1a9025
02-17 23:15:41.616 8828 8828 E ArmVmp : Match on catch block at 0xc3 in for 0x7fbc1a9025
02-17 23:15:41.619 8828 8828 E ArmVmp : Match on catch block at 0xc3 in for 0x7fbc1a9025
02-17 23:15:41.634 8828 8828 E ArmVmp : Match on catch block at 0xc3 in for 0x7fbc1a9025
02-17 23:15:41.637 8828 8828 E ArmVmp : Match on catch block at 0xc3 in for 0x7fbc1a9025
02-17 23:15:41.650 8828 8828 E ArmVmp : Match on catch block at 0xc3 in for 0x7fbc1a9025
02-17 23:15:41.653 8828 8828 E ArmVmp : Match on catch block at 0xc3 in for 0x7fbc1a9025
02-17 23:15:41.667 8828 8828 E ArmVmp : Match on catch block at 0xc3 in for 0x7fbc1a9025
02-17 23:15:41.671 8828 8828 E ArmVmp : Match on catch block at 0xc3 in for 0x7fbc1a9025
02-17 23:15:41.684 8828 8828 E ArmVmp : Match on catch block at 0xc3 in for 0x7fbc1a9025
02-17 23:15:41.688 8828 8828 E ArmVmp : Match on catch block at 0xc3 in for 0x7fbc1a9025
02-17 23:15:41.701 8828 8828 E ArmVmp : Match on catch block at 0xc3 in for 0x7fbc1a9025
02-17 23:15:41.705 8828 8828 E ArmVmp : Match on catch block at 0xc3 in for 0x7fbc1a9025
02-17 23:15:41.717 8828 8828 E ArmVmp : Match on catch block at 0xc3 in for 0x7fbc1a9025
02-17 23:15:41.721 8828 8828 E ArmVmp : Match on catch block at 0xc3 in for 0x7fbc1a9025
02-17 23:15:41.734 8828 8828 E ArmVmp : Match on catch block at 0xc3 in for 0x7fbc1a9025
02-17 23:15:41.737 8828 8828 E ArmVmp : Match on catch block at 0xc3 in for 0x7fbc1a9025
02-17 23:15:41.748 8828 8828 E ArmVmp : Match on catch block at 0xc3 in for 0x7fbc1a9025
02-17 23:15:41.751 8828 8828 E ArmVmp : Match on catch block at 0xc3 in for 0x7fbc1a9025
02-17 23:15:41.765 8828 8828 E ArmVmp : Match on catch block at 0xc3 in for 0x7fbc1a9025
02-17 23:15:41.768 8828 8828 E ArmVmp : Match on catch block at 0xc3 in for 0x7fbc1a9025
02-17 23:15:41.782 8828 8828 E ArmVmp : Match on catch block at 0xc3 in for 0x7fbc1a9025
02-17 23:15:41.785 8828 8828 E ArmVmp : Match on catch block at 0xc3 in for 0x7fbc1a9025
02-17 23:15:41.798 8828 8828 E ArmVmp : Match on catch block at 0xc3 in for 0x7fbc1a9025
