02-17 23:13:11.988 8828 8828 E ArmVmp : Match on catch block at 0xc3 in for 0x7fbc1a9025
02-17 23:13:12.002 8828 8828 E ArmVmp : Match on catch block at 0xc3 in for 0x7fbc1a9025
02-17 23:13:12.005 8828 8828 E ArmVmp : Match on catch block at 0xc3 in for 0x7fbc1a9025
02-17 23:13:12.019 8828 8828 E ArmVmp : Match on catch block at 0xc3 in for 0x7fbc1a9025
02-17 23:13:12.023 8828 8828 E ArmVmp : Match on catch block at 0xc3 in for 0x7fbc1a9025
02-17 23:13:12.035 8828 8828 E ArmVmp : Match on catch block at 0xc3 in for 0x7fbc1a9025
02-17 23:13:12.038 8828 8828 E ArmVmp : Match on catch block at 0xc3 in for 0x7fbc1a9025
02-17 23:13:12.069 8828 8828 E ArmVmp : Match on catch block at 0xc3 in for 0x7fbc1a9025
02-17 23:13:12.073 8828 8828 E ArmVmp : Match on catch block at 0xc3 in for 0x7fbc1a9025
02-17 23:13:12.437 8828 8828 E ArmVmp : Match on catch block at 0xc3 in for 0x7fbc1a9025
02-17 23:13:12.442 8828 8828 E ArmVmp : Match on catch block at 0xc3 in for 0x7fbc1a9025
02-17 23:13:12.487 8828 8828 E ArmVmp : Match on catch block at 0xc3 in for 0x7fbc1a9025
02-17 23:13:12.492 8828 8828 E ArmVmp : Match on catch block at 0xc3 in for 0x7fbc1a9025
02-17 23:13:12.512 8828 8828 E ArmVmp : Match on catch block at 0xc3 in for 0x7fbc1a9025
02-17 23:13:12.516 8828 8828 E ArmVmp : Match on catch block at 0xc3 in for 0x7fbc1a9025
02-17 23:13:12.522 8828 8828 E ArmVmp : Match on catch block at 0xc3 in for 0x7fbc1a9025
02-17 23:13:12.525 8828 8828 E ArmVmp : Match on catch block at 0xc3 in for 0x7fbc1a9025
02-17 23:13:12.573 8828 8828 E ArmVmp : Match on catch block at 0xc3 in for 0x7fbc1a9025
02-17 23:13:12.578 8828 8828 E ArmVmp : Match on catch block at 0xc3 in for 0x7fbc1a9025
02-17 23:13:12.599 8828 8828 E ArmVmp : Match on catch block at 0xc3 in for 0x7fbc1a9025
02-17 23:13:12.602 8828 8828 E ArmVmp : Match on catch block at 0xc3 in for 0x7fbc1a9025
02-17 23:13:12.615 8828 8828 E ArmVmp : Match on catch block at 0xc3 in for 0x7fbc1a9025
02-17 23:13:12.619 8828 8828 E ArmVmp : Match on catch block at 0xc3 in for 0x7fbc1a9025
02-17 23:13:12.623 8828 8828 E ArmVmp : Match on catch block at 0xc3 in for 0x7fbc1a9025
02-17 23:13:12.626 8828 8828 E ArmVmp : Match on catch block at 0xc3 in for 0x7fbc1a9025
02-17 23:13:12.635 8828 8828 E ArmVmp : Match on catch block at 0xc3 in for 0x7fbc1a9025
02-17 23:13:12.638 8828 8828 E ArmVmp : Match on catch block at 0xc3 in for 0x7fbc1a9025
02-17 23:13:12.652 8828 8828 E ArmVmp : Match on catch block at 0xc3 in for 0x7fbc1a9025
02-17 23:13:12.655 8828 8828 E ArmVmp : Match on catch block at 0xc3 in for 0x7fbc1a9025
02-17 23:13:12.670 8828 8828 E ArmVmp : Match on catch block at 0xc3 in for 0x7fbc1a9025
02-17 23:13:12.673 8828 8828 E ArmVmp : Match on catch block at 0xc3 in for 0x7fbc1a9025
02-17 23:13:12.757 8828 8828 E ArmVmp : Match on catch block at 0xc3 in for 0x7fbc1a9025
02-17 23:13:12.761 8828 8828 E ArmVmp : Match on catch block at 0xc3 in for 0x7fbc1a9025
02-17 23:13:12.770 8828 8828 E ArmVmp : Match on catch block at 0xc3 in for 0x7fbc1a9025
02-17 23:13:12.775 8828 8828 E ArmVmp : Match on catch block at 0xc3 in for 0x7fbc1a9025
02-17 23:13:12.790 8828 8828 E ArmVmp : Match on catch block at 0xc3 in for 0x7fbc1a9025
02-17 23:13:12.793 8828 8828 E ArmVmp : Match on catch block at 0xc3 in for 0x7fbc1a9025
02-17 23:13:12.798 8828 11899 W MediaPlayer: Use of stream types is deprecated for operations other than volume control
02-17 23:13:12.798 8828 11899 W MediaPlayer: See the documentation of setAudioStreamType() for what to use instead with android.media.AudioAttributes to qualify your playback use case
02-17 23:13:12.804 8828 8828 E ArmVmp : Match on catch block at 0xc3 in for 0x7fbc1a9025
02-17 23:13:12.811 8828 8828 E ArmVmp : Match on catch block at 0xc3 in for 0x7fbc1a9025
02-17 23:13:12.829 8828 8828 E ArmVmp : Match on catch block at 0xc3 in for 0x7fbc1a9025
02-17 23:13:12.832 8828 8828 E ArmVmp : Match on catch block at 0xc3 in for 0x7fbc1a9025
02-17 23:13:12.865 8828 8828 E ArmVmp : Match on catch block at 0xc3 in for 0x7fbc1a9025
02-17 23:13:12.867 8828 8828 E ArmVmp : Match on catch block at 0xc3 in for 0x7fbc1a9025
02-17 23:13:12.879 8828 8828 E ArmVmp : Match on catch block at 0xc3 in for 0x7fbc1a9025
02-17 23:13:12.881 8828 8828 E ArmVmp : Match on catch block at 0xc3 in for 0x7fbc1a9025
02-17 23:13:12.890 8828 8828 E ArmVmp : Match on catch block at 0xc3 in for 0x7fbc1a9025
02-17 23:13:12.892 8828 8828 E ArmVmp : Match on catch block at 0xc3 in for 0x7fbc1a9025
02-17 23:13:12.917 8828 8828 E ArmVmp : Match on catch block at 0xc3 in for 0x7fbc1a9025
02-17 23:13:12.922 8828 8828 E ArmVmp : Match on catch block at 0xc3 in for 0x7fbc1a9025
02-17 23:13:12.941 8828 8828 E ArmVmp : Match on catch block at 0xc3 in for 0x7fbc1a9025
02-17 23:13:12.947 8828 8828 E ArmVmp : Match on catch block at 0xc3 in for 0x7fbc1a9025
02-17 23:13:12.957 8828 8828 E ArmVmp : Match on catch block at 0xc3 in for 0x7fbc1a9025
02-17 23:13:12.959 8828 8828 E ArmVmp : Match on catch block at 0xc3 in for 0x7fbc1a9025
02-17 23:13:12.969 8828 8828 E ArmVmp : Match on catch block at 0xc3 in for 0x7fbc1a9025
02-17 23:13:12.974 8828 8828 E ArmVmp : Match on catch block at 0xc3 in for 0x7fbc1a9025
02-17 23:13:12.984 8828 8828 E ArmVmp : Match on catch block at 0xc3 in for 0x7fbc1a9025
02-17 23:13:12.987 8828 8828 E ArmVmp : Match on catch block at 0xc3 in for 0x7fbc1a9025
02-17 23:13:12.998 8828 8828 E ArmVmp : Match on catch block at 0xc3 in for 0x7fbc1a9025
02-17 23:13:13.000 8828 8828 E ArmVmp : Match on catch block at 0xc3 in for 0x7fbc1a9025
02-17 23:13:13.020 8828 8828 E ArmVmp : Match on catch block at 0xc3 in for 0x7fbc1a9025
02-17 23:13:13.022 8828 8828 E ArmVmp : Match on catch block at 0xc3 in for 0x7fbc1a9025
02-17 23:13:13.027 8828 8828 E ArmVmp : Match on catch block at 0xc3 in for 0x7fbc1a9025
02-17 23:13:13.029 8828 8828 E ArmVmp : Match on catch block at 0xc3 in for 0x7fbc1a9025
02-17 23:13:13.038 8828 8828 E ArmVmp : Match on catch block at 0xc3 in for 0x7fbc1a9025
02-17 23:13:13.041 8828 8828 E ArmVmp : Match on catch block at 0xc3 in for 0x7fbc1a9025
02-17 23:13:13.058 8828 8828 E ArmVmp : Match on catch block at 0xc3 in for 0x7fbc1a9025
02-17 23:13:13.061 8828 8828 E ArmVmp : Match on catch block at 0xc3 in for 0x7fbc1a9025
02-17 23:13:13.077 8828 8828 E ArmVmp : Match on catch block at 0xc3 in for 0x7fbc1a9025
02-17 23:13:13.080 8828 8828 E ArmVmp : Match on catch block at 0xc3 in for 0x7fbc1a9025
02-17 23:13:13.286 8828 8828 E ArmVmp : Match on catch block at 0xc3 in for 0x7fbc1a9025
02-17 23:13:13.288 8828 8828 E ArmVmp : Match on catch block at 0xc3 in for 0x7fbc1a9025
02-17 23:13:13.296 8828 8828 E ArmVmp : Match on catch block at 0xc3 in for 0x7fbc1a9025
02-17 23:13:13.299 8828 8828 E ArmVmp : Match on catch block at 0xc3 in for 0x7fbc1a9025
02-17 23:13:13.311 8828 8828 E ArmVmp : Match on catch block at 0xc3 in for 0x7fbc1a9025
02-17 23:13:13.314 8828 8828 E ArmVmp : Match on catch block at 0xc3 in for 0x7fbc1a9025
02-17 23:13:13.319 8828 8828 E ArmVmp : Match on catch block at 0xc3 in for 0x7fbc1a9025
02-17 23:13:13.321 8828 8828 E ArmVmp : Match on catch block at 0xc3 in for 0x7fbc1a9025
02-17 23:13:13.339 8828 8828 E ArmVmp : Match on catch block at 0xc3 in for 0x7fbc1a9025
02-17 23:13:13.343 8828 8828 E ArmVmp : Match on catch block at 0xc3 in for 0x7fbc1a9025
02-17 23:13:13.362 8828 8828 E ArmVmp : Match on catch block at 0xc3 in for 0x7fbc1a9025
02-17 23:13:13.364 8828 8828 E ArmVmp : Match on catch block at 0xc3 in for 0x7fbc1a9025
02-17 23:13:13.375 8828 8828 E ArmVmp : Match on catch block at 0xc3 in for 0x7fbc1a9025
02-17 23:13:13.377 8828 8828 E ArmVmp : Match on catch block at 0xc3 in for 0x7fbc1a9025
02-17 23:13:13.386 8828 8828 E ArmVmp : Match on catch block at 0xc3 in for 0x7fbc1a9025
02-17 23:13:13.389 8828 8828 E ArmVmp : Match on catch block at 0xc3 in for 0x7fbc1a9025
02-17 23:13:13.403 8828 8828 E ArmVmp : Match on catch block at 0xc3 in for 0x7fbc1a9025
02-17 23:13:13.407 8828 8828 E ArmVmp : Match on catch block at 0xc3 in for 0x7fbc1a9025
02-17 23:13:13.420 8828 8828 E ArmVmp : Match on catch block at 0xc3 in for 0x7fbc1a9025
02-17 23:13:13.432 8828 8828 E ArmVmp : Match on catch block at 0xc3 in for 0x7fbc1a9025
02-17 23:13:13.436 8828 8828 E ArmVmp : Match on catch block at 0xc3 in for 0x7fbc1a9025
02-17 23:13:13.438 8828 8828 E ArmVmp : Match on catch block at 0xc3 in for 0x7fbc1a9025
02-17 23:13:13.453 8828 8828 E ArmVmp : Match on catch block at 0xc3 in for 0x7fbc1a9025
02-17 23:13:13.456 8828 8828 E ArmVmp : Match on catch block at 0xc3 in for 0x7fbc1a9025
02-17 23:13:13.471 8828 8828 E ArmVmp : Match on catch block at 0xc3 in for 0x7fbc1a9025
02-17 23:13:13.474 8828 8828 E ArmVmp : Match on catch block at 0xc3 in for 0x7fbc1a9025
02-17 23:13:13.489 8828 8828 E ArmVmp : Match on catch block at 0xc3 in for 0x7fbc1a9025
02-17 23:13:13.492 8828 8828 E ArmVmp : Match on catch block at 0xc3 in for 0x7fbc1a9025
02-17 23:13:13.525 8828 8828 E ArmVmp : Match on catch block at 0xc3 in for 0x7fbc1a9025
02-17 23:13:13.528 8828 8828 E ArmVmp : Match on catch block at 0xc3 in for 0x7fbc1a9025
02-17 23:13:13.555 8828 8828 E ArmVmp : Match on catch block at 0xc3 in for 0x7fbc1a9025
02-17 23:13:13.558 8828 8828 E ArmVmp : Match on catch block at 0xc3 in for 0x7fbc1a9025
02-17 23:13:13.586 8828 8828 E ArmVmp : Match on catch block at 0xc3 in for 0x7fbc1a9025
02-17 23:13:13.589 8828 8828 E ArmVmp : Match on catch block at 0xc3 in for 0x7fbc1a9025
02-17 23:13:13.609 8828 8828 E ArmVmp : Match on catch block at 0xc3 in for 0x7fbc1a9025
02-17 23:13:13.613 8828 8828 E ArmVmp : Match on catch block at 0xc3 in for 0x7fbc1a9025
02-17 23:13:13.639 8828 8828 E ArmVmp : Match on catch block at 0xc3 in for 0x7fbc1a9025
02-17 23:13:13.643 8828 8828 E ArmVmp : Match on catch block at 0xc3 in for 0x7fbc1a9025
02-17 23:13:13.655 8828 8828 E ArmVmp : Match on catch block at 0xc3 in for 0x7fbc1a9025
02-17 23:13:13.659 8828 8828 E ArmVmp : Match on catch block at 0xc3 in for 0x7fbc1a9025
02-17 23:13:13.673 8828 8828 E ArmVmp : Match on catch block at 0xc3 in for 0x7fbc1a9025
02-17 23:13:13.677 8828 8828 E ArmVmp : Match on catch block at 0xc3 in for 0x7fbc1a9025
02-17 23:13:13.706 8828 8828 E ArmVmp : Match on catch block at 0xc3 in for 0x7fbc1a9025
02-17 23:13:13.710 8828 8828 E ArmVmp : Match on catch block at 0xc3 in for 0x7fbc1a9025
02-17 23:13:13.740 8828 8828 E ArmVmp : Match on catch block at 0xc3 in for 0x7fbc1a9025
02-17 23:13:13.745 8828 8828 E ArmVmp : Match on catch block at 0xc3 in for 0x7fbc1a9025
02-17 23:13:13.857 8828 8828 E ArmVmp : Match on catch block at 0xc3 in for 0x7fbc1a9025
02-17 23:13:13.861 8828 8828 E ArmVmp : Match on catch block at 0xc3 in for 0x7fbc1a9025
02-17 23:13:14.256 8828 8828 E ArmVmp : Match on catch block at 0xc3 in for 0x7fbc1a9025
02-17 23:13:14.263 8828 8828 E ArmVmp : Match on catch block at 0xc3 in for 0x7fbc1a9025
02-17 23:13:14.770 8828 8828 E ArmVmp : Match on catch block at 0xc3 in for 0x7fbc1a9025
02-17 23:13:14.777 8828 8828 E ArmVmp : Match on catch block at 0xc3 in for 0x7fbc1a9025
02-17 23:13:14.890 8828 8828 E ArmVmp : Match on catch block at 0xc3 in for 0x7fbc1a9025
02-17 23:13:14.894 8828 8828 E ArmVmp : Match on catch block at 0xc3 in for 0x7fbc1a9025
02-17 23:13:14.905 8828 8828 E ArmVmp : Match on catch block at 0xc3 in for 0x7fbc1a9025
02-17 23:13:14.909 8828 8828 E ArmVmp : Match on catch block at 0xc3 in for 0x7fbc1a9025
02-17 23:13:14.921 8828 8828 E ArmVmp : Match on catch block at 0xc3 in for 0x7fbc1a9025
02-17 23:13:14.924 8828 8828 E ArmVmp : Match on catch block at 0xc3 in for 0x7fbc1a9025
02-17 23:13:14.938 8828 8828 E ArmVmp : Match on catch block at 0xc3 in for 0x7fbc1a9025
02-17 23:13:14.941 8828 8828 E ArmVmp : Match on catch block at 0xc3 in for 0x7fbc1a9025
02-17 23:13:14.959 8828 8828 E ArmVmp : Match on catch block at 0xc3 in for 0x7fbc1a9025
02-17 23:13:14.962 8828 8828 E ArmVmp : Match on catch block at 0xc3 in for 0x7fbc1a9025
02-17 23:13:14.976 8828 8828 E ArmVmp : Match on catch block at 0xc3 in for 0x7fbc1a9025
02-17 23:13:14.980 8828 8828 E ArmVmp : Match on catch block at 0xc3 in for 0x7fbc1a9025
02-17 23:13:15.006 8828 8828 E ArmVmp : Match on catch block at 0xc3 in for 0x7fbc1a9025
02-17 23:13:15.011 8828 8828 E ArmVmp : Match on catch block at 0xc3 in for 0x7fbc1a9025
02-17 23:13:15.036 8828 8828 E ArmVmp : Match on catch block at 0xc3 in for 0x7fbc1a9025
02-17 23:13:15.039 8828 8828 E ArmVmp : Match on catch block at 0xc3 in for 0x7fbc1a9025
02-17 23:13:15.051 8828 8828 E ArmVmp : Match on catch block at 0xc3 in for 0x7fbc1a9025
02-17 23:13:15.055 8828 8828 E ArmVmp : Match on catch block at 0xc3 in for 0x7fbc1a9025
02-17 23:13:15.072 8828 8828 E ArmVmp : Match on catch block at 0xc3 in for 0x7fbc1a9025
02-17 23:13:15.076 8828 8828 E ArmVmp : Match on catch block at 0xc3 in for 0x7fbc1a9025
02-17 23:13:15.107 8828 8828 E ArmVmp : Match on catch block at 0xc3 in for 0x7fbc1a9025
02-17 23:13:15.111 8828 8828 E ArmVmp : Match on catch block at 0xc3 in for 0x7fbc1a9025
02-17 23:13:15.122 8828 8828 E ArmVmp : Match on catch block at 0xc3 in for 0x7fbc1a9025
02-17 23:13:15.126 8828 8828 E ArmVmp : Match on catch block at 0xc3 in for 0x7fbc1a9025
02-17 23:13:15.155 8828 8828 E ArmVmp : Match on catch block at 0xc3 in for 0x7fbc1a9025
02-17 23:13:15.159 8828 8828 E ArmVmp : Match on catch block at 0xc3 in for 0x7fbc1a9025
02-17 23:13:15.189 8828 8828 E ArmVmp : Match on catch block at 0xc3 in for 0x7fbc1a9025
02-17 23:13:15.194 8828 8828 E ArmVmp : Match on catch block at 0xc3 in for 0x7fbc1a9025
02-17 23:13:15.288 8828 8828 E ArmVmp : Match on catch block at 0xc3 in for 0x7fbc1a9025
02-17 23:13:15.291 8828 8828 E ArmVmp : Match on catch block at 0xc3 in for 0x7fbc1a9025
02-17 23:13:15.321 8828 8828 E ArmVmp : Match on catch block at 0xc3 in for 0x7fbc1a9025
02-17 23:13:15.324 8828 8828 E ArmVmp : Match on catch block at 0xc3 in for 0x7fbc1a9025
02-17 23:13:15.346 8828 8828 E ArmVmp : Match on catch block at 0xc3 in for 0x7fbc1a9025
02-17 23:13:15.348 8828 8828 E ArmVmp : Match on catch block at 0xc3 in for 0x7fbc1a9025
02-17 23:13:15.364 8828 8828 E ArmVmp : Match on catch block at 0xc3 in for 0x7fbc1a9025
02-17 23:13:15.367 8828 8828 E ArmVmp : Match on catch block at 0xc3 in for 0x7fbc1a9025
02-17 23:13:15.372 8828 8828 E ArmVmp : Match on catch block at 0xc3 in for 0x7fbc1a9025
02-17 23:13:15.381 8828 8828 E ArmVmp : Match on catch block at 0xc3 in for 0x7fbc1a9025
02-17 23:13:15.444 8828 8828 E ArmVmp : Match on catch block at 0xc3 in for 0x7fbc1a9025
02-17 23:13:15.447 8828 8828 E ArmVmp : Match on catch block at 0xc3 in for 0x7fbc1a9025
02-17 23:13:15.468 8828 8828 E ArmVmp : Match on catch block at 0xc3 in for 0x7fbc1a9025
02-17 23:13:15.470 8828 8828 E ArmVmp : Match on catch block at 0xc3 in for 0x7fbc1a9025
02-17 23:13:15.481 8828 8828 E ArmVmp : Match on catch block at 0xc3 in for 0x7fbc1a9025
02-17 23:13:15.485 8828 8828 E ArmVmp : Match on catch block at 0xc3 in for 0x7fbc1a9025
02-17 23:13:15.489 8828 8828 E ArmVmp : Match on catch block at 0xc3 in for 0x7fbc1a9025
02-17 23:13:15.491 8828 8828 E ArmVmp : Match on catch block at 0xc3 in for 0x7fbc1a9025
02-17 23:13:15.504 8828 8828 E ArmVmp : Match on catch block at 0xc3 in for 0x7fbc1a9025
02-17 23:13:15.509 8828 8828 E ArmVmp : Match on catch block at 0xc3 in for 0x7fbc1a9025
02-17 23:13:15.520 8828 8828 E ArmVmp : Match on catch block at 0xc3 in for 0x7fbc1a9025
02-17 23:13:15.522 8828 8828 E ArmVmp : Match on catch block at 0xc3 in for 0x7fbc1a9025
02-17 23:13:15.537 8828 8828 E ArmVmp : Match on catch block at 0xc3 in for 0x7fbc1a9025
02-17 23:13:15.540 8828 8828 E ArmVmp : Match on catch block at 0xc3 in for 0x7fbc1a9025
02-17 23:13:15.689 8828 8828 E ArmVmp : Match on catch block at 0xc3 in for 0x7fbc1a9025
02-17 23:13:15.692 8828 8828 E ArmVmp : Match on catch block at 0xc3 in for 0x7fbc1a9025
02-17 23:13:15.698 8828 11899 W MediaPlayer: Use of stream types is deprecated for operations other than volume control
02-17 23:13:15.698 8828 11899 W MediaPlayer: See the documentation of setAudioStreamType() for what to use instead with android.media.AudioAttributes to qualify your playback use case
02-17 23:13:15.706 8828 8828 E ArmVmp : Match on catch block at 0xc3 in for 0x7fbc1a9025
02-17 23:13:15.716 8828 8828 E ArmVmp : Match on catch block at 0xc3 in for 0x7fbc1a9025
02-17 23:13:15.837 8828 8828 E ArmVmp : Match on catch block at 0xc3 in for 0x7fbc1a9025
02-17 23:13:15.840 8828 8828 E ArmVmp : Match on catch block at 0xc3 in for 0x7fbc1a9025
02-17 23:13:16.338 8828 8828 E ArmVmp : Match on catch block at 0xc3 in for 0x7fbc1a9025
02-17 23:13:16.343 8828 8828 E ArmVmp : Match on catch block at 0xc3 in for 0x7fbc1a9025
02-17 23:13:16.461 8828 8828 E ArmVmp : Match on catch block at 0xc3 in for 0x7fbc1a9025
02-17 23:13:16.463 8828 8828 E ArmVmp : Match on catch block at 0xc3 in for 0x7fbc1a9025
02-17 23:13:16.482 8828 8828 E RecyclerView: No adapter attached; skipping layout
02-17 23:13:16.500 8828 8828 E RecyclerView: No adapter attached; skipping layout
02-17 23:13:16.503 8828 8828 E ArmVmp : Match on catch block at 0xc3 in for 0x7fbc1a9025
02-17 23:13:16.505 8828 8828 E ArmVmp : Match on catch block at 0xc3 in for 0x7fbc1a9025
02-17 23:13:16.521 8828 8828 E ArmVmp : Match on catch block at 0xc3 in for 0x7fbc1a9025
02-17 23:13:16.523 8828 8828 E ArmVmp : Match on catch block at 0xc3 in for 0x7fbc1a9025
02-17 23:13:16.554 8828 8828 E ArmVmp : Match on catch block at 0xc3 in for 0x7fbc1a9025
02-17 23:13:16.558 8828 8828 E ArmVmp : Match on catch block at 0xc3 in for 0x7fbc1a9025
02-17 23:13:16.581 8828 8828 E ArmVmp : Match on catch block at 0xc3 in for 0x7fbc1a9025
02-17 23:13:16.583 8828 8828 E ArmVmp : Match on catch block at 0xc3 in for 0x7fbc1a9025
02-17 23:13:16.589 8828 8828 E ArmVmp : Match on catch block at 0xc3 in for 0x7fbc1a9025
02-17 23:13:16.593 8828 8828 E ArmVmp : Match on catch block at 0xc3 in for 0x7fbc1a9025
02-17 23:13:16.630 8828 8828 E ArmVmp : Match on catch block at 0xc3 in for 0x7fbc1a9025
02-17 23:13:16.631 8828 8828 E ArmVmp : Match on catch block at 0xc3 in for 0x7fbc1a9025
02-17 23:13:16.639 8828 8828 E ArmVmp : Match on catch block at 0x0a in for 0x7fbc1a902d
02-17 23:13:16.641 8828 8828 E ArmVmp : Match on catch block at 0x0a in for 0x7fbc1a902d
02-17 23:13:16.642 8828 8828 E ArmVmp : Match on catch block at 0x0a in for 0x7fbc1a902d
02-17 23:13:16.643 8828 8828 E ArmVmp : Match on catch block at 0x0a in for 0x7fbc1a902d
02-17 23:13:16.644 8828 8828 E ArmVmp : Match on catch block at 0x0a in for 0x7fbc1a902d
02-17 23:13:16.646 8828 8828 E ArmVmp : Match on catch block at 0x0a in for 0x7fbc1a902d
02-17 23:13:16.647 8828 8828 E ArmVmp : Match on catch block at 0x0a in for 0x7fbc1a902d
02-17 23:13:16.648 8828 8828 E ArmVmp : Match on catch block at 0x0a in for 0x7fbc1a902d
02-17 23:13:16.649 8828 8828 E ArmVmp : Match on catch block at 0x0a in for 0x7fbc1a902d
02-17 23:13:16.650 8828 8828 E ArmVmp : Match on catch block at 0x0a in for 0x7fbc1a902d
02-17 23:13:16.651 8828 8828 E ArmVmp : Match on catch block at 0x0a in for 0x7fbc1a902d
02-17 23:13:16.652 8828 8828 E ArmVmp : Match on catch block at 0x0a in for 0x7fbc1a902d
02-17 23:13:16.654 8828 8828 E ArmVmp : Match on catch block at 0x0a in for 0x7fbc1a902d
02-17 23:13:16.655 8828 8828 E ArmVmp : Match on catch block at 0x0a in for 0x7fbc1a902d
02-17 23:13:16.671 8828 8828 E ArmVmp : Match on catch block at 0xc3 in for 0x7fbc1a9025
02-17 23:13:16.674 8828 8828 E ArmVmp : Match on catch block at 0xc3 in for 0x7fbc1a9025
02-17 23:13:16.684 8828 8828 E ArmVmp : Match on catch block at 0x0a in for 0x7fbc1a902d
02-17 23:13:16.686 8828 8828 E ArmVmp : Match on catch block at 0x0a in for 0x7fbc1a902d
02-17 23:13:16.687 8828 8828 E ArmVmp : Match on catch block at 0x0a in for 0x7fbc1a902d
02-17 23:13:16.689 8828 8828 E ArmVmp : Match on catch block at 0x0a in for 0x7fbc1a902d
02-17 23:13:16.690 8828 8828 E ArmVmp : Match on catch block at 0x0a in for 0x7fbc1a902d
02-17 23:13:16.692 8828 8828 E ArmVmp : Match on catch block at 0x0a in for 0x7fbc1a902d
02-17 23:13:16.694 8828 8828 E ArmVmp : Match on catch block at 0x0a in for 0x7fbc1a902d
02-17 23:13:16.695 8828 8828 E ArmVmp : Match on catch block at 0x0a in for 0x7fbc1a902d
02-17 23:13:16.697 8828 8828 E ArmVmp : Match on catch block at 0x0a in for 0x7fbc1a902d
02-17 23:13:16.699 8828 8828 E ArmVmp : Match on catch block at 0x0a in for 0x7fbc1a902d
02-17 23:13:16.701 8828 8828 E ArmVmp : Match on catch block at 0x0a in for 0x7fbc1a902d
02-17 23:13:16.702 8828 8828 E ArmVmp : Match on catch block at 0x0a in for 0x7fbc1a902d
02-17 23:13:16.704 8828 8828 E ArmVmp : Match on catch block at 0x0a in for 0x7fbc1a902d
02-17 23:13:16.705 8828 8828 E ArmVmp : Match on catch block at 0x0a in for 0x7fbc1a902d
02-17 23:13:16.707 8828 8828 E ArmVmp : Match on catch block at 0x0a in for 0x7fbc1a902d
02-17 23:13:16.709 8828 8828 E ArmVmp : Match on catch block at 0x0a in for 0x7fbc1a902d
02-17 23:13:16.711 8828 8828 E ArmVmp : Match on catch block at 0x0a in for 0x7fbc1a902d
02-17 23:13:16.728 8828 8828 E ArmVmp : Match on catch block at 0xc3 in for 0x7fbc1a9025
02-17 23:13:16.730 8828 8828 E ArmVmp : Match on catch block at 0xc3 in for 0x7fbc1a9025
02-17 23:13:16.747 8828 8828 E ArmVmp : Match on catch block at 0xc3 in for 0x7fbc1a9025
02-17 23:13:16.750 8828 8828 E ArmVmp : Match on catch block at 0xc3 in for 0x7fbc1a9025
02-17 23:13:16.756 8828 8828 E ArmVmp : Match on catch block at 0xc3 in for 0x7fbc1a9025
02-17 23:13:16.760 8828 8828 E ArmVmp : Match on catch block at 0xc3 in for 0x7fbc1a9025
02-17 23:13:16.782 8828 8828 E ArmVmp : Match on catch block at 0xc3 in for 0x7fbc1a9025
02-17 23:13:16.785 8828 8828 E ArmVmp : Match on catch block at 0xc3 in for 0x7fbc1a9025
02-17 23:13:16.803 8828 8828 E ArmVmp : Match on catch block at 0xc3 in for 0x7fbc1a9025
02-17 23:13:16.806 8828 8828 E ArmVmp : Match on catch block at 0xc3 in for 0x7fbc1a9025
02-17 23:13:16.814 8828 8828 E ArmVmp : Match on catch block at 0xc3 in for 0x7fbc1a9025
02-17 23:13:16.816 8828 8828 E ArmVmp : Match on catch block at 0xc3 in for 0x7fbc1a9025
02-17 23:13:16.820 8828 8828 E ArmVmp : Match on catch block at 0xc3 in for 0x7fbc1a9025
02-17 23:13:16.822 8828 8828 E ArmVmp : Match on catch block at 0xc3 in for 0x7fbc1a9025
02-17 23:13:16.837 8828 8828 E ArmVmp : Match on catch block at 0xc3 in for 0x7fbc1a9025
02-17 23:13:16.839 8828 8828 E ArmVmp : Match on catch block at 0xc3 in for 0x7fbc1a9025
02-17 23:13:16.855 8828 8828 E ArmVmp : Match on catch block at 0xc3 in for 0x7fbc1a9025
02-17 23:13:16.858 8828 8828 E ArmVmp : Match on catch block at 0xc3 in for 0x7fbc1a9025
02-17 23:13:16.889 8828 8828 E ArmVmp : Match on catch block at 0xc3 in for 0x7fbc1a9025
02-17 23:13:16.892 8828 8828 E ArmVmp : Match on catch block at 0xc3 in for 0x7fbc1a9025
02-17 23:13:16.923 8828 8828 E ArmVmp : Match on catch block at 0xc3 in for 0x7fbc1a9025
02-17 23:13:16.930 8828 8828 E ArmVmp : Match on catch block at 0xc3 in for 0x7fbc1a9025
02-17 23:13:16.938 8828 8828 E ArmVmp : Match on catch block at 0xc3 in for 0x7fbc1a9025
02-17 23:13:16.941 8828 8828 E ArmVmp : Match on catch block at 0xc3 in for 0x7fbc1a9025
02-17 23:13:16.954 8828 8828 E ArmVmp : Match on catch block at 0xc3 in for 0x7fbc1a9025
02-17 23:13:16.956 8828 8828 E ArmVmp : Match on catch block at 0xc3 in for 0x7fbc1a9025
02-17 23:13:16.970 8828 8828 E ArmVmp : Match on catch block at 0xc3 in for 0x7fbc1a9025
02-17 23:13:16.972 8828 8828 E ArmVmp : Match on catch block at 0xc3 in for 0x7fbc1a9025
02-17 23:13:16.987 8828 8828 E ArmVmp : Match on catch block at 0xc3 in for 0x7fbc1a9025
02-17 23:13:16.991 8828 8828 E ArmVmp : Match on catch block at 0xc3 in for 0x7fbc1a9025
02-17 23:13:17.005 8828 8828 E ArmVmp : Match on catch block at 0xc3 in for 0x7fbc1a9025
02-17 23:13:17.008 8828 8828 E ArmVmp : Match on catch block at 0xc3 in for 0x7fbc1a9025
02-17 23:13:17.021 8828 8828 E ArmVmp : Match on catch block at 0xc3 in for 0x7fbc1a9025
02-17 23:13:17.024 8828 8828 E ArmVmp : Match on catch block at 0xc3 in for 0x7fbc1a9025
02-17 23:13:17.037 8828 8828 E ArmVmp : Match on catch block at 0xc3 in for 0x7fbc1a9025
02-17 23:13:17.040 8828 8828 E ArmVmp : Match on catch block at 0xc3 in for 0x7fbc1a9025
02-17 23:13:17.054 8828 8828 E ArmVmp : Match on catch block at 0xc3 in for 0x7fbc1a9025
02-17 23:13:17.058 8828 8828 E ArmVmp : Match on catch block at 0xc3 in for 0x7fbc1a9025
02-17 23:13:17.209 8828 8828 E ArmVmp : Match on catch block at 0xc3 in for 0x7fbc1a9025
02-17 23:13:17.215 8828 8828 E ArmVmp : Match on catch block at 0xc3 in for 0x7fbc1a9025
02-17 23:13:17.238 8828 8828 E ArmVmp : Match on catch block at 0xc3 in for 0x7fbc1a9025
02-17 23:13:17.242 8828 8828 E ArmVmp : Match on catch block at 0xc3 in for 0x7fbc1a9025
02-17 23:13:17.477 8828 8828 E ArmVmp : Match on catch block at 0xc3 in for 0x7fbc1a9025
02-17 23:13:17.482 8828 8828 E ArmVmp : Match on catch block at 0xc3 in for 0x7fbc1a9025
02-17 23:13:17.714 8828 8828 E ArmVmp : Match on catch block at 0xc3 in for 0x7fbc1a9025
02-17 23:13:17.717 8828 8828 E ArmVmp : Match on catch block at 0xc3 in for 0x7fbc1a9025
02-17 23:13:17.734 8828 8828 E ArmVmp : Match on catch block at 0xc3 in for 0x7fbc1a9021
02-17 23:13:17.771 8828 8828 E ArmVmp : Match on catch block at 0xc3 in for 0x7fbc1a9025
02-17 23:13:17.777 8828 8828 E ArmVmp : Match on catch block at 0xc3 in for 0x7fbc1a9025
02-17 23:13:17.793 8828 8828 E ArmVmp : Match on catch block at 0xc3 in for 0x7fbc1a9025
02-17 23:13:17.821 8828 8828 E ArmVmp : Match on catch block at 0xc3 in for 0x7fbc1a9025
02-17 23:13:17.825 8828 8828 E ArmVmp : Match on catch block at 0xc3 in for 0x7fbc1a9025
02-17 23:13:17.841 8828 8828 E ArmVmp : Match on catch block at 0xc3 in for 0x7fbc1a9025
02-17 23:13:17.857 8828 8828 E ArmVmp : Match on catch block at 0xc3 in for 0x7fbc1a9025
02-17 23:13:17.860 8828 8828 E ArmVmp : Match on catch block at 0xc3 in for 0x7fbc1a9025
02-17 23:13:17.877 8828 8828 E ArmVmp : Match on catch block at 0xc3 in for 0x7fbc1a9025
02-17 23:13:17.894 8828 8828 E ArmVmp : Match on catch block at 0xc3 in for 0x7fbc1a9025
02-17 23:13:17.897 8828 8828 E ArmVmp : Match on catch block at 0xc3 in for 0x7fbc1a9025
02-17 23:13:17.909 8828 8828 E ArmVmp : Match on catch block at 0xc3 in for 0x7fbc1a9025
02-17 23:13:17.916 8828 8828 E ArmVmp : Match on catch block at 0xc3 in for 0x7fbc1a9025
02-17 23:13:17.920 8828 8828 E ArmVmp : Match on catch block at 0xc3 in for 0x7fbc1a9025
02-17 23:13:17.931 8828 8828 E ArmVmp : Match on catch block at 0xc3 in for 0x7fbc1a9025
02-17 23:13:17.936 8828 8828 E ArmVmp : Match on catch block at 0xc3 in for 0x7fbc1a9025
02-17 23:13:17.940 8828 8828 E ArmVmp : Match on catch block at 0xc3 in for 0x7fbc1a9025
02-17 23:13:17.951 8828 8828 E ArmVmp : Match on catch block at 0xc3 in for 0x7fbc1a9025
02-17 23:13:17.957 8828 8828 E ArmVmp : Match on catch block at 0xc3 in for 0x7fbc1a9025
02-17 23:13:17.959 8828 8828 E ArmVmp : Match on catch block at 0xc3 in for 0x7fbc1a9025
02-17 23:13:17.970 8828 8828 E ArmVmp : Match on catch block at 0xc3 in for 0x7fbc1a9025
02-17 23:13:18.129 8828 8828 E ArmVmp : Match on catch block at 0xc3 in for 0x7fbc1a9025
02-17 23:13:18.134 8828 8828 E ArmVmp : Match on catch block at 0xc3 in for 0x7fbc1a9025
02-17 23:13:18.152 8828 8828 E ArmVmp : Match on catch block at 0xc3 in for 0x7fbc1a9025
02-17 23:13:18.156 8828 8914 E SQLiteDatabase: Error inserting transferred=0 media_job_uuid=d4c48274-b489-4f89-9399-911069830e81 transcoded=1 gif_attribution=0 first_scan_length=0 direct_path=null thumbnail_height_width_ratio=1.0 is_animated_sticker=0 file_hash=Mvr/xeY3/kLV0gAM5xkQULsckQ2n8VEfqGH40/hMpKc= file_path=/data/user/0/com.whatsapp/files/Stickers/Mvr-xeY3- kLV0gAM5xkQULsckQ2n8VEfqGH40-hMpKc=.webp file_size=5784 partial_media_hash=null face_x=0 face_y=0 height=64 trim_to=0 media_key_timestamp=0 message_url=null media_caption=null trim_from=0 mime_type=image/webp partial_media_enc_hash=null width=64 original_file_hash=null has_streaming_sidecar=0 autotransfer_retry_enabled=1 media_upload_handle=null message_row_id=16548 multicast_id=null enc_file_hash=null mute_video=0 page_count=0 first_scan_sidecar=null suspicious_content=0 file_length=5784 media_name=Mvr-xeY3- kLV0gAM5xkQULsckQ2n8VEfqGH40-hMpKc=.webp media_duration=0 chat_row_id=716 media_key=null
02-17 23:13:18.156 8828 8914 E SQLiteDatabase: android.database.sqlite.SQLiteConstraintException: UNIQUE constraint failed: message_media.message_row_id (code 1555 SQLITE_CONSTRAINT_PRIMARYKEY)
02-17 23:13:18.156 8828 8914 E SQLiteDatabase: at android.database.sqlite.SQLiteConnection.nativeExecuteForLastInsertedRowId(Native Method)
02-17 23:13:18.156 8828 8914 E SQLiteDatabase: at android.database.sqlite.SQLiteConnection.executeForLastInsertedRowId(SQLiteConnecti on.java:940)
02-17 23:13:18.156 8828 8914 E SQLiteDatabase: at android.database.sqlite.SQLiteSession.executeForLastInsertedRowId(SQLiteSession.jav a:790)
02-17 23:13:18.156 8828 8914 E SQLiteDatabase: at android.database.sqlite.SQLiteStatement.executeInsert(SQLiteStatement.java:89)
02-17 23:13:18.156 8828 8914 E SQLiteDatabase: at android.database.sqlite.SQLiteDatabase.insertWithOnConflict(SQLiteDatabase.java:170 2)
02-17 23:13:18.156 8828 8914 E SQLiteDatabase: at android.database.sqlite.SQLiteDatabase.insert(SQLiteDatabase.java:1571)
02-17 23:13:18.156 8828 8914 E SQLiteDatabase: at X.2tm.A08(Unknown Source:6)
02-17 23:13:18.156 8828 8914 E SQLiteDatabase: at X.35Y.A07(Unknown Source:212)
02-17 23:13:18.156 8828 8914 E SQLiteDatabase: at X.3QF.A14(Unknown Source:470)
02-17 23:13:18.156 8828 8914 E SQLiteDatabase: at X.3gU.run(Unknown Source:982)
02-17 23:13:18.156 8828 8914 E SQLiteDatabase: at android.os.Handler.handleCallback(Handler.java:938)
02-17 23:13:18.156 8828 8914 E SQLiteDatabase: at android.os.Handler.dispatchMessage(Handler.java:99)
02-17 23:13:18.156 8828 8914 E SQLiteDatabase: at X.0zq.dispatchMessage(Unknown Source:4)
02-17 23:13:18.156 8828 8914 E SQLiteDatabase: at android.os.Looper.loopOnce(Looper.java:201)
02-17 23:13:18.156 8828 8914 E SQLiteDatabase: at android.os.Looper.loop(Looper.java:288)
02-17 23:13:18.156 8828 8914 E SQLiteDatabase: at android.os.HandlerThread.run(HandlerThread.java:67)
02-17 23:13:18.162 8828 8828 E ArmVmp : Match on catch block at 0xc3 in for 0x7fbc1a9025
02-17 23:13:18.165 8828 8828 E ArmVmp : Match on catch block at 0xc3 in for 0x7fbc1a9025
02-17 23:13:18.199 8828 8828 E ArmVmp : Match on catch block at 0xc3 in for 0x7fbc1a9025
02-17 23:13:18.201 8828 8828 E ArmVmp : Match on catch block at 0xc3 in for 0x7fbc1a9025
02-17 23:13:18.206 8828 8828 E ArmVmp : Match on catch block at 0xc3 in for 0x7fbc1a9025
02-17 23:13:18.209 8828 8828 E ArmVmp : Match on catch block at 0xc3 in for 0x7fbc1a9025
02-17 23:13:18.222 8828 8828 E ArmVmp : Match on catch block at 0xc3 in for 0x7fbc1a9025
02-17 23:13:18.225 8828 8828 E ArmVmp : Match on catch block at 0xc3 in for 0x7fbc1a9025
02-17 23:13:18.239 8828 8828 E ArmVmp : Match on catch block at 0xc3 in for 0x7fbc1a9025
02-17 23:13:18.242 8828 8828 E ArmVmp : Match on catch block at 0xc3 in for 0x7fbc1a9025
02-17 23:13:18.255 8828 8828 E ArmVmp : Match on catch block at 0xc3 in for 0x7fbc1a9025
02-17 23:13:18.258 8828 8828 E ArmVmp : Match on catch block at 0xc3 in for 0x7fbc1a9025
02-17 23:13:18.272 8828 8828 E ArmVmp : Match on catch block at 0xc3 in for 0x7fbc1a9025
02-17 23:13:18.278 8828 8828 E ArmVmp : Match on catch block at 0xc3 in for 0x7fbc1a9025
02-17 23:13:18.290 8828 8828 E ArmVmp : Match on catch block at 0xc3 in for 0x7fbc1a9025
02-17 23:13:18.294 8828 8828 E ArmVmp : Match on catch block at 0xc3 in for 0x7fbc1a9025
02-17 23:13:18.448 8828 8914 E SQLiteDatabase: Error inserting transferred=1 media_job_uuid=d4c48274-b489-4f89-9399-911069830e81 transcoded=1 gif_attribution=0 first_scan_length=0 direct_path=/v/t62.15575- 24/32511120_343349135346858_7645198323679166245_n.enc?ccb=11- 4&oh=01_AdQViuGMJy2fKNjQDl25N74yhRqzgiRhoXpUPhRXxzaLlQ&oe=65F8C6CB&_nc_sid=5e03e0 thumbnail_height_width_ratio=1.0 is_animated_sticker=0 file_hash=Mvr/xeY3/kLV0gAM5xkQULsckQ2n8VEfqGH40/hMpKc= file_path=Media/WhatsApp Stickers/STK-20240217-WA0114.webp file_size=5784 partial_media_hash=null face_x=0 face_y=0 height=64 trim_to=0 media_key_timestamp=1708217665434 message_url=https://mmg.whatsapp.net/v/t62.15575- 24/32511120_343349135346858_7645198323679166245_n.enc?ccb=11- 4&oh=01_AdQViuGMJy2fKNjQDl25N74yhRqzgiRhoXpUPhRXxzaLlQ&oe=65F8C6CB&_nc_sid=5e03e0&m ms3=true media_caption=null trim_from=0 mime_type=image/webp partial_media_enc_hash=null width=64 original_file_hash=null has_streaming_sidecar=0 autotransfer_retry_enabled=0 media_upload_handle=null message_row_id=16548 multicast_id=null enc_file_hash=V24m7KsLCVDI1wI2V41ajeR9mOKjWRBJrnqxVIP9dbE= mute_video=0 page_count=0 first_scan_sidecar=null suspicious_content=0 file_length=5784 media_name=Mvr-xeY3-kLV0gAM5xkQULsckQ2n8VEfqGH40-hMpKc=.webp media_duration=0 chat_row_id=716 media_key=[B@5040c7b
02-17 23:13:18.448 8828 8914 E SQLiteDatabase: android.database.sqlite.SQLiteConstraintException: UNIQUE constraint failed: message_media.message_row_id (code 1555 SQLITE_CONSTRAINT_PRIMARYKEY)
02-17 23:13:18.448 8828 8914 E SQLiteDatabase: at android.database.sqlite.SQLiteConnection.nativeExecuteForLastInsertedRowId(Native Method)
02-17 23:13:18.448 8828 8914 E SQLiteDatabase: at android.database.sqlite.SQLiteConnection.executeForLastInsertedRowId(SQLiteConnecti on.java:940)
02-17 23:13:18.448 8828 8914 E SQLiteDatabase: at android.database.sqlite.SQLiteSession.executeForLastInsertedRowId(SQLiteSession.jav a:790)
02-17 23:13:18.448 8828 8914 E SQLiteDatabase: at android.database.sqlite.SQLiteStatement.executeInsert(SQLiteStatement.java:89)
02-17 23:13:18.448 8828 8914 E SQLiteDatabase: at android.database.sqlite.SQLiteDatabase.insertWithOnConflict(SQLiteDatabase.java:170 2)
02-17 23:13:18.448 8828 8914 E SQLiteDatabase: at android.database.sqlite.SQLiteDatabase.insert(SQLiteDatabase.java:1571)
02-17 23:13:18.448 8828 8914 E SQLiteDatabase: at X.2tm.A08(Unknown Source:6)
02-17 23:13:18.448 8828 8914 E SQLiteDatabase: at X.35Y.A07(Unknown Source:212)
02-17 23:13:18.448 8828 8914 E SQLiteDatabase: at X.3QF.A14(Unknown Source:470)
02-17 23:13:18.448 8828 8914 E SQLiteDatabase: at X.3gU.run(Unknown Source:982)
02-17 23:13:18.448 8828 8914 E SQLiteDatabase: at android.os.Handler.handleCallback(Handler.java:938)
02-17 23:13:18.448 8828 8914 E SQLiteDatabase: at android.os.Handler.dispatchMessage(Handler.java:99)
02-17 23:13:18.448 8828 8914 E SQLiteDatabase: at X.0zq.dispatchMessage(Unknown Source:4)
02-17 23:13:18.448 8828 8914 E SQLiteDatabase: at android.os.Looper.loopOnce(Looper.java:201)
02-17 23:13:18.448 8828 8914 E SQLiteDatabase: at android.os.Looper.loop(Looper.java:288)
02-17 23:13:18.448 8828 8914 E SQLiteDatabase: at android.os.HandlerThread.run(HandlerThread.java:67)
02-17 23:13:18.486 8828 8828 E ArmVmp : Match on catch block at 0xc3 in for 0x7fbc1a9025
02-17 23:13:18.488 8828 8828 E ArmVmp : Match on catch block at 0xc3 in for 0x7fbc1a9025
02-17 23:13:18.499 8828 8828 E ArmVmp : Match on catch block at 0xc3 in for 0x7fbc1a9025
02-17 23:13:18.501 8828 8828 E ArmVmp : Match on catch block at 0xc3 in for 0x7fbc1a9025
02-17 23:13:18.534 8828 8828 E ArmVmp : Match on catch block at 0xc3 in for 0x7fbc1a9025
02-17 23:13:18.536 8828 8828 E ArmVmp : Match on catch block at 0xc3 in for 0x7fbc1a9025
02-17 23:13:18.548 8828 11899 W MediaPlayer: Use of stream types is deprecated for operations other than volume control
02-17 23:13:18.548 8828 11899 W MediaPlayer: See the documentation of setAudioStreamType() for what to use instead with android.media.AudioAttributes to qualify your playback use case
02-17 23:13:18.554 8828 8828 E ArmVmp : Match on catch block at 0xc3 in for 0x7fbc1a9025
02-17 23:13:18.557 8828 8828 E ArmVmp : Match on catch block at 0xc3 in for 0x7fbc1a9025
02-17 23:13:18.567 8828 8828 E ArmVmp : Match on catch block at 0xc3 in for 0x7fbc1a9025
02-17 23:13:18.569 8828 8828 E ArmVmp : Match on catch block at 0xc3 in for 0x7fbc1a9025
02-17 23:13:18.573 8828 8828 E ArmVmp : Match on catch block at 0xc3 in for 0x7fbc1a9025
02-17 23:13:18.577 8828 8828 E ArmVmp : Match on catch block at 0xc3 in for 0x7fbc1a9025
02-17 23:13:18.588 8828 8828 E ArmVmp : Match on catch block at 0xc3 in for 0x7fbc1a9025
02-17 23:13:18.591 8828 8828 E ArmVmp : Match on catch block at 0xc3 in for 0x7fbc1a9025
02-17 23:13:18.604 8828 8828 E ArmVmp : Match on catch block at 0xc3 in for 0x7fbc1a9025
02-17 23:13:18.607 8828 8828 E ArmVmp : Match on catch block at 0xc3 in for 0x7fbc1a9025
02-17 23:13:18.626 8828 8828 E ArmVmp : Match on catch block at 0xc3 in for 0x7fbc1a9025
02-17 23:13:18.629 8828 8828 E ArmVmp : Match on catch block at 0xc3 in for 0x7fbc1a9025
02-17 23:13:18.637 8828 8828 E ArmVmp : Match on catch block at 0xc3 in for 0x7fbc1a9025
02-17 23:13:18.640 8828 8828 E ArmVmp : Match on catch block at 0xc3 in for 0x7fbc1a9025
02-17 23:13:18.655 8828 8828 E ArmVmp : Match on catch block at 0xc3 in for 0x7fbc1a9025
02-17 23:13:18.659 8828 8828 E ArmVmp : Match on catch block at 0xc3 in for 0x7fbc1a9025
02-17 23:13:18.672 8828 8828 E ArmVmp : Match on catch block at 0xc3 in for 0x7fbc1a9025
02-17 23:13:18.675 8828 8828 E ArmVmp : Match on catch block at 0xc3 in for 0x7fbc1a9025
02-17 23:13:18.688 8828 8828 E ArmVmp : Match on catch block at 0xc3 in for 0x7fbc1a9025
02-17 23:13:18.692 8828 8828 E ArmVmp : Match on catch block at 0xc3 in for 0x7fbc1a9025
02-17 23:13:18.705 8828 8828 E ArmVmp : Match on catch block at 0xc3 in for 0x7fbc1a9025
02-17 23:13:18.709 8828 8828 E ArmVmp : Match on catch block at 0xc3 in for 0x7fbc1a9025
02-17 23:13:18.721 8828 8828 E ArmVmp : Match on catch block at 0xc3 in for 0x7fbc1a9025
02-17 23:13:18.725 8828 8828 E ArmVmp : Match on catch block at 0xc3 in for 0x7fbc1a9025
02-17 23:13:18.740 8828 8828 E ArmVmp : Match on catch block at 0xc3 in for 0x7fbc1a9025
02-17 23:13:18.744 8828 8828 E ArmVmp : Match on catch block at 0xc3 in for 0x7fbc1a9025
02-17 23:13:18.755 8828 8828 E ArmVmp : Match on catch block at 0xc3 in for 0x7fbc1a9025
02-17 23:13:18.762 8828 8828 E ArmVmp : Match on catch block at 0xc3 in for 0x7fbc1a9025
02-17 23:13:18.771 8828 8828 E ArmVmp : Match on catch block at 0xc3 in for 0x7fbc1a9025
02-17 23:13:18.774 8828 8828 E ArmVmp : Match on catch block at 0xc3 in for 0x7fbc1a9025
02-17 23:13:18.788 8828 8828 E ArmVmp : Match on catch block at 0xc3 in for 0x7fbc1a9025
02-17 23:13:18.791 8828 8828 E ArmVmp : Match on catch block at 0xc3 in for 0x7fbc1a9025
02-17 23:13:18.805 8828 8828 E ArmVmp : Match on catch block at 0xc3 in for 0x7fbc1a9025
02-17 23:13:18.810 8828 8828 E ArmVmp : Match on catch block at 0xc3 in for 0x7fbc1a9025
02-17 23:13:18.822 8828 8828 E ArmVmp : Match on catch block at 0xc3 in for 0x7fbc1a9025
02-17 23:13:18.827 8828 8828 E ArmVmp : Match on catch block at 0xc3 in for 0x7fbc1a9025
02-17 23:13:18.839 8828 8828 E ArmVmp : Match on catch block at 0xc3 in for 0x7fbc1a9025
02-17 23:13:18.842 8828 8828 E ArmVmp : Match on catch block at 0xc3 in for 0x7fbc1a9025
02-17 23:13:19.044 8828 8828 E ArmVmp : Match on catch block at 0xc3 in for 0x7fbc1a9025
02-17 23:13:19.048 8828 8828 E ArmVmp : Match on catch block at 0xc3 in for 0x7fbc1a9025
02-17 23:13:19.058 8828 11899 W MediaPlayer: Use of stream types is deprecated for operations other than volume control
02-17 23:13:19.058 8828 11899 W MediaPlayer: See the documentation of setAudioStreamType() for what to use instead with android.media.AudioAttributes to qualify your playback use case
02-17 23:13:19.069 8828 8828 E ArmVmp : Match on catch block at 0xc3 in for 0x7fbc1a9025
02-17 23:13:19.072 8828 8828 E ArmVmp : Match on catch block at 0xc3 in for 0x7fbc1a9025
02-17 23:13:19.120 8828 8828 W InputEventReceiver: Attempted to finish an input event but the input event receiver has already been disposed.
02-17 23:13:19.175 8828 8828 E ArmVmp : Match on catch block at 0xc3 in for 0x7fbc1a9025
02-17 23:13:19.178 8828 8828 E ArmVmp : Match on catch block at 0xc3 in for 0x7fbc1a9025
02-17 23:13:19.223 8828 8828 E ArmVmp : Match on catch block at 0xc3 in for 0x7fbc1a9025
02-17 23:13:19.228 8828 8828 E ArmVmp : Match on catch block at 0xc3 in for 0x7fbc1a9025
02-17 23:13:19.245 8828 8828 E ArmVmp : Match on catch block at 0xc3 in for 0x7fbc1a9025
02-17 23:13:19.255 8828 8828 E ArmVmp : Match on catch block at 0xc3 in for 0x7fbc1a9025
02-17 23:13:19.265 8828 8828 E ArmVmp : Match on catch block at 0xc3 in for 0x7fbc1a9025
02-17 23:13:19.269 8828 8828 E ArmVmp : Match on catch block at 0xc3 in for 0x7fbc1a9025
02-17 23:13:19.280 8828 8828 E ArmVmp : Match on catch block at 0xc3 in for 0x7fbc1a9025
02-17 23:13:19.285 8828 8828 E ArmVmp : Match on catch block at 0xc3 in for 0x7fbc1a9025
02-17 23:13:19.289 8828 8828 E ArmVmp : Match on catch block at 0xc3 in for 0x7fbc1a9025
02-17 23:13:19.293 8828 8828 E ArmVmp : Match on catch block at 0xc3 in for 0x7fbc1a9025
02-17 23:13:19.305 8828 8828 E ArmVmp : Match on catch block at 0xc3 in for 0x7fbc1a9025
02-17 23:13:19.308 8828 8828 E ArmVmp : Match on catch block at 0xc3 in for 0x7fbc1a9025
02-17 23:13:19.323 8828 8828 E ArmVmp : Match on catch block at 0xc3 in for 0x7fbc1a9025
02-17 23:13:19.327 8828 8828 E ArmVmp : Match on catch block at 0xc3 in for 0x7fbc1a9025
02-17 23:13:19.338 8828 8828 E ArmVmp : Match on catch block at 0xc3 in for 0x7fbc1a9025
02-17 23:13:19.341 8828 8828 E ArmVmp : Match on catch block at 0xc3 in for 0x7fbc1a9025
02-17 23:13:19.356 8828 8828 E ArmVmp : Match on catch block at 0xc3 in for 0x7fbc1a9025
02-17 23:13:19.359 8828 8828 E ArmVmp : Match on catch block at 0xc3 in for 0x7fbc1a9025
02-17 23:13:19.372 8828 8828 E ArmVmp : Match on catch block at 0xc3 in for 0x7fbc1a9025
02-17 23:13:19.378 8828 8828 E ArmVmp : Match on catch block at 0xc3 in for 0x7fbc1a9025
02-17 23:13:19.389 8828 8828 E ArmVmp : Match on catch block at 0xc3 in for 0x7fbc1a9025
02-17 23:13:19.393 8828 8828 E ArmVmp : Match on catch block at 0xc3 in for 0x7fbc1a9025
02-17 23:13:19.417 8828 8828 E ArmVmp : Match on catch block at 0xc3 in for 0x7fbc1a9025
02-17 23:13:19.420 8828 8828 E ArmVmp : Match on catch block at 0xc3 in for 0x7fbc1a9025
02-17 23:13:19.427 8828 8828 E ArmVmp : Match on catch block at 0xc3 in for 0x7fbc1a9025
02-17 23:13:19.431 8828 8828 E ArmVmp : Match on catch block at 0xc3 in for 0x7fbc1a9025
02-17 23:13:19.438 8828 8828 E ArmVmp : Match on catch block at 0xc3 in for 0x7fbc1a9025
02-17 23:13:19.442 8828 8828 E ArmVmp : Match on catch block at 0xc3 in for 0x7fbc1a9025
02-17 23:13:19.455 8828 8828 E ArmVmp : Match on catch block at 0xc3 in for 0x7fbc1a9025
02-17 23:13:19.458 8828 8828 E ArmVmp : Match on catch block at 0xc3 in for 0x7fbc1a9025
02-17 23:13:19.471 8828 8828 E ArmVmp : Match on catch block at 0xc3 in for 0x7fbc1a9025
02-17 23:13:19.475 8828 8828 E ArmVmp : Match on catch block at 0xc3 in for 0x7fbc1a9025
02-17 23:13:19.488 8828 8828 E ArmVmp : Match on catch block at 0xc3 in for 0x7fbc1a9025
02-17 23:13:19.493 8828 8828 E ArmVmp : Match on catch block at 0xc3 in for 0x7fbc1a9025
02-17 23:13:19.505 8828 8828 E ArmVmp : Match on catch block at 0xc3 in for 0x7fbc1a9025
02-17 23:13:19.509 8828 8828 E ArmVmp : Match on catch block at 0xc3 in for 0x7fbc1a9025
02-17 23:13:19.522 8828 8828 E ArmVmp : Match on catch block at 0xc3 in for 0x7fbc1a9025
02-17 23:13:19.525 8828 8828 E ArmVmp : Match on catch block at 0xc3 in for 0x7fbc1a9025
02-17 23:13:19.539 8828 8828 E ArmVmp : Match on catch block at 0xc3 in for 0x7fbc1a9025
02-17 23:13:19.543 8828 8828 E ArmVmp : Match on catch block at 0xc3 in for 0x7fbc1a9025
02-17 23:13:19.555 8828 8828 E ArmVmp : Match on catch block at 0xc3 in for 0x7fbc1a9025
02-17 23:13:19.560 8828 8828 E ArmVmp : Match on catch block at 0xc3 in for 0x7fbc1a9025
02-17 23:13:19.572 8828 8828 E ArmVmp : Match on catch block at 0xc3 in for 0x7fbc1a9025
02-17 23:13:19.576 8828 8828 E ArmVmp : Match on catch block at 0xc3 in for 0x7fbc1a9025
02-17 23:13:19.589 8828 8828 E ArmVmp : Match on catch block at 0xc3 in for 0x7fbc1a9025
02-17 23:13:19.593 8828 8828 E ArmVmp : Match on catch block at 0xc3 in for 0x7fbc1a9025
02-17 23:13:19.605 8828 8828 E ArmVmp : Match on catch block at 0xc3 in for 0x7fbc1a9025
02-17 23:13:19.609 8828 8828 E ArmVmp : Match on catch block at 0xc3 in for 0x7fbc1a9025
02-17 23:13:19.739 8828 8828 E ArmVmp : Match on catch block at 0xc3 in for 0x7fbc1a9025
02-17 23:13:19.742 8828 8828 E ArmVmp : Match on catch block at 0xc3 in for 0x7fbc1a9025
02-17 23:13:19.824 8828 8828 E ArmVmp : Match on catch block at 0xc3 in for 0x7fbc1a9025
02-17 23:13:19.828 8828 8828 E ArmVmp : Match on catch block at 0xc3 in for 0x7fbc1a9025
02-17 23:13:19.839 8828 8828 E ArmVmp : Match on catch block at 0xc3 in for 0x7fbc1a9025
02-17 23:13:19.845 8828 8828 E ArmVmp : Match on catch block at 0xc3 in for 0x7fbc1a9025
02-17 23:13:19.856 8828 8828 E ArmVmp : Match on catch block at 0xc3 in for 0x7fbc1a9025
02-17 23:13:19.859 8828 8828 E ArmVmp : Match on catch block at 0xc3 in for 0x7fbc1a9025
02-17 23:13:19.872 8828 8828 E ArmVmp : Match on catch block at 0xc3 in for 0x7fbc1a9025
02-17 23:13:19.877 8828 8828 E ArmVmp : Match on catch block at 0xc3 in for 0x7fbc1a9025
02-17 23:13:19.889 8828 8828 E ArmVmp : Match on catch block at 0xc3 in for 0x7fbc1a9025
02-17 23:13:19.893 8828 8828 E ArmVmp : Match on catch block at 0xc3 in for 0x7fbc1a9025
02-17 23:13:19.906 8828 8828 E ArmVmp : Match on catch block at 0xc3 in for 0x7fbc1a9025
02-17 23:13:19.911 8828 8828 E ArmVmp : Match on catch block at 0xc3 in for 0x7fbc1a9025
02-17 23:13:19.922 8828 8828 E ArmVmp : Match on catch block at 0xc3 in for 0x7fbc1a9025
02-17 23:13:19.926 8828 8828 E ArmVmp : Match on catch block at 0xc3 in for 0x7fbc1a9025
02-17 23:13:19.939 8828 8828 E ArmVmp : Match on catch block at 0xc3 in for 0x7fbc1a9025
02-17 23:13:19.943 8828 8828 E ArmVmp : Match on catch block at 0xc3 in for 0x7fbc1a9025
02-17 23:13:19.956 8828 8828 E ArmVmp : Match on catch block at 0xc3 in for 0x7fbc1a9025
02-17 23:13:19.959 8828 8828 E ArmVmp : Match on catch block at 0xc3 in for 0x7fbc1a9025
02-17 23:13:19.972 8828 8828 E ArmVmp : Match on catch block at 0xc3 in for 0x7fbc1a9025
02-17 23:13:19.976 8828 8828 E ArmVmp : Match on catch block at 0xc3 in for 0x7fbc1a9025
02-17 23:13:19.989 8828 8828 E ArmVmp : Match on catch block at 0xc3 in for 0x7fbc1a9025
02-17 23:13:19.993 8828 8828 E ArmVmp : Match on catch block at 0xc3 in for 0x7fbc1a9025
02-17 23:13:20.006 8828 8828 E ArmVmp : Match on catch block at 0xc3 in for 0x7fbc1a9025
02-17 23:13:20.010 8828 8828 E ArmVmp : Match on catch block at 0xc3 in for 0x7fbc1a9025
02-17 23:13:20.022 8828 8828 E ArmVmp : Match on catch block at 0xc3 in for 0x7fbc1a9025
02-17 23:13:20.026 8828 8828 E ArmVmp : Match on catch block at 0xc3 in for 0x7fbc1a9025
02-17 23:13:20.039 8828 8828 E ArmVmp : Match on catch block at 0xc3 in for 0x7fbc1a9025
02-17 23:13:20.042 8828 8828 E ArmVmp : Match on catch block at 0xc3 in for 0x7fbc1a9025
02-17 23:13:20.057 8828 8828 E ArmVmp : Match on catch block at 0xc3 in for 0x7fbc1a9025
02-17 23:13:20.061 8828 8828 E ArmVmp : Match on catch block at 0xc3 in for 0x7fbc1a9025
02-17 23:13:20.072 8828 8828 E ArmVmp : Match on catch block at 0xc3 in for 0x7fbc1a9025
02-17 23:13:20.076 8828 8828 E ArmVmp : Match on catch block at 0xc3 in for 0x7fbc1a9025
02-17 23:13:20.089 8828 8828 E ArmVmp : Match on catch block at 0xc3 in for 0x7fbc1a9025
02-17 23:13:20.093 8828 8828 E ArmVmp : Match on catch block at 0xc3 in for 0x7fbc1a9025
02-17 23:13:20.106 8828 8828 E ArmVmp : Match on catch block at 0xc3 in for 0x7fbc1a9025
02-17 23:13:20.109 8828 8828 E ArmVmp : Match on catch block at 0xc3 in for 0x7fbc1a9025
02-17 23:13:20.122 8828 8828 E ArmVmp : Match on catch block at 0xc3 in for 0x7fbc1a9025
02-17 23:13:20.125 8828 8828 E ArmVmp : Match on catch block at 0xc3 in for 0x7fbc1a9025
02-17 23:13:20.139 8828 8828 E ArmVmp : Match on catch block at 0xc3 in for 0x7fbc1a9025
02-17 23:13:20.143 8828 8828 E ArmVmp : Match on catch block at 0xc3 in for 0x7fbc1a9025
02-17 23:13:20.156 8828 8828 E ArmVmp : Match on catch block at 0xc3 in for 0x7fbc1a9025
02-17 23:13:20.159 8828 8828 E ArmVmp : Match on catch block at 0xc3 in for 0x7fbc1a9025
02-17 23:13:20.173 8828 8828 E ArmVmp : Match on catch block at 0xc3 in for 0x7fbc1a9025
02-17 23:13:20.177 8828 8828 E ArmVmp : Match on catch block at 0xc3 in for 0x7fbc1a9025
02-17 23:13:20.189 8828 8828 E ArmVmp : Match on catch block at 0xc3 in for 0x7fbc1a9025
02-17 23:13:20.192 8828 8828 E ArmVmp : Match on catch block at 0xc3 in for 0x7fbc1a9025
02-17 23:13:20.206 8828 8828 E ArmVmp : Match on catch block at 0xc3 in for 0x7fbc1a9025
02-17 23:13:20.209 8828 8828 E ArmVmp : Match on catch block at 0xc3 in for 0x7fbc1a9025
02-17 23:13:20.222 8828 8828 E ArmVmp : Match on catch block at 0xc3 in for 0x7fbc1a9025
02-17 23:13:20.225 8828 8828 E ArmVmp : Match on catch block at 0xc3 in for 0x7fbc1a9025
02-17 23:13:20.239 8828 8828 E ArmVmp : Match on catch block at 0xc3 in for 0x7fbc1a9025
02-17 23:13:20.242 8828 8828 E ArmVmp : Match on catch block at 0xc3 in for 0x7fbc1a9025
02-17 23:13:20.257 8828 8828 E ArmVmp : Match on catch block at 0xc3 in for 0x7fbc1a9025
02-17 23:13:20.260 8828 8828 E ArmVmp : Match on catch block at 0xc3 in for 0x7fbc1a9025
02-17 23:13:20.272 8828 8828 E ArmVmp : Match on catch block at 0xc3 in for 0x7fbc1a9025
02-17 23:13:20.274 8828 8828 E ArmVmp : Match on catch block at 0xc3 in for 0x7fbc1a9025
02-17 23:13:20.289 8828 8828 E ArmVmp : Match on catch block at 0xc3 in for 0x7fbc1a9025
02-17 23:13:20.292 8828 8828 E ArmVmp : Match on catch block at 0xc3 in for 0x7fbc1a9025
02-17 23:13:20.305 8828 8828 E ArmVmp : Match on catch block at 0xc3 in for 0x7fbc1a9025
02-17 23:13:20.309 8828 8828 E ArmVmp : Match on catch block at 0xc3 in for 0x7fbc1a9025
