02-29 11:16:24.471 9315 19864 W com.mbwhatsapp: Accessing hidden method Landroid/app/MiuiNotification;-><init>()V (blocked, reflection, denied)
02-29 11:16:24.483 9315 19864 W com.mbwhatsapp: Accessing hidden method Landroid/app/MiuiNotification;-><init>()V (blocked, reflection, denied)
02-29 11:16:24.493 9315 19864 W com.mbwhatsapp: Accessing hidden method Landroid/app/MiuiNotification;-><init>()V (blocked, reflection, denied)
02-29 11:16:24.502 9315 19864 W com.mbwhatsapp: Accessing hidden method Landroid/app/MiuiNotification;-><init>()V (blocked, reflection, denied)
02-29 11:16:24.509 9315 19864 W com.mbwhatsapp: Accessing hidden method Landroid/app/MiuiNotification;-><init>()V (blocked, reflection, denied)
02-29 11:16:24.517 9315 19864 W com.mbwhatsapp: Accessing hidden method Landroid/app/MiuiNotification;-><init>()V (blocked, reflection, denied)
02-29 11:16:24.524 9315 19864 W com.mbwhatsapp: Accessing hidden method Landroid/app/MiuiNotification;-><init>()V (blocked, reflection, denied)
02-29 11:16:24.532 9315 19864 W com.mbwhatsapp: Accessing hidden method Landroid/app/MiuiNotification;-><init>()V (blocked, reflection, denied)
02-29 11:16:24.538 9315 19864 W com.mbwhatsapp: Accessing hidden method Landroid/app/MiuiNotification;-><init>()V (blocked, reflection, denied)
02-29 11:16:24.545 9315 19864 W com.mbwhatsapp: Accessing hidden method Landroid/app/MiuiNotification;-><init>()V (blocked, reflection, denied)
02-29 11:16:24.552 9315 19864 W com.mbwhatsapp: Accessing hidden method Landroid/app/MiuiNotification;-><init>()V (blocked, reflection, denied)
02-29 11:16:24.558 9315 19864 W com.mbwhatsapp: Accessing hidden method Landroid/app/MiuiNotification;-><init>()V (blocked, reflection, denied)
02-29 11:16:24.566 9315 19864 W com.mbwhatsapp: Accessing hidden method Landroid/app/MiuiNotification;-><init>()V (blocked, reflection, denied)
02-29 11:16:24.574 9315 19864 W com.mbwhatsapp: Accessing hidden method Landroid/app/MiuiNotification;-><init>()V (blocked, reflection, denied)
02-29 11:16:24.578 9315 19864 W com.mbwhatsapp: Accessing hidden method Landroid/app/MiuiNotification;-><init>()V (blocked, reflection, denied)
02-29 11:16:24.588 9315 19864 W com.mbwhatsapp: Accessing hidden method Landroid/app/MiuiNotification;-><init>()V (blocked, reflection, denied)
02-29 11:16:24.594 9315 19864 W com.mbwhatsapp: Accessing hidden method Landroid/app/MiuiNotification;-><init>()V (blocked, reflection, denied)
02-29 11:16:24.602 9315 19864 W com.mbwhatsapp: Accessing hidden method Landroid/app/MiuiNotification;-><init>()V (blocked, reflection, denied)
02-29 11:16:24.607 9315 19864 W com.mbwhatsapp: Accessing hidden method Landroid/app/MiuiNotification;-><init>()V (blocked, reflection, denied)
02-29 11:16:24.613 9315 19864 W com.mbwhatsapp: Accessing hidden method Landroid/app/MiuiNotification;-><init>()V (blocked, reflection, denied)
02-29 11:16:26.806 9315 19864 W com.mbwhatsapp: Accessing hidden method Landroid/app/MiuiNotification;-><init>()V (blocked, reflection, denied)
02-29 11:16:26.815 9315 19864 W com.mbwhatsapp: Accessing hidden method Landroid/app/MiuiNotification;-><init>()V (blocked, reflection, denied)
02-29 11:16:26.823 9315 19864 W com.mbwhatsapp: Accessing hidden method Landroid/app/MiuiNotification;-><init>()V (blocked, reflection, denied)
02-29 11:16:26.831 9315 19864 W com.mbwhatsapp: Accessing hidden method Landroid/app/MiuiNotification;-><init>()V (blocked, reflection, denied)
02-29 11:16:26.837 9315 19864 W com.mbwhatsapp: Accessing hidden method Landroid/app/MiuiNotification;-><init>()V (blocked, reflection, denied)
02-29 11:16:26.844 9315 19864 W com.mbwhatsapp: Accessing hidden method Landroid/app/MiuiNotification;-><init>()V (blocked, reflection, denied)
02-29 11:16:26.850 9315 19864 W com.mbwhatsapp: Accessing hidden method Landroid/app/MiuiNotification;-><init>()V (blocked, reflection, denied)
02-29 11:16:26.858 9315 19864 W com.mbwhatsapp: Accessing hidden method Landroid/app/MiuiNotification;-><init>()V (blocked, reflection, denied)
02-29 11:16:26.862 9315 19864 W com.mbwhatsapp: Accessing hidden method Landroid/app/MiuiNotification;-><init>()V (blocked, reflection, denied)
02-29 11:16:26.865 9315 19864 W com.mbwhatsapp: Accessing hidden method Landroid/app/MiuiNotification;-><init>()V (blocked, reflection, denied)
02-29 11:16:26.878 9315 19864 W com.mbwhatsapp: Accessing hidden method Landroid/app/MiuiNotification;-><init>()V (blocked, reflection, denied)
02-29 11:16:26.883 9315 19864 W com.mbwhatsapp: Accessing hidden method Landroid/app/MiuiNotification;-><init>()V (blocked, reflection, denied)
02-29 11:16:26.890 9315 19864 W com.mbwhatsapp: Accessing hidden method Landroid/app/MiuiNotification;-><init>()V (blocked, reflection, denied)
02-29 11:16:26.896 9315 19864 W com.mbwhatsapp: Accessing hidden method Landroid/app/MiuiNotification;-><init>()V (blocked, reflection, denied)
02-29 11:16:26.903 9315 19864 W com.mbwhatsapp: Accessing hidden method Landroid/app/MiuiNotification;-><init>()V (blocked, reflection, denied)
02-29 11:16:26.914 9315 19864 W com.mbwhatsapp: Accessing hidden method Landroid/app/MiuiNotification;-><init>()V (blocked, reflection, denied)
02-29 11:16:26.926 9315 19864 W com.mbwhatsapp: Accessing hidden method Landroid/app/MiuiNotification;-><init>()V (blocked, reflection, denied)
02-29 11:16:26.939 9315 19864 W com.mbwhatsapp: Accessing hidden method Landroid/app/MiuiNotification;-><init>()V (blocked, reflection, denied)
02-29 11:16:26.946 9315 19864 W com.mbwhatsapp: Accessing hidden method Landroid/app/MiuiNotification;-><init>()V (blocked, reflection, denied)
02-29 11:16:26.949 9315 19864 W com.mbwhatsapp: Accessing hidden method Landroid/app/MiuiNotification;-><init>()V (blocked, reflection, denied)
02-29 11:16:26.958 9315 19864 W com.mbwhatsapp: Accessing hidden method Landroid/app/MiuiNotification;-><init>()V (blocked, reflection, denied)
02-29 11:16:26.966 9315 19864 W com.mbwhatsapp: Accessing hidden method Landroid/app/MiuiNotification;-><init>()V (blocked, reflection, denied)
02-29 11:16:26.972 9315 19864 W com.mbwhatsapp: Accessing hidden method Landroid/app/MiuiNotification;-><init>()V (blocked, reflection, denied)
02-29 11:16:26.977 9315 19864 W com.mbwhatsapp: Accessing hidden method Landroid/app/MiuiNotification;-><init>()V (blocked, reflection, denied)
02-29 11:16:26.985 9315 19864 W com.mbwhatsapp: Accessing hidden method Landroid/app/MiuiNotification;-><init>()V (blocked, reflection, denied)
02-29 11:16:26.990 9315 19864 W com.mbwhatsapp: Accessing hidden method Landroid/app/MiuiNotification;-><init>()V (blocked, reflection, denied)
02-29 11:16:27.218 9315 19864 W com.mbwhatsapp: Accessing hidden method Landroid/app/MiuiNotification;-><init>()V (blocked, reflection, denied)
02-29 11:16:27.224 9315 19864 W com.mbwhatsapp: Accessing hidden method Landroid/app/MiuiNotification;-><init>()V (blocked, reflection, denied)
02-29 11:16:27.259 9315 19864 W com.mbwhatsapp: Accessing hidden method Landroid/app/MiuiNotification;-><init>()V (blocked, reflection, denied)
02-29 11:16:27.267 9315 19864 W com.mbwhatsapp: Accessing hidden method Landroid/app/MiuiNotification;-><init>()V (blocked, reflection, denied)
02-29 11:16:27.300 9315 19864 W com.mbwhatsapp: Accessing hidden method Landroid/app/MiuiNotification;-><init>()V (blocked, reflection, denied)
02-29 11:16:27.309 9315 19864 W com.mbwhatsapp: Accessing hidden method Landroid/app/MiuiNotification;-><init>()V (blocked, reflection, denied)
02-29 11:16:27.321 9315 19864 W com.mbwhatsapp: Accessing hidden method Landroid/app/MiuiNotification;-><init>()V (blocked, reflection, denied)
02-29 11:16:27.327 9315 19864 W com.mbwhatsapp: Accessing hidden method Landroid/app/MiuiNotification;-><init>()V (blocked, reflection, denied)
02-29 11:16:27.331 9315 19864 W com.mbwhatsapp: Accessing hidden method Landroid/app/MiuiNotification;-><init>()V (blocked, reflection, denied)
02-29 11:16:27.337 9315 19864 W com.mbwhatsapp: Accessing hidden method Landroid/app/MiuiNotification;-><init>()V (blocked, reflection, denied)
02-29 11:16:27.341 9315 19864 W com.mbwhatsapp: Accessing hidden method Landroid/app/MiuiNotification;-><init>()V (blocked, reflection, denied)
02-29 11:16:27.382 9315 19864 W com.mbwhatsapp: Accessing hidden method Landroid/app/MiuiNotification;-><init>()V (blocked, reflection, denied)
02-29 11:16:28.660 9315 18718 W BpBinder: Slow Binder: BpBinder transact took 1171 ms, interface=android.content.IContentProvider, code=20 oneway=false
02-29 11:16:28.775 20288 20288 W ps : type=1400 audit(0.0:50323): avc: denied { read } for name="pid_max" dev="proc" ino=30391496 scontext=u:r:untrusted_app:s0:c18,c257,c512,c768 tcontext=u:object_r:proc_pid_max:s0 tclass=file permissive=0 app=com.mbwhatsapp
02-29 11:16:28.810 9315 9315 W com.mbwhatsapp: Method void com.mbwhatsapp.HomeActivity.A6e() failed lock verification and will run slower.
02-29 11:16:29.123 9315 9315 E ArmVmp : Match on catch block at 0x0a in for 0x78275ed031
02-29 11:16:29.123 9315 19821 W MediaCodec-JNI: try to release MediaCodec from JMediaCodec::~JMediaCodec()...
02-29 11:16:29.123 9315 19821 W MediaCodec-JNI: done releasing MediaCodec from JMediaCodec::~JMediaCodec().
02-29 11:16:29.148 9315 9315 E ArmVmp : Match on catch block at 0x0a in for 0x78275ed04d
02-29 11:16:29.175 9315 20299 W ColorUtils: expected specified color aspects (0:0:0:0)
02-29 11:16:29.213 9315 20315 W ColorUtils: expected specified color aspects (2:0:0:0)
02-29 11:16:29.238 9315 20324 W ColorUtils: expected specified color aspects (2:0:0:0)
02-29 11:16:29.248 9315 19821 W AudioCapabilities: Unsupported mime audio/x-adpcm- dvi-ima
02-29 11:16:29.248 9315 19821 W AudioCapabilities: Unsupported mime audio/x-adpcm- dvi-ima
02-29 11:16:29.248 9315 19821 W AudioCapabilities: Unsupported mime audio/x-adpcm- ms
02-29 11:16:29.248 9315 19821 W AudioCapabilities: Unsupported mime audio/x-adpcm- ms
02-29 11:16:29.248 9315 19821 W AudioCapabilities: Unsupported mime audio/alac
02-29 11:16:29.248 9315 19821 W AudioCapabilities: Unsupported mime audio/alac
02-29 11:16:29.248 9315 19821 W AudioCapabilities: Unsupported mime audio/ape
02-29 11:16:29.248 9315 19821 W AudioCapabilities: Unsupported mime audio/ape
02-29 11:16:29.251 9315 19821 W VideoCapabilities: Unsupported mime image/vnd.android.heic
02-29 11:16:29.251 9315 19821 W VideoCapabilities: Unsupported mime image/vnd.android.heic
02-29 11:16:29.251 9315 19821 W VideoCapabilities: Unsupported mime image/vnd.android.heic
02-29 11:16:29.251 9315 19821 W VideoCapabilities: Unsupported mime image/vnd.android.heic
02-29 11:16:29.252 9315 19821 W VideoCapabilities: Unsupported mime video/x-ms-wmv
02-29 11:16:29.252 9315 19821 W VideoCapabilities: Unsupported mime video/x-ms-wmv
02-29 11:16:29.271 9315 9315 W Looper : PerfMonitor looperActivity : package=com.mbwhatsapp/.HomeActivity time=0ms latency=486ms running=0ms procState=-1 historyMsgCount=3 (msgIndex=3 wall=480ms seq=9971 late=6ms h=android.app.ActivityThread$H w=159)
02-29 11:16:29.413 9315 20295 W com.mbwhatsapp: Accessing hidden method Lcom/android/org/conscrypt/ConscryptEngineSocket;->setUseSessionTickets(Z)V (max- target-q,core-platform-api, reflection, denied)
02-29 11:16:29.413 9315 20295 W com.mbwhatsapp: Accessing hidden method Lcom/android/org/conscrypt/OpenSSLSocketImpl;->setUseSessionTickets(Z)V (max- target-q,core-platform-api, reflection, denied)
02-29 11:16:29.413 9315 20295 W com.mbwhatsapp: Accessing hidden method Lcom/android/org/conscrypt/AbstractConscryptSocket;->setUseSessionTickets(Z)V (max- target-q, reflection, denied)
02-29 11:16:29.413 9315 20295 W com.mbwhatsapp: Accessing hidden method Lcom/android/org/conscrypt/ConscryptEngineSocket;->setHostname(Ljava/lang/String;)V (max-target-q,core-platform-api, reflection, denied)
02-29 11:16:29.413 9315 20295 W com.mbwhatsapp: Accessing hidden method Lcom/android/org/conscrypt/OpenSSLSocketImpl;->setHostname(Ljava/lang/String;)V (max-target-q,core-platform-api, reflection, denied)
02-29 11:16:29.413 9315 20295 W com.mbwhatsapp: Accessing hidden method Lcom/android/org/conscrypt/AbstractConscryptSocket;->setHostname(Ljava/lang/ String;)V (max-target-q, reflection, denied)
02-29 11:16:29.413 9315 20295 W com.mbwhatsapp: Accessing hidden method Lcom/android/org/conscrypt/OpenSSLSocketImpl;->setAlpnProtocols([B)V (max-target- q,core-platform-api, reflection, denied)
02-29 11:16:29.413 9315 20295 W com.mbwhatsapp: Accessing hidden method Lcom/android/org/conscrypt/AbstractConscryptSocket;->setAlpnProtocols([B)V (max- target-q, reflection, denied)
02-29 11:16:29.526 9315 20295 W com.mbwhatsapp: Accessing hidden method Lcom/android/org/conscrypt/OpenSSLSocketImpl;->getAlpnSelectedProtocol()[B (max- target-q,core-platform-api, reflection, denied)
02-29 11:16:29.526 9315 20295 W com.mbwhatsapp: Accessing hidden method Lcom/android/org/conscrypt/AbstractConscryptSocket;->getAlpnSelectedProtocol()[B (max-target-q, reflection, denied)
02-29 11:16:29.636 9315 9315 E RecyclerView: No adapter attached; skipping layout
02-29 11:16:29.721 9315 9315 W Looper : PerfMonitor doFrame : time=429ms vsyncFrame=0 latency=20ms procState=-1 historyMsgCount=11
02-29 11:16:29.727 9315 9315 E ArmVmp : Match on catch block at 0x0a in for 0x78275ed035
02-29 11:16:29.732 9315 9315 W Looper : PerfMonitor looperActivity : package=com.mbwhatsapp/mbmodsd.mbmodsw.mbsettings.yo.PauseActivity time=11ms latency=436ms running=0ms procState=-1 historyMsgCount=12 (msgIndex=10 wall=429ms seq=9990 late=20ms h=android.view.Choreographer$FrameHandler c=android.view.Choreographer$FrameDisplayEventReceiver)
02-29 11:16:29.765 9315 9315 E RecyclerView: No adapter attached; skipping layout
02-29 11:16:29.773 9315 9315 W Looper : PerfMonitor doFrame : time=39ms vsyncFrame=0 latency=429ms procState=-1 historyMsgCount=6 (msgIndex=1 wall=429ms seq=9990 late=20ms h=android.view.Choreographer$FrameHandler c=android.view.Choreographer$FrameDisplayEventReceiver)
02-29 11:16:29.782 9315 9315 W Looper : PerfMonitor looperActivity : package=com.mbwhatsapp/.HomeActivity time=5ms latency=481ms running=0ms procState=-1 historyMsgCount=9 (msgIndex=1 wall=429ms seq=9990 late=20ms h=android.view.Choreographer$FrameHandler c=android.view.Choreographer$FrameDisplayEventReceiver)
02-29 11:16:29.889 9315 20349 W LOTTIE : Animation contains merge paths. Merge paths are only supported on KitKat+ and must be manually enabled by calling enableMergePathsForKitKatAndAbove().
02-29 11:16:30.002 9315 9315 W LOTTIE : Animation contains merge paths but they are disabled.
02-29 11:16:30.038 9315 18718 W BpBinder: Slow Binder: BpBinder transact took 1367 ms, interface=android.content.IContentProvider, code=20 oneway=false
02-29 11:16:31.036 9315 18718 W BpBinder: Slow Binder: BpBinder transact took 980 ms, interface=android.content.IContentProvider, code=20 oneway=false
02-29 11:16:33.725 9315 19864 W com.mbwhatsapp: Accessing hidden method Landroid/app/MiuiNotification;-><init>()V (blocked, reflection, denied)
02-29 11:16:33.742 9315 19864 W com.mbwhatsapp: Accessing hidden method Landroid/app/MiuiNotification;-><init>()V (blocked, reflection, denied)
02-29 11:16:33.784 9315 19864 W com.mbwhatsapp: Accessing hidden method Landroid/app/MiuiNotification;-><init>()V (blocked, reflection, denied)
02-29 11:16:33.784 9315 19864 W com.mbwhatsapp: Reached maximum number of hidden api access warnings.
02-29 11:16:37.766 9315 9315 E ArmVmp : Match on catch block at 0x0a in for 0x78275ed049
02-29 11:16:38.687 9315 9315 W InputEventReceiver: Attempted to finish an input event but the input event receiver has already been disposed.
02-29 11:16:42.944 9315 9315 W TabLayout: MODE_SCROLLABLE + GRAVITY_FILL is not supported, GRAVITY_START will be used instead
02-29 11:16:42.982 9315 20376 W CameraManagerGlobal: [soar.cts] ignore the status update of camera: 2
02-29 11:16:42.982 9315 20376 W CameraManagerGlobal: [soar.cts] ignore the status update of camera: 3
02-29 11:16:42.982 9315 20376 W CameraManagerGlobal: [soar.cts] ignore the status update of camera: 4
02-29 11:16:42.982 9315 20376 W CameraManagerGlobal: [soar.cts] ignore the status update of camera: 5
02-29 11:16:42.983 9315 10503 W CameraManagerGlobal: ignore the torch status update of camera: 2
02-29 11:16:42.983 9315 10503 W CameraManagerGlobal: ignore the torch status update of camera: 3
02-29 11:16:42.983 9315 9420 W CameraManagerGlobal: ignore the torch status update of camera: 4
02-29 11:16:42.983 9315 9420 W CameraManagerGlobal: ignore the torch status update of camera: 5
02-29 11:16:43.006 9315 9315 W BottomSheetBehavior: BottomSheetBehavior now supports multiple callbacks. `setBottomSheetCallback()` removes all existing callbacks, including ones set internally by library authors, which may result in unintended behavior. This may change in the future. Please use `addBottomSheetCallback()` and `removeBottomSheetCallback()` instead to set your own callbacks.
02-29 11:16:43.121 9315 9315 W View : requestLayout() improperly called by com.mbwhatsapp.WaImageView{92de54a VF.D..CL. ......ID 0,0-176,176 #7f0b1814 app:id/shutter} during layout: running second layout pass
02-29 11:16:43.121 9315 9315 W View : requestLayout() improperly called by com.mbwhatsapp.CircularProgressBar{5a35cbb V.ED..... ......ID 0,0-176,176 #7f0b14fc app:id/recording_progress} during layout: running second layout pass
02-29 11:16:43.121 9315 9315 W View : requestLayout() improperly called by com.mbwhatsapp.WaImageView{71a5d8 VF.D..C.. ......ID 0,0-132,132 #7f0b1976 app:id/switch_camera_btn} during layout: running second layout pass
02-29 11:16:43.121 9315 9315 W View : requestLayout() improperly called by com.mbwhatsapp.WaImageView{dfb9d31 VFED..C.. ......ID 0,0-132,132 #7f0b0b0d app:id/gallery_btn} during layout: running second layout pass
02-29 11:16:43.121 9315 9315 W View : requestLayout() improperly called by com.mbwhatsapp.WaImageView{2ed0c16 VFED..C.. ......ID 0,0-132,132 #7f0b057f app:id/close_camera_btn} during layout: running second layout pass
02-29 11:16:43.193 9315 9315 W View : requestLayout() improperly called by com.mbwhatsapp.WaImageView{92de54a VF.D..CL. ......ID 452,1696-628,1872 #7f0b1814 app:id/shutter} during layout: running second layout pass
02-29 11:16:43.193 9315 9315 W View : requestLayout() improperly called by com.mbwhatsapp.CircularProgressBar{5a35cbb V.ED..... ......ID 452,1696-628,1872 #7f0b14fc app:id/recording_progress} during layout: running second layout pass
02-29 11:16:43.193 9315 9315 W View : requestLayout() improperly called by com.mbwhatsapp.WaImageView{71a5d8 VF.D..C.. ......ID 924,1716-1056,1848 #7f0b1976 app:id/switch_camera_btn} during layout: running second layout pass
02-29 11:16:43.193 9315 9315 W View : requestLayout() improperly called by com.mbwhatsapp.WaImageView{dfb9d31 VFED..C.. ......ID 24,1716-156,1848 #7f0b0b0d app:id/gallery_btn} during layout: running second layout pass
02-29 11:16:43.193 9315 9315 W View : requestLayout() improperly called by com.mbwhatsapp.WaImageView{2ed0c16 VFED..C.. ......I. 24,24-156,156 #7f0b057f app:id/close_camera_btn} during layout: running second layout pass
02-29 11:16:43.267 9315 9315 W pool-10-thread-: type=1400 audit(0.0:50330): avc: granted { execute } for path="/data/data/com.mbwhatsapp/files/decompressed/libs.spk.zst/libgifimage.so" dev="dm-9" ino=326401 scontext=u:r:untrusted_app:s0:c18,c257,c512,c768 tcontext=u:object_r:app_data_file:s0:c18,c257,c512,c768 tclass=file app=com.mbwhatsapp
02-29 11:16:43.820 9315 20402 W BpBinder: Slow Binder: BpBinder transact took 276 ms, interface=android.media.IMediaMetadataRetriever, code=5 oneway=false
02-29 11:16:44.810 9315 9315 W View : requestLayout() improperly called by X.4Ki{98035a7 V.ED..... ......ID 0,6-1080,138} during layout: running second layout pass
02-29 11:16:44.818 9315 9420 E CameraManagerGlobal: Camera 5 is not available. Ignore physical camera status change
02-29 11:16:44.908 9315 10503 W CameraManagerGlobal: ignore the torch status update of camera: 2
02-29 11:16:44.911 9315 10503 W CameraManagerGlobal: ignore the torch status update of camera: 3
02-29 11:16:44.912 9315 10503 W CameraManagerGlobal: ignore the torch status update of camera: 4
02-29 11:16:44.912 9315 10503 W CameraManagerGlobal: ignore the torch status update of camera: 5
02-29 11:16:54.608 9315 10046 W CameraManagerGlobal: ignore the torch status update of camera: 2
02-29 11:16:54.608 9315 10046 W CameraManagerGlobal: ignore the torch status update of camera: 3
02-29 11:16:54.608 9315 10046 W CameraManagerGlobal: ignore the torch status update of camera: 4
02-29 11:16:54.608 9315 10046 W CameraManagerGlobal: ignore the torch status update of camera: 5
02-29 11:16:54.622 9315 10046 E CameraManagerGlobal: Camera 5 is not available. Ignore physical camera status change
02-29 11:16:54.625 9315 20376 W BpBinder: Slow Binder: BpBinder transact took 219 ms, interface=android.hardware.camera2.ICameraDeviceUser, code=1 oneway=false
02-29 11:16:54.627 9315 10503 W com.mbwhatsapp: Long monitor contention with owner Optic-Task-Handler-Thread (20376) at void android.hardware.camera2.impl.CameraDeviceImpl.close()(CameraDeviceImpl.java:1372) waiters=0 in void android.hardware.camera2.impl.CameraDeviceImpl.onDeviceError(int, android.hardware.camera2.impl.CaptureResultExtras) for 188ms
02-29 11:16:59.971 9315 10503 E CameraManagerGlobal: Camera 5 is not available. Ignore physical camera status change
02-29 11:16:59.979 9315 9775 W CameraManagerGlobal: ignore the torch status update of camera: 2
02-29 11:16:59.980 9315 9775 W CameraManagerGlobal: ignore the torch status update of camera: 3
02-29 11:16:59.983 9315 10503 W CameraManagerGlobal: ignore the torch status update of camera: 4
02-29 11:16:59.985 9315 9775 W CameraManagerGlobal: ignore the torch status update of camera: 5
02-29 11:17:00.310 9315 20402 W BpBinder: Slow Binder: BpBinder transact took 264 ms, interface=android.media.IMediaMetadataRetriever, code=5 oneway=false
02-29 11:17:00.670 9315 20833 W BpBinder: Slow Binder: BpBinder transact took 203 ms, interface=android.media.IMediaMetadataRetriever, code=5 oneway=false
02-29 11:17:01.458 9315 10046 W CameraManagerGlobal: ignore the torch status update of camera: 2
02-29 11:17:01.458 9315 10046 W CameraManagerGlobal: ignore the torch status update of camera: 3
02-29 11:17:01.459 9315 10046 W CameraManagerGlobal: ignore the torch status update of camera: 4
02-29 11:17:01.460 9315 10046 W CameraManagerGlobal: ignore the torch status update of camera: 5
02-29 11:17:01.488 9315 9775 E CameraManagerGlobal: Camera 5 is not available. Ignore physical camera status change
02-29 11:17:01.489 9315 10503 W com.mbwhatsapp: Long monitor contention with owner Optic-Task-Handler-Thread (20376) at void android.hardware.camera2.impl.CameraDeviceImpl.close()(CameraDeviceImpl.java:1372) waiters=0 in void android.hardware.camera2.impl.CameraDeviceImpl.onDeviceError(int, android.hardware.camera2.impl.CaptureResultExtras) for 168ms
02-29 11:17:05.227 9315 9315 E ArmVmp : Match on catch block at 0x0a in for 0x78275ed039
02-29 11:17:05.235 9315 9315 E ArmVmp : Match on catch block at 0x0a in for 0x78275ed035
02-29 11:17:21.442 9315 9315 W InputEventReceiver: Attempted to finish an input event but the input event receiver has already been disposed.
02-29 11:17:23.206 9315 9315 W Choreographer: Frame time is 0.045205 now = 154333609797119 timestampNanos = 154333609842324 ms in the future! Check that graphics HAL is generating vsync timestamps using the correct timebase.
02-29 11:17:23.522 9315 9315 W Choreographer: Frame time is 0.022111 now = 154333925309350 timestampNanos = 154333925331461 ms in the future! Check that graphics HAL is generating vsync timestamps using the correct timebase.
02-29 11:17:31.077 9315 9315 W Choreographer: Frame time is 0.134542 now = 154341480630966 timestampNanos = 154341480765508 ms in the future! Check that graphics HAL is generating vsync timestamps using the correct timebase.
02-29 11:17:32.722 9315 9315 W Choreographer: Frame time is 0.051847 now = 154343125090889 timestampNanos = 154343125142736 ms in the future! Check that graphics HAL is generating vsync timestamps using the correct timebase.
02-29 11:17:51.048 9315 9315 W View : requestLayout() improperly called by android.widget.Space{1d3cfdc I.ED..... ......I. 33,99-44,110 #7f0b00ba app:id/action_tile_spacing} during layout: running second layout pass
02-29 11:17:51.048 9315 9315 W View : requestLayout() improperly called by android.widget.Space{acb8e5 I.ED..... ......I. 33,99-44,110 #7f0b00ba app:id/action_tile_spacing} during layout: running second layout pass
02-29 11:17:51.048 9315 9315 W View : requestLayout() improperly called by android.widget.Space{ffeafba I.ED..... ......I. 33,99-44,110 #7f0b00ba app:id/action_tile_spacing} during layout: running second layout pass
02-29 11:17:53.296 9315 9315 W Choreographer: Frame time is 0.211972 now = 154363699220198 timestampNanos = 154363699432170 ms in the future! Check that graphics HAL is generating vsync timestamps using the correct timebase.
02-29 11:17:53.993 9315 9315 W Choreographer: Frame time is 0.054103 now = 154364396121736 timestampNanos = 154364396175839 ms in the future! Check that graphics HAL is generating vsync timestamps using the correct timebase.
02-29 11:18:08.223 9315 9315 W Choreographer: Frame time is 0.033818 now = 154378626894352 timestampNanos = 154378626928170 ms in the future! Check that graphics HAL is generating vsync timestamps using the correct timebase.
02-29 11:18:09.160 9315 9329 W System : A resource failed to call close.
02-29 11:18:09.161 9315 9329 W System : A resource failed to call close.
02-29 11:29:50.241 9315 26646 W LibraryVersion: Failed to get app version for libraryName: firebase-iid --------- beginning of main
02-29 11:42:20.644 6535 6535 E com.mbwhatsapp: Not starting debugger since process cannot load the jdwp agent.
02-29 11:42:20.840 6535 6535 W ResourceType: CREATING STRING CACHE OF 192 bytes
02-29 11:42:20.850 6535 6535 W System.err: java.lang.ClassNotFoundException: mbmodsd.mbmodsw.ui.views.btn.BtnBK
02-29 11:42:20.850 6535 6535 W System.err: at java.lang.Runtime.nativeLoad(Native Method)
02-29 11:42:20.850 6535 6535 W System.err: at java.lang.Runtime.nativeLoad(Runtime.java:1126)
02-29 11:42:20.850 6535 6535 W System.err: at java.lang.Runtime.loadLibrary0(Runtime.java:1080)
02-29 11:42:20.850 6535 6535 W System.err: at java.lang.Runtime.loadLibrary0(Runtime.java:1003)
02-29 11:42:20.850 6535 6535 W System.err: at java.lang.System.loadLibrary(System.java:1661)
02-29 11:42:20.851 6535 6535 W System.err: at arm.EpicVm.<clinit>(Unknown Source:2)
02-29 11:42:20.851 6535 6535 W System.err: at java.lang.Class.newInstance(Native Method)
02-29 11:42:20.851 6535 6535 W System.err: at android.app.AppComponentFactory.instantiateApplication(AppComponentFactory.java:76)
02-29 11:42:20.851 6535 6535 W System.err: at androidx.core.app.CoreComponentFactory.instantiateApplication(Unknown Source:0)
02-29 11:42:20.851 6535 6535 W System.err: at android.app.Instrumentation.newApplication(Instrumentation.java:1177)
02-29 11:42:20.851 6535 6535 W System.err: at android.app.LoadedApk.makeApplication(LoadedApk.java:1377)
02-29 11:42:20.851 6535 6535 W System.err: at android.app.ActivityThread.handleBindApplication(ActivityThread.java:7057)
02-29 11:42:20.851 6535 6535 W System.err: at android.app.ActivityThread.access$1700(ActivityThread.java:277)
02-29 11:42:20.851 6535 6535 W System.err: at android.app.ActivityThread$H.handleMessage(ActivityThread.java:2161)
02-29 11:42:20.851 6535 6535 W System.err: at android.os.Handler.dispatchMessage(Handler.java:106)
02-29 11:42:20.851 6535 6535 W System.err: at android.os.Looper.loopOnce(Looper.java:210)
02-29 11:42:20.851 6535 6535 W System.err: at android.os.Looper.loop(Looper.java:299)
02-29 11:42:20.851 6535 6535 W System.err: at android.app.ActivityThread.main(ActivityThread.java:8298)
02-29 11:42:20.851 6535 6535 W System.err: at java.lang.reflect.Method.invoke(Native Method)
02-29 11:42:20.851 6535 6535 W System.err: at com.android.internal.os.RuntimeInit$MethodAndArgsCaller.run(RuntimeInit.java:576)
02-29 11:42:20.851 6535 6535 W System.err: at com.android.internal.os.ZygoteInit.main(ZygoteInit.java:1073)
02-29 11:42:20.867 6535 6535 E CustomActivityOnCrash: IMPORTANT WARNING! You already have an UncaughtExceptionHandler, are you sure this is correct? If you use a custom UncaughtExceptionHandler, you must initialize it AFTER CustomActivityOnCrash! Installing anyway, but your original handler will not be called.
02-29 11:42:21.173 6535 6535 W com.mbwhatsapp: Accessing hidden method Lcom/android/org/conscrypt/OpenSSLSocketImpl;->setUseSessionTickets(Z)V (max- target-q,core-platform-api, reflection, denied)
02-29 11:42:21.173 6535 6535 W com.mbwhatsapp: Accessing hidden method Lcom/android/org/conscrypt/AbstractConscryptSocket;->setUseSessionTickets(Z)V (max- target-q, reflection, denied)
02-29 11:42:21.191 6535 6535 W com.mbwhatsapp: type=1400 audit(0.0:51098): avc: granted { execute } for path="/data/data/com.mbwhatsapp/files/decompressed/libs.spk.zst/libc++_shared.so" dev="dm-9" ino=301618 scontext=u:r:untrusted_app:s0:c18,c257,c512,c768 tcontext=u:object_r:app_data_file:s0:c18,c257,c512,c768 tclass=file app=com.mbwhatsapp
02-29 11:42:21.199 6535 6535 W com.mbwhatsapp: type=1400 audit(0.0:51099): avc: granted { execute } for path="/data/data/com.mbwhatsapp/files/decompressed/libs.spk.zst/libvlc.so" dev="dm- 9" ino=326416 scontext=u:r:untrusted_app:s0:c18,c257,c512,c768 tcontext=u:object_r:app_data_file:s0:c18,c257,c512,c768 tclass=file app=com.mbwhatsapp
02-29 11:42:21.293 6535 6623 W com.mbwhatsapp: Method void X.2rL.A03(java.lang.Integer) failed lock verification and will run slower.
02-29 11:42:21.293 6535 6623 W com.mbwhatsapp: Common causes for lock verification issues are non-optimized dex code
02-29 11:42:21.293 6535 6623 W com.mbwhatsapp: and incorrect proguard optimizations.
02-29 11:42:21.297 6535 6535 W com.mbwhatsapp: Method void X.0eU.A0h(X.0tK, boolean) failed lock verification and will run slower.
02-29 11:42:21.301 6535 6658 E QT : [QT]file does not exist --------- beginning of system
02-29 11:42:21.456 6535 6535 W Looper : PerfMonitor looperActivity : package=com.mbwhatsapp/.settings.SettingsPrivacy time=167ms latency=628ms running=0ms procState=-1 historyMsgCount=2 (msgIndex=2 wall=619ms seq=2 late=10ms h=android.app.ActivityThread$H w=110)
02-29 11:42:21.456 6535 6535 W Looper : PerfMonitor looperActivity : package=com.mbwhatsapp/.settings.SettingsPrivacy time=0ms latency=796ms running=0ms procState=-1 historyMsgCount=3 (msgIndex=2 wall=619ms seq=2 late=10ms h=android.app.ActivityThread$H w=110) (msgIndex=3 wall=167ms seq=3 late=628ms h=android.app.ActivityThread$H w=159)
02-29 11:42:21.515 6535 6691 E ion : ioctl c0044901 failed with code -1: Invalid argument
02-29 11:42:21.546 6535 6651 E OpenGLRenderer: fbcNotifyFrameComplete error: undefined symbol: fbcNotifyFrameComplete
02-29 11:42:21.546 6535 6651 E OpenGLRenderer: fbcNotifyNoRender error: undefined symbol: fbcNotifyNoRender
02-29 11:42:22.979 6535 6535 W com.mbwhatsapp: Method void com.mbwhatsapp.HomeActivity.A6e() failed lock verification and will run slower.
02-29 11:42:24.732 6535 6535 E ArmVmp : Match on catch block at 0x0a in for 0x78275ed031
02-29 11:42:24.752 6535 6535 E ArmVmp : Match on catch block at 0x0a in for 0x78275ed04d
02-29 11:42:24.976 6535 6809 W LOTTIE : Animation contains merge paths. Merge paths are only supported on KitKat+ and must be manually enabled by calling enableMergePathsForKitKatAndAbove().
02-29 11:42:24.978 6535 6535 W Looper : PerfMonitor looperActivity : package=com.mbwhatsapp/.HomeActivity time=0ms latency=493ms running=0ms procState=-1 historyMsgCount=2 (msgIndex=2 wall=488ms seq=163 late=5ms h=android.app.ActivityThread$H w=159)
02-29 11:42:25.255 6535 6535 E RecyclerView: No adapter attached; skipping layout
02-29 11:42:25.307 6535 6535 W Looper : PerfMonitor doFrame : time=308ms vsyncFrame=0 latency=14ms procState=-1 historyMsgCount=23
02-29 11:42:25.309 6535 6535 W LOTTIE : Animation contains merge paths but they are disabled.
02-29 11:42:25.361 6535 6535 E RecyclerView: No adapter attached; skipping layout
02-29 11:42:25.432 6535 6535 E ArmVmp : Match on catch block at 0x0a in for 0x78275ed035
02-29 11:42:28.713 6535 6856 E RenderScript: Failed loading RS driver: dlopen failed: library "libRSDriver_mtk.so" not found
02-29 11:42:28.713 6535 6856 E RenderScript: Failed to load runtime libRSDriver_mtk.so, loading default
02-29 11:42:28.948 6535 6535 E ArmVmp : Match on catch block at 0x0a in for 0x78275ed035
02-29 11:42:28.953 6535 6535 E ArmVmp : Match on catch block at 0x0a in for 0x78275ed035
02-29 11:42:28.974 6535 6535 E ArmVmp : Match on catch block at 0x0a in for 0x78275ed071
02-29 11:42:29.018 6535 6535 W Looper : PerfMonitor looperActivity : package=com.mbwhatsapp/.Conversation time=0ms latency=380ms running=0ms procState=-1 historyMsgCount=2 (msgIndex=2 wall=373ms seq=472 late=7ms h=android.app.ActivityThread$H w=159)
02-29 11:42:29.168 6535 6535 E ArmVmp : Match on catch block at 0xc3 in for 0x78275ed021
02-29 11:42:29.170 6535 6535 E ArmVmp : Match on catch block at 0xc3 in for 0x78275ed021
02-29 11:42:29.179 6535 6535 W MirrorManager: this model don't Support
02-29 11:42:29.255 6535 6535 W Looper : PerfMonitor doFrame : time=237ms vsyncFrame=0 latency=380ms procState=-1 historyMsgCount=3 (msgIndex=2 wall=373ms seq=472 late=7ms h=android.app.ActivityThread$H w=159)
02-29 11:42:29.328 6535 6543 W com.mbwhatsapp: Cleared Reference was only reachable from finalizer (only reported once)
02-29 11:42:29.346 6535 6535 E ArmVmp : Match on catch block at 0xc3 in for 0x78275ed025
02-29 11:42:29.348 6535 6535 E ArmVmp : Match on catch block at 0xc3 in for 0x78275ed025
02-29 11:42:29.564 6535 6535 E ArmVmp : Match on catch block at 0xc3 in for 0x78275ed025
02-29 11:42:29.566 6535 6535 E ArmVmp : Match on catch block at 0xc3 in for 0x78275ed025
02-29 11:42:29.715 6535 6535 E ArmVmp : Match on catch block at 0xc3 in for 0x78275ed025
02-29 11:42:29.718 6535 6535 E ArmVmp : Match on catch block at 0xc3 in for 0x78275ed025
02-29 11:42:29.821 6535 6535 E ArmVmp : Match on catch block at 0xc3 in for 0x78275ed025
02-29 11:42:29.825 6535 6535 E ArmVmp : Match on catch block at 0xc3 in for 0x78275ed025
02-29 11:42:29.911 6535 6535 E ArmVmp : Match on catch block at 0xc3 in for 0x78275ed025
02-29 11:42:29.913 6535 6535 E ArmVmp : Match on catch block at 0xc3 in for 0x78275ed025
02-29 11:42:29.965 6535 6535 E ArmVmp : Match on catch block at 0xc3 in for 0x78275ed025
02-29 11:42:29.966 6535 6535 E ArmVmp : Match on catch block at 0xc3 in for 0x78275ed025
02-29 11:42:30.004 6535 6535 E ArmVmp : Match on catch block at 0xc3 in for 0x78275ed025
02-29 11:42:30.007 6535 6535 E ArmVmp : Match on catch block at 0xc3 in for 0x78275ed025
02-29 11:42:30.044 6535 6535 E ArmVmp : Match on catch block at 0xc3 in for 0x78275ed025
02-29 11:42:30.046 6535 6535 E ArmVmp : Match on catch block at 0xc3 in for 0x78275ed025
02-29 11:42:30.069 6535 6535 E ArmVmp : Match on catch block at 0xc3 in for 0x78275ed025
02-29 11:42:30.071 6535 6535 E ArmVmp : Match on catch block at 0xc3 in for 0x78275ed025
02-29 11:42:30.093 6535 6535 E ArmVmp : Match on catch block at 0xc3 in for 0x78275ed025
02-29 11:42:30.095 6535 6535 E ArmVmp : Match on catch block at 0xc3 in for 0x78275ed025
02-29 11:42:30.117 6535 6535 E ArmVmp : Match on catch block at 0xc3 in for 0x78275ed025
02-29 11:42:30.119 6535 6535 E ArmVmp : Match on catch block at 0xc3 in for 0x78275ed025
02-29 11:42:30.141 6535 6535 E ArmVmp : Match on catch block at 0xc3 in for 0x78275ed025
02-29 11:42:30.142 6535 6535 E ArmVmp : Match on catch block at 0xc3 in for 0x78275ed025
02-29 11:42:30.164 6535 6535 E ArmVmp : Match on catch block at 0xc3 in for 0x78275ed025
02-29 11:42:30.166 6535 6535 E ArmVmp : Match on catch block at 0xc3 in for 0x78275ed025
02-29 11:42:30.190 6535 6535 E ArmVmp : Match on catch block at 0xc3 in for 0x78275ed025
02-29 11:42:30.191 6535 6535 E ArmVmp : Match on catch block at 0xc3 in for 0x78275ed025
02-29 11:42:30.212 6535 6535 E ArmVmp : Match on catch block at 0xc3 in for 0x78275ed025
02-29 11:42:30.214 6535 6535 E ArmVmp : Match on catch block at 0xc3 in for 0x78275ed025
02-29 11:42:30.237 6535 6535 E ArmVmp : Match on catch block at 0xc3 in for 0x78275ed025
02-29 11:42:30.239 6535 6535 E ArmVmp : Match on catch block at 0xc3 in for 0x78275ed025
02-29 11:42:30.262 6535 6535 E ArmVmp : Match on catch block at 0xc3 in for 0x78275ed025
02-29 11:42:30.264 6535 6535 E ArmVmp : Match on catch block at 0xc3 in for 0x78275ed025
02-29 11:42:30.286 6535 6535 E ArmVmp : Match on catch block at 0xc3 in for 0x78275ed025
02-29 11:42:30.288 6535 6535 E ArmVmp : Match on catch block at 0xc3 in for 0x78275ed025
02-29 11:42:30.309 6535 6535 E ArmVmp : Match on catch block at 0xc3 in for 0x78275ed025
02-29 11:42:30.311 6535 6535 E ArmVmp : Match on catch block at 0xc3 in for 0x78275ed025
02-29 11:42:30.332 6535 6535 E ArmVmp : Match on catch block at 0xc3 in for 0x78275ed025
02-29 11:42:30.334 6535 6535 E ArmVmp : Match on catch block at 0xc3 in for 0x78275ed025
02-29 11:42:30.356 6535 6535 E ArmVmp : Match on catch block at 0xc3 in for 0x78275ed025
02-29 11:42:30.358 6535 6535 E ArmVmp : Match on catch block at 0xc3 in for 0x78275ed025
02-29 11:42:30.380 6535 6535 E ArmVmp : Match on catch block at 0xc3 in for 0x78275ed025
02-29 11:42:30.381 6535 6535 E ArmVmp : Match on catch block at 0xc3 in for 0x78275ed025
02-29 11:42:30.405 6535 6535 E ArmVmp : Match on catch block at 0xc3 in for 0x78275ed025
02-29 11:42:30.406 6535 6535 E ArmVmp : Match on catch block at 0xc3 in for 0x78275ed025
02-29 11:42:30.427 6535 6535 E ArmVmp : Match on catch block at 0xc3 in for 0x78275ed025
02-29 11:42:30.428 6535 6535 E ArmVmp : Match on catch block at 0xc3 in for 0x78275ed025
02-29 11:42:30.450 6535 6535 E ArmVmp : Match on catch block at 0xc3 in for 0x78275ed025
02-29 11:42:30.451 6535 6535 E ArmVmp : Match on catch block at 0xc3 in for 0x78275ed025
02-29 11:42:30.473 6535 6535 E ArmVmp : Match on catch block at 0xc3 in for 0x78275ed025
02-29 11:42:30.475 6535 6535 E ArmVmp : Match on catch block at 0xc3 in for 0x78275ed025
02-29 11:42:30.496 6535 6535 E ArmVmp : Match on catch block at 0xc3 in for 0x78275ed025
02-29 11:42:30.498 6535 6535 E ArmVmp : Match on catch block at 0xc3 in for 0x78275ed025
02-29 11:42:30.520 6535 6535 E ArmVmp : Match on catch block at 0xc3 in for 0x78275ed025
02-29 11:42:30.521 6535 6535 E ArmVmp : Match on catch block at 0xc3 in for 0x78275ed025
02-29 11:42:30.566 6535 6535 E ArmVmp : Match on catch block at 0xc3 in for 0x78275ed025
02-29 11:42:30.569 6535 6535 E ArmVmp : Match on catch block at 0xc3 in for 0x78275ed025
02-29 11:42:30.610 6535 6535 E ArmVmp : Match on catch block at 0xc3 in for 0x78275ed025
02-29 11:42:30.612 6535 6535 E ArmVmp : Match on catch block at 0xc3 in for 0x78275ed025
02-29 11:42:30.655 6535 6535 E ArmVmp : Match on catch block at 0xc3 in for 0x78275ed025
02-29 11:42:30.657 6535 6535 E ArmVmp : Match on catch block at 0xc3 in for 0x78275ed025
02-29 11:42:30.677 6535 6535 E ArmVmp : Match on catch block at 0xc3 in for 0x78275ed025
02-29 11:42:30.679 6535 6535 E ArmVmp : Match on catch block at 0xc3 in for 0x78275ed025
02-29 11:42:30.686 6535 6535 E ArmVmp : Match on catch block at 0xc3 in for 0x78275ed025
02-29 11:42:30.689 6535 6535 E ArmVmp : Match on catch block at 0xc3 in for 0x78275ed025
02-29 11:42:30.698 6535 6535 E ArmVmp : Match on catch block at 0xc3 in for 0x78275ed025
02-29 11:42:30.700 6535 6535 E ArmVmp : Match on catch block at 0xc3 in for 0x78275ed025
02-29 11:42:30.720 6535 6535 E ArmVmp : Match on catch block at 0xc3 in for 0x78275ed025
02-29 11:42:30.722 6535 6535 E ArmVmp : Match on catch block at 0xc3 in for 0x78275ed025
02-29 11:42:30.728 6535 6894 W com.mbwhatsapp: Accessing hidden method Landroid/app/MiuiNotification;-><init>()V (blocked, reflection, denied)
02-29 11:42:30.731 6535 6535 E ArmVmp : Match on catch block at 0xc3 in for 0x78275ed025
02-29 11:42:30.733 6535 6535 E ArmVmp : Match on catch block at 0xc3 in for 0x78275ed025
02-29 11:42:30.748 6535 6535 E ArmVmp : Match on catch block at 0xc3 in for 0x78275ed025
02-29 11:42:30.750 6535 6535 E ArmVmp : Match on catch block at 0xc3 in for 0x78275ed025
02-29 11:42:30.765 6535 6535 E ArmVmp : Match on catch block at 0xc3 in for 0x78275ed025
02-29 11:42:30.766 6535 6535 E ArmVmp : Match on catch block at 0xc3 in for 0x78275ed025
02-29 11:42:30.782 6535 6535 E ArmVmp : Match on catch block at 0xc3 in for 0x78275ed025
02-29 11:42:30.783 6535 6535 E ArmVmp : Match on catch block at 0xc3 in for 0x78275ed025
02-29 11:42:30.799 6535 6535 E ArmVmp : Match on catch block at 0xc3 in for 0x78275ed025
02-29 11:42:30.802 6535 6535 E ArmVmp : Match on catch block at 0xc3 in for 0x78275ed025
02-29 11:42:30.815 6535 6535 E ArmVmp : Match on catch block at 0xc3 in for 0x78275ed025
02-29 11:42:30.816 6535 6535 E ArmVmp : Match on catch block at 0xc3 in for 0x78275ed025
02-29 11:42:30.831 6535 6535 E ArmVmp : Match on catch block at 0xc3 in for 0x78275ed025
02-29 11:42:30.834 6535 6535 E ArmVmp : Match on catch block at 0xc3 in for 0x78275ed025
02-29 11:42:30.848 6535 6535 E ArmVmp : Match on catch block at 0xc3 in for 0x78275ed025
02-29 11:42:30.850 6535 6535 E ArmVmp : Match on catch block at 0xc3 in for 0x78275ed025
02-29 11:42:30.864 6535 6535 E ArmVmp : Match on catch block at 0xc3 in for 0x78275ed025
02-29 11:42:30.866 6535 6535 E ArmVmp : Match on catch block at 0xc3 in for 0x78275ed025
02-29 11:42:30.881 6535 6535 E ArmVmp : Match on catch block at 0xc3 in for 0x78275ed025
02-29 11:42:30.883 6535 6535 E ArmVmp : Match on catch block at 0xc3 in for 0x78275ed025
02-29 11:42:30.898 6535 6535 E ArmVmp : Match on catch block at 0xc3 in for 0x78275ed025
02-29 11:42:30.899 6535 6535 E ArmVmp : Match on catch block at 0xc3 in for 0x78275ed025
02-29 11:42:30.914 6535 6535 E ArmVmp : Match on catch block at 0xc3 in for 0x78275ed025
02-29 11:42:30.916 6535 6535 E ArmVmp : Match on catch block at 0xc3 in for 0x78275ed025
02-29 11:42:30.931 6535 6535 E ArmVmp : Match on catch block at 0xc3 in for 0x78275ed025
02-29 11:42:30.932 6535 6535 E ArmVmp : Match on catch block at 0xc3 in for 0x78275ed025
02-29 11:42:30.947 6535 6535 E ArmVmp : Match on catch block at 0xc3 in for 0x78275ed025
02-29 11:42:30.949 6535 6535 E ArmVmp : Match on catch block at 0xc3 in for 0x78275ed025
02-29 11:42:30.964 6535 6535 E ArmVmp : Match on catch block at 0xc3 in for 0x78275ed025
02-29 11:42:30.966 6535 6535 E ArmVmp : Match on catch block at 0xc3 in for 0x78275ed025
02-29 11:42:30.981 6535 6535 E ArmVmp : Match on catch block at 0xc3 in for 0x78275ed025
02-29 11:42:30.982 6535 6535 E ArmVmp : Match on catch block at 0xc3 in for 0x78275ed025
02-29 11:42:30.997 6535 6535 E ArmVmp : Match on catch block at 0xc3 in for 0x78275ed025
02-29 11:42:30.999 6535 6535 E ArmVmp : Match on catch block at 0xc3 in for 0x78275ed025
02-29 11:42:31.014 6535 6535 E ArmVmp : Match on catch block at 0xc3 in for 0x78275ed025
02-29 11:42:31.016 6535 6535 E ArmVmp : Match on catch block at 0xc3 in for 0x78275ed025
02-29 11:42:31.020 6535 6894 W com.mbwhatsapp: Accessing hidden method Landroid/app/MiuiNotification;-><init>()V (blocked, reflection, denied)
02-29 11:42:31.030 6535 6535 E ArmVmp : Match on catch block at 0xc3 in for 0x78275ed025
02-29 11:42:31.032 6535 6535 E ArmVmp : Match on catch block at 0xc3 in for 0x78275ed025
02-29 11:42:31.047 6535 6535 E ArmVmp : Match on catch block at 0xc3 in for 0x78275ed025
02-29 11:42:31.049 6535 6535 E ArmVmp : Match on catch block at 0xc3 in for 0x78275ed025
02-29 11:42:31.064 6535 6535 E ArmVmp : Match on catch block at 0xc3 in for 0x78275ed025
02-29 11:42:31.065 6535 6535 E ArmVmp : Match on catch block at 0xc3 in for 0x78275ed025
02-29 11:42:31.080 6535 6535 E ArmVmp : Match on catch block at 0xc3 in for 0x78275ed025
02-29 11:42:31.082 6535 6535 E ArmVmp : Match on catch block at 0xc3 in for 0x78275ed025
02-29 11:42:31.097 6535 6535 E ArmVmp : Match on catch block at 0xc3 in for 0x78275ed025
02-29 11:42:31.098 6535 6535 E ArmVmp : Match on catch block at 0xc3 in for 0x78275ed025
02-29 11:42:31.113 6535 6535 E ArmVmp : Match on catch block at 0xc3 in for 0x78275ed025
02-29 11:42:31.115 6535 6535 E ArmVmp : Match on catch block at 0xc3 in for 0x78275ed025
02-29 11:42:31.130 6535 6535 E ArmVmp : Match on catch block at 0xc3 in for 0x78275ed025
02-29 11:42:31.132 6535 6535 E ArmVmp : Match on catch block at 0xc3 in for 0x78275ed025
02-29 11:42:31.147 6535 6535 E ArmVmp : Match on catch block at 0xc3 in for 0x78275ed025
02-29 11:42:31.148 6535 6535 E ArmVmp : Match on catch block at 0xc3 in for 0x78275ed025
02-29 11:42:31.163 6535 6535 E ArmVmp : Match on catch block at 0xc3 in for 0x78275ed025
02-29 11:42:31.165 6535 6535 E ArmVmp : Match on catch block at 0xc3 in for 0x78275ed025
02-29 11:42:31.180 6535 6535 E ArmVmp : Match on catch block at 0xc3 in for 0x78275ed025
02-29 11:42:31.182 6535 6535 E ArmVmp : Match on catch block at 0xc3 in for 0x78275ed025
02-29 11:42:31.196 6535 6535 E ArmVmp : Match on catch block at 0xc3 in for 0x78275ed025
02-29 11:42:31.198 6535 6535 E ArmVmp : Match on catch block at 0xc3 in for 0x78275ed025
02-29 11:42:31.213 6535 6535 E ArmVmp : Match on catch block at 0xc3 in for 0x78275ed025
02-29 11:42:31.215 6535 6535 E ArmVmp : Match on catch block at 0xc3 in for 0x78275ed025
02-29 11:42:31.230 6535 6535 E ArmVmp : Match on catch block at 0xc3 in for 0x78275ed025
02-29 11:42:31.231 6535 6535 E ArmVmp : Match on catch block at 0xc3 in for 0x78275ed025
02-29 11:42:31.246 6535 6535 E ArmVmp : Match on catch block at 0xc3 in for 0x78275ed025
02-29 11:42:31.248 6535 6535 E ArmVmp : Match on catch block at 0xc3 in for 0x78275ed025
02-29 11:42:31.263 6535 6535 E ArmVmp : Match on catch block at 0xc3 in for 0x78275ed025
02-29 11:42:31.264 6535 6535 E ArmVmp : Match on catch block at 0xc3 in for 0x78275ed025
02-29 11:42:31.279 6535 6535 E ArmVmp : Match on catch block at 0xc3 in for 0x78275ed025
02-29 11:42:31.281 6535 6535 E ArmVmp : Match on catch block at 0xc3 in for 0x78275ed025
02-29 11:42:31.296 6535 6535 E ArmVmp : Match on catch block at 0xc3 in for 0x78275ed025
02-29 11:42:31.298 6535 6535 E ArmVmp : Match on catch block at 0xc3 in for 0x78275ed025
02-29 11:42:31.313 6535 6535 E ArmVmp : Match on catch block at 0xc3 in for 0x78275ed025
02-29 11:42:31.314 6535 6535 E ArmVmp : Match on catch block at 0xc3 in for 0x78275ed025
02-29 11:42:31.329 6535 6535 E ArmVmp : Match on catch block at 0xc3 in for 0x78275ed025
02-29 11:42:31.331 6535 6535 E ArmVmp : Match on catch block at 0xc3 in for 0x78275ed025
02-29 11:42:31.346 6535 6535 E ArmVmp : Match on catch block at 0xc3 in for 0x78275ed025
02-29 11:42:31.347 6535 6535 E ArmVmp : Match on catch block at 0xc3 in for 0x78275ed025
02-29 11:42:31.362 6535 6535 E ArmVmp : Match on catch block at 0xc3 in for 0x78275ed025
02-29 11:42:31.364 6535 6535 E ArmVmp : Match on catch block at 0xc3 in for 0x78275ed025
02-29 11:42:31.379 6535 6535 E ArmVmp : Match on catch block at 0xc3 in for 0x78275ed025
02-29 11:42:31.381 6535 6535 E ArmVmp : Match on catch block at 0xc3 in for 0x78275ed025
02-29 11:42:31.396 6535 6535 E ArmVmp : Match on catch block at 0xc3 in for 0x78275ed025
02-29 11:42:31.397 6535 6535 E ArmVmp : Match on catch block at 0xc3 in for 0x78275ed025
02-29 11:42:31.679 6535 6535 E ArmVmp : Match on catch block at 0xc3 in for 0x78275ed025
02-29 11:42:31.683 6535 6535 E ArmVmp : Match on catch block at 0xc3 in for 0x78275ed025
02-29 11:42:31.698 6535 6535 E ArmVmp : Match on catch block at 0xc3 in for 0x78275ed025
02-29 11:42:31.702 6535 6535 E ArmVmp : Match on catch block at 0xc3 in for 0x78275ed025
02-29 11:42:31.713 6535 6535 E ArmVmp : Match on catch block at 0xc3 in for 0x78275ed025
02-29 11:42:31.715 6535 6535 E ArmVmp : Match on catch block at 0xc3 in for 0x78275ed025
02-29 11:42:31.729 6535 6535 E ArmVmp : Match on catch block at 0xc3 in for 0x78275ed025
02-29 11:42:31.732 6535 6535 E ArmVmp : Match on catch block at 0xc3 in for 0x78275ed025
02-29 11:42:31.745 6535 6535 E ArmVmp : Match on catch block at 0xc3 in for 0x78275ed025
02-29 11:42:31.747 6535 6535 E ArmVmp : Match on catch block at 0xc3 in for 0x78275ed025
02-29 11:42:31.761 6535 6535 E ArmVmp : Match on catch block at 0xc3 in for 0x78275ed025
02-29 11:42:31.763 6535 6535 E ArmVmp : Match on catch block at 0xc3 in for 0x78275ed025
02-29 11:42:31.778 6535 6535 E ArmVmp : Match on catch block at 0xc3 in for 0x78275ed025
02-29 11:42:31.779 6535 6535 E ArmVmp : Match on catch block at 0xc3 in for 0x78275ed025
02-29 11:42:31.794 6535 6535 E ArmVmp : Match on catch block at 0xc3 in for 0x78275ed025
02-29 11:42:31.797 6535 6535 E ArmVmp : Match on catch block at 0xc3 in for 0x78275ed025
02-29 11:42:31.811 6535 6535 E ArmVmp : Match on catch block at 0xc3 in for 0x78275ed025
02-29 11:42:31.812 6535 6535 E ArmVmp : Match on catch block at 0xc3 in for 0x78275ed025
02-29 11:42:31.827 6535 6535 E ArmVmp : Match on catch block at 0xc3 in for 0x78275ed025
02-29 11:42:31.829 6535 6535 E ArmVmp : Match on catch block at 0xc3 in for 0x78275ed025
02-29 11:42:31.844 6535 6535 E ArmVmp : Match on catch block at 0xc3 in for 0x78275ed025
02-29 11:42:31.845 6535 6535 E ArmVmp : Match on catch block at 0xc3 in for 0x78275ed025
02-29 11:42:31.860 6535 6535 E ArmVmp : Match on catch block at 0xc3 in for 0x78275ed025
02-29 11:42:31.862 6535 6535 E ArmVmp : Match on catch block at 0xc3 in for 0x78275ed025
02-29 11:42:31.877 6535 6535 E ArmVmp : Match on catch block at 0xc3 in for 0x78275ed025
02-29 11:42:31.878 6535 6535 E ArmVmp : Match on catch block at 0xc3 in for 0x78275ed025
02-29 11:42:31.894 6535 6535 E ArmVmp : Match on catch block at 0xc3 in for 0x78275ed025
