03-12 21:55:36.890 23251 23251 W Looper : PerfMonitor looperActivity : package=com.mbwhatsapp/mbmodsd.mbmodsw.mbsettings.yo.PauseActivity time=0ms latency=669ms running=0ms procState=-1 historyMsgCount=27 (msgIndex=1 wall=811ms seq=24917 late=63ms h=android.view.Choreographer$FrameHandler c=android.view.Choreographer$FrameDisplayEventReceiver)
03-12 21:56:51.666 23251 23251 W Looper : PerfMonitor doFrame : time=362ms vsyncFrame=0 latency=51ms procState=-1 historyMsgCount=8 (msgIndex=1 wall=52ms seq=44951 late=146ms h=android.view.Choreographer$FrameHandler c=android.view.Choreographer$FrameDisplayEventReceiver)
03-12 21:56:51.676 23251 23251 W Looper : PerfMonitor doFrame : time=9ms vsyncFrame=0 latency=348ms procState=-1 historyMsgCount=4 (msgIndex=1 wall=362ms seq=44959 late=51ms h=android.view.Choreographer$FrameHandler c=android.view.Choreographer$FrameDisplayEventReceiver)
03-12 21:57:05.985 23251 23251 W Looper : PerfMonitor doFrame : time=368ms vsyncFrame=0 latency=0ms procState=-1
03-12 21:57:05.993 23251 23251 W Looper : PerfMonitor doFrame : time=7ms vsyncFrame=0 latency=352ms procState=-1 historyMsgCount=1 (msgIndex=1 wall=368ms seq=45456 h=android.view.Choreographer$FrameHandler c=android.view.Choreographer$FrameDisplayEventReceiver)
03-12 21:57:37.492 23251 23251 W FingerprintManager: Invalid acquired message: 6, 21
03-12 21:57:38.340 23251 23251 W FingerprintManager: Invalid acquired message: 6, 22 --------- beginning of main
03-12 21:58:58.099 23251 23251 E ArmVmp : Match on catch block at 0x0a in for 0x7eae978039
03-12 21:58:58.147 23251 23251 E ArmVmp : Match on catch block at 0x0a in for 0x7eae978039
03-12 21:58:58.212 23251 23251 E ArmVmp : Match on catch block at 0x0a in for 0x7eae97802d
03-12 21:58:58.216 23251 23251 E ArmVmp : Match on catch block at 0x0a in for 0x7eae978031
03-12 21:59:01.472 23251 23251 W Choreographer: Frame time is 0.007975 now = 56637805256990 timestampNanos = 56637805264965 ms in the future! Check that graphics HAL is generating vsync timestamps using the correct timebase.
03-12 21:59:01.489 23251 23251 W Choreographer: Frame time is 0.087203 now = 56637822016683 timestampNanos = 56637822103886 ms in the future! Check that graphics HAL is generating vsync timestamps using the correct timebase.
03-12 21:59:02.967 23251 23251 W Choreographer: Frame time is 0.051605 now = 56639299857836 timestampNanos = 56639299909441 ms in the future! Check that graphics HAL is generating vsync timestamps using the correct timebase.
03-12 21:59:06.455 23251 23251 E ArmVmp : Match on catch block at 0x0a in for 0x7eae978041
03-12 21:59:07.642 23251 23251 W InputEventReceiver: Attempted to finish an input event but the input event receiver has already been disposed.
03-12 21:59:13.429 23251 23251 E ArmVmp : Match on catch block at 0x0a in for 0x7eae978035
03-12 21:59:18.062 23251 23251 W Choreographer: Frame time is 0.010389 now = 56654394412068 timestampNanos = 56654394422457 ms in the future! Check that graphics HAL is generating vsync timestamps using the correct timebase.
03-12 21:59:24.156 23251 23251 W Choreographer: Frame time is 0.097208 now = 56660488336992 timestampNanos = 56660488434200 ms in the future! Check that graphics HAL is generating vsync timestamps using the correct timebase.
03-12 21:59:26.394 23251 23251 E com.mbwhatsapp: Resource 7f150337 is a complex map type.
03-12 21:59:26.394 23251 23251 E com.mbwhatsapp: Resource 7f150337 is a complex map type.
03-12 21:59:26.394 23251 23251 E com.mbwhatsapp: Resource 7f150337 is a complex map type.
03-12 21:59:31.247 23251 23251 W Choreographer: Frame time is 0.327569 now = 56667579595146 timestampNanos = 56667579922715 ms in the future! Check that graphics HAL is generating vsync timestamps using the correct timebase.
03-12 21:59:36.244 23251 23251 W Choreographer: Frame time is 0.249794 now = 56672576631146 timestampNanos = 56672576880940 ms in the future! Check that graphics HAL is generating vsync timestamps using the correct timebase.
03-12 21:59:36.277 23251 23251 W Choreographer: Frame time is 0.007179 now = 56672610279762 timestampNanos = 56672610286941 ms in the future! Check that graphics HAL is generating vsync timestamps using the correct timebase.
03-12 21:59:38.001 27043 27043 E com.mbwhatsapp: Not starting debugger since process cannot load the jdwp agent.
03-12 21:59:38.241 27043 27043 W ResourceType: CREATING STRING CACHE OF 192 bytes
03-12 21:59:38.250 27043 27043 W System.err: java.lang.ClassNotFoundException: mbmodsd.mbmodsw.ui.views.btn.BtnBK
03-12 21:59:38.250 27043 27043 W System.err: at java.lang.Runtime.nativeLoad(Native Method)
03-12 21:59:38.250 27043 27043 W System.err: at java.lang.Runtime.nativeLoad(Runtime.java:1126)
03-12 21:59:38.250 27043 27043 W System.err: at java.lang.Runtime.loadLibrary0(Runtime.java:1080)
03-12 21:59:38.250 27043 27043 W System.err: at java.lang.Runtime.loadLibrary0(Runtime.java:1003)
03-12 21:59:38.250 27043 27043 W System.err: at java.lang.System.loadLibrary(System.java:1661)
03-12 21:59:38.250 27043 27043 W System.err: at arm.EpicVm.<clinit>(Unknown Source:2)
03-12 21:59:38.250 27043 27043 W System.err: at java.lang.Class.newInstance(Native Method)
03-12 21:59:38.250 27043 27043 W System.err: at android.app.AppComponentFactory.instantiateApplication(AppComponentFactory.java:76)
03-12 21:59:38.250 27043 27043 W System.err: at androidx.core.app.CoreComponentFactory.instantiateApplication(Unknown Source:0)
03-12 21:59:38.250 27043 27043 W System.err: at android.app.Instrumentation.newApplication(Instrumentation.java:1177)
03-12 21:59:38.251 27043 27043 W System.err: at android.app.LoadedApk.makeApplication(LoadedApk.java:1377)
03-12 21:59:38.251 27043 27043 W System.err: at android.app.ActivityThread.handleBindApplication(ActivityThread.java:7057)
03-12 21:59:38.251 27043 27043 W System.err: at android.app.ActivityThread.access$1700(ActivityThread.java:277)
03-12 21:59:38.251 27043 27043 W System.err: at android.app.ActivityThread$H.handleMessage(ActivityThread.java:2161)
03-12 21:59:38.251 27043 27043 W System.err: at android.os.Handler.dispatchMessage(Handler.java:106)
03-12 21:59:38.251 27043 27043 W System.err: at android.os.Looper.loopOnce(Looper.java:210)
03-12 21:59:38.251 27043 27043 W System.err: at android.os.Looper.loop(Looper.java:299)
03-12 21:59:38.251 27043 27043 W System.err: at android.app.ActivityThread.main(ActivityThread.java:8298)
03-12 21:59:38.251 27043 27043 W System.err: at java.lang.reflect.Method.invoke(Native Method)
03-12 21:59:38.251 27043 27043 W System.err: at com.android.internal.os.RuntimeInit$MethodAndArgsCaller.run(RuntimeInit.java:576)
03-12 21:59:38.251 27043 27043 W System.err: at com.android.internal.os.ZygoteInit.main(ZygoteInit.java:1073)
03-12 21:59:38.258 27043 27043 E CustomActivityOnCrash: IMPORTANT WARNING! You already have an UncaughtExceptionHandler, are you sure this is correct? If you use a custom UncaughtExceptionHandler, you must initialize it AFTER CustomActivityOnCrash! Installing anyway, but your original handler will not be called.
03-12 21:59:38.500 27043 27043 W com.mbwhatsapp: Accessing hidden method Lcom/android/org/conscrypt/OpenSSLSocketImpl;->setUseSessionTickets(Z)V (max- target-q,core-platform-api, reflection, denied)
03-12 21:59:38.500 27043 27043 W com.mbwhatsapp: Accessing hidden method Lcom/android/org/conscrypt/AbstractConscryptSocket;->setUseSessionTickets(Z)V (max- target-q, reflection, denied)
03-12 21:59:38.514 27043 27043 W com.mbwhatsapp: type=1400 audit(0.0:15406): avc: granted { execute } for path="/data/data/com.mbwhatsapp/files/decompressed/libs.spk.zst/libc++_shared.so" dev="dm-9" ino=289625 scontext=u:r:untrusted_app:s0:c31,c257,c512,c768 tcontext=u:object_r:app_data_file:s0:c31,c257,c512,c768 tclass=file app=com.mbwhatsapp
03-12 21:59:38.518 27043 27043 W com.mbwhatsapp: type=1400 audit(0.0:15407): avc: granted { execute } for path="/data/data/com.mbwhatsapp/files/decompressed/libs.spk.zst/libvlc.so" dev="dm- 9" ino=320110 scontext=u:r:untrusted_app:s0:c31,c257,c512,c768 tcontext=u:object_r:app_data_file:s0:c31,c257,c512,c768 tclass=file app=com.mbwhatsapp
03-12 21:59:38.526 27043 27043 W com.mbwhatsapp: type=1400 audit(0.0:15408): avc: granted { execute } for path="/data/data/com.mbwhatsapp/files/decompressed/libs.spk.zst/libwhatsapp.so" dev="dm-9" ino=319354 scontext=u:r:untrusted_app:s0:c31,c257,c512,c768 tcontext=u:object_r:app_data_file:s0:c31,c257,c512,c768 tclass=file app=com.mbwhatsapp
03-12 21:59:38.597 27043 27095 W com.mbwhatsapp: Method void X.2rL.A03(java.lang.Integer) failed lock verification and will run slower.
03-12 21:59:38.597 27043 27095 W com.mbwhatsapp: Common causes for lock verification issues are non-optimized dex code
03-12 21:59:38.597 27043 27095 W com.mbwhatsapp: and incorrect proguard optimizations.
03-12 21:59:38.598 27043 27043 W com.mbwhatsapp: Method void X.0eU.A0h(X.0tK, boolean) failed lock verification and will run slower.
03-12 21:59:38.554 27043 27043 W com.mbwhatsapp: type=1400 audit(0.0:15409): avc: granted { execute } for path="/data/data/com.mbwhatsapp/files/decompressed/libs.spk.zst/libcurve25519.so" dev="dm-9" ino=293718 scontext=u:r:untrusted_app:s0:c31,c257,c512,c768 tcontext=u:object_r:app_data_file:s0:c31,c257,c512,c768 tclass=file app=com.mbwhatsapp
03-12 21:59:38.558 27043 27043 W com.mbwhatsapp: type=1400 audit(0.0:15410): avc: granted { execute } for path="/data/data/com.mbwhatsapp/files/decompressed/libs.spk.zst/libwhatsapp.so" dev="dm-9" ino=319354 scontext=u:r:untrusted_app:s0:c31,c257,c512,c768 tcontext=u:object_r:app_data_file:s0:c31,c257,c512,c768 tclass=file app=com.mbwhatsapp
03-12 21:59:38.558 27043 27043 W com.mbwhatsapp: type=1400 audit(0.0:15411): avc: granted { execute } for path="/data/data/com.mbwhatsapp/files/decompressed/libs.spk.zst/libwhatsapp.so" dev="dm-9" ino=319354 scontext=u:r:untrusted_app:s0:c31,c257,c512,c768 tcontext=u:object_r:app_data_file:s0:c31,c257,c512,c768 tclass=file app=com.mbwhatsapp
03-12 21:59:38.558 27043 27043 W com.mbwhatsapp: type=1400 audit(0.0:15412): avc: granted { execute } for path="/data/data/com.mbwhatsapp/files/decompressed/libs.spk.zst/libwhatsapp.so" dev="dm-9" ino=319354 scontext=u:r:untrusted_app:s0:c31,c257,c512,c768 tcontext=u:object_r:app_data_file:s0:c31,c257,c512,c768 tclass=file app=com.mbwhatsapp
03-12 21:59:38.673 27043 27043 W Looper : PerfMonitor looperActivity : package=com.mbwhatsapp/.Icon0 time=80ms latency=571ms running=0ms procState=-1 historyMsgCount=2 (msgIndex=2 wall=567ms seq=2 late=7ms h=android.app.ActivityThread$H w=110)
03-12 21:59:38.673 27043 27043 W Looper : PerfMonitor looperActivity : package=com.mbwhatsapp/.Icon0 time=0ms latency=376ms running=0ms procState=-1 historyMsgCount=3 (msgIndex=1 wall=567ms seq=2 late=7ms h=android.app.ActivityThread$H w=110) (msgIndex=2 wall=80ms seq=3 late=571ms h=android.app.ActivityThread$H w=159)
03-12 21:59:38.715 27043 27043 W com.mbwhatsapp: Method void com.mbwhatsapp.HomeActivity.A6e() failed lock verification and will run slower.
03-12 21:59:38.721 27043 27107 E QT : [QT]file does not exist
03-12 21:59:38.969 27043 27043 E ArmVmp : Match on catch block at 0x0a in for 0x7eae978031
03-12 21:59:38.987 27043 27043 E ArmVmp : Match on catch block at 0x0a in for 0x7eae97804d
03-12 21:59:39.036 27043 27113 W com.mbwhatsapp: Accessing hidden method Lcom/android/org/conscrypt/ConscryptEngineSocket;->setUseSessionTickets(Z)V (max- target-q,core-platform-api, reflection, denied)
03-12 21:59:39.036 27043 27113 W com.mbwhatsapp: Accessing hidden method Lcom/android/org/conscrypt/OpenSSLSocketImpl;->setUseSessionTickets(Z)V (max- target-q,core-platform-api, reflection, denied)
03-12 21:59:39.036 27043 27113 W com.mbwhatsapp: Accessing hidden method Lcom/android/org/conscrypt/AbstractConscryptSocket;->setUseSessionTickets(Z)V (max- target-q, reflection, denied)
03-12 21:59:39.036 27043 27113 W com.mbwhatsapp: Accessing hidden method Lcom/android/org/conscrypt/ConscryptEngineSocket;->setHostname(Ljava/lang/String;)V (max-target-q,core-platform-api, reflection, denied)
03-12 21:59:39.036 27043 27113 W com.mbwhatsapp: Accessing hidden method Lcom/android/org/conscrypt/OpenSSLSocketImpl;->setHostname(Ljava/lang/String;)V (max-target-q,core-platform-api, reflection, denied)
03-12 21:59:39.036 27043 27113 W com.mbwhatsapp: Accessing hidden method Lcom/android/org/conscrypt/AbstractConscryptSocket;->setHostname(Ljava/lang/ String;)V (max-target-q, reflection, denied)
03-12 21:59:39.036 27043 27113 W com.mbwhatsapp: Accessing hidden method Lcom/android/org/conscrypt/OpenSSLSocketImpl;->setAlpnProtocols([B)V (max-target- q,core-platform-api, reflection, denied)
03-12 21:59:39.036 27043 27113 W com.mbwhatsapp: Accessing hidden method Lcom/android/org/conscrypt/AbstractConscryptSocket;->setAlpnProtocols([B)V (max- target-q, reflection, denied)
03-12 21:59:39.043 27043 27062 E ArmVmp : No matching catch block at 0x07
03-12 21:59:39.043 27043 27062 E ArmVmp : Match on catch block at 0x02 in for 0x7ea836a805
03-12 21:59:39.044 27043 27062 W System.err: java.net.ConnectException: Failed to connect to pastebin.com/127.0.0.1:443
03-12 21:59:39.044 27043 27062 W System.err: at com.android.okhttp.internal.io.RealConnection.connectSocket(RealConnection.java:147 )
03-12 21:59:39.045 27043 27062 W System.err: at com.android.okhttp.internal.io.RealConnection.connect(RealConnection.java:116)
03-12 21:59:39.045 27043 27062 W System.err: at com.android.okhttp.internal.http.StreamAllocation.findConnection(StreamAllocation.j ava:186)
03-12 21:59:39.045 27043 27062 W System.err: at com.android.okhttp.internal.http.StreamAllocation.findHealthyConnection(StreamAlloc ation.java:128)
03-12 21:59:39.045 27043 27062 W System.err: at com.android.okhttp.internal.http.StreamAllocation.newStream(StreamAllocation.java:9 7)
03-12 21:59:39.045 27043 27062 W System.err: at com.android.okhttp.internal.http.HttpEngine.connect(HttpEngine.java:289)
03-12 21:59:39.045 27043 27062 W System.err: at com.android.okhttp.internal.http.HttpEngine.sendRequest(HttpEngine.java:232)
03-12 21:59:39.045 27043 27062 W System.err: at com.android.okhttp.internal.huc.HttpURLConnectionImpl.execute(HttpURLConnectionImpl .java:465)
03-12 21:59:39.045 27043 27062 W System.err: at com.android.okhttp.internal.huc.HttpURLConnectionImpl.getResponse(HttpURLConnection Impl.java:411)
03-12 21:59:39.045 27043 27062 W System.err: at com.android.okhttp.internal.huc.HttpURLConnectionImpl.getInputStream(HttpURLConnect ionImpl.java:248)
03-12 21:59:39.045 27043 27062 W System.err: at com.android.okhttp.internal.huc.DelegatingHttpsURLConnection.getInputStream(Delegat ingHttpsURLConnection.java:211)
03-12 21:59:39.045 27043 27062 W System.err: at com.android.okhttp.internal.huc.HttpsURLConnectionImpl.getInputStream(HttpsURLConne ctionImpl.java:30)
03-12 21:59:39.045 27043 27062 W System.err: at java.net.URL.openStream(URL.java:1072)
03-12 21:59:39.045 27043 27062 W System.err: at mbmodsd.mbmodsw.mbdialog.MBDialogMan.loadJsonFromUrl(Native Method)
03-12 21:59:39.045 27043 27062 W System.err: at mbmodsd.mbmodsw.mbdialog.MBDialogMan.access$000(Native Method)
03-12 21:59:39.045 27043 27062 W System.err: at mbmodsd.mbmodsw.mbdialog.MBDialogMan$FetchJsonTask.doInBackground(Native Method)
03-12 21:59:39.045 27043 27062 W System.err: at mbmodsd.mbmodsw.mbdialog.MBDialogMan$FetchJsonTask.doInBackground(Native Method)
03-12 21:59:39.045 27043 27062 W System.err: at android.os.AsyncTask$3.call(AsyncTask.java:394)
03-12 21:59:39.045 27043 27062 W System.err: at java.util.concurrent.FutureTask.run(FutureTask.java:264)
03-12 21:59:39.046 27043 27062 W System.err: at android.os.AsyncTask$SerialExecutor$1.run(AsyncTask.java:305)
03-12 21:59:39.046 27043 27062 W System.err: at java.util.concurrent.ThreadPoolExecutor.runWorker(ThreadPoolExecutor.java:1145)
03-12 21:59:39.046 27043 27062 W System.err: at java.util.concurrent.ThreadPoolExecutor$Worker.run(ThreadPoolExecutor.java:644)
03-12 21:59:39.046 27043 27062 W System.err: at java.lang.Thread.run(Thread.java:1012)
03-12 21:59:39.117 27043 27043 W Looper : PerfMonitor looperActivity : package=com.mbwhatsapp/.HomeActivity time=0ms latency=431ms running=0ms procState=-1 historyMsgCount=3 (msgIndex=3 wall=408ms seq=13 late=22ms h=android.app.ActivityThread$H w=159)
03-12 21:59:39.211 27043 27113 W com.mbwhatsapp: Accessing hidden method Lcom/android/org/conscrypt/OpenSSLSocketImpl;->getAlpnSelectedProtocol()[B (max- target-q,core-platform-api, reflection, denied)
03-12 21:59:39.211 27043 27113 W com.mbwhatsapp: Accessing hidden method Lcom/android/org/conscrypt/AbstractConscryptSocket;->getAlpnSelectedProtocol()[B (max-target-q, reflection, denied)
03-12 21:59:39.338 27043 27143 E ion : ioctl c0044901 failed with code -1: Invalid argument
03-12 21:59:39.680 27043 27043 E RecyclerView: No adapter attached; skipping layout
03-12 21:59:39.764 27043 27106 E OpenGLRenderer: fbcNotifyFrameComplete error: undefined symbol: fbcNotifyFrameComplete
03-12 21:59:39.764 27043 27106 E OpenGLRenderer: fbcNotifyNoRender error: undefined symbol: fbcNotifyNoRender
03-12 21:59:39.770 27043 27043 W Looper : PerfMonitor doFrame : time=620ms vsyncFrame=0 latency=32ms procState=-1 historyMsgCount=28
03-12 21:59:39.801 27043 27043 E RecyclerView: No adapter attached; skipping layout
03-12 21:59:39.810 27043 27043 W Looper : PerfMonitor doFrame : time=39ms vsyncFrame=0 latency=604ms procState=-1 historyMsgCount=6 (msgIndex=1 wall=620ms seq=42 late=32ms h=android.view.Choreographer$FrameHandler c=android.view.Choreographer$FrameDisplayEventReceiver)
03-12 21:59:39.828 27043 27043 E ArmVmp : Match on catch block at 0x0a in for 0x7eae978035
03-12 21:59:39.834 27043 27043 W Looper : PerfMonitor looperActivity : package=com.mbwhatsapp/mbmodsd.mbmodsw.mbsettings.yo.PauseActivity time=10ms latency=474ms running=0ms procState=-1 historyMsgCount=30 (msgIndex=1 wall=620ms seq=42 late=32ms h=android.view.Choreographer$FrameHandler c=android.view.Choreographer$FrameDisplayEventReceiver)
03-12 21:59:39.834 27043 27043 W Looper : PerfMonitor looperActivity : package=com.mbwhatsapp/mbmodsd.mbmodsw.mbsettings.yo.PauseActivity time=0ms latency=483ms running=0ms procState=-1 historyMsgCount=31 (msgIndex=1 wall=620ms seq=42 late=32ms h=android.view.Choreographer$FrameHandler c=android.view.Choreographer$FrameDisplayEventReceiver)
03-12 21:59:39.915 27043 27065 W LibraryVersion: Failed to get app version for libraryName: firebase-iid
03-12 21:59:39.975 27043 27157 W LOTTIE : Animation contains merge paths. Merge paths are only supported on KitKat+ and must be manually enabled by calling enableMergePathsForKitKatAndAbove().
03-12 21:59:40.099 27043 27043 W LOTTIE : Animation contains merge paths but they are disabled.
03-12 21:59:41.496 27043 27051 W com.mbwhatsapp: Cleared Reference was only reachable from finalizer (only reported once)
03-12 21:59:43.916 27043 27043 W Choreographer: Frame time is 0.057409998 now = 56680248895685 timestampNanos = 56680248953095 ms in the future! Check that graphics HAL is generating vsync timestamps using the correct timebase.
03-12 21:59:44.415 27043 27043 W Choreographer: Frame time is 0.016973 now = 56680747446454 timestampNanos = 56680747463427 ms in the future! Check that graphics HAL is generating vsync timestamps using the correct timebase.
03-12 21:59:47.337 27043 27043 W Choreographer: Frame time is 0.01808 now = 56683669881608 timestampNanos = 56683669899688 ms in the future! Check that graphics HAL is generating vsync timestamps using the correct timebase.
03-12 21:59:49.944 27043 27206 E RenderScript: Failed loading RS driver: dlopen failed: library "libRSDriver_mtk.so" not found
03-12 21:59:49.944 27043 27206 E RenderScript: Failed to load runtime libRSDriver_mtk.so, loading default
03-12 21:59:49.972 27043 27043 E ArmVmp : Match on catch block at 0x0a in for 0x7eae97805d
03-12 21:59:52.818 27043 27043 W Choreographer: Frame time is 0.006771 now = 56689150322147 timestampNanos = 56689150328918 ms in the future! Check that graphics HAL is generating vsync timestamps using the correct timebase.
03-12 21:59:58.371 27043 27157 W LOTTIE : Unknown shape type rd
03-12 21:59:58.437 27043 27043 E ArmVmp : Match on catch block at 0x0a in for 0x7eae978035
03-12 21:59:58.441 27043 27043 E ArmVmp : Match on catch block at 0x0a in for 0x7eae978035
03-12 21:59:58.467 27043 27043 E ArmVmp : Match on catch block at 0x0a in for 0x7eae978071
03-12 21:59:58.526 27043 27043 W Looper : PerfMonitor looperActivity : package=com.mbwhatsapp/.Conversation time=0ms latency=310ms running=0ms procState=-1 historyMsgCount=16 (msgIndex=16 wall=283ms seq=1588 late=27ms h=android.app.ActivityThread$H w=159)
03-12 21:59:58.533 27043 27043 W Looper : PerfMonitor looperActivity : package=com.mbwhatsapp/.HomeActivity time=6ms latency=301ms running=0ms procState=-1 historyMsgCount=19 (msgIndex=16 wall=283ms seq=1588 late=27ms h=android.app.ActivityThread$H w=159)
03-12 21:59:58.609 27043 27043 E ArmVmp : Match on catch block at 0xc3 in for 0x7eae978021
03-12 21:59:58.611 27043 27043 E ArmVmp : Match on catch block at 0xc3 in for 0x7eae978021
03-12 21:59:58.616 27043 27043 W MirrorManager: this model don't Support
03-12 21:59:58.680 27043 27043 W Looper : PerfMonitor doFrame : time=146ms vsyncFrame=0 latency=304ms procState=-1 historyMsgCount=9 (msgIndex=5 wall=283ms seq=1588 late=27ms h=android.app.ActivityThread$H w=159)
03-12 21:59:58.723 27043 27043 E ArmVmp : Match on catch block at 0xc3 in for 0x7eae978025
03-12 21:59:58.725 27043 27043 E ArmVmp : Match on catch block at 0xc3 in for 0x7eae978025
03-12 21:59:58.811 27043 27043 E ArmVmp : Match on catch block at 0xc3 in for 0x7eae978025
03-12 21:59:58.812 27043 27043 E ArmVmp : Match on catch block at 0xc3 in for 0x7eae978025
03-12 21:59:58.857 27043 27043 E ArmVmp : Match on catch block at 0xc3 in for 0x7eae978025
03-12 21:59:58.859 27043 27043 E ArmVmp : Match on catch block at 0xc3 in for 0x7eae978025
03-12 21:59:58.900 27043 27043 E ArmVmp : Match on catch block at 0xc3 in for 0x7eae978025
03-12 21:59:58.902 27043 27043 E ArmVmp : Match on catch block at 0xc3 in for 0x7eae978025
03-12 21:59:58.929 27043 27043 E ArmVmp : Match on catch block at 0xc3 in for 0x7eae978025
03-12 21:59:58.931 27043 27043 E ArmVmp : Match on catch block at 0xc3 in for 0x7eae978025
03-12 21:59:58.959 27043 27043 E ArmVmp : Match on catch block at 0xc3 in for 0x7eae978025
03-12 21:59:58.960 27043 27043 E ArmVmp : Match on catch block at 0xc3 in for 0x7eae978025
03-12 21:59:58.988 27043 27043 E ArmVmp : Match on catch block at 0xc3 in for 0x7eae978025
03-12 21:59:58.990 27043 27043 E ArmVmp : Match on catch block at 0xc3 in for 0x7eae978025
03-12 21:59:59.025 27043 27043 E ArmVmp : Match on catch block at 0xc3 in for 0x7eae978025
03-12 21:59:59.027 27043 27043 E ArmVmp : Match on catch block at 0xc3 in for 0x7eae978025
03-12 21:59:59.059 27043 27043 E ArmVmp : Match on catch block at 0xc3 in for 0x7eae978025
03-12 21:59:59.061 27043 27043 E ArmVmp : Match on catch block at 0xc3 in for 0x7eae978025
03-12 21:59:59.091 27043 27043 E ArmVmp : Match on catch block at 0xc3 in for 0x7eae978025
03-12 21:59:59.093 27043 27043 E ArmVmp : Match on catch block at 0xc3 in for 0x7eae978025
03-12 21:59:59.126 27043 27043 E ArmVmp : Match on catch block at 0xc3 in for 0x7eae978025
03-12 21:59:59.129 27043 27043 E ArmVmp : Match on catch block at 0xc3 in for 0x7eae978025
03-12 21:59:59.157 27043 27043 E ArmVmp : Match on catch block at 0xc3 in for 0x7eae978025
03-12 21:59:59.158 27043 27043 E ArmVmp : Match on catch block at 0xc3 in for 0x7eae978025
03-12 21:59:59.187 27043 27043 E ArmVmp : Match on catch block at 0xc3 in for 0x7eae978025
03-12 21:59:59.189 27043 27043 E ArmVmp : Match on catch block at 0xc3 in for 0x7eae978025
03-12 21:59:59.223 27043 27043 E ArmVmp : Match on catch block at 0xc3 in for 0x7eae978025
03-12 21:59:59.226 27043 27043 E ArmVmp : Match on catch block at 0xc3 in for 0x7eae978025
03-12 21:59:59.252 27043 27043 E ArmVmp : Match on catch block at 0xc3 in for 0x7eae978025
03-12 21:59:59.254 27043 27043 E ArmVmp : Match on catch block at 0xc3 in for 0x7eae978025
03-12 21:59:59.301 27043 27043 E ArmVmp : Match on catch block at 0xc3 in for 0x7eae978025
03-12 21:59:59.303 27043 27043 E ArmVmp : Match on catch block at 0xc3 in for 0x7eae978025
03-12 21:59:59.329 27043 27043 E ArmVmp : Match on catch block at 0xc3 in for 0x7eae978025
03-12 21:59:59.332 27043 27043 E ArmVmp : Match on catch block at 0xc3 in for 0x7eae978025
03-12 21:59:59.356 27043 27043 E ArmVmp : Match on catch block at 0xc3 in for 0x7eae978025
03-12 21:59:59.358 27043 27043 E ArmVmp : Match on catch block at 0xc3 in for 0x7eae978025
03-12 21:59:59.388 27043 27043 E ArmVmp : Match on catch block at 0xc3 in for 0x7eae978025
03-12 21:59:59.389 27043 27043 E ArmVmp : Match on catch block at 0xc3 in for 0x7eae978025
03-12 21:59:59.417 27043 27043 E ArmVmp : Match on catch block at 0xc3 in for 0x7eae978025
03-12 21:59:59.420 27043 27043 E ArmVmp : Match on catch block at 0xc3 in for 0x7eae978025
03-12 21:59:59.452 27043 27043 E ArmVmp : Match on catch block at 0xc3 in for 0x7eae978025
03-12 21:59:59.455 27043 27043 E ArmVmp : Match on catch block at 0xc3 in for 0x7eae978025
03-12 21:59:59.482 27043 27043 E ArmVmp : Match on catch block at 0xc3 in for 0x7eae978025
03-12 21:59:59.484 27043 27043 E ArmVmp : Match on catch block at 0xc3 in for 0x7eae978025
03-12 21:59:59.511 27043 27043 E ArmVmp : Match on catch block at 0xc3 in for 0x7eae978025
03-12 21:59:59.514 27043 27043 E ArmVmp : Match on catch block at 0xc3 in for 0x7eae978025
03-12 21:59:59.544 27043 27043 E ArmVmp : Match on catch block at 0xc3 in for 0x7eae978025
03-12 21:59:59.546 27043 27043 E ArmVmp : Match on catch block at 0xc3 in for 0x7eae978025
03-12 21:59:59.574 27043 27043 E ArmVmp : Match on catch block at 0xc3 in for 0x7eae978025
03-12 21:59:59.576 27043 27043 E ArmVmp : Match on catch block at 0xc3 in for 0x7eae978025
03-12 21:59:59.607 27043 27043 E ArmVmp : Match on catch block at 0xc3 in for 0x7eae978025
03-12 21:59:59.610 27043 27043 E ArmVmp : Match on catch block at 0xc3 in for 0x7eae978025
03-12 21:59:59.639 27043 27043 E ArmVmp : Match on catch block at 0xc3 in for 0x7eae978025
03-12 21:59:59.641 27043 27043 E ArmVmp : Match on catch block at 0xc3 in for 0x7eae978025
03-12 21:59:59.668 27043 27043 E ArmVmp : Match on catch block at 0x0a in for 0x7eae97807d
03-12 21:59:59.708 27043 27043 E ArmVmp : Match on catch block at 0xc3 in for 0x7eae978025
03-12 21:59:59.710 27043 27043 E ArmVmp : Match on catch block at 0xc3 in for 0x7eae978025
03-12 21:59:59.768 27043 27043 E ArmVmp : Match on catch block at 0xc3 in for 0x7eae978025
03-12 21:59:59.769 27043 27043 E ArmVmp : Match on catch block at 0xc3 in for 0x7eae978025
03-12 21:59:59.806 27043 27043 E ArmVmp : Match on catch block at 0xc3 in for 0x7eae978025
03-12 21:59:59.807 27043 27043 E ArmVmp : Match on catch block at 0xc3 in for 0x7eae978025
03-12 21:59:59.859 27043 27043 E ArmVmp : Match on catch block at 0xc3 in for 0x7eae978025
03-12 21:59:59.862 27043 27043 E ArmVmp : Match on catch block at 0xc3 in for 0x7eae978025
03-12 21:59:59.900 27043 27043 E ArmVmp : Match on catch block at 0xc3 in for 0x7eae978025
03-12 21:59:59.902 27043 27043 E ArmVmp : Match on catch block at 0xc3 in for 0x7eae978025
03-12 21:59:59.940 27043 27043 E ArmVmp : Match on catch block at 0xc3 in for 0x7eae978025
03-12 21:59:59.942 27043 27043 E ArmVmp : Match on catch block at 0xc3 in for 0x7eae978025
03-12 21:59:59.982 27043 27043 E ArmVmp : Match on catch block at 0xc3 in for 0x7eae978025
03-12 21:59:59.984 27043 27043 E ArmVmp : Match on catch block at 0xc3 in for 0x7eae978025
03-12 22:00:00.017 27043 27043 E ArmVmp : Match on catch block at 0xc3 in for 0x7eae978025
03-12 22:00:00.018 27043 27043 E ArmVmp : Match on catch block at 0xc3 in for 0x7eae978025
03-12 22:00:00.058 27043 27043 E ArmVmp : Match on catch block at 0xc3 in for 0x7eae978025
03-12 22:00:00.059 27043 27043 E ArmVmp : Match on catch block at 0xc3 in for 0x7eae978025
03-12 22:00:00.091 27043 27043 E ArmVmp : Match on catch block at 0xc3 in for 0x7eae978025
03-12 22:00:00.094 27043 27043 E ArmVmp : Match on catch block at 0xc3 in for 0x7eae978025
03-12 22:00:00.132 27043 27043 E ArmVmp : Match on catch block at 0xc3 in for 0x7eae978025
03-12 22:00:00.134 27043 27043 E ArmVmp : Match on catch block at 0xc3 in for 0x7eae978025
03-12 22:00:00.175 27043 27043 E ArmVmp : Match on catch block at 0xc3 in for 0x7eae978025
03-12 22:00:00.176 27043 27043 E ArmVmp : Match on catch block at 0xc3 in for 0x7eae978025
03-12 22:00:00.211 27043 27043 E ArmVmp : Match on catch block at 0xc3 in for 0x7eae978025
03-12 22:00:00.213 27043 27043 E ArmVmp : Match on catch block at 0xc3 in for 0x7eae978025
03-12 22:00:00.249 27043 27043 E ArmVmp : Match on catch block at 0xc3 in for 0x7eae978025
03-12 22:00:00.251 27043 27043 E ArmVmp : Match on catch block at 0xc3 in for 0x7eae978025
03-12 22:00:00.285 27043 27043 E ArmVmp : Match on catch block at 0xc3 in for 0x7eae978025
03-12 22:00:00.287 27043 27043 E ArmVmp : Match on catch block at 0xc3 in for 0x7eae978025
03-12 22:00:00.320 27043 27043 E ArmVmp : Match on catch block at 0xc3 in for 0x7eae978025
03-12 22:00:00.322 27043 27043 E ArmVmp : Match on catch block at 0xc3 in for 0x7eae978025
03-12 22:00:00.354 27043 27043 E ArmVmp : Match on catch block at 0xc3 in for 0x7eae978025
03-12 22:00:00.356 27043 27043 E ArmVmp : Match on catch block at 0xc3 in for 0x7eae978025
03-12 22:00:00.392 27043 27043 E ArmVmp : Match on catch block at 0xc3 in for 0x7eae978025
03-12 22:00:00.394 27043 27043 E ArmVmp : Match on catch block at 0xc3 in for 0x7eae978025
03-12 22:00:00.431 27043 27043 E ArmVmp : Match on catch block at 0xc3 in for 0x7eae978025
03-12 22:00:00.433 27043 27043 E ArmVmp : Match on catch block at 0xc3 in for 0x7eae978025
03-12 22:00:00.468 27043 27043 E ArmVmp : Match on catch block at 0xc3 in for 0x7eae978025
03-12 22:00:00.470 27043 27043 E ArmVmp : Match on catch block at 0xc3 in for 0x7eae978025
03-12 22:00:00.504 27043 27043 E ArmVmp : Match on catch block at 0xc3 in for 0x7eae978025
03-12 22:00:00.507 27043 27043 E ArmVmp : Match on catch block at 0xc3 in for 0x7eae978025
03-12 22:00:00.543 27043 27043 E ArmVmp : Match on catch block at 0xc3 in for 0x7eae978025
03-12 22:00:00.546 27043 27043 E ArmVmp : Match on catch block at 0xc3 in for 0x7eae978025
03-12 22:00:00.582 27043 27043 E ArmVmp : Match on catch block at 0xc3 in for 0x7eae978025
03-12 22:00:00.584 27043 27043 E ArmVmp : Match on catch block at 0xc3 in for 0x7eae978025
03-12 22:00:00.617 27043 27043 E ArmVmp : Match on catch block at 0xc3 in for 0x7eae978025
03-12 22:00:00.618 27043 27043 E ArmVmp : Match on catch block at 0xc3 in for 0x7eae978025
03-12 22:00:00.653 27043 27043 E ArmVmp : Match on catch block at 0xc3 in for 0x7eae978025
03-12 22:00:00.655 27043 27043 E ArmVmp : Match on catch block at 0xc3 in for 0x7eae978025
03-12 22:00:00.687 27043 27043 E ArmVmp : Match on catch block at 0xc3 in for 0x7eae978025
03-12 22:00:00.689 27043 27043 E ArmVmp : Match on catch block at 0xc3 in for 0x7eae978025
03-12 22:00:00.723 27043 27043 E ArmVmp : Match on catch block at 0xc3 in for 0x7eae978025
03-12 22:00:00.724 27043 27043 E ArmVmp : Match on catch block at 0xc3 in for 0x7eae978025
03-12 22:00:00.759 27043 27043 E ArmVmp : Match on catch block at 0xc3 in for 0x7eae978025
03-12 22:00:00.761 27043 27043 E ArmVmp : Match on catch block at 0xc3 in for 0x7eae978025
03-12 22:00:00.796 27043 27043 E ArmVmp : Match on catch block at 0xc3 in for 0x7eae978025
03-12 22:00:00.798 27043 27043 E ArmVmp : Match on catch block at 0xc3 in for 0x7eae978025
03-12 22:00:00.831 27043 27043 E ArmVmp : Match on catch block at 0xc3 in for 0x7eae978025
03-12 22:00:00.832 27043 27043 E ArmVmp : Match on catch block at 0xc3 in for 0x7eae978025
03-12 22:00:00.867 27043 27043 E ArmVmp : Match on catch block at 0xc3 in for 0x7eae978025
03-12 22:00:00.868 27043 27043 E ArmVmp : Match on catch block at 0xc3 in for 0x7eae978025
03-12 22:00:00.900 27043 27043 E ArmVmp : Match on catch block at 0xc3 in for 0x7eae978025
03-12 22:00:00.902 27043 27043 E ArmVmp : Match on catch block at 0xc3 in for 0x7eae978025
03-12 22:00:00.939 27043 27043 E ArmVmp : Match on catch block at 0xc3 in for 0x7eae978025
03-12 22:00:00.942 27043 27043 E ArmVmp : Match on catch block at 0xc3 in for 0x7eae978025
03-12 22:00:00.998 27043 27043 E ArmVmp : Match on catch block at 0xc3 in for 0x7eae978025
03-12 22:00:01.000 27043 27043 E ArmVmp : Match on catch block at 0xc3 in for 0x7eae978025
03-12 22:00:01.028 27043 27043 E ArmVmp : Match on catch block at 0xc3 in for 0x7eae978025
03-12 22:00:01.031 27043 27043 E ArmVmp : Match on catch block at 0xc3 in for 0x7eae978025
03-12 22:00:01.055 27043 27043 E ArmVmp : Match on catch block at 0xc3 in for 0x7eae978025
03-12 22:00:01.059 27043 27043 E ArmVmp : Match on catch block at 0xc3 in for 0x7eae978025
03-12 22:00:01.082 27043 27043 E ArmVmp : Match on catch block at 0xc3 in for 0x7eae978025
03-12 22:00:01.085 27043 27043 E ArmVmp : Match on catch block at 0xc3 in for 0x7eae978025
03-12 22:00:01.115 27043 27043 E ArmVmp : Match on catch block at 0xc3 in for 0x7eae978025
03-12 22:00:01.117 27043 27043 E ArmVmp : Match on catch block at 0xc3 in for 0x7eae978025
03-12 22:00:01.148 27043 27043 E ArmVmp : Match on catch block at 0xc3 in for 0x7eae978025
03-12 22:00:01.150 27043 27043 E ArmVmp : Match on catch block at 0xc3 in for 0x7eae978025
03-12 22:00:01.171 27043 27043 E ArmVmp : Match on catch block at 0xc3 in for 0x7eae978025
03-12 22:00:01.172 27043 27043 E ArmVmp : Match on catch block at 0xc3 in for 0x7eae978025
03-12 22:00:01.194 27043 27043 E ArmVmp : Match on catch block at 0xc3 in for 0x7eae978025
03-12 22:00:01.196 27043 27043 E ArmVmp : Match on catch block at 0xc3 in for 0x7eae978025
03-12 22:00:01.225 27043 27043 E ArmVmp : Match on catch block at 0xc3 in for 0x7eae978025
03-12 22:00:01.228 27043 27043 E ArmVmp : Match on catch block at 0xc3 in for 0x7eae978025
03-12 22:00:01.250 27043 27043 E ArmVmp : Match on catch block at 0xc3 in for 0x7eae978025
03-12 22:00:01.252 27043 27043 E ArmVmp : Match on catch block at 0xc3 in for 0x7eae978025
03-12 22:00:01.275 27043 27043 E ArmVmp : Match on catch block at 0xc3 in for 0x7eae978025
03-12 22:00:01.278 27043 27043 E ArmVmp : Match on catch block at 0xc3 in for 0x7eae978025
03-12 22:00:01.788 27043 27043 E ArmVmp : Match on catch block at 0xc3 in for 0x7eae978025
03-12 22:00:01.792 27043 27043 E ArmVmp : Match on catch block at 0xc3 in for 0x7eae978025
03-12 22:00:02.292 27043 27043 E ArmVmp : Match on catch block at 0xc3 in for 0x7eae978025
03-12 22:00:02.298 27043 27043 E ArmVmp : Match on catch block at 0xc3 in for 0x7eae978025
03-12 22:00:02.786 27043 27043 E ArmVmp : Match on catch block at 0xc3 in for 0x7eae978025
03-12 22:00:02.788 27043 27043 E ArmVmp : Match on catch block at 0xc3 in for 0x7eae978025
03-12 22:00:03.013 27043 27043 W Choreographer: Frame time is 0.005832 now = 56699345628686 timestampNanos = 56699345634518 ms in the future! Check that graphics HAL is generating vsync timestamps using the correct timebase.
03-12 22:00:03.285 27043 27043 E ArmVmp : Match on catch block at 0xc3 in for 0x7eae978025
03-12 22:00:03.288 27043 27043 E ArmVmp : Match on catch block at 0xc3 in for 0x7eae978025
03-12 22:00:03.778 27043 27043 E ArmVmp : Match on catch block at 0xc3 in for 0x7eae978025
03-12 22:00:03.780 27043 27043 E ArmVmp : Match on catch block at 0xc3 in for 0x7eae978025
03-12 22:00:03.820 27043 27043 E ArmVmp : Match on catch block at 0xc3 in for 0x7eae978025
03-12 22:00:03.822 27043 27043 E ArmVmp : Match on catch block at 0xc3 in for 0x7eae978025
03-12 22:00:03.828 27043 27043 E ArmVmp : Match on catch block at 0xc3 in for 0x7eae978025
03-12 22:00:03.830 27043 27043 E ArmVmp : Match on catch block at 0xc3 in for 0x7eae978025
03-12 22:00:03.846 27043 27043 E ArmVmp : Match on catch block at 0xc3 in for 0x7eae978025
03-12 22:00:03.850 27043 27043 E ArmVmp : Match on catch block at 0xc3 in for 0x7eae978025
03-12 22:00:03.861 27043 27043 E ArmVmp : Match on catch block at 0xc3 in for 0x7eae978025
03-12 22:00:03.863 27043 27043 E ArmVmp : Match on catch block at 0xc3 in for 0x7eae978025
03-12 22:00:03.879 27043 27043 E ArmVmp : Match on catch block at 0xc3 in for 0x7eae978025
03-12 22:00:03.883 27043 27043 E ArmVmp : Match on catch block at 0xc3 in for 0x7eae978025
03-12 22:00:03.896 27043 27043 E ArmVmp : Match on catch block at 0xc3 in for 0x7eae978025
03-12 22:00:03.900 27043 27043 E ArmVmp : Match on catch block at 0xc3 in for 0x7eae978025
03-12 22:00:03.912 27043 27043 E ArmVmp : Match on catch block at 0xc3 in for 0x7eae978025
03-12 22:00:03.916 27043 27043 E ArmVmp : Match on catch block at 0xc3 in for 0x7eae978025
03-12 22:00:04.310 27043 27043 E ArmVmp : Match on catch block at 0xc3 in for 0x7eae978025
03-12 22:00:04.313 27043 27043 E ArmVmp : Match on catch block at 0xc3 in for 0x7eae978025
03-12 22:00:04.809 27043 27043 E ArmVmp : Match on catch block at 0xc3 in for 0x7eae978025
03-12 22:00:04.814 27043 27043 E ArmVmp : Match on catch block at 0xc3 in for 0x7eae978025
03-12 22:00:05.072 27043 27043 W Choreographer: Frame time is 0.064395 now = 56701405226763 timestampNanos = 56701405291158 ms in the future! Check that graphics HAL is generating vsync timestamps using the correct timebase.
03-12 22:00:05.307 27043 27043 E ArmVmp : Match on catch block at 0xc3 in for 0x7eae978025
03-12 22:00:05.308 27043 27043 E ArmVmp : Match on catch block at 0xc3 in for 0x7eae978025
03-12 22:00:05.804 27043 27043 E ArmVmp : Match on catch block at 0xc3 in for 0x7eae978025
03-12 22:00:05.806 27043 27043 E ArmVmp : Match on catch block at 0xc3 in for 0x7eae978025
03-12 22:00:06.319 27043 27043 E ArmVmp : Match on catch block at 0xc3 in for 0x7eae978025
03-12 22:00:06.322 27043 27043 E ArmVmp : Match on catch block at 0xc3 in for 0x7eae978025
03-12 22:00:06.751 27043 27043 E ArmVmp : Match on catch block at 0xc3 in for 0x7eae978025
03-12 22:00:06.755 27043 27043 E ArmVmp : Match on catch block at 0xc3 in for 0x7eae978025
03-12 22:00:06.778 27043 27043 E ArmVmp : Match on catch block at 0xc3 in for 0x7eae978025
03-12 22:00:06.780 27043 27043 E ArmVmp : Match on catch block at 0xc3 in for 0x7eae978025
03-12 22:00:06.842 27043 27043 E ArmVmp : Match on catch block at 0xc3 in for 0x7eae978025
03-12 22:00:06.844 27043 27043 E ArmVmp : Match on catch block at 0xc3 in for 0x7eae978025
03-12 22:00:06.865 27043 27043 E ArmVmp : Match on catch block at 0xc3 in for 0x7eae978025
03-12 22:00:06.866 27043 27043 E ArmVmp : Match on catch block at 0xc3 in for 0x7eae978025
03-12 22:00:06.888 27043 27043 E ArmVmp : Match on catch block at 0xc3 in for 0x7eae978025
03-12 22:00:06.891 27043 27043 E ArmVmp : Match on catch block at 0xc3 in for 0x7eae978025
03-12 22:00:06.915 27043 27043 E ArmVmp : Match on catch block at 0xc3 in for 0x7eae978025
03-12 22:00:06.917 27043 27043 E ArmVmp : Match on catch block at 0xc3 in for 0x7eae978025
03-12 22:00:06.930 27043 27043 E ArmVmp : Match on catch block at 0xc3 in for 0x7eae978025
03-12 22:00:06.932 27043 27043 E ArmVmp : Match on catch block at 0xc3 in for 0x7eae978025
03-12 22:00:06.948 27043 27043 W Choreographer: Frame time is 0.100274 now = 56703280681917 timestampNanos = 56703280782191 ms in the future! Check that graphics HAL is generating vsync timestamps using the correct timebase.
03-12 22:00:07.397 27043 27043 E ArmVmp : Match on catch block at 0xc3 in for 0x7eae978025
03-12 22:00:07.400 27043 27043 E ArmVmp : Match on catch block at 0xc3 in for 0x7eae978025
03-12 22:00:07.729 27043 27043 W Choreographer: Frame time is 0.0559 now = 56704061689610 timestampNanos = 56704061745510 ms in the future! Check that graphics HAL is generating vsync timestamps using the correct timebase.
03-12 22:00:07.812 27043 27043 W Choreographer: Frame time is 0.038212 now = 56704144793225 timestampNanos = 56704144831437 ms in the future! Check that graphics HAL is generating vsync timestamps using the correct timebase.
03-12 22:00:08.144 27043 27043 W Choreographer: Frame time is 0.011561 now = 56704476656917 timestampNanos = 56704476668478 ms in the future! Check that graphics HAL is generating vsync timestamps using the correct timebase.
03-12 22:00:08.327 27043 27043 W Choreographer: Frame time is 0.069812 now = 56704659939763 timestampNanos = 56704660009575 ms in the future! Check that graphics HAL is generating vsync timestamps using the correct timebase.
03-12 22:00:08.679 27043 27043 E ArmVmp : Match on catch block at 0x0a in for 0x7eae97805d
03-12 22:00:10.203 27043 27043 W Choreographer: Frame time is 0.053936 now = 56706535745302 timestampNanos = 56706535799238 ms in the future! Check that graphics HAL is generating vsync timestamps using the correct timebase.
03-12 22:00:14.155 27043 27043 W Choreographer: Frame time is 0.003194 now = 56710487412302 timestampNanos = 56710487415496 ms in the future! Check that graphics HAL is generating vsync timestamps using the correct timebase.
03-12 22:00:15.291 27043 27043 E ArmVmp : Match on catch block at 0x0a in for 0x7eae978035
03-12 22:00:15.294 27043 27043 E ArmVmp : Match on catch block at 0x0a in for 0x7eae978035
03-12 22:00:15.359 27043 27043 E ArmVmp : Match on catch block at 0xc3 in for 0x7eae978021
03-12 22:00:15.361 27043 27043 E ArmVmp : Match on catch block at 0xc3 in for 0x7eae978021
03-12 22:00:15.408 27043 27043 E ArmVmp : Match on catch block at 0xc3 in for 0x7eae978025
03-12 22:00:15.412 27043 27043 E ArmVmp : Match on catch block at 0xc3 in for 0x7eae978025
03-12 22:00:15.424 27043 27043 E ArmVmp : Match on catch block at 0xc3 in for 0x7eae978025
03-12 22:00:15.427 27043 27043 E ArmVmp : Match on catch block at 0xc3 in for 0x7eae978025
03-12 22:00:15.458 27043 27043 E ArmVmp : Match on catch block at 0xc3 in for 0x7eae978025
03-12 22:00:15.460 27043 27043 E ArmVmp : Match on catch block at 0xc3 in for 0x7eae978025
03-12 22:00:15.468 27043 27043 E ArmVmp : Match on catch block at 0xc3 in for 0x7eae978025
03-12 22:00:15.471 27043 27043 E ArmVmp : Match on catch block at 0xc3 in for 0x7eae978025
03-12 22:00:15.485 27043 27043 E ArmVmp : Match on catch block at 0xc3 in for 0x7eae978025
03-12 22:00:15.486 27043 27043 E ArmVmp : Match on catch block at 0xc3 in for 0x7eae978025
03-12 22:00:15.501 27043 27043 E ArmVmp : Match on catch block at 0xc3 in for 0x7eae978025
03-12 22:00:15.503 27043 27043 E ArmVmp : Match on catch block at 0xc3 in for 0x7eae978025
03-12 22:00:15.518 27043 27043 E ArmVmp : Match on catch block at 0xc3 in for 0x7eae978025
03-12 22:00:15.519 27043 27043 E ArmVmp : Match on catch block at 0xc3 in for 0x7eae978025
03-12 22:00:15.535 27043 27043 E ArmVmp : Match on catch block at 0xc3 in for 0x7eae978025
03-12 22:00:15.536 27043 27043 E ArmVmp : Match on catch block at 0xc3 in for 0x7eae978025
03-12 22:00:15.551 27043 27043 E ArmVmp : Match on catch block at 0xc3 in for 0x7eae978025
03-12 22:00:15.553 27043 27043 E ArmVmp : Match on catch block at 0xc3 in for 0x7eae978025
03-12 22:00:15.568 27043 27043 E ArmVmp : Match on catch block at 0xc3 in for 0x7eae978025
03-12 22:00:15.569 27043 27043 E ArmVmp : Match on catch block at 0xc3 in for 0x7eae978025
03-12 22:00:15.584 27043 27043 E ArmVmp : Match on catch block at 0xc3 in for 0x7eae978025
03-12 22:00:15.586 27043 27043 E ArmVmp : Match on catch block at 0xc3 in for 0x7eae978025
03-12 22:00:15.601 27043 27043 E ArmVmp : Match on catch block at 0xc3 in for 0x7eae978025
03-12 22:00:15.602 27043 27043 E ArmVmp : Match on catch block at 0xc3 in for 0x7eae978025
03-12 22:00:15.617 27043 27043 E ArmVmp : Match on catch block at 0xc3 in for 0x7eae978025
03-12 22:00:15.619 27043 27043 E ArmVmp : Match on catch block at 0xc3 in for 0x7eae978025
03-12 22:00:15.634 27043 27043 E ArmVmp : Match on catch block at 0xc3 in for 0x7eae978025
03-12 22:00:15.636 27043 27043 E ArmVmp : Match on catch block at 0xc3 in for 0x7eae978025
03-12 22:00:15.651 27043 27043 E ArmVmp : Match on catch block at 0xc3 in for 0x7eae978025
03-12 22:00:15.652 27043 27043 E ArmVmp : Match on catch block at 0xc3 in for 0x7eae978025
03-12 22:00:15.667 27043 27043 E ArmVmp : Match on catch block at 0xc3 in for 0x7eae978025
03-12 22:00:15.669 27043 27043 E ArmVmp : Match on catch block at 0xc3 in for 0x7eae978025
03-12 22:00:15.685 27043 27043 E ArmVmp : Match on catch block at 0xc3 in for 0x7eae978025
03-12 22:00:15.687 27043 27043 E ArmVmp : Match on catch block at 0xc3 in for 0x7eae978025
03-12 22:00:15.701 27043 27043 E ArmVmp : Match on catch block at 0xc3 in for 0x7eae978025
03-12 22:00:15.702 27043 27043 E ArmVmp : Match on catch block at 0xc3 in for 0x7eae978025
03-12 22:00:15.717 27043 27043 E ArmVmp : Match on catch block at 0xc3 in for 0x7eae978025
03-12 22:00:15.719 27043 27043 E ArmVmp : Match on catch block at 0xc3 in for 0x7eae978025
03-12 22:00:15.734 27043 27043 E ArmVmp : Match on catch block at 0xc3 in for 0x7eae978025
03-12 22:00:15.736 27043 27043 E ArmVmp : Match on catch block at 0xc3 in for 0x7eae978025
03-12 22:00:15.751 27043 27043 E ArmVmp : Match on catch block at 0xc3 in for 0x7eae978025
03-12 22:00:15.752 27043 27043 E ArmVmp : Match on catch block at 0xc3 in for 0x7eae978025
03-12 22:00:15.767 27043 27043 E ArmVmp : Match on catch block at 0xc3 in for 0x7eae978025
03-12 22:00:15.769 27043 27043 E ArmVmp : Match on catch block at 0xc3 in for 0x7eae978025
03-12 22:00:15.784 27043 27043 E ArmVmp : Match on catch block at 0xc3 in for 0x7eae978025
03-12 22:00:15.785 27043 27043 E ArmVmp : Match on catch block at 0xc3 in for 0x7eae978025
03-12 22:00:15.800 27043 27043 E ArmVmp : Match on catch block at 0xc3 in for 0x7eae978025
03-12 22:00:15.802 27043 27043 E ArmVmp : Match on catch block at 0xc3 in for 0x7eae978025
03-12 22:00:15.817 27043 27043 E ArmVmp : Match on catch block at 0xc3 in for 0x7eae978025
03-12 22:00:15.818 27043 27043 E ArmVmp : Match on catch block at 0xc3 in for 0x7eae978025
03-12 22:00:15.833 27043 27043 E ArmVmp : Match on catch block at 0xc3 in for 0x7eae978025
03-12 22:00:15.836 27043 27043 E ArmVmp : Match on catch block at 0xc3 in for 0x7eae978025
03-12 22:00:15.851 27043 27043 E ArmVmp : Match on catch block at 0xc3 in for 0x7eae978025
03-12 22:00:15.853 27043 27043 E ArmVmp : Match on catch block at 0xc3 in for 0x7eae978025
03-12 22:00:15.867 27043 27043 E ArmVmp : Match on catch block at 0xc3 in for 0x7eae978025
03-12 22:00:15.868 27043 27043 E ArmVmp : Match on catch block at 0xc3 in for 0x7eae978025
03-12 22:00:15.883 27043 27043 E ArmVmp : Match on catch block at 0xc3 in for 0x7eae978025
03-12 22:00:15.885 27043 27043 E ArmVmp : Match on catch block at 0xc3 in for 0x7eae978025
03-12 22:00:15.900 27043 27043 E ArmVmp : Match on catch block at 0xc3 in for 0x7eae978025
03-12 22:00:15.901 27043 27043 E ArmVmp : Match on catch block at 0xc3 in for 0x7eae978025
03-12 22:00:15.916 27043 27043 E ArmVmp : Match on catch block at 0xc3 in for 0x7eae978025
03-12 22:00:15.918 27043 27043 E ArmVmp : Match on catch block at 0xc3 in for 0x7eae978025
03-12 22:00:15.946 27043 27043 E ArmVmp : Match on catch block at 0xc3 in for 0x7eae978025
03-12 22:00:15.948 27043 27043 E ArmVmp : Match on catch block at 0xc3 in for 0x7eae978025
03-12 22:00:15.954 27043 27043 E ArmVmp : Match on catch block at 0xc3 in for 0x7eae978025
03-12 22:00:15.957 27043 27043 E ArmVmp : Match on catch block at 0xc3 in for 0x7eae978025
03-12 22:00:15.966 27043 27043 E ArmVmp : Match on catch block at 0xc3 in for 0x7eae978025
03-12 22:00:15.968 27043 27043 E ArmVmp : Match on catch block at 0xc3 in for 0x7eae978025
03-12 22:00:15.982 27043 27043 E ArmVmp : Match on catch block at 0xc3 in for 0x7eae978025
03-12 22:00:15.984 27043 27043 E ArmVmp : Match on catch block at 0xc3 in for 0x7eae978025
03-12 22:00:16.000 27043 27043 E ArmVmp : Match on catch block at 0xc3 in for 0x7eae978025
03-12 22:00:16.001 27043 27043 E ArmVmp : Match on catch block at 0xc3 in for 0x7eae978025
03-12 22:00:16.016 27043 27043 E ArmVmp : Match on catch block at 0xc3 in for 0x7eae978025
03-12 22:00:16.018 27043 27043 E ArmVmp : Match on catch block at 0xc3 in for 0x7eae978025
03-12 22:00:16.033 27043 27043 E ArmVmp : Match on catch block at 0xc3 in for 0x7eae978025
03-12 22:00:16.034 27043 27043 E ArmVmp : Match on catch block at 0xc3 in for 0x7eae978025
03-12 22:00:16.050 27043 27043 E ArmVmp : Match on catch block at 0xc3 in for 0x7eae978025
03-12 22:00:16.052 27043 27043 E ArmVmp : Match on catch block at 0xc3 in for 0x7eae978025
03-12 22:00:16.066 27043 27043 E ArmVmp : Match on catch block at 0xc3 in for 0x7eae978025
03-12 22:00:16.067 27043 27043 E ArmVmp : Match on catch block at 0xc3 in for 0x7eae978025
03-12 22:00:16.083 27043 27043 E ArmVmp : Match on catch block at 0xc3 in for 0x7eae978025
03-12 22:00:16.084 27043 27043 E ArmVmp : Match on catch block at 0xc3 in for 0x7eae978025
03-12 22:00:16.099 27043 27043 E ArmVmp : Match on catch block at 0xc3 in for 0x7eae978025
03-12 22:00:16.101 27043 27043 E ArmVmp : Match on catch block at 0xc3 in for 0x7eae978025
03-12 22:00:16.116 27043 27043 E ArmVmp : Match on catch block at 0xc3 in for 0x7eae978025
03-12 22:00:16.117 27043 27043 E ArmVmp : Match on catch block at 0xc3 in for 0x7eae978025
03-12 22:00:16.132 27043 27043 E ArmVmp : Match on catch block at 0xc3 in for 0x7eae978025
03-12 22:00:16.134 27043 27043 E ArmVmp : Match on catch block at 0xc3 in for 0x7eae978025
03-12 22:00:16.149 27043 27043 E ArmVmp : Match on catch block at 0xc3 in for 0x7eae978025
03-12 22:00:16.151 27043 27043 E ArmVmp : Match on catch block at 0xc3 in for 0x7eae978025
03-12 22:00:16.165 27043 27043 E ArmVmp : Match on catch block at 0xc3 in for 0x7eae978025
03-12 22:00:16.167 27043 27043 E ArmVmp : Match on catch block at 0xc3 in for 0x7eae978025
03-12 22:00:16.182 27043 27043 E ArmVmp : Match on catch block at 0xc3 in for 0x7eae978025
