03-12 22:16:54.520 3480 3480 E ArmVmp : Match on catch block at 0xc3 in for 0x7eae978025
03-12 22:16:54.524 3480 3480 E ArmVmp : Match on catch block at 0xc3 in for 0x7eae978025
03-12 22:16:54.538 3480 3480 E ArmVmp : Match on catch block at 0xc3 in for 0x7eae978025
03-12 22:16:54.543 3480 3480 E ArmVmp : Match on catch block at 0xc3 in for 0x7eae978025
03-12 22:16:54.551 3480 3480 E ArmVmp : Match on catch block at 0xc3 in for 0x7eae978025
03-12 22:16:54.554 3480 3480 E ArmVmp : Match on catch block at 0xc3 in for 0x7eae978025
03-12 22:16:54.568 3480 3480 E ArmVmp : Match on catch block at 0xc3 in for 0x7eae978025
03-12 22:16:54.572 3480 3480 E ArmVmp : Match on catch block at 0xc3 in for 0x7eae978025
03-12 22:16:54.585 3480 3480 E ArmVmp : Match on catch block at 0xc3 in for 0x7eae978025
03-12 22:16:54.589 3480 3480 E ArmVmp : Match on catch block at 0xc3 in for 0x7eae978025
03-12 22:16:54.602 3480 3480 E ArmVmp : Match on catch block at 0xc3 in for 0x7eae978025
03-12 22:16:54.607 3480 3480 E ArmVmp : Match on catch block at 0xc3 in for 0x7eae978025
03-12 22:16:54.620 3480 3480 E ArmVmp : Match on catch block at 0xc3 in for 0x7eae978025
03-12 22:16:54.625 3480 3480 E ArmVmp : Match on catch block at 0xc3 in for 0x7eae978025
03-12 22:16:54.635 3480 3480 E ArmVmp : Match on catch block at 0xc3 in for 0x7eae978025
03-12 22:16:54.639 3480 3480 E ArmVmp : Match on catch block at 0xc3 in for 0x7eae978025
03-12 22:16:54.652 3480 3480 E ArmVmp : Match on catch block at 0xc3 in for 0x7eae978025
03-12 22:16:54.656 3480 3480 E ArmVmp : Match on catch block at 0xc3 in for 0x7eae978025
03-12 22:16:54.669 3480 3480 E ArmVmp : Match on catch block at 0xc3 in for 0x7eae978025
03-12 22:16:54.675 3480 3480 E ArmVmp : Match on catch block at 0xc3 in for 0x7eae978025
03-12 22:16:54.685 3480 3480 E ArmVmp : Match on catch block at 0xc3 in for 0x7eae978025
03-12 22:16:54.690 3480 3480 E ArmVmp : Match on catch block at 0xc3 in for 0x7eae978025
03-12 22:16:54.702 3480 3480 E ArmVmp : Match on catch block at 0xc3 in for 0x7eae978025
03-12 22:16:54.707 3480 3480 E ArmVmp : Match on catch block at 0xc3 in for 0x7eae978025
03-12 22:16:54.900 3480 3480 E ArmVmp : Match on catch block at 0xc3 in for 0x7eae978025
03-12 22:16:54.904 3480 3480 E ArmVmp : Match on catch block at 0xc3 in for 0x7eae978025
03-12 22:16:54.950 3480 3480 E ArmVmp : Match on catch block at 0xc3 in for 0x7eae978025
03-12 22:16:54.954 3480 3480 E ArmVmp : Match on catch block at 0xc3 in for 0x7eae978025
03-12 22:16:55.467 3480 3480 E ArmVmp : Match on catch block at 0xc3 in for 0x7eae978025
03-12 22:16:55.474 3480 3480 E ArmVmp : Match on catch block at 0xc3 in for 0x7eae978025
03-12 22:16:55.945 3480 3480 E ArmVmp : Match on catch block at 0xc3 in for 0x7eae978025
03-12 22:16:55.947 3480 3480 E ArmVmp : Match on catch block at 0xc3 in for 0x7eae978025
03-12 22:16:56.394 3480 3480 E ArmVmp : Match on catch block at 0xc3 in for 0x7eae978025
03-12 22:16:56.397 3480 3480 E ArmVmp : Match on catch block at 0xc3 in for 0x7eae978025
03-12 22:16:56.744 3480 3480 E ArmVmp : Match on catch block at 0xc3 in for 0x7eae978025
03-12 22:16:56.746 3480 3480 E ArmVmp : Match on catch block at 0xc3 in for 0x7eae978025
03-12 22:16:56.759 3480 3480 E ArmVmp : Match on catch block at 0xc3 in for 0x7eae978025
03-12 22:16:56.761 3480 3480 E ArmVmp : Match on catch block at 0xc3 in for 0x7eae978025
03-12 22:16:56.776 3480 3480 E ArmVmp : Match on catch block at 0xc3 in for 0x7eae978025
03-12 22:16:56.777 3480 3480 E ArmVmp : Match on catch block at 0xc3 in for 0x7eae978025
03-12 22:16:56.792 3480 3480 E ArmVmp : Match on catch block at 0xc3 in for 0x7eae978025
03-12 22:16:56.794 3480 3480 E ArmVmp : Match on catch block at 0xc3 in for 0x7eae978025
03-12 22:16:56.809 3480 3480 E ArmVmp : Match on catch block at 0xc3 in for 0x7eae978025
03-12 22:16:56.812 3480 3480 E ArmVmp : Match on catch block at 0xc3 in for 0x7eae978025
03-12 22:16:56.829 3480 3480 E ArmVmp : Match on catch block at 0xc3 in for 0x7eae978025
03-12 22:16:56.832 3480 3480 E ArmVmp : Match on catch block at 0xc3 in for 0x7eae978025
03-12 22:16:56.844 3480 3480 E ArmVmp : Match on catch block at 0xc3 in for 0x7eae978025
03-12 22:16:56.846 3480 3480 E ArmVmp : Match on catch block at 0xc3 in for 0x7eae978025
03-12 22:16:56.861 3480 3480 E ArmVmp : Match on catch block at 0xc3 in for 0x7eae978025
03-12 22:16:56.865 3480 3480 E ArmVmp : Match on catch block at 0xc3 in for 0x7eae978025
03-12 22:16:56.877 3480 3480 E ArmVmp : Match on catch block at 0xc3 in for 0x7eae978025
03-12 22:16:56.882 3480 3480 E ArmVmp : Match on catch block at 0xc3 in for 0x7eae978025
03-12 22:16:56.893 3480 3480 E ArmVmp : Match on catch block at 0xc3 in for 0x7eae978025
03-12 22:16:56.899 3480 3480 E ArmVmp : Match on catch block at 0xc3 in for 0x7eae978025
03-12 22:16:56.910 3480 3480 E ArmVmp : Match on catch block at 0xc3 in for 0x7eae978025
03-12 22:16:56.915 3480 3480 E ArmVmp : Match on catch block at 0xc3 in for 0x7eae978025
03-12 22:16:56.926 3480 3480 E ArmVmp : Match on catch block at 0xc3 in for 0x7eae978025
03-12 22:16:56.930 3480 3480 E ArmVmp : Match on catch block at 0xc3 in for 0x7eae978025
03-12 22:16:56.944 3480 3480 E ArmVmp : Match on catch block at 0xc3 in for 0x7eae978025
03-12 22:16:56.948 3480 3480 E ArmVmp : Match on catch block at 0xc3 in for 0x7eae978025
03-12 22:16:56.960 3480 3480 E ArmVmp : Match on catch block at 0xc3 in for 0x7eae978025
03-12 22:16:56.964 3480 3480 E ArmVmp : Match on catch block at 0xc3 in for 0x7eae978025
03-12 22:16:56.977 3480 3480 E ArmVmp : Match on catch block at 0xc3 in for 0x7eae978025
03-12 22:16:56.981 3480 3480 E ArmVmp : Match on catch block at 0xc3 in for 0x7eae978025
03-12 22:16:56.993 3480 3480 E ArmVmp : Match on catch block at 0xc3 in for 0x7eae978025
03-12 22:16:56.998 3480 3480 E ArmVmp : Match on catch block at 0xc3 in for 0x7eae978025
03-12 22:16:57.010 3480 3480 E ArmVmp : Match on catch block at 0xc3 in for 0x7eae978025
03-12 22:16:57.014 3480 3480 E ArmVmp : Match on catch block at 0xc3 in for 0x7eae978025
03-12 22:16:57.026 3480 3480 E ArmVmp : Match on catch block at 0xc3 in for 0x7eae978025
03-12 22:16:57.030 3480 3480 E ArmVmp : Match on catch block at 0xc3 in for 0x7eae978025
03-12 22:16:57.045 3480 3480 E ArmVmp : Match on catch block at 0xc3 in for 0x7eae978025
03-12 22:16:57.049 3480 3480 E ArmVmp : Match on catch block at 0xc3 in for 0x7eae978025
03-12 22:16:57.060 3480 3480 E ArmVmp : Match on catch block at 0xc3 in for 0x7eae978025
03-12 22:16:57.064 3480 3480 E ArmVmp : Match on catch block at 0xc3 in for 0x7eae978025
03-12 22:16:57.077 3480 3480 E ArmVmp : Match on catch block at 0xc3 in for 0x7eae978025
03-12 22:16:57.082 3480 3480 E ArmVmp : Match on catch block at 0xc3 in for 0x7eae978025
03-12 22:16:57.093 3480 3480 E ArmVmp : Match on catch block at 0xc3 in for 0x7eae978025
03-12 22:16:57.095 3480 3480 E ArmVmp : Match on catch block at 0xc3 in for 0x7eae978025
03-12 22:16:57.109 3480 3480 E ArmVmp : Match on catch block at 0xc3 in for 0x7eae978025
03-12 22:16:57.114 3480 3480 E ArmVmp : Match on catch block at 0xc3 in for 0x7eae978025
03-12 22:16:57.127 3480 3480 E ArmVmp : Match on catch block at 0xc3 in for 0x7eae978025
03-12 22:16:57.130 3480 3480 E ArmVmp : Match on catch block at 0xc3 in for 0x7eae978025
03-12 22:16:57.143 3480 3480 E ArmVmp : Match on catch block at 0xc3 in for 0x7eae978025
03-12 22:16:57.149 3480 3480 E ArmVmp : Match on catch block at 0xc3 in for 0x7eae978025
03-12 22:16:57.243 3480 3480 E ArmVmp : Match on catch block at 0xc3 in for 0x7eae978025
03-12 22:16:57.247 3480 3480 E ArmVmp : Match on catch block at 0xc3 in for 0x7eae978025
03-12 22:16:57.746 3480 3480 E ArmVmp : Match on catch block at 0xc3 in for 0x7eae978025
03-12 22:16:57.756 3480 3480 E ArmVmp : Match on catch block at 0xc3 in for 0x7eae978025
03-12 22:16:58.255 3480 3480 E ArmVmp : Match on catch block at 0xc3 in for 0x7eae978025
03-12 22:16:58.257 3480 3480 E ArmVmp : Match on catch block at 0xc3 in for 0x7eae978025
03-12 22:16:58.676 3480 3480 E ArmVmp : Match on catch block at 0xc3 in for 0x7eae978025
03-12 22:16:58.683 3480 3480 E ArmVmp : Match on catch block at 0xc3 in for 0x7eae978025
03-12 22:16:58.720 3480 3480 E ArmVmp : Match on catch block at 0xc3 in for 0x7eae978025
03-12 22:16:58.724 3480 3480 E ArmVmp : Match on catch block at 0xc3 in for 0x7eae978025
03-12 22:16:58.765 3480 3480 E SpannableStringBuilder: SPAN_EXCLUSIVE_EXCLUSIVE spans cannot have a zero length
03-12 22:16:58.781 3480 3480 E ArmVmp : Match on catch block at 0xc3 in for 0x7eae978025
03-12 22:16:58.788 3480 3480 E ArmVmp : Match on catch block at 0xc3 in for 0x7eae978025
03-12 22:16:58.807 3480 3480 E ArmVmp : Match on catch block at 0xc3 in for 0x7eae978025
03-12 22:16:58.816 3480 3480 E ArmVmp : Match on catch block at 0xc3 in for 0x7eae978025
03-12 22:16:58.823 3480 3480 E ArmVmp : Match on catch block at 0xc3 in for 0x7eae978025
03-12 22:16:58.827 3480 3480 E ArmVmp : Match on catch block at 0xc3 in for 0x7eae978025
03-12 22:16:58.843 3480 3480 E ArmVmp : Match on catch block at 0xc3 in for 0x7eae978025
03-12 22:16:58.848 3480 3480 E ArmVmp : Match on catch block at 0xc3 in for 0x7eae978025
03-12 22:16:58.854 3480 3480 E ArmVmp : Match on catch block at 0xc3 in for 0x7eae978025
03-12 22:16:58.858 3480 3480 E ArmVmp : Match on catch block at 0xc3 in for 0x7eae978025
03-12 22:16:58.871 3480 3480 E ArmVmp : Match on catch block at 0xc3 in for 0x7eae978025
03-12 22:16:58.877 3480 3480 E ArmVmp : Match on catch block at 0xc3 in for 0x7eae978025
03-12 22:16:58.891 3480 3480 E ArmVmp : Match on catch block at 0xc3 in for 0x7eae978025
03-12 22:16:58.894 3480 3480 E ArmVmp : Match on catch block at 0xc3 in for 0x7eae978025
03-12 22:16:58.903 3480 3480 E ArmVmp : Match on catch block at 0xc3 in for 0x7eae978025
03-12 22:16:58.906 3480 3480 E ArmVmp : Match on catch block at 0xc3 in for 0x7eae978025
03-12 22:16:58.920 3480 3480 E ArmVmp : Match on catch block at 0xc3 in for 0x7eae978025
03-12 22:16:58.924 3480 3480 E ArmVmp : Match on catch block at 0xc3 in for 0x7eae978025
03-12 22:16:58.936 3480 3480 E ArmVmp : Match on catch block at 0xc3 in for 0x7eae978025
03-12 22:16:58.943 3480 3480 E ArmVmp : Match on catch block at 0xc3 in for 0x7eae978025
03-12 22:16:58.953 3480 3480 E ArmVmp : Match on catch block at 0xc3 in for 0x7eae978025
03-12 22:16:58.957 3480 3480 E ArmVmp : Match on catch block at 0xc3 in for 0x7eae978025
03-12 22:16:58.969 3480 3480 E ArmVmp : Match on catch block at 0xc3 in for 0x7eae978025
03-12 22:16:58.973 3480 3480 E ArmVmp : Match on catch block at 0xc3 in for 0x7eae978025
03-12 22:16:59.285 3480 3480 E ArmVmp : Match on catch block at 0xc3 in for 0x7eae978025
03-12 22:16:59.289 3480 3480 E ArmVmp : Match on catch block at 0xc3 in for 0x7eae978025
03-12 22:16:59.419 3480 3480 E ArmVmp : Match on catch block at 0xc3 in for 0x7eae978025
03-12 22:16:59.422 3480 3480 E ArmVmp : Match on catch block at 0xc3 in for 0x7eae978025
03-12 22:16:59.434 3480 3480 E ArmVmp : Match on catch block at 0xc3 in for 0x7eae978025
03-12 22:16:59.438 3480 3480 E ArmVmp : Match on catch block at 0xc3 in for 0x7eae978025
03-12 22:16:59.449 3480 3480 E ArmVmp : Match on catch block at 0xc3 in for 0x7eae978025
03-12 22:16:59.451 3480 3480 E ArmVmp : Match on catch block at 0xc3 in for 0x7eae978025
03-12 22:16:59.468 3480 3480 E ArmVmp : Match on catch block at 0xc3 in for 0x7eae978025
03-12 22:16:59.471 3480 3480 E ArmVmp : Match on catch block at 0xc3 in for 0x7eae978025
03-12 22:16:59.483 3480 3480 E ArmVmp : Match on catch block at 0xc3 in for 0x7eae978025
03-12 22:16:59.484 3480 3480 E ArmVmp : Match on catch block at 0xc3 in for 0x7eae978025
03-12 22:16:59.500 3480 3480 E ArmVmp : Match on catch block at 0xc3 in for 0x7eae978025
03-12 22:16:59.503 3480 3480 E ArmVmp : Match on catch block at 0xc3 in for 0x7eae978025
03-12 22:16:59.517 3480 3480 E ArmVmp : Match on catch block at 0xc3 in for 0x7eae978025
03-12 22:16:59.520 3480 3480 E ArmVmp : Match on catch block at 0xc3 in for 0x7eae978025
03-12 22:16:59.537 3480 3480 E ArmVmp : Match on catch block at 0xc3 in for 0x7eae978025
03-12 22:16:59.541 3480 3480 E ArmVmp : Match on catch block at 0xc3 in for 0x7eae978025
03-12 22:16:59.550 3480 3480 E ArmVmp : Match on catch block at 0xc3 in for 0x7eae978025
03-12 22:16:59.553 3480 3480 E ArmVmp : Match on catch block at 0xc3 in for 0x7eae978025
03-12 22:16:59.567 3480 3480 E ArmVmp : Match on catch block at 0xc3 in for 0x7eae978025
03-12 22:16:59.572 3480 3480 E ArmVmp : Match on catch block at 0xc3 in for 0x7eae978025
03-12 22:16:59.583 3480 3480 E ArmVmp : Match on catch block at 0xc3 in for 0x7eae978025
03-12 22:16:59.588 3480 3480 E ArmVmp : Match on catch block at 0xc3 in for 0x7eae978025
03-12 22:16:59.600 3480 3480 E ArmVmp : Match on catch block at 0xc3 in for 0x7eae978025
03-12 22:16:59.602 3480 3480 E ArmVmp : Match on catch block at 0xc3 in for 0x7eae978025
03-12 22:16:59.616 3480 3480 E ArmVmp : Match on catch block at 0xc3 in for 0x7eae978025
03-12 22:16:59.620 3480 3480 E ArmVmp : Match on catch block at 0xc3 in for 0x7eae978025
03-12 22:16:59.932 3480 3480 E ArmVmp : Match on catch block at 0xc3 in for 0x7eae978025
03-12 22:16:59.934 3480 3480 E ArmVmp : Match on catch block at 0xc3 in for 0x7eae978025
03-12 22:17:00.182 3480 3480 E ArmVmp : Match on catch block at 0xc3 in for 0x7eae978025
03-12 22:17:00.185 3480 3480 E ArmVmp : Match on catch block at 0xc3 in for 0x7eae978025
03-12 22:17:00.213 3480 3480 E ArmVmp : Match on catch block at 0xc3 in for 0x7eae978025
03-12 22:17:00.215 3480 3480 E ArmVmp : Match on catch block at 0xc3 in for 0x7eae978025
03-12 22:17:00.685 3480 3480 E ArmVmp : Match on catch block at 0xc3 in for 0x7eae978025
03-12 22:17:00.693 3480 3480 E ArmVmp : Match on catch block at 0xc3 in for 0x7eae978025
03-12 22:17:01.185 3480 3480 E ArmVmp : Match on catch block at 0xc3 in for 0x7eae978025
03-12 22:17:01.195 3480 3480 E ArmVmp : Match on catch block at 0xc3 in for 0x7eae978025
03-12 22:17:01.696 3480 3480 E ArmVmp : Match on catch block at 0xc3 in for 0x7eae978025
03-12 22:17:01.704 3480 3480 E ArmVmp : Match on catch block at 0xc3 in for 0x7eae978025
03-12 22:17:02.195 3480 3480 E ArmVmp : Match on catch block at 0xc3 in for 0x7eae978025
03-12 22:17:02.206 3480 3480 E ArmVmp : Match on catch block at 0xc3 in for 0x7eae978025
03-12 22:17:02.322 3480 3480 E ArmVmp : Match on catch block at 0xc3 in for 0x7eae978025
03-12 22:17:02.324 3480 3480 E ArmVmp : Match on catch block at 0xc3 in for 0x7eae978025
03-12 22:17:02.623 3480 3480 E ArmVmp : Match on catch block at 0xc3 in for 0x7eae978025
03-12 22:17:02.626 3480 3480 E ArmVmp : Match on catch block at 0xc3 in for 0x7eae978025
03-12 22:17:03.020 3480 3480 E ArmVmp : Match on catch block at 0xc3 in for 0x7eae978025
03-12 22:17:03.022 3480 3480 E ArmVmp : Match on catch block at 0xc3 in for 0x7eae978025
03-12 22:17:03.418 3480 3480 E ArmVmp : Match on catch block at 0xc3 in for 0x7eae978025
03-12 22:17:03.420 3480 3480 E ArmVmp : Match on catch block at 0xc3 in for 0x7eae978025
03-12 22:17:03.618 3480 3480 E ArmVmp : Match on catch block at 0xc3 in for 0x7eae978025
03-12 22:17:03.619 3480 3480 E ArmVmp : Match on catch block at 0xc3 in for 0x7eae978025
03-12 22:17:04.134 3480 3480 E ArmVmp : Match on catch block at 0xc3 in for 0x7eae978025
03-12 22:17:04.141 3480 3480 E ArmVmp : Match on catch block at 0xc3 in for 0x7eae978025
03-12 22:17:04.636 3480 3480 E ArmVmp : Match on catch block at 0xc3 in for 0x7eae978025
03-12 22:17:04.643 3480 3480 E ArmVmp : Match on catch block at 0xc3 in for 0x7eae978025
03-12 22:17:04.879 3480 3480 E ArmVmp : Match on catch block at 0xc3 in for 0x7eae978025
03-12 22:17:04.881 3480 3480 E ArmVmp : Match on catch block at 0xc3 in for 0x7eae978025
03-12 22:17:04.896 3480 3480 E ArmVmp : Match on catch block at 0xc3 in for 0x7eae978025
03-12 22:17:04.898 3480 3480 E ArmVmp : Match on catch block at 0xc3 in for 0x7eae978025
03-12 22:17:04.920 3480 3480 E ArmVmp : Match on catch block at 0xc3 in for 0x7eae978025
03-12 22:17:04.922 3480 3480 E ArmVmp : Match on catch block at 0xc3 in for 0x7eae978025
03-12 22:17:04.933 3480 3480 E ArmVmp : Match on catch block at 0xc3 in for 0x7eae978025
03-12 22:17:04.935 3480 3480 E ArmVmp : Match on catch block at 0xc3 in for 0x7eae978025
03-12 22:17:04.946 3480 3480 E ArmVmp : Match on catch block at 0xc3 in for 0x7eae978025
03-12 22:17:04.948 3480 3480 E ArmVmp : Match on catch block at 0xc3 in for 0x7eae978025
03-12 22:17:04.963 3480 3480 E ArmVmp : Match on catch block at 0xc3 in for 0x7eae978025
03-12 22:17:04.966 3480 3480 E ArmVmp : Match on catch block at 0xc3 in for 0x7eae978025
03-12 22:17:04.979 3480 3480 E ArmVmp : Match on catch block at 0xc3 in for 0x7eae978025
03-12 22:17:04.985 3480 3480 E ArmVmp : Match on catch block at 0xc3 in for 0x7eae978025
03-12 22:17:06.528 3480 3480 E ArmVmp : Match on catch block at 0xc3 in for 0x7eae978025
03-12 22:17:06.538 3480 3480 E ArmVmp : Match on catch block at 0xc3 in for 0x7eae978025
03-12 22:17:06.554 3480 3480 E ArmVmp : Match on catch block at 0xc3 in for 0x7eae978025
03-12 22:17:06.566 3480 3480 E ArmVmp : Match on catch block at 0xc3 in for 0x7eae978025
03-12 22:17:06.574 3480 3480 E ArmVmp : Match on catch block at 0xc3 in for 0x7eae978025
03-12 22:17:06.577 3480 3480 E ArmVmp : Match on catch block at 0xc3 in for 0x7eae978025
03-12 22:17:06.594 3480 3480 E ArmVmp : Match on catch block at 0xc3 in for 0x7eae978025
03-12 22:17:06.600 3480 3480 E ArmVmp : Match on catch block at 0xc3 in for 0x7eae978025
03-12 22:17:06.608 3480 3480 E ArmVmp : Match on catch block at 0xc3 in for 0x7eae978025
03-12 22:17:06.612 3480 3480 E ArmVmp : Match on catch block at 0xc3 in for 0x7eae978025
03-12 22:17:06.626 3480 3480 E ArmVmp : Match on catch block at 0xc3 in for 0x7eae978025
03-12 22:17:06.629 3480 3480 E ArmVmp : Match on catch block at 0xc3 in for 0x7eae978025
03-12 22:17:06.642 3480 3480 E ArmVmp : Match on catch block at 0xc3 in for 0x7eae978025
03-12 22:17:06.646 3480 3480 E ArmVmp : Match on catch block at 0xc3 in for 0x7eae978025
03-12 22:17:06.660 3480 3480 E ArmVmp : Match on catch block at 0xc3 in for 0x7eae978025
03-12 22:17:06.665 3480 3480 E ArmVmp : Match on catch block at 0xc3 in for 0x7eae978025
03-12 22:17:06.674 3480 3480 E ArmVmp : Match on catch block at 0xc3 in for 0x7eae978025
03-12 22:17:06.676 3480 3480 E ArmVmp : Match on catch block at 0xc3 in for 0x7eae978025
03-12 22:17:06.691 3480 3480 E ArmVmp : Match on catch block at 0xc3 in for 0x7eae978025
03-12 22:17:06.699 3480 3480 E ArmVmp : Match on catch block at 0xc3 in for 0x7eae978025
03-12 22:17:06.707 3480 3480 E ArmVmp : Match on catch block at 0xc3 in for 0x7eae978025
03-12 22:17:06.712 3480 3480 E ArmVmp : Match on catch block at 0xc3 in for 0x7eae978025
03-12 22:17:06.724 3480 3480 E ArmVmp : Match on catch block at 0xc3 in for 0x7eae978025
03-12 22:17:06.728 3480 3480 E ArmVmp : Match on catch block at 0xc3 in for 0x7eae978025
03-12 22:17:06.741 3480 3480 E ArmVmp : Match on catch block at 0xc3 in for 0x7eae978025
03-12 22:17:06.746 3480 3480 E ArmVmp : Match on catch block at 0xc3 in for 0x7eae978025
03-12 22:17:06.757 3480 3480 E ArmVmp : Match on catch block at 0xc3 in for 0x7eae978025
03-12 22:17:06.762 3480 3480 E ArmVmp : Match on catch block at 0xc3 in for 0x7eae978025
03-12 22:17:06.774 3480 3480 E ArmVmp : Match on catch block at 0xc3 in for 0x7eae978025
03-12 22:17:06.780 3480 3480 E ArmVmp : Match on catch block at 0xc3 in for 0x7eae978025
03-12 22:17:07.103 3480 3480 E ArmVmp : Match on catch block at 0xc3 in for 0x7eae978025
03-12 22:17:07.107 3480 3480 E ArmVmp : Match on catch block at 0xc3 in for 0x7eae978025
03-12 22:17:07.147 3480 3480 E ArmVmp : Match on catch block at 0xc3 in for 0x7eae978025
03-12 22:17:07.151 3480 3480 E ArmVmp : Match on catch block at 0xc3 in for 0x7eae978025
03-12 22:17:07.169 3480 3480 E ArmVmp : Match on catch block at 0xc3 in for 0x7eae978025
03-12 22:17:07.170 3480 3480 E ArmVmp : Match on catch block at 0xc3 in for 0x7eae978025
03-12 22:17:07.196 3480 3480 E ArmVmp : Match on catch block at 0xc3 in for 0x7eae978025
03-12 22:17:07.198 3480 3480 E ArmVmp : Match on catch block at 0xc3 in for 0x7eae978025
03-12 22:17:07.202 3480 3480 E ArmVmp : Match on catch block at 0xc3 in for 0x7eae978025
03-12 22:17:07.204 3480 3480 E ArmVmp : Match on catch block at 0xc3 in for 0x7eae978025
03-12 22:17:07.208 3480 3480 E ArmVmp : Match on catch block at 0xc3 in for 0x7eae978025
03-12 22:17:07.211 3480 3480 E ArmVmp : Match on catch block at 0xc3 in for 0x7eae978025
03-12 22:17:07.573 3480 3480 E ArmVmp : Match on catch block at 0xc3 in for 0x7eae978025
03-12 22:17:07.578 3480 3480 E ArmVmp : Match on catch block at 0xc3 in for 0x7eae978025
03-12 22:17:07.885 3480 3480 E ArmVmp : Match on catch block at 0xc3 in for 0x7eae978025
03-12 22:17:07.887 3480 3480 E ArmVmp : Match on catch block at 0xc3 in for 0x7eae978025
03-12 22:17:07.903 3480 3480 E ArmVmp : Match on catch block at 0xc3 in for 0x7eae978025
03-12 22:17:07.906 3480 3480 E ArmVmp : Match on catch block at 0xc3 in for 0x7eae978025
03-12 22:17:07.920 3480 3480 E ArmVmp : Match on catch block at 0xc3 in for 0x7eae978025
03-12 22:17:07.922 3480 3480 E ArmVmp : Match on catch block at 0xc3 in for 0x7eae978025
03-12 22:17:07.935 3480 3480 E ArmVmp : Match on catch block at 0xc3 in for 0x7eae978025
03-12 22:17:07.939 3480 3480 E ArmVmp : Match on catch block at 0xc3 in for 0x7eae978025
03-12 22:17:07.952 3480 3480 E ArmVmp : Match on catch block at 0xc3 in for 0x7eae978025
03-12 22:17:07.954 3480 3480 E ArmVmp : Match on catch block at 0xc3 in for 0x7eae978025
03-12 22:17:07.968 3480 3480 E ArmVmp : Match on catch block at 0xc3 in for 0x7eae978025
03-12 22:17:07.971 3480 3480 E ArmVmp : Match on catch block at 0xc3 in for 0x7eae978025
03-12 22:17:07.986 3480 3480 E ArmVmp : Match on catch block at 0xc3 in for 0x7eae978025
03-12 22:17:07.989 3480 3480 E ArmVmp : Match on catch block at 0xc3 in for 0x7eae978025
03-12 22:17:08.770 3480 3480 E ArmVmp : Match on catch block at 0xc3 in for 0x7eae978025
03-12 22:17:08.781 3480 3480 E ArmVmp : Match on catch block at 0xc3 in for 0x7eae978025
03-12 22:17:08.796 3480 3480 E ArmVmp : Match on catch block at 0xc3 in for 0x7eae978025
03-12 22:17:08.804 3480 3480 E ArmVmp : Match on catch block at 0xc3 in for 0x7eae978025
03-12 22:17:08.817 3480 3480 E ArmVmp : Match on catch block at 0xc3 in for 0x7eae978025
03-12 22:17:08.823 3480 3480 E ArmVmp : Match on catch block at 0xc3 in for 0x7eae978025
03-12 22:17:08.834 3480 3480 E ArmVmp : Match on catch block at 0xc3 in for 0x7eae978025
03-12 22:17:08.839 3480 3480 E ArmVmp : Match on catch block at 0xc3 in for 0x7eae978025
03-12 22:17:08.853 3480 3480 E ArmVmp : Match on catch block at 0xc3 in for 0x7eae978025
03-12 22:17:08.858 3480 3480 E ArmVmp : Match on catch block at 0xc3 in for 0x7eae978025
03-12 22:17:08.866 3480 3480 E ArmVmp : Match on catch block at 0xc3 in for 0x7eae978025
03-12 22:17:08.871 3480 3480 E ArmVmp : Match on catch block at 0xc3 in for 0x7eae978025
03-12 22:17:08.885 3480 3480 E ArmVmp : Match on catch block at 0xc3 in for 0x7eae978025
03-12 22:17:08.889 3480 3480 E ArmVmp : Match on catch block at 0xc3 in for 0x7eae978025
03-12 22:17:08.901 3480 3480 E ArmVmp : Match on catch block at 0xc3 in for 0x7eae978025
03-12 22:17:08.907 3480 3480 E ArmVmp : Match on catch block at 0xc3 in for 0x7eae978025
03-12 22:17:08.919 3480 3480 E ArmVmp : Match on catch block at 0xc3 in for 0x7eae978025
03-12 22:17:08.926 3480 3480 E ArmVmp : Match on catch block at 0xc3 in for 0x7eae978025
03-12 22:17:08.933 3480 3480 E ArmVmp : Match on catch block at 0xc3 in for 0x7eae978025
03-12 22:17:08.938 3480 3480 E ArmVmp : Match on catch block at 0xc3 in for 0x7eae978025
03-12 22:17:08.951 3480 3480 E ArmVmp : Match on catch block at 0xc3 in for 0x7eae978025
03-12 22:17:08.956 3480 3480 E ArmVmp : Match on catch block at 0xc3 in for 0x7eae978025
03-12 22:17:08.966 3480 3480 E ArmVmp : Match on catch block at 0xc3 in for 0x7eae978025
03-12 22:17:08.972 3480 3480 E ArmVmp : Match on catch block at 0xc3 in for 0x7eae978025
03-12 22:17:08.983 3480 3480 E ArmVmp : Match on catch block at 0xc3 in for 0x7eae978025
03-12 22:17:08.989 3480 3480 E ArmVmp : Match on catch block at 0xc3 in for 0x7eae978025
03-12 22:17:09.000 3480 3480 E ArmVmp : Match on catch block at 0xc3 in for 0x7eae978025
03-12 22:17:09.005 3480 3480 E ArmVmp : Match on catch block at 0xc3 in for 0x7eae978025
03-12 22:17:09.016 3480 3480 E ArmVmp : Match on catch block at 0xc3 in for 0x7eae978025
03-12 22:17:09.020 3480 3480 E ArmVmp : Match on catch block at 0xc3 in for 0x7eae978025
03-12 22:17:09.599 3480 3480 E ArmVmp : Match on catch block at 0xc3 in for 0x7eae978025
03-12 22:17:09.603 3480 3480 E ArmVmp : Match on catch block at 0xc3 in for 0x7eae978025
03-12 22:17:09.620 3480 3480 E ArmVmp : Match on catch block at 0xc3 in for 0x7eae978025
03-12 22:17:09.622 3480 3480 E ArmVmp : Match on catch block at 0xc3 in for 0x7eae978025
03-12 22:17:11.207 3480 3480 E ArmVmp : Match on catch block at 0xc3 in for 0x7eae978025
03-12 22:17:11.212 3480 3480 E ArmVmp : Match on catch block at 0xc3 in for 0x7eae978025
03-12 22:17:11.243 3480 3480 E ArmVmp : Match on catch block at 0xc3 in for 0x7eae978025
03-12 22:17:11.250 3480 3480 E ArmVmp : Match on catch block at 0xc3 in for 0x7eae978025
03-12 22:17:11.269 3480 3480 E ArmVmp : Match on catch block at 0xc3 in for 0x7eae978025
03-12 22:17:11.273 3480 3480 E ArmVmp : Match on catch block at 0xc3 in for 0x7eae978025
03-12 22:17:11.290 3480 3480 E ArmVmp : Match on catch block at 0xc3 in for 0x7eae978025
03-12 22:17:11.294 3480 3480 E ArmVmp : Match on catch block at 0xc3 in for 0x7eae978025
03-12 22:17:11.324 3480 3480 E ArmVmp : Match on catch block at 0xc3 in for 0x7eae978025
03-12 22:17:11.331 3480 3480 E ArmVmp : Match on catch block at 0xc3 in for 0x7eae978025
03-12 22:17:11.350 3480 3480 E ArmVmp : Match on catch block at 0xc3 in for 0x7eae978025
03-12 22:17:11.355 3480 3480 E ArmVmp : Match on catch block at 0xc3 in for 0x7eae978025
03-12 22:17:11.372 3480 3480 E ArmVmp : Match on catch block at 0xc3 in for 0x7eae978025
03-12 22:17:11.374 3480 3480 E ArmVmp : Match on catch block at 0xc3 in for 0x7eae978025
03-12 22:17:11.389 3480 3480 E ArmVmp : Match on catch block at 0xc3 in for 0x7eae978025
03-12 22:17:11.391 3480 3480 E ArmVmp : Match on catch block at 0xc3 in for 0x7eae978025
03-12 22:17:11.406 3480 3480 E ArmVmp : Match on catch block at 0xc3 in for 0x7eae978025
03-12 22:17:11.407 3480 3480 E ArmVmp : Match on catch block at 0xc3 in for 0x7eae978025
03-12 22:17:11.423 3480 3480 E ArmVmp : Match on catch block at 0xc3 in for 0x7eae978025
03-12 22:17:11.427 3480 3480 E ArmVmp : Match on catch block at 0xc3 in for 0x7eae978025
03-12 22:17:11.439 3480 3480 E ArmVmp : Match on catch block at 0xc3 in for 0x7eae978025
03-12 22:17:11.442 3480 3480 E ArmVmp : Match on catch block at 0xc3 in for 0x7eae978025
03-12 22:17:11.458 3480 3480 E ArmVmp : Match on catch block at 0xc3 in for 0x7eae978025
03-12 22:17:11.461 3480 3480 E ArmVmp : Match on catch block at 0xc3 in for 0x7eae978025
03-12 22:17:11.473 3480 3480 E ArmVmp : Match on catch block at 0xc3 in for 0x7eae978025
03-12 22:17:11.477 3480 3480 E ArmVmp : Match on catch block at 0xc3 in for 0x7eae978025
03-12 22:17:11.914 3480 3502 E ArmVmp : Match on catch block at 0x0a in for 0x7ea836a819
03-12 22:17:11.933 3480 3480 W InputEventReceiver: Attempted to finish an input event but the input event receiver has already been disposed.
03-12 22:17:11.995 3480 3480 E ArmVmp : Match on catch block at 0xc3 in for 0x7eae978025
03-12 22:17:11.998 3480 3480 E ArmVmp : Match on catch block at 0xc3 in for 0x7eae978025
03-12 22:17:12.009 3480 3480 E ArmVmp : Match on catch block at 0xc3 in for 0x7eae978025
03-12 22:17:12.013 3480 3480 E ArmVmp : Match on catch block at 0xc3 in for 0x7eae978025
03-12 22:17:12.025 3480 3480 E ArmVmp : Match on catch block at 0xc3 in for 0x7eae978025
03-12 22:17:12.029 3480 3480 E ArmVmp : Match on catch block at 0xc3 in for 0x7eae978025
03-12 22:17:12.039 3480 3480 E ArmVmp : Match on catch block at 0xc3 in for 0x7eae978025
03-12 22:17:12.044 3480 3480 E ArmVmp : Match on catch block at 0xc3 in for 0x7eae978025
03-12 22:17:12.054 3480 3480 E ArmVmp : Match on catch block at 0xc3 in for 0x7eae978025
03-12 22:17:12.058 3480 3480 E ArmVmp : Match on catch block at 0xc3 in for 0x7eae978025
03-12 22:17:12.072 3480 3480 E ArmVmp : Match on catch block at 0xc3 in for 0x7eae978025
03-12 22:17:12.076 3480 3480 E ArmVmp : Match on catch block at 0xc3 in for 0x7eae978025
03-12 22:17:12.089 3480 3480 E ArmVmp : Match on catch block at 0xc3 in for 0x7eae978025
03-12 22:17:12.096 3480 3480 E ArmVmp : Match on catch block at 0xc3 in for 0x7eae978025
03-12 22:17:12.473 3480 3480 E ArmVmp : Match on catch block at 0xc3 in for 0x7eae978025
03-12 22:17:12.480 3480 3480 E ArmVmp : Match on catch block at 0xc3 in for 0x7eae978025
03-12 22:17:12.974 3480 3480 E ArmVmp : Match on catch block at 0xc3 in for 0x7eae978025
03-12 22:17:12.984 3480 3480 E ArmVmp : Match on catch block at 0xc3 in for 0x7eae978025
03-12 22:17:13.211 3480 3480 E ArmVmp : Match on catch block at 0xc3 in for 0x7eae978025
03-12 22:17:13.218 3480 3480 E ArmVmp : Match on catch block at 0xc3 in for 0x7eae978025
03-12 22:17:13.699 3480 3480 E ArmVmp : Match on catch block at 0xc3 in for 0x7eae978025
03-12 22:17:13.705 3480 3480 E ArmVmp : Match on catch block at 0xc3 in for 0x7eae978025
03-12 22:17:14.197 3480 3480 E ArmVmp : Match on catch block at 0xc3 in for 0x7eae978025
03-12 22:17:14.204 3480 3480 E ArmVmp : Match on catch block at 0xc3 in for 0x7eae978025
03-12 22:17:14.697 3480 3480 E ArmVmp : Match on catch block at 0xc3 in for 0x7eae978025
03-12 22:17:14.704 3480 3480 E ArmVmp : Match on catch block at 0xc3 in for 0x7eae978025
03-12 22:17:15.199 3480 3480 E ArmVmp : Match on catch block at 0xc3 in for 0x7eae978025
03-12 22:17:15.208 3480 3480 E ArmVmp : Match on catch block at 0xc3 in for 0x7eae978025
03-12 22:17:15.707 3480 3480 E ArmVmp : Match on catch block at 0xc3 in for 0x7eae978025
03-12 22:17:15.709 3480 3480 E ArmVmp : Match on catch block at 0xc3 in for 0x7eae978025
03-12 22:17:15.971 3480 3480 E ArmVmp : Match on catch block at 0xc3 in for 0x7eae978025
03-12 22:17:15.973 3480 3480 E ArmVmp : Match on catch block at 0xc3 in for 0x7eae978025
03-12 22:17:15.988 3480 3480 E ArmVmp : Match on catch block at 0xc3 in for 0x7eae978025
03-12 22:17:15.990 3480 3480 E ArmVmp : Match on catch block at 0xc3 in for 0x7eae978025
03-12 22:17:16.005 3480 3480 E ArmVmp : Match on catch block at 0xc3 in for 0x7eae978025
03-12 22:17:16.008 3480 3480 E ArmVmp : Match on catch block at 0xc3 in for 0x7eae978025
03-12 22:17:16.020 3480 3480 W Choreographer: Frame time is 0.178683 now = 57732352947748 timestampNanos = 57732353126431 ms in the future! Check that graphics HAL is generating vsync timestamps using the correct timebase.
03-12 22:17:16.021 3480 3480 E ArmVmp : Match on catch block at 0xc3 in for 0x7eae978025
03-12 22:17:16.023 3480 3480 E ArmVmp : Match on catch block at 0xc3 in for 0x7eae978025
03-12 22:17:16.038 3480 3480 E ArmVmp : Match on catch block at 0xc3 in for 0x7eae978025
03-12 22:17:16.040 3480 3480 E ArmVmp : Match on catch block at 0xc3 in for 0x7eae978025
03-12 22:17:16.057 3480 3480 E ArmVmp : Match on catch block at 0xc3 in for 0x7eae978025
03-12 22:17:16.062 3480 3480 E ArmVmp : Match on catch block at 0xc3 in for 0x7eae978025
03-12 22:17:16.072 3480 3480 E ArmVmp : Match on catch block at 0xc3 in for 0x7eae978025
03-12 22:17:16.074 3480 3480 E ArmVmp : Match on catch block at 0xc3 in for 0x7eae978025
03-12 22:17:16.437 3480 3480 E ArmVmp : Match on catch block at 0xc3 in for 0x7eae978025
03-12 22:17:16.440 3480 3480 E ArmVmp : Match on catch block at 0xc3 in for 0x7eae978025
03-12 22:17:16.485 3480 3480 W Choreographer: Frame time is 0.080206 now = 57732818293594 timestampNanos = 57732818373800 ms in the future! Check that graphics HAL is generating vsync timestamps using the correct timebase.
03-12 22:17:38.712 3480 3661 W com.mbwhatsapp: Accessing hidden method Landroid/app/MiuiNotification;-><init>()V (blocked, reflection, denied)
03-12 22:17:38.803 3480 3719 W com.mbwhatsapp: Accessing hidden field Landroid/app/Notification;->extraNotification:Landroid/app/MiuiNotification; (blocked, reflection, denied)
03-12 22:17:38.820 3480 3719 W com.mbwhatsapp: Accessing hidden field Landroid/app/Notification;->extraNotification:Landroid/app/MiuiNotification; (blocked, reflection, denied)
03-12 22:17:38.832 3480 3661 W com.mbwhatsapp: Accessing hidden method Landroid/app/MiuiNotification;-><init>()V (blocked, reflection, denied)
03-12 22:17:41.359 3480 3719 W com.mbwhatsapp: Accessing hidden field Landroid/app/Notification;->extraNotification:Landroid/app/MiuiNotification; (blocked, reflection, denied)
03-12 22:17:41.455 3480 3719 W com.mbwhatsapp: Accessing hidden field Landroid/app/Notification;->extraNotification:Landroid/app/MiuiNotification; (blocked, reflection, denied)
03-12 22:17:41.490 3480 3661 W com.mbwhatsapp: Accessing hidden method Landroid/app/MiuiNotification;-><init>()V (blocked, reflection, denied)
03-12 22:17:41.578 3480 3719 W com.mbwhatsapp: Accessing hidden field Landroid/app/Notification;->extraNotification:Landroid/app/MiuiNotification; (blocked, reflection, denied)
03-12 22:17:41.594 3480 3719 W com.mbwhatsapp: Accessing hidden field Landroid/app/Notification;->extraNotification:Landroid/app/MiuiNotification; (blocked, reflection, denied)
03-12 22:17:41.606 3480 3661 W com.mbwhatsapp: Accessing hidden method Landroid/app/MiuiNotification;-><init>()V (blocked, reflection, denied)
03-12 22:18:37.502 3480 3661 W com.mbwhatsapp: Accessing hidden method Landroid/app/MiuiNotification;-><init>()V (blocked, reflection, denied)
03-12 22:18:37.610 3480 3719 W com.mbwhatsapp: Accessing hidden field Landroid/app/Notification;->extraNotification:Landroid/app/MiuiNotification; (blocked, reflection, denied)
03-12 22:18:37.629 3480 3719 W com.mbwhatsapp: Accessing hidden field Landroid/app/Notification;->extraNotification:Landroid/app/MiuiNotification; (blocked, reflection, denied)
03-12 22:18:37.641 3480 3661 W com.mbwhatsapp: Accessing hidden method Landroid/app/MiuiNotification;-><init>()V (blocked, reflection, denied)
03-12 22:18:51.059 3480 3661 W com.mbwhatsapp: Accessing hidden method Landroid/app/MiuiNotification;-><init>()V (blocked, reflection, denied)
03-12 22:19:06.302 3480 3719 W com.mbwhatsapp: Accessing hidden field Landroid/app/Notification;->extraNotification:Landroid/app/MiuiNotification; (blocked, reflection, denied)
03-12 22:19:06.324 3480 3719 W com.mbwhatsapp: Accessing hidden field Landroid/app/Notification;->extraNotification:Landroid/app/MiuiNotification; (blocked, reflection, denied)
03-12 22:19:06.333 3480 3661 W com.mbwhatsapp: Accessing hidden method Landroid/app/MiuiNotification;-><init>()V (blocked, reflection, denied)
03-12 22:19:06.972 3480 3538 E SQLiteDatabase: Error inserting transferred=0 media_job_uuid=4f444958-7d7f-4de0-89dc-f31b49cf46a2 transcoded=0 gif_attribution=0 first_scan_length=3541 direct_path=/o1/v/t62.7118-24/f1/m236/up-oil-image-babcae3d- 3771-4170-a325-bf82ed5fdff7?ccb=9- 4&oh=01_AdSyQ5KGuwH1Qp9TXzEfYgTRdhqxJ_kwOOM6LTOfpMFsvg&oe=66189C5B&_nc_sid=000000 thumbnail_height_width_ratio=0.5138889 is_animated_sticker=0 file_hash=OXjiDH24O7P1B5x9HtxG/TvPu3e6LJkeDYZGbOSFDy8= file_path=null file_size=0 partial_media_hash=null face_x=0 face_y=0 height=375 trim_to=0 media_key_timestamp=1710299944000 message_url=https://mmg.whatsapp.net/o1/v/t62.7118-24/f1/m236/up-oil-image- babcae3d-3771-4170-a325-bf82ed5fdff7?ccb=9- 4&oh=01_AdSyQ5KGuwH1Qp9TXzEfYgTRdhqxJ_kwOOM6LTOfpMFsvg&oe=66189C5B&_nc_sid=000000&m ms3=true media_caption=null trim_from=0 mime_type=image/jpeg partial_media_enc_hash=null width=720 original_file_hash=null has_streaming_sidecar=1 autotransfer_retry_enabled=1 media_upload_handle=null message_row_id=1238 multicast_id=null enc_file_hash=6UmRVd5pYVSXzBQ/pJOeg5+hj73PeaspMX4iLEvox2E= mute_video=0 page_count=0 first_scan_sidecar=[B@bc662c3 suspicious_content=0 file_length=26644 media_name=null media_duration=0 chat_row_id=13 media_key=[B@b61a740
03-12 22:19:06.972 3480 3538 E SQLiteDatabase: android.database.sqlite.SQLiteConstraintException: UNIQUE constraint failed: message_media.message_row_id (code 1555 SQLITE_CONSTRAINT_PRIMARYKEY)
03-12 22:19:06.972 3480 3538 E SQLiteDatabase: at android.database.sqlite.SQLiteConnection.nativeExecuteForLastInsertedRowId(Native Method)
03-12 22:19:06.972 3480 3538 E SQLiteDatabase: at android.database.sqlite.SQLiteConnection.executeForLastInsertedRowId(SQLiteConnecti on.java:940)
03-12 22:19:06.972 3480 3538 E SQLiteDatabase: at android.database.sqlite.SQLiteSession.executeForLastInsertedRowId(SQLiteSession.jav a:790)
03-12 22:19:06.972 3480 3538 E SQLiteDatabase: at android.database.sqlite.SQLiteStatement.executeInsert(SQLiteStatement.java:89)
03-12 22:19:06.972 3480 3538 E SQLiteDatabase: at android.database.sqlite.SQLiteDatabase.insertWithOnConflict(SQLiteDatabase.java:170 2)
03-12 22:19:06.972 3480 3538 E SQLiteDatabase: at android.database.sqlite.SQLiteDatabase.insert(SQLiteDatabase.java:1571)
03-12 22:19:06.972 3480 3538 E SQLiteDatabase: at X.2tm.A08(Unknown Source:6)
03-12 22:19:06.972 3480 3538 E SQLiteDatabase: at X.35Y.A07(Unknown Source:212)
03-12 22:19:06.972 3480 3538 E SQLiteDatabase: at X.3QF.A14(Unknown Source:470)
03-12 22:19:06.972 3480 3538 E SQLiteDatabase: at X.3gU.run(Unknown Source:982)
03-12 22:19:06.972 3480 3538 E SQLiteDatabase: at android.os.Handler.handleCallback(Handler.java:938)
03-12 22:19:06.972 3480 3538 E SQLiteDatabase: at android.os.Handler.dispatchMessage(Handler.java:99)
03-12 22:19:06.972 3480 3538 E SQLiteDatabase: at X.0zq.dispatchMessage(Unknown Source:4)
03-12 22:19:06.972 3480 3538 E SQLiteDatabase: at android.os.Looper.loopOnce(Looper.java:210)
03-12 22:19:06.972 3480 3538 E SQLiteDatabase: at android.os.Looper.loop(Looper.java:299)
03-12 22:19:06.972 3480 3538 E SQLiteDatabase: at android.os.HandlerThread.run(HandlerThread.java:67)
03-12 22:19:08.817 3480 3719 W com.mbwhatsapp: Accessing hidden field Landroid/app/Notification;->extraNotification:Landroid/app/MiuiNotification; (blocked, reflection, denied)
03-12 22:19:08.832 3480 3719 W com.mbwhatsapp: Accessing hidden field Landroid/app/Notification;->extraNotification:Landroid/app/MiuiNotification; (blocked, reflection, denied)
03-12 22:19:08.851 3480 3661 W com.mbwhatsapp: Accessing hidden method Landroid/app/MiuiNotification;-><init>()V (blocked, reflection, denied)
03-12 22:19:17.569 3480 3719 W com.mbwhatsapp: Accessing hidden field Landroid/app/Notification;->extraNotification:Landroid/app/MiuiNotification; (blocked, reflection, denied)
03-12 22:19:17.590 3480 3719 W com.mbwhatsapp: Accessing hidden field Landroid/app/Notification;->extraNotification:Landroid/app/MiuiNotification; (blocked, reflection, denied)
03-12 22:19:17.603 3480 3661 W com.mbwhatsapp: Accessing hidden method Landroid/app/MiuiNotification;-><init>()V (blocked, reflection, denied)
03-12 22:19:35.389 3480 3661 W com.mbwhatsapp: Accessing hidden method Landroid/app/MiuiNotification;-><init>()V (blocked, reflection, denied)
03-12 22:19:35.470 3480 3719 W com.mbwhatsapp: Accessing hidden field Landroid/app/Notification;->extraNotification:Landroid/app/MiuiNotification; (blocked, reflection, denied)
03-12 22:19:35.483 3480 3719 W com.mbwhatsapp: Accessing hidden field Landroid/app/Notification;->extraNotification:Landroid/app/MiuiNotification; (blocked, reflection, denied)
03-12 22:19:35.495 3480 3661 W com.mbwhatsapp: Accessing hidden method Landroid/app/MiuiNotification;-><init>()V (blocked, reflection, denied)
03-12 22:20:37.491 3480 3661 W com.mbwhatsapp: Accessing hidden method Landroid/app/MiuiNotification;-><init>()V (blocked, reflection, denied)
03-12 22:20:37.608 3480 3719 W com.mbwhatsapp: Accessing hidden field Landroid/app/Notification;->extraNotification:Landroid/app/MiuiNotification; (blocked, reflection, denied)
03-12 22:20:37.623 3480 3719 W com.mbwhatsapp: Accessing hidden field Landroid/app/Notification;->extraNotification:Landroid/app/MiuiNotification; (blocked, reflection, denied)
03-12 22:20:37.631 3480 3661 W com.mbwhatsapp: Accessing hidden method Landroid/app/MiuiNotification;-><init>()V (blocked, reflection, denied)
03-12 22:21:32.005 3480 3661 W com.mbwhatsapp: Accessing hidden method Landroid/app/MiuiNotification;-><init>()V (blocked, reflection, denied)
03-12 22:21:55.382 3480 3661 W com.mbwhatsapp: Accessing hidden method Landroid/app/MiuiNotification;-><init>()V (blocked, reflection, denied)
03-12 22:21:55.536 3480 3719 W com.mbwhatsapp: Accessing hidden field Landroid/app/Notification;->extraNotification:Landroid/app/MiuiNotification; (blocked, reflection, denied)
03-12 22:21:55.581 3480 3719 W com.mbwhatsapp: Accessing hidden field Landroid/app/Notification;->extraNotification:Landroid/app/MiuiNotification; (blocked, reflection, denied)
03-12 22:21:55.619 3480 3661 W com.mbwhatsapp: Accessing hidden method Landroid/app/MiuiNotification;-><init>()V (blocked, reflection, denied)