02-10 08:00:08.354 8144 8158 E OpenGLRenderer: JankTracker::calculateLegacyJank expectedDequeueDuration > 0 expectedDequeueDuration=1589825, DequeueBufferDuration=5186980, forgiveAmount=1589825, totalDuration=9867017
02-10 08:00:08.371 8144 8158 E OpenGLRenderer: JankTracker::calculateLegacyJank expectedDequeueDuration > 0 expectedDequeueDuration=2085781, DequeueBufferDuration=5348593, forgiveAmount=2085781, totalDuration=8971460
02-10 08:00:08.385 8144 8158 E OpenGLRenderer: JankTracker::calculateLegacyJank expectedDequeueDuration > 0 expectedDequeueDuration=1317461, DequeueBufferDuration=6458698, forgiveAmount=1317461, totalDuration=13395130
02-10 08:00:08.418 8144 8158 E OpenGLRenderer: JankTracker::calculateLegacyJank expectedDequeueDuration > 0 expectedDequeueDuration=215975, DequeueBufferDuration=3160989, forgiveAmount=215975, totalDuration=10690185
02-10 08:00:08.435 8144 8158 E OpenGLRenderer: JankTracker::calculateLegacyJank expectedDequeueDuration > 0 expectedDequeueDuration=929376, DequeueBufferDuration=3082240, forgiveAmount=929376, totalDuration=12328330
02-10 08:00:08.453 8144 8158 E OpenGLRenderer: JankTracker::calculateLegacyJank expectedDequeueDuration > 0 expectedDequeueDuration=482380, DequeueBufferDuration=3156302, forgiveAmount=482380, totalDuration=13163053
02-10 08:00:08.487 8144 8158 E OpenGLRenderer: JankTracker::calculateLegacyJank expectedDequeueDuration > 0 expectedDequeueDuration=305899, DequeueBufferDuration=4588438, forgiveAmount=305899, totalDuration=15213463
02-10 08:00:08.536 8144 8158 E OpenGLRenderer: JankTracker::calculateLegacyJank expectedDequeueDuration > 0 expectedDequeueDuration=648324, DequeueBufferDuration=3936511, forgiveAmount=648324, totalDuration=12752935
02-10 08:00:08.553 8144 8158 E OpenGLRenderer: JankTracker::calculateLegacyJank expectedDequeueDuration > 0 expectedDequeueDuration=537051, DequeueBufferDuration=2824531, forgiveAmount=537051, totalDuration=11535586
02-10 08:00:08.570 8144 8158 E OpenGLRenderer: JankTracker::calculateLegacyJank expectedDequeueDuration > 0 expectedDequeueDuration=1732199, DequeueBufferDuration=5583541, forgiveAmount=1732199, totalDuration=10965341
02-10 08:00:08.587 8144 8158 E OpenGLRenderer: JankTracker::calculateLegacyJank expectedDequeueDuration > 0 expectedDequeueDuration=1454364, DequeueBufferDuration=5918958, forgiveAmount=1454364, totalDuration=10648876
02-10 08:00:08.602 8144 8158 E OpenGLRenderer: JankTracker::calculateLegacyJank expectedDequeueDuration > 0 expectedDequeueDuration=1872247, DequeueBufferDuration=7052916, forgiveAmount=1872247, totalDuration=12531027
02-10 08:00:08.619 8144 8158 E OpenGLRenderer: JankTracker::calculateLegacyJank expectedDequeueDuration > 0 expectedDequeueDuration=935163, DequeueBufferDuration=6310521, forgiveAmount=935163, totalDuration=13178215
02-10 08:00:08.635 8144 8158 E OpenGLRenderer: JankTracker::calculateLegacyJank expectedDequeueDuration > 0 expectedDequeueDuration=1938721, DequeueBufferDuration=4914531, forgiveAmount=1938721, totalDuration=9185943
02-10 08:00:08.651 8144 8158 E OpenGLRenderer: JankTracker::calculateLegacyJank expectedDequeueDuration > 0 expectedDequeueDuration=1338501, DequeueBufferDuration=5122968, forgiveAmount=1338501, totalDuration=10239196
02-10 08:00:08.703 8144 8158 E OpenGLRenderer: JankTracker::calculateLegacyJank expectedDequeueDuration > 0 expectedDequeueDuration=86342, DequeueBufferDuration=3109688, forgiveAmount=86342, totalDuration=11964816
02-10 08:00:08.717 8144 8158 E OpenGLRenderer: JankTracker::calculateLegacyJank expectedDequeueDuration > 0 expectedDequeueDuration=419106, DequeueBufferDuration=1699218, forgiveAmount=419106, totalDuration=10573768
02-10 08:00:08.737 8144 8158 E OpenGLRenderer: JankTracker::calculateLegacyJank expectedDequeueDuration > 0 expectedDequeueDuration=225144, DequeueBufferDuration=4705677, forgiveAmount=225144, totalDuration=19525910
02-10 08:00:08.768 8144 8158 E OpenGLRenderer: JankTracker::calculateLegacyJank expectedDequeueDuration > 0 expectedDequeueDuration=392546, DequeueBufferDuration=4832865, forgiveAmount=392546, totalDuration=11518554
02-10 08:00:08.787 8144 8158 E OpenGLRenderer: JankTracker::calculateLegacyJank expectedDequeueDuration > 0 expectedDequeueDuration=1282176, DequeueBufferDuration=5078698, forgiveAmount=1282176, totalDuration=9960075
02-10 08:00:08.804 8144 8158 E OpenGLRenderer: JankTracker::calculateLegacyJank expectedDequeueDuration > 0 expectedDequeueDuration=1923777, DequeueBufferDuration=4994063, forgiveAmount=1923777, totalDuration=9279424
02-10 08:00:08.821 8144 8158 E OpenGLRenderer: JankTracker::calculateLegacyJank expectedDequeueDuration > 0 expectedDequeueDuration=1783213, DequeueBufferDuration=6330625, forgiveAmount=1783213, totalDuration=11051804
02-10 08:00:08.839 8144 8158 E OpenGLRenderer: JankTracker::calculateLegacyJank expectedDequeueDuration > 0 expectedDequeueDuration=1248021, DequeueBufferDuration=6827083, forgiveAmount=1248021, totalDuration=14891979
02-10 08:00:08.852 8144 8158 E OpenGLRenderer: JankTracker::calculateLegacyJank expectedDequeueDuration > 0 expectedDequeueDuration=313683, DequeueBufferDuration=5899167, forgiveAmount=313683, totalDuration=13365966
02-10 08:00:08.874 8144 8158 E OpenGLRenderer: JankTracker::calculateLegacyJank expectedDequeueDuration > 0 expectedDequeueDuration=572738, DequeueBufferDuration=7313750, forgiveAmount=572738, totalDuration=19341712
02-10 08:00:08.901 8144 8158 E OpenGLRenderer: JankTracker::calculateLegacyJank expectedDequeueDuration > 0 expectedDequeueDuration=1392635, DequeueBufferDuration=3995937, forgiveAmount=1392635, totalDuration=11849417
02-10 08:00:08.920 8144 8158 E OpenGLRenderer: JankTracker::calculateLegacyJank expectedDequeueDuration > 0 expectedDequeueDuration=704340, DequeueBufferDuration=2961615, forgiveAmount=704340, totalDuration=10640278
02-10 08:00:08.939 8144 8158 E OpenGLRenderer: JankTracker::calculateLegacyJank expectedDequeueDuration > 0 expectedDequeueDuration=1891936, DequeueBufferDuration=4982344, forgiveAmount=1891936, totalDuration=10146545
02-10 08:00:08.952 8144 8158 E OpenGLRenderer: JankTracker::calculateLegacyJank expectedDequeueDuration > 0 expectedDequeueDuration=1224192, DequeueBufferDuration=5979218, forgiveAmount=1224192, totalDuration=11183648
02-10 08:00:08.969 8144 8158 E OpenGLRenderer: JankTracker::calculateLegacyJank expectedDequeueDuration > 0 expectedDequeueDuration=2001456, DequeueBufferDuration=7134739, forgiveAmount=2001456, totalDuration=11838130
02-10 08:00:09.007 8144 8158 E OpenGLRenderer: JankTracker::calculateLegacyJank expectedDequeueDuration > 0 expectedDequeueDuration=1840804, DequeueBufferDuration=5265989, forgiveAmount=1840804, totalDuration=10400892
02-10 08:00:09.017 8144 8158 E OpenGLRenderer: JankTracker::calculateLegacyJank expectedDequeueDuration > 0 expectedDequeueDuration=2074916, DequeueBufferDuration=6048542, forgiveAmount=2074916, totalDuration=10676627
02-10 08:00:09.033 8144 8158 E OpenGLRenderer: JankTracker::calculateLegacyJank expectedDequeueDuration > 0 expectedDequeueDuration=895217, DequeueBufferDuration=5989062, forgiveAmount=895217, totalDuration=11668056
02-10 08:00:09.051 8144 8158 E OpenGLRenderer: JankTracker::calculateLegacyJank expectedDequeueDuration > 0 expectedDequeueDuration=2415061, DequeueBufferDuration=3974844, forgiveAmount=2415061, totalDuration=5773785
02-10 08:00:09.077 8144 8413 E OpenGLRenderer: JankTracker::calculateLegacyJank expectedDequeueDuration > 0 expectedDequeueDuration=2193923, DequeueBufferDuration=3409532, forgiveAmount=2193923, totalDuration=5935800
02-10 08:00:09.081 8144 9450 E Surface : freeAllBuffers: 12 buffers were freed while being dequeued!
02-10 08:00:13.700 8144 8158 E OpenGLRenderer: JankTracker::calculateLegacyJank expectedDequeueDuration > 0 expectedDequeueDuration=1325467, DequeueBufferDuration=6189636, forgiveAmount=1325467, totalDuration=12346097
02-10 08:00:13.718 8144 8158 E OpenGLRenderer: JankTracker::calculateLegacyJank expectedDequeueDuration > 0 expectedDequeueDuration=1413914, DequeueBufferDuration=4902396, forgiveAmount=1413914, totalDuration=9946130
02-10 08:00:13.734 8144 8158 E OpenGLRenderer: JankTracker::calculateLegacyJank expectedDequeueDuration > 0 expectedDequeueDuration=1797097, DequeueBufferDuration=3187135, forgiveAmount=1797097, totalDuration=7317109
02-10 08:00:13.750 8144 8158 E OpenGLRenderer: JankTracker::calculateLegacyJank expectedDequeueDuration > 0 expectedDequeueDuration=1656067, DequeueBufferDuration=3908230, forgiveAmount=1656067, totalDuration=7450470
02-10 08:00:13.765 8144 8158 E OpenGLRenderer: JankTracker::calculateLegacyJank expectedDequeueDuration > 0 expectedDequeueDuration=2080012, DequeueBufferDuration=3771198, forgiveAmount=2080012, totalDuration=7051330
02-10 08:00:13.782 8144 8158 E OpenGLRenderer: JankTracker::calculateLegacyJank expectedDequeueDuration > 0 expectedDequeueDuration=624341, DequeueBufferDuration=2404010, forgiveAmount=624341, totalDuration=8389496
02-10 08:00:13.799 8144 8158 E OpenGLRenderer: JankTracker::calculateLegacyJank expectedDequeueDuration > 0 expectedDequeueDuration=1993452, DequeueBufferDuration=2035208, forgiveAmount=1993452, totalDuration=4922419
02-10 08:00:13.815 8144 8158 E OpenGLRenderer: JankTracker::calculateLegacyJank expectedDequeueDuration > 0 expectedDequeueDuration=1403027, DequeueBufferDuration=1358750, forgiveAmount=1358750, totalDuration=7364161
02-10 08:00:13.831 8144 8158 E OpenGLRenderer: JankTracker::calculateLegacyJank expectedDequeueDuration > 0 expectedDequeueDuration=1195319, DequeueBufferDuration=1039167, forgiveAmount=1039167, totalDuration=7905566
02-10 08:00:13.849 8144 8158 E OpenGLRenderer: JankTracker::calculateLegacyJank expectedDequeueDuration > 0 expectedDequeueDuration=1076396, DequeueBufferDuration=1722761, forgiveAmount=1076396, totalDuration=8269812
02-10 08:00:13.867 8144 8158 E OpenGLRenderer: JankTracker::calculateLegacyJank expectedDequeueDuration > 0 expectedDequeueDuration=513548, DequeueBufferDuration=1080416, forgiveAmount=513548, totalDuration=9269674
02-10 08:00:13.899 8144 8158 E OpenGLRenderer: JankTracker::calculateLegacyJank expectedDequeueDuration > 0 expectedDequeueDuration=1039116, DequeueBufferDuration=2012135, forgiveAmount=1039116, totalDuration=9005258
02-10 08:00:13.915 8144 8158 E OpenGLRenderer: JankTracker::calculateLegacyJank expectedDequeueDuration > 0 expectedDequeueDuration=25777, DequeueBufferDuration=917708, forgiveAmount=25777, totalDuration=9241832
02-10 08:00:13.933 8144 8158 E OpenGLRenderer: JankTracker::calculateLegacyJank expectedDequeueDuration > 0 expectedDequeueDuration=963513, DequeueBufferDuration=1813385, forgiveAmount=963513, totalDuration=8884276
02-10 08:00:13.948 8144 8158 E OpenGLRenderer: JankTracker::calculateLegacyJank expectedDequeueDuration > 0 expectedDequeueDuration=893803, DequeueBufferDuration=1861198, forgiveAmount=893803, totalDuration=8889634
02-10 08:00:14.031 8144 8158 E OpenGLRenderer: JankTracker::calculateLegacyJank expectedDequeueDuration > 0 expectedDequeueDuration=1211892, DequeueBufferDuration=710469, forgiveAmount=710469, totalDuration=8167691
02-10 08:00:14.048 8144 8158 E OpenGLRenderer: JankTracker::calculateLegacyJank expectedDequeueDuration > 0 expectedDequeueDuration=1403145, DequeueBufferDuration=1153854, forgiveAmount=1153854, totalDuration=7681647
02-10 08:00:14.066 8144 8158 E OpenGLRenderer: JankTracker::calculateLegacyJank expectedDequeueDuration > 0 expectedDequeueDuration=1646520, DequeueBufferDuration=1135937, forgiveAmount=1135937, totalDuration=7360720
02-10 08:00:14.084 8144 8158 E OpenGLRenderer: JankTracker::calculateLegacyJank expectedDequeueDuration > 0 expectedDequeueDuration=1060116, DequeueBufferDuration=773020, forgiveAmount=773020, totalDuration=8576604
02-10 08:00:14.103 8144 8158 E OpenGLRenderer: JankTracker::calculateLegacyJank expectedDequeueDuration > 0 expectedDequeueDuration=996637, DequeueBufferDuration=2015730, forgiveAmount=996637, totalDuration=9693704
02-10 08:00:14.151 8144 8158 E OpenGLRenderer: JankTracker::calculateLegacyJank expectedDequeueDuration > 0 expectedDequeueDuration=640280, DequeueBufferDuration=689271, forgiveAmount=640280, totalDuration=7985795
02-10 08:00:14.165 8144 8158 E OpenGLRenderer: JankTracker::calculateLegacyJank expectedDequeueDuration > 0 expectedDequeueDuration=1751072, DequeueBufferDuration=1070416, forgiveAmount=1070416, totalDuration=6501116
02-10 08:00:14.198 8144 8158 E OpenGLRenderer: JankTracker::calculateLegacyJank expectedDequeueDuration > 0 expectedDequeueDuration=964800, DequeueBufferDuration=1762344, forgiveAmount=964800, totalDuration=9359150
02-10 08:00:14.232 8144 8158 E OpenGLRenderer: JankTracker::calculateLegacyJank expectedDequeueDuration > 0 expectedDequeueDuration=1646488, DequeueBufferDuration=1147709, forgiveAmount=1147709, totalDuration=7547054
02-10 08:00:14.251 8144 8158 E OpenGLRenderer: JankTracker::calculateLegacyJank expectedDequeueDuration > 0 expectedDequeueDuration=581458, DequeueBufferDuration=1511667, forgiveAmount=581458, totalDuration=8793595
02-10 08:00:14.267 8144 8158 E OpenGLRenderer: JankTracker::calculateLegacyJank expectedDequeueDuration > 0 expectedDequeueDuration=735262, DequeueBufferDuration=1134583, forgiveAmount=735262, totalDuration=9528330
02-10 08:00:14.283 8144 8158 E OpenGLRenderer: JankTracker::calculateLegacyJank expectedDequeueDuration > 0 expectedDequeueDuration=525942, DequeueBufferDuration=2767292, forgiveAmount=525942, totalDuration=12501866
02-10 08:00:14.299 8144 8158 E OpenGLRenderer: JankTracker::calculateLegacyJank expectedDequeueDuration > 0 expectedDequeueDuration=393054, DequeueBufferDuration=1332916, forgiveAmount=393054, totalDuration=12779309
02-10 08:00:14.365 8144 8158 E OpenGLRenderer: JankTracker::calculateLegacyJank expectedDequeueDuration > 0 expectedDequeueDuration=2166107, DequeueBufferDuration=3200260, forgiveAmount=2166107, totalDuration=4792733
02-10 08:00:14.381 8144 8413 E OpenGLRenderer: JankTracker::calculateLegacyJank expectedDequeueDuration > 0 expectedDequeueDuration=1764986, DequeueBufferDuration=1963959, forgiveAmount=1764986, totalDuration=4473621
02-10 08:00:14.514 8144 8158 E OpenGLRenderer: JankTracker::calculateLegacyJank expectedDequeueDuration > 0 expectedDequeueDuration=910458, DequeueBufferDuration=1763646, forgiveAmount=910458, totalDuration=7998095
02-10 08:00:14.531 8144 8158 E OpenGLRenderer: JankTracker::calculateLegacyJank expectedDequeueDuration > 0 expectedDequeueDuration=949095, DequeueBufferDuration=634844, forgiveAmount=634844, totalDuration=7216530
02-10 08:00:14.540 8144 9479 E Surface : freeAllBuffers: 12 buffers were freed while being dequeued!
02-10 08:00:14.564 8144 8622 E OpenGLRenderer: JankTracker::calculateLegacyJank expectedDequeueDuration > 0 expectedDequeueDuration=1123606, DequeueBufferDuration=1057813, forgiveAmount=1057813, totalDuration=7238268
02-10 08:00:14.616 8144 8637 E OpenGLRenderer: JankTracker::calculateLegacyJank expectedDequeueDuration > 0 expectedDequeueDuration=2056047, DequeueBufferDuration=951042, forgiveAmount=951042, totalDuration=4758588
02-10 08:00:14.631 8144 8637 E OpenGLRenderer: JankTracker::calculateLegacyJank expectedDequeueDuration > 0 expectedDequeueDuration=1794186, DequeueBufferDuration=1109532, forgiveAmount=1109532, totalDuration=4795708
02-10 08:00:14.648 8144 8637 E OpenGLRenderer: JankTracker::calculateLegacyJank expectedDequeueDuration > 0 expectedDequeueDuration=1522650, DequeueBufferDuration=3002760, forgiveAmount=1522650, totalDuration=7476680
02-10 08:00:14.665 8144 8637 E OpenGLRenderer: JankTracker::calculateLegacyJank expectedDequeueDuration > 0 expectedDequeueDuration=1590406, DequeueBufferDuration=1549271, forgiveAmount=1549271, totalDuration=6197406
02-10 08:00:14.682 8144 8637 E OpenGLRenderer: JankTracker::calculateLegacyJank expectedDequeueDuration > 0 expectedDequeueDuration=1996606, DequeueBufferDuration=1447657, forgiveAmount=1447657, totalDuration=4890217
02-10 08:00:14.699 8144 8637 E OpenGLRenderer: JankTracker::calculateLegacyJank expectedDequeueDuration > 0 expectedDequeueDuration=1797085, DequeueBufferDuration=1406094, forgiveAmount=1406094, totalDuration=5015415
02-10 08:00:14.714 8144 8637 E OpenGLRenderer: JankTracker::calculateLegacyJank expectedDequeueDuration > 0 expectedDequeueDuration=1578350, DequeueBufferDuration=1296771, forgiveAmount=1296771, totalDuration=5126232
02-10 08:00:14.732 8144 8637 E OpenGLRenderer: JankTracker::calculateLegacyJank expectedDequeueDuration > 0 expectedDequeueDuration=438209, DequeueBufferDuration=746406, forgiveAmount=438209, totalDuration=7586550
02-10 08:00:14.750 8144 8637 E OpenGLRenderer: JankTracker::calculateLegacyJank expectedDequeueDuration > 0 expectedDequeueDuration=2218242, DequeueBufferDuration=1310208, forgiveAmount=1310208, totalDuration=6045977
02-10 08:00:14.765 8144 8637 E OpenGLRenderer: JankTracker::calculateLegacyJank expectedDequeueDuration > 0 expectedDequeueDuration=783601, DequeueBufferDuration=1304063, forgiveAmount=783601, totalDuration=7718579
02-10 08:00:14.781 8144 8637 E OpenGLRenderer: JankTracker::calculateLegacyJank expectedDequeueDuration > 0 expectedDequeueDuration=2141986, DequeueBufferDuration=3704896, forgiveAmount=2141986, totalDuration=5593840
02-10 08:00:14.800 8144 8637 E OpenGLRenderer: JankTracker::calculateLegacyJank expectedDequeueDuration > 0 expectedDequeueDuration=2209006, DequeueBufferDuration=1364167, forgiveAmount=1364167, totalDuration=4485421
02-10 08:00:14.815 8144 8637 E OpenGLRenderer: JankTracker::calculateLegacyJank expectedDequeueDuration > 0 expectedDequeueDuration=1878288, DequeueBufferDuration=1240313, forgiveAmount=1240313, totalDuration=4555305
02-10 08:00:14.832 8144 8637 E OpenGLRenderer: JankTracker::calculateLegacyJank expectedDequeueDuration > 0 expectedDequeueDuration=1833904, DequeueBufferDuration=2083855, forgiveAmount=1833904, totalDuration=4810942
02-10 08:00:14.848 8144 8637 E OpenGLRenderer: JankTracker::calculateLegacyJank expectedDequeueDuration > 0 expectedDequeueDuration=1782777, DequeueBufferDuration=1780937, forgiveAmount=1780937, totalDuration=5111182
02-10 08:00:14.866 8144 8637 E OpenGLRenderer: JankTracker::calculateLegacyJank expectedDequeueDuration > 0 expectedDequeueDuration=1523899, DequeueBufferDuration=1475313, forgiveAmount=1475313, totalDuration=5123809
02-10 08:00:14.882 8144 8637 E OpenGLRenderer: JankTracker::calculateLegacyJank expectedDequeueDuration > 0 expectedDequeueDuration=2136283, DequeueBufferDuration=1433645, forgiveAmount=1433645, totalDuration=5049707
02-10 08:00:14.899 8144 8637 E OpenGLRenderer: JankTracker::calculateLegacyJank expectedDequeueDuration > 0 expectedDequeueDuration=1911561, DequeueBufferDuration=2195469, forgiveAmount=1911561, totalDuration=5012191
02-10 08:00:14.916 8144 8637 E OpenGLRenderer: JankTracker::calculateLegacyJank expectedDequeueDuration > 0 expectedDequeueDuration=1738521, DequeueBufferDuration=1378959, forgiveAmount=1378959, totalDuration=5286947
02-10 08:00:14.932 8144 8637 E OpenGLRenderer: JankTracker::calculateLegacyJank expectedDequeueDuration > 0 expectedDequeueDuration=1387236, DequeueBufferDuration=2150782, forgiveAmount=1387236, totalDuration=5589382
02-10 08:00:14.948 8144 8637 E OpenGLRenderer: JankTracker::calculateLegacyJank expectedDequeueDuration > 0 expectedDequeueDuration=2088598, DequeueBufferDuration=2453906, forgiveAmount=2088598, totalDuration=4911918
02-10 08:00:14.965 8144 8637 E OpenGLRenderer: JankTracker::calculateLegacyJank expectedDequeueDuration > 0 expectedDequeueDuration=2009402, DequeueBufferDuration=2177604, forgiveAmount=2009402, totalDuration=6036352
02-10 08:00:14.982 8144 8637 E OpenGLRenderer: JankTracker::calculateLegacyJank expectedDequeueDuration > 0 expectedDequeueDuration=1779694, DequeueBufferDuration=1430677, forgiveAmount=1430677, totalDuration=5181035
02-10 08:00:14.998 8144 8637 E OpenGLRenderer: JankTracker::calculateLegacyJank expectedDequeueDuration > 0 expectedDequeueDuration=1758952, DequeueBufferDuration=2061771, forgiveAmount=1758952, totalDuration=4998136
02-10 08:00:15.015 8144 8637 E OpenGLRenderer: JankTracker::calculateLegacyJank expectedDequeueDuration > 0 expectedDequeueDuration=1992710, DequeueBufferDuration=1922291, forgiveAmount=1922291, totalDuration=4624374
02-10 08:00:15.032 8144 8637 E OpenGLRenderer: JankTracker::calculateLegacyJank expectedDequeueDuration > 0 expectedDequeueDuration=1809194, DequeueBufferDuration=1914114, forgiveAmount=1809194, totalDuration=4666716
02-10 08:00:15.049 8144 8637 E OpenGLRenderer: JankTracker::calculateLegacyJank expectedDequeueDuration > 0 expectedDequeueDuration=1965830, DequeueBufferDuration=1965261, forgiveAmount=1965261, totalDuration=5314064
02-10 08:00:15.065 8144 8637 E OpenGLRenderer: JankTracker::calculateLegacyJank expectedDequeueDuration > 0 expectedDequeueDuration=1904538, DequeueBufferDuration=2449531, forgiveAmount=1904538, totalDuration=5679830
02-10 08:00:15.084 8144 8637 E OpenGLRenderer: JankTracker::calculateLegacyJank expectedDequeueDuration > 0 expectedDequeueDuration=1596485, DequeueBufferDuration=1984740, forgiveAmount=1596485, totalDuration=5272655
02-10 08:00:15.100 8144 8637 E OpenGLRenderer: JankTracker::calculateLegacyJank expectedDequeueDuration > 0 expectedDequeueDuration=1909236, DequeueBufferDuration=1370312, forgiveAmount=1370312, totalDuration=6360296
02-10 08:00:15.117 8144 8637 E OpenGLRenderer: JankTracker::calculateLegacyJank expectedDequeueDuration > 0 expectedDequeueDuration=835560, DequeueBufferDuration=2597344, forgiveAmount=835560, totalDuration=9521016
02-10 08:00:15.135 8144 8637 E OpenGLRenderer: JankTracker::calculateLegacyJank expectedDequeueDuration > 0 expectedDequeueDuration=767835, DequeueBufferDuration=2379010, forgiveAmount=767835, totalDuration=8877194
02-10 08:00:15.151 8144 8637 E OpenGLRenderer: JankTracker::calculateLegacyJank expectedDequeueDuration > 0 expectedDequeueDuration=417914, DequeueBufferDuration=2299011, forgiveAmount=417914, totalDuration=10168911
02-10 08:00:15.166 8144 8637 E OpenGLRenderer: JankTracker::calculateLegacyJank expectedDequeueDuration > 0 expectedDequeueDuration=96521, DequeueBufferDuration=3462865, forgiveAmount=96521, totalDuration=12022322
02-10 08:00:15.182 8144 8637 E OpenGLRenderer: JankTracker::calculateLegacyJank expectedDequeueDuration > 0 expectedDequeueDuration=755462, DequeueBufferDuration=3011823, forgiveAmount=755462, totalDuration=11146732
02-10 08:00:15.198 8144 8637 E OpenGLRenderer: JankTracker::calculateLegacyJank expectedDequeueDuration > 0 expectedDequeueDuration=1482407, DequeueBufferDuration=2186562, forgiveAmount=1482407, totalDuration=7168311
02-10 08:00:15.217 8144 8637 E OpenGLRenderer: JankTracker::calculateLegacyJank expectedDequeueDuration > 0 expectedDequeueDuration=1241634, DequeueBufferDuration=1288593, forgiveAmount=1241634, totalDuration=5637878
02-10 08:00:15.234 8144 8637 E OpenGLRenderer: JankTracker::calculateLegacyJank expectedDequeueDuration > 0 expectedDequeueDuration=1633181, DequeueBufferDuration=1016146, forgiveAmount=1016146, totalDuration=5701142
02-10 08:00:15.250 8144 8637 E OpenGLRenderer: JankTracker::calculateLegacyJank expectedDequeueDuration > 0 expectedDequeueDuration=842113, DequeueBufferDuration=2540781, forgiveAmount=842113, totalDuration=8626451
02-10 08:00:15.265 8144 8637 E OpenGLRenderer: JankTracker::calculateLegacyJank expectedDequeueDuration > 0 expectedDequeueDuration=308244, DequeueBufferDuration=2382812, forgiveAmount=308244, totalDuration=11908096
02-10 08:00:15.284 8144 8637 E OpenGLRenderer: JankTracker::calculateLegacyJank expectedDequeueDuration > 0 expectedDequeueDuration=431925, DequeueBufferDuration=1741250, forgiveAmount=431925, totalDuration=10065109
02-10 08:00:15.300 8144 8637 E OpenGLRenderer: JankTracker::calculateLegacyJank expectedDequeueDuration > 0 expectedDequeueDuration=1712934, DequeueBufferDuration=1891718, forgiveAmount=1712934, totalDuration=7074132
02-10 08:00:15.316 8144 8637 E OpenGLRenderer: JankTracker::calculateLegacyJank expectedDequeueDuration > 0 expectedDequeueDuration=440627, DequeueBufferDuration=2927917, forgiveAmount=440627, totalDuration=10509424
02-10 08:00:15.334 8144 8637 E OpenGLRenderer: JankTracker::calculateLegacyJank expectedDequeueDuration > 0 expectedDequeueDuration=233849, DequeueBufferDuration=2104687, forgiveAmount=233849, totalDuration=9939124
02-10 08:00:15.351 8144 8637 E OpenGLRenderer: JankTracker::calculateLegacyJank expectedDequeueDuration > 0 expectedDequeueDuration=1238614, DequeueBufferDuration=2290885, forgiveAmount=1238614, totalDuration=7702095
02-10 08:00:15.367 8144 8637 E OpenGLRenderer: JankTracker::calculateLegacyJank expectedDequeueDuration > 0 expectedDequeueDuration=501517, DequeueBufferDuration=2748959, forgiveAmount=501517, totalDuration=11182747
02-10 08:00:15.382 8144 8637 E OpenGLRenderer: JankTracker::calculateLegacyJank expectedDequeueDuration > 0 expectedDequeueDuration=861451, DequeueBufferDuration=3450938, forgiveAmount=861451, totalDuration=10496212
02-10 08:00:15.415 8144 8637 E OpenGLRenderer: JankTracker::calculateLegacyJank expectedDequeueDuration > 0 expectedDequeueDuration=521397, DequeueBufferDuration=610781, forgiveAmount=521397, totalDuration=8393092
02-10 08:00:17.099 8144 8144 E ArmVmp : Match on catch block at 0x0a in for 0x7630ce6035
02-10 08:00:17.106 8144 8144 E ArmVmp : Match on catch block at 0x0a in for 0x7630ce6035
02-10 08:00:17.264 8144 8144 E ArmVmp : Match on catch block at 0xc3 in for 0x7630ce6021
02-10 08:00:17.268 8144 8144 E ArmVmp : Match on catch block at 0xc3 in for 0x7630ce6021
02-10 08:00:17.649 8144 8144 E ArmVmp : Match on catch block at 0xc3 in for 0x7630ce6025
02-10 08:00:17.653 8144 8144 E ArmVmp : Match on catch block at 0xc3 in for 0x7630ce6025
02-10 08:00:17.806 8144 8144 E ArmVmp : Match on catch block at 0xc3 in for 0x7630ce6025
02-10 08:00:17.808 8144 8144 E ArmVmp : Match on catch block at 0xc3 in for 0x7630ce6025
02-10 08:00:17.921 8144 8144 E ArmVmp : Match on catch block at 0xc3 in for 0x7630ce6025
02-10 08:00:17.923 8144 8144 E ArmVmp : Match on catch block at 0xc3 in for 0x7630ce6025
02-10 08:00:17.942 8144 8144 E ArmVmp : Match on catch block at 0xc3 in for 0x7630ce6025
02-10 08:00:17.950 8144 8144 E ArmVmp : Match on catch block at 0xc3 in for 0x7630ce6025
02-10 08:00:17.973 8144 8144 E ArmVmp : Match on catch block at 0xc3 in for 0x7630ce6025
02-10 08:00:17.975 8144 8144 E ArmVmp : Match on catch block at 0xc3 in for 0x7630ce6025
02-10 08:00:17.985 8144 8144 E ArmVmp : Match on catch block at 0xc3 in for 0x7630ce6025
02-10 08:00:17.987 8144 8144 E ArmVmp : Match on catch block at 0xc3 in for 0x7630ce6025
02-10 08:00:17.997 8144 8144 E ArmVmp : Match on catch block at 0xc3 in for 0x7630ce6025
02-10 08:00:18.001 8144 8144 E ArmVmp : Match on catch block at 0xc3 in for 0x7630ce6025
02-10 08:00:18.030 8144 8144 E ArmVmp : Match on catch block at 0xc3 in for 0x7630ce6025
02-10 08:00:18.032 8144 8637 E OpenGLRenderer: JankTracker::calculateLegacyJank expectedDequeueDuration > 0 expectedDequeueDuration=1683873, DequeueBufferDuration=2356407, forgiveAmount=1683873, totalDuration=4355588
02-10 08:00:18.034 8144 8144 E ArmVmp : Match on catch block at 0xc3 in for 0x7630ce6025
02-10 08:00:18.047 8144 8144 E ArmVmp : Match on catch block at 0xc3 in for 0x7630ce6025
02-10 08:00:18.049 8144 8637 E OpenGLRenderer: JankTracker::calculateLegacyJank expectedDequeueDuration > 0 expectedDequeueDuration=1913688, DequeueBufferDuration=2247604, forgiveAmount=1913688, totalDuration=3448093
02-10 08:00:18.051 8144 8144 E ArmVmp : Match on catch block at 0xc3 in for 0x7630ce6025
02-10 08:00:18.064 8144 8144 E ArmVmp : Match on catch block at 0xc3 in for 0x7630ce6025
02-10 08:00:18.065 8144 8637 E OpenGLRenderer: JankTracker::calculateLegacyJank expectedDequeueDuration > 0 expectedDequeueDuration=2245339, DequeueBufferDuration=2958594, forgiveAmount=2245339, totalDuration=3863488
02-10 08:00:18.067 8144 8144 E ArmVmp : Match on catch block at 0xc3 in for 0x7630ce6025
02-10 08:00:18.081 8144 8144 E ArmVmp : Match on catch block at 0xc3 in for 0x7630ce6025
02-10 08:00:18.082 8144 8637 E OpenGLRenderer: JankTracker::calculateLegacyJank expectedDequeueDuration > 0 expectedDequeueDuration=2040048, DequeueBufferDuration=3001771, forgiveAmount=2040048, totalDuration=4554800
02-10 08:00:18.085 8144 8144 E ArmVmp : Match on catch block at 0xc3 in for 0x7630ce6025
02-10 08:00:18.097 8144 8144 E ArmVmp : Match on catch block at 0xc3 in for 0x7630ce6025
02-10 08:00:18.098 8144 8637 E OpenGLRenderer: JankTracker::calculateLegacyJank expectedDequeueDuration > 0 expectedDequeueDuration=1900043, DequeueBufferDuration=2708749, forgiveAmount=1900043, totalDuration=4623351
02-10 08:00:18.102 8144 8144 E ArmVmp : Match on catch block at 0xc3 in for 0x7630ce6025
02-10 08:00:18.114 8144 8144 E ArmVmp : Match on catch block at 0xc3 in for 0x7630ce6025
02-10 08:00:18.116 8144 8413 E OpenGLRenderer: JankTracker::calculateLegacyJank expectedDequeueDuration > 0 expectedDequeueDuration=1949915, DequeueBufferDuration=3436198, forgiveAmount=1949915, totalDuration=5062305
02-10 08:00:18.118 8144 8144 E ArmVmp : Match on catch block at 0xc3 in for 0x7630ce6025
02-10 08:00:18.131 8144 8144 E ArmVmp : Match on catch block at 0xc3 in for 0x7630ce6025
02-10 08:00:18.132 8144 8413 E OpenGLRenderer: JankTracker::calculateLegacyJank expectedDequeueDuration > 0 expectedDequeueDuration=1813176, DequeueBufferDuration=2936354, forgiveAmount=1813176, totalDuration=6470524
02-10 08:00:18.134 8144 8144 E ArmVmp : Match on catch block at 0xc3 in for 0x7630ce6025
02-10 08:00:18.148 8144 8413 E OpenGLRenderer: JankTracker::calculateLegacyJank expectedDequeueDuration > 0 expectedDequeueDuration=1872582, DequeueBufferDuration=3014531, forgiveAmount=1872582, totalDuration=6260982
02-10 08:00:18.150 8144 8144 E ArmVmp : Match on catch block at 0xc3 in for 0x7630ce6025
02-10 08:00:18.152 8144 8144 E ArmVmp : Match on catch block at 0xc3 in for 0x7630ce6025
02-10 08:00:18.166 8144 8637 E OpenGLRenderer: JankTracker::calculateLegacyJank expectedDequeueDuration > 0 expectedDequeueDuration=2310626, DequeueBufferDuration=3428386, forgiveAmount=2310626, totalDuration=4744998
02-10 08:00:18.167 8144 8144 E ArmVmp : Match on catch block at 0xc3 in for 0x7630ce6025
02-10 08:00:18.171 8144 8144 E ArmVmp : Match on catch block at 0xc3 in for 0x7630ce6025
02-10 08:00:18.181 8144 8144 E ArmVmp : Match on catch block at 0xc3 in for 0x7630ce6025
02-10 08:00:18.182 8144 8413 E OpenGLRenderer: JankTracker::calculateLegacyJank expectedDequeueDuration > 0 expectedDequeueDuration=1711885, DequeueBufferDuration=2411146, forgiveAmount=1711885, totalDuration=4955397
02-10 08:00:18.184 8144 8144 E ArmVmp : Match on catch block at 0xc3 in for 0x7630ce6025
02-10 08:00:18.197 8144 8144 E ArmVmp : Match on catch block at 0xc3 in for 0x7630ce6025
02-10 08:00:18.201 8144 8144 E ArmVmp : Match on catch block at 0xc3 in for 0x7630ce6025
02-10 08:00:18.214 8144 8144 E ArmVmp : Match on catch block at 0xc3 in for 0x7630ce6025
02-10 08:00:18.215 8144 8413 E OpenGLRenderer: JankTracker::calculateLegacyJank expectedDequeueDuration > 0 expectedDequeueDuration=1757569, DequeueBufferDuration=3320417, forgiveAmount=1757569, totalDuration=5358977
02-10 08:00:18.217 8144 8144 E ArmVmp : Match on catch block at 0xc3 in for 0x7630ce6025
02-10 08:00:18.231 8144 8144 E ArmVmp : Match on catch block at 0xc3 in for 0x7630ce6025
02-10 08:00:18.232 8144 8413 E OpenGLRenderer: JankTracker::calculateLegacyJank expectedDequeueDuration > 0 expectedDequeueDuration=1988950, DequeueBufferDuration=2784218, forgiveAmount=1988950, totalDuration=5796319
02-10 08:00:18.234 8144 8144 E ArmVmp : Match on catch block at 0xc3 in for 0x7630ce6025
02-10 08:00:18.247 8144 8144 E ArmVmp : Match on catch block at 0xc3 in for 0x7630ce6025
02-10 08:00:18.248 8144 8413 E OpenGLRenderer: JankTracker::calculateLegacyJank expectedDequeueDuration > 0 expectedDequeueDuration=2043445, DequeueBufferDuration=2973646, forgiveAmount=2043445, totalDuration=4530558
02-10 08:00:18.252 8144 8144 E ArmVmp : Match on catch block at 0xc3 in for 0x7630ce6025
02-10 08:00:18.264 8144 8144 E ArmVmp : Match on catch block at 0xc3 in for 0x7630ce6025
02-10 08:00:18.265 8144 8413 E OpenGLRenderer: JankTracker::calculateLegacyJank expectedDequeueDuration > 0 expectedDequeueDuration=1975518, DequeueBufferDuration=2746927, forgiveAmount=1975518, totalDuration=4417088
02-10 08:00:18.268 8144 8144 E ArmVmp : Match on catch block at 0xc3 in for 0x7630ce6025
02-10 08:00:18.281 8144 8144 E ArmVmp : Match on catch block at 0xc3 in for 0x7630ce6025
02-10 08:00:18.282 8144 8413 E OpenGLRenderer: JankTracker::calculateLegacyJank expectedDequeueDuration > 0 expectedDequeueDuration=1969805, DequeueBufferDuration=3216823, forgiveAmount=1969805, totalDuration=6458774
02-10 08:00:18.285 8144 8144 E ArmVmp : Match on catch block at 0xc3 in for 0x7630ce6025
02-10 08:00:18.297 8144 8144 E ArmVmp : Match on catch block at 0xc3 in for 0x7630ce6025
02-10 08:00:18.298 8144 8413 E OpenGLRenderer: JankTracker::calculateLegacyJank expectedDequeueDuration > 0 expectedDequeueDuration=2118233, DequeueBufferDuration=3267135, forgiveAmount=2118233, totalDuration=6055148
02-10 08:00:19.231 8144 8144 E ArmVmp : Match on catch block at 0xc3 in for 0x7630ce6025
02-10 08:00:19.236 8144 8144 E ArmVmp : Match on catch block at 0xc3 in for 0x7630ce6025
02-10 08:00:19.734 8144 8144 E ArmVmp : Match on catch block at 0xc3 in for 0x7630ce6025
02-10 08:00:19.743 8144 8144 E ArmVmp : Match on catch block at 0xc3 in for 0x7630ce6025
02-10 08:00:20.214 8144 8144 E ArmVmp : Match on catch block at 0xc3 in for 0x7630ce6025
02-10 08:00:20.220 8144 8144 E ArmVmp : Match on catch block at 0xc3 in for 0x7630ce6025
02-10 08:00:20.229 8144 8144 E ArmVmp : Match on catch block at 0xc3 in for 0x7630ce6025
02-10 08:00:20.234 8144 8144 E ArmVmp : Match on catch block at 0xc3 in for 0x7630ce6025
02-10 08:00:20.246 8144 8144 E ArmVmp : Match on catch block at 0xc3 in for 0x7630ce6025
02-10 08:00:20.249 8144 8144 E ArmVmp : Match on catch block at 0xc3 in for 0x7630ce6025
02-10 08:00:20.271 8144 8144 E ArmVmp : Match on catch block at 0xc3 in for 0x7630ce6025
02-10 08:00:20.278 8144 8144 E ArmVmp : Match on catch block at 0xc3 in for 0x7630ce6025
02-10 08:00:20.287 8144 8144 E ArmVmp : Match on catch block at 0xc3 in for 0x7630ce6025
02-10 08:00:20.290 8144 8144 E ArmVmp : Match on catch block at 0xc3 in for 0x7630ce6025
02-10 08:00:20.296 8144 8144 E ArmVmp : Match on catch block at 0xc3 in for 0x7630ce6025
02-10 08:00:20.299 8144 8144 E ArmVmp : Match on catch block at 0xc3 in for 0x7630ce6025
02-10 08:00:20.313 8144 8144 E ArmVmp : Match on catch block at 0xc3 in for 0x7630ce6025
02-10 08:00:20.316 8144 8144 E ArmVmp : Match on catch block at 0xc3 in for 0x7630ce6025
02-10 08:00:20.331 8144 8144 E ArmVmp : Match on catch block at 0xc3 in for 0x7630ce6025
02-10 08:00:20.335 8144 8144 E ArmVmp : Match on catch block at 0xc3 in for 0x7630ce6025
02-10 08:00:20.347 8144 8144 E ArmVmp : Match on catch block at 0xc3 in for 0x7630ce6025
02-10 08:00:20.351 8144 8144 E ArmVmp : Match on catch block at 0xc3 in for 0x7630ce6025
02-10 08:00:20.364 8144 8144 E ArmVmp : Match on catch block at 0xc3 in for 0x7630ce6025
02-10 08:00:20.368 8144 8144 E ArmVmp : Match on catch block at 0xc3 in for 0x7630ce6025
02-10 08:00:20.381 8144 8144 E ArmVmp : Match on catch block at 0xc3 in for 0x7630ce6025
02-10 08:00:20.385 8144 8144 E ArmVmp : Match on catch block at 0xc3 in for 0x7630ce6025
02-10 08:00:20.398 8144 8144 E ArmVmp : Match on catch block at 0xc3 in for 0x7630ce6025
02-10 08:00:20.401 8144 8144 E ArmVmp : Match on catch block at 0xc3 in for 0x7630ce6025
02-10 08:00:20.414 8144 8144 E ArmVmp : Match on catch block at 0xc3 in for 0x7630ce6025
02-10 08:00:20.418 8144 8144 E ArmVmp : Match on catch block at 0xc3 in for 0x7630ce6025
02-10 08:00:20.432 8144 8144 E ArmVmp : Match on catch block at 0xc3 in for 0x7630ce6025
02-10 08:00:20.435 8144 8144 E ArmVmp : Match on catch block at 0xc3 in for 0x7630ce6025
02-10 08:00:20.447 8144 8144 E ArmVmp : Match on catch block at 0xc3 in for 0x7630ce6025
02-10 08:00:20.451 8144 8144 E ArmVmp : Match on catch block at 0xc3 in for 0x7630ce6025
02-10 08:00:20.464 8144 8144 E ArmVmp : Match on catch block at 0xc3 in for 0x7630ce6025
02-10 08:00:20.469 8144 8144 E ArmVmp : Match on catch block at 0xc3 in for 0x7630ce6025
02-10 08:00:20.698 8144 8144 E ArmVmp : Match on catch block at 0xc3 in for 0x7630ce6025
02-10 08:00:20.701 8144 8144 E ArmVmp : Match on catch block at 0xc3 in for 0x7630ce6025
02-10 08:00:20.727 8144 8144 E ArmVmp : Match on catch block at 0xc3 in for 0x7630ce6025
02-10 08:00:20.730 8144 8144 E ArmVmp : Match on catch block at 0xc3 in for 0x7630ce6025
02-10 08:00:20.740 8144 8144 E ArmVmp : Match on catch block at 0xc3 in for 0x7630ce6025
02-10 08:00:20.743 8144 8144 E ArmVmp : Match on catch block at 0xc3 in for 0x7630ce6025
02-10 08:00:20.755 8144 8144 E ArmVmp : Match on catch block at 0xc3 in for 0x7630ce6025
02-10 08:00:20.757 8144 8144 E ArmVmp : Match on catch block at 0xc3 in for 0x7630ce6025
02-10 08:00:20.765 8144 8144 E ArmVmp : Match on catch block at 0xc3 in for 0x7630ce6025
02-10 08:00:20.769 8144 8144 E ArmVmp : Match on catch block at 0xc3 in for 0x7630ce6025
02-10 08:00:20.780 8144 8144 E ArmVmp : Match on catch block at 0xc3 in for 0x7630ce6025
02-10 08:00:20.785 8144 8144 E ArmVmp : Match on catch block at 0xc3 in for 0x7630ce6025
02-10 08:00:20.800 8144 8144 E ArmVmp : Match on catch block at 0xc3 in for 0x7630ce6025
02-10 08:00:20.802 8144 8144 E ArmVmp : Match on catch block at 0xc3 in for 0x7630ce6025
02-10 08:00:20.814 8144 8144 E ArmVmp : Match on catch block at 0xc3 in for 0x7630ce6025
02-10 08:00:20.823 8144 8144 E ArmVmp : Match on catch block at 0xc3 in for 0x7630ce6025
02-10 08:00:20.830 8144 8144 E ArmVmp : Match on catch block at 0xc3 in for 0x7630ce6025
02-10 08:00:20.834 8144 8144 E ArmVmp : Match on catch block at 0xc3 in for 0x7630ce6025
02-10 08:00:21.034 8144 8193 E SQLiteDatabase: Error inserting transferred=1 media_job_uuid=87c72c1e-f9f8-4b7a-992b-0af907cb08f1 transcoded=0 gif_attribution=0 first_scan_length=0 direct_path=/v/t62.7114- 24/35335482_693264759683676_8815388807835780843_n.enc?ccb=11- 4&oh=01_AdQVJqpbB9o7cCVQXHFrModg368ok0Lws7yKiClLwtEmkQ&oe=65EE33AF&_nc_sid=5e03e0 thumbnail_height_width_ratio=0.0 is_animated_sticker=0 file_hash=CX25fyol6KRc4EhqJCjyE0y1y51vVpRv7wgZbflRPJg= file_path=Media/MBWhatsApp Audio/Private/AUD-20240210-WA0000.mp3 file_size=365419 partial_media_hash=null face_x=0 face_y=0 height=0 trim_to=0 media_key_timestamp=1707526819000 message_url=*********************************************************************** *********************************************************************************** ********************************** media_caption=null trim_from=0 mime_type=audio/mpeg partial_media_enc_hash=null width=0 original_file_hash=null has_streaming_sidecar=0 autotransfer_retry_enabled=1 media_upload_handle=null message_row_id=142 multicast_id=null enc_file_hash=muULVfWJKclUoPp0CvP6mWHr9W7JOtAKMIksx2FjnLE= mute_video=0 page_count=0 first_scan_sidecar=null suspicious_content=0 file_length=365419 media_name=null media_duration=22 chat_row_id=8 media_key=[B@41965dd
02-10 08:00:21.034 8144 8193 E SQLiteDatabase: android.database.sqlite.SQLiteConstraintException: UNIQUE constraint failed: message_media.message_row_id (code 1555 SQLITE_CONSTRAINT_PRIMARYKEY)
02-10 08:00:21.034 8144 8193 E SQLiteDatabase: at android.database.sqlite.SQLiteConnection.nativeExecuteForLastInsertedRowId(Native Method)
02-10 08:00:21.034 8144 8193 E SQLiteDatabase: at android.database.sqlite.SQLiteConnection.executeForLastInsertedRowId(SQLiteConnecti on.java:985)
02-10 08:00:21.034 8144 8193 E SQLiteDatabase: at android.database.sqlite.SQLiteSession.executeForLastInsertedRowId(SQLiteSession.jav a:790)
02-10 08:00:21.034 8144 8193 E SQLiteDatabase: at android.database.sqlite.SQLiteStatement.executeInsert(SQLiteStatement.java:89)
02-10 08:00:21.034 8144 8193 E SQLiteDatabase: at android.database.sqlite.SQLiteDatabase.insertWithOnConflict(SQLiteDatabase.java:170 2)
02-10 08:00:21.034 8144 8193 E SQLiteDatabase: at android.database.sqlite.SQLiteDatabase.insert(SQLiteDatabase.java:1571)
02-10 08:00:21.034 8144 8193 E SQLiteDatabase: at X.2tm.A08(Unknown Source:6)
02-10 08:00:21.034 8144 8193 E SQLiteDatabase: at X.35Y.A07(Unknown Source:212)
02-10 08:00:21.034 8144 8193 E SQLiteDatabase: at X.3QF.A14(Unknown Source:470)
02-10 08:00:21.034 8144 8193 E SQLiteDatabase: at X.3gU.run(Unknown Source:982)
02-10 08:00:21.034 8144 8193 E SQLiteDatabase: at android.os.Handler.handleCallback(Handler.java:938)
02-10 08:00:21.034 8144 8193 E SQLiteDatabase: at android.os.Handler.dispatchMessage(Handler.java:99)
02-10 08:00:21.034 8144 8193 E SQLiteDatabase: at X.0zq.dispatchMessage(Unknown Source:4)
02-10 08:00:21.034 8144 8193 E SQLiteDatabase: at android.os.Looper.loopOnce(Looper.java:233)
02-10 08:00:21.034 8144 8193 E SQLiteDatabase: at android.os.Looper.loop(Looper.java:334)
02-10 08:00:21.034 8144 8193 E SQLiteDatabase: at android.os.HandlerThread.run(HandlerThread.java:67)
02-10 08:00:21.180 8144 8144 E ArmVmp : Match on catch block at 0xc3 in for 0x7630ce6025
02-10 08:00:21.188 8144 8144 E ArmVmp : Match on catch block at 0xc3 in for 0x7630ce6025
02-10 08:00:21.269 8144 8144 E ArmVmp : Match on catch block at 0xc3 in for 0x7630ce6025
02-10 08:00:21.271 8144 8144 E ArmVmp : Match on catch block at 0xc3 in for 0x7630ce6025
02-10 08:00:21.285 8144 8144 E ArmVmp : Match on catch block at 0xc3 in for 0x7630ce6025
02-10 08:00:21.287 8144 8144 E ArmVmp : Match on catch block at 0xc3 in for 0x7630ce6025
02-10 08:00:21.301 8144 8144 E ArmVmp : Match on catch block at 0xc3 in for 0x7630ce6025
02-10 08:00:21.303 8144 8144 E ArmVmp : Match on catch block at 0xc3 in for 0x7630ce6025
02-10 08:00:21.683 8144 8144 E ArmVmp : Match on catch block at 0xc3 in for 0x7630ce6025
02-10 08:00:21.692 8144 8144 E ArmVmp : Match on catch block at 0xc3 in for 0x7630ce6025
02-10 08:00:22.082 8144 8144 E ArmVmp : Match on catch block at 0xc3 in for 0x7630ce6025
02-10 08:00:22.086 8144 8144 E ArmVmp : Match on catch block at 0xc3 in for 0x7630ce6025
02-10 08:00:22.313 8144 8144 E ArmVmp : Match on catch block at 0xc3 in for 0x7630ce6025
02-10 08:00:22.316 8144 8144 E ArmVmp : Match on catch block at 0xc3 in for 0x7630ce6025
02-10 08:00:22.406 8144 8193 E SQLiteDatabase: Error inserting transferred=1 media_job_uuid=6e03d32a-4206-4710-93d1-63ca403f5f8c transcoded=0 gif_attribution=0 first_scan_length=5138 direct_path=/v/t62.15575- 24/19239080_905752931097347_7628679618199150999_n.enc?ccb=11- 4&oh=01_AdSppKilTTBmhalVkW5bwVrNR_hCW6Eg7htiPPSMkQQh-A&oe=65EE2667&_nc_sid=5e03e0 thumbnail_height_width_ratio=1.0 is_animated_sticker=1 file_hash=3a/fu8KdOECOde72ajEDXixuJy5X0vyCFonKYiTGW1E= file_path=Media/MBWhatsApp Stickers/STK-20240210-WA0001.webp file_size=418900 partial_media_hash=null face_x=0 face_y=0 height=64 trim_to=0 media_key_timestamp=1707440046000 message_url=*********************************************************************** *********************************************************************************** *********************************** media_caption=null trim_from=0 mime_type=image/webp partial_media_enc_hash=null width=64 original_file_hash=null has_streaming_sidecar=0 autotransfer_retry_enabled=1 media_upload_handle=null message_row_id=145 multicast_id=null enc_file_hash=wJqzDGnIGflRmx1xJoqSLSPa+4cx41eFMrfg3bzBXLg= mute_video=0 page_count=0 first_scan_sidecar=[B@39c20d suspicious_content=0 file_length=418900 media_name=null media_duration=0 chat_row_id=8 media_key=[B@4c5c5c2
02-10 08:00:22.406 8144 8193 E SQLiteDatabase: android.database.sqlite.SQLiteConstraintException: UNIQUE constraint failed: message_media.message_row_id (code 1555 SQLITE_CONSTRAINT_PRIMARYKEY)
02-10 08:00:22.406 8144 8193 E SQLiteDatabase: at android.database.sqlite.SQLiteConnection.nativeExecuteForLastInsertedRowId(Native Method)
02-10 08:00:22.406 8144 8193 E SQLiteDatabase: at android.database.sqlite.SQLiteConnection.executeForLastInsertedRowId(SQLiteConnecti on.java:985)
02-10 08:00:22.406 8144 8193 E SQLiteDatabase: at android.database.sqlite.SQLiteSession.executeForLastInsertedRowId(SQLiteSession.jav a:790)
02-10 08:00:22.406 8144 8193 E SQLiteDatabase: at android.database.sqlite.SQLiteStatement.executeInsert(SQLiteStatement.java:89)
02-10 08:00:22.406 8144 8193 E SQLiteDatabase: at android.database.sqlite.SQLiteDatabase.insertWithOnConflict(SQLiteDatabase.java:170 2)
02-10 08:00:22.406 8144 8193 E SQLiteDatabase: at android.database.sqlite.SQLiteDatabase.insert(SQLiteDatabase.java:1571)
02-10 08:00:22.406 8144 8193 E SQLiteDatabase: at X.2tm.A08(Unknown Source:6)
02-10 08:00:22.406 8144 8193 E SQLiteDatabase: at X.35Y.A07(Unknown Source:212)
02-10 08:00:22.406 8144 8193 E SQLiteDatabase: at X.3QF.A14(Unknown Source:470)
02-10 08:00:22.406 8144 8193 E SQLiteDatabase: at X.3gU.run(Unknown Source:982)
02-10 08:00:22.406 8144 8193 E SQLiteDatabase: at android.os.Handler.handleCallback(Handler.java:938)
02-10 08:00:22.406 8144 8193 E SQLiteDatabase: at android.os.Handler.dispatchMessage(Handler.java:99)
02-10 08:00:22.406 8144 8193 E SQLiteDatabase: at X.0zq.dispatchMessage(Unknown Source:4)
02-10 08:00:22.406 8144 8193 E SQLiteDatabase: at android.os.Looper.loopOnce(Looper.java:233)
02-10 08:00:22.406 8144 8193 E SQLiteDatabase: at android.os.Looper.loop(Looper.java:334)
02-10 08:00:22.406 8144 8193 E SQLiteDatabase: at android.os.HandlerThread.run(HandlerThread.java:67)
02-10 08:00:22.613 8144 8144 E ArmVmp : Match on catch block at 0xc3 in for 0x7630ce6025
02-10 08:00:22.618 8144 8144 E ArmVmp : Match on catch block at 0xc3 in for 0x7630ce6025
02-10 08:00:22.630 8144 8144 E ArmVmp : Match on catch block at 0xc3 in for 0x7630ce6025
02-10 08:00:22.633 8144 8144 E ArmVmp : Match on catch block at 0xc3 in for 0x7630ce6025
02-10 08:00:22.882 8144 8144 E ArmVmp : Match on catch block at 0xc3 in for 0x7630ce6025
02-10 08:00:22.885 8144 8144 E ArmVmp : Match on catch block at 0xc3 in for 0x7630ce6025
02-10 08:00:22.897 8144 8144 E ArmVmp : Match on catch block at 0xc3 in for 0x7630ce6025
02-10 08:00:22.900 8144 8144 E ArmVmp : Match on catch block at 0xc3 in for 0x7630ce6025
02-10 08:00:22.914 8144 8144 E ArmVmp : Match on catch block at 0xc3 in for 0x7630ce6025
02-10 08:00:22.917 8144 8144 E ArmVmp : Match on catch block at 0xc3 in for 0x7630ce6025
02-10 08:00:22.931 8144 8144 E ArmVmp : Match on catch block at 0xc3 in for 0x7630ce6025
02-10 08:00:22.933 8144 8144 E ArmVmp : Match on catch block at 0xc3 in for 0x7630ce6025
02-10 08:00:22.948 8144 8144 E ArmVmp : Match on catch block at 0xc3 in for 0x7630ce6025
02-10 08:00:22.952 8144 8144 E ArmVmp : Match on catch block at 0xc3 in for 0x7630ce6025
02-10 08:00:22.964 8144 8144 E ArmVmp : Match on catch block at 0xc3 in for 0x7630ce6025
02-10 08:00:22.968 8144 8144 E ArmVmp : Match on catch block at 0xc3 in for 0x7630ce6025
02-10 08:00:22.981 8144 8144 E ArmVmp : Match on catch block at 0xc3 in for 0x7630ce6025
02-10 08:00:22.984 8144 8144 E ArmVmp : Match on catch block at 0xc3 in for 0x7630ce6025
02-10 08:00:23.001 8144 8144 E ArmVmp : Match on catch block at 0xc3 in for 0x7630ce6025
02-10 08:00:23.010 8144 8144 E ArmVmp : Match on catch block at 0xc3 in for 0x7630ce6025
02-10 08:00:23.019 8144 8144 E ArmVmp : Match on catch block at 0xc3 in for 0x7630ce6025
02-10 08:00:23.022 8144 8144 E ArmVmp : Match on catch block at 0xc3 in for 0x7630ce6025
02-10 08:00:23.031 8144 8144 E ArmVmp : Match on catch block at 0xc3 in for 0x7630ce6025
02-10 08:00:23.033 8144 8144 E ArmVmp : Match on catch block at 0xc3 in for 0x7630ce6025
02-10 08:00:23.048 8144 8144 E ArmVmp : Match on catch block at 0xc3 in for 0x7630ce6025
02-10 08:00:23.052 8144 8144 E ArmVmp : Match on catch block at 0xc3 in for 0x7630ce6025
02-10 08:00:23.065 8144 8144 E ArmVmp : Match on catch block at 0xc3 in for 0x7630ce6025
02-10 08:00:23.073 8144 8144 E ArmVmp : Match on catch block at 0xc3 in for 0x7630ce6025
02-10 08:00:23.084 8144 8144 E ArmVmp : Match on catch block at 0xc3 in for 0x7630ce6025
02-10 08:00:23.089 8144 8144 E ArmVmp : Match on catch block at 0xc3 in for 0x7630ce6025
02-10 08:00:23.097 8144 8144 E ArmVmp : Match on catch block at 0xc3 in for 0x7630ce6025
02-10 08:00:23.104 8144 8144 E ArmVmp : Match on catch block at 0xc3 in for 0x7630ce6025
02-10 08:00:23.115 8144 8144 E ArmVmp : Match on catch block at 0xc3 in for 0x7630ce6025
02-10 08:00:23.120 8144 8144 E ArmVmp : Match on catch block at 0xc3 in for 0x7630ce6025
02-10 08:00:23.134 8144 8144 E ArmVmp : Match on catch block at 0xc3 in for 0x7630ce6025
02-10 08:00:23.137 8144 8144 E ArmVmp : Match on catch block at 0xc3 in for 0x7630ce6025
02-10 08:00:23.147 8144 8144 E ArmVmp : Match on catch block at 0xc3 in for 0x7630ce6025
02-10 08:00:23.151 8144 8144 E ArmVmp : Match on catch block at 0xc3 in for 0x7630ce6025
02-10 08:00:23.165 8144 8144 E ArmVmp : Match on catch block at 0xc3 in for 0x7630ce6025
02-10 08:00:23.169 8144 8144 E ArmVmp : Match on catch block at 0xc3 in for 0x7630ce6025
02-10 08:00:23.247 8144 8144 E ArmVmp : Match on catch block at 0xc3 in for 0x7630ce6025
02-10 08:00:23.251 8144 8144 E ArmVmp : Match on catch block at 0xc3 in for 0x7630ce6025
02-10 08:00:23.752 8144 8144 E ArmVmp : Match on catch block at 0xc3 in for 0x7630ce6025
02-10 08:00:23.763 8144 8144 E ArmVmp : Match on catch block at 0xc3 in for 0x7630ce6025
02-10 08:00:24.150 8144 8144 E ArmVmp : Match on catch block at 0xc3 in for 0x7630ce6025
02-10 08:00:24.156 8144 8144 E ArmVmp : Match on catch block at 0xc3 in for 0x7630ce6025
02-10 08:00:24.650 8144 8144 E ArmVmp : Match on catch block at 0xc3 in for 0x7630ce6025
