02-10 08:03:52.932 8144 10868 E OpenGLRenderer: JankTracker::calculateLegacyJank expectedDequeueDuration > 0 expectedDequeueDuration=395568, DequeueBufferDuration=552760, forgiveAmount=395568, totalDuration=8386781
02-10 08:03:52.950 8144 10868 E OpenGLRenderer: JankTracker::calculateLegacyJank expectedDequeueDuration > 0 expectedDequeueDuration=1010709, DequeueBufferDuration=1519427, forgiveAmount=1010709, totalDuration=7561758
02-10 08:03:53.503 8144 8637 E OpenGLRenderer: JankTracker::calculateLegacyJank expectedDequeueDuration > 0 expectedDequeueDuration=562318, DequeueBufferDuration=3942500, forgiveAmount=562318, totalDuration=14303020
02-10 08:03:53.533 8144 8637 E OpenGLRenderer: JankTracker::calculateLegacyJank expectedDequeueDuration > 0 expectedDequeueDuration=66474, DequeueBufferDuration=4960729, forgiveAmount=66474, totalDuration=14904031
02-10 08:03:53.584 8144 8637 E OpenGLRenderer: JankTracker::calculateLegacyJank expectedDequeueDuration > 0 expectedDequeueDuration=806182, DequeueBufferDuration=1305677, forgiveAmount=806182, totalDuration=9577115
02-10 08:03:53.600 8144 8637 E OpenGLRenderer: JankTracker::calculateLegacyJank expectedDequeueDuration > 0 expectedDequeueDuration=798603, DequeueBufferDuration=1559010, forgiveAmount=798603, totalDuration=14689617
02-10 08:03:53.734 8144 8637 E OpenGLRenderer: JankTracker::calculateLegacyJank expectedDequeueDuration > 0 expectedDequeueDuration=1124963, DequeueBufferDuration=1276406, forgiveAmount=1124963, totalDuration=9448511
02-10 08:03:53.749 8144 8637 E OpenGLRenderer: JankTracker::calculateLegacyJank expectedDequeueDuration > 0 expectedDequeueDuration=519265, DequeueBufferDuration=1953646, forgiveAmount=519265, totalDuration=11116001
02-10 08:03:53.765 8144 8637 E OpenGLRenderer: JankTracker::calculateLegacyJank expectedDequeueDuration > 0 expectedDequeueDuration=200602, DequeueBufferDuration=1952865, forgiveAmount=200602, totalDuration=11364005
02-10 08:03:53.783 8144 8637 E OpenGLRenderer: JankTracker::calculateLegacyJank expectedDequeueDuration > 0 expectedDequeueDuration=286055, DequeueBufferDuration=1160678, forgiveAmount=286055, totalDuration=10740077
02-10 08:03:53.799 8144 8637 E OpenGLRenderer: JankTracker::calculateLegacyJank expectedDequeueDuration > 0 expectedDequeueDuration=960122, DequeueBufferDuration=666250, forgiveAmount=666250, totalDuration=9435086
02-10 08:03:53.883 8144 8637 E OpenGLRenderer: JankTracker::calculateLegacyJank expectedDequeueDuration > 0 expectedDequeueDuration=234600, DequeueBufferDuration=1646614, forgiveAmount=234600, totalDuration=12717363
02-10 08:03:53.899 8144 8637 E OpenGLRenderer: JankTracker::calculateLegacyJank expectedDequeueDuration > 0 expectedDequeueDuration=90844, DequeueBufferDuration=2211927, forgiveAmount=90844, totalDuration=13358469
02-10 08:03:53.967 8144 8637 E OpenGLRenderer: JankTracker::calculateLegacyJank expectedDequeueDuration > 0 expectedDequeueDuration=645876, DequeueBufferDuration=630313, forgiveAmount=630313, totalDuration=8625477
02-10 08:03:54.019 8144 8637 E OpenGLRenderer: JankTracker::calculateLegacyJank expectedDequeueDuration > 0 expectedDequeueDuration=1010941, DequeueBufferDuration=3882083, forgiveAmount=1010941, totalDuration=11967076
02-10 08:03:54.035 8144 8637 E OpenGLRenderer: JankTracker::calculateLegacyJank expectedDequeueDuration > 0 expectedDequeueDuration=1097593, DequeueBufferDuration=6256927, forgiveAmount=1097593, totalDuration=14557105
02-10 08:03:54.052 8144 8637 E OpenGLRenderer: JankTracker::calculateLegacyJank expectedDequeueDuration > 0 expectedDequeueDuration=1549516, DequeueBufferDuration=4978438, forgiveAmount=1549516, totalDuration=11696542
02-10 08:03:54.075 8144 8637 E OpenGLRenderer: JankTracker::calculateLegacyJank expectedDequeueDuration > 0 expectedDequeueDuration=1024204, DequeueBufferDuration=4028802, forgiveAmount=1024204, totalDuration=12742894
02-10 08:03:54.084 8144 8637 E OpenGLRenderer: JankTracker::calculateLegacyJank expectedDequeueDuration > 0 expectedDequeueDuration=85580, DequeueBufferDuration=3362135, forgiveAmount=85580, totalDuration=17000090
02-10 08:03:54.099 8144 8637 E OpenGLRenderer: JankTracker::calculateLegacyJank expectedDequeueDuration > 0 expectedDequeueDuration=6682, DequeueBufferDuration=3820885, forgiveAmount=6682, totalDuration=16267054
02-10 08:03:54.153 8144 8637 E OpenGLRenderer: JankTracker::calculateLegacyJank expectedDequeueDuration > 0 expectedDequeueDuration=1581035, DequeueBufferDuration=4706146, forgiveAmount=1581035, totalDuration=11069596
02-10 08:03:54.167 8144 8637 E OpenGLRenderer: JankTracker::calculateLegacyJank expectedDequeueDuration > 0 expectedDequeueDuration=1159171, DequeueBufferDuration=3730833, forgiveAmount=1159171, totalDuration=10707649
02-10 08:03:54.201 8144 8637 E OpenGLRenderer: JankTracker::calculateLegacyJank expectedDequeueDuration > 0 expectedDequeueDuration=1334034, DequeueBufferDuration=3107605, forgiveAmount=1334034, totalDuration=9496672
02-10 08:03:54.218 8144 8637 E OpenGLRenderer: JankTracker::calculateLegacyJank expectedDequeueDuration > 0 expectedDequeueDuration=1433968, DequeueBufferDuration=4752969, forgiveAmount=1433968, totalDuration=11570606
02-10 08:03:54.236 8144 8637 E OpenGLRenderer: JankTracker::calculateLegacyJank expectedDequeueDuration > 0 expectedDequeueDuration=788475, DequeueBufferDuration=3231042, forgiveAmount=788475, totalDuration=10891384
02-10 08:03:54.249 8144 8637 E OpenGLRenderer: JankTracker::calculateLegacyJank expectedDequeueDuration > 0 expectedDequeueDuration=954575, DequeueBufferDuration=4262761, forgiveAmount=954575, totalDuration=12761735
02-10 08:03:54.266 8144 8637 E OpenGLRenderer: JankTracker::calculateLegacyJank expectedDequeueDuration > 0 expectedDequeueDuration=548749, DequeueBufferDuration=4822500, forgiveAmount=548749, totalDuration=15201929
02-10 08:03:54.616 8144 8637 E OpenGLRenderer: JankTracker::calculateLegacyJank expectedDequeueDuration > 0 expectedDequeueDuration=310711, DequeueBufferDuration=1234218, forgiveAmount=310711, totalDuration=11164776
02-10 08:03:54.748 8144 8637 E OpenGLRenderer: JankTracker::calculateLegacyJank expectedDequeueDuration > 0 expectedDequeueDuration=382081, DequeueBufferDuration=909011, forgiveAmount=382081, totalDuration=8386411
02-10 08:03:54.765 8144 8637 E OpenGLRenderer: JankTracker::calculateLegacyJank expectedDequeueDuration > 0 expectedDequeueDuration=157532, DequeueBufferDuration=1152188, forgiveAmount=157532, totalDuration=11635352
02-10 08:03:54.801 8144 8637 E OpenGLRenderer: JankTracker::calculateLegacyJank expectedDequeueDuration > 0 expectedDequeueDuration=1455647, DequeueBufferDuration=1226823, forgiveAmount=1226823, totalDuration=12779040
02-10 08:03:54.817 8144 8637 E OpenGLRenderer: JankTracker::calculateLegacyJank expectedDequeueDuration > 0 expectedDequeueDuration=621847, DequeueBufferDuration=2100938, forgiveAmount=621847, totalDuration=9795837
02-10 08:03:54.852 8144 8637 E OpenGLRenderer: JankTracker::calculateLegacyJank expectedDequeueDuration > 0 expectedDequeueDuration=36099, DequeueBufferDuration=2381979, forgiveAmount=36099, totalDuration=10736030
02-10 08:03:54.867 8144 8637 E OpenGLRenderer: JankTracker::calculateLegacyJank expectedDequeueDuration > 0 expectedDequeueDuration=383597, DequeueBufferDuration=3927812, forgiveAmount=383597, totalDuration=12402441
02-10 08:03:54.885 8144 8637 E OpenGLRenderer: JankTracker::calculateLegacyJank expectedDequeueDuration > 0 expectedDequeueDuration=135179, DequeueBufferDuration=3258906, forgiveAmount=135179, totalDuration=11274642
02-10 08:03:54.903 8144 8637 E OpenGLRenderer: JankTracker::calculateLegacyJank expectedDequeueDuration > 0 expectedDequeueDuration=1468268, DequeueBufferDuration=3680417, forgiveAmount=1468268, totalDuration=9975390
02-10 08:03:54.919 8144 8637 E OpenGLRenderer: JankTracker::calculateLegacyJank expectedDequeueDuration > 0 expectedDequeueDuration=666117, DequeueBufferDuration=3266927, forgiveAmount=666117, totalDuration=12228495
02-10 08:03:54.967 8144 8637 E OpenGLRenderer: JankTracker::calculateLegacyJank expectedDequeueDuration > 0 expectedDequeueDuration=999324, DequeueBufferDuration=965417, forgiveAmount=965417, totalDuration=7424843
02-10 08:03:54.983 8144 8637 E OpenGLRenderer: JankTracker::calculateLegacyJank expectedDequeueDuration > 0 expectedDequeueDuration=299556, DequeueBufferDuration=714792, forgiveAmount=299556, totalDuration=8603909
02-10 08:03:55.021 8144 8637 E OpenGLRenderer: JankTracker::calculateLegacyJank expectedDequeueDuration > 0 expectedDequeueDuration=986912, DequeueBufferDuration=1957344, forgiveAmount=986912, totalDuration=8858623
02-10 08:03:55.034 8144 8637 E OpenGLRenderer: JankTracker::calculateLegacyJank expectedDequeueDuration > 0 expectedDequeueDuration=627652, DequeueBufferDuration=1247500, forgiveAmount=627652, totalDuration=8850894
02-10 08:03:55.116 8144 10868 E OpenGLRenderer: JankTracker::calculateLegacyJank expectedDequeueDuration > 0 expectedDequeueDuration=1534369, DequeueBufferDuration=3190625, forgiveAmount=1534369, totalDuration=8905168
02-10 08:03:55.132 8144 10868 E OpenGLRenderer: JankTracker::calculateLegacyJank expectedDequeueDuration > 0 expectedDequeueDuration=330942, DequeueBufferDuration=2759740, forgiveAmount=330942, totalDuration=12697022
02-10 08:03:55.165 8144 10868 E OpenGLRenderer: JankTracker::calculateLegacyJank expectedDequeueDuration > 0 expectedDequeueDuration=1184429, DequeueBufferDuration=1628438, forgiveAmount=1184429, totalDuration=8584423
02-10 08:03:55.214 8144 10868 E OpenGLRenderer: JankTracker::calculateLegacyJank expectedDequeueDuration > 0 expectedDequeueDuration=1583605, DequeueBufferDuration=527604, forgiveAmount=527604, totalDuration=6397020
02-10 08:03:55.230 8144 10868 E OpenGLRenderer: JankTracker::calculateLegacyJank expectedDequeueDuration > 0 expectedDequeueDuration=946907, DequeueBufferDuration=1263437, forgiveAmount=946907, totalDuration=14854206
02-10 08:03:55.283 8144 10868 E OpenGLRenderer: JankTracker::calculateLegacyJank expectedDequeueDuration > 0 expectedDequeueDuration=732328, DequeueBufferDuration=1217239, forgiveAmount=732328, totalDuration=8041854
02-10 08:03:55.332 8144 10868 E OpenGLRenderer: JankTracker::calculateLegacyJank expectedDequeueDuration > 0 expectedDequeueDuration=650734, DequeueBufferDuration=1822500, forgiveAmount=650734, totalDuration=10453740
02-10 08:03:55.365 8144 10868 E OpenGLRenderer: JankTracker::calculateLegacyJank expectedDequeueDuration > 0 expectedDequeueDuration=1037090, DequeueBufferDuration=1465989, forgiveAmount=1037090, totalDuration=8333997
02-10 08:03:55.383 8144 10868 E OpenGLRenderer: JankTracker::calculateLegacyJank expectedDequeueDuration > 0 expectedDequeueDuration=770490, DequeueBufferDuration=1277291, forgiveAmount=770490, totalDuration=8159020
02-10 08:03:55.501 8144 10868 E OpenGLRenderer: JankTracker::calculateLegacyJank expectedDequeueDuration > 0 expectedDequeueDuration=636271, DequeueBufferDuration=6500938, forgiveAmount=636271, totalDuration=15353656
02-10 08:03:55.519 8144 10868 E OpenGLRenderer: JankTracker::calculateLegacyJank expectedDequeueDuration > 0 expectedDequeueDuration=395656, DequeueBufferDuration=5881406, forgiveAmount=395656, totalDuration=14495042
02-10 08:03:55.539 8144 10868 E OpenGLRenderer: JankTracker::calculateLegacyJank expectedDequeueDuration > 0 expectedDequeueDuration=1154898, DequeueBufferDuration=3515313, forgiveAmount=1154898, totalDuration=10633798
02-10 08:03:55.571 8144 10868 E OpenGLRenderer: JankTracker::calculateLegacyJank expectedDequeueDuration > 0 expectedDequeueDuration=1044794, DequeueBufferDuration=7575573, forgiveAmount=1044794, totalDuration=15918017
02-10 08:03:55.586 8144 10868 E OpenGLRenderer: JankTracker::calculateLegacyJank expectedDequeueDuration > 0 expectedDequeueDuration=220076, DequeueBufferDuration=7902292, forgiveAmount=220076, totalDuration=25033337
02-10 08:03:55.670 8144 10868 E OpenGLRenderer: JankTracker::calculateLegacyJank expectedDequeueDuration > 0 expectedDequeueDuration=74857, DequeueBufferDuration=1858958, forgiveAmount=74857, totalDuration=9902109
02-10 08:03:56.719 8144 10868 E OpenGLRenderer: JankTracker::calculateLegacyJank expectedDequeueDuration > 0 expectedDequeueDuration=809108, DequeueBufferDuration=2648854, forgiveAmount=809108, totalDuration=9379336
02-10 08:03:56.732 8144 10868 E OpenGLRenderer: JankTracker::calculateLegacyJank expectedDequeueDuration > 0 expectedDequeueDuration=1288850, DequeueBufferDuration=1499896, forgiveAmount=1288850, totalDuration=7114175
02-10 08:03:56.815 8144 10868 E OpenGLRenderer: JankTracker::calculateLegacyJank expectedDequeueDuration > 0 expectedDequeueDuration=949313, DequeueBufferDuration=2511927, forgiveAmount=949313, totalDuration=9106218
02-10 08:03:57.216 8144 9720 E OpenGLRenderer: JankTracker::calculateLegacyJank expectedDequeueDuration > 0 expectedDequeueDuration=145893, DequeueBufferDuration=887813, forgiveAmount=145893, totalDuration=10114255
02-10 08:03:57.333 8144 9720 E OpenGLRenderer: JankTracker::calculateLegacyJank expectedDequeueDuration > 0 expectedDequeueDuration=636872, DequeueBufferDuration=1582083, forgiveAmount=636872, totalDuration=9105215
02-10 08:03:57.349 8144 9720 E OpenGLRenderer: JankTracker::calculateLegacyJank expectedDequeueDuration > 0 expectedDequeueDuration=1404350, DequeueBufferDuration=1670625, forgiveAmount=1404350, totalDuration=8035988
02-10 08:03:57.367 8144 9720 E OpenGLRenderer: JankTracker::calculateLegacyJank expectedDequeueDuration > 0 expectedDequeueDuration=1187524, DequeueBufferDuration=1760781, forgiveAmount=1187524, totalDuration=9118077
02-10 08:03:57.385 8144 9720 E OpenGLRenderer: JankTracker::calculateLegacyJank expectedDequeueDuration > 0 expectedDequeueDuration=1653639, DequeueBufferDuration=2128542, forgiveAmount=1653639, totalDuration=8353712
02-10 08:03:57.402 8144 9720 E OpenGLRenderer: JankTracker::calculateLegacyJank expectedDequeueDuration > 0 expectedDequeueDuration=1577130, DequeueBufferDuration=3553177, forgiveAmount=1577130, totalDuration=10712146
02-10 08:03:57.419 8144 9720 E OpenGLRenderer: JankTracker::calculateLegacyJank expectedDequeueDuration > 0 expectedDequeueDuration=252981, DequeueBufferDuration=3234584, forgiveAmount=252981, totalDuration=12831537
02-10 08:03:57.467 8144 9720 E OpenGLRenderer: JankTracker::calculateLegacyJank expectedDequeueDuration > 0 expectedDequeueDuration=369160, DequeueBufferDuration=1748281, forgiveAmount=369160, totalDuration=11828919
02-10 08:03:57.666 8144 9720 E OpenGLRenderer: JankTracker::calculateLegacyJank expectedDequeueDuration > 0 expectedDequeueDuration=852571, DequeueBufferDuration=2062969, forgiveAmount=852571, totalDuration=8916316
02-10 08:03:57.681 8144 9720 E OpenGLRenderer: JankTracker::calculateLegacyJank expectedDequeueDuration > 0 expectedDequeueDuration=1063237, DequeueBufferDuration=2069531, forgiveAmount=1063237, totalDuration=8800140
02-10 08:03:57.698 8144 9720 E OpenGLRenderer: JankTracker::calculateLegacyJank expectedDequeueDuration > 0 expectedDequeueDuration=582304, DequeueBufferDuration=969375, forgiveAmount=582304, totalDuration=8960288
02-10 08:03:57.716 8144 9720 E OpenGLRenderer: JankTracker::calculateLegacyJank expectedDequeueDuration > 0 expectedDequeueDuration=1255787, DequeueBufferDuration=581146, forgiveAmount=581146, totalDuration=7126245
02-10 08:03:57.734 8144 9720 E OpenGLRenderer: JankTracker::calculateLegacyJank expectedDequeueDuration > 0 expectedDequeueDuration=1579478, DequeueBufferDuration=907188, forgiveAmount=907188, totalDuration=7072814
02-10 08:03:57.749 8144 9720 E OpenGLRenderer: JankTracker::calculateLegacyJank expectedDequeueDuration > 0 expectedDequeueDuration=643271, DequeueBufferDuration=914739, forgiveAmount=643271, totalDuration=7960177
02-10 08:03:57.784 8144 9720 E OpenGLRenderer: JankTracker::calculateLegacyJank expectedDequeueDuration > 0 expectedDequeueDuration=508711, DequeueBufferDuration=703750, forgiveAmount=508711, totalDuration=8417995
02-10 08:03:58.118 8144 9720 E OpenGLRenderer: JankTracker::calculateLegacyJank expectedDequeueDuration > 0 expectedDequeueDuration=981503, DequeueBufferDuration=2970729, forgiveAmount=981503, totalDuration=12232410
02-10 08:03:58.167 8144 9720 E OpenGLRenderer: JankTracker::calculateLegacyJank expectedDequeueDuration > 0 expectedDequeueDuration=999767, DequeueBufferDuration=2205729, forgiveAmount=999767, totalDuration=8962862
02-10 08:03:58.199 8144 9720 E OpenGLRenderer: JankTracker::calculateLegacyJank expectedDequeueDuration > 0 expectedDequeueDuration=588176, DequeueBufferDuration=2724948, forgiveAmount=588176, totalDuration=10960575
02-10 08:03:59.581 8144 8637 E OpenGLRenderer: JankTracker::calculateLegacyJank expectedDequeueDuration > 0 expectedDequeueDuration=1256668, DequeueBufferDuration=16531146, forgiveAmount=1256668, totalDuration=24559164
02-10 08:04:02.498 8144 9720 E OpenGLRenderer: JankTracker::calculateLegacyJank expectedDequeueDuration > 0 expectedDequeueDuration=439503, DequeueBufferDuration=4017604, forgiveAmount=439503, totalDuration=16332401
02-10 08:04:09.918 8144 8637 E OpenGLRenderer: JankTracker::calculateLegacyJank expectedDequeueDuration > 0 expectedDequeueDuration=871153, DequeueBufferDuration=4942604, forgiveAmount=871153, totalDuration=13239934
02-10 08:04:10.224 8144 8193 E SQLiteDatabase: Error inserting transferred=0 media_job_uuid=dba87ad7-d825-442f-9d9b-c9f4db363abb transcoded=1 gif_attribution=0 first_scan_length=0 direct_path=null thumbnail_height_width_ratio=1.7777778 is_animated_sticker=0 file_hash=null file_path=/data/user/0/com.mbwhatsapp/files/.Shared/ff3218e8-c696-43a4-a213- 36a610a377d0.jpg file_size=113358 partial_media_hash=null face_x=0 face_y=0 height=1200 trim_to=0 media_key_timestamp=0 message_url=null media_caption=null trim_from=0 mime_type=null partial_media_enc_hash=null width=676 original_file_hash=EARUp5fJOPdH+dvagYg9ajPMQ9zgQgaZiak2l2to0r4= has_streaming_sidecar=0 autotransfer_retry_enabled=1 media_upload_handle=null message_row_id=353 multicast_id=null enc_file_hash=null mute_video=0 page_count=0 first_scan_sidecar=null suspicious_content=0 file_length=113358 media_name=ff3218e8-c696-43a4-a213-36a610a377d0.jpg media_duration=0 chat_row_id=51 media_key=null
02-10 08:04:10.224 8144 8193 E SQLiteDatabase: android.database.sqlite.SQLiteConstraintException: UNIQUE constraint failed: message_media.message_row_id (code 1555 SQLITE_CONSTRAINT_PRIMARYKEY)
02-10 08:04:10.224 8144 8193 E SQLiteDatabase: at android.database.sqlite.SQLiteConnection.nativeExecuteForLastInsertedRowId(Native Method)
02-10 08:04:10.224 8144 8193 E SQLiteDatabase: at android.database.sqlite.SQLiteConnection.executeForLastInsertedRowId(SQLiteConnecti on.java:985)
02-10 08:04:10.224 8144 8193 E SQLiteDatabase: at android.database.sqlite.SQLiteSession.executeForLastInsertedRowId(SQLiteSession.jav a:790)
02-10 08:04:10.224 8144 8193 E SQLiteDatabase: at android.database.sqlite.SQLiteStatement.executeInsert(SQLiteStatement.java:89)
02-10 08:04:10.224 8144 8193 E SQLiteDatabase: at android.database.sqlite.SQLiteDatabase.insertWithOnConflict(SQLiteDatabase.java:170 2)
02-10 08:04:10.224 8144 8193 E SQLiteDatabase: at android.database.sqlite.SQLiteDatabase.insert(SQLiteDatabase.java:1571)
02-10 08:04:10.224 8144 8193 E SQLiteDatabase: at X.2tm.A08(Unknown Source:6)
02-10 08:04:10.224 8144 8193 E SQLiteDatabase: at X.35Y.A07(Unknown Source:212)
02-10 08:04:10.224 8144 8193 E SQLiteDatabase: at X.3QF.A14(Unknown Source:470)
02-10 08:04:10.224 8144 8193 E SQLiteDatabase: at X.3gU.run(Unknown Source:982)
02-10 08:04:10.224 8144 8193 E SQLiteDatabase: at android.os.Handler.handleCallback(Handler.java:938)
02-10 08:04:10.224 8144 8193 E SQLiteDatabase: at android.os.Handler.dispatchMessage(Handler.java:99)
02-10 08:04:10.224 8144 8193 E SQLiteDatabase: at X.0zq.dispatchMessage(Unknown Source:4)
02-10 08:04:10.224 8144 8193 E SQLiteDatabase: at android.os.Looper.loopOnce(Looper.java:233)
02-10 08:04:10.224 8144 8193 E SQLiteDatabase: at android.os.Looper.loop(Looper.java:334)
02-10 08:04:10.224 8144 8193 E SQLiteDatabase: at android.os.HandlerThread.run(HandlerThread.java:67)
02-10 08:04:10.675 8144 8193 E SQLiteDatabase: Error inserting transferred=1 media_job_uuid=dba87ad7-d825-442f-9d9b-c9f4db363abb transcoded=1 gif_attribution=0 first_scan_length=0 direct_path=/v/t62.7118- 24/11796756_1078309030099234_39666630186186758_n.enc?ccb=11- 4&oh=01_AdR6r7w5XA13_cZfaQFdMascF8qEodXYVAffHp7SnNkj2A&oe=65EE2937&_nc_sid=5e03e0 thumbnail_height_width_ratio=1.7777778 is_animated_sticker=0 file_hash=whsM5osvdpchHjH7XcPJ8dfIB15R0Avs+WlC13YHJ7M= file_path=Media/MBWhatsApp Images/Sent/IMG-20240210-WA0002.jpg file_size=113358 partial_media_hash=xCTRjIsk34C0Xk9isQV20THJ8q2OOfy2GEvehIrYSD8= face_x=0 face_y=0 height=1200 trim_to=0 media_key_timestamp=1707527018943 message_url=*********************************************************************** *********************************************************************************** ********************************* media_caption=null trim_from=0 mime_type=null partial_media_enc_hash=null width=676 original_file_hash=EARUp5fJOPdH+dvagYg9ajPMQ9zgQgaZiak2l2to0r4= has_streaming_sidecar=1 autotransfer_retry_enabled=0 media_upload_handle=null message_row_id=353 multicast_id=null enc_file_hash=aSA2kxQ/vUW+xBzZfKXEFaprIBPoR2eOo1/9HIQMMx8= mute_video=0 page_count=0 first_scan_sidecar=null suspicious_content=0 file_length=113358 media_name=ff3218e8-c696-43a4-a213-36a610a377d0.jpg media_duration=0 chat_row_id=51 media_key=[B@47c9185
02-10 08:04:10.675 8144 8193 E SQLiteDatabase: android.database.sqlite.SQLiteConstraintException: UNIQUE constraint failed: message_media.message_row_id (code 1555 SQLITE_CONSTRAINT_PRIMARYKEY)
02-10 08:04:10.675 8144 8193 E SQLiteDatabase: at android.database.sqlite.SQLiteConnection.nativeExecuteForLastInsertedRowId(Native Method)
02-10 08:04:10.675 8144 8193 E SQLiteDatabase: at android.database.sqlite.SQLiteConnection.executeForLastInsertedRowId(SQLiteConnecti on.java:985)
02-10 08:04:10.675 8144 8193 E SQLiteDatabase: at android.database.sqlite.SQLiteSession.executeForLastInsertedRowId(SQLiteSession.jav a:790)
02-10 08:04:10.675 8144 8193 E SQLiteDatabase: at android.database.sqlite.SQLiteStatement.executeInsert(SQLiteStatement.java:89)
02-10 08:04:10.675 8144 8193 E SQLiteDatabase: at android.database.sqlite.SQLiteDatabase.insertWithOnConflict(SQLiteDatabase.java:170 2)
02-10 08:04:10.675 8144 8193 E SQLiteDatabase: at android.database.sqlite.SQLiteDatabase.insert(SQLiteDatabase.java:1571)
02-10 08:04:10.675 8144 8193 E SQLiteDatabase: at X.2tm.A08(Unknown Source:6)
02-10 08:04:10.675 8144 8193 E SQLiteDatabase: at X.35Y.A07(Unknown Source:212)
02-10 08:04:10.675 8144 8193 E SQLiteDatabase: at X.3QF.A14(Unknown Source:470)
02-10 08:04:10.675 8144 8193 E SQLiteDatabase: at X.3gU.run(Unknown Source:982)
02-10 08:04:10.675 8144 8193 E SQLiteDatabase: at android.os.Handler.handleCallback(Handler.java:938)
02-10 08:04:10.675 8144 8193 E SQLiteDatabase: at android.os.Handler.dispatchMessage(Handler.java:99)
02-10 08:04:10.675 8144 8193 E SQLiteDatabase: at X.0zq.dispatchMessage(Unknown Source:4)
02-10 08:04:10.675 8144 8193 E SQLiteDatabase: at android.os.Looper.loopOnce(Looper.java:233)
02-10 08:04:10.675 8144 8193 E SQLiteDatabase: at android.os.Looper.loop(Looper.java:334)
02-10 08:04:10.675 8144 8193 E SQLiteDatabase: at android.os.HandlerThread.run(HandlerThread.java:67)
02-10 08:04:13.017 8144 8637 E OpenGLRenderer: JankTracker::calculateLegacyJank expectedDequeueDuration > 0 expectedDequeueDuration=1653889, DequeueBufferDuration=4622343, forgiveAmount=1653889, totalDuration=8500034
02-10 08:04:13.837 8144 8156 E OpenGLRenderer: JankTracker::calculateLegacyJank expectedDequeueDuration > 0 expectedDequeueDuration=1810569, DequeueBufferDuration=7060260, forgiveAmount=1810569, totalDuration=12661518
02-10 08:04:13.853 8144 8156 E OpenGLRenderer: JankTracker::calculateLegacyJank expectedDequeueDuration > 0 expectedDequeueDuration=2000028, DequeueBufferDuration=7502708, forgiveAmount=2000028, totalDuration=13140100
02-10 08:04:15.663 8144 9720 E OpenGLRenderer: JankTracker::calculateLegacyJank expectedDequeueDuration > 0 expectedDequeueDuration=2251498, DequeueBufferDuration=1281666, forgiveAmount=1281666, totalDuration=5590325
02-10 08:04:15.680 8144 9720 E OpenGLRenderer: JankTracker::calculateLegacyJank expectedDequeueDuration > 0 expectedDequeueDuration=1822036, DequeueBufferDuration=626823, forgiveAmount=626823, totalDuration=6392391
02-10 08:04:18.768 8144 8156 E OpenGLRenderer: JankTracker::calculateLegacyJank expectedDequeueDuration > 0 expectedDequeueDuration=221554, DequeueBufferDuration=3799583, forgiveAmount=221554, totalDuration=14897205
02-10 08:04:18.783 8144 8156 E OpenGLRenderer: JankTracker::calculateLegacyJank expectedDequeueDuration > 0 expectedDequeueDuration=1304374, DequeueBufferDuration=5368489, forgiveAmount=1304374, totalDuration=10717294
02-10 08:04:18.798 8144 8156 E OpenGLRenderer: JankTracker::calculateLegacyJank expectedDequeueDuration > 0 expectedDequeueDuration=1033458, DequeueBufferDuration=3458906, forgiveAmount=1033458, totalDuration=8816000
02-10 08:04:18.816 8144 8156 E OpenGLRenderer: JankTracker::calculateLegacyJank expectedDequeueDuration > 0 expectedDequeueDuration=1074048, DequeueBufferDuration=2150989, forgiveAmount=1074048, totalDuration=6745967
02-10 08:04:18.835 8144 8156 E OpenGLRenderer: JankTracker::calculateLegacyJank expectedDequeueDuration > 0 expectedDequeueDuration=1373260, DequeueBufferDuration=1162500, forgiveAmount=1162500, totalDuration=4906948
02-10 08:04:18.850 8144 8156 E OpenGLRenderer: JankTracker::calculateLegacyJank expectedDequeueDuration > 0 expectedDequeueDuration=2203906, DequeueBufferDuration=3144063, forgiveAmount=2203906, totalDuration=5609897
02-10 08:04:18.867 8144 8156 E OpenGLRenderer: JankTracker::calculateLegacyJank expectedDequeueDuration > 0 expectedDequeueDuration=1451930, DequeueBufferDuration=4181771, forgiveAmount=1451930, totalDuration=9998275
02-10 08:04:19.985 8144 10868 E OpenGLRenderer: JankTracker::calculateLegacyJank expectedDequeueDuration > 0 expectedDequeueDuration=38124, DequeueBufferDuration=4310989, forgiveAmount=38124, totalDuration=12251928
02-10 08:04:20.001 8144 10868 E OpenGLRenderer: JankTracker::calculateLegacyJank expectedDequeueDuration > 0 expectedDequeueDuration=1026361, DequeueBufferDuration=5018959, forgiveAmount=1026361, totalDuration=12873424
02-10 08:04:20.020 8144 10868 E OpenGLRenderer: JankTracker::calculateLegacyJank expectedDequeueDuration > 0 expectedDequeueDuration=509231, DequeueBufferDuration=4269636, forgiveAmount=509231, totalDuration=12949610
02-10 08:04:20.036 8144 10868 E OpenGLRenderer: JankTracker::calculateLegacyJank expectedDequeueDuration > 0 expectedDequeueDuration=1064222, DequeueBufferDuration=4368489, forgiveAmount=1064222, totalDuration=11765462
02-10 08:04:20.052 8144 10868 E OpenGLRenderer: JankTracker::calculateLegacyJank expectedDequeueDuration > 0 expectedDequeueDuration=680203, DequeueBufferDuration=5635625, forgiveAmount=680203, totalDuration=13524125
02-10 08:04:20.070 8144 10868 E OpenGLRenderer: JankTracker::calculateLegacyJank expectedDequeueDuration > 0 expectedDequeueDuration=225810, DequeueBufferDuration=4972813, forgiveAmount=225810, totalDuration=13816140
02-10 08:04:21.866 8144 9720 E OpenGLRenderer: JankTracker::calculateLegacyJank expectedDequeueDuration > 0 expectedDequeueDuration=1774576, DequeueBufferDuration=4061979, forgiveAmount=1774576, totalDuration=7043296
02-10 08:04:21.883 8144 9720 E OpenGLRenderer: JankTracker::calculateLegacyJank expectedDequeueDuration > 0 expectedDequeueDuration=1916208, DequeueBufferDuration=3841875, forgiveAmount=1916208, totalDuration=6754043
02-10 08:04:23.100 8144 8156 E OpenGLRenderer: JankTracker::calculateLegacyJank expectedDequeueDuration > 0 expectedDequeueDuration=1674051, DequeueBufferDuration=2135625, forgiveAmount=1674051, totalDuration=6634918
02-10 08:04:23.135 8144 8156 E OpenGLRenderer: JankTracker::calculateLegacyJank expectedDequeueDuration > 0 expectedDequeueDuration=1637379, DequeueBufferDuration=3325105, forgiveAmount=1637379, totalDuration=8225295
02-10 08:04:23.152 8144 8156 E OpenGLRenderer: JankTracker::calculateLegacyJank expectedDequeueDuration > 0 expectedDequeueDuration=1801230, DequeueBufferDuration=3321979, forgiveAmount=1801230, totalDuration=8289050
02-10 08:04:23.165 8144 8156 E OpenGLRenderer: JankTracker::calculateLegacyJank expectedDequeueDuration > 0 expectedDequeueDuration=1397202, DequeueBufferDuration=5489792, forgiveAmount=1397202, totalDuration=12123877
02-10 08:04:23.183 8144 8156 E OpenGLRenderer: JankTracker::calculateLegacyJank expectedDequeueDuration > 0 expectedDequeueDuration=18005, DequeueBufferDuration=4219896, forgiveAmount=18005, totalDuration=11705813
02-10 08:04:23.202 8144 8156 E OpenGLRenderer: JankTracker::calculateLegacyJank expectedDequeueDuration > 0 expectedDequeueDuration=1796150, DequeueBufferDuration=2138750, forgiveAmount=1796150, totalDuration=6025148
02-10 08:04:23.216 8144 8156 E OpenGLRenderer: JankTracker::calculateLegacyJank expectedDequeueDuration > 0 expectedDequeueDuration=1396577, DequeueBufferDuration=2093020, forgiveAmount=1396577, totalDuration=7442783
02-10 08:04:23.237 8144 8156 E OpenGLRenderer: JankTracker::calculateLegacyJank expectedDequeueDuration > 0 expectedDequeueDuration=656924, DequeueBufferDuration=4315468, forgiveAmount=656924, totalDuration=13153079
02-10 08:04:23.253 8144 8156 E OpenGLRenderer: JankTracker::calculateLegacyJank expectedDequeueDuration > 0 expectedDequeueDuration=1256263, DequeueBufferDuration=2801979, forgiveAmount=1256263, totalDuration=8783880
02-10 08:04:23.266 8144 8156 E OpenGLRenderer: JankTracker::calculateLegacyJank expectedDequeueDuration > 0 expectedDequeueDuration=287289, DequeueBufferDuration=5189219, forgiveAmount=287289, totalDuration=14054588
02-10 08:04:23.283 8144 8156 E OpenGLRenderer: JankTracker::calculateLegacyJank expectedDequeueDuration > 0 expectedDequeueDuration=238278, DequeueBufferDuration=4622604, forgiveAmount=238278, totalDuration=10933965
02-10 08:04:23.299 8144 8156 E OpenGLRenderer: JankTracker::calculateLegacyJank expectedDequeueDuration > 0 expectedDequeueDuration=1756667, DequeueBufferDuration=1974428, forgiveAmount=1756667, totalDuration=5348958
02-10 08:04:23.316 8144 8156 E OpenGLRenderer: JankTracker::calculateLegacyJank expectedDequeueDuration > 0 expectedDequeueDuration=1510376, DequeueBufferDuration=1986666, forgiveAmount=1510376, totalDuration=6296644
02-10 08:04:23.332 8144 8156 E OpenGLRenderer: JankTracker::calculateLegacyJank expectedDequeueDuration > 0 expectedDequeueDuration=1471416, DequeueBufferDuration=2635313, forgiveAmount=1471416, totalDuration=6454252
02-10 08:04:23.349 8144 8156 E OpenGLRenderer: JankTracker::calculateLegacyJank expectedDequeueDuration > 0 expectedDequeueDuration=1609875, DequeueBufferDuration=2704791, forgiveAmount=1609875, totalDuration=8626083
02-10 08:04:23.367 8144 8156 E OpenGLRenderer: JankTracker::calculateLegacyJank expectedDequeueDuration > 0 expectedDequeueDuration=2007483, DequeueBufferDuration=2227291, forgiveAmount=2007483, totalDuration=4720659
02-10 08:04:23.384 8144 8156 E OpenGLRenderer: JankTracker::calculateLegacyJank expectedDequeueDuration > 0 expectedDequeueDuration=2124537, DequeueBufferDuration=2367917, forgiveAmount=2124537, totalDuration=5039155
02-10 08:04:23.400 8144 8156 E OpenGLRenderer: JankTracker::calculateLegacyJank expectedDequeueDuration > 0 expectedDequeueDuration=1265506, DequeueBufferDuration=2752396, forgiveAmount=1265506, totalDuration=8574560
02-10 08:04:23.417 8144 8156 E OpenGLRenderer: JankTracker::calculateLegacyJank expectedDequeueDuration > 0 expectedDequeueDuration=663337, DequeueBufferDuration=2698854, forgiveAmount=663337, totalDuration=8798691
02-10 08:04:23.434 8144 8156 E OpenGLRenderer: JankTracker::calculateLegacyJank expectedDequeueDuration > 0 expectedDequeueDuration=1327087, DequeueBufferDuration=1987812, forgiveAmount=1327087, totalDuration=7260930
02-10 08:04:23.451 8144 8156 E OpenGLRenderer: JankTracker::calculateLegacyJank expectedDequeueDuration > 0 expectedDequeueDuration=879594, DequeueBufferDuration=2164947, forgiveAmount=879594, totalDuration=9339823
02-10 08:04:23.468 8144 8156 E OpenGLRenderer: JankTracker::calculateLegacyJank expectedDequeueDuration > 0 expectedDequeueDuration=1033901, DequeueBufferDuration=3227240, forgiveAmount=1033901, totalDuration=9136314
02-10 08:04:23.485 8144 8156 E OpenGLRenderer: JankTracker::calculateLegacyJank expectedDequeueDuration > 0 expectedDequeueDuration=1400985, DequeueBufferDuration=3338281, forgiveAmount=1400985, totalDuration=8664696
02-10 08:04:23.500 8144 8156 E OpenGLRenderer: JankTracker::calculateLegacyJank expectedDequeueDuration > 0 expectedDequeueDuration=1139003, DequeueBufferDuration=3406094, forgiveAmount=1139003, totalDuration=9947828
02-10 08:04:23.518 8144 8156 E OpenGLRenderer: JankTracker::calculateLegacyJank expectedDequeueDuration > 0 expectedDequeueDuration=1392208, DequeueBufferDuration=4011927, forgiveAmount=1392208, totalDuration=8898084
02-10 08:04:23.534 8144 8156 E OpenGLRenderer: JankTracker::calculateLegacyJank expectedDequeueDuration > 0 expectedDequeueDuration=1104865, DequeueBufferDuration=2590572, forgiveAmount=1104865, totalDuration=8921156
02-10 08:04:23.551 8144 8156 E OpenGLRenderer: JankTracker::calculateLegacyJank expectedDequeueDuration > 0 expectedDequeueDuration=1244697, DequeueBufferDuration=2636667, forgiveAmount=1244697, totalDuration=7692742
02-10 08:04:23.567 8144 8156 E OpenGLRenderer: JankTracker::calculateLegacyJank expectedDequeueDuration > 0 expectedDequeueDuration=666167, DequeueBufferDuration=2555989, forgiveAmount=666167, totalDuration=8422822
02-10 08:04:23.584 8144 8156 E OpenGLRenderer: JankTracker::calculateLegacyJank expectedDequeueDuration > 0 expectedDequeueDuration=421273, DequeueBufferDuration=2400052, forgiveAmount=421273, totalDuration=9160423
02-10 08:04:23.602 8144 8156 E OpenGLRenderer: JankTracker::calculateLegacyJank expectedDequeueDuration > 0 expectedDequeueDuration=1504440, DequeueBufferDuration=3214062, forgiveAmount=1504440, totalDuration=8160287
02-10 08:04:23.636 8144 8156 E OpenGLRenderer: JankTracker::calculateLegacyJank expectedDequeueDuration > 0 expectedDequeueDuration=927723, DequeueBufferDuration=3813646, forgiveAmount=927723, totalDuration=13220803
02-10 08:04:23.650 8144 8156 E OpenGLRenderer: JankTracker::calculateLegacyJank expectedDequeueDuration > 0 expectedDequeueDuration=184277, DequeueBufferDuration=5376823, forgiveAmount=184277, totalDuration=16122383
02-10 08:04:23.818 8144 8156 E OpenGLRenderer: JankTracker::calculateLegacyJank expectedDequeueDuration > 0 expectedDequeueDuration=992420, DequeueBufferDuration=928541, forgiveAmount=928541, totalDuration=7622112
02-10 08:04:23.834 8144 8156 E OpenGLRenderer: JankTracker::calculateLegacyJank expectedDequeueDuration > 0 expectedDequeueDuration=390741, DequeueBufferDuration=4549219, forgiveAmount=390741, totalDuration=12920290
02-10 08:04:23.901 8144 8156 E OpenGLRenderer: JankTracker::calculateLegacyJank expectedDequeueDuration > 0 expectedDequeueDuration=551072, DequeueBufferDuration=1948750, forgiveAmount=551072, totalDuration=10070512
02-10 08:04:24.019 8144 8156 E OpenGLRenderer: JankTracker::calculateLegacyJank expectedDequeueDuration > 0 expectedDequeueDuration=783947, DequeueBufferDuration=1599219, forgiveAmount=783947, totalDuration=7773251
02-10 08:04:24.039 8144 8156 E OpenGLRenderer: JankTracker::calculateLegacyJank expectedDequeueDuration > 0 expectedDequeueDuration=575637, DequeueBufferDuration=1760261, forgiveAmount=575637, totalDuration=9498518
02-10 08:04:24.087 8144 8156 E OpenGLRenderer: JankTracker::calculateLegacyJank expectedDequeueDuration > 0 expectedDequeueDuration=1274759, DequeueBufferDuration=1825625, forgiveAmount=1274759, totalDuration=6766836
02-10 08:04:24.102 8144 8156 E OpenGLRenderer: JankTracker::calculateLegacyJank expectedDequeueDuration > 0 expectedDequeueDuration=1528450, DequeueBufferDuration=2454063, forgiveAmount=1528450, totalDuration=8472682
02-10 08:04:24.116 8144 8156 E OpenGLRenderer: JankTracker::calculateLegacyJank expectedDequeueDuration > 0 expectedDequeueDuration=451688, DequeueBufferDuration=5611719, forgiveAmount=451688, totalDuration=12854228
02-10 08:04:24.133 8144 8156 E OpenGLRenderer: JankTracker::calculateLegacyJank expectedDequeueDuration > 0 expectedDequeueDuration=1394980, DequeueBufferDuration=4562864, forgiveAmount=1394980, totalDuration=9721238
02-10 08:04:24.150 8144 8156 E OpenGLRenderer: JankTracker::calculateLegacyJank expectedDequeueDuration > 0 expectedDequeueDuration=2062578, DequeueBufferDuration=3078282, forgiveAmount=2062578, totalDuration=6085001
02-10 08:04:24.167 8144 8156 E OpenGLRenderer: JankTracker::calculateLegacyJank expectedDequeueDuration > 0 expectedDequeueDuration=1944873, DequeueBufferDuration=2943021, forgiveAmount=1944873, totalDuration=6683379
02-10 08:04:24.184 8144 8156 E OpenGLRenderer: JankTracker::calculateLegacyJank expectedDequeueDuration > 0 expectedDequeueDuration=606771, DequeueBufferDuration=2157760, forgiveAmount=606771, totalDuration=8961249
02-10 08:04:24.201 8144 8156 E OpenGLRenderer: JankTracker::calculateLegacyJank expectedDequeueDuration > 0 expectedDequeueDuration=315972, DequeueBufferDuration=2232187, forgiveAmount=315972, totalDuration=9980036
02-10 08:04:24.216 8144 8156 E OpenGLRenderer: JankTracker::calculateLegacyJank expectedDequeueDuration > 0 expectedDequeueDuration=931640, DequeueBufferDuration=2864531, forgiveAmount=931640, totalDuration=10046981
02-10 08:04:24.233 8144 8156 E OpenGLRenderer: JankTracker::calculateLegacyJank expectedDequeueDuration > 0 expectedDequeueDuration=1344579, DequeueBufferDuration=4299895, forgiveAmount=1344579, totalDuration=9440112
02-10 08:04:24.249 8144 8156 E OpenGLRenderer: JankTracker::calculateLegacyJank expectedDequeueDuration > 0 expectedDequeueDuration=1802238, DequeueBufferDuration=3081354, forgiveAmount=1802238, totalDuration=7020106
02-10 08:04:24.265 8144 8156 E OpenGLRenderer: JankTracker::calculateLegacyJank expectedDequeueDuration > 0 expectedDequeueDuration=471127, DequeueBufferDuration=2277553, forgiveAmount=471127, totalDuration=7693996
02-10 08:04:24.282 8144 8156 E OpenGLRenderer: JankTracker::calculateLegacyJank expectedDequeueDuration > 0 expectedDequeueDuration=1232125, DequeueBufferDuration=2108698, forgiveAmount=1232125, totalDuration=6746843
02-10 08:04:24.300 8144 8156 E OpenGLRenderer: JankTracker::calculateLegacyJank expectedDequeueDuration > 0 expectedDequeueDuration=1845243, DequeueBufferDuration=2427188, forgiveAmount=1845243, totalDuration=5565557
02-10 08:04:24.316 8144 8156 E OpenGLRenderer: JankTracker::calculateLegacyJank expectedDequeueDuration > 0 expectedDequeueDuration=1866418, DequeueBufferDuration=1663750, forgiveAmount=1663750, totalDuration=5262957
02-10 08:04:24.333 8144 8156 E OpenGLRenderer: JankTracker::calculateLegacyJank expectedDequeueDuration > 0 expectedDequeueDuration=1082704, DequeueBufferDuration=2924947, forgiveAmount=1082704, totalDuration=8149123
02-10 08:04:24.349 8144 8156 E OpenGLRenderer: JankTracker::calculateLegacyJank expectedDequeueDuration > 0 expectedDequeueDuration=1711903, DequeueBufferDuration=2476198, forgiveAmount=1711903, totalDuration=6222704
02-10 08:04:24.366 8144 8156 E OpenGLRenderer: JankTracker::calculateLegacyJank expectedDequeueDuration > 0 expectedDequeueDuration=1570451, DequeueBufferDuration=3052552, forgiveAmount=1570451, totalDuration=7162171
02-10 08:04:24.382 8144 8156 E OpenGLRenderer: JankTracker::calculateLegacyJank expectedDequeueDuration > 0 expectedDequeueDuration=1492117, DequeueBufferDuration=2390156, forgiveAmount=1492117, totalDuration=6336026
02-10 08:04:24.400 8144 8156 E OpenGLRenderer: JankTracker::calculateLegacyJank expectedDequeueDuration > 0 expectedDequeueDuration=1865580, DequeueBufferDuration=2856511, forgiveAmount=1865580, totalDuration=6223476
02-10 08:04:24.417 8144 8156 E OpenGLRenderer: JankTracker::calculateLegacyJank expectedDequeueDuration > 0 expectedDequeueDuration=1652444, DequeueBufferDuration=1444739, forgiveAmount=1444739, totalDuration=7066515
02-10 08:04:24.434 8144 8156 E OpenGLRenderer: JankTracker::calculateLegacyJank expectedDequeueDuration > 0 expectedDequeueDuration=1891868, DequeueBufferDuration=3172396, forgiveAmount=1891868, totalDuration=7959284
02-10 08:04:24.451 8144 8156 E OpenGLRenderer: JankTracker::calculateLegacyJank expectedDequeueDuration > 0 expectedDequeueDuration=1400589, DequeueBufferDuration=2928750, forgiveAmount=1400589, totalDuration=8302000
02-10 08:04:24.467 8144 8156 E OpenGLRenderer: JankTracker::calculateLegacyJank expectedDequeueDuration > 0 expectedDequeueDuration=990999, DequeueBufferDuration=2878125, forgiveAmount=990999, totalDuration=8507429
02-10 08:04:24.484 8144 8156 E OpenGLRenderer: JankTracker::calculateLegacyJank expectedDequeueDuration > 0 expectedDequeueDuration=1037596, DequeueBufferDuration=3950729, forgiveAmount=1037596, totalDuration=10002568
02-10 08:04:24.502 8144 8156 E OpenGLRenderer: JankTracker::calculateLegacyJank expectedDequeueDuration > 0 expectedDequeueDuration=1116325, DequeueBufferDuration=2887344, forgiveAmount=1116325, totalDuration=8743911
02-10 08:04:24.516 8144 8156 E OpenGLRenderer: JankTracker::calculateLegacyJank expectedDequeueDuration > 0 expectedDequeueDuration=1050852, DequeueBufferDuration=3253438, forgiveAmount=1050852, totalDuration=8738972
02-10 08:04:24.533 8144 8156 E OpenGLRenderer: JankTracker::calculateLegacyJank expectedDequeueDuration > 0 expectedDequeueDuration=379904, DequeueBufferDuration=3711354, forgiveAmount=379904, totalDuration=9862639
02-10 08:04:24.549 8144 8156 E OpenGLRenderer: JankTracker::calculateLegacyJank expectedDequeueDuration > 0 expectedDequeueDuration=1310245, DequeueBufferDuration=1666042, forgiveAmount=1310245, totalDuration=6191385
02-10 08:04:24.567 8144 8156 E OpenGLRenderer: JankTracker::calculateLegacyJank expectedDequeueDuration > 0 expectedDequeueDuration=2172312, DequeueBufferDuration=3325052, forgiveAmount=2172312, totalDuration=6162354
02-10 08:04:24.585 8144 8156 E OpenGLRenderer: JankTracker::calculateLegacyJank expectedDequeueDuration > 0 expectedDequeueDuration=1789296, DequeueBufferDuration=2103541, forgiveAmount=1789296, totalDuration=5328230
02-10 08:04:24.599 8144 8156 E OpenGLRenderer: JankTracker::calculateLegacyJank expectedDequeueDuration > 0 expectedDequeueDuration=1272601, DequeueBufferDuration=3434323, forgiveAmount=1272601, totalDuration=8986934
02-10 08:04:24.617 8144 8156 E OpenGLRenderer: JankTracker::calculateLegacyJank expectedDequeueDuration > 0 expectedDequeueDuration=1634964, DequeueBufferDuration=3411771, forgiveAmount=1634964, totalDuration=8058613
02-10 08:04:24.632 8144 8156 E OpenGLRenderer: JankTracker::calculateLegacyJank expectedDequeueDuration > 0 expectedDequeueDuration=1377091, DequeueBufferDuration=1839427, forgiveAmount=1377091, totalDuration=6305766
02-10 08:04:24.650 8144 8156 E OpenGLRenderer: JankTracker::calculateLegacyJank expectedDequeueDuration > 0 expectedDequeueDuration=1924419, DequeueBufferDuration=3836145, forgiveAmount=1924419, totalDuration=7387151
02-10 08:04:24.665 8144 8156 E OpenGLRenderer: JankTracker::calculateLegacyJank expectedDequeueDuration > 0 expectedDequeueDuration=1647597, DequeueBufferDuration=1280781, forgiveAmount=1280781, totalDuration=5703445
02-10 08:04:24.683 8144 8156 E OpenGLRenderer: JankTracker::calculateLegacyJank expectedDequeueDuration > 0 expectedDequeueDuration=1555843, DequeueBufferDuration=3013021, forgiveAmount=1555843, totalDuration=7013938
02-10 08:04:24.701 8144 8156 E OpenGLRenderer: JankTracker::calculateLegacyJank expectedDequeueDuration > 0 expectedDequeueDuration=1814089, DequeueBufferDuration=2072760, forgiveAmount=1814089, totalDuration=5066406
02-10 08:04:24.716 8144 8156 E OpenGLRenderer: JankTracker::calculateLegacyJank expectedDequeueDuration > 0 expectedDequeueDuration=1273898, DequeueBufferDuration=2737500, forgiveAmount=1273898, totalDuration=7832568
02-10 08:04:24.733 8144 8156 E OpenGLRenderer: JankTracker::calculateLegacyJank expectedDequeueDuration > 0 expectedDequeueDuration=70669, DequeueBufferDuration=2338854, forgiveAmount=70669, totalDuration=9147568
02-10 08:04:24.751 8144 8156 E OpenGLRenderer: JankTracker::calculateLegacyJank expectedDequeueDuration > 0 expectedDequeueDuration=1511408, DequeueBufferDuration=2168333, forgiveAmount=1511408, totalDuration=6291820
02-10 08:04:24.766 8144 8156 E OpenGLRenderer: JankTracker::calculateLegacyJank expectedDequeueDuration > 0 expectedDequeueDuration=1617850, DequeueBufferDuration=2965156, forgiveAmount=1617850, totalDuration=7548831
02-10 08:04:24.783 8144 8156 E OpenGLRenderer: JankTracker::calculateLegacyJank expectedDequeueDuration > 0 expectedDequeueDuration=904333, DequeueBufferDuration=2749740, forgiveAmount=904333, totalDuration=8585084
02-10 08:04:24.800 8144 8156 E OpenGLRenderer: JankTracker::calculateLegacyJank expectedDequeueDuration > 0 expectedDequeueDuration=1620772, DequeueBufferDuration=1819219, forgiveAmount=1620772, totalDuration=5046320
02-10 08:04:24.818 8144 8156 E OpenGLRenderer: JankTracker::calculateLegacyJank expectedDequeueDuration > 0 expectedDequeueDuration=1834513, DequeueBufferDuration=3254167, forgiveAmount=1834513, totalDuration=6770557
02-10 08:04:24.834 8144 8156 E OpenGLRenderer: JankTracker::calculateLegacyJank expectedDequeueDuration > 0 expectedDequeueDuration=1813235, DequeueBufferDuration=3341459, forgiveAmount=1813235, totalDuration=7649727
02-10 08:04:24.851 8144 8156 E OpenGLRenderer: JankTracker::calculateLegacyJank expectedDequeueDuration > 0 expectedDequeueDuration=654177, DequeueBufferDuration=3275937, forgiveAmount=654177, totalDuration=10040865
02-10 08:04:24.868 8144 8156 E OpenGLRenderer: JankTracker::calculateLegacyJank expectedDequeueDuration > 0 expectedDequeueDuration=1407623, DequeueBufferDuration=3310573, forgiveAmount=1407623, totalDuration=8521890
02-10 08:04:25.001 8144 8156 E OpenGLRenderer: JankTracker::calculateLegacyJank expectedDequeueDuration > 0 expectedDequeueDuration=1816517, DequeueBufferDuration=2277864, forgiveAmount=1816517, totalDuration=5553894
02-10 08:04:25.017 8144 8156 E OpenGLRenderer: JankTracker::calculateLegacyJank expectedDequeueDuration > 0 expectedDequeueDuration=1411146, DequeueBufferDuration=2638697, forgiveAmount=1411146, totalDuration=7750729
02-10 08:04:25.034 8144 8156 E OpenGLRenderer: JankTracker::calculateLegacyJank expectedDequeueDuration > 0 expectedDequeueDuration=1096470, DequeueBufferDuration=3053437, forgiveAmount=1096470, totalDuration=8888570
02-10 08:04:25.051 8144 8156 E OpenGLRenderer: JankTracker::calculateLegacyJank expectedDequeueDuration > 0 expectedDequeueDuration=1034200, DequeueBufferDuration=2477031, forgiveAmount=1034200, totalDuration=8062277
02-10 08:04:25.068 8144 8156 E OpenGLRenderer: JankTracker::calculateLegacyJank expectedDequeueDuration > 0 expectedDequeueDuration=1419076, DequeueBufferDuration=4046510, forgiveAmount=1419076, totalDuration=9384192
02-10 08:04:25.084 8144 8156 E OpenGLRenderer: JankTracker::calculateLegacyJank expectedDequeueDuration > 0 expectedDequeueDuration=1420746, DequeueBufferDuration=3824427, forgiveAmount=1420746, totalDuration=9731686
02-10 08:04:25.100 8144 8156 E OpenGLRenderer: JankTracker::calculateLegacyJank expectedDequeueDuration > 0 expectedDequeueDuration=229070, DequeueBufferDuration=2805365, forgiveAmount=229070, totalDuration=10083006
02-10 08:04:25.135 8144 8156 E OpenGLRenderer: JankTracker::calculateLegacyJank expectedDequeueDuration > 0 expectedDequeueDuration=1124538, DequeueBufferDuration=2591771, forgiveAmount=1124538, totalDuration=10912174
02-10 08:04:25.168 8144 8156 E OpenGLRenderer: JankTracker::calculateLegacyJank expectedDequeueDuration > 0 expectedDequeueDuration=1127910, DequeueBufferDuration=3670260, forgiveAmount=1127910, totalDuration=11415690
02-10 08:04:25.184 8144 8156 E OpenGLRenderer: JankTracker::calculateLegacyJank expectedDequeueDuration > 0 expectedDequeueDuration=1014217, DequeueBufferDuration=1338386, forgiveAmount=1014217, totalDuration=6100368
02-10 08:04:25.198 8144 8156 E OpenGLRenderer: JankTracker::calculateLegacyJank expectedDequeueDuration > 0 expectedDequeueDuration=2264470, DequeueBufferDuration=2394375, forgiveAmount=2264470, totalDuration=4455747
02-10 08:04:25.320 8144 8156 E OpenGLRenderer: JankTracker::calculateLegacyJank expectedDequeueDuration > 0 expectedDequeueDuration=78203, DequeueBufferDuration=6024480, forgiveAmount=78203, totalDuration=13515208
02-10 08:04:25.340 8144 8156 E OpenGLRenderer: JankTracker::calculateLegacyJank expectedDequeueDuration > 0 expectedDequeueDuration=502609, DequeueBufferDuration=5007604, forgiveAmount=502609, totalDuration=11654052
02-10 08:04:25.354 8144 8156 E OpenGLRenderer: JankTracker::calculateLegacyJank expectedDequeueDuration > 0 expectedDequeueDuration=259211, DequeueBufferDuration=4943021, forgiveAmount=259211, totalDuration=12662515
02-10 08:04:25.372 8144 8156 E OpenGLRenderer: JankTracker::calculateLegacyJank expectedDequeueDuration > 0 expectedDequeueDuration=197405, DequeueBufferDuration=8047969, forgiveAmount=197405, totalDuration=15873366
02-10 08:04:25.389 8144 8156 E OpenGLRenderer: JankTracker::calculateLegacyJank expectedDequeueDuration > 0 expectedDequeueDuration=910773, DequeueBufferDuration=6115625, forgiveAmount=910773, totalDuration=12199444
02-10 08:04:25.406 8144 8156 E OpenGLRenderer: JankTracker::calculateLegacyJank expectedDequeueDuration > 0 expectedDequeueDuration=563022, DequeueBufferDuration=7801927, forgiveAmount=563022, totalDuration=14335258
