02-10 08:05:43.153 8144 8158 E OpenGLRenderer: JankTracker::calculateLegacyJank expectedDequeueDuration > 0 expectedDequeueDuration=325680, DequeueBufferDuration=5784167, forgiveAmount=325680, totalDuration=15852808
02-10 08:05:43.554 8144 8158 E OpenGLRenderer: JankTracker::calculateLegacyJank expectedDequeueDuration > 0 expectedDequeueDuration=1568, DequeueBufferDuration=1925938, forgiveAmount=1568, totalDuration=12219728
02-10 08:05:43.569 8144 8158 E OpenGLRenderer: JankTracker::calculateLegacyJank expectedDequeueDuration > 0 expectedDequeueDuration=1040483, DequeueBufferDuration=1543177, forgiveAmount=1040483, totalDuration=9686325
02-10 08:05:44.423 8144 8144 E RecyclerView: No adapter attached; skipping layout
02-10 08:05:44.424 8144 8144 E RecyclerView: No adapter attached; skipping layout
02-10 08:05:45.164 8144 8218 E FrameEvents: updateAcquireFence: Did not find frame.
02-10 08:05:46.774 8144 8193 E SQLiteDatabase: Error inserting transferred=1 media_job_uuid=ca4409b9-45bf-4e45-96b6-9cf2b196089a transcoded=0 gif_attribution=0 first_scan_length=0 direct_path=/v/t62.15575- 24/11931826_1384299555810359_3410600647829509187_n.enc?ccb=11- 4&oh=01_AdRqxBsTMNBYf7CDKTlSIcTIMgPtw2kcZKGtHn6V8_2F1w&oe=65EE4243&_nc_sid=5e03e0 thumbnail_height_width_ratio=1.0 is_animated_sticker=0 file_hash=nPmvEJ0U0ms8LtKa066svRkYuMQo4a43idQFmwjlTLc= file_path=Media/MBWhatsApp Stickers/STK-20240210-WA0008.webp file_size=15096 partial_media_hash=null face_x=0 face_y=0 height=64 trim_to=0 media_key_timestamp=1707465628000 message_url=*********************************************************************** *********************************************************************************** ************************************ media_caption=null trim_from=0 mime_type=image/webp partial_media_enc_hash=null width=64 original_file_hash=null has_streaming_sidecar=0 autotransfer_retry_enabled=1 media_upload_handle=null message_row_id=366 multicast_id=null enc_file_hash=Pod3F/tTzKsl+ipmHaFDHT9BKGjuMQwPuCp53RI1hYE= mute_video=0 page_count=0 first_scan_sidecar=null suspicious_content=0 file_length=15096 media_name=null media_duration=0 chat_row_id=8 media_key=[B@e644cbb
02-10 08:05:46.774 8144 8193 E SQLiteDatabase: android.database.sqlite.SQLiteConstraintException: UNIQUE constraint failed: message_media.message_row_id (code 1555 SQLITE_CONSTRAINT_PRIMARYKEY)
02-10 08:05:46.774 8144 8193 E SQLiteDatabase: at android.database.sqlite.SQLiteConnection.nativeExecuteForLastInsertedRowId(Native Method)
02-10 08:05:46.774 8144 8193 E SQLiteDatabase: at android.database.sqlite.SQLiteConnection.executeForLastInsertedRowId(SQLiteConnecti on.java:985)
02-10 08:05:46.774 8144 8193 E SQLiteDatabase: at android.database.sqlite.SQLiteSession.executeForLastInsertedRowId(SQLiteSession.jav a:790)
02-10 08:05:46.774 8144 8193 E SQLiteDatabase: at android.database.sqlite.SQLiteStatement.executeInsert(SQLiteStatement.java:89)
02-10 08:05:46.774 8144 8193 E SQLiteDatabase: at android.database.sqlite.SQLiteDatabase.insertWithOnConflict(SQLiteDatabase.java:170 2)
02-10 08:05:46.774 8144 8193 E SQLiteDatabase: at android.database.sqlite.SQLiteDatabase.insert(SQLiteDatabase.java:1571)
02-10 08:05:46.774 8144 8193 E SQLiteDatabase: at X.2tm.A08(Unknown Source:6)
02-10 08:05:46.774 8144 8193 E SQLiteDatabase: at X.35Y.A07(Unknown Source:212)
02-10 08:05:46.774 8144 8193 E SQLiteDatabase: at X.3QF.A14(Unknown Source:470)
02-10 08:05:46.774 8144 8193 E SQLiteDatabase: at X.3gU.run(Unknown Source:982)
02-10 08:05:46.774 8144 8193 E SQLiteDatabase: at android.os.Handler.handleCallback(Handler.java:938)
02-10 08:05:46.774 8144 8193 E SQLiteDatabase: at android.os.Handler.dispatchMessage(Handler.java:99)
02-10 08:05:46.774 8144 8193 E SQLiteDatabase: at X.0zq.dispatchMessage(Unknown Source:4)
02-10 08:05:46.774 8144 8193 E SQLiteDatabase: at android.os.Looper.loopOnce(Looper.java:233)
02-10 08:05:46.774 8144 8193 E SQLiteDatabase: at android.os.Looper.loop(Looper.java:334)
02-10 08:05:46.774 8144 8193 E SQLiteDatabase: at android.os.HandlerThread.run(HandlerThread.java:67)
02-10 08:05:47.210 8144 8144 E ArmVmp : Match on catch block at 0x0a in for 0x7630ce6035
02-10 08:05:47.217 8144 8144 E ArmVmp : Match on catch block at 0x0a in for 0x7630ce6035
02-10 08:05:47.320 8144 8144 E ArmVmp : Match on catch block at 0xc3 in for 0x7630ce6021
02-10 08:05:47.323 8144 8144 E ArmVmp : Match on catch block at 0xc3 in for 0x7630ce6021
02-10 08:05:47.393 8144 8144 E ArmVmp : Match on catch block at 0xc3 in for 0x7630ce6025
02-10 08:05:47.397 8144 8144 E ArmVmp : Match on catch block at 0xc3 in for 0x7630ce6025
02-10 08:05:47.445 8144 8144 E ArmVmp : Match on catch block at 0xc3 in for 0x7630ce6025
02-10 08:05:47.455 8144 8144 E ArmVmp : Match on catch block at 0xc3 in for 0x7630ce6025
02-10 08:05:47.472 8144 8144 E ArmVmp : Match on catch block at 0xc3 in for 0x7630ce6025
02-10 08:05:47.477 8144 8144 E ArmVmp : Match on catch block at 0xc3 in for 0x7630ce6025
02-10 08:05:47.491 8144 8144 E ArmVmp : Match on catch block at 0xc3 in for 0x7630ce6025
02-10 08:05:47.494 8144 8144 E ArmVmp : Match on catch block at 0xc3 in for 0x7630ce6025
02-10 08:05:47.507 8144 8144 E ArmVmp : Match on catch block at 0xc3 in for 0x7630ce6025
02-10 08:05:47.509 8144 8144 E ArmVmp : Match on catch block at 0xc3 in for 0x7630ce6025
02-10 08:05:47.522 8144 8144 E ArmVmp : Match on catch block at 0xc3 in for 0x7630ce6025
02-10 08:05:47.525 8144 8144 E ArmVmp : Match on catch block at 0xc3 in for 0x7630ce6025
02-10 08:05:47.533 8144 8144 E ArmVmp : Match on catch block at 0xc3 in for 0x7630ce6025
02-10 08:05:47.537 8144 8144 E ArmVmp : Match on catch block at 0xc3 in for 0x7630ce6025
02-10 08:05:47.547 8144 8144 E ArmVmp : Match on catch block at 0xc3 in for 0x7630ce6025
02-10 08:05:47.552 8144 8144 E ArmVmp : Match on catch block at 0xc3 in for 0x7630ce6025
02-10 08:05:47.946 8144 8144 E ArmVmp : Match on catch block at 0xc3 in for 0x7630ce6025
02-10 08:05:47.948 8144 8144 E ArmVmp : Match on catch block at 0xc3 in for 0x7630ce6025
02-10 08:05:48.079 8144 8144 E ArmVmp : Match on catch block at 0xc3 in for 0x7630ce6025
02-10 08:05:48.081 8144 8144 E ArmVmp : Match on catch block at 0xc3 in for 0x7630ce6025
02-10 08:05:48.096 8144 8144 E ArmVmp : Match on catch block at 0xc3 in for 0x7630ce6025
02-10 08:05:48.099 8144 8144 E ArmVmp : Match on catch block at 0xc3 in for 0x7630ce6025
02-10 08:05:48.112 8144 8144 E ArmVmp : Match on catch block at 0xc3 in for 0x7630ce6025
02-10 08:05:48.115 8144 8144 E ArmVmp : Match on catch block at 0xc3 in for 0x7630ce6025
02-10 08:05:48.129 8144 8144 E ArmVmp : Match on catch block at 0xc3 in for 0x7630ce6025
02-10 08:05:48.132 8144 8144 E ArmVmp : Match on catch block at 0xc3 in for 0x7630ce6025
02-10 08:05:48.146 8144 8144 E ArmVmp : Match on catch block at 0xc3 in for 0x7630ce6025
02-10 08:05:48.150 8144 8144 E ArmVmp : Match on catch block at 0xc3 in for 0x7630ce6025
02-10 08:05:48.163 8144 8144 E ArmVmp : Match on catch block at 0xc3 in for 0x7630ce6025
02-10 08:05:48.166 8144 8144 E ArmVmp : Match on catch block at 0xc3 in for 0x7630ce6025
02-10 08:05:48.179 8144 8144 E ArmVmp : Match on catch block at 0xc3 in for 0x7630ce6025
02-10 08:05:48.182 8144 8144 E ArmVmp : Match on catch block at 0xc3 in for 0x7630ce6025
02-10 08:05:48.196 8144 8144 E ArmVmp : Match on catch block at 0xc3 in for 0x7630ce6025
02-10 08:05:48.198 8144 8144 E ArmVmp : Match on catch block at 0xc3 in for 0x7630ce6025
02-10 08:05:48.212 8144 8144 E ArmVmp : Match on catch block at 0xc3 in for 0x7630ce6025
02-10 08:05:48.215 8144 8144 E ArmVmp : Match on catch block at 0xc3 in for 0x7630ce6025
02-10 08:05:48.229 8144 8144 E ArmVmp : Match on catch block at 0xc3 in for 0x7630ce6025
02-10 08:05:48.232 8144 8144 E ArmVmp : Match on catch block at 0xc3 in for 0x7630ce6025
02-10 08:05:48.246 8144 8144 E ArmVmp : Match on catch block at 0xc3 in for 0x7630ce6025
02-10 08:05:48.250 8144 8144 E ArmVmp : Match on catch block at 0xc3 in for 0x7630ce6025
02-10 08:05:48.262 8144 8144 E ArmVmp : Match on catch block at 0xc3 in for 0x7630ce6025
02-10 08:05:48.265 8144 8144 E ArmVmp : Match on catch block at 0xc3 in for 0x7630ce6025
02-10 08:05:48.279 8144 8144 E ArmVmp : Match on catch block at 0xc3 in for 0x7630ce6025
02-10 08:05:48.282 8144 8144 E ArmVmp : Match on catch block at 0xc3 in for 0x7630ce6025
02-10 08:05:48.296 8144 8144 E ArmVmp : Match on catch block at 0xc3 in for 0x7630ce6025
02-10 08:05:48.298 8144 8144 E ArmVmp : Match on catch block at 0xc3 in for 0x7630ce6025
02-10 08:05:48.312 8144 8144 E ArmVmp : Match on catch block at 0xc3 in for 0x7630ce6025
02-10 08:05:48.315 8144 8144 E ArmVmp : Match on catch block at 0xc3 in for 0x7630ce6025
02-10 08:05:48.329 8144 8144 E ArmVmp : Match on catch block at 0xc3 in for 0x7630ce6025
02-10 08:05:48.332 8144 8144 E ArmVmp : Match on catch block at 0xc3 in for 0x7630ce6025
02-10 08:05:48.346 8144 8144 E ArmVmp : Match on catch block at 0xc3 in for 0x7630ce6025
02-10 08:05:48.348 8144 8144 E ArmVmp : Match on catch block at 0xc3 in for 0x7630ce6025
02-10 08:05:48.362 8144 8144 E ArmVmp : Match on catch block at 0xc3 in for 0x7630ce6025
02-10 08:05:48.365 8144 8144 E ArmVmp : Match on catch block at 0xc3 in for 0x7630ce6025
02-10 08:05:48.379 8144 8144 E ArmVmp : Match on catch block at 0xc3 in for 0x7630ce6025
02-10 08:05:48.382 8144 8144 E ArmVmp : Match on catch block at 0xc3 in for 0x7630ce6025
02-10 08:05:48.446 8144 8144 E ArmVmp : Match on catch block at 0xc3 in for 0x7630ce6025
02-10 08:05:48.449 8144 8144 E ArmVmp : Match on catch block at 0xc3 in for 0x7630ce6025
02-10 08:05:48.953 8144 8144 E ArmVmp : Match on catch block at 0xc3 in for 0x7630ce6025
02-10 08:05:48.964 8144 8144 E ArmVmp : Match on catch block at 0xc3 in for 0x7630ce6025
02-10 08:05:49.052 8144 8144 E ArmVmp : Match on catch block at 0xc3 in for 0x7630ce6025
02-10 08:05:49.063 8144 8144 E ArmVmp : Match on catch block at 0xc3 in for 0x7630ce6025
02-10 08:05:49.075 8144 8144 E ArmVmp : Match on catch block at 0xc3 in for 0x7630ce6025
02-10 08:05:49.086 8144 8144 E ArmVmp : Match on catch block at 0xc3 in for 0x7630ce6025
02-10 08:05:49.100 8144 8144 E ArmVmp : Match on catch block at 0xc3 in for 0x7630ce6025
02-10 08:05:49.105 8144 8144 E ArmVmp : Match on catch block at 0xc3 in for 0x7630ce6025
02-10 08:05:49.118 8144 8144 E ArmVmp : Match on catch block at 0xc3 in for 0x7630ce6025
02-10 08:05:49.124 8144 8144 E ArmVmp : Match on catch block at 0xc3 in for 0x7630ce6025
02-10 08:05:49.132 8144 8144 E ArmVmp : Match on catch block at 0xc3 in for 0x7630ce6025
02-10 08:05:49.135 8144 8144 E ArmVmp : Match on catch block at 0xc3 in for 0x7630ce6025
02-10 08:05:49.148 8144 8144 E ArmVmp : Match on catch block at 0xc3 in for 0x7630ce6025
02-10 08:05:49.152 8144 8144 E ArmVmp : Match on catch block at 0xc3 in for 0x7630ce6025
02-10 08:05:49.165 8144 8144 E ArmVmp : Match on catch block at 0xc3 in for 0x7630ce6025
02-10 08:05:49.168 8144 8144 E ArmVmp : Match on catch block at 0xc3 in for 0x7630ce6025
02-10 08:05:49.182 8144 8144 E ArmVmp : Match on catch block at 0xc3 in for 0x7630ce6025
02-10 08:05:49.185 8144 8144 E ArmVmp : Match on catch block at 0xc3 in for 0x7630ce6025
02-10 08:05:49.198 8144 8144 E ArmVmp : Match on catch block at 0xc3 in for 0x7630ce6025
02-10 08:05:49.202 8144 8144 E ArmVmp : Match on catch block at 0xc3 in for 0x7630ce6025
02-10 08:05:49.215 8144 8144 E ArmVmp : Match on catch block at 0xc3 in for 0x7630ce6025
02-10 08:05:49.218 8144 8144 E ArmVmp : Match on catch block at 0xc3 in for 0x7630ce6025
02-10 08:05:49.232 8144 8144 E ArmVmp : Match on catch block at 0xc3 in for 0x7630ce6025
02-10 08:05:49.235 8144 8144 E ArmVmp : Match on catch block at 0xc3 in for 0x7630ce6025
02-10 08:05:49.248 8144 8144 E ArmVmp : Match on catch block at 0xc3 in for 0x7630ce6025
02-10 08:05:49.251 8144 8144 E ArmVmp : Match on catch block at 0xc3 in for 0x7630ce6025
02-10 08:05:49.266 8144 8144 E ArmVmp : Match on catch block at 0xc3 in for 0x7630ce6025
02-10 08:05:49.269 8144 8144 E ArmVmp : Match on catch block at 0xc3 in for 0x7630ce6025
02-10 08:05:49.286 8144 8144 E ArmVmp : Match on catch block at 0xc3 in for 0x7630ce6025
02-10 08:05:49.290 8144 8144 E ArmVmp : Match on catch block at 0xc3 in for 0x7630ce6025
02-10 08:05:49.297 8144 8144 E ArmVmp : Match on catch block at 0xc3 in for 0x7630ce6025
02-10 08:05:49.300 8144 8144 E ArmVmp : Match on catch block at 0xc3 in for 0x7630ce6025
02-10 08:05:49.450 8144 8144 E ArmVmp : Match on catch block at 0xc3 in for 0x7630ce6025
02-10 08:05:49.462 8144 8144 E ArmVmp : Match on catch block at 0xc3 in for 0x7630ce6025
02-10 08:05:49.952 8144 8144 E ArmVmp : Match on catch block at 0xc3 in for 0x7630ce6025
02-10 08:05:49.963 8144 8144 E ArmVmp : Match on catch block at 0xc3 in for 0x7630ce6025
02-10 08:05:50.453 8144 8144 E ArmVmp : Match on catch block at 0xc3 in for 0x7630ce6025
02-10 08:05:50.463 8144 8144 E ArmVmp : Match on catch block at 0xc3 in for 0x7630ce6025
02-10 08:05:50.680 8144 8144 E ArmVmp : Match on catch block at 0xc3 in for 0x7630ce6025
02-10 08:05:50.689 8144 8144 E ArmVmp : Match on catch block at 0xc3 in for 0x7630ce6025
02-10 08:05:50.702 8144 8144 E ArmVmp : Match on catch block at 0xc3 in for 0x7630ce6025
02-10 08:05:50.719 8144 8144 E ArmVmp : Match on catch block at 0xc3 in for 0x7630ce6025
02-10 08:05:50.757 8144 8144 E ArmVmp : Match on catch block at 0xc3 in for 0x7630ce6025
02-10 08:05:50.760 8144 8144 E ArmVmp : Match on catch block at 0xc3 in for 0x7630ce6025
02-10 08:05:50.848 8144 8144 E ArmVmp : Match on catch block at 0xc3 in for 0x7630ce6025
02-10 08:05:50.853 8144 8144 E ArmVmp : Match on catch block at 0xc3 in for 0x7630ce6025
02-10 08:05:50.864 8144 8144 E ArmVmp : Match on catch block at 0xc3 in for 0x7630ce6025
02-10 08:05:50.885 8144 8144 E ArmVmp : Match on catch block at 0xc3 in for 0x7630ce6025
02-10 08:05:50.897 8144 8144 E ArmVmp : Match on catch block at 0xc3 in for 0x7630ce6025
02-10 08:05:50.906 8144 8144 E ArmVmp : Match on catch block at 0xc3 in for 0x7630ce6025
02-10 08:05:50.918 8144 8144 E ArmVmp : Match on catch block at 0xc3 in for 0x7630ce6025
02-10 08:05:50.925 8144 8144 E ArmVmp : Match on catch block at 0xc3 in for 0x7630ce6025
02-10 08:05:50.943 8144 8144 E ArmVmp : Match on catch block at 0xc3 in for 0x7630ce6025
02-10 08:05:50.951 8144 8144 E ArmVmp : Match on catch block at 0xc3 in for 0x7630ce6025
02-10 08:05:50.967 8144 8144 E ArmVmp : Match on catch block at 0xc3 in for 0x7630ce6025
02-10 08:05:50.974 8144 8144 E ArmVmp : Match on catch block at 0xc3 in for 0x7630ce6025
02-10 08:05:51.160 8144 8144 E ArmVmp : Match on catch block at 0xc3 in for 0x7630ce6025
02-10 08:05:51.173 8144 8144 E ArmVmp : Match on catch block at 0xc3 in for 0x7630ce6025
02-10 08:05:52.519 8144 8333 E OpenGLRenderer: JankTracker::calculateLegacyJank expectedDequeueDuration > 0 expectedDequeueDuration=1047353, DequeueBufferDuration=1025312, forgiveAmount=1025312, totalDuration=7582126
02-10 08:05:52.535 8144 8333 E OpenGLRenderer: JankTracker::calculateLegacyJank expectedDequeueDuration > 0 expectedDequeueDuration=2881162, DequeueBufferDuration=1676198, forgiveAmount=1676198, totalDuration=4154984
02-10 08:05:52.612 8144 8333 E OpenGLRenderer: JankTracker::calculateLegacyJank expectedDequeueDuration > 0 expectedDequeueDuration=2569294, DequeueBufferDuration=1597656, forgiveAmount=1597656, totalDuration=4983988
02-10 08:05:53.339 8144 8333 E OpenGLRenderer: JankTracker::calculateLegacyJank expectedDequeueDuration > 0 expectedDequeueDuration=1473461, DequeueBufferDuration=4661198, forgiveAmount=1473461, totalDuration=9605630
02-10 08:05:53.359 8144 8333 E OpenGLRenderer: JankTracker::calculateLegacyJank expectedDequeueDuration > 0 expectedDequeueDuration=1096607, DequeueBufferDuration=3742969, forgiveAmount=1096607, totalDuration=8791057
02-10 08:05:53.369 8144 8333 E OpenGLRenderer: JankTracker::calculateLegacyJank expectedDequeueDuration > 0 expectedDequeueDuration=1582419, DequeueBufferDuration=4354583, forgiveAmount=1582419, totalDuration=8856725
02-10 08:05:53.384 8144 8333 E OpenGLRenderer: JankTracker::calculateLegacyJank expectedDequeueDuration > 0 expectedDequeueDuration=1225994, DequeueBufferDuration=3873645, forgiveAmount=1225994, totalDuration=11693273
02-10 08:05:53.400 8144 8333 E OpenGLRenderer: JankTracker::calculateLegacyJank expectedDequeueDuration > 0 expectedDequeueDuration=2556748, DequeueBufferDuration=4662500, forgiveAmount=2556748, totalDuration=6581608
02-10 08:05:53.421 8144 8144 E RecyclerView: No adapter attached; skipping layout
02-10 08:05:53.487 8144 8333 E OpenGLRenderer: JankTracker::calculateLegacyJank expectedDequeueDuration > 0 expectedDequeueDuration=765637, DequeueBufferDuration=6523802, forgiveAmount=765637, totalDuration=13964664
02-10 08:05:53.501 8144 8333 E OpenGLRenderer: JankTracker::calculateLegacyJank expectedDequeueDuration > 0 expectedDequeueDuration=865058, DequeueBufferDuration=4549427, forgiveAmount=865058, totalDuration=11635925
02-10 08:05:53.518 8144 8333 E OpenGLRenderer: JankTracker::calculateLegacyJank expectedDequeueDuration > 0 expectedDequeueDuration=657388, DequeueBufferDuration=6394531, forgiveAmount=657388, totalDuration=14009183
02-10 08:05:53.535 8144 8333 E OpenGLRenderer: JankTracker::calculateLegacyJank expectedDequeueDuration > 0 expectedDequeueDuration=1295710, DequeueBufferDuration=4046875, forgiveAmount=1295710, totalDuration=10266028
02-10 08:05:53.551 8144 8333 E OpenGLRenderer: JankTracker::calculateLegacyJank expectedDequeueDuration > 0 expectedDequeueDuration=784155, DequeueBufferDuration=3074010, forgiveAmount=784155, totalDuration=10865857
02-10 08:05:53.571 8144 8333 E OpenGLRenderer: JankTracker::calculateLegacyJank expectedDequeueDuration > 0 expectedDequeueDuration=1097348, DequeueBufferDuration=4356927, forgiveAmount=1097348, totalDuration=10819158
02-10 08:05:53.634 8144 8333 E OpenGLRenderer: JankTracker::calculateLegacyJank expectedDequeueDuration > 0 expectedDequeueDuration=1306671, DequeueBufferDuration=4081302, forgiveAmount=1306671, totalDuration=8706815
02-10 08:05:53.652 8144 8637 E OpenGLRenderer: JankTracker::calculateLegacyJank expectedDequeueDuration > 0 expectedDequeueDuration=1856169, DequeueBufferDuration=4365052, forgiveAmount=1856169, totalDuration=8230943
02-10 08:05:53.667 8144 8637 E OpenGLRenderer: JankTracker::calculateLegacyJank expectedDequeueDuration > 0 expectedDequeueDuration=1146712, DequeueBufferDuration=3822396, forgiveAmount=1146712, totalDuration=8886003
02-10 08:05:53.684 8144 8144 E RecyclerView: No adapter attached; skipping layout
02-10 08:05:53.770 8144 8156 E OpenGLRenderer: JankTracker::calculateLegacyJank expectedDequeueDuration > 0 expectedDequeueDuration=1678202, DequeueBufferDuration=3613959, forgiveAmount=1678202, totalDuration=7554013
02-10 08:05:53.784 8144 8637 E OpenGLRenderer: JankTracker::calculateLegacyJank expectedDequeueDuration > 0 expectedDequeueDuration=1281498, DequeueBufferDuration=4211875, forgiveAmount=1281498, totalDuration=8978723
02-10 08:05:53.839 8144 8156 E OpenGLRenderer: JankTracker::calculateLegacyJank expectedDequeueDuration > 0 expectedDequeueDuration=1217892, DequeueBufferDuration=2322188, forgiveAmount=1217892, totalDuration=6288956
02-10 08:05:53.853 8144 8156 E OpenGLRenderer: JankTracker::calculateLegacyJank expectedDequeueDuration > 0 expectedDequeueDuration=1145439, DequeueBufferDuration=4285052, forgiveAmount=1145439, totalDuration=10363861
02-10 08:05:53.866 8144 8156 E OpenGLRenderer: JankTracker::calculateLegacyJank expectedDequeueDuration > 0 expectedDequeueDuration=1488855, DequeueBufferDuration=8404896, forgiveAmount=1488855, totalDuration=13810988
02-10 08:05:53.884 8144 8156 E OpenGLRenderer: JankTracker::calculateLegacyJank expectedDequeueDuration > 0 expectedDequeueDuration=627170, DequeueBufferDuration=5402760, forgiveAmount=627170, totalDuration=11005973
02-10 08:05:53.902 8144 8156 E OpenGLRenderer: JankTracker::calculateLegacyJank expectedDequeueDuration > 0 expectedDequeueDuration=2155602, DequeueBufferDuration=3092761, forgiveAmount=2155602, totalDuration=7068535
02-10 08:05:53.935 8144 8156 E OpenGLRenderer: JankTracker::calculateLegacyJank expectedDequeueDuration > 0 expectedDequeueDuration=1468582, DequeueBufferDuration=4709011, forgiveAmount=1468582, totalDuration=9203722
02-10 08:05:54.001 8144 8156 E OpenGLRenderer: JankTracker::calculateLegacyJank expectedDequeueDuration > 0 expectedDequeueDuration=64082, DequeueBufferDuration=2918438, forgiveAmount=64082, totalDuration=13069388
02-10 08:05:54.056 8144 8144 E RecyclerView: No adapter attached; skipping layout
02-10 08:05:54.120 8144 8156 E OpenGLRenderer: JankTracker::calculateLegacyJank expectedDequeueDuration > 0 expectedDequeueDuration=1809985, DequeueBufferDuration=5789479, forgiveAmount=1809985, totalDuration=11152061
02-10 08:05:54.135 8144 8156 E OpenGLRenderer: JankTracker::calculateLegacyJank expectedDequeueDuration > 0 expectedDequeueDuration=846884, DequeueBufferDuration=3736302, forgiveAmount=846884, totalDuration=11019045
02-10 08:05:54.153 8144 8156 E OpenGLRenderer: JankTracker::calculateLegacyJank expectedDequeueDuration > 0 expectedDequeueDuration=983132, DequeueBufferDuration=5919479, forgiveAmount=983132, totalDuration=12567539
02-10 08:05:54.168 8144 8156 E OpenGLRenderer: JankTracker::calculateLegacyJank expectedDequeueDuration > 0 expectedDequeueDuration=820417, DequeueBufferDuration=3966771, forgiveAmount=820417, totalDuration=11416249
02-10 08:05:54.184 8144 8156 E OpenGLRenderer: JankTracker::calculateLegacyJank expectedDequeueDuration > 0 expectedDequeueDuration=386549, DequeueBufferDuration=4125521, forgiveAmount=386549, totalDuration=12638048
02-10 08:05:54.217 8144 8156 E OpenGLRenderer: JankTracker::calculateLegacyJank expectedDequeueDuration > 0 expectedDequeueDuration=1006193, DequeueBufferDuration=2966094, forgiveAmount=1006193, totalDuration=11942302
02-10 08:05:54.249 8144 8156 E OpenGLRenderer: JankTracker::calculateLegacyJank expectedDequeueDuration > 0 expectedDequeueDuration=215291, DequeueBufferDuration=2270469, forgiveAmount=215291, totalDuration=11945824
02-10 08:05:54.267 8144 8156 E OpenGLRenderer: JankTracker::calculateLegacyJank expectedDequeueDuration > 0 expectedDequeueDuration=246227, DequeueBufferDuration=3401771, forgiveAmount=246227, totalDuration=14042546
02-10 08:05:54.287 8144 8156 E OpenGLRenderer: JankTracker::calculateLegacyJank expectedDequeueDuration > 0 expectedDequeueDuration=680395, DequeueBufferDuration=1225416, forgiveAmount=680395, totalDuration=9393585
02-10 08:05:54.303 8144 8156 E OpenGLRenderer: JankTracker::calculateLegacyJank expectedDequeueDuration > 0 expectedDequeueDuration=101678, DequeueBufferDuration=1508698, forgiveAmount=101678, totalDuration=9430706
02-10 08:05:54.319 8144 8156 E OpenGLRenderer: JankTracker::calculateLegacyJank expectedDequeueDuration > 0 expectedDequeueDuration=716760, DequeueBufferDuration=5868125, forgiveAmount=716760, totalDuration=16886324
02-10 08:05:54.334 8144 8156 E OpenGLRenderer: JankTracker::calculateLegacyJank expectedDequeueDuration > 0 expectedDequeueDuration=178041, DequeueBufferDuration=3521510, forgiveAmount=178041, totalDuration=14493867
02-10 08:05:54.371 8144 8156 E OpenGLRenderer: JankTracker::calculateLegacyJank expectedDequeueDuration > 0 expectedDequeueDuration=993972, DequeueBufferDuration=3160886, forgiveAmount=993972, totalDuration=10542942
02-10 08:05:54.451 8144 8144 E RecyclerView: No adapter attached; skipping layout
02-10 08:05:54.468 8144 8637 E OpenGLRenderer: JankTracker::calculateLegacyJank expectedDequeueDuration > 0 expectedDequeueDuration=478966, DequeueBufferDuration=2201146, forgiveAmount=478966, totalDuration=15118943
02-10 08:05:54.535 8144 8637 E OpenGLRenderer: JankTracker::calculateLegacyJank expectedDequeueDuration > 0 expectedDequeueDuration=1713506, DequeueBufferDuration=3696198, forgiveAmount=1713506, totalDuration=9054498
02-10 08:05:54.551 8144 8637 E OpenGLRenderer: JankTracker::calculateLegacyJank expectedDequeueDuration > 0 expectedDequeueDuration=1298045, DequeueBufferDuration=5827083, forgiveAmount=1298045, totalDuration=12352660
02-10 08:05:54.567 8144 8637 E OpenGLRenderer: JankTracker::calculateLegacyJank expectedDequeueDuration > 0 expectedDequeueDuration=1316017, DequeueBufferDuration=4647760, forgiveAmount=1316017, totalDuration=11185153
02-10 08:05:54.584 8144 8637 E OpenGLRenderer: JankTracker::calculateLegacyJank expectedDequeueDuration > 0 expectedDequeueDuration=575476, DequeueBufferDuration=3733698, forgiveAmount=575476, totalDuration=11453214
02-10 08:05:54.604 8144 8637 E OpenGLRenderer: JankTracker::calculateLegacyJank expectedDequeueDuration > 0 expectedDequeueDuration=1142803, DequeueBufferDuration=3726146, forgiveAmount=1142803, totalDuration=9909290
02-10 08:05:54.617 8144 8637 E OpenGLRenderer: JankTracker::calculateLegacyJank expectedDequeueDuration > 0 expectedDequeueDuration=1157814, DequeueBufferDuration=3638698, forgiveAmount=1157814, totalDuration=10168382
02-10 08:05:54.635 8144 8637 E OpenGLRenderer: JankTracker::calculateLegacyJank expectedDequeueDuration > 0 expectedDequeueDuration=1745872, DequeueBufferDuration=8160833, forgiveAmount=1745872, totalDuration=13887475
02-10 08:05:54.653 8144 8637 E OpenGLRenderer: JankTracker::calculateLegacyJank expectedDequeueDuration > 0 expectedDequeueDuration=1150338, DequeueBufferDuration=2675416, forgiveAmount=1150338, totalDuration=8182241
02-10 08:05:54.670 8144 8637 E OpenGLRenderer: JankTracker::calculateLegacyJank expectedDequeueDuration > 0 expectedDequeueDuration=884969, DequeueBufferDuration=4476875, forgiveAmount=884969, totalDuration=11392666
02-10 08:05:54.685 8144 8637 E OpenGLRenderer: JankTracker::calculateLegacyJank expectedDequeueDuration > 0 expectedDequeueDuration=176663, DequeueBufferDuration=5187656, forgiveAmount=176663, totalDuration=15118758
02-10 08:05:54.736 8144 8637 E OpenGLRenderer: JankTracker::calculateLegacyJank expectedDequeueDuration > 0 expectedDequeueDuration=27238, DequeueBufferDuration=2853593, forgiveAmount=27238, totalDuration=12462867
02-10 08:05:54.751 8144 8637 E OpenGLRenderer: JankTracker::calculateLegacyJank expectedDequeueDuration > 0 expectedDequeueDuration=1001695, DequeueBufferDuration=3465625, forgiveAmount=1001695, totalDuration=11649631
02-10 08:05:54.784 8144 8637 E OpenGLRenderer: JankTracker::calculateLegacyJank expectedDequeueDuration > 0 expectedDequeueDuration=360066, DequeueBufferDuration=2227500, forgiveAmount=360066, totalDuration=10615232
02-10 08:05:54.803 8144 8637 E OpenGLRenderer: JankTracker::calculateLegacyJank expectedDequeueDuration > 0 expectedDequeueDuration=941819, DequeueBufferDuration=4306093, forgiveAmount=941819, totalDuration=11998393
02-10 08:05:54.819 8144 8637 E OpenGLRenderer: JankTracker::calculateLegacyJank expectedDequeueDuration > 0 expectedDequeueDuration=1123310, DequeueBufferDuration=2722239, forgiveAmount=1123310, totalDuration=9887078
02-10 08:05:54.852 8144 8637 E OpenGLRenderer: JankTracker::calculateLegacyJank expectedDequeueDuration > 0 expectedDequeueDuration=447750, DequeueBufferDuration=2830937, forgiveAmount=447750, totalDuration=13655854
02-10 08:05:54.867 8144 8637 E OpenGLRenderer: JankTracker::calculateLegacyJank expectedDequeueDuration > 0 expectedDequeueDuration=1287426, DequeueBufferDuration=2713698, forgiveAmount=1287426, totalDuration=9346139
02-10 08:05:54.900 8144 8637 E OpenGLRenderer: JankTracker::calculateLegacyJank expectedDequeueDuration > 0 expectedDequeueDuration=150581, DequeueBufferDuration=2285364, forgiveAmount=150581, totalDuration=11062744
02-10 08:05:54.920 8144 8637 E OpenGLRenderer: JankTracker::calculateLegacyJank expectedDequeueDuration > 0 expectedDequeueDuration=375357, DequeueBufferDuration=3035156, forgiveAmount=375357, totalDuration=11912359
02-10 08:05:54.935 8144 8637 E OpenGLRenderer: JankTracker::calculateLegacyJank expectedDequeueDuration > 0 expectedDequeueDuration=546123, DequeueBufferDuration=2414219, forgiveAmount=546123, totalDuration=10814421
02-10 08:05:54.950 8144 8637 E OpenGLRenderer: JankTracker::calculateLegacyJank expectedDequeueDuration > 0 expectedDequeueDuration=30451, DequeueBufferDuration=2181198, forgiveAmount=30451, totalDuration=12492327
02-10 08:05:54.969 8144 8637 E OpenGLRenderer: JankTracker::calculateLegacyJank expectedDequeueDuration > 0 expectedDequeueDuration=1579364, DequeueBufferDuration=1865834, forgiveAmount=1579364, totalDuration=5612157
02-10 08:05:54.985 8144 8637 E OpenGLRenderer: JankTracker::calculateLegacyJank expectedDequeueDuration > 0 expectedDequeueDuration=1715877, DequeueBufferDuration=2794271, forgiveAmount=1715877, totalDuration=6696267
02-10 08:05:55.001 8144 8637 E OpenGLRenderer: JankTracker::calculateLegacyJank expectedDequeueDuration > 0 expectedDequeueDuration=1213881, DequeueBufferDuration=4567657, forgiveAmount=1213881, totalDuration=9636613
02-10 08:05:55.019 8144 8637 E OpenGLRenderer: JankTracker::calculateLegacyJank expectedDequeueDuration > 0 expectedDequeueDuration=1784662, DequeueBufferDuration=4747604, forgiveAmount=1784662, totalDuration=8612603
02-10 08:05:55.035 8144 8637 E OpenGLRenderer: JankTracker::calculateLegacyJank expectedDequeueDuration > 0 expectedDequeueDuration=1623755, DequeueBufferDuration=3982083, forgiveAmount=1623755, totalDuration=8211656
02-10 08:05:55.052 8144 8637 E OpenGLRenderer: JankTracker::calculateLegacyJank expectedDequeueDuration > 0 expectedDequeueDuration=1506665, DequeueBufferDuration=4594688, forgiveAmount=1506665, totalDuration=8785993
02-10 08:05:55.069 8144 8637 E OpenGLRenderer: JankTracker::calculateLegacyJank expectedDequeueDuration > 0 expectedDequeueDuration=1282880, DequeueBufferDuration=4388073, forgiveAmount=1282880, totalDuration=9107105
02-10 08:05:55.087 8144 8637 E OpenGLRenderer: JankTracker::calculateLegacyJank expectedDequeueDuration > 0 expectedDequeueDuration=1560130, DequeueBufferDuration=5310990, forgiveAmount=1560130, totalDuration=12800626
02-10 08:05:55.187 8144 8637 E OpenGLRenderer: JankTracker::calculateLegacyJank expectedDequeueDuration > 0 expectedDequeueDuration=304243, DequeueBufferDuration=2643073, forgiveAmount=304243, totalDuration=12532034
02-10 08:05:55.284 8144 8637 E OpenGLRenderer: JankTracker::calculateLegacyJank expectedDequeueDuration > 0 expectedDequeueDuration=457780, DequeueBufferDuration=4480521, forgiveAmount=457780, totalDuration=13971212
02-10 08:05:55.318 8144 8156 E OpenGLRenderer: JankTracker::calculateLegacyJank expectedDequeueDuration > 0 expectedDequeueDuration=710529, DequeueBufferDuration=3301354, forgiveAmount=710529, totalDuration=10179671
02-10 08:05:55.648 8144 8156 E OpenGLRenderer: JankTracker::calculateLegacyJank expectedDequeueDuration > 0 expectedDequeueDuration=1637982, DequeueBufferDuration=2248750, forgiveAmount=1637982, totalDuration=5562943
02-10 08:05:55.665 8144 8156 E OpenGLRenderer: JankTracker::calculateLegacyJank expectedDequeueDuration > 0 expectedDequeueDuration=1931582, DequeueBufferDuration=2288385, forgiveAmount=1931582, totalDuration=3936888
02-10 08:05:55.682 8144 8156 E OpenGLRenderer: JankTracker::calculateLegacyJank expectedDequeueDuration > 0 expectedDequeueDuration=2097568, DequeueBufferDuration=2362292, forgiveAmount=2097568, totalDuration=3746791
02-10 08:05:55.698 8144 8156 E OpenGLRenderer: JankTracker::calculateLegacyJank expectedDequeueDuration > 0 expectedDequeueDuration=2157690, DequeueBufferDuration=2477708, forgiveAmount=2157690, totalDuration=3630870
02-10 08:05:55.715 8144 8156 E OpenGLRenderer: JankTracker::calculateLegacyJank expectedDequeueDuration > 0 expectedDequeueDuration=2125118, DequeueBufferDuration=2287240, forgiveAmount=2125118, totalDuration=3792367
02-10 08:05:55.732 8144 8156 E OpenGLRenderer: JankTracker::calculateLegacyJank expectedDequeueDuration > 0 expectedDequeueDuration=2073711, DequeueBufferDuration=2271927, forgiveAmount=2073711, totalDuration=3775807
02-10 08:05:55.751 8144 8156 E OpenGLRenderer: JankTracker::calculateLegacyJank expectedDequeueDuration > 0 expectedDequeueDuration=2025464, DequeueBufferDuration=2288854, forgiveAmount=2025464, totalDuration=3835010
02-10 08:05:56.604 8144 9720 E OpenGLRenderer: JankTracker::calculateLegacyJank expectedDequeueDuration > 0 expectedDequeueDuration=328690, DequeueBufferDuration=6661459, forgiveAmount=328690, totalDuration=12684026
02-10 08:05:56.618 8144 9720 E OpenGLRenderer: JankTracker::calculateLegacyJank expectedDequeueDuration > 0 expectedDequeueDuration=2147751, DequeueBufferDuration=4877344, forgiveAmount=2147751, totalDuration=8323301
02-10 08:05:56.635 8144 9720 E OpenGLRenderer: JankTracker::calculateLegacyJank expectedDequeueDuration > 0 expectedDequeueDuration=750743, DequeueBufferDuration=6395468, forgiveAmount=750743, totalDuration=12996639
02-10 08:05:56.652 8144 9720 E OpenGLRenderer: JankTracker::calculateLegacyJank expectedDequeueDuration > 0 expectedDequeueDuration=1589362, DequeueBufferDuration=4454531, forgiveAmount=1589362, totalDuration=9006588
02-10 08:05:56.668 8144 9720 E OpenGLRenderer: JankTracker::calculateLegacyJank expectedDequeueDuration > 0 expectedDequeueDuration=1137646, DequeueBufferDuration=3897761, forgiveAmount=1137646, totalDuration=8721167
02-10 08:05:56.683 8144 9720 E OpenGLRenderer: JankTracker::calculateLegacyJank expectedDequeueDuration > 0 expectedDequeueDuration=1329988, DequeueBufferDuration=4786146, forgiveAmount=1329988, totalDuration=9924398
02-10 08:05:56.700 8144 9720 E OpenGLRenderer: JankTracker::calculateLegacyJank expectedDequeueDuration > 0 expectedDequeueDuration=1557533, DequeueBufferDuration=4535573, forgiveAmount=1557533, totalDuration=9741705
02-10 08:05:56.736 8144 9720 E OpenGLRenderer: JankTracker::calculateLegacyJank expectedDequeueDuration > 0 expectedDequeueDuration=705139, DequeueBufferDuration=1581250, forgiveAmount=705139, totalDuration=7190139
02-10 08:05:57.320 8144 9720 E OpenGLRenderer: JankTracker::calculateLegacyJank expectedDequeueDuration > 0 expectedDequeueDuration=1640815, DequeueBufferDuration=1814114, forgiveAmount=1640815, totalDuration=6079672
02-10 08:05:57.503 8144 9720 E OpenGLRenderer: JankTracker::calculateLegacyJank expectedDequeueDuration > 0 expectedDequeueDuration=78941, DequeueBufferDuration=3926250, forgiveAmount=78941, totalDuration=12904566
02-10 08:05:58.102 8144 8156 E OpenGLRenderer: JankTracker::calculateLegacyJank expectedDequeueDuration > 0 expectedDequeueDuration=1197298, DequeueBufferDuration=4617032, forgiveAmount=1197298, totalDuration=10681551
02-10 08:05:58.119 8144 8156 E OpenGLRenderer: JankTracker::calculateLegacyJank expectedDequeueDuration > 0 expectedDequeueDuration=803982, DequeueBufferDuration=5657969, forgiveAmount=803982, totalDuration=12913807
02-10 08:05:58.136 8144 8156 E OpenGLRenderer: JankTracker::calculateLegacyJank expectedDequeueDuration > 0 expectedDequeueDuration=832311, DequeueBufferDuration=3561875, forgiveAmount=832311, totalDuration=10301575
02-10 08:05:58.154 8144 8156 E OpenGLRenderer: JankTracker::calculateLegacyJank expectedDequeueDuration > 0 expectedDequeueDuration=283206, DequeueBufferDuration=3695156, forgiveAmount=283206, totalDuration=11444368
02-10 08:06:00.537 8144 8637 E OpenGLRenderer: JankTracker::calculateLegacyJank expectedDequeueDuration > 0 expectedDequeueDuration=796004, DequeueBufferDuration=5768958, forgiveAmount=796004, totalDuration=12494138
02-10 08:06:00.554 8144 8637 E OpenGLRenderer: JankTracker::calculateLegacyJank expectedDequeueDuration > 0 expectedDequeueDuration=581079, DequeueBufferDuration=5783125, forgiveAmount=581079, totalDuration=13453572
02-10 08:06:00.571 8144 8637 E OpenGLRenderer: JankTracker::calculateLegacyJank expectedDequeueDuration > 0 expectedDequeueDuration=753023, DequeueBufferDuration=5202448, forgiveAmount=753023, totalDuration=12054058
02-10 08:06:00.588 8144 8637 E OpenGLRenderer: JankTracker::calculateLegacyJank expectedDequeueDuration > 0 expectedDequeueDuration=555139, DequeueBufferDuration=5621250, forgiveAmount=555139, totalDuration=12694358
02-10 08:06:00.601 8144 8637 E OpenGLRenderer: JankTracker::calculateLegacyJank expectedDequeueDuration > 0 expectedDequeueDuration=219212, DequeueBufferDuration=5969739, forgiveAmount=219212, totalDuration=14324024
02-10 08:06:00.618 8144 8637 E OpenGLRenderer: JankTracker::calculateLegacyJank expectedDequeueDuration > 0 expectedDequeueDuration=604798, DequeueBufferDuration=6912239, forgiveAmount=604798, totalDuration=19747852
02-10 08:06:02.519 8144 8637 E OpenGLRenderer: JankTracker::calculateLegacyJank expectedDequeueDuration > 0 expectedDequeueDuration=943019, DequeueBufferDuration=4928593, forgiveAmount=943019, totalDuration=12041723
02-10 08:06:02.669 8144 8637 E OpenGLRenderer: JankTracker::calculateLegacyJank expectedDequeueDuration > 0 expectedDequeueDuration=1049420, DequeueBufferDuration=4352917, forgiveAmount=1049420, totalDuration=8534181
02-10 08:06:02.685 8144 8637 E OpenGLRenderer: JankTracker::calculateLegacyJank expectedDequeueDuration > 0 expectedDequeueDuration=1223602, DequeueBufferDuration=4652188, forgiveAmount=1223602, totalDuration=8400816
02-10 08:06:03.780 8144 8144 E ArmVmp : Match on catch block at 0x0a in for 0x7630ce6035
02-10 08:06:03.786 8144 8144 E ArmVmp : Match on catch block at 0x0a in for 0x7630ce6035
02-10 08:06:03.918 8144 8144 E ArmVmp : Match on catch block at 0xc3 in for 0x7630ce6021
02-10 08:06:03.920 8144 8144 E ArmVmp : Match on catch block at 0xc3 in for 0x7630ce6021
02-10 08:06:03.922 8144 8144 E ArmVmp : Match on catch block at 0xc3 in for 0x7630ce6021
02-10 08:06:03.984 8144 8144 E ArmVmp : Match on catch block at 0xc3 in for 0x7630ce6025
02-10 08:06:03.988 8144 8144 E ArmVmp : Match on catch block at 0xc3 in for 0x7630ce6025
02-10 08:06:03.990 8144 8144 E ArmVmp : Match on catch block at 0xc3 in for 0x7630ce6025
02-10 08:06:04.067 8144 8144 E ArmVmp : Match on catch block at 0xc3 in for 0x7630ce6025
02-10 08:06:04.070 8144 8144 E ArmVmp : Match on catch block at 0xc3 in for 0x7630ce6025
02-10 08:06:04.073 8144 8144 E ArmVmp : Match on catch block at 0xc3 in for 0x7630ce6025
02-10 08:06:04.113 8144 8144 E ArmVmp : Match on catch block at 0xc3 in for 0x7630ce6025
02-10 08:06:04.119 8144 8144 E ArmVmp : Match on catch block at 0xc3 in for 0x7630ce6025
02-10 08:06:04.122 8144 8144 E ArmVmp : Match on catch block at 0xc3 in for 0x7630ce6025
02-10 08:06:04.153 8144 8144 E ArmVmp : Match on catch block at 0xc3 in for 0x7630ce6025
02-10 08:06:04.160 8144 8144 E ArmVmp : Match on catch block at 0xc3 in for 0x7630ce6025
02-10 08:06:04.176 8144 8144 E ArmVmp : Match on catch block at 0xc3 in for 0x7630ce6025
02-10 08:06:04.232 8144 8144 E ArmVmp : Match on catch block at 0xc3 in for 0x7630ce6025
02-10 08:06:04.236 8144 8144 E ArmVmp : Match on catch block at 0xc3 in for 0x7630ce6025
02-10 08:06:04.240 8144 8144 E ArmVmp : Match on catch block at 0xc3 in for 0x7630ce6025
02-10 08:06:04.267 8144 8144 E ArmVmp : Match on catch block at 0xc3 in for 0x7630ce6025
02-10 08:06:04.270 8144 8144 E ArmVmp : Match on catch block at 0xc3 in for 0x7630ce6025
02-10 08:06:04.274 8144 8144 E ArmVmp : Match on catch block at 0xc3 in for 0x7630ce6025
02-10 08:06:04.300 8144 8193 E SQLiteDatabase: Error inserting transferred=1 media_job_uuid=09368892-07c4-4e05-91c8-7fcfb658721c transcoded=0 gif_attribution=0 first_scan_length=0 direct_path=/v/t62.15575- 24/11887357_1083189519657174_326959705180994755_n.enc?ccb=11- 4&oh=01_AdQANB06OhcdGK-ymtkDD1mvaBrOhicrpdfpXCQc5mEjNQ&oe=65EE31EE&_nc_sid=5e03e0 thumbnail_height_width_ratio=1.0 is_animated_sticker=0 file_hash=qyyuZiPXyXeGF9Y4m542j1uS1faVAdf9jH93VQP/VTg= file_path=Media/MBWhatsApp Stickers/STK-20240210-WA0005.webp file_size=0 partial_media_hash=null face_x=0 face_y=0 height=64 trim_to=0 media_key_timestamp=1707495153000 message_url=*********************************************************************** *********************************************************************************** *********************************** media_caption=null trim_from=0 mime_type=image/webp partial_media_enc_hash=null width=64 original_file_hash=null has_streaming_sidecar=0 autotransfer_retry_enabled=1 media_upload_handle=null message_row_id=369 multicast_id=null enc_file_hash=Flg6McFkBBLzFpiEE9n4eAAFtUNJwR7nZEYAsCiHupc= mute_video=0 page_count=0 first_scan_sidecar=null suspicious_content=0 file_length=8604 media_name=null media_duration=0 chat_row_id=8 media_key=[B@ce5dbb4
02-10 08:06:04.300 8144 8193 E SQLiteDatabase: android.database.sqlite.SQLiteConstraintException: UNIQUE constraint failed: message_media.message_row_id (code 1555 SQLITE_CONSTRAINT_PRIMARYKEY)
02-10 08:06:04.300 8144 8193 E SQLiteDatabase: at android.database.sqlite.SQLiteConnection.nativeExecuteForLastInsertedRowId(Native Method)
02-10 08:06:04.300 8144 8193 E SQLiteDatabase: at android.database.sqlite.SQLiteConnection.executeForLastInsertedRowId(SQLiteConnecti on.java:985)
02-10 08:06:04.300 8144 8193 E SQLiteDatabase: at android.database.sqlite.SQLiteSession.executeForLastInsertedRowId(SQLiteSession.jav a:790)
02-10 08:06:04.300 8144 8193 E SQLiteDatabase: at android.database.sqlite.SQLiteStatement.executeInsert(SQLiteStatement.java:89)
02-10 08:06:04.300 8144 8193 E SQLiteDatabase: at android.database.sqlite.SQLiteDatabase.insertWithOnConflict(SQLiteDatabase.java:170 2)
02-10 08:06:04.300 8144 8193 E SQLiteDatabase: at android.database.sqlite.SQLiteDatabase.insert(SQLiteDatabase.java:1571)
02-10 08:06:04.300 8144 8193 E SQLiteDatabase: at X.2tm.A08(Unknown Source:6)
02-10 08:06:04.300 8144 8193 E SQLiteDatabase: at X.35Y.A07(Unknown Source:212)
02-10 08:06:04.300 8144 8193 E SQLiteDatabase: at X.3QF.A14(Unknown Source:470)
02-10 08:06:04.300 8144 8193 E SQLiteDatabase: at X.3gU.run(Unknown Source:982)
02-10 08:06:04.300 8144 8193 E SQLiteDatabase: at android.os.Handler.handleCallback(Handler.java:938)
02-10 08:06:04.300 8144 8193 E SQLiteDatabase: at android.os.Handler.dispatchMessage(Handler.java:99)
02-10 08:06:04.300 8144 8193 E SQLiteDatabase: at X.0zq.dispatchMessage(Unknown Source:4)
02-10 08:06:04.300 8144 8193 E SQLiteDatabase: at android.os.Looper.loopOnce(Looper.java:233)
02-10 08:06:04.300 8144 8193 E SQLiteDatabase: at android.os.Looper.loop(Looper.java:334)
02-10 08:06:04.300 8144 8193 E SQLiteDatabase: at android.os.HandlerThread.run(HandlerThread.java:67)
02-10 08:06:04.612 8144 8144 E ArmVmp : Match on catch block at 0xc3 in for 0x7630ce6025
02-10 08:06:04.615 8144 8144 E ArmVmp : Match on catch block at 0xc3 in for 0x7630ce6025
02-10 08:06:04.617 8144 8144 E ArmVmp : Match on catch block at 0xc3 in for 0x7630ce6025
02-10 08:06:04.646 8144 8144 E ArmVmp : Match on catch block at 0xc3 in for 0x7630ce6025
02-10 08:06:04.648 8144 8144 E ArmVmp : Match on catch block at 0xc3 in for 0x7630ce6025
02-10 08:06:04.650 8144 8144 E ArmVmp : Match on catch block at 0xc3 in for 0x7630ce6025
02-10 08:06:04.663 8144 8144 E ArmVmp : Match on catch block at 0xc3 in for 0x7630ce6025
02-10 08:06:04.666 8144 8144 E ArmVmp : Match on catch block at 0xc3 in for 0x7630ce6025
02-10 08:06:04.668 8144 8144 E ArmVmp : Match on catch block at 0xc3 in for 0x7630ce6025
02-10 08:06:04.679 8144 8144 E ArmVmp : Match on catch block at 0xc3 in for 0x7630ce6025
02-10 08:06:04.681 8144 8144 E ArmVmp : Match on catch block at 0xc3 in for 0x7630ce6025
02-10 08:06:04.683 8144 8144 E ArmVmp : Match on catch block at 0xc3 in for 0x7630ce6025
02-10 08:06:04.695 8144 8144 E ArmVmp : Match on catch block at 0xc3 in for 0x7630ce6025
02-10 08:06:04.698 8144 8144 E ArmVmp : Match on catch block at 0xc3 in for 0x7630ce6025
02-10 08:06:04.700 8144 8144 E ArmVmp : Match on catch block at 0xc3 in for 0x7630ce6025
02-10 08:06:04.712 8144 8144 E ArmVmp : Match on catch block at 0xc3 in for 0x7630ce6025
02-10 08:06:04.714 8144 8144 E ArmVmp : Match on catch block at 0xc3 in for 0x7630ce6025
02-10 08:06:04.716 8144 8144 E ArmVmp : Match on catch block at 0xc3 in for 0x7630ce6025
02-10 08:06:04.747 8144 8144 E ArmVmp : Match on catch block at 0xc3 in for 0x7630ce6025
02-10 08:06:04.752 8144 8144 E ArmVmp : Match on catch block at 0xc3 in for 0x7630ce6025
02-10 08:06:04.754 8144 8144 E ArmVmp : Match on catch block at 0xc3 in for 0x7630ce6025
02-10 08:06:04.762 8144 8144 E ArmVmp : Match on catch block at 0xc3 in for 0x7630ce6025
02-10 08:06:04.765 8144 8144 E ArmVmp : Match on catch block at 0xc3 in for 0x7630ce6025
02-10 08:06:04.767 8144 8144 E ArmVmp : Match on catch block at 0xc3 in for 0x7630ce6025
02-10 08:06:04.786 8144 8144 E ArmVmp : Match on catch block at 0xc3 in for 0x7630ce6025
02-10 08:06:04.790 8144 8144 E ArmVmp : Match on catch block at 0xc3 in for 0x7630ce6025
02-10 08:06:04.802 8144 8144 E ArmVmp : Match on catch block at 0xc3 in for 0x7630ce6025
02-10 08:06:04.813 8144 8144 E ArmVmp : Match on catch block at 0xc3 in for 0x7630ce6025
02-10 08:06:04.817 8144 8144 E ArmVmp : Match on catch block at 0xc3 in for 0x7630ce6025
02-10 08:06:04.820 8144 8144 E ArmVmp : Match on catch block at 0xc3 in for 0x7630ce6025
02-10 08:06:04.830 8144 8144 E ArmVmp : Match on catch block at 0xc3 in for 0x7630ce6025
02-10 08:06:04.839 8144 8144 E ArmVmp : Match on catch block at 0xc3 in for 0x7630ce6025
02-10 08:06:04.843 8144 8144 E ArmVmp : Match on catch block at 0xc3 in for 0x7630ce6025
02-10 08:06:04.876 8144 8144 E ArmVmp : Match on catch block at 0xc3 in for 0x7630ce6025
02-10 08:06:05.113 8144 8144 E ArmVmp : Match on catch block at 0xc3 in for 0x7630ce6025
02-10 08:06:05.117 8144 8144 E ArmVmp : Match on catch block at 0xc3 in for 0x7630ce6025
02-10 08:06:05.121 8144 8144 E ArmVmp : Match on catch block at 0xc3 in for 0x7630ce6025
02-10 08:06:05.619 8144 8144 E ArmVmp : Match on catch block at 0xc3 in for 0x7630ce6025
02-10 08:06:05.631 8144 8144 E ArmVmp : Match on catch block at 0xc3 in for 0x7630ce6025
02-10 08:06:05.641 8144 8144 E ArmVmp : Match on catch block at 0xc3 in for 0x7630ce6025
02-10 08:06:06.120 8144 8144 E ArmVmp : Match on catch block at 0xc3 in for 0x7630ce6025
02-10 08:06:06.129 8144 8144 E ArmVmp : Match on catch block at 0xc3 in for 0x7630ce6025
02-10 08:06:06.139 8144 8144 E ArmVmp : Match on catch block at 0xc3 in for 0x7630ce6025
02-10 08:06:06.468 8144 8144 E ArmVmp : Match on catch block at 0xc3 in for 0x7630ce6025
02-10 08:06:06.479 8144 8144 E ArmVmp : Match on catch block at 0xc3 in for 0x7630ce6025
02-10 08:06:06.486 8144 8144 E ArmVmp : Match on catch block at 0xc3 in for 0x7630ce6025
02-10 08:06:06.501 8144 8144 E ArmVmp : Match on catch block at 0xc3 in for 0x7630ce6025
02-10 08:06:06.510 8144 8144 E ArmVmp : Match on catch block at 0xc3 in for 0x7630ce6025
02-10 08:06:06.516 8144 8144 E ArmVmp : Match on catch block at 0xc3 in for 0x7630ce6025
02-10 08:06:06.526 8144 8144 E ArmVmp : Match on catch block at 0xc3 in for 0x7630ce6025
02-10 08:06:06.534 8144 8144 E ArmVmp : Match on catch block at 0xc3 in for 0x7630ce6025
02-10 08:06:06.539 8144 8144 E ArmVmp : Match on catch block at 0xc3 in for 0x7630ce6025
02-10 08:06:06.552 8144 8144 E ArmVmp : Match on catch block at 0xc3 in for 0x7630ce6025
02-10 08:06:06.556 8144 8144 E ArmVmp : Match on catch block at 0xc3 in for 0x7630ce6025
02-10 08:06:06.559 8144 8144 E ArmVmp : Match on catch block at 0xc3 in for 0x7630ce6025
02-10 08:06:06.565 8144 8144 E ArmVmp : Match on catch block at 0xc3 in for 0x7630ce6025
02-10 08:06:06.569 8144 8144 E ArmVmp : Match on catch block at 0xc3 in for 0x7630ce6025
02-10 08:06:06.571 8144 8144 E ArmVmp : Match on catch block at 0xc3 in for 0x7630ce6025
02-10 08:06:06.582 8144 8144 E ArmVmp : Match on catch block at 0xc3 in for 0x7630ce6025
02-10 08:06:06.585 8144 8144 E ArmVmp : Match on catch block at 0xc3 in for 0x7630ce6025
02-10 08:06:06.588 8144 8144 E ArmVmp : Match on catch block at 0xc3 in for 0x7630ce6025
02-10 08:06:06.599 8144 8144 E ArmVmp : Match on catch block at 0xc3 in for 0x7630ce6025
02-10 08:06:06.603 8144 8144 E ArmVmp : Match on catch block at 0xc3 in for 0x7630ce6025
02-10 08:06:06.606 8144 8144 E ArmVmp : Match on catch block at 0xc3 in for 0x7630ce6025
02-10 08:06:06.616 8144 8144 E ArmVmp : Match on catch block at 0xc3 in for 0x7630ce6025
02-10 08:06:06.619 8144 8144 E ArmVmp : Match on catch block at 0xc3 in for 0x7630ce6025
02-10 08:06:06.622 8144 8144 E ArmVmp : Match on catch block at 0xc3 in for 0x7630ce6025
02-10 08:06:06.632 8144 8144 E ArmVmp : Match on catch block at 0xc3 in for 0x7630ce6025
02-10 08:06:06.636 8144 8144 E ArmVmp : Match on catch block at 0xc3 in for 0x7630ce6025
02-10 08:06:06.638 8144 8144 E ArmVmp : Match on catch block at 0xc3 in for 0x7630ce6025
02-10 08:06:06.649 8144 8144 E ArmVmp : Match on catch block at 0xc3 in for 0x7630ce6025
02-10 08:06:06.653 8144 8144 E ArmVmp : Match on catch block at 0xc3 in for 0x7630ce6025
02-10 08:06:06.656 8144 8144 E ArmVmp : Match on catch block at 0xc3 in for 0x7630ce6025
02-10 08:06:06.665 8144 8144 E ArmVmp : Match on catch block at 0xc3 in for 0x7630ce6025
02-10 08:06:06.668 8144 8144 E ArmVmp : Match on catch block at 0xc3 in for 0x7630ce6025
02-10 08:06:06.671 8144 8144 E ArmVmp : Match on catch block at 0xc3 in for 0x7630ce6025
02-10 08:06:06.682 8144 8144 E ArmVmp : Match on catch block at 0xc3 in for 0x7630ce6025
02-10 08:06:06.685 8144 8144 E ArmVmp : Match on catch block at 0xc3 in for 0x7630ce6025
02-10 08:06:06.689 8144 8144 E ArmVmp : Match on catch block at 0xc3 in for 0x7630ce6025
02-10 08:06:06.699 8144 8144 E ArmVmp : Match on catch block at 0xc3 in for 0x7630ce6025
02-10 08:06:06.703 8144 8144 E ArmVmp : Match on catch block at 0xc3 in for 0x7630ce6025
02-10 08:06:06.705 8144 8144 E ArmVmp : Match on catch block at 0xc3 in for 0x7630ce6025
02-10 08:06:06.715 8144 8144 E ArmVmp : Match on catch block at 0xc3 in for 0x7630ce6025
02-10 08:06:06.718 8144 8144 E ArmVmp : Match on catch block at 0xc3 in for 0x7630ce6025
02-10 08:06:06.721 8144 8144 E ArmVmp : Match on catch block at 0xc3 in for 0x7630ce6025
