02-10 08:06:06.732 8144 8144 E ArmVmp : Match on catch block at 0xc3 in for 0x7630ce6025
02-10 08:06:06.736 8144 8144 E ArmVmp : Match on catch block at 0xc3 in for 0x7630ce6025
02-10 08:06:06.738 8144 8144 E ArmVmp : Match on catch block at 0xc3 in for 0x7630ce6025
02-10 08:06:07.135 8144 8144 E ArmVmp : Match on catch block at 0xc3 in for 0x7630ce6025
02-10 08:06:07.146 8144 8144 E ArmVmp : Match on catch block at 0xc3 in for 0x7630ce6025
02-10 08:06:07.151 8144 8144 E ArmVmp : Match on catch block at 0xc3 in for 0x7630ce6025
02-10 08:06:07.462 8144 8144 E ArmVmp : Match on catch block at 0xc3 in for 0x7630ce6025
02-10 08:06:07.465 8144 8144 E ArmVmp : Match on catch block at 0xc3 in for 0x7630ce6025
02-10 08:06:07.468 8144 8144 E ArmVmp : Match on catch block at 0xc3 in for 0x7630ce6025
02-10 08:06:07.490 8144 8144 E ArmVmp : Match on catch block at 0xc3 in for 0x7630ce6025
02-10 08:06:07.493 8144 8144 E ArmVmp : Match on catch block at 0xc3 in for 0x7630ce6025
02-10 08:06:07.495 8144 8144 E ArmVmp : Match on catch block at 0xc3 in for 0x7630ce6025
02-10 08:06:07.500 8144 8144 E ArmVmp : Match on catch block at 0xc3 in for 0x7630ce6025
02-10 08:06:07.503 8144 8144 E ArmVmp : Match on catch block at 0xc3 in for 0x7630ce6025
02-10 08:06:07.505 8144 8144 E ArmVmp : Match on catch block at 0xc3 in for 0x7630ce6025
02-10 08:06:07.516 8144 8144 E ArmVmp : Match on catch block at 0xc3 in for 0x7630ce6025
02-10 08:06:07.521 8144 8144 E ArmVmp : Match on catch block at 0xc3 in for 0x7630ce6025
02-10 08:06:07.523 8144 8144 E ArmVmp : Match on catch block at 0xc3 in for 0x7630ce6025
02-10 08:06:07.530 8144 8144 E ArmVmp : Match on catch block at 0xc3 in for 0x7630ce6025
02-10 08:06:07.535 8144 8144 E ArmVmp : Match on catch block at 0xc3 in for 0x7630ce6025
02-10 08:06:07.537 8144 8144 E ArmVmp : Match on catch block at 0xc3 in for 0x7630ce6025
02-10 08:06:07.547 8144 8144 E ArmVmp : Match on catch block at 0xc3 in for 0x7630ce6025
02-10 08:06:07.551 8144 8144 E ArmVmp : Match on catch block at 0xc3 in for 0x7630ce6025
02-10 08:06:07.553 8144 8144 E ArmVmp : Match on catch block at 0xc3 in for 0x7630ce6025
02-10 08:06:07.566 8144 8144 E ArmVmp : Match on catch block at 0xc3 in for 0x7630ce6025
02-10 08:06:07.569 8144 8144 E ArmVmp : Match on catch block at 0xc3 in for 0x7630ce6025
02-10 08:06:07.571 8144 8144 E ArmVmp : Match on catch block at 0xc3 in for 0x7630ce6025
02-10 08:06:07.584 8144 8144 E ArmVmp : Match on catch block at 0xc3 in for 0x7630ce6025
02-10 08:06:07.586 8144 8144 E ArmVmp : Match on catch block at 0xc3 in for 0x7630ce6025
02-10 08:06:07.588 8144 8144 E ArmVmp : Match on catch block at 0xc3 in for 0x7630ce6025
02-10 08:06:07.597 8144 8144 E ArmVmp : Match on catch block at 0xc3 in for 0x7630ce6025
02-10 08:06:07.600 8144 8144 E ArmVmp : Match on catch block at 0xc3 in for 0x7630ce6025
02-10 08:06:07.602 8144 8144 E ArmVmp : Match on catch block at 0xc3 in for 0x7630ce6025
02-10 08:06:07.613 8144 8144 E ArmVmp : Match on catch block at 0xc3 in for 0x7630ce6025
02-10 08:06:07.617 8144 8144 E ArmVmp : Match on catch block at 0xc3 in for 0x7630ce6025
02-10 08:06:07.619 8144 8144 E ArmVmp : Match on catch block at 0xc3 in for 0x7630ce6025
02-10 08:06:07.630 8144 8144 E ArmVmp : Match on catch block at 0xc3 in for 0x7630ce6025
02-10 08:06:07.633 8144 8144 E ArmVmp : Match on catch block at 0xc3 in for 0x7630ce6025
02-10 08:06:07.636 8144 8144 E ArmVmp : Match on catch block at 0xc3 in for 0x7630ce6025
02-10 08:06:07.663 8144 8144 E ArmVmp : Match on catch block at 0xc3 in for 0x7630ce6025
02-10 08:06:07.669 8144 8144 E ArmVmp : Match on catch block at 0xc3 in for 0x7630ce6025
02-10 08:06:07.671 8144 8144 E ArmVmp : Match on catch block at 0xc3 in for 0x7630ce6025
02-10 08:06:07.752 8144 8144 E ArmVmp : Match on catch block at 0xc3 in for 0x7630ce6025
02-10 08:06:07.756 8144 8144 E ArmVmp : Match on catch block at 0xc3 in for 0x7630ce6025
02-10 08:06:07.759 8144 8144 E ArmVmp : Match on catch block at 0xc3 in for 0x7630ce6025
02-10 08:06:08.269 8144 8144 E ArmVmp : Match on catch block at 0xc3 in for 0x7630ce6025
02-10 08:06:08.279 8144 8144 E ArmVmp : Match on catch block at 0xc3 in for 0x7630ce6025
02-10 08:06:08.288 8144 8144 E ArmVmp : Match on catch block at 0xc3 in for 0x7630ce6025
02-10 08:06:08.564 8144 8144 E ArmVmp : Match on catch block at 0xc3 in for 0x7630ce6025
02-10 08:06:08.567 8144 8144 E ArmVmp : Match on catch block at 0xc3 in for 0x7630ce6025
02-10 08:06:08.569 8144 8144 E ArmVmp : Match on catch block at 0xc3 in for 0x7630ce6025
02-10 08:06:08.748 8144 8144 E ArmVmp : Match on catch block at 0xc3 in for 0x7630ce6025
02-10 08:06:08.751 8144 8144 E ArmVmp : Match on catch block at 0xc3 in for 0x7630ce6025
02-10 08:06:08.754 8144 8144 E ArmVmp : Match on catch block at 0xc3 in for 0x7630ce6025
02-10 08:06:09.115 8144 8144 E ArmVmp : Match on catch block at 0xc3 in for 0x7630ce6025
02-10 08:06:09.118 8144 8144 E ArmVmp : Match on catch block at 0xc3 in for 0x7630ce6025
02-10 08:06:09.121 8144 8144 E ArmVmp : Match on catch block at 0xc3 in for 0x7630ce6025
02-10 08:06:09.299 8144 8144 E ArmVmp : Match on catch block at 0xc3 in for 0x7630ce6025
02-10 08:06:09.302 8144 8144 E ArmVmp : Match on catch block at 0xc3 in for 0x7630ce6025
02-10 08:06:09.305 8144 8144 E ArmVmp : Match on catch block at 0xc3 in for 0x7630ce6025
02-10 08:06:09.617 8144 8144 E ArmVmp : Match on catch block at 0xc3 in for 0x7630ce6025
02-10 08:06:09.631 8144 8144 E ArmVmp : Match on catch block at 0xc3 in for 0x7630ce6025
02-10 08:06:09.640 8144 8144 E ArmVmp : Match on catch block at 0xc3 in for 0x7630ce6025
02-10 08:06:09.949 8144 8144 E ArmVmp : Match on catch block at 0xc3 in for 0x7630ce6025
02-10 08:06:09.954 8144 8144 E ArmVmp : Match on catch block at 0xc3 in for 0x7630ce6025
02-10 08:06:09.956 8144 8144 E ArmVmp : Match on catch block at 0xc3 in for 0x7630ce6025
02-10 08:06:10.448 8144 8144 E ArmVmp : Match on catch block at 0xc3 in for 0x7630ce6025
02-10 08:06:10.467 8144 8144 E ArmVmp : Match on catch block at 0xc3 in for 0x7630ce6025
02-10 08:06:10.470 8144 8144 E ArmVmp : Match on catch block at 0xc3 in for 0x7630ce6025
02-10 08:06:10.508 8144 8144 E ArmVmp : Match on catch block at 0xc3 in for 0x7630ce6025
02-10 08:06:10.510 8144 8144 E ArmVmp : Match on catch block at 0xc3 in for 0x7630ce6025
02-10 08:06:10.516 8144 8144 E ArmVmp : Match on catch block at 0xc3 in for 0x7630ce6025
02-10 08:06:10.528 8144 8144 E ArmVmp : Match on catch block at 0xc3 in for 0x7630ce6025
02-10 08:06:10.539 8144 8144 E ArmVmp : Match on catch block at 0xc3 in for 0x7630ce6025
02-10 08:06:10.541 8144 8144 E ArmVmp : Match on catch block at 0xc3 in for 0x7630ce6025
02-10 08:06:10.904 8144 8144 E ArmVmp : Match on catch block at 0xc3 in for 0x7630ce6025
02-10 08:06:10.912 8144 8144 E ArmVmp : Match on catch block at 0xc3 in for 0x7630ce6025
02-10 08:06:10.915 8144 8144 E ArmVmp : Match on catch block at 0xc3 in for 0x7630ce6025
02-10 08:06:10.924 8144 8144 E ArmVmp : Match on catch block at 0xc3 in for 0x7630ce6025
02-10 08:06:10.928 8144 8144 E ArmVmp : Match on catch block at 0xc3 in for 0x7630ce6025
02-10 08:06:10.931 8144 8144 E ArmVmp : Match on catch block at 0xc3 in for 0x7630ce6025
02-10 08:06:10.946 8144 8144 E ArmVmp : Match on catch block at 0xc3 in for 0x7630ce6025
02-10 08:06:10.949 8144 8144 E ArmVmp : Match on catch block at 0xc3 in for 0x7630ce6025
02-10 08:06:10.950 8144 8144 E ArmVmp : Match on catch block at 0xc3 in for 0x7630ce6025
02-10 08:06:10.973 8144 8144 E ArmVmp : Match on catch block at 0xc3 in for 0x7630ce6025
02-10 08:06:10.977 8144 8144 E ArmVmp : Match on catch block at 0xc3 in for 0x7630ce6025
02-10 08:06:10.984 8144 8144 E ArmVmp : Match on catch block at 0xc3 in for 0x7630ce6025
02-10 08:06:11.052 8144 8144 E ArmVmp : Match on catch block at 0xc3 in for 0x7630ce6025
02-10 08:06:11.054 8144 8144 E ArmVmp : Match on catch block at 0xc3 in for 0x7630ce6025
02-10 08:06:11.056 8144 8144 E ArmVmp : Match on catch block at 0xc3 in for 0x7630ce6025
02-10 08:06:11.064 8144 8144 E ArmVmp : Match on catch block at 0xc3 in for 0x7630ce6025
02-10 08:06:11.069 8144 8144 E ArmVmp : Match on catch block at 0xc3 in for 0x7630ce6025
02-10 08:06:11.085 8144 8144 E ArmVmp : Match on catch block at 0xc3 in for 0x7630ce6025
02-10 08:06:11.107 8144 8144 E ArmVmp : Match on catch block at 0xc3 in for 0x7630ce6025
02-10 08:06:11.119 8144 8144 E ArmVmp : Match on catch block at 0xc3 in for 0x7630ce6025
02-10 08:06:11.121 8144 8144 E ArmVmp : Match on catch block at 0xc3 in for 0x7630ce6025
02-10 08:06:11.138 8144 8144 E ArmVmp : Match on catch block at 0xc3 in for 0x7630ce6025
02-10 08:06:11.142 8144 8144 E ArmVmp : Match on catch block at 0xc3 in for 0x7630ce6025
02-10 08:06:11.148 8144 8144 E ArmVmp : Match on catch block at 0xc3 in for 0x7630ce6025
02-10 08:06:11.360 8144 8144 E ArmVmp : Match on catch block at 0xc3 in for 0x7630ce6025
02-10 08:06:11.365 8144 8144 E ArmVmp : Match on catch block at 0xc3 in for 0x7630ce6025
02-10 08:06:11.371 8144 8144 E ArmVmp : Match on catch block at 0xc3 in for 0x7630ce6025
02-10 08:06:13.232 8144 9720 E OpenGLRenderer: JankTracker::calculateLegacyJank expectedDequeueDuration > 0 expectedDequeueDuration=1078380, DequeueBufferDuration=614739, forgiveAmount=614739, totalDuration=8967141
02-10 08:06:15.071 8144 8158 E OpenGLRenderer: JankTracker::calculateLegacyJank expectedDequeueDuration > 0 expectedDequeueDuration=535467, DequeueBufferDuration=5071250, forgiveAmount=535467, totalDuration=12431097
02-10 08:06:15.087 8144 8158 E OpenGLRenderer: JankTracker::calculateLegacyJank expectedDequeueDuration > 0 expectedDequeueDuration=1109622, DequeueBufferDuration=6852083, forgiveAmount=1109622, totalDuration=13150547
02-10 08:06:15.104 8144 8158 E OpenGLRenderer: JankTracker::calculateLegacyJank expectedDequeueDuration > 0 expectedDequeueDuration=865138, DequeueBufferDuration=6215833, forgiveAmount=865138, totalDuration=12946182
02-10 08:06:15.118 8144 8158 E OpenGLRenderer: JankTracker::calculateLegacyJank expectedDequeueDuration > 0 expectedDequeueDuration=1621374, DequeueBufferDuration=6995260, forgiveAmount=1621374, totalDuration=11996628
02-10 08:06:15.720 8144 9720 E OpenGLRenderer: JankTracker::calculateLegacyJank expectedDequeueDuration > 0 expectedDequeueDuration=165341, DequeueBufferDuration=5622812, forgiveAmount=165341, totalDuration=19709943
02-10 08:06:17.201 8144 8156 E OpenGLRenderer: JankTracker::calculateLegacyJank expectedDequeueDuration > 0 expectedDequeueDuration=453095, DequeueBufferDuration=3116042, forgiveAmount=453095, totalDuration=9267976
02-10 08:06:17.218 8144 8156 E OpenGLRenderer: JankTracker::calculateLegacyJank expectedDequeueDuration > 0 expectedDequeueDuration=1062986, DequeueBufferDuration=3906927, forgiveAmount=1062986, totalDuration=10443195
02-10 08:06:17.237 8144 8156 E OpenGLRenderer: JankTracker::calculateLegacyJank expectedDequeueDuration > 0 expectedDequeueDuration=971216, DequeueBufferDuration=3535209, forgiveAmount=971216, totalDuration=8751265
02-10 08:06:17.257 8144 8156 E OpenGLRenderer: JankTracker::calculateLegacyJank expectedDequeueDuration > 0 expectedDequeueDuration=661168, DequeueBufferDuration=3477552, forgiveAmount=661168, totalDuration=10143446
02-10 08:06:17.275 8144 8156 E OpenGLRenderer: JankTracker::calculateLegacyJank expectedDequeueDuration > 0 expectedDequeueDuration=643501, DequeueBufferDuration=7642708, forgiveAmount=643501, totalDuration=16954560
02-10 08:06:17.291 8144 8156 E OpenGLRenderer: JankTracker::calculateLegacyJank expectedDequeueDuration > 0 expectedDequeueDuration=396898, DequeueBufferDuration=9803697, forgiveAmount=396898, totalDuration=16968443
02-10 08:06:17.336 8144 8156 E OpenGLRenderer: JankTracker::calculateLegacyJank expectedDequeueDuration > 0 expectedDequeueDuration=2233585, DequeueBufferDuration=11779010, forgiveAmount=2233585, totalDuration=15122673
02-10 08:06:17.351 8144 8156 E OpenGLRenderer: JankTracker::calculateLegacyJank expectedDequeueDuration > 0 expectedDequeueDuration=1450526, DequeueBufferDuration=13058385, forgiveAmount=1450526, totalDuration=19093167
02-10 08:06:17.368 8144 8156 E OpenGLRenderer: JankTracker::calculateLegacyJank expectedDequeueDuration > 0 expectedDequeueDuration=94201, DequeueBufferDuration=4055417, forgiveAmount=94201, totalDuration=9365296
02-10 08:06:17.385 8144 8156 E OpenGLRenderer: JankTracker::calculateLegacyJank expectedDequeueDuration > 0 expectedDequeueDuration=1805519, DequeueBufferDuration=3874219, forgiveAmount=1805519, totalDuration=8852712
02-10 08:06:21.671 8144 9720 E OpenGLRenderer: JankTracker::calculateLegacyJank expectedDequeueDuration > 0 expectedDequeueDuration=1525472, DequeueBufferDuration=12353281, forgiveAmount=1525472, totalDuration=24349367
02-10 08:06:21.719 8144 9720 E OpenGLRenderer: JankTracker::calculateLegacyJank expectedDequeueDuration > 0 expectedDequeueDuration=1707556, DequeueBufferDuration=2542760, forgiveAmount=1707556, totalDuration=8704524
02-10 08:06:21.735 8144 9720 E OpenGLRenderer: JankTracker::calculateLegacyJank expectedDequeueDuration > 0 expectedDequeueDuration=494185, DequeueBufferDuration=4868646, forgiveAmount=494185, totalDuration=16292203
02-10 08:06:21.771 8144 9720 E OpenGLRenderer: JankTracker::calculateLegacyJank expectedDequeueDuration > 0 expectedDequeueDuration=575987, DequeueBufferDuration=3619531, forgiveAmount=575987, totalDuration=14350266
02-10 08:06:21.801 8144 9720 E OpenGLRenderer: JankTracker::calculateLegacyJank expectedDequeueDuration > 0 expectedDequeueDuration=244704, DequeueBufferDuration=5808386, forgiveAmount=244704, totalDuration=13219445
02-10 08:06:21.818 8144 9720 E OpenGLRenderer: JankTracker::calculateLegacyJank expectedDequeueDuration > 0 expectedDequeueDuration=661165, DequeueBufferDuration=3417865, forgiveAmount=661165, totalDuration=9959910
02-10 08:06:22.516 8144 9720 E OpenGLRenderer: JankTracker::calculateLegacyJank expectedDequeueDuration > 0 expectedDequeueDuration=85928, DequeueBufferDuration=2780573, forgiveAmount=85928, totalDuration=13177259
02-10 08:06:22.551 8144 9720 E OpenGLRenderer: JankTracker::calculateLegacyJank expectedDequeueDuration > 0 expectedDequeueDuration=643645, DequeueBufferDuration=1500261, forgiveAmount=643645, totalDuration=10051877
02-10 08:06:22.737 8144 9720 E OpenGLRenderer: JankTracker::calculateLegacyJank expectedDequeueDuration > 0 expectedDequeueDuration=1055835, DequeueBufferDuration=689844, forgiveAmount=689844, totalDuration=7418383
02-10 08:06:22.752 8144 9720 E OpenGLRenderer: JankTracker::calculateLegacyJank expectedDequeueDuration > 0 expectedDequeueDuration=1239031, DequeueBufferDuration=881562, forgiveAmount=881562, totalDuration=9475501
02-10 08:06:22.785 8144 9720 E OpenGLRenderer: JankTracker::calculateLegacyJank expectedDequeueDuration > 0 expectedDequeueDuration=801244, DequeueBufferDuration=4198125, forgiveAmount=801244, totalDuration=14586262
02-10 08:06:22.816 8144 9720 E OpenGLRenderer: JankTracker::calculateLegacyJank expectedDequeueDuration > 0 expectedDequeueDuration=561910, DequeueBufferDuration=3301719, forgiveAmount=561910, totalDuration=13256232
02-10 08:06:22.850 8144 9720 E OpenGLRenderer: JankTracker::calculateLegacyJank expectedDequeueDuration > 0 expectedDequeueDuration=1208580, DequeueBufferDuration=2055782, forgiveAmount=1208580, totalDuration=9516486
02-10 08:06:22.866 8144 9720 E OpenGLRenderer: JankTracker::calculateLegacyJank expectedDequeueDuration > 0 expectedDequeueDuration=1682261, DequeueBufferDuration=2588073, forgiveAmount=1682261, totalDuration=8799749
02-10 08:06:22.885 8144 9720 E OpenGLRenderer: JankTracker::calculateLegacyJank expectedDequeueDuration > 0 expectedDequeueDuration=1507721, DequeueBufferDuration=2875781, forgiveAmount=1507721, totalDuration=10457631
02-10 08:06:22.901 8144 9720 E OpenGLRenderer: JankTracker::calculateLegacyJank expectedDequeueDuration > 0 expectedDequeueDuration=946755, DequeueBufferDuration=1922813, forgiveAmount=946755, totalDuration=11006697
02-10 08:06:22.917 8144 9720 E OpenGLRenderer: JankTracker::calculateLegacyJank expectedDequeueDuration > 0 expectedDequeueDuration=193678, DequeueBufferDuration=3522552, forgiveAmount=193678, totalDuration=13593113
02-10 08:06:22.932 8144 9720 E OpenGLRenderer: JankTracker::calculateLegacyJank expectedDequeueDuration > 0 expectedDequeueDuration=909567, DequeueBufferDuration=3079115, forgiveAmount=909567, totalDuration=11473731
02-10 08:06:22.951 8144 9720 E OpenGLRenderer: JankTracker::calculateLegacyJank expectedDequeueDuration > 0 expectedDequeueDuration=1139812, DequeueBufferDuration=3224427, forgiveAmount=1139812, totalDuration=11057251
02-10 08:06:22.966 8144 9720 E OpenGLRenderer: JankTracker::calculateLegacyJank expectedDequeueDuration > 0 expectedDequeueDuration=395527, DequeueBufferDuration=1131614, forgiveAmount=395527, totalDuration=10331602
02-10 08:06:23.001 8144 9720 E OpenGLRenderer: JankTracker::calculateLegacyJank expectedDequeueDuration > 0 expectedDequeueDuration=450932, DequeueBufferDuration=1538438, forgiveAmount=450932, totalDuration=14050064
02-10 08:06:23.136 8144 9720 E OpenGLRenderer: JankTracker::calculateLegacyJank expectedDequeueDuration > 0 expectedDequeueDuration=958051, DequeueBufferDuration=4768021, forgiveAmount=958051, totalDuration=14734627
02-10 08:06:26.331 8144 8622 E OpenGLRenderer: JankTracker::calculateLegacyJank expectedDequeueDuration > 0 expectedDequeueDuration=1116632, DequeueBufferDuration=2425156, forgiveAmount=1116632, totalDuration=11909131
02-10 08:06:26.367 8144 8622 E OpenGLRenderer: JankTracker::calculateLegacyJank expectedDequeueDuration > 0 expectedDequeueDuration=747502, DequeueBufferDuration=612135, forgiveAmount=612135, totalDuration=8791353
02-10 08:06:26.385 8144 8622 E OpenGLRenderer: JankTracker::calculateLegacyJank expectedDequeueDuration > 0 expectedDequeueDuration=902537, DequeueBufferDuration=2047032, forgiveAmount=902537, totalDuration=11656332
02-10 08:06:26.752 8144 8637 E OpenGLRenderer: JankTracker::calculateLegacyJank expectedDequeueDuration > 0 expectedDequeueDuration=75062, DequeueBufferDuration=2809635, forgiveAmount=75062, totalDuration=12546699
02-10 08:06:26.766 8144 8637 E OpenGLRenderer: JankTracker::calculateLegacyJank expectedDequeueDuration > 0 expectedDequeueDuration=892219, DequeueBufferDuration=2409010, forgiveAmount=892219, totalDuration=10661499
02-10 08:06:26.815 8144 8637 E OpenGLRenderer: JankTracker::calculateLegacyJank expectedDequeueDuration > 0 expectedDequeueDuration=1127999, DequeueBufferDuration=1163438, forgiveAmount=1127999, totalDuration=8665044
02-10 08:06:26.834 8144 8637 E OpenGLRenderer: JankTracker::calculateLegacyJank expectedDequeueDuration > 0 expectedDequeueDuration=804713, DequeueBufferDuration=861614, forgiveAmount=804713, totalDuration=8843543
02-10 08:06:26.851 8144 8637 E OpenGLRenderer: JankTracker::calculateLegacyJank expectedDequeueDuration > 0 expectedDequeueDuration=729725, DequeueBufferDuration=1403854, forgiveAmount=729725, totalDuration=9017164
02-10 08:06:26.918 8144 8637 E OpenGLRenderer: JankTracker::calculateLegacyJank expectedDequeueDuration > 0 expectedDequeueDuration=467259, DequeueBufferDuration=1774323, forgiveAmount=467259, totalDuration=8755951
02-10 08:06:26.985 8144 8637 E OpenGLRenderer: JankTracker::calculateLegacyJank expectedDequeueDuration > 0 expectedDequeueDuration=1297249, DequeueBufferDuration=2027709, forgiveAmount=1297249, totalDuration=9508209
02-10 08:06:27.018 8144 8637 E OpenGLRenderer: JankTracker::calculateLegacyJank expectedDequeueDuration > 0 expectedDequeueDuration=116362, DequeueBufferDuration=3148646, forgiveAmount=116362, totalDuration=9705141
02-10 08:06:27.035 8144 8637 E OpenGLRenderer: JankTracker::calculateLegacyJank expectedDequeueDuration > 0 expectedDequeueDuration=1284817, DequeueBufferDuration=1938854, forgiveAmount=1284817, totalDuration=7111408
02-10 08:06:27.118 8144 8637 E OpenGLRenderer: JankTracker::calculateLegacyJank expectedDequeueDuration > 0 expectedDequeueDuration=310277, DequeueBufferDuration=1765208, forgiveAmount=310277, totalDuration=8385070
02-10 08:06:27.133 8144 8637 E OpenGLRenderer: JankTracker::calculateLegacyJank expectedDequeueDuration > 0 expectedDequeueDuration=410302, DequeueBufferDuration=2103490, forgiveAmount=410302, totalDuration=9465541
02-10 08:06:28.117 8144 8637 E OpenGLRenderer: JankTracker::calculateLegacyJank expectedDequeueDuration > 0 expectedDequeueDuration=759017, DequeueBufferDuration=6362500, forgiveAmount=759017, totalDuration=13287434
02-10 08:06:28.268 8144 8637 E OpenGLRenderer: JankTracker::calculateLegacyJank expectedDequeueDuration > 0 expectedDequeueDuration=819754, DequeueBufferDuration=3751927, forgiveAmount=819754, totalDuration=10004087
02-10 08:06:28.288 8144 8637 E OpenGLRenderer: JankTracker::calculateLegacyJank expectedDequeueDuration > 0 expectedDequeueDuration=1688013, DequeueBufferDuration=5634947, forgiveAmount=1688013, totalDuration=10096995
02-10 08:06:28.302 8144 8637 E OpenGLRenderer: JankTracker::calculateLegacyJank expectedDequeueDuration > 0 expectedDequeueDuration=1626987, DequeueBufferDuration=4517604, forgiveAmount=1626987, totalDuration=9183943
02-10 08:06:28.318 8144 8637 E OpenGLRenderer: JankTracker::calculateLegacyJank expectedDequeueDuration > 0 expectedDequeueDuration=1366647, DequeueBufferDuration=4515261, forgiveAmount=1366647, totalDuration=11235040
02-10 08:06:28.701 8144 8637 E OpenGLRenderer: JankTracker::calculateLegacyJank expectedDequeueDuration > 0 expectedDequeueDuration=417018, DequeueBufferDuration=2494531, forgiveAmount=417018, totalDuration=10253308
02-10 08:06:28.717 8144 8637 E OpenGLRenderer: JankTracker::calculateLegacyJank expectedDequeueDuration > 0 expectedDequeueDuration=1886577, DequeueBufferDuration=3270156, forgiveAmount=1886577, totalDuration=6713356
02-10 08:06:28.885 8144 8637 E OpenGLRenderer: JankTracker::calculateLegacyJank expectedDequeueDuration > 0 expectedDequeueDuration=310760, DequeueBufferDuration=3946875, forgiveAmount=310760, totalDuration=8743844
02-10 08:06:28.901 8144 8622 E OpenGLRenderer: JankTracker::calculateLegacyJank expectedDequeueDuration > 0 expectedDequeueDuration=2266857, DequeueBufferDuration=3505937, forgiveAmount=2266857, totalDuration=5691860
02-10 08:06:29.898 8144 8144 E ArmVmp : Match on catch block at 0x0a in for 0x7630ce6031
02-10 08:06:29.945 8144 8144 E ArmVmp : Match on catch block at 0x0a in for 0x7630ce604d
02-10 08:06:30.966 8144 8144 E RecyclerView: No adapter attached; skipping layout
02-10 08:06:31.112 8144 8144 E ArmVmp : Match on catch block at 0x0a in for 0x7630ce6035
02-10 08:06:31.259 8144 8193 E SQLiteDatabase: Error inserting transferred=1 media_job_uuid=39c59f88-9f68-4ca8-95a6-d52bb3438aef transcoded=0 gif_attribution=0 first_scan_length=8498 direct_path=/v/t62.15575- 24/12153198_1303591470336306_**************41378_n.enc?ccb=11- 4&oh=01_AdTyfzuyQi9TSerngXZgJShsVpK1ZenAthASWc-cpCjJsQ&oe=65EE2B5F&_nc_sid=5e03e0 thumbnail_height_width_ratio=1.0 is_animated_sticker=1 file_hash=AYV2F5evMLpINabB1W3z1kBFcW9Xf8w4dH5Tg3Cd6q0= file_path=Media/MBWhatsApp Stickers/STK-20240210-WA0009.webp file_size=546784 partial_media_hash=null face_x=0 face_y=0 height=64 trim_to=0 media_key_timestamp=1707527188000 message_url=*********************************************************************** *********************************************************************************** ************************************ media_caption=null trim_from=0 mime_type=image/webp partial_media_enc_hash=null width=64 original_file_hash=null has_streaming_sidecar=0 autotransfer_retry_enabled=1 media_upload_handle=null message_row_id=372 multicast_id=null enc_file_hash=38ElNx2t9DiOZX25Z+j7u/y98tn2orZKXoh55vs4IGE= mute_video=0 page_count=0 first_scan_sidecar=[B@c2856a8 suspicious_content=0 file_length=546784 media_name=null media_duration=0 chat_row_id=8 media_key=[B@58445c1
02-10 08:06:31.259 8144 8193 E SQLiteDatabase: android.database.sqlite.SQLiteConstraintException: UNIQUE constraint failed: message_media.message_row_id (code 1555 SQLITE_CONSTRAINT_PRIMARYKEY)
02-10 08:06:31.259 8144 8193 E SQLiteDatabase: at android.database.sqlite.SQLiteConnection.nativeExecuteForLastInsertedRowId(Native Method)
02-10 08:06:31.259 8144 8193 E SQLiteDatabase: at android.database.sqlite.SQLiteConnection.executeForLastInsertedRowId(SQLiteConnecti on.java:985)
02-10 08:06:31.259 8144 8193 E SQLiteDatabase: at android.database.sqlite.SQLiteSession.executeForLastInsertedRowId(SQLiteSession.jav a:790)
02-10 08:06:31.259 8144 8193 E SQLiteDatabase: at android.database.sqlite.SQLiteStatement.executeInsert(SQLiteStatement.java:89)
02-10 08:06:31.259 8144 8193 E SQLiteDatabase: at android.database.sqlite.SQLiteDatabase.insertWithOnConflict(SQLiteDatabase.java:170 2)
02-10 08:06:31.259 8144 8193 E SQLiteDatabase: at android.database.sqlite.SQLiteDatabase.insert(SQLiteDatabase.java:1571)
02-10 08:06:31.259 8144 8193 E SQLiteDatabase: at X.2tm.A08(Unknown Source:6)
02-10 08:06:31.259 8144 8193 E SQLiteDatabase: at X.35Y.A07(Unknown Source:212)
02-10 08:06:31.259 8144 8193 E SQLiteDatabase: at X.3QF.A14(Unknown Source:470)
02-10 08:06:31.259 8144 8193 E SQLiteDatabase: at X.3gU.run(Unknown Source:982)
02-10 08:06:31.259 8144 8193 E SQLiteDatabase: at android.os.Handler.handleCallback(Handler.java:938)
02-10 08:06:31.259 8144 8193 E SQLiteDatabase: at android.os.Handler.dispatchMessage(Handler.java:99)
02-10 08:06:31.259 8144 8193 E SQLiteDatabase: at X.0zq.dispatchMessage(Unknown Source:4)
02-10 08:06:31.259 8144 8193 E SQLiteDatabase: at android.os.Looper.loopOnce(Looper.java:233)
02-10 08:06:31.259 8144 8193 E SQLiteDatabase: at android.os.Looper.loop(Looper.java:334)
02-10 08:06:31.259 8144 8193 E SQLiteDatabase: at android.os.HandlerThread.run(HandlerThread.java:67)
02-10 08:06:32.986 8144 8144 E ArmVmp : Match on catch block at 0x0a in for 0x7630ce6039
02-10 08:06:33.009 8144 8144 E ArmVmp : Match on catch block at 0x0a in for 0x7630ce6035
02-10 08:06:33.358 8144 8622 E OpenGLRenderer: JankTracker::calculateLegacyJank expectedDequeueDuration > 0 expectedDequeueDuration=225356, DequeueBufferDuration=4223750, forgiveAmount=225356, totalDuration=11738976
02-10 08:06:33.373 8144 8622 E OpenGLRenderer: JankTracker::calculateLegacyJank expectedDequeueDuration > 0 expectedDequeueDuration=231392, DequeueBufferDuration=5331302, forgiveAmount=231392, totalDuration=12538830
02-10 08:06:33.404 8144 8622 E OpenGLRenderer: JankTracker::calculateLegacyJank expectedDequeueDuration > 0 expectedDequeueDuration=211976, DequeueBufferDuration=8862500, forgiveAmount=211976, totalDuration=17881516
02-10 08:06:33.419 8144 8622 E OpenGLRenderer: JankTracker::calculateLegacyJank expectedDequeueDuration > 0 expectedDequeueDuration=1435715, DequeueBufferDuration=9428021, forgiveAmount=1435715, totalDuration=15004560
02-10 08:06:33.437 8144 8333 E OpenGLRenderer: JankTracker::calculateLegacyJank expectedDequeueDuration > 0 expectedDequeueDuration=706468, DequeueBufferDuration=6353854, forgiveAmount=706468, totalDuration=14278105
02-10 08:06:33.720 8144 8333 E OpenGLRenderer: JankTracker::calculateLegacyJank expectedDequeueDuration > 0 expectedDequeueDuration=1306142, DequeueBufferDuration=3699844, forgiveAmount=1306142, totalDuration=9899226
02-10 08:06:33.737 8144 8333 E OpenGLRenderer: JankTracker::calculateLegacyJank expectedDequeueDuration > 0 expectedDequeueDuration=728502, DequeueBufferDuration=4955157, forgiveAmount=728502, totalDuration=13963307
02-10 08:06:33.753 8144 8333 E OpenGLRenderer: JankTracker::calculateLegacyJank expectedDequeueDuration > 0 expectedDequeueDuration=773989, DequeueBufferDuration=4612864, forgiveAmount=773989, totalDuration=13610928
02-10 08:06:33.770 8144 8333 E OpenGLRenderer: JankTracker::calculateLegacyJank expectedDequeueDuration > 0 expectedDequeueDuration=261021, DequeueBufferDuration=5644114, forgiveAmount=261021, totalDuration=14703114
02-10 08:06:33.786 8144 8333 E OpenGLRenderer: JankTracker::calculateLegacyJank expectedDequeueDuration > 0 expectedDequeueDuration=563819, DequeueBufferDuration=4829583, forgiveAmount=563819, totalDuration=13225852
02-10 08:06:34.119 8144 8637 E OpenGLRenderer: JankTracker::calculateLegacyJank expectedDequeueDuration > 0 expectedDequeueDuration=816061, DequeueBufferDuration=4466198, forgiveAmount=816061, totalDuration=12384961
02-10 08:06:34.135 8144 8637 E OpenGLRenderer: JankTracker::calculateLegacyJank expectedDequeueDuration > 0 expectedDequeueDuration=598015, DequeueBufferDuration=3783698, forgiveAmount=598015, totalDuration=11888761
02-10 08:06:34.152 8144 8637 E OpenGLRenderer: JankTracker::calculateLegacyJank expectedDequeueDuration > 0 expectedDequeueDuration=294858, DequeueBufferDuration=4005677, forgiveAmount=294858, totalDuration=13097367
02-10 08:06:34.167 8144 8637 E OpenGLRenderer: JankTracker::calculateLegacyJank expectedDequeueDuration > 0 expectedDequeueDuration=385472, DequeueBufferDuration=3864062, forgiveAmount=385472, totalDuration=12337389
02-10 08:06:34.185 8144 8637 E OpenGLRenderer: JankTracker::calculateLegacyJank expectedDequeueDuration > 0 expectedDequeueDuration=577838, DequeueBufferDuration=4011250, forgiveAmount=577838, totalDuration=11102709
02-10 08:06:34.199 8144 8637 E OpenGLRenderer: JankTracker::calculateLegacyJank expectedDequeueDuration > 0 expectedDequeueDuration=1367823, DequeueBufferDuration=3012396, forgiveAmount=1367823, totalDuration=9279458
02-10 08:06:34.322 8144 8333 E OpenGLRenderer: JankTracker::calculateLegacyJank expectedDequeueDuration > 0 expectedDequeueDuration=1547160, DequeueBufferDuration=9021562, forgiveAmount=1547160, totalDuration=16490316
02-10 08:06:34.339 8144 8333 E OpenGLRenderer: JankTracker::calculateLegacyJank expectedDequeueDuration > 0 expectedDequeueDuration=1592377, DequeueBufferDuration=7547448, forgiveAmount=1592377, totalDuration=12466652
02-10 08:06:34.357 8144 8333 E OpenGLRenderer: JankTracker::calculateLegacyJank expectedDequeueDuration > 0 expectedDequeueDuration=1686095, DequeueBufferDuration=8738437, forgiveAmount=1686095, totalDuration=14651247
02-10 08:06:34.372 8144 8333 E OpenGLRenderer: JankTracker::calculateLegacyJank expectedDequeueDuration > 0 expectedDequeueDuration=1676396, DequeueBufferDuration=9508698, forgiveAmount=1676396, totalDuration=14987260
02-10 08:06:34.404 8144 8637 E OpenGLRenderer: JankTracker::calculateLegacyJank expectedDequeueDuration > 0 expectedDequeueDuration=640234, DequeueBufferDuration=8365312, forgiveAmount=640234, totalDuration=15858855
02-10 08:06:34.585 8144 8637 E OpenGLRenderer: JankTracker::calculateLegacyJank expectedDequeueDuration > 0 expectedDequeueDuration=243905, DequeueBufferDuration=790729, forgiveAmount=243905, totalDuration=8900575
02-10 08:06:34.605 8144 8637 E OpenGLRenderer: JankTracker::calculateLegacyJank expectedDequeueDuration > 0 expectedDequeueDuration=200440, DequeueBufferDuration=2388021, forgiveAmount=200440, totalDuration=12261360
02-10 08:06:34.704 8144 8637 E OpenGLRenderer: JankTracker::calculateLegacyJank expectedDequeueDuration > 0 expectedDequeueDuration=279916, DequeueBufferDuration=1927813, forgiveAmount=279916, totalDuration=11560741
02-10 08:06:34.719 8144 8637 E OpenGLRenderer: JankTracker::calculateLegacyJank expectedDequeueDuration > 0 expectedDequeueDuration=475704, DequeueBufferDuration=960781, forgiveAmount=475704, totalDuration=8087186
02-10 08:06:34.733 8144 8637 E OpenGLRenderer: JankTracker::calculateLegacyJank expectedDequeueDuration > 0 expectedDequeueDuration=161551, DequeueBufferDuration=1230260, forgiveAmount=161551, totalDuration=11577679
02-10 08:06:34.750 8144 8637 E OpenGLRenderer: JankTracker::calculateLegacyJank expectedDequeueDuration > 0 expectedDequeueDuration=884910, DequeueBufferDuration=1465938, forgiveAmount=884910, totalDuration=8784920
02-10 08:06:34.766 8144 8637 E OpenGLRenderer: JankTracker::calculateLegacyJank expectedDequeueDuration > 0 expectedDequeueDuration=26978, DequeueBufferDuration=838282, forgiveAmount=26978, totalDuration=9764899
02-10 08:06:34.783 8144 8637 E OpenGLRenderer: JankTracker::calculateLegacyJank expectedDequeueDuration > 0 expectedDequeueDuration=430974, DequeueBufferDuration=1435313, forgiveAmount=430974, totalDuration=9935240
02-10 08:06:34.800 8144 8637 E OpenGLRenderer: JankTracker::calculateLegacyJank expectedDequeueDuration > 0 expectedDequeueDuration=554470, DequeueBufferDuration=787396, forgiveAmount=554470, totalDuration=9414914
02-10 08:06:34.818 8144 8637 E OpenGLRenderer: JankTracker::calculateLegacyJank expectedDequeueDuration > 0 expectedDequeueDuration=866481, DequeueBufferDuration=1746198, forgiveAmount=866481, totalDuration=9530580
02-10 08:06:34.835 8144 8637 E OpenGLRenderer: JankTracker::calculateLegacyJank expectedDequeueDuration > 0 expectedDequeueDuration=642889, DequeueBufferDuration=1599479, forgiveAmount=642889, totalDuration=8642972
02-10 08:06:35.050 8144 8637 E OpenGLRenderer: JankTracker::calculateLegacyJank expectedDequeueDuration > 0 expectedDequeueDuration=338662, DequeueBufferDuration=973490, forgiveAmount=338662, totalDuration=9496218
02-10 08:06:35.066 8144 8637 E OpenGLRenderer: JankTracker::calculateLegacyJank expectedDequeueDuration > 0 expectedDequeueDuration=257753, DequeueBufferDuration=795417, forgiveAmount=257753, totalDuration=10359495
02-10 08:06:35.099 8144 8637 E OpenGLRenderer: JankTracker::calculateLegacyJank expectedDequeueDuration > 0 expectedDequeueDuration=549187, DequeueBufferDuration=847188, forgiveAmount=549187, totalDuration=8449594
02-10 08:06:35.117 8144 8637 E OpenGLRenderer: JankTracker::calculateLegacyJank expectedDequeueDuration > 0 expectedDequeueDuration=237139, DequeueBufferDuration=1150625, forgiveAmount=237139, totalDuration=10008117
02-10 08:06:35.134 8144 8637 E OpenGLRenderer: JankTracker::calculateLegacyJank expectedDequeueDuration > 0 expectedDequeueDuration=878569, DequeueBufferDuration=1131719, forgiveAmount=878569, totalDuration=9959633
02-10 08:06:35.166 8144 8637 E OpenGLRenderer: JankTracker::calculateLegacyJank expectedDequeueDuration > 0 expectedDequeueDuration=54507, DequeueBufferDuration=1601459, forgiveAmount=54507, totalDuration=10950621
02-10 08:06:35.185 8144 8637 E OpenGLRenderer: JankTracker::calculateLegacyJank expectedDequeueDuration > 0 expectedDequeueDuration=222806, DequeueBufferDuration=1863125, forgiveAmount=222806, totalDuration=11346940
02-10 08:06:35.201 8144 8637 E OpenGLRenderer: JankTracker::calculateLegacyJank expectedDequeueDuration > 0 expectedDequeueDuration=422646, DequeueBufferDuration=854479, forgiveAmount=422646, totalDuration=10669760
02-10 08:06:35.581 8144 8333 E OpenGLRenderer: JankTracker::calculateLegacyJank expectedDequeueDuration > 0 expectedDequeueDuration=499053, DequeueBufferDuration=624532, forgiveAmount=499053, totalDuration=14714185
02-10 08:06:35.732 8144 8333 E OpenGLRenderer: JankTracker::calculateLegacyJank expectedDequeueDuration > 0 expectedDequeueDuration=1063081, DequeueBufferDuration=2235989, forgiveAmount=1063081, totalDuration=7931286
02-10 08:06:35.749 8144 8333 E OpenGLRenderer: JankTracker::calculateLegacyJank expectedDequeueDuration > 0 expectedDequeueDuration=1080655, DequeueBufferDuration=2343542, forgiveAmount=1080655, totalDuration=8821919
02-10 08:06:35.781 8144 8333 E OpenGLRenderer: JankTracker::calculateLegacyJank expectedDequeueDuration > 0 expectedDequeueDuration=12686, DequeueBufferDuration=865937, forgiveAmount=12686, totalDuration=10138587
02-10 08:06:35.800 8144 8333 E OpenGLRenderer: JankTracker::calculateLegacyJank expectedDequeueDuration > 0 expectedDequeueDuration=161954, DequeueBufferDuration=1212396, forgiveAmount=161954, totalDuration=10910883
02-10 08:06:35.815 8144 8333 E OpenGLRenderer: JankTracker::calculateLegacyJank expectedDequeueDuration > 0 expectedDequeueDuration=1500806, DequeueBufferDuration=1186250, forgiveAmount=1186250, totalDuration=6539819
02-10 08:06:35.849 8144 8333 E OpenGLRenderer: JankTracker::calculateLegacyJank expectedDequeueDuration > 0 expectedDequeueDuration=786282, DequeueBufferDuration=985573, forgiveAmount=786282, totalDuration=8464051
02-10 08:06:35.899 8144 8333 E OpenGLRenderer: JankTracker::calculateLegacyJank expectedDequeueDuration > 0 expectedDequeueDuration=368005, DequeueBufferDuration=1322812, forgiveAmount=368005, totalDuration=9458105
02-10 08:06:35.918 8144 8333 E OpenGLRenderer: JankTracker::calculateLegacyJank expectedDequeueDuration > 0 expectedDequeueDuration=313059, DequeueBufferDuration=2947084, forgiveAmount=313059, totalDuration=11516955
02-10 08:06:35.936 8144 8333 E OpenGLRenderer: JankTracker::calculateLegacyJank expectedDequeueDuration > 0 expectedDequeueDuration=559268, DequeueBufferDuration=1173958, forgiveAmount=559268, totalDuration=9614015
02-10 08:06:35.985 8144 8333 E OpenGLRenderer: JankTracker::calculateLegacyJank expectedDequeueDuration > 0 expectedDequeueDuration=720496, DequeueBufferDuration=3579427, forgiveAmount=720496, totalDuration=11794008
02-10 08:06:36.084 8144 8333 E OpenGLRenderer: JankTracker::calculateLegacyJank expectedDequeueDuration > 0 expectedDequeueDuration=369837, DequeueBufferDuration=1094895, forgiveAmount=369837, totalDuration=10226994
02-10 08:06:36.153 8144 8333 E OpenGLRenderer: JankTracker::calculateLegacyJank expectedDequeueDuration > 0 expectedDequeueDuration=547809, DequeueBufferDuration=774375, forgiveAmount=547809, totalDuration=8638392
02-10 08:06:36.217 8144 8333 E OpenGLRenderer: JankTracker::calculateLegacyJank expectedDequeueDuration > 0 expectedDequeueDuration=1578314, DequeueBufferDuration=10948281, forgiveAmount=1578314, totalDuration=19552903
02-10 08:06:36.269 8144 8333 E OpenGLRenderer: JankTracker::calculateLegacyJank expectedDequeueDuration > 0 expectedDequeueDuration=714927, DequeueBufferDuration=1450990, forgiveAmount=714927, totalDuration=8214937
02-10 08:06:36.282 8144 8333 E OpenGLRenderer: JankTracker::calculateLegacyJank expectedDequeueDuration > 0 expectedDequeueDuration=2113707, DequeueBufferDuration=1400105, forgiveAmount=1400105, totalDuration=6439521
02-10 08:06:36.314 8144 8333 E OpenGLRenderer: JankTracker::calculateLegacyJank expectedDequeueDuration > 0 expectedDequeueDuration=1402976, DequeueBufferDuration=2067187, forgiveAmount=1402976, totalDuration=10293528
02-10 08:06:36.351 8144 8333 E OpenGLRenderer: JankTracker::calculateLegacyJank expectedDequeueDuration > 0 expectedDequeueDuration=2187354, DequeueBufferDuration=1246042, forgiveAmount=1246042, totalDuration=5315771
02-10 08:06:36.368 8144 8333 E OpenGLRenderer: JankTracker::calculateLegacyJank expectedDequeueDuration > 0 expectedDequeueDuration=1726452, DequeueBufferDuration=2960625, forgiveAmount=1726452, totalDuration=8705377
02-10 08:06:36.385 8144 8333 E OpenGLRenderer: JankTracker::calculateLegacyJank expectedDequeueDuration > 0 expectedDequeueDuration=1276839, DequeueBufferDuration=4092343, forgiveAmount=1276839, totalDuration=11271739
02-10 08:06:36.401 8144 8333 E OpenGLRenderer: JankTracker::calculateLegacyJank expectedDequeueDuration > 0 expectedDequeueDuration=682222, DequeueBufferDuration=3671927, forgiveAmount=682222, totalDuration=11850191
02-10 08:06:36.418 8144 8333 E OpenGLRenderer: JankTracker::calculateLegacyJank expectedDequeueDuration > 0 expectedDequeueDuration=538212, DequeueBufferDuration=4468386, forgiveAmount=538212, totalDuration=13003523
02-10 08:06:36.435 8144 8333 E OpenGLRenderer: JankTracker::calculateLegacyJank expectedDequeueDuration > 0 expectedDequeueDuration=1309878, DequeueBufferDuration=4439323, forgiveAmount=1309878, totalDuration=11645348
02-10 08:06:36.451 8144 8333 E OpenGLRenderer: JankTracker::calculateLegacyJank expectedDequeueDuration > 0 expectedDequeueDuration=831614, DequeueBufferDuration=3825104, forgiveAmount=831614, totalDuration=11638074
02-10 08:06:36.468 8144 8333 E OpenGLRenderer: JankTracker::calculateLegacyJank expectedDequeueDuration > 0 expectedDequeueDuration=744250, DequeueBufferDuration=3842657, forgiveAmount=744250, totalDuration=11616448
02-10 08:06:36.540 8144 8622 E OpenGLRenderer: JankTracker::calculateLegacyJank expectedDequeueDuration > 0 expectedDequeueDuration=337418, DequeueBufferDuration=9747709, forgiveAmount=337418, totalDuration=16345997
02-10 08:06:36.557 8144 8622 E OpenGLRenderer: JankTracker::calculateLegacyJank expectedDequeueDuration > 0 expectedDequeueDuration=1428941, DequeueBufferDuration=8052239, forgiveAmount=1428941, totalDuration=13097795
02-10 08:06:36.568 8144 8622 E OpenGLRenderer: JankTracker::calculateLegacyJank expectedDequeueDuration > 0 expectedDequeueDuration=1557581, DequeueBufferDuration=9689531, forgiveAmount=1557581, totalDuration=14656192
02-10 08:06:36.583 8144 8622 E OpenGLRenderer: JankTracker::calculateLegacyJank expectedDequeueDuration > 0 expectedDequeueDuration=1588123, DequeueBufferDuration=9925834, forgiveAmount=1588123, totalDuration=16184692
02-10 08:06:36.600 8144 8622 E OpenGLRenderer: JankTracker::calculateLegacyJank expectedDequeueDuration > 0 expectedDequeueDuration=1010774, DequeueBufferDuration=3533073, forgiveAmount=1010774, totalDuration=10361472
02-10 08:06:36.617 8144 8622 E OpenGLRenderer: JankTracker::calculateLegacyJank expectedDequeueDuration > 0 expectedDequeueDuration=1737574, DequeueBufferDuration=2994792, forgiveAmount=1737574, totalDuration=8541466
02-10 08:06:36.635 8144 8622 E OpenGLRenderer: JankTracker::calculateLegacyJank expectedDequeueDuration > 0 expectedDequeueDuration=431627, DequeueBufferDuration=2433021, forgiveAmount=431627, totalDuration=10821277
02-10 08:06:36.652 8144 8622 E OpenGLRenderer: JankTracker::calculateLegacyJank expectedDequeueDuration > 0 expectedDequeueDuration=693731, DequeueBufferDuration=3018177, forgiveAmount=693731, totalDuration=11357589
02-10 08:06:36.668 8144 8622 E OpenGLRenderer: JankTracker::calculateLegacyJank expectedDequeueDuration > 0 expectedDequeueDuration=584236, DequeueBufferDuration=4147760, forgiveAmount=584236, totalDuration=12594132
02-10 08:06:36.685 8144 8622 E OpenGLRenderer: JankTracker::calculateLegacyJank expectedDequeueDuration > 0 expectedDequeueDuration=306311, DequeueBufferDuration=4252604, forgiveAmount=306311, totalDuration=12372691
02-10 08:06:36.702 8144 8622 E OpenGLRenderer: JankTracker::calculateLegacyJank expectedDequeueDuration > 0 expectedDequeueDuration=1118506, DequeueBufferDuration=3855209, forgiveAmount=1118506, totalDuration=11151009
02-10 08:06:36.769 8144 8622 E OpenGLRenderer: JankTracker::calculateLegacyJank expectedDequeueDuration > 0 expectedDequeueDuration=908642, DequeueBufferDuration=4375989, forgiveAmount=908642, totalDuration=12220267
02-10 08:06:36.786 8144 8622 E OpenGLRenderer: JankTracker::calculateLegacyJank expectedDequeueDuration > 0 expectedDequeueDuration=781795, DequeueBufferDuration=4072656, forgiveAmount=781795, totalDuration=12316671
02-10 08:06:36.802 8144 8622 E OpenGLRenderer: JankTracker::calculateLegacyJank expectedDequeueDuration > 0 expectedDequeueDuration=409118, DequeueBufferDuration=4003698, forgiveAmount=409118, totalDuration=12851608
02-10 08:06:36.819 8144 8622 E OpenGLRenderer: JankTracker::calculateLegacyJank expectedDequeueDuration > 0 expectedDequeueDuration=452547, DequeueBufferDuration=4202552, forgiveAmount=452547, totalDuration=13255687
02-10 08:06:36.835 8144 8622 E OpenGLRenderer: JankTracker::calculateLegacyJank expectedDequeueDuration > 0 expectedDequeueDuration=217813, DequeueBufferDuration=3488490, forgiveAmount=217813, totalDuration=12903905
02-10 08:06:36.850 8144 8622 E OpenGLRenderer: JankTracker::calculateLegacyJank expectedDequeueDuration > 0 expectedDequeueDuration=666703, DequeueBufferDuration=3687968, forgiveAmount=666703, totalDuration=12614354
02-10 08:06:36.903 8144 8622 E OpenGLRenderer: JankTracker::calculateLegacyJank expectedDequeueDuration > 0 expectedDequeueDuration=96714, DequeueBufferDuration=692917, forgiveAmount=96714, totalDuration=11228551
02-10 08:06:37.637 13924 13924 E com.mbwhatsapp: Not starting debugger since process cannot load the jdwp agent.
02-10 08:06:37.943 13924 13924 E CustomActivityOnCrash: IMPORTANT WARNING! You already have an UncaughtExceptionHandler, are you sure this is correct? If you use a custom UncaughtExceptionHandler, you must initialize it AFTER CustomActivityOnCrash! Installing anyway, but your original handler will not be called.
02-10 08:06:38.736 13924 13976 W com.mbwhatsapp: Method void X.2rL.A03(java.lang.Integer) failed lock verification and will run slower.
02-10 08:06:38.736 13924 13976 W com.mbwhatsapp: Common causes for lock verification issues are non-optimized dex code
02-10 08:06:38.736 13924 13976 W com.mbwhatsapp: and incorrect proguard optimizations.
02-10 08:06:38.741 13924 13924 W com.mbwhatsapp: Method void X.0eU.A0h(X.0tK, boolean) failed lock verification and will run slower.
02-10 08:06:39.091 13924 13924 W com.mbwhatsapp: Method void com.mbwhatsapp.HomeActivity.A6e() failed lock verification and will run slower. --------- beginning of main
02-10 08:06:39.702 13924 13924 E ArmVmp : Match on catch block at 0x0a in for 0x7630ce6031
02-10 08:06:39.758 13924 13924 E ArmVmp : Match on catch block at 0x0a in for 0x7630ce604d
02-10 08:06:40.260 13924 13924 E ArmVmp : Match on catch block at 0x0a in for 0x7630ce6035
02-10 08:06:41.478 13924 13924 E RecyclerView: No adapter attached; skipping layout
02-10 08:06:42.133 13924 13936 E OpenGLRenderer: JankTracker::calculateLegacyJank expectedDequeueDuration > 0 expectedDequeueDuration=1966784, DequeueBufferDuration=3727969, forgiveAmount=1966784, totalDuration=8122266
02-10 08:06:42.149 13924 13936 E OpenGLRenderer: JankTracker::calculateLegacyJank expectedDequeueDuration > 0 expectedDequeueDuration=1304231, DequeueBufferDuration=3571979, forgiveAmount=1304231, totalDuration=9099037
02-10 08:06:42.166 13924 13936 E OpenGLRenderer: JankTracker::calculateLegacyJank expectedDequeueDuration > 0 expectedDequeueDuration=662707, DequeueBufferDuration=1510573, forgiveAmount=662707, totalDuration=8100316
02-10 08:06:42.182 13924 13936 E OpenGLRenderer: JankTracker::calculateLegacyJank expectedDequeueDuration > 0 expectedDequeueDuration=1367040, DequeueBufferDuration=1554479, forgiveAmount=1367040, totalDuration=6354566
02-10 08:06:42.206 13924 13936 E OpenGLRenderer: JankTracker::calculateLegacyJank expectedDequeueDuration > 0 expectedDequeueDuration=1276073, DequeueBufferDuration=1781563, forgiveAmount=1276073, totalDuration=6129469
02-10 08:06:42.222 13924 13936 E OpenGLRenderer: JankTracker::calculateLegacyJank expectedDequeueDuration > 0 expectedDequeueDuration=1525600, DequeueBufferDuration=1179010, forgiveAmount=1179010, totalDuration=7073410
02-10 08:06:43.436 13924 13938 E OpenGLRenderer: JankTracker::calculateLegacyJank expectedDequeueDuration > 0 expectedDequeueDuration=428235, DequeueBufferDuration=4119896, forgiveAmount=428235, totalDuration=12300405
02-10 08:06:43.451 13924 13938 E OpenGLRenderer: JankTracker::calculateLegacyJank expectedDequeueDuration > 0 expectedDequeueDuration=730488, DequeueBufferDuration=5099271, forgiveAmount=730488, totalDuration=12229440
02-10 08:06:43.469 13924 13938 E OpenGLRenderer: JankTracker::calculateLegacyJank expectedDequeueDuration > 0 expectedDequeueDuration=424412, DequeueBufferDuration=4826041, forgiveAmount=424412, totalDuration=12107531
02-10 08:06:43.485 13924 13938 E OpenGLRenderer: JankTracker::calculateLegacyJank expectedDequeueDuration > 0 expectedDequeueDuration=1249005, DequeueBufferDuration=3695260, forgiveAmount=1249005, totalDuration=9874698
02-10 08:06:43.502 13924 13938 E OpenGLRenderer: JankTracker::calculateLegacyJank expectedDequeueDuration > 0 expectedDequeueDuration=698004, DequeueBufferDuration=4215052, forgiveAmount=698004, totalDuration=11246128
02-10 08:06:43.540 13924 13938 E OpenGLRenderer: JankTracker::calculateLegacyJank expectedDequeueDuration > 0 expectedDequeueDuration=1063859, DequeueBufferDuration=3909114, forgiveAmount=1063859, totalDuration=10971970
02-10 08:06:45.571 13924 13936 E OpenGLRenderer: JankTracker::calculateLegacyJank expectedDequeueDuration > 0 expectedDequeueDuration=626132, DequeueBufferDuration=5588906, forgiveAmount=626132, totalDuration=13184560
02-10 08:06:45.586 13924 13936 E OpenGLRenderer: JankTracker::calculateLegacyJank expectedDequeueDuration > 0 expectedDequeueDuration=617821, DequeueBufferDuration=6383646, forgiveAmount=617821, totalDuration=17159931
02-10 08:06:45.621 13924 13936 E OpenGLRenderer: JankTracker::calculateLegacyJank expectedDequeueDuration > 0 expectedDequeueDuration=5641, DequeueBufferDuration=4037084, forgiveAmount=5641, totalDuration=16484812
02-10 08:06:45.638 13924 13936 E OpenGLRenderer: JankTracker::calculateLegacyJank expectedDequeueDuration > 0 expectedDequeueDuration=100389, DequeueBufferDuration=5251979, forgiveAmount=100389, totalDuration=13710472
02-10 08:06:45.654 13924 13936 E OpenGLRenderer: JankTracker::calculateLegacyJank expectedDequeueDuration > 0 expectedDequeueDuration=444733, DequeueBufferDuration=6323698, forgiveAmount=444733, totalDuration=14186731
02-10 08:06:47.611 13924 13924 E ArmVmp : Match on catch block at 0x0a in for 0x7630ce6039
02-10 08:06:47.625 13924 13924 E ArmVmp : Match on catch block at 0x0a in for 0x7630ce6035
02-10 08:06:47.817 13924 13938 E OpenGLRenderer: JankTracker::calculateLegacyJank expectedDequeueDuration > 0 expectedDequeueDuration=759819, DequeueBufferDuration=4758802, forgiveAmount=759819, totalDuration=11078956
02-10 08:06:47.833 13924 13938 E OpenGLRenderer: JankTracker::calculateLegacyJank expectedDequeueDuration > 0 expectedDequeueDuration=432898, DequeueBufferDuration=2594948, forgiveAmount=432898, totalDuration=9598423
02-10 08:06:47.854 13924 13938 E OpenGLRenderer: JankTracker::calculateLegacyJank expectedDequeueDuration > 0 expectedDequeueDuration=875378, DequeueBufferDuration=2632343, forgiveAmount=875378, totalDuration=8940389
