02-10 08:12:54.465 15594 16118 E OpenGLRenderer: JankTracker::calculateLegacyJank expectedDequeueDuration > 0 expectedDequeueDuration=2036250, DequeueBufferDuration=9836042, forgiveAmount=2036250, totalDuration=12425781
02-10 08:12:55.465 15594 16118 E OpenGLRenderer: JankTracker::calculateLegacyJank expectedDequeueDuration > 0 expectedDequeueDuration=1652979, DequeueBufferDuration=1286302, forgiveAmount=1286302, totalDuration=4856084
02-10 08:12:55.515 15594 16118 E OpenGLRenderer: JankTracker::calculateLegacyJank expectedDequeueDuration > 0 expectedDequeueDuration=1589849, DequeueBufferDuration=724531, forgiveAmount=724531, totalDuration=6682182
02-10 08:12:55.533 15594 16118 E OpenGLRenderer: JankTracker::calculateLegacyJank expectedDequeueDuration > 0 expectedDequeueDuration=2139357, DequeueBufferDuration=1157031, forgiveAmount=1157031, totalDuration=5765174
02-10 08:12:55.549 15594 16118 E OpenGLRenderer: JankTracker::calculateLegacyJank expectedDequeueDuration > 0 expectedDequeueDuration=1557837, DequeueBufferDuration=1904427, forgiveAmount=1557837, totalDuration=7651357
02-10 08:12:55.664 15594 16118 E OpenGLRenderer: JankTracker::calculateLegacyJank expectedDequeueDuration > 0 expectedDequeueDuration=1603738, DequeueBufferDuration=3602292, forgiveAmount=1603738, totalDuration=12482681
02-10 08:12:55.681 15594 16118 E OpenGLRenderer: JankTracker::calculateLegacyJank expectedDequeueDuration > 0 expectedDequeueDuration=1763446, DequeueBufferDuration=2294583, forgiveAmount=1763446, totalDuration=9112431
02-10 08:12:55.698 15594 16118 E OpenGLRenderer: JankTracker::calculateLegacyJank expectedDequeueDuration > 0 expectedDequeueDuration=1656664, DequeueBufferDuration=815520, forgiveAmount=815520, totalDuration=7382451
02-10 08:12:55.714 15594 16118 E OpenGLRenderer: JankTracker::calculateLegacyJank expectedDequeueDuration > 0 expectedDequeueDuration=1793740, DequeueBufferDuration=1298437, forgiveAmount=1298437, totalDuration=7395531
02-10 08:12:55.731 15594 16118 E OpenGLRenderer: JankTracker::calculateLegacyJank expectedDequeueDuration > 0 expectedDequeueDuration=1825743, DequeueBufferDuration=1575625, forgiveAmount=1575625, totalDuration=7235715
02-10 08:12:55.864 15594 16118 E OpenGLRenderer: JankTracker::calculateLegacyJank expectedDequeueDuration > 0 expectedDequeueDuration=1666228, DequeueBufferDuration=1829635, forgiveAmount=1666228, totalDuration=4810147
02-10 08:12:55.882 15594 16118 E OpenGLRenderer: JankTracker::calculateLegacyJank expectedDequeueDuration > 0 expectedDequeueDuration=2092507, DequeueBufferDuration=1456094, forgiveAmount=1456094, totalDuration=4951191
02-10 08:12:56.082 15594 16118 E OpenGLRenderer: JankTracker::calculateLegacyJank expectedDequeueDuration > 0 expectedDequeueDuration=429027, DequeueBufferDuration=2441354, forgiveAmount=429027, totalDuration=9238039
02-10 08:12:56.098 15594 16118 E OpenGLRenderer: JankTracker::calculateLegacyJank expectedDequeueDuration > 0 expectedDequeueDuration=2305078, DequeueBufferDuration=6565260, forgiveAmount=2305078, totalDuration=10457865
02-10 08:12:56.115 15594 16118 E OpenGLRenderer: JankTracker::calculateLegacyJank expectedDequeueDuration > 0 expectedDequeueDuration=2507185, DequeueBufferDuration=3749271, forgiveAmount=2507185, totalDuration=7273444
02-10 08:12:56.132 15594 16118 E OpenGLRenderer: JankTracker::calculateLegacyJank expectedDequeueDuration > 0 expectedDequeueDuration=2427122, DequeueBufferDuration=2044792, forgiveAmount=2044792, totalDuration=6481836
02-10 08:12:56.150 15594 16118 E OpenGLRenderer: JankTracker::calculateLegacyJank expectedDequeueDuration > 0 expectedDequeueDuration=2465098, DequeueBufferDuration=2833020, forgiveAmount=2465098, totalDuration=6458866
02-10 08:12:56.166 15594 16382 E OpenGLRenderer: JankTracker::calculateLegacyJank expectedDequeueDuration > 0 expectedDequeueDuration=2282633, DequeueBufferDuration=2812864, forgiveAmount=2282633, totalDuration=8219890
02-10 08:12:57.031 15594 16382 E OpenGLRenderer: JankTracker::calculateLegacyJank expectedDequeueDuration > 0 expectedDequeueDuration=1975496, DequeueBufferDuration=3709011, forgiveAmount=1975496, totalDuration=9737499
02-10 08:12:57.048 15594 16382 E OpenGLRenderer: JankTracker::calculateLegacyJank expectedDequeueDuration > 0 expectedDequeueDuration=1528158, DequeueBufferDuration=1962135, forgiveAmount=1528158, totalDuration=8998944
02-10 08:12:57.064 15594 16382 E OpenGLRenderer: JankTracker::calculateLegacyJank expectedDequeueDuration > 0 expectedDequeueDuration=1373238, DequeueBufferDuration=800416, forgiveAmount=800416, totalDuration=9344940
02-10 08:12:57.081 15594 16382 E OpenGLRenderer: JankTracker::calculateLegacyJank expectedDequeueDuration > 0 expectedDequeueDuration=1032324, DequeueBufferDuration=1117240, forgiveAmount=1032324, totalDuration=9006238
02-10 08:12:57.098 15594 16382 E OpenGLRenderer: JankTracker::calculateLegacyJank expectedDequeueDuration > 0 expectedDequeueDuration=1285573, DequeueBufferDuration=1050157, forgiveAmount=1050157, totalDuration=7839530
02-10 08:12:57.115 15594 16382 E OpenGLRenderer: JankTracker::calculateLegacyJank expectedDequeueDuration > 0 expectedDequeueDuration=1413519, DequeueBufferDuration=1123958, forgiveAmount=1123958, totalDuration=7779710
02-10 08:12:57.130 15594 16382 E OpenGLRenderer: JankTracker::calculateLegacyJank expectedDequeueDuration > 0 expectedDequeueDuration=1116829, DequeueBufferDuration=592031, forgiveAmount=592031, totalDuration=8829838
02-10 08:12:57.147 15594 16382 E OpenGLRenderer: JankTracker::calculateLegacyJank expectedDequeueDuration > 0 expectedDequeueDuration=657520, DequeueBufferDuration=1010833, forgiveAmount=657520, totalDuration=9643605
02-10 08:12:57.165 15594 16382 E OpenGLRenderer: JankTracker::calculateLegacyJank expectedDequeueDuration > 0 expectedDequeueDuration=1498310, DequeueBufferDuration=582500, forgiveAmount=582500, totalDuration=8242888
02-10 08:12:57.186 15594 16382 E OpenGLRenderer: JankTracker::calculateLegacyJank expectedDequeueDuration > 0 expectedDequeueDuration=1216966, DequeueBufferDuration=867448, forgiveAmount=867448, totalDuration=9309805
02-10 08:12:57.249 15594 16382 E OpenGLRenderer: JankTracker::calculateLegacyJank expectedDequeueDuration > 0 expectedDequeueDuration=1163323, DequeueBufferDuration=1711563, forgiveAmount=1163323, totalDuration=8408563
02-10 08:12:57.264 15594 16382 E OpenGLRenderer: JankTracker::calculateLegacyJank expectedDequeueDuration > 0 expectedDequeueDuration=1115169, DequeueBufferDuration=1237084, forgiveAmount=1115169, totalDuration=9497839
02-10 08:12:57.281 15594 16382 E OpenGLRenderer: JankTracker::calculateLegacyJank expectedDequeueDuration > 0 expectedDequeueDuration=1260007, DequeueBufferDuration=2246615, forgiveAmount=1260007, totalDuration=8834466
02-10 08:12:57.298 15594 16382 E OpenGLRenderer: JankTracker::calculateLegacyJank expectedDequeueDuration > 0 expectedDequeueDuration=1061237, DequeueBufferDuration=553386, forgiveAmount=553386, totalDuration=7659439
02-10 08:12:57.314 15594 16382 E OpenGLRenderer: JankTracker::calculateLegacyJank expectedDequeueDuration > 0 expectedDequeueDuration=1380801, DequeueBufferDuration=1063073, forgiveAmount=1063073, totalDuration=7808261
02-10 08:12:57.331 15594 16382 E OpenGLRenderer: JankTracker::calculateLegacyJank expectedDequeueDuration > 0 expectedDequeueDuration=1528032, DequeueBufferDuration=1154895, forgiveAmount=1154895, totalDuration=7713792
02-10 08:12:57.348 15594 16382 E OpenGLRenderer: JankTracker::calculateLegacyJank expectedDequeueDuration > 0 expectedDequeueDuration=1263267, DequeueBufferDuration=828490, forgiveAmount=828490, totalDuration=7530691
02-10 08:12:57.365 15594 16382 E OpenGLRenderer: JankTracker::calculateLegacyJank expectedDequeueDuration > 0 expectedDequeueDuration=1196960, DequeueBufferDuration=798334, forgiveAmount=798334, totalDuration=7533352
02-10 08:13:01.914 15594 16118 E OpenGLRenderer: JankTracker::calculateLegacyJank expectedDequeueDuration > 0 expectedDequeueDuration=138758, DequeueBufferDuration=2532448, forgiveAmount=138758, totalDuration=8968473
02-10 08:13:01.933 15594 16382 E OpenGLRenderer: JankTracker::calculateLegacyJank expectedDequeueDuration > 0 expectedDequeueDuration=1282826, DequeueBufferDuration=1033177, forgiveAmount=1033177, totalDuration=6647903
02-10 08:13:02.011 15594 15841 E OpenGLRenderer: JankTracker::calculateLegacyJank expectedDequeueDuration > 0 expectedDequeueDuration=875085, DequeueBufferDuration=12641771, forgiveAmount=875085, totalDuration=25879361
02-10 08:13:06.599 19519 19519 E com.mbwhatsapp: Not starting debugger since process cannot load the jdwp agent.
02-10 08:13:07.007 19519 19519 E CustomActivityOnCrash: IMPORTANT WARNING! You already have an UncaughtExceptionHandler, are you sure this is correct? If you use a custom UncaughtExceptionHandler, you must initialize it AFTER CustomActivityOnCrash! Installing anyway, but your original handler will not be called. --------- beginning of main
02-10 08:57:31.007 7215 7215 E com.mbwhatsapp: Not starting debugger since process cannot load the jdwp agent.
02-10 08:57:35.308 7215 7215 W System.err: java.lang.ClassNotFoundException: mbmodsd.mbmodsw.ui.views.btn.BtnBK
02-10 08:57:35.310 7215 7215 W System.err: at java.lang.Runtime.nativeLoad(Native Method)
02-10 08:57:35.310 7215 7215 W System.err: at java.lang.Runtime.nativeLoad(Runtime.java:1126)
02-10 08:57:35.310 7215 7215 W System.err: at java.lang.Runtime.loadLibrary0(Runtime.java:1080)
02-10 08:57:35.310 7215 7215 W System.err: at java.lang.Runtime.loadLibrary0(Runtime.java:1003)
02-10 08:57:35.310 7215 7215 W System.err: at java.lang.System.loadLibrary(System.java:1661)
02-10 08:57:35.310 7215 7215 W System.err: at arm.EpicVm.<clinit>(Unknown Source:2)
02-10 08:57:35.310 7215 7215 W System.err: at java.lang.Class.newInstance(Native Method)
02-10 08:57:35.310 7215 7215 W System.err: at android.app.AppComponentFactory.instantiateApplication(AppComponentFactory.java:76)
02-10 08:57:35.310 7215 7215 W System.err: at androidx.core.app.CoreComponentFactory.instantiateApplication(Unknown Source:0)
02-10 08:57:35.310 7215 7215 W System.err: at android.app.Instrumentation.newApplication(Instrumentation.java:1227)
02-10 08:57:35.310 7215 7215 W System.err: at android.app.LoadedApk.makeApplication(LoadedApk.java:1384)
02-10 08:57:35.310 7215 7215 W System.err: at android.app.ActivityThread.handleBindApplication(ActivityThread.java:7183)
02-10 08:57:35.310 7215 7215 W System.err: at android.app.ActivityThread.access$1800(ActivityThread.java:284)
02-10 08:57:35.310 7215 7215 W System.err: at android.app.ActivityThread$H.handleMessage(ActivityThread.java:2284)
02-10 08:57:35.310 7215 7215 W System.err: at android.os.Handler.dispatchMessage(Handler.java:106)
02-10 08:57:35.310 7215 7215 W System.err: at android.os.Looper.loopOnce(Looper.java:233)
02-10 08:57:35.311 7215 7215 W System.err: at android.os.Looper.loop(Looper.java:334)
02-10 08:57:35.311 7215 7215 W System.err: at android.app.ActivityThread.main(ActivityThread.java:8399)
02-10 08:57:35.311 7215 7215 W System.err: at java.lang.reflect.Method.invoke(Native Method)
02-10 08:57:35.311 7215 7215 W System.err: at com.android.internal.os.RuntimeInit$MethodAndArgsCaller.run(RuntimeInit.java:582)
02-10 08:57:35.311 7215 7215 W System.err: at com.android.internal.os.ZygoteInit.main(ZygoteInit.java:1068)
02-10 08:57:36.077 7215 7215 E CustomActivityOnCrash: IMPORTANT WARNING! You already have an UncaughtExceptionHandler, are you sure this is correct? If you use a custom UncaughtExceptionHandler, you must initialize it AFTER CustomActivityOnCrash! Installing anyway, but your original handler will not be called.
02-10 08:57:37.431 7215 7228 W com.mbwhatsapp: Suspending all threads took: 30.625ms
02-10 08:57:41.542 7215 7215 W com.mbwhatsapp: Accessing hidden method Lcom/android/org/conscrypt/OpenSSLSocketImpl;->setUseSessionTickets(Z)V (max- target-q,core-platform-api, reflection, denied)
02-10 08:57:41.542 7215 7215 W com.mbwhatsapp: Accessing hidden method Lcom/android/org/conscrypt/AbstractConscryptSocket;->setUseSessionTickets(Z)V (max- target-q, reflection, denied)
02-10 08:57:41.853 7215 7215 W com.mbwhatsapp: type=1400 audit(0.0:6763): avc: granted { execute } for path="/data/data/com.mbwhatsapp/files/decompressed/libs.spk.zst/libc++_shared.so" dev="sda20" ino=1311659 scontext=u:r:untrusted_app:s0:c222,c258,c512,c768 tcontext=u:object_r:app_data_file:s0:c222,c258,c512,c768 tclass=file app=com.mbwhatsapp
02-10 08:57:41.869 7215 7215 W com.mbwhatsapp: type=1400 audit(0.0:6764): avc: granted { execute } for path="/data/data/com.mbwhatsapp/files/decompressed/libs.spk.zst/libvlc.so" dev="sda20" ino=1351618 scontext=u:r:untrusted_app:s0:c222,c258,c512,c768 tcontext=u:object_r:app_data_file:s0:c222,c258,c512,c768 tclass=file app=com.mbwhatsapp
02-10 08:57:41.913 7215 7215 W com.mbwhatsapp: type=1400 audit(0.0:6765): avc: granted { execute } for path="/data/data/com.mbwhatsapp/files/decompressed/libs.spk.zst/libwhatsapp.so" dev="sda20" ino=1330681 scontext=u:r:untrusted_app:s0:c222,c258,c512,c768 tcontext=u:object_r:app_data_file:s0:c222,c258,c512,c768 tclass=file app=com.mbwhatsapp
02-10 08:57:42.513 7215 7215 W com.mbwhatsapp: type=1400 audit(0.0:6768): avc: granted { execute } for path="/data/data/com.mbwhatsapp/files/decompressed/libs.spk.zst/libwhatsapp.so" dev="sda20" ino=1330681 scontext=u:r:untrusted_app:s0:c222,c258,c512,c768 tcontext=u:object_r:app_data_file:s0:c222,c258,c512,c768 tclass=file app=com.mbwhatsapp
02-10 08:57:42.513 7215 7215 W com.mbwhatsapp: type=1400 audit(0.0:6769): avc: granted { execute } for path="/data/data/com.mbwhatsapp/files/decompressed/libs.spk.zst/libwhatsapp.so" dev="sda20" ino=1330681 scontext=u:r:untrusted_app:s0:c222,c258,c512,c768 tcontext=u:object_r:app_data_file:s0:c222,c258,c512,c768 tclass=file app=com.mbwhatsapp
02-10 08:57:42.513 7215 7215 W com.mbwhatsapp: type=1400 audit(0.0:6770): avc: granted { execute } for path="/data/data/com.mbwhatsapp/files/decompressed/libs.spk.zst/libwhatsapp.so" dev="sda20" ino=1330681 scontext=u:r:untrusted_app:s0:c222,c258,c512,c768 tcontext=u:object_r:app_data_file:s0:c222,c258,c512,c768 tclass=file app=com.mbwhatsapp
02-10 08:57:44.735 7215 7717 W com.mbwhatsapp: Method void X.2rL.A03(java.lang.Integer) failed lock verification and will run slower.
02-10 08:57:44.735 7215 7717 W com.mbwhatsapp: Common causes for lock verification issues are non-optimized dex code
02-10 08:57:44.735 7215 7717 W com.mbwhatsapp: and incorrect proguard optimizations. --------- beginning of main
02-10 08:57:45.827 7215 7215 W com.mbwhatsapp: Method void X.0eU.A0h(X.0tK, boolean) failed lock verification and will run slower.
02-10 08:57:46.727 7215 7215 W com.mbwhatsapp: Method void com.mbwhatsapp.HomeActivity.A6e() failed lock verification and will run slower.
02-10 08:57:48.282 7215 7215 E ArmVmp : Match on catch block at 0x0a in for 0x78b3b21031
02-10 08:57:48.402 7215 7862 W com.mbwhatsapp: Accessing hidden method Lcom/android/org/conscrypt/ConscryptEngineSocket;->setUseSessionTickets(Z)V (max- target-q,core-platform-api, reflection, denied)
02-10 08:57:48.402 7215 7862 W com.mbwhatsapp: Accessing hidden method Lcom/android/org/conscrypt/OpenSSLSocketImpl;->setUseSessionTickets(Z)V (max- target-q,core-platform-api, reflection, denied)
02-10 08:57:48.402 7215 7862 W com.mbwhatsapp: Accessing hidden method Lcom/android/org/conscrypt/AbstractConscryptSocket;->setUseSessionTickets(Z)V (max- target-q, reflection, denied)
02-10 08:57:48.403 7215 7862 W com.mbwhatsapp: Accessing hidden method Lcom/android/org/conscrypt/ConscryptEngineSocket;->setHostname(Ljava/lang/String;)V (max-target-q,core-platform-api, reflection, denied)
02-10 08:57:48.403 7215 7862 W com.mbwhatsapp: Accessing hidden method Lcom/android/org/conscrypt/OpenSSLSocketImpl;->setHostname(Ljava/lang/String;)V (max-target-q,core-platform-api, reflection, denied)
02-10 08:57:48.403 7215 7862 W com.mbwhatsapp: Accessing hidden method Lcom/android/org/conscrypt/AbstractConscryptSocket;->setHostname(Ljava/lang/ String;)V (max-target-q, reflection, denied)
02-10 08:57:48.403 7215 7862 W com.mbwhatsapp: Accessing hidden method Lcom/android/org/conscrypt/OpenSSLSocketImpl;->setAlpnProtocols([B)V (max-target- q,core-platform-api, reflection, denied)
02-10 08:57:48.403 7215 7862 W com.mbwhatsapp: Accessing hidden method Lcom/android/org/conscrypt/AbstractConscryptSocket;->setAlpnProtocols([B)V (max- target-q, reflection, denied)
02-10 08:57:48.616 7215 7862 W com.mbwhatsapp: Accessing hidden method Lcom/android/org/conscrypt/OpenSSLSocketImpl;->getAlpnSelectedProtocol()[B (max- target-q,core-platform-api, reflection, denied)
02-10 08:57:48.616 7215 7862 W com.mbwhatsapp: Accessing hidden method Lcom/android/org/conscrypt/AbstractConscryptSocket;->getAlpnSelectedProtocol()[B (max-target-q, reflection, denied)
02-10 08:57:48.862 7215 7215 E ArmVmp : Match on catch block at 0x0a in for 0x78b3b2104d
02-10 08:57:49.532 7215 7228 W com.mbwhatsapp: Suspending all threads took: 10.953ms
02-10 08:57:51.270 7215 7215 E ArmVmp : Match on catch block at 0x0a in for 0x78b3b21035
02-10 08:57:53.642 7215 8088 W LOTTIE : Animation contains merge paths. Merge paths are only supported on KitKat+ and must be manually enabled by calling enableMergePathsForKitKatAndAbove().
02-10 08:57:54.828 7215 7215 E RecyclerView: No adapter attached; skipping layout
02-10 08:57:55.612 7215 7215 W LOTTIE : Animation contains merge paths but they are disabled.
02-10 08:57:57.496 7215 7215 E ArmVmp : Match on catch block at 0x5b in for 0x78b3b2101d
02-10 08:57:59.214 7215 8168 E OpenGLRenderer: JankTracker::calculateLegacyJank expectedDequeueDuration > 0 expectedDequeueDuration=2058550, DequeueBufferDuration=2523594, forgiveAmount=2058550, totalDuration=19067014
02-10 08:58:00.474 7215 7228 W com.mbwhatsapp: Suspending all threads took: 47.782ms
02-10 08:58:00.501 7215 7865 W com.mbwhatsapp: Weak pointer dereference blocked for 22 milliseconds.
02-10 08:58:00.514 7215 7688 W com.mbwhatsapp: Weak pointer dereference blocked for 32 milliseconds.
02-10 08:58:00.898 7215 7233 E OpenGLRenderer: JankTracker::calculateLegacyJank expectedDequeueDuration > 0 expectedDequeueDuration=333128, DequeueBufferDuration=873542, forgiveAmount=333128, totalDuration=12017545
02-10 08:58:00.913 7215 7233 E OpenGLRenderer: JankTracker::calculateLegacyJank expectedDequeueDuration > 0 expectedDequeueDuration=2359589, DequeueBufferDuration=1789323, forgiveAmount=1789323, totalDuration=9249057
02-10 08:58:00.930 7215 7233 E OpenGLRenderer: JankTracker::calculateLegacyJank expectedDequeueDuration > 0 expectedDequeueDuration=1225372, DequeueBufferDuration=1564948, forgiveAmount=1225372, totalDuration=15298475
02-10 08:58:00.947 7215 7233 E OpenGLRenderer: JankTracker::calculateLegacyJank expectedDequeueDuration > 0 expectedDequeueDuration=2457305, DequeueBufferDuration=1611823, forgiveAmount=1611823, totalDuration=6562018
02-10 08:58:01.701 7215 8010 E OpenGLRenderer: JankTracker::calculateLegacyJank expectedDequeueDuration > 0 expectedDequeueDuration=2208390, DequeueBufferDuration=2251771, forgiveAmount=2208390, totalDuration=6878637
02-10 08:58:01.713 7215 8010 E OpenGLRenderer: JankTracker::calculateLegacyJank expectedDequeueDuration > 0 expectedDequeueDuration=2304187, DequeueBufferDuration=2585625, forgiveAmount=2304187, totalDuration=6236782
02-10 08:58:01.740 7215 8010 E OpenGLRenderer: JankTracker::calculateLegacyJank expectedDequeueDuration > 0 expectedDequeueDuration=2068241, DequeueBufferDuration=5682917, forgiveAmount=2068241, totalDuration=8677893
02-10 08:58:03.069 7215 7228 W com.mbwhatsapp: Suspending all threads took: 7.576ms
02-10 08:58:03.750 7215 8010 E OpenGLRenderer: JankTracker::calculateLegacyJank expectedDequeueDuration > 0 expectedDequeueDuration=753917, DequeueBufferDuration=4477396, forgiveAmount=753917, totalDuration=14163677
02-10 08:58:04.117 7215 8168 E OpenGLRenderer: JankTracker::calculateLegacyJank expectedDequeueDuration > 0 expectedDequeueDuration=2318661, DequeueBufferDuration=1793958, forgiveAmount=1793958, totalDuration=13076600
02-10 08:58:04.439 7215 8168 E OpenGLRenderer: JankTracker::calculateLegacyJank expectedDequeueDuration > 0 expectedDequeueDuration=2098659, DequeueBufferDuration=1669844, forgiveAmount=1669844, totalDuration=7836185
02-10 08:58:04.448 7215 8168 E OpenGLRenderer: JankTracker::calculateLegacyJank expectedDequeueDuration > 0 expectedDequeueDuration=2156193, DequeueBufferDuration=3868021, forgiveAmount=2156193, totalDuration=9043136
02-10 08:58:06.032 7215 7442 W LibraryVersion: Failed to get app version for libraryName: firebase-iid
02-10 08:58:09.024 7215 7228 W com.mbwhatsapp: Suspending all threads took: 8.641ms
02-10 08:58:11.477 7215 7228 W com.mbwhatsapp: Suspending all threads took: 6.971ms
02-10 08:58:11.514 7215 7759 W com.mbwhatsapp: Weak pointer dereference blocked for 31 milliseconds.
02-10 08:58:11.518 7215 7215 W com.mbwhatsapp: Weak pointer dereference blocked for 21 milliseconds.
02-10 08:58:11.521 7215 8811 W com.mbwhatsapp: Weak pointer dereference blocked for 31 milliseconds.
02-10 08:58:13.419 7215 7228 W com.mbwhatsapp: Suspending all threads took: 10.850ms
02-10 08:58:14.751 7215 7692 E SQLiteDatabase: Error inserting transferred=1 media_job_uuid=14a3302e-0cca-4f38-8231-9104ff5a9e4b transcoded=0 gif_attribution=0 first_scan_length=0 direct_path=/m1/v/t24/An- TFicBGR9atlj5ZyOYxIgxdQdQrstqdrRMx7HNKlp_95Gm7zqYLWxgsNUECm8BMB6BfIYbI8IfWtaJlOV-- P9RItlRoFnlpK1ABJGhWsxXj7KknuNNwMewfG_XIrSSZA?ccb=10- 5&oh=01_AdRQWZOpqtFnoyK5xZ0ebl2sFTavcXmoIoC48i2WRPO18A&oe=65EE5436&_nc_sid=5e03e0 thumbnail_height_width_ratio=1.0 is_animated_sticker=0 file_hash=BYSqS9amDYYSEpgTcQ+j0qScHlq7QVhZ4xx8EHDZ8N0= file_path=Media/MBWhatsApp Images/IMG-20240210-WA0019 file_size=269028 partial_media_hash=null face_x=0 face_y=0 height=1080 trim_to=0 media_key_timestamp=0 message_url=null media_caption=null trim_from=0 mime_type=image/jpeg partial_media_enc_hash=null width=1080 original_file_hash=null has_streaming_sidecar=0 autotransfer_retry_enabled=1 media_upload_handle=null message_row_id=525 multicast_id=null enc_file_hash=null mute_video=0 page_count=0 first_scan_sidecar=null suspicious_content=0 file_length=269028 media_name=null media_duration=0 chat_row_id=272 media_key=null
02-10 08:58:14.751 7215 7692 E SQLiteDatabase: android.database.sqlite.SQLiteConstraintException: UNIQUE constraint failed: message_media.message_row_id (code 1555 SQLITE_CONSTRAINT_PRIMARYKEY)
02-10 08:58:14.751 7215 7692 E SQLiteDatabase: at android.database.sqlite.SQLiteConnection.nativeExecuteForLastInsertedRowId(Native Method)
02-10 08:58:14.751 7215 7692 E SQLiteDatabase: at android.database.sqlite.SQLiteConnection.executeForLastInsertedRowId(SQLiteConnecti on.java:985)
02-10 08:58:14.751 7215 7692 E SQLiteDatabase: at android.database.sqlite.SQLiteSession.executeForLastInsertedRowId(SQLiteSession.jav a:790)
02-10 08:58:14.751 7215 7692 E SQLiteDatabase: at android.database.sqlite.SQLiteStatement.executeInsert(SQLiteStatement.java:89)
02-10 08:58:14.751 7215 7692 E SQLiteDatabase: at android.database.sqlite.SQLiteDatabase.insertWithOnConflict(SQLiteDatabase.java:170 2)
02-10 08:58:14.751 7215 7692 E SQLiteDatabase: at android.database.sqlite.SQLiteDatabase.insert(SQLiteDatabase.java:1571)
02-10 08:58:14.751 7215 7692 E SQLiteDatabase: at X.2tm.A08(Unknown Source:6)
02-10 08:58:14.751 7215 7692 E SQLiteDatabase: at X.35Y.A07(Unknown Source:212)
02-10 08:58:14.751 7215 7692 E SQLiteDatabase: at X.3QF.A14(Unknown Source:470)
02-10 08:58:14.751 7215 7692 E SQLiteDatabase: at X.3gU.run(Unknown Source:982)
02-10 08:58:14.751 7215 7692 E SQLiteDatabase: at android.os.Handler.handleCallback(Handler.java:938)
02-10 08:58:14.751 7215 7692 E SQLiteDatabase: at android.os.Handler.dispatchMessage(Handler.java:99)
02-10 08:58:14.751 7215 7692 E SQLiteDatabase: at X.0zq.dispatchMessage(Unknown Source:4)
02-10 08:58:14.751 7215 7692 E SQLiteDatabase: at android.os.Looper.loopOnce(Looper.java:233)
02-10 08:58:14.751 7215 7692 E SQLiteDatabase: at android.os.Looper.loop(Looper.java:334)
02-10 08:58:14.751 7215 7692 E SQLiteDatabase: at android.os.HandlerThread.run(HandlerThread.java:67)
02-10 08:58:14.793 7215 7215 W com.mbwhatsapp: type=1400 audit(0.0:7081): avc: granted { execute } for comm=4D65646961446F776E6C6F61642023 path="/data/data/com.mbwhatsapp/files/decompressed/libs.spk.zst/libstatic-webp.so" dev="sda20" ino=1311463 scontext=u:r:untrusted_app:s0:c222,c258,c512,c768 tcontext=u:object_r:app_data_file:s0:c222,c258,c512,c768 tclass=file app=com.mbwhatsapp
02-10 08:58:18.110 7215 7215 W BottomSheetBehavior: BottomSheetBehavior now supports multiple callbacks. `setBottomSheetCallback()` removes all existing callbacks, including ones set internally by library authors, which may result in unintended behavior. This may change in the future. Please use `addBottomSheetCallback()` and `removeBottomSheetCallback()` instead to set your own callbacks.
02-10 08:58:18.111 7215 7215 W BottomSheetBehavior: BottomSheetBehavior now supports multiple callbacks. `setBottomSheetCallback()` removes all existing callbacks, including ones set internally by library authors, which may result in unintended behavior. This may change in the future. Please use `addBottomSheetCallback()` and `removeBottomSheetCallback()` instead to set your own callbacks.
02-10 08:58:18.338 7215 7215 W BottomSheetBehavior: BottomSheetBehavior now supports multiple callbacks. `setBottomSheetCallback()` removes all existing callbacks, including ones set internally by library authors, which may result in unintended behavior. This may change in the future. Please use `addBottomSheetCallback()` and `removeBottomSheetCallback()` instead to set your own callbacks.
02-10 08:58:18.338 7215 7215 W BottomSheetBehavior: BottomSheetBehavior now supports multiple callbacks. `setBottomSheetCallback()` removes all existing callbacks, including ones set internally by library authors, which may result in unintended behavior. This may change in the future. Please use `addBottomSheetCallback()` and `removeBottomSheetCallback()` instead to set your own callbacks.
02-10 08:58:18.442 7215 7692 E SQLiteDatabase: Error inserting transferred=1 media_job_uuid=dcb39170-94db-48f0-8849-dfe29fba46e6 transcoded=0 gif_attribution=0 first_scan_length=0 direct_path=/v/t62.15575- 24/30429004_1579533596154708_7879338178708781797_n.enc?ccb=11- 4&oh=01_AdQlcx9PQlKzmuOOogzWGJqmaPARXznZHneKi-CurYWa6w&oe=65EE2EA6&_nc_sid=5e03e0 thumbnail_height_width_ratio=1.0 is_animated_sticker=0 file_hash=jlNrahOx9SOTLSNRZUTfV0/HBSwX/ckT6PhEvh9xRCk= file_path=Media/MBWhatsApp Stickers/STK-20240210-WA0020.webp file_size=72350 partial_media_hash=null face_x=0 face_y=0 height=64 trim_to=0 media_key_timestamp=1707402610000 message_url=*********************************************************************** *********************************************************************************** ************************************ media_caption=null trim_from=0 mime_type=image/webp partial_media_enc_hash=null width=64 original_file_hash=null has_streaming_sidecar=0 autotransfer_retry_enabled=1 media_upload_handle=null message_row_id=522 multicast_id=null enc_file_hash=b3lS9addr/PLagpnSefY3AJmSw1wxO2zKGmDzzscNC0= mute_video=0 page_count=0 first_scan_sidecar=null suspicious_content=0 file_length=72350 media_name=null media_duration=0 chat_row_id=8 media_key=[B@e88e7cf
02-10 08:58:18.442 7215 7692 E SQLiteDatabase: android.database.sqlite.SQLiteConstraintException: UNIQUE constraint failed: message_media.message_row_id (code 1555 SQLITE_CONSTRAINT_PRIMARYKEY)
02-10 08:58:18.442 7215 7692 E SQLiteDatabase: at android.database.sqlite.SQLiteConnection.nativeExecuteForLastInsertedRowId(Native Method)
02-10 08:58:18.442 7215 7692 E SQLiteDatabase: at android.database.sqlite.SQLiteConnection.executeForLastInsertedRowId(SQLiteConnecti on.java:985)
02-10 08:58:18.442 7215 7692 E SQLiteDatabase: at android.database.sqlite.SQLiteSession.executeForLastInsertedRowId(SQLiteSession.jav a:790)
02-10 08:58:18.442 7215 7692 E SQLiteDatabase: at android.database.sqlite.SQLiteStatement.executeInsert(SQLiteStatement.java:89)
02-10 08:58:18.442 7215 7692 E SQLiteDatabase: at android.database.sqlite.SQLiteDatabase.insertWithOnConflict(SQLiteDatabase.java:170 2)
02-10 08:58:18.442 7215 7692 E SQLiteDatabase: at android.database.sqlite.SQLiteDatabase.insert(SQLiteDatabase.java:1571)
02-10 08:58:18.442 7215 7692 E SQLiteDatabase: at X.2tm.A08(Unknown Source:6)
02-10 08:58:18.442 7215 7692 E SQLiteDatabase: at X.35Y.A07(Unknown Source:212)
02-10 08:58:18.442 7215 7692 E SQLiteDatabase: at X.3QF.A14(Unknown Source:470)
02-10 08:58:18.442 7215 7692 E SQLiteDatabase: at X.3gU.run(Unknown Source:982)
02-10 08:58:18.442 7215 7692 E SQLiteDatabase: at android.os.Handler.handleCallback(Handler.java:938)
02-10 08:58:18.442 7215 7692 E SQLiteDatabase: at android.os.Handler.dispatchMessage(Handler.java:99)
02-10 08:58:18.442 7215 7692 E SQLiteDatabase: at X.0zq.dispatchMessage(Unknown Source:4)
02-10 08:58:18.442 7215 7692 E SQLiteDatabase: at android.os.Looper.loopOnce(Looper.java:233)
02-10 08:58:18.442 7215 7692 E SQLiteDatabase: at android.os.Looper.loop(Looper.java:334)
02-10 08:58:18.442 7215 7692 E SQLiteDatabase: at android.os.HandlerThread.run(HandlerThread.java:67)
02-10 08:58:18.516 7215 7215 W View : requestLayout() improperly called by androidx.cardview.widget.CardView{d6401c7 V.E...... ......I. 0,0-0,0 #7f0b1c5c app:id/web_page_preview_container} during layout: running second layout pass
02-10 08:58:18.516 7215 7215 W View : requestLayout() improperly called by android.widget.LinearLayout{30993f4 V.E...... ......I. 0,0-0,0 #7f0b1a20 app:id/titleSnippetUrlLayout} during layout: running second layout pass
02-10 08:58:18.719 7215 7692 E SQLiteDatabase: Error inserting transferred=0 media_job_uuid=d80ac94f-f292-4e85-8be9-4376eb320072 transcoded=0 gif_attribution=0 first_scan_length=0 direct_path=/v/t62.7161- 24/26108375_2200584676815584_2819099234786129896_n.enc?ccb=11-4&oh=01_AdTH261- Gu2SnYes5jUvGFlLP3FIMUHPUvDhch9pcx_LdQ&oe=65EE25A7&_nc_sid=5e03e0 thumbnail_height_width_ratio=1.7777778 is_animated_sticker=0 file_hash=tXj3d+cZeJyqYOqDiCkHAaFwXNmsFPVJPUXCaQq1m+A= file_path=null file_size=0 partial_media_hash=null face_x=0 face_y=0 height=656 trim_to=0 media_key_timestamp=1707527742000 message_url=*********************************************************************** *********************************************************************************** *********************************** media_caption=null trim_from=0 mime_type=video/mp4 partial_media_enc_hash=null width=368 original_file_hash=null has_streaming_sidecar=1 autotransfer_retry_enabled=1 media_upload_handle=null message_row_id=455 multicast_id=null enc_file_hash=wke4h4d/pgLaV1ufL072mpaH+/HkP1sFFJLxnpCauqI= mute_video=0 page_count=0 first_scan_sidecar=null suspicious_content=0 file_length=2870951 media_name=null media_duration=20 chat_row_id=51 media_key=[B@ccb6bdb
02-10 08:58:18.719 7215 7692 E SQLiteDatabase: android.database.sqlite.SQLiteConstraintException: UNIQUE constraint failed: message_media.message_row_id (code 1555 SQLITE_CONSTRAINT_PRIMARYKEY)
02-10 08:58:18.719 7215 7692 E SQLiteDatabase: at android.database.sqlite.SQLiteConnection.nativeExecuteForLastInsertedRowId(Native Method)
02-10 08:58:18.719 7215 7692 E SQLiteDatabase: at android.database.sqlite.SQLiteConnection.executeForLastInsertedRowId(SQLiteConnecti on.java:985)
02-10 08:58:18.719 7215 7692 E SQLiteDatabase: at android.database.sqlite.SQLiteSession.executeForLastInsertedRowId(SQLiteSession.jav a:790)
02-10 08:58:18.719 7215 7692 E SQLiteDatabase: at android.database.sqlite.SQLiteStatement.executeInsert(SQLiteStatement.java:89)
02-10 08:58:18.719 7215 7692 E SQLiteDatabase: at android.database.sqlite.SQLiteDatabase.insertWithOnConflict(SQLiteDatabase.java:170 2)
02-10 08:58:18.719 7215 7692 E SQLiteDatabase: at android.database.sqlite.SQLiteDatabase.insert(SQLiteDatabase.java:1571)
02-10 08:58:18.719 7215 7692 E SQLiteDatabase: at X.2tm.A08(Unknown Source:6)
02-10 08:58:18.719 7215 7692 E SQLiteDatabase: at X.35Y.A07(Unknown Source:212)
02-10 08:58:18.719 7215 7692 E SQLiteDatabase: at X.3QF.A14(Unknown Source:470)
02-10 08:58:18.719 7215 7692 E SQLiteDatabase: at X.3gU.run(Unknown Source:982)
02-10 08:58:18.719 7215 7692 E SQLiteDatabase: at android.os.Handler.handleCallback(Handler.java:938)
02-10 08:58:18.719 7215 7692 E SQLiteDatabase: at android.os.Handler.dispatchMessage(Handler.java:99)
02-10 08:58:18.719 7215 7692 E SQLiteDatabase: at X.0zq.dispatchMessage(Unknown Source:4)
02-10 08:58:18.719 7215 7692 E SQLiteDatabase: at android.os.Looper.loopOnce(Looper.java:233)
02-10 08:58:18.719 7215 7692 E SQLiteDatabase: at android.os.Looper.loop(Looper.java:334)
02-10 08:58:18.719 7215 7692 E SQLiteDatabase: at android.os.HandlerThread.run(HandlerThread.java:67)
02-10 08:58:19.007 7215 7215 W View : requestLayout() improperly called by android.widget.LinearLayout{443f0d8 V.E...... ........ 0,174-720,1388} during second layout pass: posting in next frame
02-10 08:58:19.007 7215 7215 W View : requestLayout() improperly called by androidx.cardview.widget.CardView{d6401c7 V.E...... ......I. 80,235-640,642 #7f0b1c5c app:id/web_page_preview_container} during second layout pass: posting in next frame
02-10 08:58:19.007 7215 7215 W View : requestLayout() improperly called by android.widget.FrameLayout{35f8c31 V.E...... ........ 0,0-560,280 #7f0b1c52 app:id/webPagePreviewImageLarge_frame} during second layout pass: posting in next frame
02-10 08:58:19.007 7215 7215 W View : requestLayout() improperly called by com.mbwhatsapp.components.button.ThumbnailButton{b4bcf16 V.ED..... ........ 0,0- 560,280 #7f0b1c55 app:id/webPagePreviewImageLarge_thumb} during second layout pass: posting in next frame
02-10 08:58:19.007 7215 7215 W View : requestLayout() improperly called by com.mbwhatsapp.TextEmojiLabel{9641097 V.ED..... ........ 0,658-720,978 #7f0b0fbf app:id/message_text} during second layout pass: posting in next frame
02-10 08:58:19.148 7215 7692 E SQLiteDatabase: Error inserting transferred=1 media_job_uuid=2aa0b154-4908-4bb6-a7d3-7249d1a4f496 transcoded=0 gif_attribution=0 first_scan_length=0 direct_path=/v/t62.15575- 24/12151207_727003136197664_1087372826645589441_n.enc?ccb=11- 4&oh=01_AdTjkmPGQ95CRa25CbSvh_BXztKXQrhnrBz4qY1kY7BCMg&oe=65EE4FCE&_nc_sid=5e03e0 thumbnail_height_width_ratio=1.0 is_animated_sticker=0 file_hash=A59A//C11eeEQcxoKQt0hEQ151Ewa6ZwjVtj2fuI5KI= file_path=Media/MBWhatsApp Stickers/STK-20240210-WA0021.webp file_size=15886 partial_media_hash=null face_x=0 face_y=0 height=64 trim_to=0 media_key_timestamp=1707527844000 message_url=*********************************************************************** *********************************************************************************** *********************************** media_caption=null trim_from=0 mime_type=image/webp partial_media_enc_hash=null width=64 original_file_hash=null has_streaming_sidecar=0 autotransfer_retry_enabled=1 media_upload_handle=null message_row_id=526 multicast_id=null enc_file_hash=+l9zEFquXhd8WAtgBYJk4zUR3OtmsJxRcXjAS7lFNVk= mute_video=0 page_count=0 first_scan_sidecar=null suspicious_content=0 file_length=15886 media_name=null media_duration=0 chat_row_id=8 media_key=[B@fcf1f33
02-10 08:58:19.148 7215 7692 E SQLiteDatabase: android.database.sqlite.SQLiteConstraintException: UNIQUE constraint failed: message_media.message_row_id (code 1555 SQLITE_CONSTRAINT_PRIMARYKEY)
02-10 08:58:19.148 7215 7692 E SQLiteDatabase: at android.database.sqlite.SQLiteConnection.nativeExecuteForLastInsertedRowId(Native Method)
02-10 08:58:19.148 7215 7692 E SQLiteDatabase: at android.database.sqlite.SQLiteConnection.executeForLastInsertedRowId(SQLiteConnecti on.java:985)
02-10 08:58:19.148 7215 7692 E SQLiteDatabase: at android.database.sqlite.SQLiteSession.executeForLastInsertedRowId(SQLiteSession.jav a:790)
02-10 08:58:19.148 7215 7692 E SQLiteDatabase: at android.database.sqlite.SQLiteStatement.executeInsert(SQLiteStatement.java:89)
02-10 08:58:19.148 7215 7692 E SQLiteDatabase: at android.database.sqlite.SQLiteDatabase.insertWithOnConflict(SQLiteDatabase.java:170 2)
02-10 08:58:19.148 7215 7692 E SQLiteDatabase: at android.database.sqlite.SQLiteDatabase.insert(SQLiteDatabase.java:1571)
02-10 08:58:19.148 7215 7692 E SQLiteDatabase: at X.2tm.A08(Unknown Source:6)
02-10 08:58:19.148 7215 7692 E SQLiteDatabase: at X.35Y.A07(Unknown Source:212)
02-10 08:58:19.148 7215 7692 E SQLiteDatabase: at X.3QF.A14(Unknown Source:470)
02-10 08:58:19.148 7215 7692 E SQLiteDatabase: at X.3gU.run(Unknown Source:982)
02-10 08:58:19.148 7215 7692 E SQLiteDatabase: at android.os.Handler.handleCallback(Handler.java:938)
02-10 08:58:19.148 7215 7692 E SQLiteDatabase: at android.os.Handler.dispatchMessage(Handler.java:99)
02-10 08:58:19.148 7215 7692 E SQLiteDatabase: at X.0zq.dispatchMessage(Unknown Source:4)
02-10 08:58:19.148 7215 7692 E SQLiteDatabase: at android.os.Looper.loopOnce(Looper.java:233)
02-10 08:58:19.148 7215 7692 E SQLiteDatabase: at android.os.Looper.loop(Looper.java:334)
02-10 08:58:19.148 7215 7692 E SQLiteDatabase: at android.os.HandlerThread.run(HandlerThread.java:67)
02-10 08:58:21.049 7215 8168 E OpenGLRenderer: JankTracker::calculateLegacyJank expectedDequeueDuration > 0 expectedDequeueDuration=2303030, DequeueBufferDuration=556146, forgiveAmount=556146, totalDuration=6569365
02-10 08:58:21.471 7215 8168 E OpenGLRenderer: JankTracker::calculateLegacyJank expectedDequeueDuration > 0 expectedDequeueDuration=1762054, DequeueBufferDuration=1980886, forgiveAmount=1762054, totalDuration=6643757
02-10 08:58:21.480 7215 8168 E OpenGLRenderer: JankTracker::calculateLegacyJank expectedDequeueDuration > 0 expectedDequeueDuration=386265, DequeueBufferDuration=3666563, forgiveAmount=386265, totalDuration=22021690
02-10 08:58:21.680 7215 7232 E OpenGLRenderer: JankTracker::calculateLegacyJank expectedDequeueDuration > 0 expectedDequeueDuration=1419542, DequeueBufferDuration=1749167, forgiveAmount=1419542, totalDuration=7340916
02-10 08:58:21.738 7215 7232 E OpenGLRenderer: JankTracker::calculateLegacyJank expectedDequeueDuration > 0 expectedDequeueDuration=1090610, DequeueBufferDuration=1447448, forgiveAmount=1090610, totalDuration=8242998
02-10 08:58:21.755 7215 7232 E OpenGLRenderer: JankTracker::calculateLegacyJank expectedDequeueDuration > 0 expectedDequeueDuration=433735, DequeueBufferDuration=1136302, forgiveAmount=433735, totalDuration=11002738
02-10 08:58:21.847 7215 7232 E OpenGLRenderer: JankTracker::calculateLegacyJank expectedDequeueDuration > 0 expectedDequeueDuration=49448, DequeueBufferDuration=537709, forgiveAmount=49448, totalDuration=21524021
02-10 08:58:22.619 7215 7692 E SQLiteDatabase: Error inserting transferred=0 media_job_uuid=1824a432-8d9f-4e8c-b3e9-91ac4fdb6434 transcoded=0 gif_attribution=0 first_scan_length=0 direct_path=/v/t62.7161- 24/34732482_923367836160171_1697507552587536870_n.enc?ccb=11- 4&oh=01_AdQ21qdACvqImS3PekeWlDTFmx3DA2RyNV8zwgQSMJuDUA&oe=65EE3564&_nc_sid=5e03e0 thumbnail_height_width_ratio=1.7777778 is_animated_sticker=0 file_hash=H7ZgySpB3suhj79GwaFDJa8DFU1VPZ7xVm8CJqyf3Mk= file_path=null file_size=0 partial_media_hash=null face_x=0 face_y=0 height=656 trim_to=0 media_key_timestamp=1707527883000 message_url=*********************************************************************** *********************************************************************************** ********************************** media_caption=null trim_from=0 mime_type=video/mp4 partial_media_enc_hash=null width=368 original_file_hash=null has_streaming_sidecar=1 autotransfer_retry_enabled=1 media_upload_handle=null message_row_id=535 multicast_id=null enc_file_hash=nTXenvl3tEW/1GZt641f5FfMM2JKSYFEJPldwQUTGmY= mute_video=0 page_count=0 first_scan_sidecar=null suspicious_content=0 file_length=784422 media_name=null media_duration=23 chat_row_id=51 media_key=[B@46c0f21
02-10 08:58:22.619 7215 7692 E SQLiteDatabase: android.database.sqlite.SQLiteConstraintException: UNIQUE constraint failed: message_media.message_row_id (code 1555 SQLITE_CONSTRAINT_PRIMARYKEY)
02-10 08:58:22.619 7215 7692 E SQLiteDatabase: at android.database.sqlite.SQLiteConnection.nativeExecuteForLastInsertedRowId(Native Method)
02-10 08:58:22.619 7215 7692 E SQLiteDatabase: at android.database.sqlite.SQLiteConnection.executeForLastInsertedRowId(SQLiteConnecti on.java:985)
02-10 08:58:22.619 7215 7692 E SQLiteDatabase: at android.database.sqlite.SQLiteSession.executeForLastInsertedRowId(SQLiteSession.jav a:790)
02-10 08:58:22.619 7215 7692 E SQLiteDatabase: at android.database.sqlite.SQLiteStatement.executeInsert(SQLiteStatement.java:89)
02-10 08:58:22.619 7215 7692 E SQLiteDatabase: at android.database.sqlite.SQLiteDatabase.insertWithOnConflict(SQLiteDatabase.java:170 2)
02-10 08:58:22.619 7215 7692 E SQLiteDatabase: at android.database.sqlite.SQLiteDatabase.insert(SQLiteDatabase.java:1571)
02-10 08:58:22.619 7215 7692 E SQLiteDatabase: at X.2tm.A08(Unknown Source:6)
02-10 08:58:22.619 7215 7692 E SQLiteDatabase: at X.35Y.A07(Unknown Source:212)
02-10 08:58:22.619 7215 7692 E SQLiteDatabase: at X.3QF.A14(Unknown Source:470)
02-10 08:58:22.619 7215 7692 E SQLiteDatabase: at X.3gU.run(Unknown Source:982)
02-10 08:58:22.619 7215 7692 E SQLiteDatabase: at android.os.Handler.handleCallback(Handler.java:938)
02-10 08:58:22.619 7215 7692 E SQLiteDatabase: at android.os.Handler.dispatchMessage(Handler.java:99)
02-10 08:58:22.619 7215 7692 E SQLiteDatabase: at X.0zq.dispatchMessage(Unknown Source:4)
02-10 08:58:22.619 7215 7692 E SQLiteDatabase: at android.os.Looper.loopOnce(Looper.java:233)
02-10 08:58:22.619 7215 7692 E SQLiteDatabase: at android.os.Looper.loop(Looper.java:334)
02-10 08:58:22.619 7215 7692 E SQLiteDatabase: at android.os.HandlerThread.run(HandlerThread.java:67)
02-10 08:58:22.764 7215 9407 E OpenGLRenderer: JankTracker::calculateLegacyJank expectedDequeueDuration > 0 expectedDequeueDuration=1808487, DequeueBufferDuration=6408489, forgiveAmount=1808487, totalDuration=10393338
02-10 08:58:23.048 7215 9407 E OpenGLRenderer: JankTracker::calculateLegacyJank expectedDequeueDuration > 0 expectedDequeueDuration=2334702, DequeueBufferDuration=2596303, forgiveAmount=2334702, totalDuration=6034868
02-10 08:58:23.064 7215 9407 E OpenGLRenderer: JankTracker::calculateLegacyJank expectedDequeueDuration > 0 expectedDequeueDuration=1789556, DequeueBufferDuration=1101146, forgiveAmount=1101146, totalDuration=7834194
02-10 08:58:23.148 7215 8010 E OpenGLRenderer: JankTracker::calculateLegacyJank expectedDequeueDuration > 0 expectedDequeueDuration=1099297, DequeueBufferDuration=908021, forgiveAmount=908021, totalDuration=9472109
02-10 08:58:23.183 7215 8010 E OpenGLRenderer: JankTracker::calculateLegacyJank expectedDequeueDuration > 0 expectedDequeueDuration=1187791, DequeueBufferDuration=1336146, forgiveAmount=1187791, totalDuration=6226866
02-10 08:58:23.217 7215 9407 E OpenGLRenderer: JankTracker::calculateLegacyJank expectedDequeueDuration > 0 expectedDequeueDuration=268354, DequeueBufferDuration=2560781, forgiveAmount=268354, totalDuration=8185479
02-10 08:58:23.230 7215 8010 E OpenGLRenderer: JankTracker::calculateLegacyJank expectedDequeueDuration > 0 expectedDequeueDuration=1420076, DequeueBufferDuration=1714948, forgiveAmount=1420076, totalDuration=11708077
02-10 08:58:23.309 7215 8010 E OpenGLRenderer: JankTracker::calculateLegacyJank expectedDequeueDuration > 0 expectedDequeueDuration=854846, DequeueBufferDuration=702136, forgiveAmount=702136, totalDuration=7981403
02-10 08:58:23.313 7215 8010 E OpenGLRenderer: JankTracker::calculateLegacyJank expectedDequeueDuration > 0 expectedDequeueDuration=1130832, DequeueBufferDuration=798125, forgiveAmount=798125, totalDuration=9325365
02-10 08:58:23.352 7215 8010 E OpenGLRenderer: JankTracker::calculateLegacyJank expectedDequeueDuration > 0 expectedDequeueDuration=2401054, DequeueBufferDuration=14037239, forgiveAmount=2401054, totalDuration=34831850
02-10 08:58:23.616 7215 9407 E OpenGLRenderer: JankTracker::calculateLegacyJank expectedDequeueDuration > 0 expectedDequeueDuration=70306, DequeueBufferDuration=17288542, forgiveAmount=70306, totalDuration=27480742
02-10 08:58:25.900 7215 8010 E OpenGLRenderer: JankTracker::calculateLegacyJank expectedDequeueDuration > 0 expectedDequeueDuration=538638, DequeueBufferDuration=5587969, forgiveAmount=538638, totalDuration=11514443
02-10 08:58:25.914 7215 8010 E OpenGLRenderer: JankTracker::calculateLegacyJank expectedDequeueDuration > 0 expectedDequeueDuration=806546, DequeueBufferDuration=1181458, forgiveAmount=806546, totalDuration=11901126
02-10 08:58:25.930 7215 8010 E OpenGLRenderer: JankTracker::calculateLegacyJank expectedDequeueDuration > 0 expectedDequeueDuration=856123, DequeueBufferDuration=690937, forgiveAmount=690937, totalDuration=8232264
02-10 08:58:25.949 7215 8010 E OpenGLRenderer: JankTracker::calculateLegacyJank expectedDequeueDuration > 0 expectedDequeueDuration=1048833, DequeueBufferDuration=846302, forgiveAmount=846302, totalDuration=6222157
02-10 08:58:25.980 7215 8010 E OpenGLRenderer: JankTracker::calculateLegacyJank expectedDequeueDuration > 0 expectedDequeueDuration=1072064, DequeueBufferDuration=3060990, forgiveAmount=1072064, totalDuration=6718634
02-10 08:58:25.999 7215 8010 E OpenGLRenderer: JankTracker::calculateLegacyJank expectedDequeueDuration > 0 expectedDequeueDuration=2147987, DequeueBufferDuration=3838646, forgiveAmount=2147987, totalDuration=10259182
02-10 08:58:26.031 7215 8010 E OpenGLRenderer: JankTracker::calculateLegacyJank expectedDequeueDuration > 0 expectedDequeueDuration=1655663, DequeueBufferDuration=1334636, forgiveAmount=1334636, totalDuration=9504701
02-10 08:58:26.349 7215 9407 E OpenGLRenderer: JankTracker::calculateLegacyJank expectedDequeueDuration > 0 expectedDequeueDuration=2213911, DequeueBufferDuration=6025260, forgiveAmount=2213911, totalDuration=8602334
02-10 08:58:26.532 7215 9407 E OpenGLRenderer: JankTracker::calculateLegacyJank expectedDequeueDuration > 0 expectedDequeueDuration=1564018, DequeueBufferDuration=1419583, forgiveAmount=1419583, totalDuration=7013639
02-10 08:58:27.156 7215 7692 E SQLiteDatabase: Error inserting transferred=0 media_job_uuid=ae4cf4f9-1e86-463b-bacf-392e0b1d8228 transcoded=0 gif_attribution=0 first_scan_length=0 direct_path=/v/t62.7161- 24/12153944_1126284988571075_40841377055361609_n.enc?ccb=11- 4&oh=01_AdQWku1PYMLzoXCRWnriy5ISuNH9jew17YcVmUdFp2N5_w&oe=65EE51B4&_nc_sid=5e03e0&_ nc_hot=1707527914 thumbnail_height_width_ratio=1.7777778 is_animated_sticker=0 file_hash=h/HV3oNE03kYV8j7VkKmNyIFHteMbb7mXUF74PCSTj4= file_path=null file_size=0 partial_media_hash=null face_x=0 face_y=0 height=640 trim_to=0 media_key_timestamp=1707527912000 message_url=*********************************************************************** *********************************************************************************** ********************************* media_caption=null trim_from=0 mime_type=video/mp4 partial_media_enc_hash=null width=360 original_file_hash=null has_streaming_sidecar=1 autotransfer_retry_enabled=1 media_upload_handle=null message_row_id=540 multicast_id=null enc_file_hash=nKuAqjn1YT38GP7xsa/pFc7RndndKfm8HEjs7Jf7N4k= mute_video=0 page_count=0 first_scan_sidecar=null suspicious_content=0 file_length=1594164 media_name=null media_duration=17 chat_row_id=51 media_key=[B@d18e26
02-10 08:58:27.156 7215 7692 E SQLiteDatabase: android.database.sqlite.SQLiteConstraintException: UNIQUE constraint failed: message_media.message_row_id (code 1555 SQLITE_CONSTRAINT_PRIMARYKEY)
02-10 08:58:27.156 7215 7692 E SQLiteDatabase: at android.database.sqlite.SQLiteConnection.nativeExecuteForLastInsertedRowId(Native Method)
02-10 08:58:27.156 7215 7692 E SQLiteDatabase: at android.database.sqlite.SQLiteConnection.executeForLastInsertedRowId(SQLiteConnecti on.java:985)
02-10 08:58:27.156 7215 7692 E SQLiteDatabase: at android.database.sqlite.SQLiteSession.executeForLastInsertedRowId(SQLiteSession.jav a:790)
02-10 08:58:27.156 7215 7692 E SQLiteDatabase: at android.database.sqlite.SQLiteStatement.executeInsert(SQLiteStatement.java:89)
02-10 08:58:27.156 7215 7692 E SQLiteDatabase: at android.database.sqlite.SQLiteDatabase.insertWithOnConflict(SQLiteDatabase.java:170 2)
02-10 08:58:27.156 7215 7692 E SQLiteDatabase: at android.database.sqlite.SQLiteDatabase.insert(SQLiteDatabase.java:1571)
02-10 08:58:27.156 7215 7692 E SQLiteDatabase: at X.2tm.A08(Unknown Source:6)
02-10 08:58:27.156 7215 7692 E SQLiteDatabase: at X.35Y.A07(Unknown Source:212)
02-10 08:58:27.156 7215 7692 E SQLiteDatabase: at X.3QF.A14(Unknown Source:470)
02-10 08:58:27.156 7215 7692 E SQLiteDatabase: at X.3gU.run(Unknown Source:982)
02-10 08:58:27.156 7215 7692 E SQLiteDatabase: at android.os.Handler.handleCallback(Handler.java:938)
02-10 08:58:27.156 7215 7692 E SQLiteDatabase: at android.os.Handler.dispatchMessage(Handler.java:99)
02-10 08:58:27.156 7215 7692 E SQLiteDatabase: at X.0zq.dispatchMessage(Unknown Source:4)
02-10 08:58:27.156 7215 7692 E SQLiteDatabase: at android.os.Looper.loopOnce(Looper.java:233)
02-10 08:58:27.156 7215 7692 E SQLiteDatabase: at android.os.Looper.loop(Looper.java:334)
02-10 08:58:27.156 7215 7692 E SQLiteDatabase: at android.os.HandlerThread.run(HandlerThread.java:67)
