02-10 08:10:34.185 15594 15594 E ArmVmp : Match on catch block at 0xc3 in for 0x7630ce6025
02-10 08:10:34.197 15594 15594 E ArmVmp : Match on catch block at 0xc3 in for 0x7630ce6025
02-10 08:10:34.202 15594 15594 E ArmVmp : Match on catch block at 0xc3 in for 0x7630ce6025
02-10 08:10:34.225 15594 15594 E ArmVmp : Match on catch block at 0xc3 in for 0x7630ce6025
02-10 08:10:34.228 15594 15594 E ArmVmp : Match on catch block at 0xc3 in for 0x7630ce6025
02-10 08:10:34.238 15594 15594 E ArmVmp : Match on catch block at 0xc3 in for 0x7630ce6025
02-10 08:10:34.243 15594 15594 E ArmVmp : Match on catch block at 0xc3 in for 0x7630ce6025
02-10 08:10:34.247 15594 15594 E ArmVmp : Match on catch block at 0xc3 in for 0x7630ce6025
02-10 08:10:34.253 15594 15594 E ArmVmp : Match on catch block at 0xc3 in for 0x7630ce6025
02-10 08:10:34.264 15594 15594 E ArmVmp : Match on catch block at 0xc3 in for 0x7630ce6025
02-10 08:10:34.270 15594 15594 E ArmVmp : Match on catch block at 0xc3 in for 0x7630ce6025
02-10 08:10:34.282 15594 15594 E ArmVmp : Match on catch block at 0xc3 in for 0x7630ce6025
02-10 08:10:34.288 15594 15594 E ArmVmp : Match on catch block at 0xc3 in for 0x7630ce6025
02-10 08:10:34.298 15594 15594 E ArmVmp : Match on catch block at 0xc3 in for 0x7630ce6025
02-10 08:10:34.304 15594 15594 E ArmVmp : Match on catch block at 0xc3 in for 0x7630ce6025
02-10 08:10:34.315 15594 15594 E ArmVmp : Match on catch block at 0xc3 in for 0x7630ce6025
02-10 08:10:34.320 15594 15594 E ArmVmp : Match on catch block at 0xc3 in for 0x7630ce6025
02-10 08:10:34.331 15594 15594 E ArmVmp : Match on catch block at 0xc3 in for 0x7630ce6025
02-10 08:10:34.336 15594 15594 E ArmVmp : Match on catch block at 0xc3 in for 0x7630ce6025
02-10 08:10:34.348 15594 15594 E ArmVmp : Match on catch block at 0xc3 in for 0x7630ce6025
02-10 08:10:34.354 15594 15594 E ArmVmp : Match on catch block at 0xc3 in for 0x7630ce6025
02-10 08:10:34.366 15594 15594 E ArmVmp : Match on catch block at 0xc3 in for 0x7630ce6025
02-10 08:10:34.372 15594 15594 E ArmVmp : Match on catch block at 0xc3 in for 0x7630ce6025
02-10 08:10:34.381 15594 15594 E ArmVmp : Match on catch block at 0xc3 in for 0x7630ce6025
02-10 08:10:34.386 15594 15594 E ArmVmp : Match on catch block at 0xc3 in for 0x7630ce6025
02-10 08:10:34.398 15594 15594 E ArmVmp : Match on catch block at 0xc3 in for 0x7630ce6025
02-10 08:10:34.404 15594 15594 E ArmVmp : Match on catch block at 0xc3 in for 0x7630ce6025
02-10 08:10:34.415 15594 15594 E ArmVmp : Match on catch block at 0xc3 in for 0x7630ce6025
02-10 08:10:35.001 15594 15594 E ArmVmp : Match on catch block at 0xc3 in for 0x7630ce6025
02-10 08:10:35.014 15594 15594 E ArmVmp : Match on catch block at 0xc3 in for 0x7630ce6025
02-10 08:10:35.018 15594 15594 E ArmVmp : Match on catch block at 0xc3 in for 0x7630ce6025
02-10 08:10:35.031 15594 15594 E ArmVmp : Match on catch block at 0xc3 in for 0x7630ce6025
02-10 08:10:35.041 15594 15594 E ArmVmp : Match on catch block at 0xc3 in for 0x7630ce6025
02-10 08:10:35.052 15594 15594 E ArmVmp : Match on catch block at 0xc3 in for 0x7630ce6025
02-10 08:10:35.057 15594 15594 E ArmVmp : Match on catch block at 0xc3 in for 0x7630ce6025
02-10 08:10:35.064 15594 15594 E ArmVmp : Match on catch block at 0xc3 in for 0x7630ce6025
02-10 08:10:35.069 15594 15594 E ArmVmp : Match on catch block at 0xc3 in for 0x7630ce6025
02-10 08:10:35.080 15594 15594 E ArmVmp : Match on catch block at 0xc3 in for 0x7630ce6025
02-10 08:10:35.085 15594 15594 E ArmVmp : Match on catch block at 0xc3 in for 0x7630ce6025
02-10 08:10:35.098 15594 15594 E ArmVmp : Match on catch block at 0xc3 in for 0x7630ce6025
02-10 08:10:35.103 15594 15594 E ArmVmp : Match on catch block at 0xc3 in for 0x7630ce6025
02-10 08:10:35.114 15594 15594 E ArmVmp : Match on catch block at 0xc3 in for 0x7630ce6025
02-10 08:10:35.120 15594 15594 E ArmVmp : Match on catch block at 0xc3 in for 0x7630ce6025
02-10 08:10:35.131 15594 15594 E ArmVmp : Match on catch block at 0xc3 in for 0x7630ce6025
02-10 08:10:35.135 15594 15594 E ArmVmp : Match on catch block at 0xc3 in for 0x7630ce6025
02-10 08:10:35.149 15594 15594 E ArmVmp : Match on catch block at 0xc3 in for 0x7630ce6025
02-10 08:10:35.153 15594 15594 E ArmVmp : Match on catch block at 0xc3 in for 0x7630ce6025
02-10 08:10:35.164 15594 15594 E ArmVmp : Match on catch block at 0xc3 in for 0x7630ce6025
02-10 08:10:35.169 15594 15594 E ArmVmp : Match on catch block at 0xc3 in for 0x7630ce6025
02-10 08:10:35.181 15594 15594 E ArmVmp : Match on catch block at 0xc3 in for 0x7630ce6025
02-10 08:10:35.186 15594 15594 E ArmVmp : Match on catch block at 0xc3 in for 0x7630ce6025
02-10 08:10:35.199 15594 15594 E ArmVmp : Match on catch block at 0xc3 in for 0x7630ce6025
02-10 08:10:35.204 15594 15594 E ArmVmp : Match on catch block at 0xc3 in for 0x7630ce6025
02-10 08:10:35.214 15594 15594 E ArmVmp : Match on catch block at 0xc3 in for 0x7630ce6025
02-10 08:10:35.220 15594 15594 E ArmVmp : Match on catch block at 0xc3 in for 0x7630ce6025
02-10 08:10:35.232 15594 15594 E ArmVmp : Match on catch block at 0xc3 in for 0x7630ce6025
02-10 08:10:35.237 15594 15594 E ArmVmp : Match on catch block at 0xc3 in for 0x7630ce6025
02-10 08:10:35.248 15594 15594 E ArmVmp : Match on catch block at 0xc3 in for 0x7630ce6025
02-10 08:10:35.254 15594 15594 E ArmVmp : Match on catch block at 0xc3 in for 0x7630ce6025
02-10 08:10:35.265 15594 15594 E ArmVmp : Match on catch block at 0xc3 in for 0x7630ce6025
02-10 08:10:35.272 15594 15594 E ArmVmp : Match on catch block at 0xc3 in for 0x7630ce6025
02-10 08:10:35.281 15594 15594 E ArmVmp : Match on catch block at 0xc3 in for 0x7630ce6025
02-10 08:10:35.286 15594 15594 E ArmVmp : Match on catch block at 0xc3 in for 0x7630ce6025
02-10 08:10:35.297 15594 15594 E ArmVmp : Match on catch block at 0xc3 in for 0x7630ce6025
02-10 08:10:35.302 15594 15594 E ArmVmp : Match on catch block at 0xc3 in for 0x7630ce6025
02-10 08:10:35.322 15594 15594 E ArmVmp : Match on catch block at 0xc3 in for 0x7630ce6025
02-10 08:10:35.332 15594 15594 E ArmVmp : Match on catch block at 0xc3 in for 0x7630ce6025
02-10 08:10:35.339 15594 15594 E ArmVmp : Match on catch block at 0xc3 in for 0x7630ce6025
02-10 08:10:35.343 15594 15594 E ArmVmp : Match on catch block at 0xc3 in for 0x7630ce6025
02-10 08:10:35.352 15594 15594 E ArmVmp : Match on catch block at 0xc3 in for 0x7630ce6025
02-10 08:10:35.356 15594 15594 E ArmVmp : Match on catch block at 0xc3 in for 0x7630ce6025
02-10 08:10:35.364 15594 15594 E ArmVmp : Match on catch block at 0xc3 in for 0x7630ce6025
02-10 08:10:35.369 15594 15594 E ArmVmp : Match on catch block at 0xc3 in for 0x7630ce6025
02-10 08:10:35.380 15594 15594 E ArmVmp : Match on catch block at 0xc3 in for 0x7630ce6025
02-10 08:10:35.384 15594 15594 E ArmVmp : Match on catch block at 0xc3 in for 0x7630ce6025
02-10 08:10:35.397 15594 15594 E ArmVmp : Match on catch block at 0xc3 in for 0x7630ce6025
02-10 08:10:35.401 15594 15594 E ArmVmp : Match on catch block at 0xc3 in for 0x7630ce6025
02-10 08:10:35.413 15594 15594 E ArmVmp : Match on catch block at 0xc3 in for 0x7630ce6025
02-10 08:10:36.003 15594 15594 E ArmVmp : Match on catch block at 0xc3 in for 0x7630ce6025
02-10 08:10:36.015 15594 15594 E ArmVmp : Match on catch block at 0xc3 in for 0x7630ce6025
02-10 08:10:36.020 15594 15594 E ArmVmp : Match on catch block at 0xc3 in for 0x7630ce6025
02-10 08:10:36.032 15594 15594 E ArmVmp : Match on catch block at 0xc3 in for 0x7630ce6025
02-10 08:10:36.037 15594 15594 E ArmVmp : Match on catch block at 0xc3 in for 0x7630ce6025
02-10 08:10:36.049 15594 15594 E ArmVmp : Match on catch block at 0xc3 in for 0x7630ce6025
02-10 08:10:36.054 15594 15594 E ArmVmp : Match on catch block at 0xc3 in for 0x7630ce6025
02-10 08:10:36.064 15594 15594 E ArmVmp : Match on catch block at 0xc3 in for 0x7630ce6025
02-10 08:10:36.073 15594 15594 E ArmVmp : Match on catch block at 0xc3 in for 0x7630ce6025
02-10 08:10:36.081 15594 15594 E ArmVmp : Match on catch block at 0xc3 in for 0x7630ce6025
02-10 08:10:36.089 15594 15594 E ArmVmp : Match on catch block at 0xc3 in for 0x7630ce6025
02-10 08:10:36.098 15594 15594 E ArmVmp : Match on catch block at 0xc3 in for 0x7630ce6025
02-10 08:10:36.102 15594 15594 E ArmVmp : Match on catch block at 0xc3 in for 0x7630ce6025
02-10 08:10:36.114 15594 15594 E ArmVmp : Match on catch block at 0xc3 in for 0x7630ce6025
02-10 08:10:36.119 15594 15594 E ArmVmp : Match on catch block at 0xc3 in for 0x7630ce6025
02-10 08:10:36.132 15594 15594 E ArmVmp : Match on catch block at 0xc3 in for 0x7630ce6025
02-10 08:10:36.137 15594 15594 E ArmVmp : Match on catch block at 0xc3 in for 0x7630ce6025
02-10 08:10:36.148 15594 15594 E ArmVmp : Match on catch block at 0xc3 in for 0x7630ce6025
02-10 08:10:36.153 15594 15594 E ArmVmp : Match on catch block at 0xc3 in for 0x7630ce6025
02-10 08:10:36.165 15594 15594 E ArmVmp : Match on catch block at 0xc3 in for 0x7630ce6025
02-10 08:10:36.171 15594 15594 E ArmVmp : Match on catch block at 0xc3 in for 0x7630ce6025
02-10 08:10:36.181 15594 15594 E ArmVmp : Match on catch block at 0xc3 in for 0x7630ce6025
02-10 08:10:36.187 15594 15594 E ArmVmp : Match on catch block at 0xc3 in for 0x7630ce6025
02-10 08:10:36.198 15594 15594 E ArmVmp : Match on catch block at 0xc3 in for 0x7630ce6025
02-10 08:10:36.203 15594 15594 E ArmVmp : Match on catch block at 0xc3 in for 0x7630ce6025
02-10 08:10:36.215 15594 15594 E ArmVmp : Match on catch block at 0xc3 in for 0x7630ce6025
02-10 08:10:36.221 15594 15594 E ArmVmp : Match on catch block at 0xc3 in for 0x7630ce6025
02-10 08:10:36.231 15594 15594 E ArmVmp : Match on catch block at 0xc3 in for 0x7630ce6025
02-10 08:10:36.236 15594 15594 E ArmVmp : Match on catch block at 0xc3 in for 0x7630ce6025
02-10 08:10:36.248 15594 15594 E ArmVmp : Match on catch block at 0xc3 in for 0x7630ce6025
02-10 08:10:36.256 15594 15594 E ArmVmp : Match on catch block at 0xc3 in for 0x7630ce6025
02-10 08:10:36.264 15594 15594 E ArmVmp : Match on catch block at 0xc3 in for 0x7630ce6025
02-10 08:10:36.274 15594 15594 E ArmVmp : Match on catch block at 0xc3 in for 0x7630ce6025
02-10 08:10:36.282 15594 15594 E ArmVmp : Match on catch block at 0xc3 in for 0x7630ce6025
02-10 08:10:36.286 15594 15594 E ArmVmp : Match on catch block at 0xc3 in for 0x7630ce6025
02-10 08:10:36.297 15594 15594 E ArmVmp : Match on catch block at 0xc3 in for 0x7630ce6025
02-10 08:10:36.302 15594 15594 E ArmVmp : Match on catch block at 0xc3 in for 0x7630ce6025
02-10 08:10:36.314 15594 15594 E ArmVmp : Match on catch block at 0xc3 in for 0x7630ce6025
02-10 08:10:36.319 15594 15594 E ArmVmp : Match on catch block at 0xc3 in for 0x7630ce6025
02-10 08:10:36.335 15594 15594 E ArmVmp : Match on catch block at 0xc3 in for 0x7630ce6025
02-10 08:10:36.343 15594 15594 E ArmVmp : Match on catch block at 0xc3 in for 0x7630ce6025
02-10 08:10:36.351 15594 15594 E ArmVmp : Match on catch block at 0xc3 in for 0x7630ce6025
02-10 08:10:36.355 15594 15594 E ArmVmp : Match on catch block at 0xc3 in for 0x7630ce6025
02-10 08:10:36.364 15594 15594 E ArmVmp : Match on catch block at 0xc3 in for 0x7630ce6025
02-10 08:10:36.368 15594 15594 E ArmVmp : Match on catch block at 0xc3 in for 0x7630ce6025
02-10 08:10:36.380 15594 15594 E ArmVmp : Match on catch block at 0xc3 in for 0x7630ce6025
02-10 08:10:36.389 15594 15594 E ArmVmp : Match on catch block at 0xc3 in for 0x7630ce6025
02-10 08:10:36.399 15594 15594 E ArmVmp : Match on catch block at 0xc3 in for 0x7630ce6025
02-10 08:10:36.404 15594 15594 E ArmVmp : Match on catch block at 0xc3 in for 0x7630ce6025
02-10 08:10:36.414 15594 15594 E ArmVmp : Match on catch block at 0xc3 in for 0x7630ce6025
02-10 08:10:37.002 15594 15594 E ArmVmp : Match on catch block at 0xc3 in for 0x7630ce6025
02-10 08:10:37.034 15594 15594 E ArmVmp : Match on catch block at 0xc3 in for 0x7630ce6025
02-10 08:10:37.039 15594 15594 E ArmVmp : Match on catch block at 0xc3 in for 0x7630ce6025
02-10 08:10:37.068 15594 15594 E ArmVmp : Match on catch block at 0xc3 in for 0x7630ce6025
02-10 08:10:37.077 15594 15594 E ArmVmp : Match on catch block at 0xc3 in for 0x7630ce6025
02-10 08:10:37.096 15594 15594 E ArmVmp : Match on catch block at 0xc3 in for 0x7630ce6025
02-10 08:10:37.109 15594 15594 E ArmVmp : Match on catch block at 0xc3 in for 0x7630ce6025
02-10 08:10:37.128 15594 15594 E ArmVmp : Match on catch block at 0xc3 in for 0x7630ce6025
02-10 08:10:37.154 15594 15594 E ArmVmp : Match on catch block at 0xc3 in for 0x7630ce6025
02-10 08:10:37.236 15594 15594 E ArmVmp : Match on catch block at 0xc3 in for 0x7630ce6025
02-10 08:10:37.243 15594 15594 E ArmVmp : Match on catch block at 0xc3 in for 0x7630ce6025
02-10 08:10:37.273 15594 15594 E ArmVmp : Match on catch block at 0xc3 in for 0x7630ce6025
02-10 08:10:37.277 15594 15594 E ArmVmp : Match on catch block at 0xc3 in for 0x7630ce6025
02-10 08:10:37.305 15594 15594 E ArmVmp : Match on catch block at 0xc3 in for 0x7630ce6025
02-10 08:10:37.313 15594 15594 E ArmVmp : Match on catch block at 0xc3 in for 0x7630ce6025
02-10 08:10:37.318 15594 15594 E ArmVmp : Match on catch block at 0xc3 in for 0x7630ce6025
02-10 08:10:37.324 15594 15594 E ArmVmp : Match on catch block at 0xc3 in for 0x7630ce6025
02-10 08:10:37.330 15594 15641 E SQLiteDatabase: Error inserting transferred=1 media_job_uuid=2ddac5a1-da5c-471a-b216-e58be388a508 transcoded=0 gif_attribution=0 first_scan_length=0 direct_path=/v/t62.15575- 24/35297042_1434310334186094_509**************4_n.enc?ccb=11- 4&oh=01_AdTyHk1Hlexgy7NLA6O7V4QGzr9ddGNmi0oa4bUA2vJSGQ&oe=65EE2E6B&_nc_sid=5e03e0 thumbnail_height_width_ratio=1.0 is_animated_sticker=0 file_hash=SVzWpyj4l0/oDpIWOKz1gdpRPP1aLqORVet1STkl9i0= file_path=Media/MBWhatsApp Stickers/STK-20240210-WA0012.webp file_size=9504 partial_media_hash=null face_x=0 face_y=0 height=64 trim_to=0 media_key_timestamp=1707527435000 message_url=*********************************************************************** *********************************************************************************** *********************************** media_caption=null trim_from=0 mime_type=image/webp partial_media_enc_hash=null width=64 original_file_hash=null has_streaming_sidecar=0 autotransfer_retry_enabled=1 media_upload_handle=null message_row_id=410 multicast_id=null enc_file_hash=vWx/sMWIjZvf2DD3NLP9JOLyR2fBwiFxuCM49OWTusw= mute_video=0 page_count=0 first_scan_sidecar=null suspicious_content=0 file_length=9504 media_name=null media_duration=0 chat_row_id=8 media_key=[B@6fd48e7
02-10 08:10:37.330 15594 15641 E SQLiteDatabase: android.database.sqlite.SQLiteConstraintException: UNIQUE constraint failed: message_media.message_row_id (code 1555 SQLITE_CONSTRAINT_PRIMARYKEY)
02-10 08:10:37.330 15594 15641 E SQLiteDatabase: at android.database.sqlite.SQLiteConnection.nativeExecuteForLastInsertedRowId(Native Method)
02-10 08:10:37.330 15594 15641 E SQLiteDatabase: at android.database.sqlite.SQLiteConnection.executeForLastInsertedRowId(SQLiteConnecti on.java:985)
02-10 08:10:37.330 15594 15641 E SQLiteDatabase: at android.database.sqlite.SQLiteSession.executeForLastInsertedRowId(SQLiteSession.jav a:790)
02-10 08:10:37.330 15594 15641 E SQLiteDatabase: at android.database.sqlite.SQLiteStatement.executeInsert(SQLiteStatement.java:89)
02-10 08:10:37.330 15594 15641 E SQLiteDatabase: at android.database.sqlite.SQLiteDatabase.insertWithOnConflict(SQLiteDatabase.java:170 2)
02-10 08:10:37.330 15594 15641 E SQLiteDatabase: at android.database.sqlite.SQLiteDatabase.insert(SQLiteDatabase.java:1571)
02-10 08:10:37.330 15594 15641 E SQLiteDatabase: at X.2tm.A08(Unknown Source:6)
02-10 08:10:37.330 15594 15641 E SQLiteDatabase: at X.35Y.A07(Unknown Source:212)
02-10 08:10:37.330 15594 15641 E SQLiteDatabase: at X.3QF.A14(Unknown Source:470)
02-10 08:10:37.330 15594 15641 E SQLiteDatabase: at X.3gU.run(Unknown Source:982)
02-10 08:10:37.330 15594 15641 E SQLiteDatabase: at android.os.Handler.handleCallback(Handler.java:938)
02-10 08:10:37.330 15594 15641 E SQLiteDatabase: at android.os.Handler.dispatchMessage(Handler.java:99)
02-10 08:10:37.330 15594 15641 E SQLiteDatabase: at X.0zq.dispatchMessage(Unknown Source:4)
02-10 08:10:37.330 15594 15641 E SQLiteDatabase: at android.os.Looper.loopOnce(Looper.java:233)
02-10 08:10:37.330 15594 15641 E SQLiteDatabase: at android.os.Looper.loop(Looper.java:334)
02-10 08:10:37.330 15594 15641 E SQLiteDatabase: at android.os.HandlerThread.run(HandlerThread.java:67)
02-10 08:10:37.331 15594 15594 E ArmVmp : Match on catch block at 0xc3 in for 0x7630ce6025
02-10 08:10:37.335 15594 15594 E ArmVmp : Match on catch block at 0xc3 in for 0x7630ce6025
02-10 08:10:37.347 15594 15594 E ArmVmp : Match on catch block at 0xc3 in for 0x7630ce6025
02-10 08:10:37.351 15594 15594 E ArmVmp : Match on catch block at 0xc3 in for 0x7630ce6025
02-10 08:10:37.364 15594 15594 E ArmVmp : Match on catch block at 0xc3 in for 0x7630ce6025
02-10 08:10:37.368 15594 15594 E ArmVmp : Match on catch block at 0xc3 in for 0x7630ce6025
02-10 08:10:37.381 15594 15594 E ArmVmp : Match on catch block at 0xc3 in for 0x7630ce6025
02-10 08:10:37.385 15594 15594 E ArmVmp : Match on catch block at 0xc3 in for 0x7630ce6025
02-10 08:10:37.398 15594 15594 E ArmVmp : Match on catch block at 0xc3 in for 0x7630ce6025
02-10 08:10:37.401 15594 15594 E ArmVmp : Match on catch block at 0xc3 in for 0x7630ce6025
02-10 08:10:37.413 15594 15594 E ArmVmp : Match on catch block at 0xc3 in for 0x7630ce6025
02-10 08:10:37.417 15594 15594 E ArmVmp : Match on catch block at 0xc3 in for 0x7630ce6025
02-10 08:10:37.432 15594 15594 E ArmVmp : Match on catch block at 0xc3 in for 0x7630ce6025
02-10 08:10:37.436 15594 15594 E ArmVmp : Match on catch block at 0xc3 in for 0x7630ce6025
02-10 08:10:37.448 15594 15594 E ArmVmp : Match on catch block at 0xc3 in for 0x7630ce6025
02-10 08:10:37.453 15594 15594 E ArmVmp : Match on catch block at 0xc3 in for 0x7630ce6025
02-10 08:10:37.465 15594 15594 E ArmVmp : Match on catch block at 0xc3 in for 0x7630ce6025
02-10 08:10:37.470 15594 15594 E ArmVmp : Match on catch block at 0xc3 in for 0x7630ce6025
02-10 08:10:37.482 15594 15594 E ArmVmp : Match on catch block at 0xc3 in for 0x7630ce6025
02-10 08:10:37.486 15594 15594 E ArmVmp : Match on catch block at 0xc3 in for 0x7630ce6025
02-10 08:10:37.499 15594 15594 E ArmVmp : Match on catch block at 0xc3 in for 0x7630ce6025
02-10 08:10:37.503 15594 15594 E ArmVmp : Match on catch block at 0xc3 in for 0x7630ce6025
02-10 08:10:37.515 15594 15594 E ArmVmp : Match on catch block at 0xc3 in for 0x7630ce6025
02-10 08:10:37.520 15594 15594 E ArmVmp : Match on catch block at 0xc3 in for 0x7630ce6025
02-10 08:10:37.532 15594 15594 E ArmVmp : Match on catch block at 0xc3 in for 0x7630ce6025
02-10 08:10:37.536 15594 15594 E ArmVmp : Match on catch block at 0xc3 in for 0x7630ce6025
02-10 08:10:37.549 15594 15594 E ArmVmp : Match on catch block at 0xc3 in for 0x7630ce6025
02-10 08:10:37.555 15594 15594 E ArmVmp : Match on catch block at 0xc3 in for 0x7630ce6025
02-10 08:10:37.565 15594 15594 E ArmVmp : Match on catch block at 0xc3 in for 0x7630ce6025
02-10 08:10:37.570 15594 15594 E ArmVmp : Match on catch block at 0xc3 in for 0x7630ce6025
02-10 08:10:37.581 15594 15594 E ArmVmp : Match on catch block at 0xc3 in for 0x7630ce6025
02-10 08:10:37.586 15594 15594 E ArmVmp : Match on catch block at 0xc3 in for 0x7630ce6025
02-10 08:10:38.009 15594 15594 E ArmVmp : Match on catch block at 0xc3 in for 0x7630ce6025
02-10 08:10:38.019 15594 15594 E ArmVmp : Match on catch block at 0xc3 in for 0x7630ce6025
02-10 08:10:38.024 15594 15594 E ArmVmp : Match on catch block at 0xc3 in for 0x7630ce6025
02-10 08:10:38.033 15594 15594 E ArmVmp : Match on catch block at 0xc3 in for 0x7630ce6025
02-10 08:10:38.039 15594 15594 E ArmVmp : Match on catch block at 0xc3 in for 0x7630ce6025
02-10 08:10:38.045 15594 15594 E ArmVmp : Match on catch block at 0xc3 in for 0x7630ce6025
02-10 08:10:38.051 15594 15594 E ArmVmp : Match on catch block at 0xc3 in for 0x7630ce6025
02-10 08:10:38.059 15594 15594 E ArmVmp : Match on catch block at 0xc3 in for 0x7630ce6025
02-10 08:10:38.064 15594 15594 E ArmVmp : Match on catch block at 0xc3 in for 0x7630ce6025
02-10 08:10:38.071 15594 15594 E ArmVmp : Match on catch block at 0xc3 in for 0x7630ce6025
02-10 08:10:38.088 15594 15594 E ArmVmp : Match on catch block at 0xc3 in for 0x7630ce6025
02-10 08:10:38.092 15594 15594 E ArmVmp : Match on catch block at 0xc3 in for 0x7630ce6025
02-10 08:10:38.130 15594 15594 E ArmVmp : Match on catch block at 0xc3 in for 0x7630ce6025
02-10 08:10:38.149 15594 15594 E ArmVmp : Match on catch block at 0xc3 in for 0x7630ce6025
02-10 08:10:38.340 15594 15594 E ArmVmp : Match on catch block at 0xc3 in for 0x7630ce6025
02-10 08:10:38.349 15594 15594 E ArmVmp : Match on catch block at 0xc3 in for 0x7630ce6025
02-10 08:10:38.361 15594 15594 E ArmVmp : Match on catch block at 0xc3 in for 0x7630ce6025
02-10 08:10:38.370 15594 15594 E ArmVmp : Match on catch block at 0xc3 in for 0x7630ce6025
02-10 08:10:38.436 15594 15594 E ArmVmp : Match on catch block at 0xc3 in for 0x7630ce6025
02-10 08:10:38.445 15594 15594 E ArmVmp : Match on catch block at 0xc3 in for 0x7630ce6025
02-10 08:10:38.476 15594 15594 E ArmVmp : Match on catch block at 0xc3 in for 0x7630ce6025
02-10 08:10:38.485 15594 15594 E ArmVmp : Match on catch block at 0xc3 in for 0x7630ce6025
02-10 08:10:38.517 15594 15594 E ArmVmp : Match on catch block at 0xc3 in for 0x7630ce6025
02-10 08:10:38.523 15594 15594 E ArmVmp : Match on catch block at 0xc3 in for 0x7630ce6025
02-10 08:10:38.537 15594 15594 E ArmVmp : Match on catch block at 0xc3 in for 0x7630ce6025
02-10 08:10:38.542 15594 15594 E ArmVmp : Match on catch block at 0xc3 in for 0x7630ce6025
02-10 08:10:38.593 15594 15594 E ArmVmp : Match on catch block at 0xc3 in for 0x7630ce6025
02-10 08:10:38.603 15594 15594 E ArmVmp : Match on catch block at 0xc3 in for 0x7630ce6025
02-10 08:10:38.607 15594 15594 E ArmVmp : Match on catch block at 0xc3 in for 0x7630ce6025
02-10 08:10:38.613 15594 15594 E ArmVmp : Match on catch block at 0xc3 in for 0x7630ce6025
02-10 08:10:38.629 15594 15594 E ArmVmp : Match on catch block at 0xc3 in for 0x7630ce6025
02-10 08:10:38.641 15594 15594 E ArmVmp : Match on catch block at 0xc3 in for 0x7630ce6025
02-10 08:10:38.653 15594 15594 E ArmVmp : Match on catch block at 0xc3 in for 0x7630ce6025
02-10 08:10:38.659 15594 15594 E ArmVmp : Match on catch block at 0xc3 in for 0x7630ce6025
02-10 08:10:40.884 15594 16382 E OpenGLRenderer: JankTracker::calculateLegacyJank expectedDequeueDuration > 0 expectedDequeueDuration=998873, DequeueBufferDuration=4113229, forgiveAmount=998873, totalDuration=10257202
02-10 08:10:40.901 15594 16382 E OpenGLRenderer: JankTracker::calculateLegacyJank expectedDequeueDuration > 0 expectedDequeueDuration=1374216, DequeueBufferDuration=3713750, forgiveAmount=1374216, totalDuration=9029017
02-10 08:10:40.917 15594 15609 E OpenGLRenderer: JankTracker::calculateLegacyJank expectedDequeueDuration > 0 expectedDequeueDuration=1117106, DequeueBufferDuration=4323593, forgiveAmount=1117106, totalDuration=13044382
02-10 08:10:42.364 15594 15610 E OpenGLRenderer: JankTracker::calculateLegacyJank expectedDequeueDuration > 0 expectedDequeueDuration=1703613, DequeueBufferDuration=2116198, forgiveAmount=1703613, totalDuration=6629233
02-10 08:10:42.383 15594 15610 E OpenGLRenderer: JankTracker::calculateLegacyJank expectedDequeueDuration > 0 expectedDequeueDuration=1888202, DequeueBufferDuration=2404584, forgiveAmount=1888202, totalDuration=6492450
02-10 08:10:42.398 15594 15610 E OpenGLRenderer: JankTracker::calculateLegacyJank expectedDequeueDuration > 0 expectedDequeueDuration=1769076, DequeueBufferDuration=1367968, forgiveAmount=1367968, totalDuration=8852332
02-10 08:10:42.413 15594 15610 E OpenGLRenderer: JankTracker::calculateLegacyJank expectedDequeueDuration > 0 expectedDequeueDuration=1404808, DequeueBufferDuration=4319479, forgiveAmount=1404808, totalDuration=12584135
02-10 08:10:42.430 15594 15610 E OpenGLRenderer: JankTracker::calculateLegacyJank expectedDequeueDuration > 0 expectedDequeueDuration=1293097, DequeueBufferDuration=1053386, forgiveAmount=1053386, totalDuration=8955808
02-10 08:10:42.447 15594 15610 E OpenGLRenderer: JankTracker::calculateLegacyJank expectedDequeueDuration > 0 expectedDequeueDuration=2203608, DequeueBufferDuration=704271, forgiveAmount=704271, totalDuration=7270038
02-10 08:10:42.463 15594 15610 E OpenGLRenderer: JankTracker::calculateLegacyJank expectedDequeueDuration > 0 expectedDequeueDuration=2424616, DequeueBufferDuration=1087917, forgiveAmount=1087917, totalDuration=5249602
02-10 08:10:42.481 15594 15610 E OpenGLRenderer: JankTracker::calculateLegacyJank expectedDequeueDuration > 0 expectedDequeueDuration=2409028, DequeueBufferDuration=1636927, forgiveAmount=1636927, totalDuration=8087222
02-10 08:10:42.497 15594 15610 E OpenGLRenderer: JankTracker::calculateLegacyJank expectedDequeueDuration > 0 expectedDequeueDuration=2672587, DequeueBufferDuration=1188750, forgiveAmount=1188750, totalDuration=6266580
02-10 08:10:42.513 15594 15610 E OpenGLRenderer: JankTracker::calculateLegacyJank expectedDequeueDuration > 0 expectedDequeueDuration=1070511, DequeueBufferDuration=777396, forgiveAmount=777396, totalDuration=11683500
02-10 08:10:42.563 15594 15610 E OpenGLRenderer: JankTracker::calculateLegacyJank expectedDequeueDuration > 0 expectedDequeueDuration=1332188, DequeueBufferDuration=8382187, forgiveAmount=1332188, totalDuration=25224166
02-10 08:10:42.597 15594 15610 E OpenGLRenderer: JankTracker::calculateLegacyJank expectedDequeueDuration > 0 expectedDequeueDuration=2107798, DequeueBufferDuration=900260, forgiveAmount=900260, totalDuration=9026265
02-10 08:10:42.615 15594 15610 E OpenGLRenderer: JankTracker::calculateLegacyJank expectedDequeueDuration > 0 expectedDequeueDuration=955325, DequeueBufferDuration=5883542, forgiveAmount=955325, totalDuration=10889766
02-10 08:10:42.647 15594 15610 E OpenGLRenderer: JankTracker::calculateLegacyJank expectedDequeueDuration > 0 expectedDequeueDuration=910741, DequeueBufferDuration=1629062, forgiveAmount=910741, totalDuration=9158049
02-10 08:10:42.665 15594 15610 E OpenGLRenderer: JankTracker::calculateLegacyJank expectedDequeueDuration > 0 expectedDequeueDuration=2463518, DequeueBufferDuration=4537604, forgiveAmount=2463518, totalDuration=16944370
02-10 08:10:42.697 15594 15610 E OpenGLRenderer: JankTracker::calculateLegacyJank expectedDequeueDuration > 0 expectedDequeueDuration=660541, DequeueBufferDuration=1380729, forgiveAmount=660541, totalDuration=8314283
02-10 08:10:42.714 15594 15610 E OpenGLRenderer: JankTracker::calculateLegacyJank expectedDequeueDuration > 0 expectedDequeueDuration=1847130, DequeueBufferDuration=1648906, forgiveAmount=1648906, totalDuration=5301203
02-10 08:10:42.867 15594 15609 E OpenGLRenderer: JankTracker::calculateLegacyJank expectedDequeueDuration > 0 expectedDequeueDuration=1352104, DequeueBufferDuration=648282, forgiveAmount=648282, totalDuration=5225292
02-10 08:10:43.114 15594 15841 E OpenGLRenderer: JankTracker::calculateLegacyJank expectedDequeueDuration > 0 expectedDequeueDuration=2195371, DequeueBufferDuration=2156875, forgiveAmount=2156875, totalDuration=5593482
02-10 08:10:43.131 15594 15841 E OpenGLRenderer: JankTracker::calculateLegacyJank expectedDequeueDuration > 0 expectedDequeueDuration=1558713, DequeueBufferDuration=1526250, forgiveAmount=1526250, totalDuration=6232641
02-10 08:10:43.147 15594 15841 E OpenGLRenderer: JankTracker::calculateLegacyJank expectedDequeueDuration > 0 expectedDequeueDuration=2058692, DequeueBufferDuration=1110885, forgiveAmount=1110885, totalDuration=6234902
02-10 08:10:43.197 15594 15841 E OpenGLRenderer: JankTracker::calculateLegacyJank expectedDequeueDuration > 0 expectedDequeueDuration=1907623, DequeueBufferDuration=1319636, forgiveAmount=1319636, totalDuration=6993887
02-10 08:10:43.247 15594 15610 E OpenGLRenderer: JankTracker::calculateLegacyJank expectedDequeueDuration > 0 expectedDequeueDuration=1779843, DequeueBufferDuration=1263281, forgiveAmount=1263281, totalDuration=7639480
02-10 08:10:43.265 15594 15610 E OpenGLRenderer: JankTracker::calculateLegacyJank expectedDequeueDuration > 0 expectedDequeueDuration=2027608, DequeueBufferDuration=1575729, forgiveAmount=1575729, totalDuration=5787600
02-10 08:10:43.364 15594 15841 E OpenGLRenderer: JankTracker::calculateLegacyJank expectedDequeueDuration > 0 expectedDequeueDuration=2132604, DequeueBufferDuration=975573, forgiveAmount=975573, totalDuration=6373438
02-10 08:10:43.381 15594 15841 E OpenGLRenderer: JankTracker::calculateLegacyJank expectedDequeueDuration > 0 expectedDequeueDuration=1582000, DequeueBufferDuration=1020000, forgiveAmount=1020000, totalDuration=6071282
02-10 08:10:43.399 15594 15841 E OpenGLRenderer: JankTracker::calculateLegacyJank expectedDequeueDuration > 0 expectedDequeueDuration=2104426, DequeueBufferDuration=1753958, forgiveAmount=1753958, totalDuration=6737346
02-10 08:10:43.421 15594 15841 E OpenGLRenderer: JankTracker::calculateLegacyJank expectedDequeueDuration > 0 expectedDequeueDuration=1934569, DequeueBufferDuration=1384063, forgiveAmount=1384063, totalDuration=6926784
02-10 08:10:43.465 15594 15841 E OpenGLRenderer: JankTracker::calculateLegacyJank expectedDequeueDuration > 0 expectedDequeueDuration=1637884, DequeueBufferDuration=2049375, forgiveAmount=1637884, totalDuration=6223659
02-10 08:10:43.480 15594 15841 E OpenGLRenderer: JankTracker::calculateLegacyJank expectedDequeueDuration > 0 expectedDequeueDuration=2090355, DequeueBufferDuration=923698, forgiveAmount=923698, totalDuration=5197666
02-10 08:10:43.499 15594 15841 E OpenGLRenderer: JankTracker::calculateLegacyJank expectedDequeueDuration > 0 expectedDequeueDuration=1475957, DequeueBufferDuration=1874532, forgiveAmount=1475957, totalDuration=6012408
02-10 08:10:43.513 15594 15841 E OpenGLRenderer: JankTracker::calculateLegacyJank expectedDequeueDuration > 0 expectedDequeueDuration=2362685, DequeueBufferDuration=1150417, forgiveAmount=1150417, totalDuration=4745127
02-10 08:10:43.581 15594 15841 E OpenGLRenderer: JankTracker::calculateLegacyJank expectedDequeueDuration > 0 expectedDequeueDuration=2077740, DequeueBufferDuration=1179323, forgiveAmount=1179323, totalDuration=5369551
02-10 08:10:43.597 15594 15841 E OpenGLRenderer: JankTracker::calculateLegacyJank expectedDequeueDuration > 0 expectedDequeueDuration=1736812, DequeueBufferDuration=647448, forgiveAmount=647448, totalDuration=5370324
02-10 08:10:43.614 15594 15841 E OpenGLRenderer: JankTracker::calculateLegacyJank expectedDequeueDuration > 0 expectedDequeueDuration=2291091, DequeueBufferDuration=1279896, forgiveAmount=1279896, totalDuration=5062607
02-10 08:10:43.631 15594 15841 E OpenGLRenderer: JankTracker::calculateLegacyJank expectedDequeueDuration > 0 expectedDequeueDuration=2017420, DequeueBufferDuration=880000, forgiveAmount=880000, totalDuration=5970653
02-10 08:10:43.649 15594 15841 E OpenGLRenderer: JankTracker::calculateLegacyJank expectedDequeueDuration > 0 expectedDequeueDuration=2172683, DequeueBufferDuration=984427, forgiveAmount=984427, totalDuration=5741380
02-10 08:10:43.697 15594 15841 E OpenGLRenderer: JankTracker::calculateLegacyJank expectedDequeueDuration > 0 expectedDequeueDuration=1224013, DequeueBufferDuration=672553, forgiveAmount=672553, totalDuration=6434684
02-10 08:10:43.715 15594 15841 E OpenGLRenderer: JankTracker::calculateLegacyJank expectedDequeueDuration > 0 expectedDequeueDuration=1755669, DequeueBufferDuration=612969, forgiveAmount=612969, totalDuration=5147508
02-10 08:10:43.736 15594 15841 E OpenGLRenderer: JankTracker::calculateLegacyJank expectedDequeueDuration > 0 expectedDequeueDuration=1242040, DequeueBufferDuration=588542, forgiveAmount=588542, totalDuration=5799367
02-10 08:10:43.813 15594 15841 E OpenGLRenderer: JankTracker::calculateLegacyJank expectedDequeueDuration > 0 expectedDequeueDuration=2430438, DequeueBufferDuration=922812, forgiveAmount=922812, totalDuration=5040864
02-10 08:10:43.847 15594 15841 E OpenGLRenderer: JankTracker::calculateLegacyJank expectedDequeueDuration > 0 expectedDequeueDuration=2690320, DequeueBufferDuration=1421562, forgiveAmount=1421562, totalDuration=4812076
02-10 08:10:43.880 15594 15841 E OpenGLRenderer: JankTracker::calculateLegacyJank expectedDequeueDuration > 0 expectedDequeueDuration=1986113, DequeueBufferDuration=1132709, forgiveAmount=1132709, totalDuration=7657480
02-10 08:10:43.897 15594 15841 E OpenGLRenderer: JankTracker::calculateLegacyJank expectedDequeueDuration > 0 expectedDequeueDuration=2542811, DequeueBufferDuration=1154375, forgiveAmount=1154375, totalDuration=4524585
02-10 08:10:43.913 15594 15841 E OpenGLRenderer: JankTracker::calculateLegacyJank expectedDequeueDuration > 0 expectedDequeueDuration=2535127, DequeueBufferDuration=1150521, forgiveAmount=1150521, totalDuration=4098674
02-10 08:10:43.931 15594 15841 E OpenGLRenderer: JankTracker::calculateLegacyJank expectedDequeueDuration > 0 expectedDequeueDuration=2211059, DequeueBufferDuration=1145937, forgiveAmount=1145937, totalDuration=4708265
02-10 08:10:43.947 15594 15841 E OpenGLRenderer: JankTracker::calculateLegacyJank expectedDequeueDuration > 0 expectedDequeueDuration=2586160, DequeueBufferDuration=1649427, forgiveAmount=1649427, totalDuration=4765403
02-10 08:10:43.980 15594 15841 E OpenGLRenderer: JankTracker::calculateLegacyJank expectedDequeueDuration > 0 expectedDequeueDuration=1996996, DequeueBufferDuration=1630729, forgiveAmount=1630729, totalDuration=5545296
02-10 08:10:44.016 15594 15841 E OpenGLRenderer: JankTracker::calculateLegacyJank expectedDequeueDuration > 0 expectedDequeueDuration=2420423, DequeueBufferDuration=742448, forgiveAmount=742448, totalDuration=4641192
02-10 08:10:44.030 15594 15841 E OpenGLRenderer: JankTracker::calculateLegacyJank expectedDequeueDuration > 0 expectedDequeueDuration=2094799, DequeueBufferDuration=1438542, forgiveAmount=1438542, totalDuration=5309627
02-10 08:10:44.088 15594 15610 E OpenGLRenderer: JankTracker::calculateLegacyJank expectedDequeueDuration > 0 expectedDequeueDuration=1078547, DequeueBufferDuration=551615, forgiveAmount=551615, totalDuration=6499213
02-10 08:10:44.165 15594 15841 E OpenGLRenderer: JankTracker::calculateLegacyJank expectedDequeueDuration > 0 expectedDequeueDuration=1424878, DequeueBufferDuration=1111927, forgiveAmount=1111927, totalDuration=6760122
02-10 08:10:44.211 15594 15841 E OpenGLRenderer: JankTracker::calculateLegacyJank expectedDequeueDuration > 0 expectedDequeueDuration=2398579, DequeueBufferDuration=1140000, forgiveAmount=1140000, totalDuration=5990588
02-10 08:10:45.198 15594 16382 E OpenGLRenderer: JankTracker::calculateLegacyJank expectedDequeueDuration > 0 expectedDequeueDuration=1267157, DequeueBufferDuration=606927, forgiveAmount=606927, totalDuration=7632687
02-10 08:10:45.216 15594 16382 E OpenGLRenderer: JankTracker::calculateLegacyJank expectedDequeueDuration > 0 expectedDequeueDuration=1509459, DequeueBufferDuration=7918541, forgiveAmount=1509459, totalDuration=12627227
02-10 08:10:45.233 15594 16382 E OpenGLRenderer: JankTracker::calculateLegacyJank expectedDequeueDuration > 0 expectedDequeueDuration=2010065, DequeueBufferDuration=1695834, forgiveAmount=1695834, totalDuration=6093790
02-10 08:10:45.260 15594 15610 E OpenGLRenderer: JankTracker::calculateLegacyJank expectedDequeueDuration > 0 expectedDequeueDuration=911756, DequeueBufferDuration=890260, forgiveAmount=890260, totalDuration=10342827
02-10 08:10:47.618 15594 16382 E OpenGLRenderer: JankTracker::calculateLegacyJank expectedDequeueDuration > 0 expectedDequeueDuration=2526063, DequeueBufferDuration=5992813, forgiveAmount=2526063, totalDuration=6833864
02-10 08:10:47.638 15594 16382 E OpenGLRenderer: JankTracker::calculateLegacyJank expectedDequeueDuration > 0 expectedDequeueDuration=2587635, DequeueBufferDuration=8475989, forgiveAmount=2587635, totalDuration=9392906
02-10 08:10:47.652 15594 16382 E OpenGLRenderer: JankTracker::calculateLegacyJank expectedDequeueDuration > 0 expectedDequeueDuration=2344492, DequeueBufferDuration=6318646, forgiveAmount=2344492, totalDuration=7468307
02-10 08:10:47.670 15594 16382 E OpenGLRenderer: JankTracker::calculateLegacyJank expectedDequeueDuration > 0 expectedDequeueDuration=2755746, DequeueBufferDuration=7180573, forgiveAmount=2755746, totalDuration=7868821
02-10 08:10:47.683 15594 16382 E OpenGLRenderer: JankTracker::calculateLegacyJank expectedDequeueDuration > 0 expectedDequeueDuration=2095463, DequeueBufferDuration=3495104, forgiveAmount=2095463, totalDuration=4847876
02-10 08:10:47.706 15594 16382 E OpenGLRenderer: JankTracker::calculateLegacyJank expectedDequeueDuration > 0 expectedDequeueDuration=2706844, DequeueBufferDuration=4192135, forgiveAmount=2706844, totalDuration=5119490
02-10 08:10:47.717 15594 16382 E OpenGLRenderer: JankTracker::calculateLegacyJank expectedDequeueDuration > 0 expectedDequeueDuration=1979973, DequeueBufferDuration=3283698, forgiveAmount=1979973, totalDuration=4484638
02-10 08:10:47.738 15594 16382 E OpenGLRenderer: JankTracker::calculateLegacyJank expectedDequeueDuration > 0 expectedDequeueDuration=2397672, DequeueBufferDuration=5779583, forgiveAmount=2397672, totalDuration=7177885
02-10 08:10:47.757 15594 16382 E OpenGLRenderer: JankTracker::calculateLegacyJank expectedDequeueDuration > 0 expectedDequeueDuration=2000634, DequeueBufferDuration=5053229, forgiveAmount=2000634, totalDuration=6265660
02-10 08:10:47.770 15594 16382 E OpenGLRenderer: JankTracker::calculateLegacyJank expectedDequeueDuration > 0 expectedDequeueDuration=2661715, DequeueBufferDuration=6682448, forgiveAmount=2661715, totalDuration=7473654
02-10 08:10:47.785 15594 16382 E OpenGLRenderer: JankTracker::calculateLegacyJank expectedDequeueDuration > 0 expectedDequeueDuration=2589325, DequeueBufferDuration=4143385, forgiveAmount=2589325, totalDuration=5504735
02-10 08:10:47.800 15594 16382 E OpenGLRenderer: JankTracker::calculateLegacyJank expectedDequeueDuration > 0 expectedDequeueDuration=1927741, DequeueBufferDuration=7657604, forgiveAmount=1927741, totalDuration=8861549
02-10 08:10:47.821 15594 16382 E OpenGLRenderer: JankTracker::calculateLegacyJank expectedDequeueDuration > 0 expectedDequeueDuration=2528087, DequeueBufferDuration=3448230, forgiveAmount=2528087, totalDuration=4491847
02-10 08:10:47.831 15594 16382 E OpenGLRenderer: JankTracker::calculateLegacyJank expectedDequeueDuration > 0 expectedDequeueDuration=2578209, DequeueBufferDuration=1849635, forgiveAmount=1849635, totalDuration=3589604
02-10 08:10:47.848 15594 16382 E OpenGLRenderer: JankTracker::calculateLegacyJank expectedDequeueDuration > 0 expectedDequeueDuration=2062509, DequeueBufferDuration=8623386, forgiveAmount=2062509, totalDuration=9793940
02-10 08:10:47.866 15594 16382 E OpenGLRenderer: JankTracker::calculateLegacyJank expectedDequeueDuration > 0 expectedDequeueDuration=2015967, DequeueBufferDuration=1454687, forgiveAmount=1454687, totalDuration=3077523
02-10 08:10:48.000 15594 16382 E OpenGLRenderer: JankTracker::calculateLegacyJank expectedDequeueDuration > 0 expectedDequeueDuration=2657009, DequeueBufferDuration=1529896, forgiveAmount=1529896, totalDuration=5487315
02-10 08:10:48.015 15594 16382 E OpenGLRenderer: JankTracker::calculateLegacyJank expectedDequeueDuration > 0 expectedDequeueDuration=2715939, DequeueBufferDuration=1442761, forgiveAmount=1442761, totalDuration=3938279
02-10 08:10:48.030 15594 16382 E OpenGLRenderer: JankTracker::calculateLegacyJank expectedDequeueDuration > 0 expectedDequeueDuration=1515892, DequeueBufferDuration=2974584, forgiveAmount=1515892, totalDuration=8215665
02-10 08:10:48.049 15594 16382 E OpenGLRenderer: JankTracker::calculateLegacyJank expectedDequeueDuration > 0 expectedDequeueDuration=1632862, DequeueBufferDuration=1497552, forgiveAmount=1497552, totalDuration=5707867
02-10 08:10:48.065 15594 16382 E OpenGLRenderer: JankTracker::calculateLegacyJank expectedDequeueDuration > 0 expectedDequeueDuration=1439504, DequeueBufferDuration=756198, forgiveAmount=756198, totalDuration=4974298
02-10 08:10:48.083 15594 16382 E OpenGLRenderer: JankTracker::calculateLegacyJank expectedDequeueDuration > 0 expectedDequeueDuration=1475483, DequeueBufferDuration=2352605, forgiveAmount=1475483, totalDuration=6414035
02-10 08:10:48.099 15594 16382 E OpenGLRenderer: JankTracker::calculateLegacyJank expectedDequeueDuration > 0 expectedDequeueDuration=2641330, DequeueBufferDuration=1263437, forgiveAmount=1263437, totalDuration=3315441
02-10 08:10:48.114 15594 16382 E OpenGLRenderer: JankTracker::calculateLegacyJank expectedDequeueDuration > 0 expectedDequeueDuration=2567634, DequeueBufferDuration=1272500, forgiveAmount=1272500, totalDuration=3881845
02-10 08:10:48.133 15594 16382 E OpenGLRenderer: JankTracker::calculateLegacyJank expectedDequeueDuration > 0 expectedDequeueDuration=2551018, DequeueBufferDuration=1176093, forgiveAmount=1176093, totalDuration=3916848
02-10 08:10:48.164 15594 16382 E OpenGLRenderer: JankTracker::calculateLegacyJank expectedDequeueDuration > 0 expectedDequeueDuration=2629006, DequeueBufferDuration=4246771, forgiveAmount=2629006, totalDuration=5007144
02-10 08:10:48.247 15594 16382 E OpenGLRenderer: JankTracker::calculateLegacyJank expectedDequeueDuration > 0 expectedDequeueDuration=917396, DequeueBufferDuration=2671615, forgiveAmount=917396, totalDuration=9299167
02-10 08:10:48.333 15594 16382 E OpenGLRenderer: JankTracker::calculateLegacyJank expectedDequeueDuration > 0 expectedDequeueDuration=148604, DequeueBufferDuration=1871146, forgiveAmount=148604, totalDuration=9690500
02-10 08:10:48.566 15594 15609 E OpenGLRenderer: JankTracker::calculateLegacyJank expectedDequeueDuration > 0 expectedDequeueDuration=2044930, DequeueBufferDuration=3512396, forgiveAmount=2044930, totalDuration=13156808
02-10 08:10:48.869 15594 15841 E OpenGLRenderer: JankTracker::calculateLegacyJank expectedDequeueDuration > 0 expectedDequeueDuration=2427929, DequeueBufferDuration=1022656, forgiveAmount=1022656, totalDuration=111762484
02-10 08:10:49.035 15594 15609 E OpenGLRenderer: JankTracker::calculateLegacyJank expectedDequeueDuration > 0 expectedDequeueDuration=1111134, DequeueBufferDuration=2988229, forgiveAmount=1111134, totalDuration=7887784
02-10 08:10:49.067 15594 15609 E OpenGLRenderer: JankTracker::calculateLegacyJank expectedDequeueDuration > 0 expectedDequeueDuration=199128, DequeueBufferDuration=3720208, forgiveAmount=199128, totalDuration=10224662
02-10 08:10:49.084 15594 15609 E OpenGLRenderer: JankTracker::calculateLegacyJank expectedDequeueDuration > 0 expectedDequeueDuration=2526352, DequeueBufferDuration=5001145, forgiveAmount=2526352, totalDuration=7643234
02-10 08:10:49.097 15594 15609 E OpenGLRenderer: JankTracker::calculateLegacyJank expectedDequeueDuration > 0 expectedDequeueDuration=1270431, DequeueBufferDuration=3828020, forgiveAmount=1270431, totalDuration=7408409
02-10 08:10:49.118 15594 15609 E OpenGLRenderer: JankTracker::calculateLegacyJank expectedDequeueDuration > 0 expectedDequeueDuration=2603638, DequeueBufferDuration=5218385, forgiveAmount=2603638, totalDuration=6872255
02-10 08:10:49.130 15594 15609 E OpenGLRenderer: JankTracker::calculateLegacyJank expectedDequeueDuration > 0 expectedDequeueDuration=2553516, DequeueBufferDuration=1818802, forgiveAmount=1818802, totalDuration=5592734
02-10 08:10:49.147 15594 15609 E OpenGLRenderer: JankTracker::calculateLegacyJank expectedDequeueDuration > 0 expectedDequeueDuration=2621393, DequeueBufferDuration=2377812, forgiveAmount=2377812, totalDuration=6607723
02-10 08:10:49.166 15594 15609 E OpenGLRenderer: JankTracker::calculateLegacyJank expectedDequeueDuration > 0 expectedDequeueDuration=2812315, DequeueBufferDuration=1727032, forgiveAmount=1727032, totalDuration=3321799
02-10 08:10:49.180 15594 15609 E OpenGLRenderer: JankTracker::calculateLegacyJank expectedDequeueDuration > 0 expectedDequeueDuration=2890145, DequeueBufferDuration=2326823, forgiveAmount=2326823, totalDuration=3211157
02-10 08:10:49.197 15594 15609 E OpenGLRenderer: JankTracker::calculateLegacyJank expectedDequeueDuration > 0 expectedDequeueDuration=2413537, DequeueBufferDuration=3344740, forgiveAmount=2413537, totalDuration=4802978
02-10 08:10:49.231 15594 15609 E OpenGLRenderer: JankTracker::calculateLegacyJank expectedDequeueDuration > 0 expectedDequeueDuration=2661643, DequeueBufferDuration=1579375, forgiveAmount=1579375, totalDuration=3864503
02-10 08:10:49.248 15594 15609 E OpenGLRenderer: JankTracker::calculateLegacyJank expectedDequeueDuration > 0 expectedDequeueDuration=2471104, DequeueBufferDuration=2284375, forgiveAmount=2284375, totalDuration=3315771
02-10 08:10:49.265 15594 15609 E OpenGLRenderer: JankTracker::calculateLegacyJank expectedDequeueDuration > 0 expectedDequeueDuration=2754471, DequeueBufferDuration=2263333, forgiveAmount=2263333, totalDuration=3130373
02-10 08:10:49.281 15594 15609 E OpenGLRenderer: JankTracker::calculateLegacyJank expectedDequeueDuration > 0 expectedDequeueDuration=2854781, DequeueBufferDuration=3506042, forgiveAmount=2854781, totalDuration=4095073
02-10 08:10:49.347 15594 15609 E OpenGLRenderer: JankTracker::calculateLegacyJank expectedDequeueDuration > 0 expectedDequeueDuration=211928, DequeueBufferDuration=673229, forgiveAmount=211928, totalDuration=6915987
02-10 08:10:49.382 15594 15609 E OpenGLRenderer: JankTracker::calculateLegacyJank expectedDequeueDuration > 0 expectedDequeueDuration=2644041, DequeueBufferDuration=2342709, forgiveAmount=2342709, totalDuration=3458198
02-10 08:10:49.414 15594 15609 E OpenGLRenderer: JankTracker::calculateLegacyJank expectedDequeueDuration > 0 expectedDequeueDuration=2173250, DequeueBufferDuration=2504948, forgiveAmount=2173250, totalDuration=5114646
02-10 08:10:49.430 15594 15609 E OpenGLRenderer: JankTracker::calculateLegacyJank expectedDequeueDuration > 0 expectedDequeueDuration=1237927, DequeueBufferDuration=645989, forgiveAmount=645989, totalDuration=5734574
02-10 08:10:49.447 15594 15609 E OpenGLRenderer: JankTracker::calculateLegacyJank expectedDequeueDuration > 0 expectedDequeueDuration=2129413, DequeueBufferDuration=1152708, forgiveAmount=1152708, totalDuration=3913244
02-10 08:10:49.497 15594 15609 E OpenGLRenderer: JankTracker::calculateLegacyJank expectedDequeueDuration > 0 expectedDequeueDuration=2752490, DequeueBufferDuration=2332240, forgiveAmount=2332240, totalDuration=3309593
02-10 08:10:49.534 15594 15609 E OpenGLRenderer: JankTracker::calculateLegacyJank expectedDequeueDuration > 0 expectedDequeueDuration=2539535, DequeueBufferDuration=1481250, forgiveAmount=1481250, totalDuration=3627236
02-10 08:10:49.932 15594 15841 E OpenGLRenderer: JankTracker::calculateLegacyJank expectedDequeueDuration > 0 expectedDequeueDuration=2567305, DequeueBufferDuration=2630781, forgiveAmount=2567305, totalDuration=4829713
02-10 08:10:49.947 15594 15841 E OpenGLRenderer: JankTracker::calculateLegacyJank expectedDequeueDuration > 0 expectedDequeueDuration=2605669, DequeueBufferDuration=6610886, forgiveAmount=2605669, totalDuration=10254443
02-10 08:10:49.985 15594 15841 E OpenGLRenderer: JankTracker::calculateLegacyJank expectedDequeueDuration > 0 expectedDequeueDuration=2254473, DequeueBufferDuration=1364740, forgiveAmount=1364740, totalDuration=4914277
02-10 08:10:49.997 15594 15841 E OpenGLRenderer: JankTracker::calculateLegacyJank expectedDequeueDuration > 0 expectedDequeueDuration=2021476, DequeueBufferDuration=1952500, forgiveAmount=1952500, totalDuration=9840191
02-10 08:10:50.016 15594 15841 E OpenGLRenderer: JankTracker::calculateLegacyJank expectedDequeueDuration > 0 expectedDequeueDuration=2049499, DequeueBufferDuration=940260, forgiveAmount=940260, totalDuration=7532219
02-10 08:10:50.031 15594 15841 E OpenGLRenderer: JankTracker::calculateLegacyJank expectedDequeueDuration > 0 expectedDequeueDuration=1694611, DequeueBufferDuration=606823, forgiveAmount=606823, totalDuration=7239919
02-10 08:10:50.047 15594 15841 E OpenGLRenderer: JankTracker::calculateLegacyJank expectedDequeueDuration > 0 expectedDequeueDuration=2407008, DequeueBufferDuration=2254479, forgiveAmount=2254479, totalDuration=5054607
02-10 08:10:50.097 15594 15841 E OpenGLRenderer: JankTracker::calculateLegacyJank expectedDequeueDuration > 0 expectedDequeueDuration=2529520, DequeueBufferDuration=2219114, forgiveAmount=2219114, totalDuration=4483397
02-10 08:10:50.118 15594 15841 E OpenGLRenderer: JankTracker::calculateLegacyJank expectedDequeueDuration > 0 expectedDequeueDuration=2503489, DequeueBufferDuration=1073021, forgiveAmount=1073021, totalDuration=5015208
02-10 08:10:50.130 15594 15841 E OpenGLRenderer: JankTracker::calculateLegacyJank expectedDequeueDuration > 0 expectedDequeueDuration=2441428, DequeueBufferDuration=1157396, forgiveAmount=1157396, totalDuration=4879249
02-10 08:10:50.147 15594 15841 E OpenGLRenderer: JankTracker::calculateLegacyJank expectedDequeueDuration > 0 expectedDequeueDuration=2611477, DequeueBufferDuration=6434687, forgiveAmount=2611477, totalDuration=8096681
02-10 08:10:50.163 15594 15841 E OpenGLRenderer: JankTracker::calculateLegacyJank expectedDequeueDuration > 0 expectedDequeueDuration=2303969, DequeueBufferDuration=1150365, forgiveAmount=1150365, totalDuration=4939572
02-10 08:10:50.180 15594 15841 E OpenGLRenderer: JankTracker::calculateLegacyJank expectedDequeueDuration > 0 expectedDequeueDuration=2663735, DequeueBufferDuration=1758438, forgiveAmount=1758438, totalDuration=12780952
02-10 08:10:50.214 15594 15841 E OpenGLRenderer: JankTracker::calculateLegacyJank expectedDequeueDuration > 0 expectedDequeueDuration=1924744, DequeueBufferDuration=958646, forgiveAmount=958646, totalDuration=19089631
02-10 08:10:50.280 15594 15841 E OpenGLRenderer: JankTracker::calculateLegacyJank expectedDequeueDuration > 0 expectedDequeueDuration=2226953, DequeueBufferDuration=1084063, forgiveAmount=1084063, totalDuration=5560129
