02-10 08:11:23.869 15594 15609 E OpenGLRenderer: JankTracker::calculateLegacyJank expectedDequeueDuration > 0 expectedDequeueDuration=524337, DequeueBufferDuration=4874635, forgiveAmount=524337, totalDuration=9348410
02-10 08:11:23.884 15594 15609 E OpenGLRenderer: JankTracker::calculateLegacyJank expectedDequeueDuration > 0 expectedDequeueDuration=1129796, DequeueBufferDuration=6163385, forgiveAmount=1129796, totalDuration=7729835
02-10 08:11:23.903 15594 15609 E OpenGLRenderer: JankTracker::calculateLegacyJank expectedDequeueDuration > 0 expectedDequeueDuration=989796, DequeueBufferDuration=5625417, forgiveAmount=989796, totalDuration=9390250
02-10 08:11:23.920 15594 15841 E OpenGLRenderer: JankTracker::calculateLegacyJank expectedDequeueDuration > 0 expectedDequeueDuration=978084, DequeueBufferDuration=4188489, forgiveAmount=978084, totalDuration=8219666
02-10 08:11:24.118 15594 15641 E SQLiteDatabase: Error inserting transferred=0 media_job_uuid=63cf7f88-0b63-403f-bbfe-6c72526fa5dd transcoded=0 gif_attribution=0 first_scan_length=0 direct_path=/v/t62.7161- 24/34507276_7797880980240655_1156530919083552827_n.enc?ccb=11- 4&oh=01_AdTA4yGwA8RYqpucVCXziSm0S54bdp9aBZmWJWY0g0aL0w&oe=65EE44F9&_nc_sid=5e03e0 thumbnail_height_width_ratio=1.7777778 is_animated_sticker=0 file_hash=tYip31/TFbYSFr/qR3dYDZFouwF4Srd+Opl2kt33O+4= file_path=null file_size=0 partial_media_hash=null face_x=0 face_y=0 height=656 trim_to=0 media_key_timestamp=1707527479000 message_url=*********************************************************************** *********************************************************************************** *********************************** media_caption=null trim_from=0 mime_type=video/mp4 partial_media_enc_hash=null width=368 original_file_hash=null has_streaming_sidecar=1 autotransfer_retry_enabled=1 media_upload_handle=null message_row_id=415 multicast_id=null enc_file_hash=4/WZKmmr2YvVQhMDT6KI9gSnX0tgDjEA9yqCzexhM4k= mute_video=0 page_count=0 first_scan_sidecar=null suspicious_content=0 file_length=2872599 media_name=null media_duration=20 chat_row_id=51 media_key=[B@fcf8f34
02-10 08:11:24.118 15594 15641 E SQLiteDatabase: android.database.sqlite.SQLiteConstraintException: UNIQUE constraint failed: message_media.message_row_id (code 1555 SQLITE_CONSTRAINT_PRIMARYKEY)
02-10 08:11:24.118 15594 15641 E SQLiteDatabase: at android.database.sqlite.SQLiteConnection.nativeExecuteForLastInsertedRowId(Native Method)
02-10 08:11:24.118 15594 15641 E SQLiteDatabase: at android.database.sqlite.SQLiteConnection.executeForLastInsertedRowId(SQLiteConnecti on.java:985)
02-10 08:11:24.118 15594 15641 E SQLiteDatabase: at android.database.sqlite.SQLiteSession.executeForLastInsertedRowId(SQLiteSession.jav a:790)
02-10 08:11:24.118 15594 15641 E SQLiteDatabase: at android.database.sqlite.SQLiteStatement.executeInsert(SQLiteStatement.java:89)
02-10 08:11:24.118 15594 15641 E SQLiteDatabase: at android.database.sqlite.SQLiteDatabase.insertWithOnConflict(SQLiteDatabase.java:170 2)
02-10 08:11:24.118 15594 15641 E SQLiteDatabase: at android.database.sqlite.SQLiteDatabase.insert(SQLiteDatabase.java:1571)
02-10 08:11:24.118 15594 15641 E SQLiteDatabase: at X.2tm.A08(Unknown Source:6)
02-10 08:11:24.118 15594 15641 E SQLiteDatabase: at X.35Y.A07(Unknown Source:212)
02-10 08:11:24.118 15594 15641 E SQLiteDatabase: at X.3QF.A14(Unknown Source:470)
02-10 08:11:24.118 15594 15641 E SQLiteDatabase: at X.3gU.run(Unknown Source:982)
02-10 08:11:24.118 15594 15641 E SQLiteDatabase: at android.os.Handler.handleCallback(Handler.java:938)
02-10 08:11:24.118 15594 15641 E SQLiteDatabase: at android.os.Handler.dispatchMessage(Handler.java:99)
02-10 08:11:24.118 15594 15641 E SQLiteDatabase: at X.0zq.dispatchMessage(Unknown Source:4)
02-10 08:11:24.118 15594 15641 E SQLiteDatabase: at android.os.Looper.loopOnce(Looper.java:233)
02-10 08:11:24.118 15594 15641 E SQLiteDatabase: at android.os.Looper.loop(Looper.java:334)
02-10 08:11:24.118 15594 15641 E SQLiteDatabase: at android.os.HandlerThread.run(HandlerThread.java:67)
02-10 08:11:25.965 15594 15841 E OpenGLRenderer: JankTracker::calculateLegacyJank expectedDequeueDuration > 0 expectedDequeueDuration=976606, DequeueBufferDuration=648021, forgiveAmount=648021, totalDuration=7679540
02-10 08:11:25.983 15594 15841 E OpenGLRenderer: JankTracker::calculateLegacyJank expectedDequeueDuration > 0 expectedDequeueDuration=491909, DequeueBufferDuration=1242031, forgiveAmount=491909, totalDuration=9317952
02-10 08:11:26.000 15594 15610 E OpenGLRenderer: JankTracker::calculateLegacyJank expectedDequeueDuration > 0 expectedDequeueDuration=1293334, DequeueBufferDuration=944271, forgiveAmount=944271, totalDuration=8703488
02-10 08:11:26.015 15594 15841 E OpenGLRenderer: JankTracker::calculateLegacyJank expectedDequeueDuration > 0 expectedDequeueDuration=91690, DequeueBufferDuration=1605730, forgiveAmount=91690, totalDuration=13302506
02-10 08:11:26.071 15594 15841 E OpenGLRenderer: JankTracker::calculateLegacyJank expectedDequeueDuration > 0 expectedDequeueDuration=564894, DequeueBufferDuration=1353177, forgiveAmount=564894, totalDuration=10048701
02-10 08:11:26.115 15594 15841 E OpenGLRenderer: JankTracker::calculateLegacyJank expectedDequeueDuration > 0 expectedDequeueDuration=1136745, DequeueBufferDuration=2118385, forgiveAmount=1136745, totalDuration=9926666
02-10 08:11:26.132 15594 15841 E OpenGLRenderer: JankTracker::calculateLegacyJank expectedDequeueDuration > 0 expectedDequeueDuration=448791, DequeueBufferDuration=2290209, forgiveAmount=448791, totalDuration=11367366
02-10 08:11:26.151 15594 15841 E OpenGLRenderer: JankTracker::calculateLegacyJank expectedDequeueDuration > 0 expectedDequeueDuration=953556, DequeueBufferDuration=879740, forgiveAmount=879740, totalDuration=8810142
02-10 08:11:26.173 15594 15841 E OpenGLRenderer: JankTracker::calculateLegacyJank expectedDequeueDuration > 0 expectedDequeueDuration=995772, DequeueBufferDuration=961823, forgiveAmount=961823, totalDuration=9269124
02-10 08:11:26.183 15594 15841 E OpenGLRenderer: JankTracker::calculateLegacyJank expectedDequeueDuration > 0 expectedDequeueDuration=4281, DequeueBufferDuration=2288802, forgiveAmount=4281, totalDuration=13292532
02-10 08:11:26.216 15594 15610 E OpenGLRenderer: JankTracker::calculateLegacyJank expectedDequeueDuration > 0 expectedDequeueDuration=1636884, DequeueBufferDuration=3489115, forgiveAmount=1636884, totalDuration=7310607
02-10 08:11:26.466 15594 15841 E OpenGLRenderer: JankTracker::calculateLegacyJank expectedDequeueDuration > 0 expectedDequeueDuration=564535, DequeueBufferDuration=4060886, forgiveAmount=564535, totalDuration=12851086
02-10 08:11:26.481 15594 15841 E OpenGLRenderer: JankTracker::calculateLegacyJank expectedDequeueDuration > 0 expectedDequeueDuration=845266, DequeueBufferDuration=5783750, forgiveAmount=845266, totalDuration=12035666
02-10 08:11:26.531 15594 15841 E OpenGLRenderer: JankTracker::calculateLegacyJank expectedDequeueDuration > 0 expectedDequeueDuration=1365508, DequeueBufferDuration=1761198, forgiveAmount=1365508, totalDuration=6344870
02-10 08:11:26.548 15594 15841 E OpenGLRenderer: JankTracker::calculateLegacyJank expectedDequeueDuration > 0 expectedDequeueDuration=639636, DequeueBufferDuration=600157, forgiveAmount=600157, totalDuration=7252083
02-10 08:11:26.565 15594 15841 E OpenGLRenderer: JankTracker::calculateLegacyJank expectedDequeueDuration > 0 expectedDequeueDuration=1979115, DequeueBufferDuration=1936146, forgiveAmount=1936146, totalDuration=7294582
02-10 08:11:27.004 15594 15841 E OpenGLRenderer: JankTracker::calculateLegacyJank expectedDequeueDuration > 0 expectedDequeueDuration=313193, DequeueBufferDuration=1836093, forgiveAmount=313193, totalDuration=10534291
02-10 08:11:29.240 15594 15594 E RecyclerView: No adapter attached; skipping layout
02-10 08:11:29.243 15594 15594 E RecyclerView: No adapter attached; skipping layout
02-10 08:11:29.688 15594 17871 E ANDR-VPERF: libqti-perfd-client_system load libvivo-vperfd-client_system.so sucess
02-10 08:11:29.792 15594 17871 E ion : ioctl c0044901 failed with code -1: Inappropriate ioctl for device
02-10 08:11:29.880 15594 17864 E Surface : freeAllBuffers: 8 buffers were freed while being dequeued!
02-10 08:11:31.571 15594 17864 E Surface : freeAllBuffers: 12 buffers were freed while being dequeued!
02-10 08:11:32.041 15594 15641 E SQLiteDatabase: Error inserting transferred=1 media_job_uuid=740794c8-93e7-45e6-896d-30728085c716 transcoded=0 gif_attribution=0 first_scan_length=0 direct_path=/v/t62.7161- 24/11975906_907807597486312_1129243679411443225_n.enc?ccb=11-4&oh=01_AdQZ6M- JyNfwvvPbyeFI_OBNzCLlV0yPD4RRFqa4eSJxzA&oe=65EE446B&_nc_sid=5e03e0 thumbnail_height_width_ratio=1.0 is_animated_sticker=0 file_hash=S6jftP0LeBYV30q4Iu/ZAbqjaSO08FmD/E1PNiphojQ= file_path=Media/.Statuses/a68796a3315b4236adc5f5168d5eee28.mp4 file_size=1665365 partial_media_hash=null face_x=0 face_y=0 height=720 trim_to=0 media_key_timestamp=1707526853000 message_url=*********************************************************************** *********************************************************************************** ********************************** media_caption=null trim_from=0 mime_type=video/mp4 partial_media_enc_hash=null width=720 original_file_hash=null has_streaming_sidecar=1 autotransfer_retry_enabled=1 media_upload_handle=null message_row_id=152 multicast_id=null enc_file_hash=+EnnDlK7BxrPKCAVwM91fHmdPkWzRv1W8Y2jdJGAAxk= mute_video=0 page_count=0 first_scan_sidecar=null suspicious_content=0 file_length=1665365 media_name=null media_duration=25 chat_row_id=51 media_key=[B@9c49dbb
02-10 08:11:32.041 15594 15641 E SQLiteDatabase: android.database.sqlite.SQLiteConstraintException: UNIQUE constraint failed: message_media.message_row_id (code 1555 SQLITE_CONSTRAINT_PRIMARYKEY)
02-10 08:11:32.041 15594 15641 E SQLiteDatabase: at android.database.sqlite.SQLiteConnection.nativeExecuteForLastInsertedRowId(Native Method)
02-10 08:11:32.041 15594 15641 E SQLiteDatabase: at android.database.sqlite.SQLiteConnection.executeForLastInsertedRowId(SQLiteConnecti on.java:985)
02-10 08:11:32.041 15594 15641 E SQLiteDatabase: at android.database.sqlite.SQLiteSession.executeForLastInsertedRowId(SQLiteSession.jav a:790)
02-10 08:11:32.041 15594 15641 E SQLiteDatabase: at android.database.sqlite.SQLiteStatement.executeInsert(SQLiteStatement.java:89)
02-10 08:11:32.041 15594 15641 E SQLiteDatabase: at android.database.sqlite.SQLiteDatabase.insertWithOnConflict(SQLiteDatabase.java:170 2)
02-10 08:11:32.041 15594 15641 E SQLiteDatabase: at android.database.sqlite.SQLiteDatabase.insert(SQLiteDatabase.java:1571)
02-10 08:11:32.041 15594 15641 E SQLiteDatabase: at X.2tm.A08(Unknown Source:6)
02-10 08:11:32.041 15594 15641 E SQLiteDatabase: at X.35Y.A07(Unknown Source:212)
02-10 08:11:32.041 15594 15641 E SQLiteDatabase: at X.3QF.A14(Unknown Source:470)
02-10 08:11:32.041 15594 15641 E SQLiteDatabase: at X.3gU.run(Unknown Source:982)
02-10 08:11:32.041 15594 15641 E SQLiteDatabase: at android.os.Handler.handleCallback(Handler.java:938)
02-10 08:11:32.041 15594 15641 E SQLiteDatabase: at android.os.Handler.dispatchMessage(Handler.java:99)
02-10 08:11:32.041 15594 15641 E SQLiteDatabase: at X.0zq.dispatchMessage(Unknown Source:4)
02-10 08:11:32.041 15594 15641 E SQLiteDatabase: at android.os.Looper.loopOnce(Looper.java:233)
02-10 08:11:32.041 15594 15641 E SQLiteDatabase: at android.os.Looper.loop(Looper.java:334)
02-10 08:11:32.041 15594 15641 E SQLiteDatabase: at android.os.HandlerThread.run(HandlerThread.java:67)
02-10 08:11:32.135 15594 15641 E SQLiteDatabase: Error inserting transferred=0 media_job_uuid=5b2afad5-d0a7-4071-86e9-6cf6d9dc752e transcoded=0 gif_attribution=0 first_scan_length=0 direct_path=/v/t62.7161- 24/27344766_809170624580483_3547474146883347017_n.enc?ccb=11- 4&oh=01_AdSgIYf4XftkNRiOu6m11Q9jx1p19RETwRUxqKwhIqSmGA&oe=65EE2EAD&_nc_sid=5e03e0 thumbnail_height_width_ratio=1.7777778 is_animated_sticker=0 file_hash=IkpfW5kbtth2Z3DWRTAzAeUzfoR+Q/YxXVfLCXRiitE= file_path=null file_size=0 partial_media_hash=null face_x=0 face_y=0 height=640 trim_to=0 media_key_timestamp=1707526927000 message_url=*********************************************************************** *********************************************************************************** ********************************** media_caption=null trim_from=0 mime_type=video/mp4 partial_media_enc_hash=null width=360 original_file_hash=null has_streaming_sidecar=1 autotransfer_retry_enabled=1 media_upload_handle=null message_row_id=163 multicast_id=null enc_file_hash=G/AsmOoqOCcgE28GrT8oSyj+imxS7YlFehm3zuc3cQ4= mute_video=0 page_count=0 first_scan_sidecar=null suspicious_content=0 file_length=2358130 media_name=null media_duration=20 chat_row_id=51 media_key=[B@5d46bab
02-10 08:11:32.135 15594 15641 E SQLiteDatabase: android.database.sqlite.SQLiteConstraintException: UNIQUE constraint failed: message_media.message_row_id (code 1555 SQLITE_CONSTRAINT_PRIMARYKEY)
02-10 08:11:32.135 15594 15641 E SQLiteDatabase: at android.database.sqlite.SQLiteConnection.nativeExecuteForLastInsertedRowId(Native Method)
02-10 08:11:32.135 15594 15641 E SQLiteDatabase: at android.database.sqlite.SQLiteConnection.executeForLastInsertedRowId(SQLiteConnecti on.java:985)
02-10 08:11:32.135 15594 15641 E SQLiteDatabase: at android.database.sqlite.SQLiteSession.executeForLastInsertedRowId(SQLiteSession.jav a:790)
02-10 08:11:32.135 15594 15641 E SQLiteDatabase: at android.database.sqlite.SQLiteStatement.executeInsert(SQLiteStatement.java:89)
02-10 08:11:32.135 15594 15641 E SQLiteDatabase: at android.database.sqlite.SQLiteDatabase.insertWithOnConflict(SQLiteDatabase.java:170 2)
02-10 08:11:32.135 15594 15641 E SQLiteDatabase: at android.database.sqlite.SQLiteDatabase.insert(SQLiteDatabase.java:1571)
02-10 08:11:32.135 15594 15641 E SQLiteDatabase: at X.2tm.A08(Unknown Source:6)
02-10 08:11:32.135 15594 15641 E SQLiteDatabase: at X.35Y.A07(Unknown Source:212)
02-10 08:11:32.135 15594 15641 E SQLiteDatabase: at X.3QF.A14(Unknown Source:470)
02-10 08:11:32.135 15594 15641 E SQLiteDatabase: at X.3gU.run(Unknown Source:982)
02-10 08:11:32.135 15594 15641 E SQLiteDatabase: at android.os.Handler.handleCallback(Handler.java:938)
02-10 08:11:32.135 15594 15641 E SQLiteDatabase: at android.os.Handler.dispatchMessage(Handler.java:99)
02-10 08:11:32.135 15594 15641 E SQLiteDatabase: at X.0zq.dispatchMessage(Unknown Source:4)
02-10 08:11:32.135 15594 15641 E SQLiteDatabase: at android.os.Looper.loopOnce(Looper.java:233)
02-10 08:11:32.135 15594 15641 E SQLiteDatabase: at android.os.Looper.loop(Looper.java:334)
02-10 08:11:32.135 15594 15641 E SQLiteDatabase: at android.os.HandlerThread.run(HandlerThread.java:67)
02-10 08:11:33.023 15594 15841 E OpenGLRenderer: JankTracker::calculateLegacyJank expectedDequeueDuration > 0 expectedDequeueDuration=1621382, DequeueBufferDuration=8856302, forgiveAmount=1621382, totalDuration=14370778
02-10 08:11:33.040 15594 15841 E OpenGLRenderer: JankTracker::calculateLegacyJank expectedDequeueDuration > 0 expectedDequeueDuration=1168782, DequeueBufferDuration=9909687, forgiveAmount=1168782, totalDuration=18559936
02-10 08:11:33.056 15594 15841 E OpenGLRenderer: JankTracker::calculateLegacyJank expectedDequeueDuration > 0 expectedDequeueDuration=17884, DequeueBufferDuration=7936719, forgiveAmount=17884, totalDuration=17221419
02-10 08:11:33.072 15594 15841 E OpenGLRenderer: JankTracker::calculateLegacyJank expectedDequeueDuration > 0 expectedDequeueDuration=585741, DequeueBufferDuration=8751980, forgiveAmount=585741, totalDuration=17259247
02-10 08:11:33.089 15594 15841 E OpenGLRenderer: JankTracker::calculateLegacyJank expectedDequeueDuration > 0 expectedDequeueDuration=974996, DequeueBufferDuration=8396458, forgiveAmount=974996, totalDuration=14934331
02-10 08:11:33.519 15594 15841 E OpenGLRenderer: JankTracker::calculateLegacyJank expectedDequeueDuration > 0 expectedDequeueDuration=1950018, DequeueBufferDuration=5385989, forgiveAmount=1950018, totalDuration=13225381
02-10 08:11:33.532 15594 15841 E OpenGLRenderer: JankTracker::calculateLegacyJank expectedDequeueDuration > 0 expectedDequeueDuration=98035, DequeueBufferDuration=5607344, forgiveAmount=98035, totalDuration=17382576
02-10 08:11:33.568 15594 15841 E OpenGLRenderer: JankTracker::calculateLegacyJank expectedDequeueDuration > 0 expectedDequeueDuration=1464061, DequeueBufferDuration=1455156, forgiveAmount=1455156, totalDuration=9199377
02-10 08:11:33.586 15594 15841 E OpenGLRenderer: JankTracker::calculateLegacyJank expectedDequeueDuration > 0 expectedDequeueDuration=601170, DequeueBufferDuration=3229532, forgiveAmount=601170, totalDuration=12712817
02-10 08:11:33.618 15594 15841 E OpenGLRenderer: JankTracker::calculateLegacyJank expectedDequeueDuration > 0 expectedDequeueDuration=311090, DequeueBufferDuration=4174583, forgiveAmount=311090, totalDuration=14332143
02-10 08:11:33.638 15594 15841 E OpenGLRenderer: JankTracker::calculateLegacyJank expectedDequeueDuration > 0 expectedDequeueDuration=1042777, DequeueBufferDuration=3812032, forgiveAmount=1042777, totalDuration=12711581
02-10 08:11:33.653 15594 15841 E OpenGLRenderer: JankTracker::calculateLegacyJank expectedDequeueDuration > 0 expectedDequeueDuration=449481, DequeueBufferDuration=2704166, forgiveAmount=449481, totalDuration=12680987
02-10 08:11:33.668 15594 15841 E OpenGLRenderer: JankTracker::calculateLegacyJank expectedDequeueDuration > 0 expectedDequeueDuration=127201, DequeueBufferDuration=5677969, forgiveAmount=127201, totalDuration=13187681
02-10 08:11:33.685 15594 15841 E OpenGLRenderer: JankTracker::calculateLegacyJank expectedDequeueDuration > 0 expectedDequeueDuration=707554, DequeueBufferDuration=4853802, forgiveAmount=707554, totalDuration=13101610
02-10 08:11:42.211 15594 16382 E OpenGLRenderer: JankTracker::calculateLegacyJank expectedDequeueDuration > 0 expectedDequeueDuration=380193, DequeueBufferDuration=6608959, forgiveAmount=380193, totalDuration=15432271
02-10 08:11:42.277 15594 16382 E OpenGLRenderer: JankTracker::calculateLegacyJank expectedDequeueDuration > 0 expectedDequeueDuration=452434, DequeueBufferDuration=13557969, forgiveAmount=452434, totalDuration=54618984
02-10 08:11:48.452 15594 15609 E OpenGLRenderer: JankTracker::calculateLegacyJank expectedDequeueDuration > 0 expectedDequeueDuration=370180, DequeueBufferDuration=4550468, forgiveAmount=370180, totalDuration=12623077
02-10 08:11:48.469 15594 15609 E OpenGLRenderer: JankTracker::calculateLegacyJank expectedDequeueDuration > 0 expectedDequeueDuration=1852041, DequeueBufferDuration=2323333, forgiveAmount=1852041, totalDuration=6711595
02-10 08:11:48.487 15594 15609 E OpenGLRenderer: JankTracker::calculateLegacyJank expectedDequeueDuration > 0 expectedDequeueDuration=853261, DequeueBufferDuration=3915781, forgiveAmount=853261, totalDuration=11472488
02-10 08:11:48.501 15594 15609 E OpenGLRenderer: JankTracker::calculateLegacyJank expectedDequeueDuration > 0 expectedDequeueDuration=91986, DequeueBufferDuration=3933073, forgiveAmount=91986, totalDuration=12048372
02-10 08:11:48.519 15594 15609 E OpenGLRenderer: JankTracker::calculateLegacyJank expectedDequeueDuration > 0 expectedDequeueDuration=486316, DequeueBufferDuration=5739166, forgiveAmount=486316, totalDuration=13974660
02-10 08:11:50.403 15594 15608 E OpenGLRenderer: JankTracker::calculateLegacyJank expectedDequeueDuration > 0 expectedDequeueDuration=1679259, DequeueBufferDuration=2337188, forgiveAmount=1679259, totalDuration=6433305
02-10 08:11:50.420 15594 15609 E OpenGLRenderer: JankTracker::calculateLegacyJank expectedDequeueDuration > 0 expectedDequeueDuration=1235187, DequeueBufferDuration=5123854, forgiveAmount=1235187, totalDuration=12384885
02-10 08:11:51.152 15594 15609 E OpenGLRenderer: JankTracker::calculateLegacyJank expectedDequeueDuration > 0 expectedDequeueDuration=1256450, DequeueBufferDuration=2291927, forgiveAmount=1256450, totalDuration=10344392
02-10 08:11:51.218 15594 15609 E OpenGLRenderer: JankTracker::calculateLegacyJank expectedDequeueDuration > 0 expectedDequeueDuration=680637, DequeueBufferDuration=6153854, forgiveAmount=680637, totalDuration=15693310
02-10 08:11:51.254 15594 15609 E OpenGLRenderer: JankTracker::calculateLegacyJank expectedDequeueDuration > 0 expectedDequeueDuration=497846, DequeueBufferDuration=2911511, forgiveAmount=497846, totalDuration=11945557
02-10 08:11:51.301 15594 15609 E OpenGLRenderer: JankTracker::calculateLegacyJank expectedDequeueDuration > 0 expectedDequeueDuration=306422, DequeueBufferDuration=5389375, forgiveAmount=306422, totalDuration=14886895
02-10 08:11:51.319 15594 15609 E OpenGLRenderer: JankTracker::calculateLegacyJank expectedDequeueDuration > 0 expectedDequeueDuration=236304, DequeueBufferDuration=5535417, forgiveAmount=236304, totalDuration=15204736
02-10 08:11:51.336 15594 15609 E OpenGLRenderer: JankTracker::calculateLegacyJank expectedDequeueDuration > 0 expectedDequeueDuration=321396, DequeueBufferDuration=2500886, forgiveAmount=321396, totalDuration=12044552
02-10 08:11:51.353 15594 15609 E OpenGLRenderer: JankTracker::calculateLegacyJank expectedDequeueDuration > 0 expectedDequeueDuration=405377, DequeueBufferDuration=3787605, forgiveAmount=405377, totalDuration=13378516
02-10 08:11:51.368 15594 15609 E OpenGLRenderer: JankTracker::calculateLegacyJank expectedDequeueDuration > 0 expectedDequeueDuration=259549, DequeueBufferDuration=3647604, forgiveAmount=259549, totalDuration=13359496
02-10 08:11:51.385 15594 15609 E OpenGLRenderer: JankTracker::calculateLegacyJank expectedDequeueDuration > 0 expectedDequeueDuration=242081, DequeueBufferDuration=3293541, forgiveAmount=242081, totalDuration=14491984
02-10 08:11:51.587 15594 15609 E OpenGLRenderer: JankTracker::calculateLegacyJank expectedDequeueDuration > 0 expectedDequeueDuration=1246408, DequeueBufferDuration=5122604, forgiveAmount=1246408, totalDuration=12038695
02-10 08:11:51.602 15594 15609 E OpenGLRenderer: JankTracker::calculateLegacyJank expectedDequeueDuration > 0 expectedDequeueDuration=485468, DequeueBufferDuration=4668906, forgiveAmount=485468, totalDuration=14432033
02-10 08:11:51.619 15594 15609 E OpenGLRenderer: JankTracker::calculateLegacyJank expectedDequeueDuration > 0 expectedDequeueDuration=267534, DequeueBufferDuration=5016718, forgiveAmount=267534, totalDuration=14934256
02-10 08:11:51.633 15594 15609 E OpenGLRenderer: JankTracker::calculateLegacyJank expectedDequeueDuration > 0 expectedDequeueDuration=825119, DequeueBufferDuration=3953698, forgiveAmount=825119, totalDuration=12816584
02-10 08:11:51.883 15594 15609 E OpenGLRenderer: JankTracker::calculateLegacyJank expectedDequeueDuration > 0 expectedDequeueDuration=965464, DequeueBufferDuration=887500, forgiveAmount=887500, totalDuration=9223078
02-10 08:11:51.902 15594 15609 E OpenGLRenderer: JankTracker::calculateLegacyJank expectedDequeueDuration > 0 expectedDequeueDuration=58723, DequeueBufferDuration=3193282, forgiveAmount=58723, totalDuration=14106303
02-10 08:11:52.000 15594 15609 E OpenGLRenderer: JankTracker::calculateLegacyJank expectedDequeueDuration > 0 expectedDequeueDuration=559576, DequeueBufferDuration=1607448, forgiveAmount=559576, totalDuration=12209026
02-10 08:11:52.017 15594 15609 E OpenGLRenderer: JankTracker::calculateLegacyJank expectedDequeueDuration > 0 expectedDequeueDuration=79811, DequeueBufferDuration=684740, forgiveAmount=79811, totalDuration=11875066
02-10 08:11:52.034 15594 15609 E OpenGLRenderer: JankTracker::calculateLegacyJank expectedDequeueDuration > 0 expectedDequeueDuration=281374, DequeueBufferDuration=1942396, forgiveAmount=281374, totalDuration=14940221
02-10 08:11:52.068 15594 15609 E OpenGLRenderer: JankTracker::calculateLegacyJank expectedDequeueDuration > 0 expectedDequeueDuration=629523, DequeueBufferDuration=2425156, forgiveAmount=629523, totalDuration=14043193
02-10 08:11:52.119 15594 15609 E OpenGLRenderer: JankTracker::calculateLegacyJank expectedDequeueDuration > 0 expectedDequeueDuration=374987, DequeueBufferDuration=3540365, forgiveAmount=374987, totalDuration=14456224
02-10 08:11:52.134 15594 15609 E OpenGLRenderer: JankTracker::calculateLegacyJank expectedDequeueDuration > 0 expectedDequeueDuration=1191851, DequeueBufferDuration=1124167, forgiveAmount=1124167, totalDuration=9957732
02-10 08:11:54.293 15594 15641 E SQLiteDatabase: Error inserting transferred=0 media_job_uuid=c2ff4271-03b7-463d-a60c-1bb06377ef7d transcoded=0 gif_attribution=0 first_scan_length=0 direct_path=/v/t62.7161- 24/20104722_302973909456499_755864951343785973_n.enc?ccb=11- 4&oh=01_AdTnlVh71ODSHxcloB4bNj_paeaj0mAXRDX2gY0uTsy8dA&oe=65EE4902&_nc_sid=5e03e0&_ nc_hot=1707527514 thumbnail_height_width_ratio=1.8 is_animated_sticker=0 file_hash=6//j+27N9X5yW2f9oj51y7+zVgi31fPXv3PyoAcC9/I= file_path=null file_size=0 partial_media_hash=null face_x=0 face_y=0 height=864 trim_to=0 media_key_timestamp=1707527461000 message_url=*********************************************************************** *********************************************************************************** ********************************* media_caption=null trim_from=0 mime_type=video/mp4 partial_media_enc_hash=null width=480 original_file_hash=null has_streaming_sidecar=1 autotransfer_retry_enabled=0 media_upload_handle=null message_row_id=423 multicast_id=null enc_file_hash=CP7pi/nI6exPrcPTHv7m6QtAREQwV0kyDH0vsG9xvJE= mute_video=0 page_count=0 first_scan_sidecar=null suspicious_content=0 file_length=3443001 media_name=null media_duration=16 chat_row_id=51 media_key=[B@1b496e7
02-10 08:11:54.293 15594 15641 E SQLiteDatabase: android.database.sqlite.SQLiteConstraintException: UNIQUE constraint failed: message_media.message_row_id (code 1555 SQLITE_CONSTRAINT_PRIMARYKEY)
02-10 08:11:54.293 15594 15641 E SQLiteDatabase: at android.database.sqlite.SQLiteConnection.nativeExecuteForLastInsertedRowId(Native Method)
02-10 08:11:54.293 15594 15641 E SQLiteDatabase: at android.database.sqlite.SQLiteConnection.executeForLastInsertedRowId(SQLiteConnecti on.java:985)
02-10 08:11:54.293 15594 15641 E SQLiteDatabase: at android.database.sqlite.SQLiteSession.executeForLastInsertedRowId(SQLiteSession.jav a:790)
02-10 08:11:54.293 15594 15641 E SQLiteDatabase: at android.database.sqlite.SQLiteStatement.executeInsert(SQLiteStatement.java:89)
02-10 08:11:54.293 15594 15641 E SQLiteDatabase: at android.database.sqlite.SQLiteDatabase.insertWithOnConflict(SQLiteDatabase.java:170 2)
02-10 08:11:54.293 15594 15641 E SQLiteDatabase: at android.database.sqlite.SQLiteDatabase.insert(SQLiteDatabase.java:1571)
02-10 08:11:54.293 15594 15641 E SQLiteDatabase: at X.2tm.A08(Unknown Source:6)
02-10 08:11:54.293 15594 15641 E SQLiteDatabase: at X.35Y.A07(Unknown Source:212)
02-10 08:11:54.293 15594 15641 E SQLiteDatabase: at X.3QF.A14(Unknown Source:470)
02-10 08:11:54.293 15594 15641 E SQLiteDatabase: at X.3gU.run(Unknown Source:982)
02-10 08:11:54.293 15594 15641 E SQLiteDatabase: at android.os.Handler.handleCallback(Handler.java:938)
02-10 08:11:54.293 15594 15641 E SQLiteDatabase: at android.os.Handler.dispatchMessage(Handler.java:99)
02-10 08:11:54.293 15594 15641 E SQLiteDatabase: at X.0zq.dispatchMessage(Unknown Source:4)
02-10 08:11:54.293 15594 15641 E SQLiteDatabase: at android.os.Looper.loopOnce(Looper.java:233)
02-10 08:11:54.293 15594 15641 E SQLiteDatabase: at android.os.Looper.loop(Looper.java:334)
02-10 08:11:54.293 15594 15641 E SQLiteDatabase: at android.os.HandlerThread.run(HandlerThread.java:67)
02-10 08:11:54.487 15594 15641 E SQLiteDatabase: Error inserting transferred=0 media_job_uuid=c2ff4271-03b7-463d-a60c-1bb06377ef7d transcoded=0 gif_attribution=0 first_scan_length=0 direct_path=/v/t62.7161- 24/20104722_302973909456499_755864951343785973_n.enc?ccb=11- 4&oh=01_AdTnlVh71ODSHxcloB4bNj_paeaj0mAXRDX2gY0uTsy8dA&oe=65EE4902&_nc_sid=5e03e0&_ nc_hot=1707527514 thumbnail_height_width_ratio=1.8 is_animated_sticker=0 file_hash=6//j+27N9X5yW2f9oj51y7+zVgi31fPXv3PyoAcC9/I= file_path=null file_size=0 partial_media_hash=null face_x=0 face_y=0 height=864 trim_to=0 media_key_timestamp=1707527461000 message_url=*********************************************************************** *********************************************************************************** ********************************* media_caption=null trim_from=0 mime_type=video/mp4 partial_media_enc_hash=null width=480 original_file_hash=null has_streaming_sidecar=1 autotransfer_retry_enabled=0 media_upload_handle=null message_row_id=423 multicast_id=null enc_file_hash=CP7pi/nI6exPrcPTHv7m6QtAREQwV0kyDH0vsG9xvJE= mute_video=0 page_count=0 first_scan_sidecar=null suspicious_content=0 file_length=3443001 media_name=null media_duration=16 chat_row_id=51 media_key=[B@1b496e7
02-10 08:11:54.487 15594 15641 E SQLiteDatabase: android.database.sqlite.SQLiteConstraintException: UNIQUE constraint failed: message_media.message_row_id (code 1555 SQLITE_CONSTRAINT_PRIMARYKEY)
02-10 08:11:54.487 15594 15641 E SQLiteDatabase: at android.database.sqlite.SQLiteConnection.nativeExecuteForLastInsertedRowId(Native Method)
02-10 08:11:54.487 15594 15641 E SQLiteDatabase: at android.database.sqlite.SQLiteConnection.executeForLastInsertedRowId(SQLiteConnecti on.java:985)
02-10 08:11:54.487 15594 15641 E SQLiteDatabase: at android.database.sqlite.SQLiteSession.executeForLastInsertedRowId(SQLiteSession.jav a:790)
02-10 08:11:54.487 15594 15641 E SQLiteDatabase: at android.database.sqlite.SQLiteStatement.executeInsert(SQLiteStatement.java:89)
02-10 08:11:54.487 15594 15641 E SQLiteDatabase: at android.database.sqlite.SQLiteDatabase.insertWithOnConflict(SQLiteDatabase.java:170 2)
02-10 08:11:54.487 15594 15641 E SQLiteDatabase: at android.database.sqlite.SQLiteDatabase.insert(SQLiteDatabase.java:1571)
02-10 08:11:54.487 15594 15641 E SQLiteDatabase: at X.2tm.A08(Unknown Source:6)
02-10 08:11:54.487 15594 15641 E SQLiteDatabase: at X.35Y.A07(Unknown Source:212)
02-10 08:11:54.487 15594 15641 E SQLiteDatabase: at X.3QF.A14(Unknown Source:470)
02-10 08:11:54.487 15594 15641 E SQLiteDatabase: at X.3gU.run(Unknown Source:982)
02-10 08:11:54.487 15594 15641 E SQLiteDatabase: at android.os.Handler.handleCallback(Handler.java:938)
02-10 08:11:54.487 15594 15641 E SQLiteDatabase: at android.os.Handler.dispatchMessage(Handler.java:99)
02-10 08:11:54.487 15594 15641 E SQLiteDatabase: at X.0zq.dispatchMessage(Unknown Source:4)
02-10 08:11:54.487 15594 15641 E SQLiteDatabase: at android.os.Looper.loopOnce(Looper.java:233)
02-10 08:11:54.487 15594 15641 E SQLiteDatabase: at android.os.Looper.loop(Looper.java:334)
02-10 08:11:54.487 15594 15641 E SQLiteDatabase: at android.os.HandlerThread.run(HandlerThread.java:67)
02-10 08:11:54.700 15594 15594 E RecyclerView: No adapter attached; skipping layout
02-10 08:11:54.705 15594 15594 E RecyclerView: No adapter attached; skipping layout
02-10 08:11:54.708 15594 15594 E RecyclerView: No adapter attached; skipping layout
02-10 08:11:55.076 15594 17983 E Surface : freeAllBuffers: 12 buffers were freed while being dequeued!
02-10 08:11:55.844 15594 17983 E Surface : freeAllBuffers: 12 buffers were freed while being dequeued!
02-10 08:11:56.815 15594 15841 E OpenGLRenderer: JankTracker::calculateLegacyJank expectedDequeueDuration > 0 expectedDequeueDuration=1509187, DequeueBufferDuration=2867448, forgiveAmount=1509187, totalDuration=9580271
02-10 08:11:56.847 15594 15841 E OpenGLRenderer: JankTracker::calculateLegacyJank expectedDequeueDuration > 0 expectedDequeueDuration=875, DequeueBufferDuration=793489, forgiveAmount=875, totalDuration=10396584
02-10 08:11:56.930 15594 15841 E OpenGLRenderer: JankTracker::calculateLegacyJank expectedDequeueDuration > 0 expectedDequeueDuration=2078592, DequeueBufferDuration=819375, forgiveAmount=819375, totalDuration=6887033
02-10 08:11:56.964 15594 15841 E OpenGLRenderer: JankTracker::calculateLegacyJank expectedDequeueDuration > 0 expectedDequeueDuration=1822302, DequeueBufferDuration=1018333, forgiveAmount=1018333, totalDuration=6839052
02-10 08:11:56.981 15594 15841 E OpenGLRenderer: JankTracker::calculateLegacyJank expectedDequeueDuration > 0 expectedDequeueDuration=1911949, DequeueBufferDuration=544323, forgiveAmount=544323, totalDuration=6929144
02-10 08:11:56.997 15594 15841 E OpenGLRenderer: JankTracker::calculateLegacyJank expectedDequeueDuration > 0 expectedDequeueDuration=1023965, DequeueBufferDuration=964479, forgiveAmount=964479, totalDuration=8317493
02-10 08:11:57.016 15594 15841 E OpenGLRenderer: JankTracker::calculateLegacyJank expectedDequeueDuration > 0 expectedDequeueDuration=1592447, DequeueBufferDuration=1278646, forgiveAmount=1278646, totalDuration=6722500
02-10 08:11:57.272 15594 15641 E SQLiteDatabase: Error inserting transferred=0 media_job_uuid=399b10cc-15bd-4153-bfc4-5b6151615471 transcoded=0 gif_attribution=0 first_scan_length=0 direct_path=/v/t62.7161- 24/19962770_1091564715324808_4461812136197260966_n.enc?ccb=11- 4&oh=01_AdQjk1moOyOQVtuoTbiHMPJTPfap530rddIXDSNZwG0w8Q&oe=65EE4919&_nc_sid=5e03e0 thumbnail_height_width_ratio=1.7777778 is_animated_sticker=0 file_hash=tXj3d+cZeJyqYOqDiCkHAaFwXNmsFPVJPUXCaQq1m+A= file_path=null file_size=0 partial_media_hash=null face_x=0 face_y=0 height=656 trim_to=0 media_key_timestamp=1707527216000 message_url=*********************************************************************** *********************************************************************************** *********************************** media_caption=null trim_from=0 mime_type=video/mp4 partial_media_enc_hash=null width=368 original_file_hash=null has_streaming_sidecar=1 autotransfer_retry_enabled=0 media_upload_handle=null message_row_id=377 multicast_id=null enc_file_hash=/BolQAbNzKi/9qxdDkzooQ00dSqITpVFXu91n9oCNk8= mute_video=0 page_count=0 first_scan_sidecar=null suspicious_content=0 file_length=2870951 media_name=null media_duration=20 chat_row_id=51 media_key=[B@349f722
02-10 08:11:57.272 15594 15641 E SQLiteDatabase: android.database.sqlite.SQLiteConstraintException: UNIQUE constraint failed: message_media.message_row_id (code 1555 SQLITE_CONSTRAINT_PRIMARYKEY)
02-10 08:11:57.272 15594 15641 E SQLiteDatabase: at android.database.sqlite.SQLiteConnection.nativeExecuteForLastInsertedRowId(Native Method)
02-10 08:11:57.272 15594 15641 E SQLiteDatabase: at android.database.sqlite.SQLiteConnection.executeForLastInsertedRowId(SQLiteConnecti on.java:985)
02-10 08:11:57.272 15594 15641 E SQLiteDatabase: at android.database.sqlite.SQLiteSession.executeForLastInsertedRowId(SQLiteSession.jav a:790)
02-10 08:11:57.272 15594 15641 E SQLiteDatabase: at android.database.sqlite.SQLiteStatement.executeInsert(SQLiteStatement.java:89)
02-10 08:11:57.272 15594 15641 E SQLiteDatabase: at android.database.sqlite.SQLiteDatabase.insertWithOnConflict(SQLiteDatabase.java:170 2)
02-10 08:11:57.272 15594 15641 E SQLiteDatabase: at android.database.sqlite.SQLiteDatabase.insert(SQLiteDatabase.java:1571)
02-10 08:11:57.272 15594 15641 E SQLiteDatabase: at X.2tm.A08(Unknown Source:6)
02-10 08:11:57.272 15594 15641 E SQLiteDatabase: at X.35Y.A07(Unknown Source:212)
02-10 08:11:57.272 15594 15641 E SQLiteDatabase: at X.3QF.A14(Unknown Source:470)
02-10 08:11:57.272 15594 15641 E SQLiteDatabase: at X.3gU.run(Unknown Source:982)
02-10 08:11:57.272 15594 15641 E SQLiteDatabase: at android.os.Handler.handleCallback(Handler.java:938)
02-10 08:11:57.272 15594 15641 E SQLiteDatabase: at android.os.Handler.dispatchMessage(Handler.java:99)
02-10 08:11:57.272 15594 15641 E SQLiteDatabase: at X.0zq.dispatchMessage(Unknown Source:4)
02-10 08:11:57.272 15594 15641 E SQLiteDatabase: at android.os.Looper.loopOnce(Looper.java:233)
02-10 08:11:57.272 15594 15641 E SQLiteDatabase: at android.os.Looper.loop(Looper.java:334)
02-10 08:11:57.272 15594 15641 E SQLiteDatabase: at android.os.HandlerThread.run(HandlerThread.java:67)
02-10 08:11:57.422 15594 15641 E SQLiteDatabase: Error inserting transferred=0 media_job_uuid=399b10cc-15bd-4153-bfc4-5b6151615471 transcoded=0 gif_attribution=0 first_scan_length=0 direct_path=/v/t62.7161- 24/19962770_1091564715324808_4461812136197260966_n.enc?ccb=11- 4&oh=01_AdQjk1moOyOQVtuoTbiHMPJTPfap530rddIXDSNZwG0w8Q&oe=65EE4919&_nc_sid=5e03e0 thumbnail_height_width_ratio=1.7777778 is_animated_sticker=0 file_hash=tXj3d+cZeJyqYOqDiCkHAaFwXNmsFPVJPUXCaQq1m+A= file_path=null file_size=0 partial_media_hash=null face_x=0 face_y=0 height=656 trim_to=0 media_key_timestamp=1707527216000 message_url=*********************************************************************** *********************************************************************************** *********************************** media_caption=null trim_from=0 mime_type=video/mp4 partial_media_enc_hash=null width=368 original_file_hash=null has_streaming_sidecar=1 autotransfer_retry_enabled=0 media_upload_handle=null message_row_id=377 multicast_id=null enc_file_hash=/BolQAbNzKi/9qxdDkzooQ00dSqITpVFXu91n9oCNk8= mute_video=0 page_count=0 first_scan_sidecar=null suspicious_content=0 file_length=2870951 media_name=null media_duration=20 chat_row_id=51 media_key=[B@349f722
02-10 08:11:57.422 15594 15641 E SQLiteDatabase: android.database.sqlite.SQLiteConstraintException: UNIQUE constraint failed: message_media.message_row_id (code 1555 SQLITE_CONSTRAINT_PRIMARYKEY)
02-10 08:11:57.422 15594 15641 E SQLiteDatabase: at android.database.sqlite.SQLiteConnection.nativeExecuteForLastInsertedRowId(Native Method)
02-10 08:11:57.422 15594 15641 E SQLiteDatabase: at android.database.sqlite.SQLiteConnection.executeForLastInsertedRowId(SQLiteConnecti on.java:985)
02-10 08:11:57.422 15594 15641 E SQLiteDatabase: at android.database.sqlite.SQLiteSession.executeForLastInsertedRowId(SQLiteSession.jav a:790)
02-10 08:11:57.422 15594 15641 E SQLiteDatabase: at android.database.sqlite.SQLiteStatement.executeInsert(SQLiteStatement.java:89)
02-10 08:11:57.422 15594 15641 E SQLiteDatabase: at android.database.sqlite.SQLiteDatabase.insertWithOnConflict(SQLiteDatabase.java:170 2)
02-10 08:11:57.422 15594 15641 E SQLiteDatabase: at android.database.sqlite.SQLiteDatabase.insert(SQLiteDatabase.java:1571)
02-10 08:11:57.422 15594 15641 E SQLiteDatabase: at X.2tm.A08(Unknown Source:6)
02-10 08:11:57.422 15594 15641 E SQLiteDatabase: at X.35Y.A07(Unknown Source:212)
02-10 08:11:57.422 15594 15641 E SQLiteDatabase: at X.3QF.A14(Unknown Source:470)
02-10 08:11:57.422 15594 15641 E SQLiteDatabase: at X.3gU.run(Unknown Source:982)
02-10 08:11:57.422 15594 15641 E SQLiteDatabase: at android.os.Handler.handleCallback(Handler.java:938)
02-10 08:11:57.422 15594 15641 E SQLiteDatabase: at android.os.Handler.dispatchMessage(Handler.java:99)
02-10 08:11:57.422 15594 15641 E SQLiteDatabase: at X.0zq.dispatchMessage(Unknown Source:4)
02-10 08:11:57.422 15594 15641 E SQLiteDatabase: at android.os.Looper.loopOnce(Looper.java:233)
02-10 08:11:57.422 15594 15641 E SQLiteDatabase: at android.os.Looper.loop(Looper.java:334)
02-10 08:11:57.422 15594 15641 E SQLiteDatabase: at android.os.HandlerThread.run(HandlerThread.java:67)
02-10 08:11:57.611 15594 15594 E RecyclerView: No adapter attached; skipping layout
02-10 08:11:57.616 15594 15594 E RecyclerView: No adapter attached; skipping layout
02-10 08:11:57.772 15594 18035 E Surface : freeAllBuffers: 10 buffers were freed while being dequeued!
02-10 08:11:58.182 15594 15608 E OpenGLRenderer: JankTracker::calculateLegacyJank expectedDequeueDuration > 0 expectedDequeueDuration=2475262, DequeueBufferDuration=1828385, forgiveAmount=1828385, totalDuration=4881926
02-10 08:11:58.197 15594 15841 E OpenGLRenderer: JankTracker::calculateLegacyJank expectedDequeueDuration > 0 expectedDequeueDuration=1506683, DequeueBufferDuration=987552, forgiveAmount=987552, totalDuration=8671390
02-10 08:11:58.282 15594 15608 E OpenGLRenderer: JankTracker::calculateLegacyJank expectedDequeueDuration > 0 expectedDequeueDuration=1556668, DequeueBufferDuration=2248906, forgiveAmount=1556668, totalDuration=6682395
02-10 08:11:58.298 15594 15608 E OpenGLRenderer: JankTracker::calculateLegacyJank expectedDequeueDuration > 0 expectedDequeueDuration=2499990, DequeueBufferDuration=1850521, forgiveAmount=1850521, totalDuration=4489489
02-10 08:11:58.315 15594 15608 E OpenGLRenderer: JankTracker::calculateLegacyJank expectedDequeueDuration > 0 expectedDequeueDuration=2527331, DequeueBufferDuration=2989947, forgiveAmount=2527331, totalDuration=4359036
02-10 08:11:58.332 15594 15608 E OpenGLRenderer: JankTracker::calculateLegacyJank expectedDequeueDuration > 0 expectedDequeueDuration=2442564, DequeueBufferDuration=2725782, forgiveAmount=2442564, totalDuration=3732997
02-10 08:11:58.349 15594 15608 E OpenGLRenderer: JankTracker::calculateLegacyJank expectedDequeueDuration > 0 expectedDequeueDuration=2516265, DequeueBufferDuration=3032656, forgiveAmount=2516265, totalDuration=3714814
02-10 08:11:58.365 15594 15608 E OpenGLRenderer: JankTracker::calculateLegacyJank expectedDequeueDuration > 0 expectedDequeueDuration=1834012, DequeueBufferDuration=2478125, forgiveAmount=1834012, totalDuration=6515986
02-10 08:11:58.400 15594 15608 E OpenGLRenderer: JankTracker::calculateLegacyJank expectedDequeueDuration > 0 expectedDequeueDuration=2759033, DequeueBufferDuration=2912500, forgiveAmount=2759033, totalDuration=4386829
02-10 08:11:58.416 15594 15608 E OpenGLRenderer: JankTracker::calculateLegacyJank expectedDequeueDuration > 0 expectedDequeueDuration=1286439, DequeueBufferDuration=1855729, forgiveAmount=1286439, totalDuration=7797435
02-10 08:11:58.433 15594 15608 E OpenGLRenderer: JankTracker::calculateLegacyJank expectedDequeueDuration > 0 expectedDequeueDuration=2298127, DequeueBufferDuration=4014843, forgiveAmount=2298127, totalDuration=9157287
02-10 08:11:58.448 15594 15608 E OpenGLRenderer: JankTracker::calculateLegacyJank expectedDequeueDuration > 0 expectedDequeueDuration=910175, DequeueBufferDuration=2553438, forgiveAmount=910175, totalDuration=8131213
02-10 08:11:58.466 15594 15608 E OpenGLRenderer: JankTracker::calculateLegacyJank expectedDequeueDuration > 0 expectedDequeueDuration=1579638, DequeueBufferDuration=2958438, forgiveAmount=1579638, totalDuration=6458746
02-10 08:11:58.484 15594 15608 E OpenGLRenderer: JankTracker::calculateLegacyJank expectedDequeueDuration > 0 expectedDequeueDuration=2516272, DequeueBufferDuration=2410313, forgiveAmount=2410313, totalDuration=4832894
02-10 08:11:58.500 15594 15608 E OpenGLRenderer: JankTracker::calculateLegacyJank expectedDequeueDuration > 0 expectedDequeueDuration=1555492, DequeueBufferDuration=3471823, forgiveAmount=1555492, totalDuration=7134433
02-10 08:11:58.516 15594 15608 E OpenGLRenderer: JankTracker::calculateLegacyJank expectedDequeueDuration > 0 expectedDequeueDuration=2288021, DequeueBufferDuration=5357604, forgiveAmount=2288021, totalDuration=11914063
02-10 08:11:58.534 15594 16382 E OpenGLRenderer: JankTracker::calculateLegacyJank expectedDequeueDuration > 0 expectedDequeueDuration=1579855, DequeueBufferDuration=3434479, forgiveAmount=1579855, totalDuration=7038519
02-10 08:11:58.799 15594 15608 E OpenGLRenderer: JankTracker::calculateLegacyJank expectedDequeueDuration > 0 expectedDequeueDuration=787001, DequeueBufferDuration=992292, forgiveAmount=787001, totalDuration=7172613
02-10 08:11:58.816 15594 15608 E OpenGLRenderer: JankTracker::calculateLegacyJank expectedDequeueDuration > 0 expectedDequeueDuration=1240074, DequeueBufferDuration=1691042, forgiveAmount=1240074, totalDuration=6519592
02-10 08:11:58.832 15594 15608 E OpenGLRenderer: JankTracker::calculateLegacyJank expectedDequeueDuration > 0 expectedDequeueDuration=1032263, DequeueBufferDuration=1899011, forgiveAmount=1032263, totalDuration=6871985
02-10 08:11:58.899 15594 15608 E OpenGLRenderer: JankTracker::calculateLegacyJank expectedDequeueDuration > 0 expectedDequeueDuration=1101019, DequeueBufferDuration=1535990, forgiveAmount=1101019, totalDuration=6939264
02-10 08:11:58.915 15594 15608 E OpenGLRenderer: JankTracker::calculateLegacyJank expectedDequeueDuration > 0 expectedDequeueDuration=855759, DequeueBufferDuration=1994792, forgiveAmount=855759, totalDuration=8203170
02-10 08:11:58.932 15594 15608 E OpenGLRenderer: JankTracker::calculateLegacyJank expectedDequeueDuration > 0 expectedDequeueDuration=850763, DequeueBufferDuration=1926302, forgiveAmount=850763, totalDuration=7944515
02-10 08:11:58.949 15594 15608 E OpenGLRenderer: JankTracker::calculateLegacyJank expectedDequeueDuration > 0 expectedDequeueDuration=1371808, DequeueBufferDuration=1839479, forgiveAmount=1371808, totalDuration=6596227
02-10 08:11:58.966 15594 15608 E OpenGLRenderer: JankTracker::calculateLegacyJank expectedDequeueDuration > 0 expectedDequeueDuration=1538065, DequeueBufferDuration=2252084, forgiveAmount=1538065, totalDuration=7200380
02-10 08:11:59.000 15594 15608 E OpenGLRenderer: JankTracker::calculateLegacyJank expectedDequeueDuration > 0 expectedDequeueDuration=1110162, DequeueBufferDuration=1832239, forgiveAmount=1110162, totalDuration=7743634
02-10 08:11:59.018 15594 15608 E OpenGLRenderer: JankTracker::calculateLegacyJank expectedDequeueDuration > 0 expectedDequeueDuration=1227523, DequeueBufferDuration=1638802, forgiveAmount=1227523, totalDuration=7334953
02-10 08:11:59.049 15594 15608 E OpenGLRenderer: JankTracker::calculateLegacyJank expectedDequeueDuration > 0 expectedDequeueDuration=2030482, DequeueBufferDuration=5094635, forgiveAmount=2030482, totalDuration=9047108
02-10 08:11:59.065 15594 15608 E OpenGLRenderer: JankTracker::calculateLegacyJank expectedDequeueDuration > 0 expectedDequeueDuration=1027691, DequeueBufferDuration=3133959, forgiveAmount=1027691, totalDuration=8127483
02-10 08:11:59.083 15594 15608 E OpenGLRenderer: JankTracker::calculateLegacyJank expectedDequeueDuration > 0 expectedDequeueDuration=441833, DequeueBufferDuration=2009635, forgiveAmount=441833, totalDuration=8798834
02-10 08:11:59.099 15594 15608 E OpenGLRenderer: JankTracker::calculateLegacyJank expectedDequeueDuration > 0 expectedDequeueDuration=720258, DequeueBufferDuration=1061667, forgiveAmount=720258, totalDuration=7380370
02-10 08:11:59.117 15594 15608 E OpenGLRenderer: JankTracker::calculateLegacyJank expectedDequeueDuration > 0 expectedDequeueDuration=1024933, DequeueBufferDuration=2756562, forgiveAmount=1024933, totalDuration=7980082
02-10 08:11:59.132 15594 15608 E OpenGLRenderer: JankTracker::calculateLegacyJank expectedDequeueDuration > 0 expectedDequeueDuration=86513, DequeueBufferDuration=1215833, forgiveAmount=86513, totalDuration=10132234
02-10 08:11:59.151 15594 15608 E OpenGLRenderer: JankTracker::calculateLegacyJank expectedDequeueDuration > 0 expectedDequeueDuration=214762, DequeueBufferDuration=2330312, forgiveAmount=214762, totalDuration=9901466
02-10 08:11:59.168 15594 15608 E OpenGLRenderer: JankTracker::calculateLegacyJank expectedDequeueDuration > 0 expectedDequeueDuration=624166, DequeueBufferDuration=1604271, forgiveAmount=624166, totalDuration=8153179
02-10 08:11:59.184 15594 15608 E OpenGLRenderer: JankTracker::calculateLegacyJank expectedDequeueDuration > 0 expectedDequeueDuration=172744, DequeueBufferDuration=2444479, forgiveAmount=172744, totalDuration=10400501
02-10 08:11:59.198 15594 15608 E OpenGLRenderer: JankTracker::calculateLegacyJank expectedDequeueDuration > 0 expectedDequeueDuration=1005623, DequeueBufferDuration=3961042, forgiveAmount=1005623, totalDuration=9447608
02-10 08:11:59.215 15594 15608 E OpenGLRenderer: JankTracker::calculateLegacyJank expectedDequeueDuration > 0 expectedDequeueDuration=1433345, DequeueBufferDuration=3630937, forgiveAmount=1433345, totalDuration=8439404
02-10 08:11:59.235 15594 15608 E OpenGLRenderer: JankTracker::calculateLegacyJank expectedDequeueDuration > 0 expectedDequeueDuration=991507, DequeueBufferDuration=2061615, forgiveAmount=991507, totalDuration=7787246
02-10 08:11:59.250 15594 15608 E OpenGLRenderer: JankTracker::calculateLegacyJank expectedDequeueDuration > 0 expectedDequeueDuration=579878, DequeueBufferDuration=1263906, forgiveAmount=579878, totalDuration=7560140
02-10 08:11:59.283 15594 15608 E OpenGLRenderer: JankTracker::calculateLegacyJank expectedDequeueDuration > 0 expectedDequeueDuration=343091, DequeueBufferDuration=2617552, forgiveAmount=343091, totalDuration=9419912
02-10 08:11:59.300 15594 15608 E OpenGLRenderer: JankTracker::calculateLegacyJank expectedDequeueDuration > 0 expectedDequeueDuration=443106, DequeueBufferDuration=4470417, forgiveAmount=443106, totalDuration=10922069
02-10 08:11:59.316 15594 15608 E OpenGLRenderer: JankTracker::calculateLegacyJank expectedDequeueDuration > 0 expectedDequeueDuration=838780, DequeueBufferDuration=2156718, forgiveAmount=838780, totalDuration=8027701
02-10 08:11:59.332 15594 15608 E OpenGLRenderer: JankTracker::calculateLegacyJank expectedDequeueDuration > 0 expectedDequeueDuration=510476, DequeueBufferDuration=2467604, forgiveAmount=510476, totalDuration=9099829
02-10 08:11:59.364 15594 15608 E OpenGLRenderer: JankTracker::calculateLegacyJank expectedDequeueDuration > 0 expectedDequeueDuration=1366896, DequeueBufferDuration=2020052, forgiveAmount=1366896, totalDuration=6053291
02-10 08:11:59.382 15594 15608 E OpenGLRenderer: JankTracker::calculateLegacyJank expectedDequeueDuration > 0 expectedDequeueDuration=1087635, DequeueBufferDuration=815990, forgiveAmount=815990, totalDuration=4967677
02-10 08:11:59.400 15594 15608 E OpenGLRenderer: JankTracker::calculateLegacyJank expectedDequeueDuration > 0 expectedDequeueDuration=2345357, DequeueBufferDuration=1803125, forgiveAmount=1803125, totalDuration=4281674
02-10 08:11:59.417 15594 15608 E OpenGLRenderer: JankTracker::calculateLegacyJank expectedDequeueDuration > 0 expectedDequeueDuration=1593034, DequeueBufferDuration=2709323, forgiveAmount=1593034, totalDuration=6721120
