02-10 07:58:11.999 28426 28440 E OpenGLRenderer: JankTracker::calculateLegacyJank expectedDequeueDuration > 0 expectedDequeueDuration=214480, DequeueBufferDuration=1549114, forgiveAmount=214480, totalDuration=9889685
02-10 07:58:12.033 28426 28440 E OpenGLRenderer: JankTracker::calculateLegacyJank expectedDequeueDuration > 0 expectedDequeueDuration=651624, DequeueBufferDuration=1722657, forgiveAmount=651624, totalDuration=9066022
02-10 07:58:12.233 28426 28440 E OpenGLRenderer: JankTracker::calculateLegacyJank expectedDequeueDuration > 0 expectedDequeueDuration=609580, DequeueBufferDuration=7220000, forgiveAmount=609580, totalDuration=14738132
02-10 07:58:12.250 28426 28440 E OpenGLRenderer: JankTracker::calculateLegacyJank expectedDequeueDuration > 0 expectedDequeueDuration=572922, DequeueBufferDuration=2553802, forgiveAmount=572922, totalDuration=9864782
02-10 07:58:12.267 28426 28440 E OpenGLRenderer: JankTracker::calculateLegacyJank expectedDequeueDuration > 0 expectedDequeueDuration=166250, DequeueBufferDuration=1414791, forgiveAmount=166250, totalDuration=9811250
02-10 07:58:12.304 28426 28440 E OpenGLRenderer: JankTracker::calculateLegacyJank expectedDequeueDuration > 0 expectedDequeueDuration=1262160, DequeueBufferDuration=3299063, forgiveAmount=1262160, totalDuration=11099118
02-10 07:58:12.714 28426 29005 E OpenGLRenderer: JankTracker::calculateLegacyJank expectedDequeueDuration > 0 expectedDequeueDuration=1058846, DequeueBufferDuration=1082188, forgiveAmount=1058846, totalDuration=7380224
02-10 07:58:12.731 28426 29005 E OpenGLRenderer: JankTracker::calculateLegacyJank expectedDequeueDuration > 0 expectedDequeueDuration=232796, DequeueBufferDuration=1705729, forgiveAmount=232796, totalDuration=11984357
02-10 07:58:12.748 28426 29005 E OpenGLRenderer: JankTracker::calculateLegacyJank expectedDequeueDuration > 0 expectedDequeueDuration=1487591, DequeueBufferDuration=1590365, forgiveAmount=1487591, totalDuration=10514973
02-10 07:58:15.358 8144 8144 E com.mbwhatsapp: Not starting debugger since process cannot load the jdwp agent.
02-10 07:58:15.690 8144 8144 E CustomActivityOnCrash: IMPORTANT WARNING! You already have an UncaughtExceptionHandler, are you sure this is correct? If you use a custom UncaughtExceptionHandler, you must initialize it AFTER CustomActivityOnCrash! Installing anyway, but your original handler will not be called.
02-10 07:58:16.460 8144 8198 W com.mbwhatsapp: Method void X.2rL.A03(java.lang.Integer) failed lock verification and will run slower.
02-10 07:58:16.460 8144 8198 W com.mbwhatsapp: Common causes for lock verification issues are non-optimized dex code
02-10 07:58:16.460 8144 8198 W com.mbwhatsapp: and incorrect proguard optimizations. --------- beginning of main
02-10 07:58:17.379 8144 8144 E ArmVmp : Match on catch block at 0x0a in for 0x7630ce6031
02-10 07:58:17.433 8144 8144 E ArmVmp : Match on catch block at 0x0a in for 0x7630ce604d
02-10 07:58:17.984 8144 8144 E ArmVmp : Match on catch block at 0x0a in for 0x7630ce6035
02-10 07:58:18.981 8144 8144 E RecyclerView: No adapter attached; skipping layout
02-10 07:58:19.137 8144 8144 E RecyclerView: No adapter attached; skipping layout
02-10 07:58:21.934 8144 8413 E OpenGLRenderer: JankTracker::calculateLegacyJank expectedDequeueDuration > 0 expectedDequeueDuration=1314730, DequeueBufferDuration=514218, forgiveAmount=514218, totalDuration=7081521
02-10 07:58:22.149 8144 8413 E OpenGLRenderer: JankTracker::calculateLegacyJank expectedDequeueDuration > 0 expectedDequeueDuration=1285341, DequeueBufferDuration=1253386, forgiveAmount=1253386, totalDuration=6124293
02-10 07:58:26.046 8144 8156 E OpenGLRenderer: JankTracker::calculateLegacyJank expectedDequeueDuration > 0 expectedDequeueDuration=1921301, DequeueBufferDuration=1664271, forgiveAmount=1664271, totalDuration=5576772
02-10 07:58:26.164 8144 8156 E OpenGLRenderer: JankTracker::calculateLegacyJank expectedDequeueDuration > 0 expectedDequeueDuration=1108066, DequeueBufferDuration=4351302, forgiveAmount=1108066, totalDuration=9485900
02-10 07:58:26.264 8144 8156 E OpenGLRenderer: JankTracker::calculateLegacyJank expectedDequeueDuration > 0 expectedDequeueDuration=1781268, DequeueBufferDuration=656250, forgiveAmount=656250, totalDuration=4688055
02-10 07:58:26.347 8144 8156 E OpenGLRenderer: JankTracker::calculateLegacyJank expectedDequeueDuration > 0 expectedDequeueDuration=1487394, DequeueBufferDuration=515521, forgiveAmount=515521, totalDuration=4815366
02-10 07:58:26.831 8144 8157 E OpenGLRenderer: JankTracker::calculateLegacyJank expectedDequeueDuration > 0 expectedDequeueDuration=1023251, DequeueBufferDuration=1143178, forgiveAmount=1023251, totalDuration=15242560
02-10 07:58:26.851 8144 8157 E OpenGLRenderer: JankTracker::calculateLegacyJank expectedDequeueDuration > 0 expectedDequeueDuration=589137, DequeueBufferDuration=4311302, forgiveAmount=589137, totalDuration=15236257
02-10 07:58:37.849 8144 8637 E OpenGLRenderer: JankTracker::calculateLegacyJank expectedDequeueDuration > 0 expectedDequeueDuration=97179, DequeueBufferDuration=3997135, forgiveAmount=97179, totalDuration=18202830
02-10 07:58:37.881 8144 8637 E OpenGLRenderer: JankTracker::calculateLegacyJank expectedDequeueDuration > 0 expectedDequeueDuration=1438076, DequeueBufferDuration=2486458, forgiveAmount=1438076, totalDuration=7066035
02-10 07:58:37.898 8144 8637 E OpenGLRenderer: JankTracker::calculateLegacyJank expectedDequeueDuration > 0 expectedDequeueDuration=1449911, DequeueBufferDuration=1916771, forgiveAmount=1449911, totalDuration=6244396
02-10 07:58:37.915 8144 8637 E OpenGLRenderer: JankTracker::calculateLegacyJank expectedDequeueDuration > 0 expectedDequeueDuration=1414767, DequeueBufferDuration=1439114, forgiveAmount=1414767, totalDuration=7755310
02-10 07:58:37.950 8144 8637 E OpenGLRenderer: JankTracker::calculateLegacyJank expectedDequeueDuration > 0 expectedDequeueDuration=683902, DequeueBufferDuration=649687, forgiveAmount=649687, totalDuration=7263026
02-10 07:58:37.982 8144 8637 E OpenGLRenderer: JankTracker::calculateLegacyJank expectedDequeueDuration > 0 expectedDequeueDuration=152796, DequeueBufferDuration=1793021, forgiveAmount=152796, totalDuration=9677220
02-10 07:58:38.001 8144 8637 E OpenGLRenderer: JankTracker::calculateLegacyJank expectedDequeueDuration > 0 expectedDequeueDuration=981710, DequeueBufferDuration=677760, forgiveAmount=677760, totalDuration=6462821
02-10 07:58:38.066 8144 8637 E OpenGLRenderer: JankTracker::calculateLegacyJank expectedDequeueDuration > 0 expectedDequeueDuration=1373108, DequeueBufferDuration=2740521, forgiveAmount=1373108, totalDuration=8639044
02-10 07:58:44.170 8144 8158 E OpenGLRenderer: JankTracker::calculateLegacyJank expectedDequeueDuration > 0 expectedDequeueDuration=174183, DequeueBufferDuration=4510417, forgiveAmount=174183, totalDuration=17467310
02-10 07:58:45.983 8144 8144 E ArmVmp : Match on catch block at 0x0a in for 0x7630ce6031
02-10 07:58:46.037 8144 8144 E ArmVmp : Match on catch block at 0x0a in for 0x7630ce604d
02-10 07:58:46.820 8144 8144 E RecyclerView: No adapter attached; skipping layout
02-10 07:58:46.903 8144 8144 E ArmVmp : Match on catch block at 0x0a in for 0x7630ce6035
02-10 07:58:49.333 8144 8637 E OpenGLRenderer: JankTracker::calculateLegacyJank expectedDequeueDuration > 0 expectedDequeueDuration=712976, DequeueBufferDuration=7869375, forgiveAmount=712976, totalDuration=14986808
02-10 07:58:49.664 8144 8622 E OpenGLRenderer: JankTracker::calculateLegacyJank expectedDequeueDuration > 0 expectedDequeueDuration=2486033, DequeueBufferDuration=4353385, forgiveAmount=2486033, totalDuration=10858039
02-10 07:58:55.933 8144 8622 E OpenGLRenderer: JankTracker::calculateLegacyJank expectedDequeueDuration > 0 expectedDequeueDuration=1847151, DequeueBufferDuration=3919479, forgiveAmount=1847151, totalDuration=6778146
02-10 07:58:55.949 8144 8622 E OpenGLRenderer: JankTracker::calculateLegacyJank expectedDequeueDuration > 0 expectedDequeueDuration=1932205, DequeueBufferDuration=4013594, forgiveAmount=1932205, totalDuration=6441840
02-10 07:58:59.752 8144 8144 E ViewDragHelper: Ignoring pointerId=1 because ACTION_DOWN was not received for this pointer before ACTION_MOVE. It likely happened because ViewDragHelper did not receive all the events in the event stream.
02-10 07:58:59.752 8144 8144 E ViewDragHelper: Ignoring pointerId=1 because ACTION_DOWN was not received for this pointer before ACTION_MOVE. It likely happened because ViewDragHelper did not receive all the events in the event stream.
02-10 07:59:00.585 8144 8637 E OpenGLRenderer: JankTracker::calculateLegacyJank expectedDequeueDuration > 0 expectedDequeueDuration=128405, DequeueBufferDuration=10651614, forgiveAmount=128405, totalDuration=24950325
02-10 07:59:00.648 8144 8637 E OpenGLRenderer: JankTracker::calculateLegacyJank expectedDequeueDuration > 0 expectedDequeueDuration=1142843, DequeueBufferDuration=1517604, forgiveAmount=1142843, totalDuration=6037752
02-10 07:59:00.666 8144 8637 E OpenGLRenderer: JankTracker::calculateLegacyJank expectedDequeueDuration > 0 expectedDequeueDuration=2676004, DequeueBufferDuration=6428646, forgiveAmount=2676004, totalDuration=7186482
02-10 07:59:00.683 8144 8637 E OpenGLRenderer: JankTracker::calculateLegacyJank expectedDequeueDuration > 0 expectedDequeueDuration=2503042, DequeueBufferDuration=3098490, forgiveAmount=2503042, totalDuration=4447145
02-10 07:59:00.698 8144 8637 E OpenGLRenderer: JankTracker::calculateLegacyJank expectedDequeueDuration > 0 expectedDequeueDuration=2567771, DequeueBufferDuration=3673750, forgiveAmount=2567771, totalDuration=6303313
02-10 07:59:00.715 8144 8637 E OpenGLRenderer: JankTracker::calculateLegacyJank expectedDequeueDuration > 0 expectedDequeueDuration=2043518, DequeueBufferDuration=4153073, forgiveAmount=2043518, totalDuration=6440621
02-10 07:59:00.935 8144 8637 E OpenGLRenderer: JankTracker::calculateLegacyJank expectedDequeueDuration > 0 expectedDequeueDuration=858622, DequeueBufferDuration=5151875, forgiveAmount=858622, totalDuration=9728068
02-10 07:59:00.952 8144 8637 E OpenGLRenderer: JankTracker::calculateLegacyJank expectedDequeueDuration > 0 expectedDequeueDuration=1057193, DequeueBufferDuration=4037187, forgiveAmount=1057193, totalDuration=8773947
02-10 07:59:00.970 8144 8637 E OpenGLRenderer: JankTracker::calculateLegacyJank expectedDequeueDuration > 0 expectedDequeueDuration=2056437, DequeueBufferDuration=6603802, forgiveAmount=2056437, totalDuration=10347126
02-10 07:59:00.984 8144 8637 E OpenGLRenderer: JankTracker::calculateLegacyJank expectedDequeueDuration > 0 expectedDequeueDuration=868378, DequeueBufferDuration=4250677, forgiveAmount=868378, totalDuration=9536005
02-10 07:59:01.003 8144 8637 E OpenGLRenderer: JankTracker::calculateLegacyJank expectedDequeueDuration > 0 expectedDequeueDuration=853893, DequeueBufferDuration=5062448, forgiveAmount=853893, totalDuration=9894088
02-10 07:59:01.018 8144 8637 E OpenGLRenderer: JankTracker::calculateLegacyJank expectedDequeueDuration > 0 expectedDequeueDuration=1394139, DequeueBufferDuration=4040208, forgiveAmount=1394139, totalDuration=7233232
02-10 07:59:01.037 8144 8637 E OpenGLRenderer: JankTracker::calculateLegacyJank expectedDequeueDuration > 0 expectedDequeueDuration=1175405, DequeueBufferDuration=4418750, forgiveAmount=1175405, totalDuration=7982107
02-10 07:59:01.056 8144 8637 E OpenGLRenderer: JankTracker::calculateLegacyJank expectedDequeueDuration > 0 expectedDequeueDuration=155628, DequeueBufferDuration=3352604, forgiveAmount=155628, totalDuration=8723067
02-10 07:59:01.067 8144 8637 E OpenGLRenderer: JankTracker::calculateLegacyJank expectedDequeueDuration > 0 expectedDequeueDuration=1538819, DequeueBufferDuration=4365156, forgiveAmount=1538819, totalDuration=7956059
02-10 07:59:01.088 8144 8637 E OpenGLRenderer: JankTracker::calculateLegacyJank expectedDequeueDuration > 0 expectedDequeueDuration=1062775, DequeueBufferDuration=4064688, forgiveAmount=1062775, totalDuration=10343618
02-10 07:59:01.103 8144 8637 E OpenGLRenderer: JankTracker::calculateLegacyJank expectedDequeueDuration > 0 expectedDequeueDuration=2078347, DequeueBufferDuration=4877396, forgiveAmount=2078347, totalDuration=6382576
02-10 07:59:01.117 8144 8637 E OpenGLRenderer: JankTracker::calculateLegacyJank expectedDequeueDuration > 0 expectedDequeueDuration=2169432, DequeueBufferDuration=5465573, forgiveAmount=2169432, totalDuration=8255563
02-10 07:59:01.133 8144 8637 E OpenGLRenderer: JankTracker::calculateLegacyJank expectedDequeueDuration > 0 expectedDequeueDuration=1430790, DequeueBufferDuration=4195312, forgiveAmount=1430790, totalDuration=7495191
02-10 07:59:01.150 8144 8637 E OpenGLRenderer: JankTracker::calculateLegacyJank expectedDequeueDuration > 0 expectedDequeueDuration=1447790, DequeueBufferDuration=3928750, forgiveAmount=1447790, totalDuration=6670722
02-10 07:59:01.169 8144 8637 E OpenGLRenderer: JankTracker::calculateLegacyJank expectedDequeueDuration > 0 expectedDequeueDuration=1492662, DequeueBufferDuration=3626198, forgiveAmount=1492662, totalDuration=6330405
02-10 07:59:03.933 8144 8157 E OpenGLRenderer: JankTracker::calculateLegacyJank expectedDequeueDuration > 0 expectedDequeueDuration=1226843, DequeueBufferDuration=5623281, forgiveAmount=1226843, totalDuration=11724023
02-10 07:59:07.217 8144 8413 E OpenGLRenderer: JankTracker::calculateLegacyJank expectedDequeueDuration > 0 expectedDequeueDuration=124028, DequeueBufferDuration=787552, forgiveAmount=124028, totalDuration=10135695
02-10 07:59:07.332 8144 8413 E OpenGLRenderer: JankTracker::calculateLegacyJank expectedDequeueDuration > 0 expectedDequeueDuration=658490, DequeueBufferDuration=765990, forgiveAmount=658490, totalDuration=10031249
02-10 07:59:07.398 8144 8413 E OpenGLRenderer: JankTracker::calculateLegacyJank expectedDequeueDuration > 0 expectedDequeueDuration=609336, DequeueBufferDuration=2877083, forgiveAmount=609336, totalDuration=13358671
02-10 07:59:07.416 8144 8413 E OpenGLRenderer: JankTracker::calculateLegacyJank expectedDequeueDuration > 0 expectedDequeueDuration=658863, DequeueBufferDuration=2206145, forgiveAmount=658863, totalDuration=11335243
02-10 07:59:07.449 8144 8413 E OpenGLRenderer: JankTracker::calculateLegacyJank expectedDequeueDuration > 0 expectedDequeueDuration=386417, DequeueBufferDuration=1489323, forgiveAmount=386417, totalDuration=10063676
02-10 07:59:07.465 8144 8413 E OpenGLRenderer: JankTracker::calculateLegacyJank expectedDequeueDuration > 0 expectedDequeueDuration=563970, DequeueBufferDuration=1956458, forgiveAmount=563970, totalDuration=10516487
02-10 07:59:07.534 8144 8413 E OpenGLRenderer: JankTracker::calculateLegacyJank expectedDequeueDuration > 0 expectedDequeueDuration=535519, DequeueBufferDuration=2410990, forgiveAmount=535519, totalDuration=12594952
02-10 07:59:07.815 8144 8413 E OpenGLRenderer: JankTracker::calculateLegacyJank expectedDequeueDuration > 0 expectedDequeueDuration=516393, DequeueBufferDuration=886146, forgiveAmount=516393, totalDuration=8997787
02-10 07:59:07.849 8144 8413 E OpenGLRenderer: JankTracker::calculateLegacyJank expectedDequeueDuration > 0 expectedDequeueDuration=150048, DequeueBufferDuration=519948, forgiveAmount=150048, totalDuration=9932820
02-10 07:59:08.001 8144 8413 E OpenGLRenderer: JankTracker::calculateLegacyJank expectedDequeueDuration > 0 expectedDequeueDuration=844884, DequeueBufferDuration=3211458, forgiveAmount=844884, totalDuration=11477471
02-10 07:59:08.401 8144 8413 E OpenGLRenderer: JankTracker::calculateLegacyJank expectedDequeueDuration > 0 expectedDequeueDuration=35072, DequeueBufferDuration=2001302, forgiveAmount=35072, totalDuration=11859074
02-10 07:59:08.952 8144 8413 E OpenGLRenderer: JankTracker::calculateLegacyJank expectedDequeueDuration > 0 expectedDequeueDuration=1193351, DequeueBufferDuration=5372344, forgiveAmount=1193351, totalDuration=11451580
02-10 07:59:08.968 8144 8413 E OpenGLRenderer: JankTracker::calculateLegacyJank expectedDequeueDuration > 0 expectedDequeueDuration=518305, DequeueBufferDuration=3944479, forgiveAmount=518305, totalDuration=11810057
02-10 07:59:08.986 8144 8413 E OpenGLRenderer: JankTracker::calculateLegacyJank expectedDequeueDuration > 0 expectedDequeueDuration=270931, DequeueBufferDuration=3662240, forgiveAmount=270931, totalDuration=12174961
02-10 07:59:09.002 8144 8413 E OpenGLRenderer: JankTracker::calculateLegacyJank expectedDequeueDuration > 0 expectedDequeueDuration=571872, DequeueBufferDuration=4250000, forgiveAmount=571872, totalDuration=13101985
02-10 07:59:09.018 8144 8413 E OpenGLRenderer: JankTracker::calculateLegacyJank expectedDequeueDuration > 0 expectedDequeueDuration=421464, DequeueBufferDuration=4484583, forgiveAmount=421464, totalDuration=13112592
02-10 07:59:09.052 8144 8413 E OpenGLRenderer: JankTracker::calculateLegacyJank expectedDequeueDuration > 0 expectedDequeueDuration=356421, DequeueBufferDuration=2906510, forgiveAmount=356421, totalDuration=11729345
02-10 07:59:09.067 8144 8413 E OpenGLRenderer: JankTracker::calculateLegacyJank expectedDequeueDuration > 0 expectedDequeueDuration=883758, DequeueBufferDuration=3593697, forgiveAmount=883758, totalDuration=11680193
02-10 07:59:09.235 8144 8413 E OpenGLRenderer: JankTracker::calculateLegacyJank expectedDequeueDuration > 0 expectedDequeueDuration=1930212, DequeueBufferDuration=14928646, forgiveAmount=1930212, totalDuration=18956451
02-10 07:59:09.985 8144 8413 E OpenGLRenderer: JankTracker::calculateLegacyJank expectedDequeueDuration > 0 expectedDequeueDuration=94800, DequeueBufferDuration=3226354, forgiveAmount=94800, totalDuration=13310555
02-10 07:59:10.857 8144 8413 E OpenGLRenderer: JankTracker::calculateLegacyJank expectedDequeueDuration > 0 expectedDequeueDuration=1750957, DequeueBufferDuration=4430625, forgiveAmount=1750957, totalDuration=12519388
02-10 07:59:10.870 8144 8413 E OpenGLRenderer: JankTracker::calculateLegacyJank expectedDequeueDuration > 0 expectedDequeueDuration=126521, DequeueBufferDuration=5264010, forgiveAmount=126521, totalDuration=14717791
02-10 07:59:10.884 8144 8413 E OpenGLRenderer: JankTracker::calculateLegacyJank expectedDequeueDuration > 0 expectedDequeueDuration=90758, DequeueBufferDuration=8780156, forgiveAmount=90758, totalDuration=19848224
02-10 07:59:10.901 8144 8413 E OpenGLRenderer: JankTracker::calculateLegacyJank expectedDequeueDuration > 0 expectedDequeueDuration=32765, DequeueBufferDuration=4702396, forgiveAmount=32765, totalDuration=13793480
02-10 07:59:10.918 8144 8413 E OpenGLRenderer: JankTracker::calculateLegacyJank expectedDequeueDuration > 0 expectedDequeueDuration=1489552, DequeueBufferDuration=3481875, forgiveAmount=1489552, totalDuration=10261572
02-10 07:59:10.935 8144 8413 E OpenGLRenderer: JankTracker::calculateLegacyJank expectedDequeueDuration > 0 expectedDequeueDuration=1135856, DequeueBufferDuration=3694687, forgiveAmount=1135856, totalDuration=11532559
02-10 07:59:11.355 8144 8413 E OpenGLRenderer: JankTracker::calculateLegacyJank expectedDequeueDuration > 0 expectedDequeueDuration=424458, DequeueBufferDuration=1646823, forgiveAmount=424458, totalDuration=10786240
02-10 07:59:12.602 8144 8158 E OpenGLRenderer: JankTracker::calculateLegacyJank expectedDequeueDuration > 0 expectedDequeueDuration=510748, DequeueBufferDuration=2606042, forgiveAmount=510748, totalDuration=11678400
02-10 07:59:12.653 8144 8158 E OpenGLRenderer: JankTracker::calculateLegacyJank expectedDequeueDuration > 0 expectedDequeueDuration=170414, DequeueBufferDuration=3601615, forgiveAmount=170414, totalDuration=11655683
02-10 07:59:12.666 8144 8158 E OpenGLRenderer: JankTracker::calculateLegacyJank expectedDequeueDuration > 0 expectedDequeueDuration=1208257, DequeueBufferDuration=1300886, forgiveAmount=1208257, totalDuration=7674267
02-10 07:59:12.704 8144 8158 E OpenGLRenderer: JankTracker::calculateLegacyJank expectedDequeueDuration > 0 expectedDequeueDuration=1941890, DequeueBufferDuration=3063282, forgiveAmount=1941890, totalDuration=8481897
02-10 07:59:13.668 8144 8158 E OpenGLRenderer: JankTracker::calculateLegacyJank expectedDequeueDuration > 0 expectedDequeueDuration=376285, DequeueBufferDuration=2888646, forgiveAmount=376285, totalDuration=11390400
02-10 07:59:13.683 8144 8637 E OpenGLRenderer: JankTracker::calculateLegacyJank expectedDequeueDuration > 0 expectedDequeueDuration=316618, DequeueBufferDuration=1529948, forgiveAmount=316618, totalDuration=8874888
02-10 07:59:13.955 8144 8193 E SQLiteDatabase: Error inserting transferred=0 media_job_uuid=0ffe9f78-0544-4a2c-8f67-efc270ae7488 transcoded=0 gif_attribution=0 first_scan_length=0 direct_path=/v/t62.7161- 24/35252773_317445387456067_4988382159781179837_n.enc?ccb=11- 4&oh=01_AdRBEDe3WvEeI8ctp1tI76qVxZz0f4EGw14VgnR5v_L5Bg&oe=65EE56E5&_nc_sid=5e03e0 thumbnail_height_width_ratio=1.7777778 is_animated_sticker=0 file_hash=qyRUd3R2t11uhmpcN8W3GTinI4nNj4UddvfrtLHRg3Q= file_path=null file_size=0 partial_media_hash=null face_x=0 face_y=0 height=1024 trim_to=0 media_key_timestamp=1707526732000 message_url=*********************************************************************** *********************************************************************************** ********************************** media_caption=null trim_from=0 mime_type=video/mp4 partial_media_enc_hash=null width=576 original_file_hash=null has_streaming_sidecar=1 autotransfer_retry_enabled=0 media_upload_handle=null message_row_id=130 multicast_id=null enc_file_hash=6zZgamLPK5XdtxFcBgktsgOnU+bMn/qEh4NkMd1QGig= mute_video=0 page_count=0 first_scan_sidecar=null suspicious_content=0 file_length=3061505 media_name=null media_duration=13 chat_row_id=51 media_key=[B@9becf5e
02-10 07:59:13.955 8144 8193 E SQLiteDatabase: android.database.sqlite.SQLiteConstraintException: UNIQUE constraint failed: message_media.message_row_id (code 1555 SQLITE_CONSTRAINT_PRIMARYKEY)
02-10 07:59:13.955 8144 8193 E SQLiteDatabase: at android.database.sqlite.SQLiteConnection.nativeExecuteForLastInsertedRowId(Native Method)
02-10 07:59:13.955 8144 8193 E SQLiteDatabase: at android.database.sqlite.SQLiteConnection.executeForLastInsertedRowId(SQLiteConnecti on.java:985)
02-10 07:59:13.955 8144 8193 E SQLiteDatabase: at android.database.sqlite.SQLiteSession.executeForLastInsertedRowId(SQLiteSession.jav a:790)
02-10 07:59:13.955 8144 8193 E SQLiteDatabase: at android.database.sqlite.SQLiteStatement.executeInsert(SQLiteStatement.java:89)
02-10 07:59:13.955 8144 8193 E SQLiteDatabase: at android.database.sqlite.SQLiteDatabase.insertWithOnConflict(SQLiteDatabase.java:170 2)
02-10 07:59:13.955 8144 8193 E SQLiteDatabase: at android.database.sqlite.SQLiteDatabase.insert(SQLiteDatabase.java:1571)
02-10 07:59:13.955 8144 8193 E SQLiteDatabase: at X.2tm.A08(Unknown Source:6)
02-10 07:59:13.955 8144 8193 E SQLiteDatabase: at X.35Y.A07(Unknown Source:212)
02-10 07:59:13.955 8144 8193 E SQLiteDatabase: at X.3QF.A14(Unknown Source:470)
02-10 07:59:13.955 8144 8193 E SQLiteDatabase: at X.3gU.run(Unknown Source:982)
02-10 07:59:13.955 8144 8193 E SQLiteDatabase: at android.os.Handler.handleCallback(Handler.java:938)
02-10 07:59:13.955 8144 8193 E SQLiteDatabase: at android.os.Handler.dispatchMessage(Handler.java:99)
02-10 07:59:13.955 8144 8193 E SQLiteDatabase: at X.0zq.dispatchMessage(Unknown Source:4)
02-10 07:59:13.955 8144 8193 E SQLiteDatabase: at android.os.Looper.loopOnce(Looper.java:233)
02-10 07:59:13.955 8144 8193 E SQLiteDatabase: at android.os.Looper.loop(Looper.java:334)
02-10 07:59:13.955 8144 8193 E SQLiteDatabase: at android.os.HandlerThread.run(HandlerThread.java:67)
02-10 07:59:13.960 8144 8193 E SQLiteDatabase: Error inserting transferred=0 media_job_uuid=0ffe9f78-0544-4a2c-8f67-efc270ae7488 transcoded=0 gif_attribution=0 first_scan_length=0 direct_path=/v/t62.7161- 24/35252773_317445387456067_4988382159781179837_n.enc?ccb=11- 4&oh=01_AdRBEDe3WvEeI8ctp1tI76qVxZz0f4EGw14VgnR5v_L5Bg&oe=65EE56E5&_nc_sid=5e03e0 thumbnail_height_width_ratio=1.7777778 is_animated_sticker=0 file_hash=qyRUd3R2t11uhmpcN8W3GTinI4nNj4UddvfrtLHRg3Q= file_path=null file_size=0 partial_media_hash=null face_x=0 face_y=0 height=1024 trim_to=0 media_key_timestamp=1707526732000 message_url=*********************************************************************** *********************************************************************************** ********************************** media_caption=null trim_from=0 mime_type=video/mp4 partial_media_enc_hash=null width=576 original_file_hash=null has_streaming_sidecar=1 autotransfer_retry_enabled=0 media_upload_handle=null message_row_id=130 multicast_id=null enc_file_hash=6zZgamLPK5XdtxFcBgktsgOnU+bMn/qEh4NkMd1QGig= mute_video=0 page_count=0 first_scan_sidecar=null suspicious_content=0 file_length=3061505 media_name=null media_duration=13 chat_row_id=51 media_key=[B@9becf5e
02-10 07:59:13.960 8144 8193 E SQLiteDatabase: android.database.sqlite.SQLiteConstraintException: UNIQUE constraint failed: message_media.message_row_id (code 1555 SQLITE_CONSTRAINT_PRIMARYKEY)
02-10 07:59:13.960 8144 8193 E SQLiteDatabase: at android.database.sqlite.SQLiteConnection.nativeExecuteForLastInsertedRowId(Native Method)
02-10 07:59:13.960 8144 8193 E SQLiteDatabase: at android.database.sqlite.SQLiteConnection.executeForLastInsertedRowId(SQLiteConnecti on.java:985)
02-10 07:59:13.960 8144 8193 E SQLiteDatabase: at android.database.sqlite.SQLiteSession.executeForLastInsertedRowId(SQLiteSession.jav a:790)
02-10 07:59:13.960 8144 8193 E SQLiteDatabase: at android.database.sqlite.SQLiteStatement.executeInsert(SQLiteStatement.java:89)
02-10 07:59:13.960 8144 8193 E SQLiteDatabase: at android.database.sqlite.SQLiteDatabase.insertWithOnConflict(SQLiteDatabase.java:170 2)
02-10 07:59:13.960 8144 8193 E SQLiteDatabase: at android.database.sqlite.SQLiteDatabase.insert(SQLiteDatabase.java:1571)
02-10 07:59:13.960 8144 8193 E SQLiteDatabase: at X.2tm.A08(Unknown Source:6)
02-10 07:59:13.960 8144 8193 E SQLiteDatabase: at X.35Y.A07(Unknown Source:212)
02-10 07:59:13.960 8144 8193 E SQLiteDatabase: at X.3QF.A14(Unknown Source:470)
02-10 07:59:13.960 8144 8193 E SQLiteDatabase: at X.3gU.run(Unknown Source:982)
02-10 07:59:13.960 8144 8193 E SQLiteDatabase: at android.os.Handler.handleCallback(Handler.java:938)
02-10 07:59:13.960 8144 8193 E SQLiteDatabase: at android.os.Handler.dispatchMessage(Handler.java:99)
02-10 07:59:13.960 8144 8193 E SQLiteDatabase: at X.0zq.dispatchMessage(Unknown Source:4)
02-10 07:59:13.960 8144 8193 E SQLiteDatabase: at android.os.Looper.loopOnce(Looper.java:233)
02-10 07:59:13.960 8144 8193 E SQLiteDatabase: at android.os.Looper.loop(Looper.java:334)
02-10 07:59:13.960 8144 8193 E SQLiteDatabase: at android.os.HandlerThread.run(HandlerThread.java:67)
02-10 07:59:14.131 8144 8637 E OpenGLRenderer: JankTracker::calculateLegacyJank expectedDequeueDuration > 0 expectedDequeueDuration=574563, DequeueBufferDuration=6649114, forgiveAmount=574563, totalDuration=17247697
02-10 07:59:14.934 8144 9046 E RenderScript: Failed to find hal setup entry points: undefined symbol: rsdHalAbort
02-10 07:59:14.935 8144 9046 E RenderScript: Failed to load runtime , loading default
02-10 07:59:15.386 8144 8144 E ArmVmp : Match on catch block at 0x0a in for 0x7630ce6035
02-10 07:59:15.396 8144 8144 E ArmVmp : Match on catch block at 0x0a in for 0x7630ce6035
02-10 07:59:15.452 8144 8144 E ArmVmp : Match on catch block at 0x0a in for 0x7630ce6071
02-10 07:59:15.877 8144 8144 E ArmVmp : Match on catch block at 0xc3 in for 0x7630ce6021
02-10 07:59:15.881 8144 8144 E ArmVmp : Match on catch block at 0xc3 in for 0x7630ce6021
02-10 07:59:16.420 8144 8144 E ArmVmp : Match on catch block at 0xc3 in for 0x7630ce6025
02-10 07:59:16.433 8144 8144 E ArmVmp : Match on catch block at 0xc3 in for 0x7630ce6025
02-10 07:59:16.626 8144 8144 E ArmVmp : Match on catch block at 0x0a in for 0x7630ce607d
02-10 07:59:16.660 8144 8144 E ArmVmp : Match on catch block at 0xc3 in for 0x7630ce6025
02-10 07:59:16.667 8144 8144 E ArmVmp : Match on catch block at 0xc3 in for 0x7630ce6025
02-10 07:59:16.794 8144 8144 E ArmVmp : Match on catch block at 0xc3 in for 0x7630ce6025
02-10 07:59:16.799 8144 8144 E ArmVmp : Match on catch block at 0xc3 in for 0x7630ce6025
02-10 07:59:16.881 8144 8144 E ArmVmp : Match on catch block at 0xc3 in for 0x7630ce6025
02-10 07:59:16.886 8144 8144 E ArmVmp : Match on catch block at 0xc3 in for 0x7630ce6025
02-10 07:59:16.928 8144 8144 E ArmVmp : Match on catch block at 0xc3 in for 0x7630ce6025
02-10 07:59:16.934 8144 8144 E ArmVmp : Match on catch block at 0xc3 in for 0x7630ce6025
02-10 07:59:16.982 8144 8144 E ArmVmp : Match on catch block at 0xc3 in for 0x7630ce6025
02-10 07:59:16.986 8144 8144 E ArmVmp : Match on catch block at 0xc3 in for 0x7630ce6025
02-10 07:59:17.022 8144 8144 E ArmVmp : Match on catch block at 0xc3 in for 0x7630ce6025
02-10 07:59:17.025 8144 8144 E ArmVmp : Match on catch block at 0xc3 in for 0x7630ce6025
02-10 07:59:17.056 8144 8144 E ArmVmp : Match on catch block at 0xc3 in for 0x7630ce6025
02-10 07:59:17.058 8144 8144 E ArmVmp : Match on catch block at 0xc3 in for 0x7630ce6025
02-10 07:59:17.086 8144 8144 E ArmVmp : Match on catch block at 0xc3 in for 0x7630ce6025
02-10 07:59:17.089 8144 8144 E ArmVmp : Match on catch block at 0xc3 in for 0x7630ce6025
02-10 07:59:17.119 8144 8144 E ArmVmp : Match on catch block at 0xc3 in for 0x7630ce6025
02-10 07:59:17.122 8144 8144 E ArmVmp : Match on catch block at 0xc3 in for 0x7630ce6025
02-10 07:59:17.150 8144 8144 E ArmVmp : Match on catch block at 0xc3 in for 0x7630ce6025
02-10 07:59:17.152 8144 8144 E ArmVmp : Match on catch block at 0xc3 in for 0x7630ce6025
02-10 07:59:17.180 8144 8144 E ArmVmp : Match on catch block at 0xc3 in for 0x7630ce6025
02-10 07:59:17.183 8144 8144 E ArmVmp : Match on catch block at 0xc3 in for 0x7630ce6025
02-10 07:59:17.211 8144 8144 E ArmVmp : Match on catch block at 0xc3 in for 0x7630ce6025
02-10 07:59:17.214 8144 8144 E ArmVmp : Match on catch block at 0xc3 in for 0x7630ce6025
02-10 07:59:17.242 8144 8144 E ArmVmp : Match on catch block at 0xc3 in for 0x7630ce6025
02-10 07:59:17.245 8144 8144 E ArmVmp : Match on catch block at 0xc3 in for 0x7630ce6025
02-10 07:59:17.273 8144 8144 E ArmVmp : Match on catch block at 0xc3 in for 0x7630ce6025
02-10 07:59:17.276 8144 8144 E ArmVmp : Match on catch block at 0xc3 in for 0x7630ce6025
02-10 07:59:17.304 8144 8144 E ArmVmp : Match on catch block at 0xc3 in for 0x7630ce6025
02-10 07:59:17.307 8144 8144 E ArmVmp : Match on catch block at 0xc3 in for 0x7630ce6025
02-10 07:59:17.334 8144 8144 E ArmVmp : Match on catch block at 0xc3 in for 0x7630ce6025
02-10 07:59:17.336 8144 8144 E ArmVmp : Match on catch block at 0xc3 in for 0x7630ce6025
02-10 07:59:17.366 8144 8144 E ArmVmp : Match on catch block at 0xc3 in for 0x7630ce6025
02-10 07:59:17.368 8144 8144 E ArmVmp : Match on catch block at 0xc3 in for 0x7630ce6025
02-10 07:59:17.396 8144 8144 E ArmVmp : Match on catch block at 0xc3 in for 0x7630ce6025
02-10 07:59:17.399 8144 8144 E ArmVmp : Match on catch block at 0xc3 in for 0x7630ce6025
02-10 07:59:17.426 8144 8144 E ArmVmp : Match on catch block at 0xc3 in for 0x7630ce6025
02-10 07:59:17.429 8144 8144 E ArmVmp : Match on catch block at 0xc3 in for 0x7630ce6025
02-10 07:59:17.456 8144 8144 E ArmVmp : Match on catch block at 0xc3 in for 0x7630ce6025
02-10 07:59:17.459 8144 8144 E ArmVmp : Match on catch block at 0xc3 in for 0x7630ce6025
02-10 07:59:17.486 8144 8144 E ArmVmp : Match on catch block at 0xc3 in for 0x7630ce6025
02-10 07:59:17.488 8144 8144 E ArmVmp : Match on catch block at 0xc3 in for 0x7630ce6025
02-10 07:59:17.516 8144 8144 E ArmVmp : Match on catch block at 0xc3 in for 0x7630ce6025
02-10 07:59:17.519 8144 8144 E ArmVmp : Match on catch block at 0xc3 in for 0x7630ce6025
02-10 07:59:17.547 8144 8144 E ArmVmp : Match on catch block at 0xc3 in for 0x7630ce6025
02-10 07:59:17.550 8144 8144 E ArmVmp : Match on catch block at 0xc3 in for 0x7630ce6025
02-10 07:59:17.577 8144 8144 E ArmVmp : Match on catch block at 0xc3 in for 0x7630ce6025
02-10 07:59:17.580 8144 8144 E ArmVmp : Match on catch block at 0xc3 in for 0x7630ce6025
02-10 07:59:17.608 8144 8144 E ArmVmp : Match on catch block at 0xc3 in for 0x7630ce6025
02-10 07:59:17.611 8144 8144 E ArmVmp : Match on catch block at 0xc3 in for 0x7630ce6025
02-10 07:59:17.638 8144 8144 E ArmVmp : Match on catch block at 0xc3 in for 0x7630ce6025
02-10 07:59:17.641 8144 8144 E ArmVmp : Match on catch block at 0xc3 in for 0x7630ce6025
02-10 07:59:17.669 8144 8144 E ArmVmp : Match on catch block at 0xc3 in for 0x7630ce6025
02-10 07:59:17.672 8144 8144 E ArmVmp : Match on catch block at 0xc3 in for 0x7630ce6025
02-10 07:59:17.745 8144 8144 E ArmVmp : Match on catch block at 0xc3 in for 0x7630ce6025
02-10 07:59:17.748 8144 8144 E ArmVmp : Match on catch block at 0xc3 in for 0x7630ce6025
02-10 07:59:17.816 8144 8144 E ArmVmp : Match on catch block at 0xc3 in for 0x7630ce6025
02-10 07:59:17.819 8144 8144 E ArmVmp : Match on catch block at 0xc3 in for 0x7630ce6025
02-10 07:59:17.888 8144 8144 E ArmVmp : Match on catch block at 0xc3 in for 0x7630ce6025
02-10 07:59:17.892 8144 8144 E ArmVmp : Match on catch block at 0xc3 in for 0x7630ce6025
02-10 07:59:18.007 8144 8144 E ArmVmp : Match on catch block at 0xc3 in for 0x7630ce6025
02-10 07:59:18.019 8144 8144 E ArmVmp : Match on catch block at 0xc3 in for 0x7630ce6025
02-10 07:59:18.040 8144 8144 E ArmVmp : Match on catch block at 0xc3 in for 0x7630ce6025
02-10 07:59:18.044 8144 8144 E ArmVmp : Match on catch block at 0xc3 in for 0x7630ce6025
02-10 07:59:18.051 8144 8144 E ArmVmp : Match on catch block at 0xc3 in for 0x7630ce6025
02-10 07:59:18.055 8144 8144 E ArmVmp : Match on catch block at 0xc3 in for 0x7630ce6025
02-10 07:59:18.065 8144 8144 E ArmVmp : Match on catch block at 0xc3 in for 0x7630ce6025
02-10 07:59:18.069 8144 8144 E ArmVmp : Match on catch block at 0xc3 in for 0x7630ce6025
02-10 07:59:18.080 8144 8144 E ArmVmp : Match on catch block at 0xc3 in for 0x7630ce6025
02-10 07:59:18.084 8144 8144 E ArmVmp : Match on catch block at 0xc3 in for 0x7630ce6025
02-10 07:59:18.098 8144 8144 E ArmVmp : Match on catch block at 0xc3 in for 0x7630ce6025
02-10 07:59:18.104 8144 8144 E ArmVmp : Match on catch block at 0xc3 in for 0x7630ce6025
02-10 07:59:18.114 8144 8144 E ArmVmp : Match on catch block at 0xc3 in for 0x7630ce6025
02-10 07:59:18.120 8144 8144 E ArmVmp : Match on catch block at 0xc3 in for 0x7630ce6025
02-10 07:59:18.130 8144 8144 E ArmVmp : Match on catch block at 0xc3 in for 0x7630ce6025
02-10 07:59:18.134 8144 8144 E ArmVmp : Match on catch block at 0xc3 in for 0x7630ce6025
02-10 07:59:18.148 8144 8144 E ArmVmp : Match on catch block at 0xc3 in for 0x7630ce6025
02-10 07:59:18.152 8144 8144 E ArmVmp : Match on catch block at 0xc3 in for 0x7630ce6025
02-10 07:59:18.164 8144 8144 E ArmVmp : Match on catch block at 0xc3 in for 0x7630ce6025
02-10 07:59:18.168 8144 8144 E ArmVmp : Match on catch block at 0xc3 in for 0x7630ce6025
02-10 07:59:18.182 8144 8144 E ArmVmp : Match on catch block at 0xc3 in for 0x7630ce6025
02-10 07:59:18.185 8144 8144 E ArmVmp : Match on catch block at 0xc3 in for 0x7630ce6025
02-10 07:59:18.197 8144 8144 E ArmVmp : Match on catch block at 0xc3 in for 0x7630ce6025
02-10 07:59:18.200 8144 8144 E ArmVmp : Match on catch block at 0xc3 in for 0x7630ce6025
02-10 07:59:18.213 8144 8144 E ArmVmp : Match on catch block at 0xc3 in for 0x7630ce6025
02-10 07:59:18.216 8144 8144 E ArmVmp : Match on catch block at 0xc3 in for 0x7630ce6025
02-10 07:59:18.231 8144 8144 E ArmVmp : Match on catch block at 0xc3 in for 0x7630ce6025
02-10 07:59:18.235 8144 8144 E ArmVmp : Match on catch block at 0xc3 in for 0x7630ce6025
02-10 07:59:18.248 8144 8144 E ArmVmp : Match on catch block at 0xc3 in for 0x7630ce6025
02-10 07:59:18.252 8144 8144 E ArmVmp : Match on catch block at 0xc3 in for 0x7630ce6025
02-10 07:59:18.264 8144 8144 E ArmVmp : Match on catch block at 0xc3 in for 0x7630ce6025
02-10 07:59:18.268 8144 8144 E ArmVmp : Match on catch block at 0xc3 in for 0x7630ce6025
02-10 07:59:18.281 8144 8144 E ArmVmp : Match on catch block at 0xc3 in for 0x7630ce6025
02-10 07:59:18.285 8144 8144 E ArmVmp : Match on catch block at 0xc3 in for 0x7630ce6025
02-10 07:59:18.301 8144 8144 E ArmVmp : Match on catch block at 0xc3 in for 0x7630ce6025
02-10 07:59:18.305 8144 8144 E ArmVmp : Match on catch block at 0xc3 in for 0x7630ce6025
02-10 07:59:18.316 8144 8144 E ArmVmp : Match on catch block at 0xc3 in for 0x7630ce6025
02-10 07:59:18.319 8144 8144 E ArmVmp : Match on catch block at 0xc3 in for 0x7630ce6025
02-10 07:59:18.381 8144 8144 E ArmVmp : Match on catch block at 0xc3 in for 0x7630ce6025
02-10 07:59:18.385 8144 8144 E ArmVmp : Match on catch block at 0xc3 in for 0x7630ce6025
02-10 07:59:18.398 8144 8144 E ArmVmp : Match on catch block at 0xc3 in for 0x7630ce6025
02-10 07:59:18.402 8144 8144 E ArmVmp : Match on catch block at 0xc3 in for 0x7630ce6025
02-10 07:59:18.416 8144 8144 E ArmVmp : Match on catch block at 0xc3 in for 0x7630ce6025
02-10 07:59:18.420 8144 8144 E ArmVmp : Match on catch block at 0xc3 in for 0x7630ce6025
02-10 07:59:18.433 8144 8144 E ArmVmp : Match on catch block at 0xc3 in for 0x7630ce6025
02-10 07:59:18.436 8144 8144 E ArmVmp : Match on catch block at 0xc3 in for 0x7630ce6025
02-10 07:59:18.448 8144 8144 E ArmVmp : Match on catch block at 0xc3 in for 0x7630ce6025
02-10 07:59:18.452 8144 8144 E ArmVmp : Match on catch block at 0xc3 in for 0x7630ce6025
02-10 07:59:18.466 8144 8144 E ArmVmp : Match on catch block at 0xc3 in for 0x7630ce6025
02-10 07:59:18.470 8144 8144 E ArmVmp : Match on catch block at 0xc3 in for 0x7630ce6025
02-10 07:59:19.003 8144 8144 E ArmVmp : Match on catch block at 0xc3 in for 0x7630ce6025
02-10 07:59:19.017 8144 8144 E ArmVmp : Match on catch block at 0xc3 in for 0x7630ce6025
02-10 07:59:19.500 8144 8144 E ArmVmp : Match on catch block at 0xc3 in for 0x7630ce6025
02-10 07:59:19.508 8144 8144 E ArmVmp : Match on catch block at 0xc3 in for 0x7630ce6025
02-10 07:59:20.003 8144 8144 E ArmVmp : Match on catch block at 0xc3 in for 0x7630ce6025
02-10 07:59:20.013 8144 8144 E ArmVmp : Match on catch block at 0xc3 in for 0x7630ce6025
02-10 07:59:20.250 8144 8144 E ArmVmp : Match on catch block at 0xc3 in for 0x7630ce6025
02-10 07:59:20.255 8144 8144 E ArmVmp : Match on catch block at 0xc3 in for 0x7630ce6025
02-10 07:59:20.270 8144 8144 E ArmVmp : Match on catch block at 0xc3 in for 0x7630ce6025
02-10 07:59:20.279 8144 8144 E ArmVmp : Match on catch block at 0xc3 in for 0x7630ce6025
02-10 07:59:20.503 8144 8144 E ArmVmp : Match on catch block at 0xc3 in for 0x7630ce6025
02-10 07:59:20.514 8144 8144 E ArmVmp : Match on catch block at 0xc3 in for 0x7630ce6025
02-10 07:59:20.584 8144 8144 E ArmVmp : Match on catch block at 0xc3 in for 0x7630ce6025
02-10 07:59:20.587 8144 8144 E ArmVmp : Match on catch block at 0xc3 in for 0x7630ce6025
02-10 07:59:20.596 8144 8144 E ArmVmp : Match on catch block at 0xc3 in for 0x7630ce6025
02-10 07:59:20.602 8144 8144 E ArmVmp : Match on catch block at 0xc3 in for 0x7630ce6025
02-10 07:59:20.609 8144 8144 E ArmVmp : Match on catch block at 0xc3 in for 0x7630ce6025
02-10 07:59:20.612 8144 8144 E ArmVmp : Match on catch block at 0xc3 in for 0x7630ce6025
02-10 07:59:21.002 8144 8144 E ArmVmp : Match on catch block at 0xc3 in for 0x7630ce6025
02-10 07:59:21.012 8144 8144 E ArmVmp : Match on catch block at 0xc3 in for 0x7630ce6025
02-10 07:59:21.502 8144 8144 E ArmVmp : Match on catch block at 0xc3 in for 0x7630ce6025
02-10 07:59:21.513 8144 8144 E ArmVmp : Match on catch block at 0xc3 in for 0x7630ce6025
02-10 07:59:21.997 8144 8144 E ArmVmp : Match on catch block at 0xc3 in for 0x7630ce6025
02-10 07:59:22.001 8144 8144 E ArmVmp : Match on catch block at 0xc3 in for 0x7630ce6025
02-10 07:59:22.170 8144 8144 E ArmVmp : Match on catch block at 0xc3 in for 0x7630ce6025
02-10 07:59:22.180 8144 8144 E ArmVmp : Match on catch block at 0xc3 in for 0x7630ce6025
02-10 07:59:22.196 8144 8144 E ArmVmp : Match on catch block at 0xc3 in for 0x7630ce6025
02-10 07:59:22.211 8144 8144 E ArmVmp : Match on catch block at 0xc3 in for 0x7630ce6025
02-10 07:59:22.227 8144 8144 E ArmVmp : Match on catch block at 0xc3 in for 0x7630ce6025
02-10 07:59:22.236 8144 8144 E ArmVmp : Match on catch block at 0xc3 in for 0x7630ce6025
02-10 07:59:22.248 8144 8144 E ArmVmp : Match on catch block at 0xc3 in for 0x7630ce6025
02-10 07:59:22.259 8144 8144 E ArmVmp : Match on catch block at 0xc3 in for 0x7630ce6025
02-10 07:59:22.268 8144 8144 E ArmVmp : Match on catch block at 0xc3 in for 0x7630ce6025
02-10 07:59:22.275 8144 8144 E ArmVmp : Match on catch block at 0xc3 in for 0x7630ce6025
02-10 07:59:22.285 8144 8144 E ArmVmp : Match on catch block at 0xc3 in for 0x7630ce6025
02-10 07:59:22.288 8144 8144 E ArmVmp : Match on catch block at 0xc3 in for 0x7630ce6025
02-10 07:59:22.297 8144 8144 E ArmVmp : Match on catch block at 0xc3 in for 0x7630ce6025
02-10 07:59:22.301 8144 8144 E ArmVmp : Match on catch block at 0xc3 in for 0x7630ce6025
02-10 07:59:22.315 8144 8144 E ArmVmp : Match on catch block at 0xc3 in for 0x7630ce6025
02-10 07:59:22.319 8144 8144 E ArmVmp : Match on catch block at 0xc3 in for 0x7630ce6025
02-10 07:59:22.332 8144 8144 E ArmVmp : Match on catch block at 0xc3 in for 0x7630ce6025
02-10 07:59:22.336 8144 8144 E ArmVmp : Match on catch block at 0xc3 in for 0x7630ce6025
02-10 07:59:22.349 8144 8144 E ArmVmp : Match on catch block at 0xc3 in for 0x7630ce6025
02-10 07:59:22.352 8144 8144 E ArmVmp : Match on catch block at 0xc3 in for 0x7630ce6025
02-10 07:59:22.365 8144 8144 E ArmVmp : Match on catch block at 0xc3 in for 0x7630ce6025
02-10 07:59:22.369 8144 8144 E ArmVmp : Match on catch block at 0xc3 in for 0x7630ce6025
02-10 07:59:22.382 8144 8144 E ArmVmp : Match on catch block at 0xc3 in for 0x7630ce6025
02-10 07:59:22.386 8144 8144 E ArmVmp : Match on catch block at 0xc3 in for 0x7630ce6025
02-10 07:59:22.399 8144 8144 E ArmVmp : Match on catch block at 0xc3 in for 0x7630ce6025
02-10 07:59:22.402 8144 8144 E ArmVmp : Match on catch block at 0xc3 in for 0x7630ce6025
02-10 07:59:22.415 8144 8144 E ArmVmp : Match on catch block at 0xc3 in for 0x7630ce6025
02-10 07:59:22.419 8144 8144 E ArmVmp : Match on catch block at 0xc3 in for 0x7630ce6025
02-10 07:59:22.431 8144 8144 E ArmVmp : Match on catch block at 0xc3 in for 0x7630ce6025
02-10 07:59:22.434 8144 8144 E ArmVmp : Match on catch block at 0xc3 in for 0x7630ce6025
02-10 07:59:22.499 8144 8144 E ArmVmp : Match on catch block at 0xc3 in for 0x7630ce6025
02-10 07:59:22.502 8144 8144 E ArmVmp : Match on catch block at 0xc3 in for 0x7630ce6025
02-10 07:59:23.001 8144 8144 E ArmVmp : Match on catch block at 0xc3 in for 0x7630ce6025
02-10 07:59:23.015 8144 8144 E ArmVmp : Match on catch block at 0xc3 in for 0x7630ce6025
02-10 07:59:23.507 8144 8144 E ArmVmp : Match on catch block at 0xc3 in for 0x7630ce6025
02-10 07:59:23.517 8144 8144 E ArmVmp : Match on catch block at 0xc3 in for 0x7630ce6025
02-10 07:59:24.019 8144 8144 E ArmVmp : Match on catch block at 0xc3 in for 0x7630ce6025
02-10 07:59:24.029 8144 8144 E ArmVmp : Match on catch block at 0xc3 in for 0x7630ce6025
02-10 07:59:24.515 8144 8144 E ArmVmp : Match on catch block at 0xc3 in for 0x7630ce6025
02-10 07:59:24.519 8144 8144 E ArmVmp : Match on catch block at 0xc3 in for 0x7630ce6025
02-10 07:59:25.015 8144 8144 E ArmVmp : Match on catch block at 0xc3 in for 0x7630ce6025
02-10 07:59:25.019 8144 8144 E ArmVmp : Match on catch block at 0xc3 in for 0x7630ce6025
02-10 07:59:25.515 8144 8144 E ArmVmp : Match on catch block at 0xc3 in for 0x7630ce6025
02-10 07:59:25.518 8144 8144 E ArmVmp : Match on catch block at 0xc3 in for 0x7630ce6025
02-10 07:59:26.013 8144 8144 E ArmVmp : Match on catch block at 0xc3 in for 0x7630ce6025
02-10 07:59:26.016 8144 8144 E ArmVmp : Match on catch block at 0xc3 in for 0x7630ce6025
02-10 07:59:26.473 8144 8193 E SQLiteDatabase: Error inserting transferred=1 media_job_uuid=9f545c7e-91c7-4a36-bf1a-485e72c4686b transcoded=0 gif_attribution=0 first_scan_length=0 direct_path=/v/t62.7161- 24/11906570_1099860364379398_6535197223138084654_n.enc?ccb=11- 4&oh=01_AdTYPCLr0I2jRTme1vc9c_Sa4hmtJp6thwqMJiZR2HBizQ&oe=65EE24A7&_nc_sid=5e03e0 thumbnail_height_width_ratio=1.8 is_animated_sticker=0 file_hash=gw71ydkziApeSh1SKkbFXq2T/WVxCeh6Psn0yUexTZE= file_path=/data/user/0/com.mbwhatsapp/files/ViewOnce/VID-lsfdcl8c.mp4 file_size=2081074 partial_media_hash=null face_x=0 face_y=0 height=850 trim_to=0 media_key_timestamp=1707526763000 message_url=*********************************************************************** *********************************************************************************** *********************************** media_caption=null trim_from=0 mime_type=video/mp4 partial_media_enc_hash=null width=478 original_file_hash=null has_streaming_sidecar=0 autotransfer_retry_enabled=1 media_upload_handle=null message_row_id=132 multicast_id=null enc_file_hash=DF5/FLlNj/Ma1Mz+nT8pG/sEsqQgx501453/uDhNXmM= mute_video=0 page_count=0 first_scan_sidecar=null suspicious_content=0 file_length=2081074 media_name=null media_duration=15 chat_row_id=8 media_key=[B@64a1010
02-10 07:59:26.473 8144 8193 E SQLiteDatabase: android.database.sqlite.SQLiteConstraintException: UNIQUE constraint failed: message_media.message_row_id (code 1555 SQLITE_CONSTRAINT_PRIMARYKEY)
02-10 07:59:26.473 8144 8193 E SQLiteDatabase: at android.database.sqlite.SQLiteConnection.nativeExecuteForLastInsertedRowId(Native Method)
02-10 07:59:26.473 8144 8193 E SQLiteDatabase: at android.database.sqlite.SQLiteConnection.executeForLastInsertedRowId(SQLiteConnecti on.java:985)
02-10 07:59:26.473 8144 8193 E SQLiteDatabase: at android.database.sqlite.SQLiteSession.executeForLastInsertedRowId(SQLiteSession.jav a:790)
02-10 07:59:26.473 8144 8193 E SQLiteDatabase: at android.database.sqlite.SQLiteStatement.executeInsert(SQLiteStatement.java:89)
02-10 07:59:26.473 8144 8193 E SQLiteDatabase: at android.database.sqlite.SQLiteDatabase.insertWithOnConflict(SQLiteDatabase.java:170 2)
02-10 07:59:26.473 8144 8193 E SQLiteDatabase: at android.database.sqlite.SQLiteDatabase.insert(SQLiteDatabase.java:1571)
02-10 07:59:26.473 8144 8193 E SQLiteDatabase: at X.2tm.A08(Unknown Source:6)
02-10 07:59:26.473 8144 8193 E SQLiteDatabase: at X.35Y.A07(Unknown Source:212)
02-10 07:59:26.473 8144 8193 E SQLiteDatabase: at X.3QF.A14(Unknown Source:470)
02-10 07:59:26.473 8144 8193 E SQLiteDatabase: at X.3gU.run(Unknown Source:982)
02-10 07:59:26.473 8144 8193 E SQLiteDatabase: at android.os.Handler.handleCallback(Handler.java:938)
02-10 07:59:26.473 8144 8193 E SQLiteDatabase: at android.os.Handler.dispatchMessage(Handler.java:99)
02-10 07:59:26.473 8144 8193 E SQLiteDatabase: at X.0zq.dispatchMessage(Unknown Source:4)
02-10 07:59:26.473 8144 8193 E SQLiteDatabase: at android.os.Looper.loopOnce(Looper.java:233)
02-10 07:59:26.473 8144 8193 E SQLiteDatabase: at android.os.Looper.loop(Looper.java:334)
02-10 07:59:26.473 8144 8193 E SQLiteDatabase: at android.os.HandlerThread.run(HandlerThread.java:67)
02-10 07:59:26.515 8144 8144 E ArmVmp : Match on catch block at 0xc3 in for 0x7630ce6025
02-10 07:59:26.518 8144 8144 E ArmVmp : Match on catch block at 0xc3 in for 0x7630ce6025
02-10 07:59:27.015 8144 8144 E ArmVmp : Match on catch block at 0xc3 in for 0x7630ce6025
02-10 07:59:27.019 8144 8144 E ArmVmp : Match on catch block at 0xc3 in for 0x7630ce6025
02-10 07:59:27.515 8144 8144 E ArmVmp : Match on catch block at 0xc3 in for 0x7630ce6025
02-10 07:59:27.520 8144 8144 E ArmVmp : Match on catch block at 0xc3 in for 0x7630ce6025
02-10 07:59:27.619 8144 8144 E ArmVmp : Match on catch block at 0xc3 in for 0x7630ce6025
02-10 07:59:27.623 8144 8144 E ArmVmp : Match on catch block at 0xc3 in for 0x7630ce6025
02-10 07:59:27.631 8144 8144 E ArmVmp : Match on catch block at 0xc3 in for 0x7630ce6025
02-10 07:59:27.635 8144 8144 E ArmVmp : Match on catch block at 0xc3 in for 0x7630ce6025
02-10 07:59:27.662 8144 8144 E ArmVmp : Match on catch block at 0xc3 in for 0x7630ce6025
02-10 07:59:27.665 8144 8144 E ArmVmp : Match on catch block at 0xc3 in for 0x7630ce6025
02-10 07:59:27.780 8144 8144 E ArmVmp : Match on catch block at 0xc3 in for 0x7630ce6025
02-10 07:59:27.785 8144 8144 E ArmVmp : Match on catch block at 0xc3 in for 0x7630ce6025
02-10 07:59:27.800 8144 8144 E ArmVmp : Match on catch block at 0xc3 in for 0x7630ce6025
02-10 07:59:27.808 8144 8144 E ArmVmp : Match on catch block at 0xc3 in for 0x7630ce6025
02-10 07:59:27.858 8144 8144 E ArmVmp : Match on catch block at 0xc3 in for 0x7630ce6025
02-10 07:59:27.862 8144 8144 E ArmVmp : Match on catch block at 0xc3 in for 0x7630ce6025
02-10 07:59:27.887 8144 8144 E ArmVmp : Match on catch block at 0xc3 in for 0x7630ce6025
02-10 07:59:27.891 8144 8144 E ArmVmp : Match on catch block at 0xc3 in for 0x7630ce6025
02-10 07:59:27.921 8144 8144 E ArmVmp : Match on catch block at 0xc3 in for 0x7630ce6025
02-10 07:59:27.924 8144 8144 E ArmVmp : Match on catch block at 0xc3 in for 0x7630ce6025
02-10 07:59:28.125 8144 8144 E ArmVmp : Match on catch block at 0xc3 in for 0x7630ce6025
02-10 07:59:28.137 8144 8144 E ArmVmp : Match on catch block at 0xc3 in for 0x7630ce6025
02-10 07:59:29.036 8144 8144 E ArmVmp : Match on catch block at 0x0a in for 0x7630ce6035
02-10 07:59:29.042 8144 8144 E ArmVmp : Match on catch block at 0x0a in for 0x7630ce6035
02-10 07:59:29.160 8144 8144 E ArmVmp : Match on catch block at 0xc3 in for 0x7630ce6021
02-10 07:59:29.164 8144 8144 E ArmVmp : Match on catch block at 0xc3 in for 0x7630ce6021
02-10 07:59:29.247 8144 8144 E ArmVmp : Match on catch block at 0xc3 in for 0x7630ce6025
02-10 07:59:29.253 8144 8144 E ArmVmp : Match on catch block at 0xc3 in for 0x7630ce6025
02-10 07:59:29.288 8144 8144 E ArmVmp : Match on catch block at 0xc3 in for 0x7630ce6025
02-10 07:59:29.294 8144 8144 E ArmVmp : Match on catch block at 0xc3 in for 0x7630ce6025
