02-10 08:01:58.704 8144 8157 E OpenGLRenderer: JankTracker::calculateLegacyJank expectedDequeueDuration > 0 expectedDequeueDuration=594335, DequeueBufferDuration=5100312, forgiveAmount=594335, totalDuration=12413830
02-10 08:01:58.736 8144 8157 E OpenGLRenderer: JankTracker::calculateLegacyJank expectedDequeueDuration > 0 expectedDequeueDuration=187824, DequeueBufferDuration=4523750, forgiveAmount=187824, totalDuration=12749821
02-10 08:01:58.870 8144 8157 E OpenGLRenderer: JankTracker::calculateLegacyJank expectedDequeueDuration > 0 expectedDequeueDuration=135071, DequeueBufferDuration=3906250, forgiveAmount=135071, totalDuration=11641734
02-10 08:01:58.886 8144 8157 E OpenGLRenderer: JankTracker::calculateLegacyJank expectedDequeueDuration > 0 expectedDequeueDuration=693390, DequeueBufferDuration=5003958, forgiveAmount=693390, totalDuration=11911137
02-10 08:01:58.904 8144 8157 E OpenGLRenderer: JankTracker::calculateLegacyJank expectedDequeueDuration > 0 expectedDequeueDuration=206836, DequeueBufferDuration=4510938, forgiveAmount=206836, totalDuration=12424193
02-10 08:01:58.924 8144 8157 E OpenGLRenderer: JankTracker::calculateLegacyJank expectedDequeueDuration > 0 expectedDequeueDuration=140553, DequeueBufferDuration=3945677, forgiveAmount=140553, totalDuration=11904207
02-10 08:01:58.970 8144 8157 E OpenGLRenderer: JankTracker::calculateLegacyJank expectedDequeueDuration > 0 expectedDequeueDuration=932410, DequeueBufferDuration=3108854, forgiveAmount=932410, totalDuration=10253565
02-10 08:01:59.171 8144 8157 E OpenGLRenderer: JankTracker::calculateLegacyJank expectedDequeueDuration > 0 expectedDequeueDuration=23486, DequeueBufferDuration=5585625, forgiveAmount=23486, totalDuration=16866361
02-10 08:02:00.920 8144 8157 E OpenGLRenderer: JankTracker::calculateLegacyJank expectedDequeueDuration > 0 expectedDequeueDuration=73831, DequeueBufferDuration=5062969, forgiveAmount=73831, totalDuration=13369890
02-10 08:02:00.952 8144 8157 E OpenGLRenderer: JankTracker::calculateLegacyJank expectedDequeueDuration > 0 expectedDequeueDuration=72789, DequeueBufferDuration=4282292, forgiveAmount=72789, totalDuration=12791662
02-10 08:02:00.971 8144 8157 E OpenGLRenderer: JankTracker::calculateLegacyJank expectedDequeueDuration > 0 expectedDequeueDuration=220220, DequeueBufferDuration=4633698, forgiveAmount=220220, totalDuration=14921280
02-10 08:02:01.106 8144 8157 E OpenGLRenderer: JankTracker::calculateLegacyJank expectedDequeueDuration > 0 expectedDequeueDuration=164323, DequeueBufferDuration=11490417, forgiveAmount=164323, totalDuration=33041093
02-10 08:02:01.151 8144 8157 E OpenGLRenderer: JankTracker::calculateLegacyJank expectedDequeueDuration > 0 expectedDequeueDuration=2112874, DequeueBufferDuration=2307865, forgiveAmount=2112874, totalDuration=6994877
02-10 08:02:01.203 8144 8157 E OpenGLRenderer: JankTracker::calculateLegacyJank expectedDequeueDuration > 0 expectedDequeueDuration=371096, DequeueBufferDuration=2414583, forgiveAmount=371096, totalDuration=8898171
02-10 08:02:01.237 8144 8157 E OpenGLRenderer: JankTracker::calculateLegacyJank expectedDequeueDuration > 0 expectedDequeueDuration=505759, DequeueBufferDuration=4607396, forgiveAmount=505759, totalDuration=11473065
02-10 08:02:01.286 8144 8157 E OpenGLRenderer: JankTracker::calculateLegacyJank expectedDequeueDuration > 0 expectedDequeueDuration=209448, DequeueBufferDuration=4058958, forgiveAmount=209448, totalDuration=12352823
02-10 08:02:01.304 8144 8157 E OpenGLRenderer: JankTracker::calculateLegacyJank expectedDequeueDuration > 0 expectedDequeueDuration=703776, DequeueBufferDuration=3098645, forgiveAmount=703776, totalDuration=10408646
02-10 08:02:01.319 8144 8157 E OpenGLRenderer: JankTracker::calculateLegacyJank expectedDequeueDuration > 0 expectedDequeueDuration=779018, DequeueBufferDuration=4568333, forgiveAmount=779018, totalDuration=11672693
02-10 08:02:01.470 8144 8157 E OpenGLRenderer: JankTracker::calculateLegacyJank expectedDequeueDuration > 0 expectedDequeueDuration=226340, DequeueBufferDuration=4691979, forgiveAmount=226340, totalDuration=12466538
02-10 08:02:01.487 8144 8157 E OpenGLRenderer: JankTracker::calculateLegacyJank expectedDequeueDuration > 0 expectedDequeueDuration=1185125, DequeueBufferDuration=4728958, forgiveAmount=1185125, totalDuration=10453188
02-10 08:02:01.519 8144 8157 E OpenGLRenderer: JankTracker::calculateLegacyJank expectedDequeueDuration > 0 expectedDequeueDuration=629043, DequeueBufferDuration=5943958, forgiveAmount=629043, totalDuration=12943216
02-10 08:02:01.536 8144 8157 E OpenGLRenderer: JankTracker::calculateLegacyJank expectedDequeueDuration > 0 expectedDequeueDuration=132770, DequeueBufferDuration=4189063, forgiveAmount=132770, totalDuration=12796022
02-10 08:02:01.620 8144 8157 E OpenGLRenderer: JankTracker::calculateLegacyJank expectedDequeueDuration > 0 expectedDequeueDuration=996227, DequeueBufferDuration=3465364, forgiveAmount=996227, totalDuration=27717076
02-10 08:02:01.652 8144 8157 E OpenGLRenderer: JankTracker::calculateLegacyJank expectedDequeueDuration > 0 expectedDequeueDuration=345447, DequeueBufferDuration=5084791, forgiveAmount=345447, totalDuration=12877179
02-10 08:02:01.670 8144 8157 E OpenGLRenderer: JankTracker::calculateLegacyJank expectedDequeueDuration > 0 expectedDequeueDuration=577387, DequeueBufferDuration=5213490, forgiveAmount=577387, totalDuration=12264705
02-10 08:02:01.691 8144 8157 E OpenGLRenderer: JankTracker::calculateLegacyJank expectedDequeueDuration > 0 expectedDequeueDuration=257356, DequeueBufferDuration=3828802, forgiveAmount=257356, totalDuration=11478049
02-10 08:02:01.736 8144 8157 E OpenGLRenderer: JankTracker::calculateLegacyJank expectedDequeueDuration > 0 expectedDequeueDuration=1452651, DequeueBufferDuration=3479115, forgiveAmount=1452651, totalDuration=9640167
02-10 08:02:02.368 8144 8622 E OpenGLRenderer: JankTracker::calculateLegacyJank expectedDequeueDuration > 0 expectedDequeueDuration=184781, DequeueBufferDuration=3758177, forgiveAmount=184781, totalDuration=12666845
02-10 08:02:02.433 8144 8622 E OpenGLRenderer: JankTracker::calculateLegacyJank expectedDequeueDuration > 0 expectedDequeueDuration=799562, DequeueBufferDuration=1903698, forgiveAmount=799562, totalDuration=7654001
02-10 08:02:02.453 8144 8622 E OpenGLRenderer: JankTracker::calculateLegacyJank expectedDequeueDuration > 0 expectedDequeueDuration=1171110, DequeueBufferDuration=2704427, forgiveAmount=1171110, totalDuration=7871061
02-10 08:02:02.471 8144 8622 E OpenGLRenderer: JankTracker::calculateLegacyJank expectedDequeueDuration > 0 expectedDequeueDuration=1231238, DequeueBufferDuration=2305573, forgiveAmount=1231238, totalDuration=7383877
02-10 08:02:02.585 8144 8622 E OpenGLRenderer: JankTracker::calculateLegacyJank expectedDequeueDuration > 0 expectedDequeueDuration=1072052, DequeueBufferDuration=2233177, forgiveAmount=1072052, totalDuration=7850323
02-10 08:02:02.618 8144 8622 E OpenGLRenderer: JankTracker::calculateLegacyJank expectedDequeueDuration > 0 expectedDequeueDuration=414621, DequeueBufferDuration=3460469, forgiveAmount=414621, totalDuration=10752633
02-10 08:02:02.635 8144 8622 E OpenGLRenderer: JankTracker::calculateLegacyJank expectedDequeueDuration > 0 expectedDequeueDuration=436424, DequeueBufferDuration=2945989, forgiveAmount=436424, totalDuration=10765433
02-10 08:02:02.871 8144 8622 E OpenGLRenderer: JankTracker::calculateLegacyJank expectedDequeueDuration > 0 expectedDequeueDuration=223749, DequeueBufferDuration=3866406, forgiveAmount=223749, totalDuration=11922502
02-10 08:02:02.887 8144 8622 E OpenGLRenderer: JankTracker::calculateLegacyJank expectedDequeueDuration > 0 expectedDequeueDuration=552694, DequeueBufferDuration=4660781, forgiveAmount=552694, totalDuration=11503049
02-10 08:02:02.904 8144 8622 E OpenGLRenderer: JankTracker::calculateLegacyJank expectedDequeueDuration > 0 expectedDequeueDuration=351217, DequeueBufferDuration=4810105, forgiveAmount=351217, totalDuration=16159754
02-10 08:02:03.051 8144 8622 E OpenGLRenderer: JankTracker::calculateLegacyJank expectedDequeueDuration > 0 expectedDequeueDuration=202018, DequeueBufferDuration=5182500, forgiveAmount=202018, totalDuration=13344453
02-10 08:02:03.070 8144 8622 E OpenGLRenderer: JankTracker::calculateLegacyJank expectedDequeueDuration > 0 expectedDequeueDuration=604952, DequeueBufferDuration=4396667, forgiveAmount=604952, totalDuration=11786711
02-10 08:02:03.102 8144 8622 E OpenGLRenderer: JankTracker::calculateLegacyJank expectedDequeueDuration > 0 expectedDequeueDuration=72323, DequeueBufferDuration=4350729, forgiveAmount=72323, totalDuration=12892489
02-10 08:02:03.235 8144 8622 E OpenGLRenderer: JankTracker::calculateLegacyJank expectedDequeueDuration > 0 expectedDequeueDuration=417923, DequeueBufferDuration=5820937, forgiveAmount=417923, totalDuration=13674934
02-10 08:02:03.268 8144 8622 E OpenGLRenderer: JankTracker::calculateLegacyJank expectedDequeueDuration > 0 expectedDequeueDuration=595870, DequeueBufferDuration=3419063, forgiveAmount=595870, totalDuration=9365864
02-10 08:02:03.287 8144 8622 E OpenGLRenderer: JankTracker::calculateLegacyJank expectedDequeueDuration > 0 expectedDequeueDuration=1421674, DequeueBufferDuration=3376302, forgiveAmount=1421674, totalDuration=7674517
02-10 08:02:03.301 8144 8622 E OpenGLRenderer: JankTracker::calculateLegacyJank expectedDequeueDuration > 0 expectedDequeueDuration=787497, DequeueBufferDuration=3100313, forgiveAmount=787497, totalDuration=8358444
02-10 08:02:03.318 8144 8622 E OpenGLRenderer: JankTracker::calculateLegacyJank expectedDequeueDuration > 0 expectedDequeueDuration=316450, DequeueBufferDuration=5063020, forgiveAmount=316450, totalDuration=12880745
02-10 08:02:03.334 8144 8622 E OpenGLRenderer: JankTracker::calculateLegacyJank expectedDequeueDuration > 0 expectedDequeueDuration=1027866, DequeueBufferDuration=3073698, forgiveAmount=1027866, totalDuration=8416247
02-10 08:02:06.137 8144 8622 E OpenGLRenderer: JankTracker::calculateLegacyJank expectedDequeueDuration > 0 expectedDequeueDuration=344699, DequeueBufferDuration=4692761, forgiveAmount=344699, totalDuration=14175446
02-10 08:02:06.169 8144 8622 E OpenGLRenderer: JankTracker::calculateLegacyJank expectedDequeueDuration > 0 expectedDequeueDuration=309870, DequeueBufferDuration=5873646, forgiveAmount=309870, totalDuration=16375208
02-10 08:02:06.199 8144 8622 E OpenGLRenderer: JankTracker::calculateLegacyJank expectedDequeueDuration > 0 expectedDequeueDuration=216678, DequeueBufferDuration=3767657, forgiveAmount=216678, totalDuration=13752321
02-10 08:02:06.503 8144 8622 E OpenGLRenderer: JankTracker::calculateLegacyJank expectedDequeueDuration > 0 expectedDequeueDuration=9553, DequeueBufferDuration=4833542, forgiveAmount=9553, totalDuration=15814175
02-10 08:02:06.853 8144 8637 E OpenGLRenderer: JankTracker::calculateLegacyJank expectedDequeueDuration > 0 expectedDequeueDuration=1188034, DequeueBufferDuration=4130885, forgiveAmount=1188034, totalDuration=9917421
02-10 08:02:06.871 8144 8637 E OpenGLRenderer: JankTracker::calculateLegacyJank expectedDequeueDuration > 0 expectedDequeueDuration=1153954, DequeueBufferDuration=6142656, forgiveAmount=1153954, totalDuration=12234903
02-10 08:02:06.887 8144 8637 E OpenGLRenderer: JankTracker::calculateLegacyJank expectedDequeueDuration > 0 expectedDequeueDuration=1387077, DequeueBufferDuration=5687083, forgiveAmount=1387077, totalDuration=11483554
02-10 08:02:06.906 8144 8637 E OpenGLRenderer: JankTracker::calculateLegacyJank expectedDequeueDuration > 0 expectedDequeueDuration=1213837, DequeueBufferDuration=6841354, forgiveAmount=1213837, totalDuration=15308367
02-10 08:02:06.921 8144 8637 E OpenGLRenderer: JankTracker::calculateLegacyJank expectedDequeueDuration > 0 expectedDequeueDuration=1649880, DequeueBufferDuration=6745833, forgiveAmount=1649880, totalDuration=11921803
02-10 08:02:06.939 8144 8637 E OpenGLRenderer: JankTracker::calculateLegacyJank expectedDequeueDuration > 0 expectedDequeueDuration=863262, DequeueBufferDuration=7384323, forgiveAmount=863262, totalDuration=16931341
02-10 08:02:06.970 8144 8637 E OpenGLRenderer: JankTracker::calculateLegacyJank expectedDequeueDuration > 0 expectedDequeueDuration=164128, DequeueBufferDuration=7445417, forgiveAmount=164128, totalDuration=22129504
02-10 08:02:08.588 8144 8622 E OpenGLRenderer: JankTracker::calculateLegacyJank expectedDequeueDuration > 0 expectedDequeueDuration=14259, DequeueBufferDuration=4873386, forgiveAmount=14259, totalDuration=15749659
02-10 08:02:08.688 8144 8622 E OpenGLRenderer: JankTracker::calculateLegacyJank expectedDequeueDuration > 0 expectedDequeueDuration=159881, DequeueBufferDuration=4824271, forgiveAmount=159881, totalDuration=15332374
02-10 08:02:12.237 8144 8622 E OpenGLRenderer: JankTracker::calculateLegacyJank expectedDequeueDuration > 0 expectedDequeueDuration=1072504, DequeueBufferDuration=2799219, forgiveAmount=1072504, totalDuration=9995721
02-10 08:02:12.253 8144 8622 E OpenGLRenderer: JankTracker::calculateLegacyJank expectedDequeueDuration > 0 expectedDequeueDuration=657779, DequeueBufferDuration=3961354, forgiveAmount=657779, totalDuration=11362151
02-10 08:02:12.283 8144 8622 E OpenGLRenderer: JankTracker::calculateLegacyJank expectedDequeueDuration > 0 expectedDequeueDuration=793921, DequeueBufferDuration=7120104, forgiveAmount=793921, totalDuration=14915023
02-10 08:02:12.302 8144 8622 E OpenGLRenderer: JankTracker::calculateLegacyJank expectedDequeueDuration > 0 expectedDequeueDuration=1623787, DequeueBufferDuration=2760677, forgiveAmount=1623787, totalDuration=8218051
02-10 08:02:12.320 8144 8622 E OpenGLRenderer: JankTracker::calculateLegacyJank expectedDequeueDuration > 0 expectedDequeueDuration=1275449, DequeueBufferDuration=2635937, forgiveAmount=1275449, totalDuration=8527018
02-10 08:02:12.335 8144 8622 E OpenGLRenderer: JankTracker::calculateLegacyJank expectedDequeueDuration > 0 expectedDequeueDuration=1247948, DequeueBufferDuration=4568021, forgiveAmount=1247948, totalDuration=12131239
02-10 08:02:12.351 8144 8622 E OpenGLRenderer: JankTracker::calculateLegacyJank expectedDequeueDuration > 0 expectedDequeueDuration=171636, DequeueBufferDuration=4705573, forgiveAmount=171636, totalDuration=13781207
02-10 08:02:12.368 8144 8637 E OpenGLRenderer: JankTracker::calculateLegacyJank expectedDequeueDuration > 0 expectedDequeueDuration=595051, DequeueBufferDuration=3676250, forgiveAmount=595051, totalDuration=12101357
02-10 08:02:15.020 8144 8622 E OpenGLRenderer: JankTracker::calculateLegacyJank expectedDequeueDuration > 0 expectedDequeueDuration=1407868, DequeueBufferDuration=4593281, forgiveAmount=1407868, totalDuration=8738378
02-10 08:02:15.034 8144 8622 E OpenGLRenderer: JankTracker::calculateLegacyJank expectedDequeueDuration > 0 expectedDequeueDuration=521744, DequeueBufferDuration=5873854, forgiveAmount=521744, totalDuration=12604428
02-10 08:02:15.052 8144 8622 E OpenGLRenderer: JankTracker::calculateLegacyJank expectedDequeueDuration > 0 expectedDequeueDuration=662351, DequeueBufferDuration=5970625, forgiveAmount=662351, totalDuration=12490662
02-10 08:02:17.270 8144 8144 E RecyclerView: No adapter attached; skipping layout
02-10 08:02:17.696 8144 8622 E OpenGLRenderer: JankTracker::calculateLegacyJank expectedDequeueDuration > 0 expectedDequeueDuration=948527, DequeueBufferDuration=19062916, forgiveAmount=948527, totalDuration=30478884
02-10 08:02:18.199 8144 8144 E RecyclerView: No adapter attached; skipping layout
02-10 08:02:19.233 8144 8156 E OpenGLRenderer: JankTracker::calculateLegacyJank expectedDequeueDuration > 0 expectedDequeueDuration=973545, DequeueBufferDuration=2990781, forgiveAmount=973545, totalDuration=9808847
02-10 08:02:19.251 8144 8156 E OpenGLRenderer: JankTracker::calculateLegacyJank expectedDequeueDuration > 0 expectedDequeueDuration=671025, DequeueBufferDuration=3323802, forgiveAmount=671025, totalDuration=8175971
02-10 08:02:19.267 8144 8156 E OpenGLRenderer: JankTracker::calculateLegacyJank expectedDequeueDuration > 0 expectedDequeueDuration=1181671, DequeueBufferDuration=2068021, forgiveAmount=1181671, totalDuration=7213846
02-10 08:02:19.282 8144 8156 E OpenGLRenderer: JankTracker::calculateLegacyJank expectedDequeueDuration > 0 expectedDequeueDuration=712303, DequeueBufferDuration=3027188, forgiveAmount=712303, totalDuration=10678467
02-10 08:02:19.347 8144 8156 E OpenGLRenderer: JankTracker::calculateLegacyJank expectedDequeueDuration > 0 expectedDequeueDuration=1020330, DequeueBufferDuration=11504166, forgiveAmount=1020330, totalDuration=18936475
02-10 08:02:19.681 8144 8156 E OpenGLRenderer: JankTracker::calculateLegacyJank expectedDequeueDuration > 0 expectedDequeueDuration=1075290, DequeueBufferDuration=4757448, forgiveAmount=1075290, totalDuration=9409368
02-10 08:02:19.714 8144 8156 E OpenGLRenderer: JankTracker::calculateLegacyJank expectedDequeueDuration > 0 expectedDequeueDuration=759083, DequeueBufferDuration=650677, forgiveAmount=650677, totalDuration=5943209
02-10 08:02:19.732 8144 8156 E OpenGLRenderer: JankTracker::calculateLegacyJank expectedDequeueDuration > 0 expectedDequeueDuration=1771295, DequeueBufferDuration=1207865, forgiveAmount=1207865, totalDuration=7814954
02-10 08:02:19.782 8144 8156 E OpenGLRenderer: JankTracker::calculateLegacyJank expectedDequeueDuration > 0 expectedDequeueDuration=1531570, DequeueBufferDuration=1331146, forgiveAmount=1331146, totalDuration=7156398
02-10 08:02:19.856 8144 8156 E OpenGLRenderer: JankTracker::calculateLegacyJank expectedDequeueDuration > 0 expectedDequeueDuration=1968205, DequeueBufferDuration=7721042, forgiveAmount=1968205, totalDuration=9830362
02-10 08:02:22.852 8144 8193 E SQLiteDatabase: Error inserting transferred=0 media_job_uuid=740794c8-93e7-45e6-896d-30728085c716 transcoded=0 gif_attribution=0 first_scan_length=0 direct_path=/v/t62.7161- 24/11975906_907807597486312_1129243679411443225_n.enc?ccb=11-4&oh=01_AdQZ6M- JyNfwvvPbyeFI_OBNzCLlV0yPD4RRFqa4eSJxzA&oe=65EE446B&_nc_sid=5e03e0 thumbnail_height_width_ratio=1.0 is_animated_sticker=0 file_hash=S6jftP0LeBYV30q4Iu/ZAbqjaSO08FmD/E1PNiphojQ= file_path=null file_size=0 partial_media_hash=null face_x=0 face_y=0 height=720 trim_to=0 media_key_timestamp=1707526853000 message_url=*********************************************************************** *********************************************************************************** ********************************** media_caption=null trim_from=0 mime_type=video/mp4 partial_media_enc_hash=null width=720 original_file_hash=null has_streaming_sidecar=1 autotransfer_retry_enabled=1 media_upload_handle=null message_row_id=152 multicast_id=null enc_file_hash=+EnnDlK7BxrPKCAVwM91fHmdPkWzRv1W8Y2jdJGAAxk= mute_video=0 page_count=0 first_scan_sidecar=null suspicious_content=0 file_length=1665365 media_name=null media_duration=25 chat_row_id=51 media_key=[B@a7db086
02-10 08:02:22.852 8144 8193 E SQLiteDatabase: android.database.sqlite.SQLiteConstraintException: UNIQUE constraint failed: message_media.message_row_id (code 1555 SQLITE_CONSTRAINT_PRIMARYKEY)
02-10 08:02:22.852 8144 8193 E SQLiteDatabase: at android.database.sqlite.SQLiteConnection.nativeExecuteForLastInsertedRowId(Native Method)
02-10 08:02:22.852 8144 8193 E SQLiteDatabase: at android.database.sqlite.SQLiteConnection.executeForLastInsertedRowId(SQLiteConnecti on.java:985)
02-10 08:02:22.852 8144 8193 E SQLiteDatabase: at android.database.sqlite.SQLiteSession.executeForLastInsertedRowId(SQLiteSession.jav a:790)
02-10 08:02:22.852 8144 8193 E SQLiteDatabase: at android.database.sqlite.SQLiteStatement.executeInsert(SQLiteStatement.java:89)
02-10 08:02:22.852 8144 8193 E SQLiteDatabase: at android.database.sqlite.SQLiteDatabase.insertWithOnConflict(SQLiteDatabase.java:170 2)
02-10 08:02:22.852 8144 8193 E SQLiteDatabase: at android.database.sqlite.SQLiteDatabase.insert(SQLiteDatabase.java:1571)
02-10 08:02:22.852 8144 8193 E SQLiteDatabase: at X.2tm.A08(Unknown Source:6)
02-10 08:02:22.852 8144 8193 E SQLiteDatabase: at X.35Y.A07(Unknown Source:212)
02-10 08:02:22.852 8144 8193 E SQLiteDatabase: at X.3QF.A14(Unknown Source:470)
02-10 08:02:22.852 8144 8193 E SQLiteDatabase: at X.3gU.run(Unknown Source:982)
02-10 08:02:22.852 8144 8193 E SQLiteDatabase: at android.os.Handler.handleCallback(Handler.java:938)
02-10 08:02:22.852 8144 8193 E SQLiteDatabase: at android.os.Handler.dispatchMessage(Handler.java:99)
02-10 08:02:22.852 8144 8193 E SQLiteDatabase: at X.0zq.dispatchMessage(Unknown Source:4)
02-10 08:02:22.852 8144 8193 E SQLiteDatabase: at android.os.Looper.loopOnce(Looper.java:233)
02-10 08:02:22.852 8144 8193 E SQLiteDatabase: at android.os.Looper.loop(Looper.java:334)
02-10 08:02:22.852 8144 8193 E SQLiteDatabase: at android.os.HandlerThread.run(HandlerThread.java:67)
02-10 08:02:27.147 8144 8193 E SQLiteDatabase: Error inserting transferred=0 media_job_uuid=5b2afad5-d0a7-4071-86e9-6cf6d9dc752e transcoded=0 gif_attribution=0 first_scan_length=0 direct_path=/v/t62.7161- 24/27344766_809170624580483_3547474146883347017_n.enc?ccb=11- 4&oh=01_AdSgIYf4XftkNRiOu6m11Q9jx1p19RETwRUxqKwhIqSmGA&oe=65EE2EAD&_nc_sid=5e03e0 thumbnail_height_width_ratio=1.7777778 is_animated_sticker=0 file_hash=IkpfW5kbtth2Z3DWRTAzAeUzfoR+Q/YxXVfLCXRiitE= file_path=null file_size=0 partial_media_hash=null face_x=0 face_y=0 height=640 trim_to=0 media_key_timestamp=1707526927000 message_url=*********************************************************************** *********************************************************************************** ********************************** media_caption=null trim_from=0 mime_type=video/mp4 partial_media_enc_hash=null width=360 original_file_hash=null has_streaming_sidecar=1 autotransfer_retry_enabled=1 media_upload_handle=null message_row_id=163 multicast_id=null enc_file_hash=G/AsmOoqOCcgE28GrT8oSyj+imxS7YlFehm3zuc3cQ4= mute_video=0 page_count=0 first_scan_sidecar=null suspicious_content=0 file_length=2358130 media_name=null media_duration=20 chat_row_id=51 media_key=[B@9b5a9ca
02-10 08:02:27.147 8144 8193 E SQLiteDatabase: android.database.sqlite.SQLiteConstraintException: UNIQUE constraint failed: message_media.message_row_id (code 1555 SQLITE_CONSTRAINT_PRIMARYKEY)
02-10 08:02:27.147 8144 8193 E SQLiteDatabase: at android.database.sqlite.SQLiteConnection.nativeExecuteForLastInsertedRowId(Native Method)
02-10 08:02:27.147 8144 8193 E SQLiteDatabase: at android.database.sqlite.SQLiteConnection.executeForLastInsertedRowId(SQLiteConnecti on.java:985)
02-10 08:02:27.147 8144 8193 E SQLiteDatabase: at android.database.sqlite.SQLiteSession.executeForLastInsertedRowId(SQLiteSession.jav a:790)
02-10 08:02:27.147 8144 8193 E SQLiteDatabase: at android.database.sqlite.SQLiteStatement.executeInsert(SQLiteStatement.java:89)
02-10 08:02:27.147 8144 8193 E SQLiteDatabase: at android.database.sqlite.SQLiteDatabase.insertWithOnConflict(SQLiteDatabase.java:170 2)
02-10 08:02:27.147 8144 8193 E SQLiteDatabase: at android.database.sqlite.SQLiteDatabase.insert(SQLiteDatabase.java:1571)
02-10 08:02:27.147 8144 8193 E SQLiteDatabase: at X.2tm.A08(Unknown Source:6)
02-10 08:02:27.147 8144 8193 E SQLiteDatabase: at X.35Y.A07(Unknown Source:212)
02-10 08:02:27.147 8144 8193 E SQLiteDatabase: at X.3QF.A14(Unknown Source:470)
02-10 08:02:27.147 8144 8193 E SQLiteDatabase: at X.3gU.run(Unknown Source:982)
02-10 08:02:27.147 8144 8193 E SQLiteDatabase: at android.os.Handler.handleCallback(Handler.java:938)
02-10 08:02:27.147 8144 8193 E SQLiteDatabase: at android.os.Handler.dispatchMessage(Handler.java:99)
02-10 08:02:27.147 8144 8193 E SQLiteDatabase: at X.0zq.dispatchMessage(Unknown Source:4)
02-10 08:02:27.147 8144 8193 E SQLiteDatabase: at android.os.Looper.loopOnce(Looper.java:233)
02-10 08:02:27.147 8144 8193 E SQLiteDatabase: at android.os.Looper.loop(Looper.java:334)
02-10 08:02:27.147 8144 8193 E SQLiteDatabase: at android.os.HandlerThread.run(HandlerThread.java:67)
02-10 08:02:39.165 8144 10868 E OpenGLRenderer: JankTracker::calculateLegacyJank expectedDequeueDuration > 0 expectedDequeueDuration=40542, DequeueBufferDuration=16039948, forgiveAmount=40542, totalDuration=20924124
02-10 08:02:39.231 8144 8413 E OpenGLRenderer: JankTracker::calculateLegacyJank expectedDequeueDuration > 0 expectedDequeueDuration=122633, DequeueBufferDuration=15143489, forgiveAmount=122633, totalDuration=18611765
02-10 08:02:39.764 8144 9720 E OpenGLRenderer: JankTracker::calculateLegacyJank expectedDequeueDuration > 0 expectedDequeueDuration=90884, DequeueBufferDuration=12897969, forgiveAmount=90884, totalDuration=16032034
02-10 08:02:41.517 8144 9720 E OpenGLRenderer: JankTracker::calculateLegacyJank expectedDequeueDuration > 0 expectedDequeueDuration=110438, DequeueBufferDuration=3980625, forgiveAmount=110438, totalDuration=8789958
02-10 08:02:41.583 8144 9720 E OpenGLRenderer: JankTracker::calculateLegacyJank expectedDequeueDuration > 0 expectedDequeueDuration=1901931, DequeueBufferDuration=3908542, forgiveAmount=1901931, totalDuration=6326243
02-10 08:02:41.600 8144 9720 E OpenGLRenderer: JankTracker::calculateLegacyJank expectedDequeueDuration > 0 expectedDequeueDuration=1869507, DequeueBufferDuration=3897084, forgiveAmount=1869507, totalDuration=6528381
02-10 08:02:46.100 8144 8413 E OpenGLRenderer: JankTracker::calculateLegacyJank expectedDequeueDuration > 0 expectedDequeueDuration=1114474, DequeueBufferDuration=3044010, forgiveAmount=1114474, totalDuration=10112302
02-10 08:02:46.134 8144 8413 E OpenGLRenderer: JankTracker::calculateLegacyJank expectedDequeueDuration > 0 expectedDequeueDuration=1509740, DequeueBufferDuration=3132917, forgiveAmount=1509740, totalDuration=7841146
02-10 08:02:46.153 8144 8413 E OpenGLRenderer: JankTracker::calculateLegacyJank expectedDequeueDuration > 0 expectedDequeueDuration=312151, DequeueBufferDuration=4490156, forgiveAmount=312151, totalDuration=12245178
02-10 08:02:46.170 8144 8413 E OpenGLRenderer: JankTracker::calculateLegacyJank expectedDequeueDuration > 0 expectedDequeueDuration=737192, DequeueBufferDuration=2418125, forgiveAmount=737192, totalDuration=9971293
02-10 08:02:46.978 8144 8413 E OpenGLRenderer: JankTracker::calculateLegacyJank expectedDequeueDuration > 0 expectedDequeueDuration=789652, DequeueBufferDuration=4481042, forgiveAmount=789652, totalDuration=19474393
02-10 08:02:49.552 8144 8637 E OpenGLRenderer: JankTracker::calculateLegacyJank expectedDequeueDuration > 0 expectedDequeueDuration=618699, DequeueBufferDuration=3880625, forgiveAmount=618699, totalDuration=12279789
02-10 08:02:49.568 8144 8637 E OpenGLRenderer: JankTracker::calculateLegacyJank expectedDequeueDuration > 0 expectedDequeueDuration=573649, DequeueBufferDuration=3576458, forgiveAmount=573649, totalDuration=12205620
02-10 08:02:49.584 8144 8637 E OpenGLRenderer: JankTracker::calculateLegacyJank expectedDequeueDuration > 0 expectedDequeueDuration=686926, DequeueBufferDuration=3649948, forgiveAmount=686926, totalDuration=12150054
02-10 08:02:49.749 8144 8637 E OpenGLRenderer: JankTracker::calculateLegacyJank expectedDequeueDuration > 0 expectedDequeueDuration=115417, DequeueBufferDuration=1722291, forgiveAmount=115417, totalDuration=29121404
02-10 08:02:49.834 8144 8637 E OpenGLRenderer: JankTracker::calculateLegacyJank expectedDequeueDuration > 0 expectedDequeueDuration=1546405, DequeueBufferDuration=958073, forgiveAmount=958073, totalDuration=9507605
02-10 08:02:49.854 8144 8637 E OpenGLRenderer: JankTracker::calculateLegacyJank expectedDequeueDuration > 0 expectedDequeueDuration=1811381, DequeueBufferDuration=1348958, forgiveAmount=1348958, totalDuration=11005962
02-10 08:02:49.870 8144 8637 E OpenGLRenderer: JankTracker::calculateLegacyJank expectedDequeueDuration > 0 expectedDequeueDuration=1437056, DequeueBufferDuration=3544219, forgiveAmount=1437056, totalDuration=11171826
02-10 08:02:49.885 8144 8637 E OpenGLRenderer: JankTracker::calculateLegacyJank expectedDequeueDuration > 0 expectedDequeueDuration=897281, DequeueBufferDuration=5609740, forgiveAmount=897281, totalDuration=15157678
02-10 08:02:49.901 8144 8637 E OpenGLRenderer: JankTracker::calculateLegacyJank expectedDequeueDuration > 0 expectedDequeueDuration=194766, DequeueBufferDuration=5320417, forgiveAmount=194766, totalDuration=16262030
02-10 08:02:49.918 8144 8637 E OpenGLRenderer: JankTracker::calculateLegacyJank expectedDequeueDuration > 0 expectedDequeueDuration=229122, DequeueBufferDuration=3312292, forgiveAmount=229122, totalDuration=14185090
02-10 08:02:49.935 8144 8637 E OpenGLRenderer: JankTracker::calculateLegacyJank expectedDequeueDuration > 0 expectedDequeueDuration=236344, DequeueBufferDuration=2701615, forgiveAmount=236344, totalDuration=13482001
02-10 08:02:50.038 8144 8637 E OpenGLRenderer: JankTracker::calculateLegacyJank expectedDequeueDuration > 0 expectedDequeueDuration=1438809, DequeueBufferDuration=2896511, forgiveAmount=1438809, totalDuration=9461861
02-10 08:02:50.053 8144 8637 E OpenGLRenderer: JankTracker::calculateLegacyJank expectedDequeueDuration > 0 expectedDequeueDuration=860132, DequeueBufferDuration=4101927, forgiveAmount=860132, totalDuration=13629372
02-10 08:02:50.085 8144 8637 E OpenGLRenderer: JankTracker::calculateLegacyJank expectedDequeueDuration > 0 expectedDequeueDuration=778033, DequeueBufferDuration=4536458, forgiveAmount=778033, totalDuration=12976954
02-10 08:02:50.102 8144 8637 E OpenGLRenderer: JankTracker::calculateLegacyJank expectedDequeueDuration > 0 expectedDequeueDuration=1455804, DequeueBufferDuration=2478229, forgiveAmount=1455804, totalDuration=9460059
02-10 08:02:50.118 8144 8637 E OpenGLRenderer: JankTracker::calculateLegacyJank expectedDequeueDuration > 0 expectedDequeueDuration=959001, DequeueBufferDuration=3630781, forgiveAmount=959001, totalDuration=12145332
02-10 08:02:52.119 8144 8637 E OpenGLRenderer: JankTracker::calculateLegacyJank expectedDequeueDuration > 0 expectedDequeueDuration=317843, DequeueBufferDuration=4211406, forgiveAmount=317843, totalDuration=10297543
02-10 08:02:52.144 8144 8637 E OpenGLRenderer: JankTracker::calculateLegacyJank expectedDequeueDuration > 0 expectedDequeueDuration=1376630, DequeueBufferDuration=5001458, forgiveAmount=1376630, totalDuration=10213563
02-10 08:02:53.532 8144 8413 E OpenGLRenderer: JankTracker::calculateLegacyJank expectedDequeueDuration > 0 expectedDequeueDuration=229666, DequeueBufferDuration=1571875, forgiveAmount=229666, totalDuration=10933272
02-10 08:02:53.666 8144 8637 E OpenGLRenderer: JankTracker::calculateLegacyJank expectedDequeueDuration > 0 expectedDequeueDuration=1161643, DequeueBufferDuration=1739948, forgiveAmount=1161643, totalDuration=9719683
02-10 08:02:53.699 8144 8637 E OpenGLRenderer: JankTracker::calculateLegacyJank expectedDequeueDuration > 0 expectedDequeueDuration=772408, DequeueBufferDuration=1822708, forgiveAmount=772408, totalDuration=11152788
02-10 08:02:53.716 8144 8637 E OpenGLRenderer: JankTracker::calculateLegacyJank expectedDequeueDuration > 0 expectedDequeueDuration=1299343, DequeueBufferDuration=1287969, forgiveAmount=1287969, totalDuration=8942323
02-10 08:02:53.767 8144 8637 E OpenGLRenderer: JankTracker::calculateLegacyJank expectedDequeueDuration > 0 expectedDequeueDuration=564993, DequeueBufferDuration=2909322, forgiveAmount=564993, totalDuration=11827930
02-10 08:02:53.833 8144 8637 E OpenGLRenderer: JankTracker::calculateLegacyJank expectedDequeueDuration > 0 expectedDequeueDuration=128787, DequeueBufferDuration=1652917, forgiveAmount=128787, totalDuration=13285708
02-10 08:02:53.885 8144 8637 E OpenGLRenderer: JankTracker::calculateLegacyJank expectedDequeueDuration > 0 expectedDequeueDuration=597087, DequeueBufferDuration=1886354, forgiveAmount=597087, totalDuration=12360825
02-10 08:02:53.968 8144 8637 E OpenGLRenderer: JankTracker::calculateLegacyJank expectedDequeueDuration > 0 expectedDequeueDuration=629824, DequeueBufferDuration=1823073, forgiveAmount=629824, totalDuration=9846289
02-10 08:02:54.686 8144 8637 E OpenGLRenderer: JankTracker::calculateLegacyJank expectedDequeueDuration > 0 expectedDequeueDuration=700772, DequeueBufferDuration=2860573, forgiveAmount=700772, totalDuration=10228404
02-10 08:02:54.751 8144 8637 E OpenGLRenderer: JankTracker::calculateLegacyJank expectedDequeueDuration > 0 expectedDequeueDuration=263744, DequeueBufferDuration=4176614, forgiveAmount=263744, totalDuration=13756210
02-10 08:02:54.770 8144 8637 E OpenGLRenderer: JankTracker::calculateLegacyJank expectedDequeueDuration > 0 expectedDequeueDuration=779253, DequeueBufferDuration=3488281, forgiveAmount=779253, totalDuration=11377171
02-10 08:02:54.788 8144 8637 E OpenGLRenderer: JankTracker::calculateLegacyJank expectedDequeueDuration > 0 expectedDequeueDuration=1108161, DequeueBufferDuration=3731719, forgiveAmount=1108161, totalDuration=12269928
02-10 08:02:54.902 8144 8637 E OpenGLRenderer: JankTracker::calculateLegacyJank expectedDequeueDuration > 0 expectedDequeueDuration=473720, DequeueBufferDuration=2630729, forgiveAmount=473720, totalDuration=8795685
02-10 08:02:54.937 8144 8637 E OpenGLRenderer: JankTracker::calculateLegacyJank expectedDequeueDuration > 0 expectedDequeueDuration=1232659, DequeueBufferDuration=3738698, forgiveAmount=1232659, totalDuration=8921505
02-10 08:02:54.985 8144 8637 E OpenGLRenderer: JankTracker::calculateLegacyJank expectedDequeueDuration > 0 expectedDequeueDuration=445812, DequeueBufferDuration=5602083, forgiveAmount=445812, totalDuration=15416449
02-10 08:02:55.019 8144 8637 E OpenGLRenderer: JankTracker::calculateLegacyJank expectedDequeueDuration > 0 expectedDequeueDuration=473901, DequeueBufferDuration=4211302, forgiveAmount=473901, totalDuration=13308865
02-10 08:02:56.833 8144 8637 E OpenGLRenderer: JankTracker::calculateLegacyJank expectedDequeueDuration > 0 expectedDequeueDuration=1915076, DequeueBufferDuration=4119791, forgiveAmount=1915076, totalDuration=6732296
02-10 08:02:57.549 8144 8333 E OpenGLRenderer: JankTracker::calculateLegacyJank expectedDequeueDuration > 0 expectedDequeueDuration=1081327, DequeueBufferDuration=3881770, forgiveAmount=1081327, totalDuration=11316408
02-10 08:02:57.950 8144 8156 E OpenGLRenderer: JankTracker::calculateLegacyJank expectedDequeueDuration > 0 expectedDequeueDuration=991830, DequeueBufferDuration=5063490, forgiveAmount=991830, totalDuration=9773684
02-10 08:02:57.968 8144 8156 E OpenGLRenderer: JankTracker::calculateLegacyJank expectedDequeueDuration > 0 expectedDequeueDuration=909648, DequeueBufferDuration=3470000, forgiveAmount=909648, totalDuration=8508933
02-10 08:02:57.988 8144 8333 E OpenGLRenderer: JankTracker::calculateLegacyJank expectedDequeueDuration > 0 expectedDequeueDuration=1094647, DequeueBufferDuration=3398698, forgiveAmount=1094647, totalDuration=9267528
02-10 08:02:58.004 8144 8333 E OpenGLRenderer: JankTracker::calculateLegacyJank expectedDequeueDuration > 0 expectedDequeueDuration=1909498, DequeueBufferDuration=5673802, forgiveAmount=1909498, totalDuration=9077045
02-10 08:02:58.021 8144 8333 E OpenGLRenderer: JankTracker::calculateLegacyJank expectedDequeueDuration > 0 expectedDequeueDuration=1862593, DequeueBufferDuration=7938021, forgiveAmount=1862593, totalDuration=11918044
02-10 08:02:58.038 8144 8333 E OpenGLRenderer: JankTracker::calculateLegacyJank expectedDequeueDuration > 0 expectedDequeueDuration=1083181, DequeueBufferDuration=6619427, forgiveAmount=1083181, totalDuration=10839627
02-10 08:02:58.054 8144 8333 E OpenGLRenderer: JankTracker::calculateLegacyJank expectedDequeueDuration > 0 expectedDequeueDuration=1933870, DequeueBufferDuration=7969114, forgiveAmount=1933870, totalDuration=11381583
02-10 08:02:58.071 8144 8333 E OpenGLRenderer: JankTracker::calculateLegacyJank expectedDequeueDuration > 0 expectedDequeueDuration=1750684, DequeueBufferDuration=7796041, forgiveAmount=1750684, totalDuration=11491289
02-10 08:02:58.094 8144 8333 E OpenGLRenderer: JankTracker::calculateLegacyJank expectedDequeueDuration > 0 expectedDequeueDuration=335187, DequeueBufferDuration=5321250, forgiveAmount=335187, totalDuration=10587751
02-10 08:02:58.106 8144 8333 E OpenGLRenderer: JankTracker::calculateLegacyJank expectedDequeueDuration > 0 expectedDequeueDuration=2200032, DequeueBufferDuration=8355104, forgiveAmount=2200032, totalDuration=11580404
02-10 08:02:58.122 8144 8333 E OpenGLRenderer: JankTracker::calculateLegacyJank expectedDequeueDuration > 0 expectedDequeueDuration=220719, DequeueBufferDuration=12209740, forgiveAmount=220719, totalDuration=22469603
02-10 08:02:58.180 8144 8333 E OpenGLRenderer: JankTracker::calculateLegacyJank expectedDequeueDuration > 0 expectedDequeueDuration=641351, DequeueBufferDuration=7553125, forgiveAmount=641351, totalDuration=16411621
02-10 08:02:58.401 8144 10868 E OpenGLRenderer: JankTracker::calculateLegacyJank expectedDequeueDuration > 0 expectedDequeueDuration=312989, DequeueBufferDuration=2247604, forgiveAmount=312989, totalDuration=10647355
02-10 08:02:58.415 8144 10868 E OpenGLRenderer: JankTracker::calculateLegacyJank expectedDequeueDuration > 0 expectedDequeueDuration=292219, DequeueBufferDuration=2832708, forgiveAmount=292219, totalDuration=10718999
02-10 08:02:58.432 8144 10868 E OpenGLRenderer: JankTracker::calculateLegacyJank expectedDequeueDuration > 0 expectedDequeueDuration=402615, DequeueBufferDuration=3199271, forgiveAmount=402615, totalDuration=10697791
02-10 08:02:58.449 8144 10868 E OpenGLRenderer: JankTracker::calculateLegacyJank expectedDequeueDuration > 0 expectedDequeueDuration=1854381, DequeueBufferDuration=2649323, forgiveAmount=1854381, totalDuration=6176395
02-10 08:02:58.464 8144 10868 E OpenGLRenderer: JankTracker::calculateLegacyJank expectedDequeueDuration > 0 expectedDequeueDuration=2091468, DequeueBufferDuration=2881770, forgiveAmount=2091468, totalDuration=5321075
02-10 08:02:58.497 8144 10868 E OpenGLRenderer: JankTracker::calculateLegacyJank expectedDequeueDuration > 0 expectedDequeueDuration=1109593, DequeueBufferDuration=606875, forgiveAmount=606875, totalDuration=7359365
02-10 08:02:58.514 8144 10868 E OpenGLRenderer: JankTracker::calculateLegacyJank expectedDequeueDuration > 0 expectedDequeueDuration=1930676, DequeueBufferDuration=1125834, forgiveAmount=1125834, totalDuration=5150886
02-10 08:02:58.531 8144 10868 E OpenGLRenderer: JankTracker::calculateLegacyJank expectedDequeueDuration > 0 expectedDequeueDuration=1784221, DequeueBufferDuration=1082656, forgiveAmount=1082656, totalDuration=4740102
02-10 08:02:58.547 8144 10868 E OpenGLRenderer: JankTracker::calculateLegacyJank expectedDequeueDuration > 0 expectedDequeueDuration=1794659, DequeueBufferDuration=1019115, forgiveAmount=1019115, totalDuration=4704195
02-10 08:02:58.598 8144 10868 E OpenGLRenderer: JankTracker::calculateLegacyJank expectedDequeueDuration > 0 expectedDequeueDuration=2011636, DequeueBufferDuration=1724375, forgiveAmount=1724375, totalDuration=4401542
02-10 08:02:58.615 8144 10868 E OpenGLRenderer: JankTracker::calculateLegacyJank expectedDequeueDuration > 0 expectedDequeueDuration=2171911, DequeueBufferDuration=3827448, forgiveAmount=2171911, totalDuration=6759927
02-10 08:02:58.632 8144 10868 E OpenGLRenderer: JankTracker::calculateLegacyJank expectedDequeueDuration > 0 expectedDequeueDuration=1831456, DequeueBufferDuration=1025365, forgiveAmount=1025365, totalDuration=4922607
02-10 08:02:58.682 8144 10868 E OpenGLRenderer: JankTracker::calculateLegacyJank expectedDequeueDuration > 0 expectedDequeueDuration=1956626, DequeueBufferDuration=778281, forgiveAmount=778281, totalDuration=4403219
02-10 08:02:58.831 8144 10868 E OpenGLRenderer: JankTracker::calculateLegacyJank expectedDequeueDuration > 0 expectedDequeueDuration=569086, DequeueBufferDuration=569010, forgiveAmount=569010, totalDuration=6307737
02-10 08:02:58.847 8144 10868 E OpenGLRenderer: JankTracker::calculateLegacyJank expectedDequeueDuration > 0 expectedDequeueDuration=2032358, DequeueBufferDuration=992448, forgiveAmount=992448, totalDuration=4921079
02-10 08:02:58.865 8144 10868 E OpenGLRenderer: JankTracker::calculateLegacyJank expectedDequeueDuration > 0 expectedDequeueDuration=616236, DequeueBufferDuration=1063437, forgiveAmount=616236, totalDuration=7703361
02-10 08:02:58.881 8144 10868 E OpenGLRenderer: JankTracker::calculateLegacyJank expectedDequeueDuration > 0 expectedDequeueDuration=2027718, DequeueBufferDuration=860625, forgiveAmount=860625, totalDuration=6482385
02-10 08:02:58.898 8144 10868 E OpenGLRenderer: JankTracker::calculateLegacyJank expectedDequeueDuration > 0 expectedDequeueDuration=1374542, DequeueBufferDuration=1055573, forgiveAmount=1055573, totalDuration=8042801
02-10 08:02:58.914 8144 10868 E OpenGLRenderer: JankTracker::calculateLegacyJank expectedDequeueDuration > 0 expectedDequeueDuration=1729846, DequeueBufferDuration=1793334, forgiveAmount=1729846, totalDuration=6113277
02-10 08:02:58.934 8144 10868 E OpenGLRenderer: JankTracker::calculateLegacyJank expectedDequeueDuration > 0 expectedDequeueDuration=1587390, DequeueBufferDuration=1221458, forgiveAmount=1221458, totalDuration=6228548
02-10 08:02:58.949 8144 10868 E OpenGLRenderer: JankTracker::calculateLegacyJank expectedDequeueDuration > 0 expectedDequeueDuration=1914414, DequeueBufferDuration=1126667, forgiveAmount=1126667, totalDuration=5777773
02-10 08:02:59.031 8144 10868 E OpenGLRenderer: JankTracker::calculateLegacyJank expectedDequeueDuration > 0 expectedDequeueDuration=1433487, DequeueBufferDuration=1370833, forgiveAmount=1370833, totalDuration=5155941
02-10 08:02:59.050 8144 10868 E OpenGLRenderer: JankTracker::calculateLegacyJank expectedDequeueDuration > 0 expectedDequeueDuration=1653316, DequeueBufferDuration=954792, forgiveAmount=954792, totalDuration=4783975
02-10 08:02:59.065 8144 10868 E OpenGLRenderer: JankTracker::calculateLegacyJank expectedDequeueDuration > 0 expectedDequeueDuration=2372061, DequeueBufferDuration=1624427, forgiveAmount=1624427, totalDuration=3907106
02-10 08:02:59.080 8144 10868 E OpenGLRenderer: JankTracker::calculateLegacyJank expectedDequeueDuration > 0 expectedDequeueDuration=2095566, DequeueBufferDuration=2597917, forgiveAmount=2095566, totalDuration=4995066
02-10 08:02:59.099 8144 10868 E OpenGLRenderer: JankTracker::calculateLegacyJank expectedDequeueDuration > 0 expectedDequeueDuration=1785336, DequeueBufferDuration=511146, forgiveAmount=511146, totalDuration=5582424
02-10 08:02:59.114 8144 10868 E OpenGLRenderer: JankTracker::calculateLegacyJank expectedDequeueDuration > 0 expectedDequeueDuration=1932341, DequeueBufferDuration=624115, forgiveAmount=624115, totalDuration=4741408
02-10 08:02:59.132 8144 10868 E OpenGLRenderer: JankTracker::calculateLegacyJank expectedDequeueDuration > 0 expectedDequeueDuration=1835468, DequeueBufferDuration=2867552, forgiveAmount=1835468, totalDuration=6884429
02-10 08:02:59.148 8144 10868 E OpenGLRenderer: JankTracker::calculateLegacyJank expectedDequeueDuration > 0 expectedDequeueDuration=1529972, DequeueBufferDuration=1517916, forgiveAmount=1517916, totalDuration=5424976
02-10 08:02:59.165 8144 10868 E OpenGLRenderer: JankTracker::calculateLegacyJank expectedDequeueDuration > 0 expectedDequeueDuration=875057, DequeueBufferDuration=2011250, forgiveAmount=875057, totalDuration=7746969
02-10 08:02:59.181 8144 8333 E OpenGLRenderer: JankTracker::calculateLegacyJank expectedDequeueDuration > 0 expectedDequeueDuration=1145201, DequeueBufferDuration=1130521, forgiveAmount=1130521, totalDuration=7997559
02-10 08:02:59.198 8144 8333 E OpenGLRenderer: JankTracker::calculateLegacyJank expectedDequeueDuration > 0 expectedDequeueDuration=1815550, DequeueBufferDuration=1911823, forgiveAmount=1815550, totalDuration=6087494
02-10 08:02:59.215 8144 8333 E OpenGLRenderer: JankTracker::calculateLegacyJank expectedDequeueDuration > 0 expectedDequeueDuration=1174927, DequeueBufferDuration=957552, forgiveAmount=957552, totalDuration=6152052
02-10 08:02:59.231 8144 10868 E OpenGLRenderer: JankTracker::calculateLegacyJank expectedDequeueDuration > 0 expectedDequeueDuration=1263455, DequeueBufferDuration=1627135, forgiveAmount=1263455, totalDuration=6896683
02-10 08:02:59.264 8144 10868 E OpenGLRenderer: JankTracker::calculateLegacyJank expectedDequeueDuration > 0 expectedDequeueDuration=1032157, DequeueBufferDuration=957292, forgiveAmount=957292, totalDuration=7087217
02-10 08:02:59.282 8144 10868 E OpenGLRenderer: JankTracker::calculateLegacyJank expectedDequeueDuration > 0 expectedDequeueDuration=860091, DequeueBufferDuration=1076927, forgiveAmount=860091, totalDuration=6799349
02-10 08:02:59.298 8144 10868 E OpenGLRenderer: JankTracker::calculateLegacyJank expectedDequeueDuration > 0 expectedDequeueDuration=1787971, DequeueBufferDuration=1712917, forgiveAmount=1712917, totalDuration=8013643
02-10 08:02:59.314 8144 10868 E OpenGLRenderer: JankTracker::calculateLegacyJank expectedDequeueDuration > 0 expectedDequeueDuration=659346, DequeueBufferDuration=1015625, forgiveAmount=659346, totalDuration=7600579
02-10 08:02:59.331 8144 8333 E OpenGLRenderer: JankTracker::calculateLegacyJank expectedDequeueDuration > 0 expectedDequeueDuration=2246229, DequeueBufferDuration=2217188, forgiveAmount=2217188, totalDuration=5261062
02-10 08:02:59.366 8144 8333 E OpenGLRenderer: JankTracker::calculateLegacyJank expectedDequeueDuration > 0 expectedDequeueDuration=1248861, DequeueBufferDuration=1507292, forgiveAmount=1248861, totalDuration=6273529
02-10 08:02:59.381 8144 8333 E OpenGLRenderer: JankTracker::calculateLegacyJank expectedDequeueDuration > 0 expectedDequeueDuration=1539431, DequeueBufferDuration=1651979, forgiveAmount=1539431, totalDuration=6196190
02-10 08:02:59.399 8144 8333 E OpenGLRenderer: JankTracker::calculateLegacyJank expectedDequeueDuration > 0 expectedDequeueDuration=552245, DequeueBufferDuration=2487761, forgiveAmount=552245, totalDuration=9358687
02-10 08:02:59.415 8144 8333 E OpenGLRenderer: JankTracker::calculateLegacyJank expectedDequeueDuration > 0 expectedDequeueDuration=1302824, DequeueBufferDuration=980677, forgiveAmount=980677, totalDuration=6132489
02-10 08:02:59.432 8144 8333 E OpenGLRenderer: JankTracker::calculateLegacyJank expectedDequeueDuration > 0 expectedDequeueDuration=1297220, DequeueBufferDuration=2049688, forgiveAmount=1297220, totalDuration=5762070
02-10 08:02:59.450 8144 8333 E OpenGLRenderer: JankTracker::calculateLegacyJank expectedDequeueDuration > 0 expectedDequeueDuration=2567779, DequeueBufferDuration=2935417, forgiveAmount=2567779, totalDuration=4456265
02-10 08:02:59.466 8144 8333 E OpenGLRenderer: JankTracker::calculateLegacyJank expectedDequeueDuration > 0 expectedDequeueDuration=396416, DequeueBufferDuration=1286407, forgiveAmount=396416, totalDuration=7900867
02-10 08:02:59.498 8144 8333 E OpenGLRenderer: JankTracker::calculateLegacyJank expectedDequeueDuration > 0 expectedDequeueDuration=183267, DequeueBufferDuration=1407031, forgiveAmount=183267, totalDuration=9118779
02-10 08:02:59.533 8144 8333 E OpenGLRenderer: JankTracker::calculateLegacyJank expectedDequeueDuration > 0 expectedDequeueDuration=1742835, DequeueBufferDuration=1218489, forgiveAmount=1218489, totalDuration=4285499
02-10 08:02:59.549 8144 8333 E OpenGLRenderer: JankTracker::calculateLegacyJank expectedDequeueDuration > 0 expectedDequeueDuration=1436981, DequeueBufferDuration=3008334, forgiveAmount=1436981, totalDuration=6989163
02-10 08:02:59.600 8144 8333 E OpenGLRenderer: JankTracker::calculateLegacyJank expectedDequeueDuration > 0 expectedDequeueDuration=981077, DequeueBufferDuration=1324948, forgiveAmount=981077, totalDuration=7089513
02-10 08:02:59.617 8144 8333 E OpenGLRenderer: JankTracker::calculateLegacyJank expectedDequeueDuration > 0 expectedDequeueDuration=212575, DequeueBufferDuration=954062, forgiveAmount=212575, totalDuration=8920006
02-10 08:02:59.636 8144 8333 E OpenGLRenderer: JankTracker::calculateLegacyJank expectedDequeueDuration > 0 expectedDequeueDuration=813482, DequeueBufferDuration=2203386, forgiveAmount=813482, totalDuration=8020953
02-10 08:02:59.650 8144 8333 E OpenGLRenderer: JankTracker::calculateLegacyJank expectedDequeueDuration > 0 expectedDequeueDuration=2045767, DequeueBufferDuration=3974896, forgiveAmount=2045767, totalDuration=7407112
02-10 08:02:59.683 8144 8333 E OpenGLRenderer: JankTracker::calculateLegacyJank expectedDequeueDuration > 0 expectedDequeueDuration=2206813, DequeueBufferDuration=4108177, forgiveAmount=2206813, totalDuration=6510020
02-10 08:02:59.700 8144 8333 E OpenGLRenderer: JankTracker::calculateLegacyJank expectedDequeueDuration > 0 expectedDequeueDuration=2128269, DequeueBufferDuration=3721562, forgiveAmount=2128269, totalDuration=5993826
02-10 08:02:59.718 8144 8333 E OpenGLRenderer: JankTracker::calculateLegacyJank expectedDequeueDuration > 0 expectedDequeueDuration=663627, DequeueBufferDuration=1786354, forgiveAmount=663627, totalDuration=7976912
02-10 08:02:59.880 8144 10868 E OpenGLRenderer: JankTracker::calculateLegacyJank expectedDequeueDuration > 0 expectedDequeueDuration=583530, DequeueBufferDuration=15403906, forgiveAmount=583530, totalDuration=22876116
02-10 08:03:00.995 8144 10868 E OpenGLRenderer: JankTracker::calculateLegacyJank expectedDequeueDuration > 0 expectedDequeueDuration=410472, DequeueBufferDuration=14481407, forgiveAmount=410472, totalDuration=21108171
02-10 08:03:04.969 8144 8413 E OpenGLRenderer: JankTracker::calculateLegacyJank expectedDequeueDuration > 0 expectedDequeueDuration=59065, DequeueBufferDuration=1027188, forgiveAmount=59065, totalDuration=12196453
02-10 08:03:05.149 8144 8413 E OpenGLRenderer: JankTracker::calculateLegacyJank expectedDequeueDuration > 0 expectedDequeueDuration=1778194, DequeueBufferDuration=877552, forgiveAmount=877552, totalDuration=8457848
02-10 08:03:05.284 8144 8413 E OpenGLRenderer: JankTracker::calculateLegacyJank expectedDequeueDuration > 0 expectedDequeueDuration=556076, DequeueBufferDuration=2011979, forgiveAmount=556076, totalDuration=11763265
