02-10 08:04:58.803 8144 8193 E SQLiteDatabase: Error inserting transferred=1 media_job_uuid=40823784-40db-47c2-bb56-dd5e83f3bf5e transcoded=0 gif_attribution=0 first_scan_length=0 direct_path=/v/t62.15575- 24/56110066_3542929965956739_7524160220178495700_n.enc?ccb=11- 4&oh=01_AdQ0dD495oQnixZmEtZYwXkSXHYgIiUUmd9JK7NlbdQMJg&oe=65EE392B&_nc_sid=5e03e0 thumbnail_height_width_ratio=1.0 is_animated_sticker=0 file_hash=wU0urUzFiKeih3mJSZ1xliz+1PrvPz0J7MSQDSZ4ogk= file_path=Media/MBWhatsApp Stickers/STK-20240210-WA0004.webp file_size=11538 partial_media_hash=null face_x=0 face_y=0 height=64 trim_to=0 media_key_timestamp=1707391265000 message_url=*********************************************************************** *********************************************************************************** ************************************ media_caption=null trim_from=0 mime_type=image/webp partial_media_enc_hash=null width=64 original_file_hash=null has_streaming_sidecar=0 autotransfer_retry_enabled=1 media_upload_handle=null message_row_id=357 multicast_id=null enc_file_hash=Vxe58Qi/EvUBEmgYoGAtHog7dLBXcznny3Nvip5sYUU= mute_video=0 page_count=0 first_scan_sidecar=null suspicious_content=0 file_length=11538 media_name=null media_duration=0 chat_row_id=8 media_key=[B@bad74af
02-10 08:04:58.803 8144 8193 E SQLiteDatabase: android.database.sqlite.SQLiteConstraintException: UNIQUE constraint failed: message_media.message_row_id (code 1555 SQLITE_CONSTRAINT_PRIMARYKEY)
02-10 08:04:58.803 8144 8193 E SQLiteDatabase: at android.database.sqlite.SQLiteConnection.nativeExecuteForLastInsertedRowId(Native Method)
02-10 08:04:58.803 8144 8193 E SQLiteDatabase: at android.database.sqlite.SQLiteConnection.executeForLastInsertedRowId(SQLiteConnecti on.java:985)
02-10 08:04:58.803 8144 8193 E SQLiteDatabase: at android.database.sqlite.SQLiteSession.executeForLastInsertedRowId(SQLiteSession.jav a:790)
02-10 08:04:58.803 8144 8193 E SQLiteDatabase: at android.database.sqlite.SQLiteStatement.executeInsert(SQLiteStatement.java:89)
02-10 08:04:58.803 8144 8193 E SQLiteDatabase: at android.database.sqlite.SQLiteDatabase.insertWithOnConflict(SQLiteDatabase.java:170 2)
02-10 08:04:58.803 8144 8193 E SQLiteDatabase: at android.database.sqlite.SQLiteDatabase.insert(SQLiteDatabase.java:1571)
02-10 08:04:58.803 8144 8193 E SQLiteDatabase: at X.2tm.A08(Unknown Source:6)
02-10 08:04:58.803 8144 8193 E SQLiteDatabase: at X.35Y.A07(Unknown Source:212)
02-10 08:04:58.803 8144 8193 E SQLiteDatabase: at X.3QF.A14(Unknown Source:470)
02-10 08:04:58.803 8144 8193 E SQLiteDatabase: at X.3gU.run(Unknown Source:982)
02-10 08:04:58.803 8144 8193 E SQLiteDatabase: at android.os.Handler.handleCallback(Handler.java:938)
02-10 08:04:58.803 8144 8193 E SQLiteDatabase: at android.os.Handler.dispatchMessage(Handler.java:99)
02-10 08:04:58.803 8144 8193 E SQLiteDatabase: at X.0zq.dispatchMessage(Unknown Source:4)
02-10 08:04:58.803 8144 8193 E SQLiteDatabase: at android.os.Looper.loopOnce(Looper.java:233)
02-10 08:04:58.803 8144 8193 E SQLiteDatabase: at android.os.Looper.loop(Looper.java:334)
02-10 08:04:58.803 8144 8193 E SQLiteDatabase: at android.os.HandlerThread.run(HandlerThread.java:67)
02-10 08:04:59.562 8144 8157 E OpenGLRenderer: JankTracker::calculateLegacyJank expectedDequeueDuration > 0 expectedDequeueDuration=2713829, DequeueBufferDuration=7391354, forgiveAmount=2713829, totalDuration=15580936
02-10 08:04:59.716 8144 8157 E OpenGLRenderer: JankTracker::calculateLegacyJank expectedDequeueDuration > 0 expectedDequeueDuration=1037066, DequeueBufferDuration=514583, forgiveAmount=514583, totalDuration=7302100
02-10 08:04:59.862 8144 8156 E OpenGLRenderer: JankTracker::calculateLegacyJank expectedDequeueDuration > 0 expectedDequeueDuration=60593, DequeueBufferDuration=16194531, forgiveAmount=60593, totalDuration=25605793
02-10 08:05:00.778 8144 9720 E OpenGLRenderer: JankTracker::calculateLegacyJank expectedDequeueDuration > 0 expectedDequeueDuration=2524322, DequeueBufferDuration=1093542, forgiveAmount=1093542, totalDuration=3355573
02-10 08:05:01.829 8144 9720 E OpenGLRenderer: JankTracker::calculateLegacyJank expectedDequeueDuration > 0 expectedDequeueDuration=1552711, DequeueBufferDuration=1883854, forgiveAmount=1552711, totalDuration=7399110
02-10 08:05:01.963 8144 8156 E OpenGLRenderer: JankTracker::calculateLegacyJank expectedDequeueDuration > 0 expectedDequeueDuration=2118875, DequeueBufferDuration=1464583, forgiveAmount=1464583, totalDuration=5826021
02-10 08:05:08.415 8144 8156 E OpenGLRenderer: JankTracker::calculateLegacyJank expectedDequeueDuration > 0 expectedDequeueDuration=827119, DequeueBufferDuration=2415313, forgiveAmount=827119, totalDuration=9231856
02-10 08:05:08.467 8144 8156 E OpenGLRenderer: JankTracker::calculateLegacyJank expectedDequeueDuration > 0 expectedDequeueDuration=785966, DequeueBufferDuration=1054219, forgiveAmount=785966, totalDuration=8478276
02-10 08:05:08.484 8144 8158 E OpenGLRenderer: JankTracker::calculateLegacyJank expectedDequeueDuration > 0 expectedDequeueDuration=1233293, DequeueBufferDuration=1384948, forgiveAmount=1233293, totalDuration=5966018
02-10 08:05:08.499 8144 8156 E OpenGLRenderer: JankTracker::calculateLegacyJank expectedDequeueDuration > 0 expectedDequeueDuration=488288, DequeueBufferDuration=1552135, forgiveAmount=488288, totalDuration=9525768
02-10 08:05:09.995 8144 8144 E ArmVmp : Match on catch block at 0x0a in for 0x7630ce6035
02-10 08:05:10.004 8144 8144 E ArmVmp : Match on catch block at 0x0a in for 0x7630ce6035
02-10 08:05:10.201 8144 8144 E ArmVmp : Match on catch block at 0xc3 in for 0x7630ce6021
02-10 08:05:10.206 8144 8144 E ArmVmp : Match on catch block at 0xc3 in for 0x7630ce6021
02-10 08:05:10.289 8144 8144 E ArmVmp : Match on catch block at 0xc3 in for 0x7630ce6025
02-10 08:05:10.292 8144 8144 E ArmVmp : Match on catch block at 0xc3 in for 0x7630ce6025
02-10 08:05:10.393 8144 8144 E ArmVmp : Match on catch block at 0xc3 in for 0x7630ce6025
02-10 08:05:10.398 8144 8144 E ArmVmp : Match on catch block at 0xc3 in for 0x7630ce6025
02-10 08:05:10.415 8144 8144 E ArmVmp : Match on catch block at 0xc3 in for 0x7630ce6025
02-10 08:05:10.419 8144 8144 E ArmVmp : Match on catch block at 0xc3 in for 0x7630ce6025
02-10 08:05:10.436 8144 8144 E ArmVmp : Match on catch block at 0xc3 in for 0x7630ce6025
02-10 08:05:10.441 8144 8144 E ArmVmp : Match on catch block at 0xc3 in for 0x7630ce6025
02-10 08:05:10.454 8144 8144 E ArmVmp : Match on catch block at 0xc3 in for 0x7630ce6025
02-10 08:05:10.458 8144 8144 E ArmVmp : Match on catch block at 0xc3 in for 0x7630ce6025
02-10 08:05:10.468 8144 8144 E ArmVmp : Match on catch block at 0xc3 in for 0x7630ce6025
02-10 08:05:10.471 8144 8144 E ArmVmp : Match on catch block at 0xc3 in for 0x7630ce6025
02-10 08:05:10.482 8144 8144 E ArmVmp : Match on catch block at 0xc3 in for 0x7630ce6025
02-10 08:05:10.485 8144 8144 E ArmVmp : Match on catch block at 0xc3 in for 0x7630ce6025
02-10 08:05:10.498 8144 8144 E ArmVmp : Match on catch block at 0xc3 in for 0x7630ce6025
02-10 08:05:10.502 8144 8144 E ArmVmp : Match on catch block at 0xc3 in for 0x7630ce6025
02-10 08:05:10.896 8144 8144 E ArmVmp : Match on catch block at 0xc3 in for 0x7630ce6025
02-10 08:05:10.898 8144 8144 E ArmVmp : Match on catch block at 0xc3 in for 0x7630ce6025
02-10 08:05:10.913 8144 8144 E ArmVmp : Match on catch block at 0xc3 in for 0x7630ce6025
02-10 08:05:10.916 8144 8144 E ArmVmp : Match on catch block at 0xc3 in for 0x7630ce6025
02-10 08:05:10.929 8144 8144 E ArmVmp : Match on catch block at 0xc3 in for 0x7630ce6025
02-10 08:05:10.932 8144 8144 E ArmVmp : Match on catch block at 0xc3 in for 0x7630ce6025
02-10 08:05:10.946 8144 8144 E ArmVmp : Match on catch block at 0xc3 in for 0x7630ce6025
02-10 08:05:10.948 8144 8144 E ArmVmp : Match on catch block at 0xc3 in for 0x7630ce6025
02-10 08:05:10.963 8144 8144 E ArmVmp : Match on catch block at 0xc3 in for 0x7630ce6025
02-10 08:05:10.965 8144 8144 E ArmVmp : Match on catch block at 0xc3 in for 0x7630ce6025
02-10 08:05:10.979 8144 8144 E ArmVmp : Match on catch block at 0xc3 in for 0x7630ce6025
02-10 08:05:10.981 8144 8144 E ArmVmp : Match on catch block at 0xc3 in for 0x7630ce6025
02-10 08:05:10.996 8144 8144 E ArmVmp : Match on catch block at 0xc3 in for 0x7630ce6025
02-10 08:05:10.998 8144 8144 E ArmVmp : Match on catch block at 0xc3 in for 0x7630ce6025
02-10 08:05:11.012 8144 8144 E ArmVmp : Match on catch block at 0xc3 in for 0x7630ce6025
02-10 08:05:11.014 8144 8144 E ArmVmp : Match on catch block at 0xc3 in for 0x7630ce6025
02-10 08:05:11.029 8144 8144 E ArmVmp : Match on catch block at 0xc3 in for 0x7630ce6025
02-10 08:05:11.037 8144 8144 E ArmVmp : Match on catch block at 0xc3 in for 0x7630ce6025
02-10 08:05:11.047 8144 8144 E ArmVmp : Match on catch block at 0xc3 in for 0x7630ce6025
02-10 08:05:11.050 8144 8144 E ArmVmp : Match on catch block at 0xc3 in for 0x7630ce6025
02-10 08:05:11.064 8144 8144 E ArmVmp : Match on catch block at 0xc3 in for 0x7630ce6025
02-10 08:05:11.068 8144 8144 E ArmVmp : Match on catch block at 0xc3 in for 0x7630ce6025
02-10 08:05:11.080 8144 8144 E ArmVmp : Match on catch block at 0xc3 in for 0x7630ce6025
02-10 08:05:11.083 8144 8144 E ArmVmp : Match on catch block at 0xc3 in for 0x7630ce6025
02-10 08:05:11.097 8144 8144 E ArmVmp : Match on catch block at 0xc3 in for 0x7630ce6025
02-10 08:05:11.100 8144 8144 E ArmVmp : Match on catch block at 0xc3 in for 0x7630ce6025
02-10 08:05:11.113 8144 8144 E ArmVmp : Match on catch block at 0xc3 in for 0x7630ce6025
02-10 08:05:11.115 8144 8144 E ArmVmp : Match on catch block at 0xc3 in for 0x7630ce6025
02-10 08:05:11.130 8144 8144 E ArmVmp : Match on catch block at 0xc3 in for 0x7630ce6025
02-10 08:05:11.132 8144 8144 E ArmVmp : Match on catch block at 0xc3 in for 0x7630ce6025
02-10 08:05:11.146 8144 8144 E ArmVmp : Match on catch block at 0xc3 in for 0x7630ce6025
02-10 08:05:11.151 8144 8144 E ArmVmp : Match on catch block at 0xc3 in for 0x7630ce6025
02-10 08:05:11.163 8144 8144 E ArmVmp : Match on catch block at 0xc3 in for 0x7630ce6025
02-10 08:05:11.166 8144 8144 E ArmVmp : Match on catch block at 0xc3 in for 0x7630ce6025
02-10 08:05:11.182 8144 8144 E ArmVmp : Match on catch block at 0xc3 in for 0x7630ce6025
02-10 08:05:11.185 8144 8144 E ArmVmp : Match on catch block at 0xc3 in for 0x7630ce6025
02-10 08:05:11.196 8144 8144 E ArmVmp : Match on catch block at 0xc3 in for 0x7630ce6025
02-10 08:05:11.199 8144 8144 E ArmVmp : Match on catch block at 0xc3 in for 0x7630ce6025
02-10 08:05:11.213 8144 8144 E ArmVmp : Match on catch block at 0xc3 in for 0x7630ce6025
02-10 08:05:11.215 8144 8144 E ArmVmp : Match on catch block at 0xc3 in for 0x7630ce6025
02-10 08:05:11.230 8144 8144 E ArmVmp : Match on catch block at 0xc3 in for 0x7630ce6025
02-10 08:05:11.232 8144 8144 E ArmVmp : Match on catch block at 0xc3 in for 0x7630ce6025
02-10 08:05:11.398 8144 8144 E ArmVmp : Match on catch block at 0xc3 in for 0x7630ce6025
02-10 08:05:11.403 8144 8144 E ArmVmp : Match on catch block at 0xc3 in for 0x7630ce6025
02-10 08:05:11.958 8144 8144 E ArmVmp : Match on catch block at 0xc3 in for 0x7630ce6025
02-10 08:05:11.961 8144 8144 E ArmVmp : Match on catch block at 0xc3 in for 0x7630ce6025
02-10 08:05:12.001 8144 8144 E ArmVmp : Match on catch block at 0xc3 in for 0x7630ce6025
02-10 08:05:12.005 8144 8144 E ArmVmp : Match on catch block at 0xc3 in for 0x7630ce6025
02-10 08:05:12.018 8144 8144 E ArmVmp : Match on catch block at 0xc3 in for 0x7630ce6025
02-10 08:05:12.021 8144 8144 E ArmVmp : Match on catch block at 0xc3 in for 0x7630ce6025
02-10 08:05:12.070 8144 8144 E ArmVmp : Match on catch block at 0xc3 in for 0x7630ce6025
02-10 08:05:12.080 8144 8144 E ArmVmp : Match on catch block at 0xc3 in for 0x7630ce6025
02-10 08:05:12.092 8144 8144 E ArmVmp : Match on catch block at 0xc3 in for 0x7630ce6025
02-10 08:05:12.095 8144 8144 E ArmVmp : Match on catch block at 0xc3 in for 0x7630ce6025
02-10 08:05:12.403 8144 8144 E ArmVmp : Match on catch block at 0xc3 in for 0x7630ce6025
02-10 08:05:12.416 8144 8144 E ArmVmp : Match on catch block at 0xc3 in for 0x7630ce6025
02-10 08:05:12.837 8144 8144 E ArmVmp : Match on catch block at 0xc3 in for 0x7630ce6025
02-10 08:05:12.840 8144 8144 E ArmVmp : Match on catch block at 0xc3 in for 0x7630ce6025
02-10 08:05:12.869 8144 8144 E ArmVmp : Match on catch block at 0xc3 in for 0x7630ce6025
02-10 08:05:12.871 8144 8144 E ArmVmp : Match on catch block at 0xc3 in for 0x7630ce6025
02-10 08:05:12.881 8144 8144 E ArmVmp : Match on catch block at 0xc3 in for 0x7630ce6025
02-10 08:05:12.885 8144 8144 E ArmVmp : Match on catch block at 0xc3 in for 0x7630ce6025
02-10 08:05:12.897 8144 8144 E ArmVmp : Match on catch block at 0xc3 in for 0x7630ce6025
02-10 08:05:12.903 8144 8144 E ArmVmp : Match on catch block at 0xc3 in for 0x7630ce6025
02-10 08:05:12.916 8144 8144 E ArmVmp : Match on catch block at 0xc3 in for 0x7630ce6025
02-10 08:05:12.918 8144 8144 E ArmVmp : Match on catch block at 0xc3 in for 0x7630ce6025
02-10 08:05:12.931 8144 8144 E ArmVmp : Match on catch block at 0xc3 in for 0x7630ce6025
02-10 08:05:12.935 8144 8144 E ArmVmp : Match on catch block at 0xc3 in for 0x7630ce6025
02-10 08:05:12.950 8144 8144 E ArmVmp : Match on catch block at 0xc3 in for 0x7630ce6025
02-10 08:05:12.953 8144 8144 E ArmVmp : Match on catch block at 0xc3 in for 0x7630ce6025
02-10 08:05:12.968 8144 8144 E ArmVmp : Match on catch block at 0xc3 in for 0x7630ce6025
02-10 08:05:12.972 8144 8144 E ArmVmp : Match on catch block at 0xc3 in for 0x7630ce6025
02-10 08:05:12.981 8144 8144 E ArmVmp : Match on catch block at 0xc3 in for 0x7630ce6025
02-10 08:05:12.985 8144 8144 E ArmVmp : Match on catch block at 0xc3 in for 0x7630ce6025
02-10 08:05:12.999 8144 8144 E ArmVmp : Match on catch block at 0xc3 in for 0x7630ce6025
02-10 08:05:13.003 8144 8144 E ArmVmp : Match on catch block at 0xc3 in for 0x7630ce6025
02-10 08:05:13.013 8144 8144 E ArmVmp : Match on catch block at 0xc3 in for 0x7630ce6025
02-10 08:05:13.016 8144 8144 E ArmVmp : Match on catch block at 0xc3 in for 0x7630ce6025
02-10 08:05:13.030 8144 8144 E ArmVmp : Match on catch block at 0xc3 in for 0x7630ce6025
02-10 08:05:13.037 8144 8144 E ArmVmp : Match on catch block at 0xc3 in for 0x7630ce6025
02-10 08:05:13.204 8144 8144 E ArmVmp : Match on catch block at 0xc3 in for 0x7630ce6025
02-10 08:05:13.207 8144 8144 E ArmVmp : Match on catch block at 0xc3 in for 0x7630ce6025
02-10 08:05:13.450 8144 8144 E ArmVmp : Match on catch block at 0xc3 in for 0x7630ce6025
02-10 08:05:13.454 8144 8144 E ArmVmp : Match on catch block at 0xc3 in for 0x7630ce6025
02-10 08:05:13.464 8144 8144 E ArmVmp : Match on catch block at 0xc3 in for 0x7630ce6025
02-10 08:05:13.469 8144 8144 E ArmVmp : Match on catch block at 0xc3 in for 0x7630ce6025
02-10 08:05:13.666 8144 8144 E ArmVmp : Match on catch block at 0xc3 in for 0x7630ce6025
02-10 08:05:13.672 8144 8144 E ArmVmp : Match on catch block at 0xc3 in for 0x7630ce6025
02-10 08:05:13.683 8144 8144 E ArmVmp : Match on catch block at 0xc3 in for 0x7630ce6025
02-10 08:05:13.687 8144 8144 E ArmVmp : Match on catch block at 0xc3 in for 0x7630ce6025
02-10 08:05:13.701 8144 8144 E ArmVmp : Match on catch block at 0xc3 in for 0x7630ce6025
02-10 08:05:13.703 8144 8144 E ArmVmp : Match on catch block at 0xc3 in for 0x7630ce6025
02-10 08:05:13.713 8144 8144 E ArmVmp : Match on catch block at 0xc3 in for 0x7630ce6025
02-10 08:05:13.720 8144 8144 E ArmVmp : Match on catch block at 0xc3 in for 0x7630ce6025
02-10 08:05:13.730 8144 8144 E ArmVmp : Match on catch block at 0xc3 in for 0x7630ce6025
02-10 08:05:13.733 8144 8144 E ArmVmp : Match on catch block at 0xc3 in for 0x7630ce6025
02-10 08:05:13.747 8144 8144 E ArmVmp : Match on catch block at 0xc3 in for 0x7630ce6025
02-10 08:05:13.750 8144 8144 E ArmVmp : Match on catch block at 0xc3 in for 0x7630ce6025
02-10 08:05:13.764 8144 8144 E ArmVmp : Match on catch block at 0xc3 in for 0x7630ce6025
02-10 08:05:13.770 8144 8144 E ArmVmp : Match on catch block at 0xc3 in for 0x7630ce6025
02-10 08:05:13.782 8144 8144 E ArmVmp : Match on catch block at 0xc3 in for 0x7630ce6025
02-10 08:05:13.785 8144 8144 E ArmVmp : Match on catch block at 0xc3 in for 0x7630ce6025
02-10 08:05:13.797 8144 8144 E ArmVmp : Match on catch block at 0xc3 in for 0x7630ce6025
02-10 08:05:13.801 8144 8144 E ArmVmp : Match on catch block at 0xc3 in for 0x7630ce6025
02-10 08:05:13.815 8144 8144 E ArmVmp : Match on catch block at 0xc3 in for 0x7630ce6025
02-10 08:05:13.821 8144 8144 E ArmVmp : Match on catch block at 0xc3 in for 0x7630ce6025
02-10 08:05:13.831 8144 8144 E ArmVmp : Match on catch block at 0xc3 in for 0x7630ce6025
02-10 08:05:13.837 8144 8144 E ArmVmp : Match on catch block at 0xc3 in for 0x7630ce6025
02-10 08:05:13.850 8144 8144 E ArmVmp : Match on catch block at 0xc3 in for 0x7630ce6025
02-10 08:05:13.854 8144 8144 E ArmVmp : Match on catch block at 0xc3 in for 0x7630ce6025
02-10 08:05:13.865 8144 8144 E ArmVmp : Match on catch block at 0xc3 in for 0x7630ce6025
02-10 08:05:13.872 8144 8144 E ArmVmp : Match on catch block at 0xc3 in for 0x7630ce6025
02-10 08:05:13.881 8144 8144 E ArmVmp : Match on catch block at 0xc3 in for 0x7630ce6025
02-10 08:05:13.885 8144 8144 E ArmVmp : Match on catch block at 0xc3 in for 0x7630ce6025
02-10 08:05:13.898 8144 8144 E ArmVmp : Match on catch block at 0xc3 in for 0x7630ce6025
02-10 08:05:13.905 8144 8144 E ArmVmp : Match on catch block at 0xc3 in for 0x7630ce6025
02-10 08:05:13.917 8144 8144 E ArmVmp : Match on catch block at 0xc3 in for 0x7630ce6025
02-10 08:05:13.921 8144 8144 E ArmVmp : Match on catch block at 0xc3 in for 0x7630ce6025
02-10 08:05:13.931 8144 8144 E ArmVmp : Match on catch block at 0xc3 in for 0x7630ce6025
02-10 08:05:13.939 8144 8144 E ArmVmp : Match on catch block at 0xc3 in for 0x7630ce6025
02-10 08:05:13.997 8144 8144 E ArmVmp : Match on catch block at 0xc3 in for 0x7630ce6025
02-10 08:05:14.003 8144 8144 E ArmVmp : Match on catch block at 0xc3 in for 0x7630ce6025
02-10 08:05:14.184 8144 8144 E ArmVmp : Match on catch block at 0xc3 in for 0x7630ce6025
02-10 08:05:14.189 8144 8144 E ArmVmp : Match on catch block at 0xc3 in for 0x7630ce6025
02-10 08:05:14.382 8144 8144 E ArmVmp : Match on catch block at 0xc3 in for 0x7630ce6025
02-10 08:05:14.389 8144 8144 E ArmVmp : Match on catch block at 0xc3 in for 0x7630ce6025
02-10 08:05:14.487 8144 8144 E ArmVmp : Match on catch block at 0xc3 in for 0x7630ce6025
02-10 08:05:14.490 8144 8144 E ArmVmp : Match on catch block at 0xc3 in for 0x7630ce6025
02-10 08:05:14.999 8144 8144 E ArmVmp : Match on catch block at 0xc3 in for 0x7630ce6025
02-10 08:05:15.001 8144 8144 E ArmVmp : Match on catch block at 0xc3 in for 0x7630ce6025
02-10 08:05:15.501 8144 8144 E ArmVmp : Match on catch block at 0xc3 in for 0x7630ce6025
02-10 08:05:15.513 8144 8144 E ArmVmp : Match on catch block at 0xc3 in for 0x7630ce6025
02-10 08:05:15.900 8144 8144 E ArmVmp : Match on catch block at 0xc3 in for 0x7630ce6025
02-10 08:05:15.903 8144 8144 E ArmVmp : Match on catch block at 0xc3 in for 0x7630ce6025
02-10 08:05:15.917 8144 8144 E ArmVmp : Match on catch block at 0xc3 in for 0x7630ce6025
02-10 08:05:15.923 8144 8144 E ArmVmp : Match on catch block at 0xc3 in for 0x7630ce6025
02-10 08:05:16.268 8144 8144 E ArmVmp : Match on catch block at 0xc3 in for 0x7630ce6025
02-10 08:05:16.276 8144 8144 E ArmVmp : Match on catch block at 0xc3 in for 0x7630ce6025
02-10 08:05:16.314 8144 8144 E ArmVmp : Match on catch block at 0xc3 in for 0x7630ce6025
02-10 08:05:16.320 8144 8144 E ArmVmp : Match on catch block at 0xc3 in for 0x7630ce6025
02-10 08:05:16.339 8144 8144 E ArmVmp : Match on catch block at 0xc3 in for 0x7630ce6025
02-10 08:05:16.342 8144 8144 E ArmVmp : Match on catch block at 0xc3 in for 0x7630ce6025
02-10 08:05:16.352 8144 8144 E ArmVmp : Match on catch block at 0xc3 in for 0x7630ce6025
02-10 08:05:16.356 8144 8144 E ArmVmp : Match on catch block at 0xc3 in for 0x7630ce6025
02-10 08:05:16.365 8144 8144 E ArmVmp : Match on catch block at 0xc3 in for 0x7630ce6025
02-10 08:05:16.370 8144 8144 E ArmVmp : Match on catch block at 0xc3 in for 0x7630ce6025
02-10 08:05:16.381 8144 8144 E ArmVmp : Match on catch block at 0xc3 in for 0x7630ce6025
02-10 08:05:16.390 8144 8144 E ArmVmp : Match on catch block at 0xc3 in for 0x7630ce6025
02-10 08:05:16.454 8144 8144 E ArmVmp : Match on catch block at 0xc3 in for 0x7630ce6025
02-10 08:05:16.459 8144 8144 E ArmVmp : Match on catch block at 0xc3 in for 0x7630ce6025
02-10 08:05:16.477 8144 8144 E ArmVmp : Match on catch block at 0xc3 in for 0x7630ce6025
02-10 08:05:16.481 8144 8144 E ArmVmp : Match on catch block at 0xc3 in for 0x7630ce6025
02-10 08:05:16.499 8144 8144 E ArmVmp : Match on catch block at 0xc3 in for 0x7630ce6025
02-10 08:05:16.505 8144 8144 E ArmVmp : Match on catch block at 0xc3 in for 0x7630ce6025
02-10 08:05:16.513 8144 8144 E ArmVmp : Match on catch block at 0xc3 in for 0x7630ce6025
02-10 08:05:16.523 8144 8144 E ArmVmp : Match on catch block at 0xc3 in for 0x7630ce6025
02-10 08:05:16.801 8144 8144 E ArmVmp : Match on catch block at 0xc3 in for 0x7630ce6025
02-10 08:05:16.809 8144 8144 E ArmVmp : Match on catch block at 0xc3 in for 0x7630ce6025
02-10 08:05:16.827 8144 8144 E ArmVmp : Match on catch block at 0xc3 in for 0x7630ce6025
02-10 08:05:16.830 8144 8144 E ArmVmp : Match on catch block at 0xc3 in for 0x7630ce6025
02-10 08:05:16.836 8144 8144 E ArmVmp : Match on catch block at 0xc3 in for 0x7630ce6025
02-10 08:05:16.843 8144 8144 E ArmVmp : Match on catch block at 0xc3 in for 0x7630ce6025
02-10 08:05:17.169 8144 8144 E ArmVmp : Match on catch block at 0xc3 in for 0x7630ce6025
02-10 08:05:17.172 8144 8144 E ArmVmp : Match on catch block at 0xc3 in for 0x7630ce6025
02-10 08:05:17.185 8144 8144 E ArmVmp : Match on catch block at 0xc3 in for 0x7630ce6025
02-10 08:05:17.189 8144 8144 E ArmVmp : Match on catch block at 0xc3 in for 0x7630ce6025
02-10 08:05:17.299 8144 8144 E ArmVmp : Match on catch block at 0xc3 in for 0x7630ce6025
02-10 08:05:17.303 8144 8144 E ArmVmp : Match on catch block at 0xc3 in for 0x7630ce6025
02-10 08:05:17.482 8144 8144 E ArmVmp : Match on catch block at 0xc3 in for 0x7630ce6025
02-10 08:05:17.485 8144 8144 E ArmVmp : Match on catch block at 0xc3 in for 0x7630ce6025
02-10 08:05:17.497 8144 8144 E ArmVmp : Match on catch block at 0xc3 in for 0x7630ce6025
02-10 08:05:17.500 8144 8144 E ArmVmp : Match on catch block at 0xc3 in for 0x7630ce6025
02-10 08:05:17.590 8144 8144 E ArmVmp : Match on catch block at 0xc3 in for 0x7630ce6025
02-10 08:05:17.593 8144 8144 E ArmVmp : Match on catch block at 0xc3 in for 0x7630ce6025
02-10 08:05:17.717 8144 8144 E ArmVmp : Match on catch block at 0xc3 in for 0x7630ce6025
02-10 08:05:17.724 8144 8144 E ArmVmp : Match on catch block at 0xc3 in for 0x7630ce6025
02-10 08:05:17.747 8144 8144 E ArmVmp : Match on catch block at 0xc3 in for 0x7630ce6025
02-10 08:05:17.766 8144 8144 E ArmVmp : Match on catch block at 0xc3 in for 0x7630ce6025
02-10 08:05:17.783 8144 8144 E ArmVmp : Match on catch block at 0xc3 in for 0x7630ce6025
02-10 08:05:17.789 8144 8144 E ArmVmp : Match on catch block at 0xc3 in for 0x7630ce6025
02-10 08:05:17.805 8144 8144 E ArmVmp : Match on catch block at 0xc3 in for 0x7630ce6025
02-10 08:05:17.809 8144 8144 E ArmVmp : Match on catch block at 0xc3 in for 0x7630ce6025
02-10 08:05:17.829 8144 8144 E ArmVmp : Match on catch block at 0xc3 in for 0x7630ce6025
02-10 08:05:17.838 8144 8144 E ArmVmp : Match on catch block at 0xc3 in for 0x7630ce6025
02-10 08:05:18.065 8144 8144 E ArmVmp : Match on catch block at 0xc3 in for 0x7630ce6025
02-10 08:05:18.072 8144 8144 E ArmVmp : Match on catch block at 0xc3 in for 0x7630ce6025
02-10 08:05:19.394 8144 8637 E OpenGLRenderer: JankTracker::calculateLegacyJank expectedDequeueDuration > 0 expectedDequeueDuration=495477, DequeueBufferDuration=1284844, forgiveAmount=495477, totalDuration=7267745
02-10 08:05:19.501 8144 8193 E SQLiteDatabase: Error inserting transferred=1 media_job_uuid=ff02527d-323d-470e-9660-e381cfbf73fe transcoded=0 gif_attribution=0 first_scan_length=0 direct_path=/v/t62.15575- 24/11887357_1083189519657174_326959705180994755_n.enc?ccb=11- 4&oh=01_AdQANB06OhcdGK-ymtkDD1mvaBrOhicrpdfpXCQc5mEjNQ&oe=65EE31EE&_nc_sid=5e03e0 thumbnail_height_width_ratio=1.0 is_animated_sticker=0 file_hash=qyyuZiPXyXeGF9Y4m542j1uS1faVAdf9jH93VQP/VTg= file_path=Media/MBWhatsApp Stickers/STK-20240210-WA0005.webp file_size=8604 partial_media_hash=null face_x=0 face_y=0 height=64 trim_to=0 media_key_timestamp=1707495153000 message_url=*********************************************************************** *********************************************************************************** *********************************** media_caption=null trim_from=0 mime_type=image/webp partial_media_enc_hash=null width=64 original_file_hash=null has_streaming_sidecar=0 autotransfer_retry_enabled=1 media_upload_handle=null message_row_id=362 multicast_id=null enc_file_hash=Flg6McFkBBLzFpiEE9n4eAAFtUNJwR7nZEYAsCiHupc= mute_video=0 page_count=0 first_scan_sidecar=null suspicious_content=0 file_length=8604 media_name=null media_duration=0 chat_row_id=8 media_key=[B@29fcbc1
02-10 08:05:19.501 8144 8193 E SQLiteDatabase: android.database.sqlite.SQLiteConstraintException: UNIQUE constraint failed: message_media.message_row_id (code 1555 SQLITE_CONSTRAINT_PRIMARYKEY)
02-10 08:05:19.501 8144 8193 E SQLiteDatabase: at android.database.sqlite.SQLiteConnection.nativeExecuteForLastInsertedRowId(Native Method)
02-10 08:05:19.501 8144 8193 E SQLiteDatabase: at android.database.sqlite.SQLiteConnection.executeForLastInsertedRowId(SQLiteConnecti on.java:985)
02-10 08:05:19.501 8144 8193 E SQLiteDatabase: at android.database.sqlite.SQLiteSession.executeForLastInsertedRowId(SQLiteSession.jav a:790)
02-10 08:05:19.501 8144 8193 E SQLiteDatabase: at android.database.sqlite.SQLiteStatement.executeInsert(SQLiteStatement.java:89)
02-10 08:05:19.501 8144 8193 E SQLiteDatabase: at android.database.sqlite.SQLiteDatabase.insertWithOnConflict(SQLiteDatabase.java:170 2)
02-10 08:05:19.501 8144 8193 E SQLiteDatabase: at android.database.sqlite.SQLiteDatabase.insert(SQLiteDatabase.java:1571)
02-10 08:05:19.501 8144 8193 E SQLiteDatabase: at X.2tm.A08(Unknown Source:6)
02-10 08:05:19.501 8144 8193 E SQLiteDatabase: at X.35Y.A07(Unknown Source:212)
02-10 08:05:19.501 8144 8193 E SQLiteDatabase: at X.3QF.A14(Unknown Source:470)
02-10 08:05:19.501 8144 8193 E SQLiteDatabase: at X.3gU.run(Unknown Source:982)
02-10 08:05:19.501 8144 8193 E SQLiteDatabase: at android.os.Handler.handleCallback(Handler.java:938)
02-10 08:05:19.501 8144 8193 E SQLiteDatabase: at android.os.Handler.dispatchMessage(Handler.java:99)
02-10 08:05:19.501 8144 8193 E SQLiteDatabase: at X.0zq.dispatchMessage(Unknown Source:4)
02-10 08:05:19.501 8144 8193 E SQLiteDatabase: at android.os.Looper.loopOnce(Looper.java:233)
02-10 08:05:19.501 8144 8193 E SQLiteDatabase: at android.os.Looper.loop(Looper.java:334)
02-10 08:05:19.501 8144 8193 E SQLiteDatabase: at android.os.HandlerThread.run(HandlerThread.java:67)
02-10 08:05:19.546 8144 8637 E OpenGLRenderer: JankTracker::calculateLegacyJank expectedDequeueDuration > 0 expectedDequeueDuration=2505320, DequeueBufferDuration=2183281, forgiveAmount=2183281, totalDuration=4353066
02-10 08:05:19.663 8144 8156 E OpenGLRenderer: JankTracker::calculateLegacyJank expectedDequeueDuration > 0 expectedDequeueDuration=1488672, DequeueBufferDuration=820417, forgiveAmount=820417, totalDuration=7272785
02-10 08:05:19.680 8144 8637 E OpenGLRenderer: JankTracker::calculateLegacyJank expectedDequeueDuration > 0 expectedDequeueDuration=1781358, DequeueBufferDuration=716354, forgiveAmount=716354, totalDuration=5775360
02-10 08:05:19.901 8144 8156 E OpenGLRenderer: JankTracker::calculateLegacyJank expectedDequeueDuration > 0 expectedDequeueDuration=1061933, DequeueBufferDuration=10096615, forgiveAmount=1061933, totalDuration=18202384
02-10 08:05:19.953 8144 8156 E OpenGLRenderer: JankTracker::calculateLegacyJank expectedDequeueDuration > 0 expectedDequeueDuration=575229, DequeueBufferDuration=2370938, forgiveAmount=575229, totalDuration=11472354
02-10 08:05:19.972 8144 8156 E OpenGLRenderer: JankTracker::calculateLegacyJank expectedDequeueDuration > 0 expectedDequeueDuration=550954, DequeueBufferDuration=3506354, forgiveAmount=550954, totalDuration=11901322
02-10 08:05:19.989 8144 8156 E OpenGLRenderer: JankTracker::calculateLegacyJank expectedDequeueDuration > 0 expectedDequeueDuration=48085, DequeueBufferDuration=3826928, forgiveAmount=48085, totalDuration=14621174
02-10 08:05:20.037 8144 8156 E OpenGLRenderer: JankTracker::calculateLegacyJank expectedDequeueDuration > 0 expectedDequeueDuration=582108, DequeueBufferDuration=5357136, forgiveAmount=582108, totalDuration=15559899
02-10 08:05:20.274 8144 8156 E OpenGLRenderer: JankTracker::calculateLegacyJank expectedDequeueDuration > 0 expectedDequeueDuration=272591, DequeueBufferDuration=4864895, forgiveAmount=272591, totalDuration=13759817
02-10 08:05:20.366 8144 8156 E OpenGLRenderer: JankTracker::calculateLegacyJank expectedDequeueDuration > 0 expectedDequeueDuration=133222, DequeueBufferDuration=879792, forgiveAmount=133222, totalDuration=8113191
02-10 08:05:20.390 8144 8156 E OpenGLRenderer: JankTracker::calculateLegacyJank expectedDequeueDuration > 0 expectedDequeueDuration=1536604, DequeueBufferDuration=1933646, forgiveAmount=1536604, totalDuration=6247521
02-10 08:05:22.748 8144 8637 E OpenGLRenderer: JankTracker::calculateLegacyJank expectedDequeueDuration > 0 expectedDequeueDuration=93584, DequeueBufferDuration=5506042, forgiveAmount=93584, totalDuration=17967937
02-10 08:05:22.785 8144 8637 E OpenGLRenderer: JankTracker::calculateLegacyJank expectedDequeueDuration > 0 expectedDequeueDuration=1344587, DequeueBufferDuration=1340104, forgiveAmount=1340104, totalDuration=9358851
02-10 08:05:22.801 8144 8637 E OpenGLRenderer: JankTracker::calculateLegacyJank expectedDequeueDuration > 0 expectedDequeueDuration=832396, DequeueBufferDuration=1241823, forgiveAmount=832396, totalDuration=9335782
02-10 08:05:22.881 8144 8637 E OpenGLRenderer: JankTracker::calculateLegacyJank expectedDequeueDuration > 0 expectedDequeueDuration=135341, DequeueBufferDuration=1588906, forgiveAmount=135341, totalDuration=12224422
02-10 08:05:23.303 8144 8193 E SQLiteDatabase: Error inserting transferred=1 media_job_uuid=400d3445-cd1c-4199-8b87-5c7236f0c8a0 transcoded=0 gif_attribution=0 first_scan_length=0 direct_path=/v/t62.15575- 24/30812854_421023506950185_3635209067443887955_n.enc?ccb=11- 4&oh=01_AdSSmI_GKf7BwP6tlYxilkGkgK_q-vJiIgik3AOwKToXHg&oe=65EE454C&_nc_sid=5e03e0 thumbnail_height_width_ratio=1.0 is_animated_sticker=0 file_hash=pekjnXztATlOtPuvehrGzjONvlZRyfXHVH0eWscCa7o= file_path=Media/MBWhatsApp Stickers/STK-20240210-WA0006.webp file_size=23368 partial_media_hash=null face_x=0 face_y=0 height=64 trim_to=0 media_key_timestamp=1707403349000 message_url=*********************************************************************** *********************************************************************************** *********************************** media_caption=null trim_from=0 mime_type=image/webp partial_media_enc_hash=null width=64 original_file_hash=null has_streaming_sidecar=0 autotransfer_retry_enabled=1 media_upload_handle=null message_row_id=363 multicast_id=null enc_file_hash=/cW7Z851NV1mGRTuCZYbvCDCKNVYQ09K0DE7Enw9HqA= mute_video=0 page_count=0 first_scan_sidecar=null suspicious_content=0 file_length=23368 media_name=null media_duration=0 chat_row_id=8 media_key=[B@2d485e7
02-10 08:05:23.303 8144 8193 E SQLiteDatabase: android.database.sqlite.SQLiteConstraintException: UNIQUE constraint failed: message_media.message_row_id (code 1555 SQLITE_CONSTRAINT_PRIMARYKEY)
02-10 08:05:23.303 8144 8193 E SQLiteDatabase: at android.database.sqlite.SQLiteConnection.nativeExecuteForLastInsertedRowId(Native Method)
02-10 08:05:23.303 8144 8193 E SQLiteDatabase: at android.database.sqlite.SQLiteConnection.executeForLastInsertedRowId(SQLiteConnecti on.java:985)
02-10 08:05:23.303 8144 8193 E SQLiteDatabase: at android.database.sqlite.SQLiteSession.executeForLastInsertedRowId(SQLiteSession.jav a:790)
02-10 08:05:23.303 8144 8193 E SQLiteDatabase: at android.database.sqlite.SQLiteStatement.executeInsert(SQLiteStatement.java:89)
02-10 08:05:23.303 8144 8193 E SQLiteDatabase: at android.database.sqlite.SQLiteDatabase.insertWithOnConflict(SQLiteDatabase.java:170 2)
02-10 08:05:23.303 8144 8193 E SQLiteDatabase: at android.database.sqlite.SQLiteDatabase.insert(SQLiteDatabase.java:1571)
02-10 08:05:23.303 8144 8193 E SQLiteDatabase: at X.2tm.A08(Unknown Source:6)
02-10 08:05:23.303 8144 8193 E SQLiteDatabase: at X.35Y.A07(Unknown Source:212)
02-10 08:05:23.303 8144 8193 E SQLiteDatabase: at X.3QF.A14(Unknown Source:470)
02-10 08:05:23.303 8144 8193 E SQLiteDatabase: at X.3gU.run(Unknown Source:982)
02-10 08:05:23.303 8144 8193 E SQLiteDatabase: at android.os.Handler.handleCallback(Handler.java:938)
02-10 08:05:23.303 8144 8193 E SQLiteDatabase: at android.os.Handler.dispatchMessage(Handler.java:99)
02-10 08:05:23.303 8144 8193 E SQLiteDatabase: at X.0zq.dispatchMessage(Unknown Source:4)
02-10 08:05:23.303 8144 8193 E SQLiteDatabase: at android.os.Looper.loopOnce(Looper.java:233)
02-10 08:05:23.303 8144 8193 E SQLiteDatabase: at android.os.Looper.loop(Looper.java:334)
02-10 08:05:23.303 8144 8193 E SQLiteDatabase: at android.os.HandlerThread.run(HandlerThread.java:67)
02-10 08:05:25.022 8144 8637 E OpenGLRenderer: JankTracker::calculateLegacyJank expectedDequeueDuration > 0 expectedDequeueDuration=690947, DequeueBufferDuration=2989531, forgiveAmount=690947, totalDuration=12936076
02-10 08:05:25.133 8144 8637 E OpenGLRenderer: JankTracker::calculateLegacyJank expectedDequeueDuration > 0 expectedDequeueDuration=644559, DequeueBufferDuration=5742708, forgiveAmount=644559, totalDuration=13372914
02-10 08:05:25.148 8144 8637 E OpenGLRenderer: JankTracker::calculateLegacyJank expectedDequeueDuration > 0 expectedDequeueDuration=629011, DequeueBufferDuration=5823750, forgiveAmount=629011, totalDuration=14489166
02-10 08:05:25.164 8144 8637 E OpenGLRenderer: JankTracker::calculateLegacyJank expectedDequeueDuration > 0 expectedDequeueDuration=282603, DequeueBufferDuration=18015156, forgiveAmount=282603, totalDuration=26606513
02-10 08:05:26.412 8144 8637 E OpenGLRenderer: JankTracker::calculateLegacyJank expectedDequeueDuration > 0 expectedDequeueDuration=1651108, DequeueBufferDuration=1235573, forgiveAmount=1235573, totalDuration=8441235
02-10 08:05:27.550 8144 8637 E OpenGLRenderer: JankTracker::calculateLegacyJank expectedDequeueDuration > 0 expectedDequeueDuration=1740565, DequeueBufferDuration=14893021, forgiveAmount=1740565, totalDuration=23348610
02-10 08:05:32.087 8144 8156 E OpenGLRenderer: JankTracker::calculateLegacyJank expectedDequeueDuration > 0 expectedDequeueDuration=608891, DequeueBufferDuration=4942604, forgiveAmount=608891, totalDuration=17297478
02-10 08:05:32.102 8144 8156 E OpenGLRenderer: JankTracker::calculateLegacyJank expectedDequeueDuration > 0 expectedDequeueDuration=218562, DequeueBufferDuration=5451823, forgiveAmount=218562, totalDuration=12844178
02-10 08:05:32.119 8144 8156 E OpenGLRenderer: JankTracker::calculateLegacyJank expectedDequeueDuration > 0 expectedDequeueDuration=958056, DequeueBufferDuration=5699844, forgiveAmount=958056, totalDuration=11457743
02-10 08:05:32.135 8144 8156 E OpenGLRenderer: JankTracker::calculateLegacyJank expectedDequeueDuration > 0 expectedDequeueDuration=997073, DequeueBufferDuration=3937500, forgiveAmount=997073, totalDuration=9670073
02-10 08:05:32.153 8144 8156 E OpenGLRenderer: JankTracker::calculateLegacyJank expectedDequeueDuration > 0 expectedDequeueDuration=532095, DequeueBufferDuration=3706771, forgiveAmount=532095, totalDuration=10362893
02-10 08:05:32.169 8144 8156 E OpenGLRenderer: JankTracker::calculateLegacyJank expectedDequeueDuration > 0 expectedDequeueDuration=899162, DequeueBufferDuration=4016145, forgiveAmount=899162, totalDuration=9884645
02-10 08:05:32.670 8144 8156 E OpenGLRenderer: JankTracker::calculateLegacyJank expectedDequeueDuration > 0 expectedDequeueDuration=607882, DequeueBufferDuration=4356094, forgiveAmount=607882, totalDuration=13742309
02-10 08:05:32.685 8144 8156 E OpenGLRenderer: JankTracker::calculateLegacyJank expectedDequeueDuration > 0 expectedDequeueDuration=402796, DequeueBufferDuration=5790000, forgiveAmount=402796, totalDuration=12726648
02-10 08:05:32.701 8144 8156 E OpenGLRenderer: JankTracker::calculateLegacyJank expectedDequeueDuration > 0 expectedDequeueDuration=494678, DequeueBufferDuration=5889635, forgiveAmount=494678, totalDuration=12585957
02-10 08:05:32.718 8144 8156 E OpenGLRenderer: JankTracker::calculateLegacyJank expectedDequeueDuration > 0 expectedDequeueDuration=866954, DequeueBufferDuration=4093438, forgiveAmount=866954, totalDuration=9886039
02-10 08:05:32.735 8144 8156 E OpenGLRenderer: JankTracker::calculateLegacyJank expectedDequeueDuration > 0 expectedDequeueDuration=1307761, DequeueBufferDuration=4144688, forgiveAmount=1307761, totalDuration=9376926
02-10 08:05:32.752 8144 8156 E OpenGLRenderer: JankTracker::calculateLegacyJank expectedDequeueDuration > 0 expectedDequeueDuration=926612, DequeueBufferDuration=3525417, forgiveAmount=926612, totalDuration=9457141
02-10 08:05:35.651 8144 8637 E OpenGLRenderer: JankTracker::calculateLegacyJank expectedDequeueDuration > 0 expectedDequeueDuration=98557, DequeueBufferDuration=3401355, forgiveAmount=98557, totalDuration=12726636
02-10 08:05:35.667 8144 8637 E OpenGLRenderer: JankTracker::calculateLegacyJank expectedDequeueDuration > 0 expectedDequeueDuration=454635, DequeueBufferDuration=3521302, forgiveAmount=454635, totalDuration=10271252
02-10 08:05:35.682 8144 8637 E OpenGLRenderer: JankTracker::calculateLegacyJank expectedDequeueDuration > 0 expectedDequeueDuration=1098744, DequeueBufferDuration=3356823, forgiveAmount=1098744, totalDuration=9605429
02-10 08:05:35.699 8144 8637 E OpenGLRenderer: JankTracker::calculateLegacyJank expectedDequeueDuration > 0 expectedDequeueDuration=226836, DequeueBufferDuration=2500364, forgiveAmount=226836, totalDuration=9845911
02-10 08:05:35.717 8144 8637 E OpenGLRenderer: JankTracker::calculateLegacyJank expectedDequeueDuration > 0 expectedDequeueDuration=1515127, DequeueBufferDuration=1918803, forgiveAmount=1515127, totalDuration=6975476
02-10 08:05:38.218 8144 8156 E OpenGLRenderer: JankTracker::calculateLegacyJank expectedDequeueDuration > 0 expectedDequeueDuration=350727, DequeueBufferDuration=2018698, forgiveAmount=350727, totalDuration=9106150
02-10 08:05:38.234 8144 8156 E OpenGLRenderer: JankTracker::calculateLegacyJank expectedDequeueDuration > 0 expectedDequeueDuration=818268, DequeueBufferDuration=2873281, forgiveAmount=818268, totalDuration=9772006
02-10 08:05:38.250 8144 8156 E OpenGLRenderer: JankTracker::calculateLegacyJank expectedDequeueDuration > 0 expectedDequeueDuration=1210867, DequeueBufferDuration=4120677, forgiveAmount=1210867, totalDuration=10267067
02-10 08:05:38.284 8144 8156 E OpenGLRenderer: JankTracker::calculateLegacyJank expectedDequeueDuration > 0 expectedDequeueDuration=527608, DequeueBufferDuration=2188125, forgiveAmount=527608, totalDuration=8879627
02-10 08:05:38.703 8144 8193 E SQLiteDatabase: Error inserting transferred=1 media_job_uuid=2c468baf-3a40-492c-ac57-a8ccbe77eb29 transcoded=0 gif_attribution=0 first_scan_length=0 direct_path=/v/t62.15575- 24/29279328_384912017486218_3104272069851907969_n.enc?ccb=11- 4&oh=01_AdRrqoRIj1bYWlrdNGGEZqEoy0FH1xbD5D12ylqbi0uJjQ&oe=65EE4CD7&_nc_sid=5e03e0 thumbnail_height_width_ratio=1.0 is_animated_sticker=0 file_hash=nVMH2XNdqHDSscVXVCMAHBRpxKfpDZFa2qfZUZRfPrQ= file_path=Media/MBWhatsApp Stickers/STK-20240210-WA0007.webp file_size=27194 partial_media_hash=null face_x=0 face_y=0 height=64 trim_to=0 media_key_timestamp=1707465681000 message_url=*********************************************************************** *********************************************************************************** *********************************** media_caption=null trim_from=0 mime_type=image/webp partial_media_enc_hash=null width=64 original_file_hash=null has_streaming_sidecar=0 autotransfer_retry_enabled=1 media_upload_handle=null message_row_id=365 multicast_id=null enc_file_hash=JIRngBfih+xOLLiajMzXMWEAxJvvks9KOTDlS5uM6Hg= mute_video=0 page_count=0 first_scan_sidecar=null suspicious_content=0 file_length=27194 media_name=null media_duration=0 chat_row_id=8 media_key=[B@3485b3d
02-10 08:05:38.703 8144 8193 E SQLiteDatabase: android.database.sqlite.SQLiteConstraintException: UNIQUE constraint failed: message_media.message_row_id (code 1555 SQLITE_CONSTRAINT_PRIMARYKEY)
02-10 08:05:38.703 8144 8193 E SQLiteDatabase: at android.database.sqlite.SQLiteConnection.nativeExecuteForLastInsertedRowId(Native Method)
02-10 08:05:38.703 8144 8193 E SQLiteDatabase: at android.database.sqlite.SQLiteConnection.executeForLastInsertedRowId(SQLiteConnecti on.java:985)
02-10 08:05:38.703 8144 8193 E SQLiteDatabase: at android.database.sqlite.SQLiteSession.executeForLastInsertedRowId(SQLiteSession.jav a:790)
02-10 08:05:38.703 8144 8193 E SQLiteDatabase: at android.database.sqlite.SQLiteStatement.executeInsert(SQLiteStatement.java:89)
02-10 08:05:38.703 8144 8193 E SQLiteDatabase: at android.database.sqlite.SQLiteDatabase.insertWithOnConflict(SQLiteDatabase.java:170 2)
02-10 08:05:38.703 8144 8193 E SQLiteDatabase: at android.database.sqlite.SQLiteDatabase.insert(SQLiteDatabase.java:1571)
02-10 08:05:38.703 8144 8193 E SQLiteDatabase: at X.2tm.A08(Unknown Source:6)
02-10 08:05:38.703 8144 8193 E SQLiteDatabase: at X.35Y.A07(Unknown Source:212)
02-10 08:05:38.703 8144 8193 E SQLiteDatabase: at X.3QF.A14(Unknown Source:470)
02-10 08:05:38.703 8144 8193 E SQLiteDatabase: at X.3gU.run(Unknown Source:982)
02-10 08:05:38.703 8144 8193 E SQLiteDatabase: at android.os.Handler.handleCallback(Handler.java:938)
02-10 08:05:38.703 8144 8193 E SQLiteDatabase: at android.os.Handler.dispatchMessage(Handler.java:99)
02-10 08:05:38.703 8144 8193 E SQLiteDatabase: at X.0zq.dispatchMessage(Unknown Source:4)
02-10 08:05:38.703 8144 8193 E SQLiteDatabase: at android.os.Looper.loopOnce(Looper.java:233)
02-10 08:05:38.703 8144 8193 E SQLiteDatabase: at android.os.Looper.loop(Looper.java:334)
02-10 08:05:38.703 8144 8193 E SQLiteDatabase: at android.os.HandlerThread.run(HandlerThread.java:67)
02-10 08:05:38.715 8144 8637 E OpenGLRenderer: JankTracker::calculateLegacyJank expectedDequeueDuration > 0 expectedDequeueDuration=1381811, DequeueBufferDuration=1980000, forgiveAmount=1381811, totalDuration=6522420
02-10 08:05:38.836 8144 8637 E OpenGLRenderer: JankTracker::calculateLegacyJank expectedDequeueDuration > 0 expectedDequeueDuration=1567470, DequeueBufferDuration=2436927, forgiveAmount=1567470, totalDuration=8565061
02-10 08:05:38.849 8144 8637 E OpenGLRenderer: JankTracker::calculateLegacyJank expectedDequeueDuration > 0 expectedDequeueDuration=532840, DequeueBufferDuration=4916302, forgiveAmount=532840, totalDuration=12310309
02-10 08:05:38.884 8144 8637 E OpenGLRenderer: JankTracker::calculateLegacyJank expectedDequeueDuration > 0 expectedDequeueDuration=321978, DequeueBufferDuration=514635, forgiveAmount=321978, totalDuration=8135940
02-10 08:05:38.900 8144 8637 E OpenGLRenderer: JankTracker::calculateLegacyJank expectedDequeueDuration > 0 expectedDequeueDuration=606042, DequeueBufferDuration=2055833, forgiveAmount=606042, totalDuration=9040937
02-10 08:05:38.932 8144 8637 E OpenGLRenderer: JankTracker::calculateLegacyJank expectedDequeueDuration > 0 expectedDequeueDuration=141537, DequeueBufferDuration=1630104, forgiveAmount=141537, totalDuration=9764322
02-10 08:05:38.950 8144 8637 E OpenGLRenderer: JankTracker::calculateLegacyJank expectedDequeueDuration > 0 expectedDequeueDuration=618810, DequeueBufferDuration=2162656, forgiveAmount=618810, totalDuration=8345505
02-10 08:05:38.966 8144 8637 E OpenGLRenderer: JankTracker::calculateLegacyJank expectedDequeueDuration > 0 expectedDequeueDuration=470702, DequeueBufferDuration=782292, forgiveAmount=470702, totalDuration=7617710
02-10 08:05:38.998 8144 8637 E OpenGLRenderer: JankTracker::calculateLegacyJank expectedDequeueDuration > 0 expectedDequeueDuration=911178, DequeueBufferDuration=1769063, forgiveAmount=911178, totalDuration=7778321
02-10 08:05:39.034 8144 8637 E OpenGLRenderer: JankTracker::calculateLegacyJank expectedDequeueDuration > 0 expectedDequeueDuration=1882721, DequeueBufferDuration=1595677, forgiveAmount=1595677, totalDuration=5347071
02-10 08:05:39.050 8144 8637 E OpenGLRenderer: JankTracker::calculateLegacyJank expectedDequeueDuration > 0 expectedDequeueDuration=960592, DequeueBufferDuration=2400573, forgiveAmount=960592, totalDuration=8206681
02-10 08:05:39.067 8144 8637 E OpenGLRenderer: JankTracker::calculateLegacyJank expectedDequeueDuration > 0 expectedDequeueDuration=1088372, DequeueBufferDuration=2676614, forgiveAmount=1088372, totalDuration=8733099
02-10 08:05:39.085 8144 8637 E OpenGLRenderer: JankTracker::calculateLegacyJank expectedDequeueDuration > 0 expectedDequeueDuration=292618, DequeueBufferDuration=1858021, forgiveAmount=292618, totalDuration=9868254
02-10 08:05:39.101 8144 8637 E OpenGLRenderer: JankTracker::calculateLegacyJank expectedDequeueDuration > 0 expectedDequeueDuration=327763, DequeueBufferDuration=1763385, forgiveAmount=327763, totalDuration=9280151
02-10 08:05:39.116 8144 8637 E OpenGLRenderer: JankTracker::calculateLegacyJank expectedDequeueDuration > 0 expectedDequeueDuration=630491, DequeueBufferDuration=3179167, forgiveAmount=630491, totalDuration=9939279
02-10 08:05:39.133 8144 8637 E OpenGLRenderer: JankTracker::calculateLegacyJank expectedDequeueDuration > 0 expectedDequeueDuration=111736, DequeueBufferDuration=2063906, forgiveAmount=111736, totalDuration=10165381
02-10 08:05:39.165 8144 8637 E OpenGLRenderer: JankTracker::calculateLegacyJank expectedDequeueDuration > 0 expectedDequeueDuration=1295913, DequeueBufferDuration=1434843, forgiveAmount=1295913, totalDuration=12715987
02-10 08:05:39.216 8144 8637 E OpenGLRenderer: JankTracker::calculateLegacyJank expectedDequeueDuration > 0 expectedDequeueDuration=1397285, DequeueBufferDuration=5849531, forgiveAmount=1397285, totalDuration=9881368
02-10 08:05:39.248 8144 8637 E OpenGLRenderer: JankTracker::calculateLegacyJank expectedDequeueDuration > 0 expectedDequeueDuration=1764112, DequeueBufferDuration=2376458, forgiveAmount=1764112, totalDuration=5816411
02-10 08:05:39.298 8144 8637 E OpenGLRenderer: JankTracker::calculateLegacyJank expectedDequeueDuration > 0 expectedDequeueDuration=807601, DequeueBufferDuration=635260, forgiveAmount=635260, totalDuration=6470421
02-10 08:05:39.313 8144 8637 E OpenGLRenderer: JankTracker::calculateLegacyJank expectedDequeueDuration > 0 expectedDequeueDuration=1761851, DequeueBufferDuration=1154792, forgiveAmount=1154792, totalDuration=7719503
02-10 08:05:39.364 8144 8637 E OpenGLRenderer: JankTracker::calculateLegacyJank expectedDequeueDuration > 0 expectedDequeueDuration=1998648, DequeueBufferDuration=2060365, forgiveAmount=1998648, totalDuration=4873953
02-10 08:05:39.381 8144 8637 E OpenGLRenderer: JankTracker::calculateLegacyJank expectedDequeueDuration > 0 expectedDequeueDuration=2159563, DequeueBufferDuration=1814896, forgiveAmount=1814896, totalDuration=4255385
02-10 08:05:39.398 8144 8637 E OpenGLRenderer: JankTracker::calculateLegacyJank expectedDequeueDuration > 0 expectedDequeueDuration=2142996, DequeueBufferDuration=1695261, forgiveAmount=1695261, totalDuration=4597158
02-10 08:05:39.415 8144 8637 E OpenGLRenderer: JankTracker::calculateLegacyJank expectedDequeueDuration > 0 expectedDequeueDuration=2113050, DequeueBufferDuration=2262188, forgiveAmount=2113050, totalDuration=6834264
02-10 08:05:39.432 8144 8637 E OpenGLRenderer: JankTracker::calculateLegacyJank expectedDequeueDuration > 0 expectedDequeueDuration=2372406, DequeueBufferDuration=2530677, forgiveAmount=2372406, totalDuration=4791490
02-10 08:05:41.454 8144 8637 E OpenGLRenderer: JankTracker::calculateLegacyJank expectedDequeueDuration > 0 expectedDequeueDuration=1854923, DequeueBufferDuration=7436511, forgiveAmount=1854923, totalDuration=18570988
02-10 08:05:41.499 8144 8637 E OpenGLRenderer: JankTracker::calculateLegacyJank expectedDequeueDuration > 0 expectedDequeueDuration=126689, DequeueBufferDuration=2314114, forgiveAmount=126689, totalDuration=13013080
02-10 08:05:41.517 8144 8637 E OpenGLRenderer: JankTracker::calculateLegacyJank expectedDequeueDuration > 0 expectedDequeueDuration=643331, DequeueBufferDuration=4416406, forgiveAmount=643331, totalDuration=13331827
02-10 08:05:41.535 8144 8637 E OpenGLRenderer: JankTracker::calculateLegacyJank expectedDequeueDuration > 0 expectedDequeueDuration=1629876, DequeueBufferDuration=2890677, forgiveAmount=1629876, totalDuration=9279155
02-10 08:05:41.552 8144 8637 E OpenGLRenderer: JankTracker::calculateLegacyJank expectedDequeueDuration > 0 expectedDequeueDuration=621950, DequeueBufferDuration=2691459, forgiveAmount=621950, totalDuration=12103183
02-10 08:05:41.601 8144 8637 E OpenGLRenderer: JankTracker::calculateLegacyJank expectedDequeueDuration > 0 expectedDequeueDuration=119260, DequeueBufferDuration=5038594, forgiveAmount=119260, totalDuration=12379294
02-10 08:05:43.121 8144 8158 E OpenGLRenderer: JankTracker::calculateLegacyJank expectedDequeueDuration > 0 expectedDequeueDuration=103998, DequeueBufferDuration=5398594, forgiveAmount=103998, totalDuration=15296483
02-10 08:05:43.138 8144 8158 E OpenGLRenderer: JankTracker::calculateLegacyJank expectedDequeueDuration > 0 expectedDequeueDuration=463430, DequeueBufferDuration=5293542, forgiveAmount=463430, totalDuration=14330171
