02-10 09:02:07.023 15123 15459 E SQLiteDatabase: at android.database.sqlite.SQLiteStatement.executeInsert(SQLiteStatement.java:89)
02-10 09:02:07.023 15123 15459 E SQLiteDatabase: at android.database.sqlite.SQLiteDatabase.insertWithOnConflict(SQLiteDatabase.java:170 2)
02-10 09:02:07.023 15123 15459 E SQLiteDatabase: at android.database.sqlite.SQLiteDatabase.insert(SQLiteDatabase.java:1571)
02-10 09:02:07.023 15123 15459 E SQLiteDatabase: at X.2tm.A08(Unknown Source:6)
02-10 09:02:07.023 15123 15459 E SQLiteDatabase: at X.35Y.A07(Unknown Source:212)
02-10 09:02:07.023 15123 15459 E SQLiteDatabase: at X.3QF.A14(Unknown Source:470)
02-10 09:02:07.023 15123 15459 E SQLiteDatabase: at X.3gU.run(Unknown Source:982)
02-10 09:02:07.023 15123 15459 E SQLiteDatabase: at android.os.Handler.handleCallback(Handler.java:938)
02-10 09:02:07.023 15123 15459 E SQLiteDatabase: at android.os.Handler.dispatchMessage(Handler.java:99)
02-10 09:02:07.023 15123 15459 E SQLiteDatabase: at X.0zq.dispatchMessage(Unknown Source:4)
02-10 09:02:07.023 15123 15459 E SQLiteDatabase: at android.os.Looper.loopOnce(Looper.java:233)
02-10 09:02:07.023 15123 15459 E SQLiteDatabase: at android.os.Looper.loop(Looper.java:334)
02-10 09:02:07.023 15123 15459 E SQLiteDatabase: at android.os.HandlerThread.run(HandlerThread.java:67)
02-10 09:02:11.439 15123 15459 E SQLiteDatabase: Error inserting transferred=0 media_job_uuid=33fbf450-2dcf-4e7b-9de0-5d4117d11618 transcoded=0 gif_attribution=0 first_scan_length=0 direct_path=/v/t62.7161- 24/11854556_1447408189457180_3097760561523693913_n.enc?ccb=11-4&oh=01_AdS5ZKXaU00- l9XcfZweWc9_IQgipw36vKy2cbfqBN7KEQ&oe=65EE2430&_nc_sid=5e03e0 thumbnail_height_width_ratio=1.7777778 is_animated_sticker=0 file_hash=h/HV3oNE03kYV8j7VkKmNyIFHteMbb7mXUF74PCSTj4= file_path=null file_size=0 partial_media_hash=null face_x=0 face_y=0 height=640 trim_to=0 media_key_timestamp=1707528012000 message_url=*********************************************************************** *********************************************************************************** *********************************** media_caption=null trim_from=0 mime_type=video/mp4 partial_media_enc_hash=null width=360 original_file_hash=null has_streaming_sidecar=1 autotransfer_retry_enabled=1 media_upload_handle=null message_row_id=550 multicast_id=null enc_file_hash=VkbU3up+ErTNs4OSypbRnz2DYRBDiKKviT/oeuCBSNg= mute_video=0 page_count=0 first_scan_sidecar=null suspicious_content=0 file_length=1594164 media_name=null media_duration=17 chat_row_id=51 media_key=[B@8e6f7ba
02-10 09:02:11.439 15123 15459 E SQLiteDatabase: android.database.sqlite.SQLiteConstraintException: UNIQUE constraint failed: message_media.message_row_id (code 1555 SQLITE_CONSTRAINT_PRIMARYKEY)
02-10 09:02:11.439 15123 15459 E SQLiteDatabase: at android.database.sqlite.SQLiteConnection.nativeExecuteForLastInsertedRowId(Native Method)
02-10 09:02:11.439 15123 15459 E SQLiteDatabase: at android.database.sqlite.SQLiteConnection.executeForLastInsertedRowId(SQLiteConnecti on.java:985)
02-10 09:02:11.439 15123 15459 E SQLiteDatabase: at android.database.sqlite.SQLiteSession.executeForLastInsertedRowId(SQLiteSession.jav a:790)
02-10 09:02:11.439 15123 15459 E SQLiteDatabase: at android.database.sqlite.SQLiteStatement.executeInsert(SQLiteStatement.java:89)
02-10 09:02:11.439 15123 15459 E SQLiteDatabase: at android.database.sqlite.SQLiteDatabase.insertWithOnConflict(SQLiteDatabase.java:170 2)
02-10 09:02:11.439 15123 15459 E SQLiteDatabase: at android.database.sqlite.SQLiteDatabase.insert(SQLiteDatabase.java:1571)
02-10 09:02:11.439 15123 15459 E SQLiteDatabase: at X.2tm.A08(Unknown Source:6)
02-10 09:02:11.439 15123 15459 E SQLiteDatabase: at X.35Y.A07(Unknown Source:212)
02-10 09:02:11.439 15123 15459 E SQLiteDatabase: at X.3QF.A14(Unknown Source:470)
02-10 09:02:11.439 15123 15459 E SQLiteDatabase: at X.3gU.run(Unknown Source:982)
02-10 09:02:11.439 15123 15459 E SQLiteDatabase: at android.os.Handler.handleCallback(Handler.java:938)
02-10 09:02:11.439 15123 15459 E SQLiteDatabase: at android.os.Handler.dispatchMessage(Handler.java:99)
02-10 09:02:11.439 15123 15459 E SQLiteDatabase: at X.0zq.dispatchMessage(Unknown Source:4)
02-10 09:02:11.439 15123 15459 E SQLiteDatabase: at android.os.Looper.loopOnce(Looper.java:233)
02-10 09:02:11.439 15123 15459 E SQLiteDatabase: at android.os.Looper.loop(Looper.java:334)
02-10 09:02:11.439 15123 15459 E SQLiteDatabase: at android.os.HandlerThread.run(HandlerThread.java:67)
02-10 09:02:11.549 15123 15459 E SQLiteDatabase: Error inserting transferred=0 media_job_uuid=d80ac94f-f292-4e85-8be9-4376eb320072 transcoded=0 gif_attribution=0 first_scan_length=0 direct_path=/v/t62.7161- 24/26108375_2200584676815584_2819099234786129896_n.enc?ccb=11-4&oh=01_AdTH261- Gu2SnYes5jUvGFlLP3FIMUHPUvDhch9pcx_LdQ&oe=65EE25A7&_nc_sid=5e03e0 thumbnail_height_width_ratio=1.7777778 is_animated_sticker=0 file_hash=tXj3d+cZeJyqYOqDiCkHAaFwXNmsFPVJPUXCaQq1m+A= file_path=null file_size=0 partial_media_hash=null face_x=0 face_y=0 height=656 trim_to=0 media_key_timestamp=1707527742000 message_url=*********************************************************************** *********************************************************************************** *********************************** media_caption=null trim_from=0 mime_type=video/mp4 partial_media_enc_hash=null width=368 original_file_hash=null has_streaming_sidecar=1 autotransfer_retry_enabled=1 media_upload_handle=null message_row_id=455 multicast_id=null enc_file_hash=wke4h4d/pgLaV1ufL072mpaH+/HkP1sFFJLxnpCauqI= mute_video=0 page_count=0 first_scan_sidecar=null suspicious_content=0 file_length=2870951 media_name=null media_duration=20 chat_row_id=51 media_key=[B@c59ee47
02-10 09:02:11.549 15123 15459 E SQLiteDatabase: android.database.sqlite.SQLiteConstraintException: UNIQUE constraint failed: message_media.message_row_id (code 1555 SQLITE_CONSTRAINT_PRIMARYKEY)
02-10 09:02:11.549 15123 15459 E SQLiteDatabase: at android.database.sqlite.SQLiteConnection.nativeExecuteForLastInsertedRowId(Native Method)
02-10 09:02:11.549 15123 15459 E SQLiteDatabase: at android.database.sqlite.SQLiteConnection.executeForLastInsertedRowId(SQLiteConnecti on.java:985)
02-10 09:02:11.549 15123 15459 E SQLiteDatabase: at android.database.sqlite.SQLiteSession.executeForLastInsertedRowId(SQLiteSession.jav a:790)
02-10 09:02:11.549 15123 15459 E SQLiteDatabase: at android.database.sqlite.SQLiteStatement.executeInsert(SQLiteStatement.java:89)
02-10 09:02:11.549 15123 15459 E SQLiteDatabase: at android.database.sqlite.SQLiteDatabase.insertWithOnConflict(SQLiteDatabase.java:170 2)
02-10 09:02:11.549 15123 15459 E SQLiteDatabase: at android.database.sqlite.SQLiteDatabase.insert(SQLiteDatabase.java:1571)
02-10 09:02:11.549 15123 15459 E SQLiteDatabase: at X.2tm.A08(Unknown Source:6)
02-10 09:02:11.549 15123 15459 E SQLiteDatabase: at X.35Y.A07(Unknown Source:212)
02-10 09:02:11.549 15123 15459 E SQLiteDatabase: at X.3QF.A14(Unknown Source:470)
02-10 09:02:11.549 15123 15459 E SQLiteDatabase: at X.3gU.run(Unknown Source:982)
02-10 09:02:11.549 15123 15459 E SQLiteDatabase: at android.os.Handler.handleCallback(Handler.java:938)
02-10 09:02:11.549 15123 15459 E SQLiteDatabase: at android.os.Handler.dispatchMessage(Handler.java:99)
02-10 09:02:11.549 15123 15459 E SQLiteDatabase: at X.0zq.dispatchMessage(Unknown Source:4)
02-10 09:02:11.549 15123 15459 E SQLiteDatabase: at android.os.Looper.loopOnce(Looper.java:233)
02-10 09:02:11.549 15123 15459 E SQLiteDatabase: at android.os.Looper.loop(Looper.java:334)
02-10 09:02:11.549 15123 15459 E SQLiteDatabase: at android.os.HandlerThread.run(HandlerThread.java:67)
02-10 09:02:11.694 15123 15459 E SQLiteDatabase: Error inserting transferred=1 media_job_uuid=6e32a297-1913-492a-ac29-d6a1184c1b67 transcoded=0 gif_attribution=0 first_scan_length=0 direct_path=/v/t62.15575- 24/19939687_**************19_570058756785622114_n.enc?ccb=11- 4&oh=01_AdSQURX9wXCWmNj_n8RO0HSdoRGV7heTX_4lSeleuSW0mg&oe=65EE4C97&_nc_sid=5e03e0 thumbnail_height_width_ratio=1.0 is_animated_sticker=0 file_hash=s95FtxbhTh6MKuMjOB67ezCuvgUrMKXdeWQMslz0Xpw= file_path=Media/MBWhatsApp Stickers/STK-20240210-WA0034.webp file_size=0 partial_media_hash=null face_x=0 face_y=0 height=64 trim_to=0 media_key_timestamp=1707523587000 message_url=*********************************************************************** *********************************************************************************** *********************************** media_caption=null trim_from=0 mime_type=image/webp partial_media_enc_hash=null width=64 original_file_hash=null has_streaming_sidecar=0 autotransfer_retry_enabled=1 media_upload_handle=null message_row_id=824 multicast_id=null enc_file_hash=wzlWxPdmNkpKhjwWm7oEEPYsCH3flY4OdMxW8QQpzOc= mute_video=0 page_count=0 first_scan_sidecar=null suspicious_content=0 file_length=29110 media_name=null media_duration=0 chat_row_id=8 media_key=[B@7905f3f
02-10 09:02:11.694 15123 15459 E SQLiteDatabase: android.database.sqlite.SQLiteConstraintException: UNIQUE constraint failed: message_media.message_row_id (code 1555 SQLITE_CONSTRAINT_PRIMARYKEY)
02-10 09:02:11.694 15123 15459 E SQLiteDatabase: at android.database.sqlite.SQLiteConnection.nativeExecuteForLastInsertedRowId(Native Method)
02-10 09:02:11.694 15123 15459 E SQLiteDatabase: at android.database.sqlite.SQLiteConnection.executeForLastInsertedRowId(SQLiteConnecti on.java:985)
02-10 09:02:11.694 15123 15459 E SQLiteDatabase: at android.database.sqlite.SQLiteSession.executeForLastInsertedRowId(SQLiteSession.jav a:790)
02-10 09:02:11.694 15123 15459 E SQLiteDatabase: at android.database.sqlite.SQLiteStatement.executeInsert(SQLiteStatement.java:89)
02-10 09:02:11.694 15123 15459 E SQLiteDatabase: at android.database.sqlite.SQLiteDatabase.insertWithOnConflict(SQLiteDatabase.java:170 2)
02-10 09:02:11.694 15123 15459 E SQLiteDatabase: at android.database.sqlite.SQLiteDatabase.insert(SQLiteDatabase.java:1571)
02-10 09:02:11.694 15123 15459 E SQLiteDatabase: at X.2tm.A08(Unknown Source:6)
02-10 09:02:11.694 15123 15459 E SQLiteDatabase: at X.35Y.A07(Unknown Source:212)
02-10 09:02:11.694 15123 15459 E SQLiteDatabase: at X.3QF.A14(Unknown Source:470)
02-10 09:02:11.694 15123 15459 E SQLiteDatabase: at X.3gU.run(Unknown Source:982)
02-10 09:02:11.694 15123 15459 E SQLiteDatabase: at android.os.Handler.handleCallback(Handler.java:938)
02-10 09:02:11.694 15123 15459 E SQLiteDatabase: at android.os.Handler.dispatchMessage(Handler.java:99)
02-10 09:02:11.694 15123 15459 E SQLiteDatabase: at X.0zq.dispatchMessage(Unknown Source:4)
02-10 09:02:11.694 15123 15459 E SQLiteDatabase: at android.os.Looper.loopOnce(Looper.java:233)
02-10 09:02:11.694 15123 15459 E SQLiteDatabase: at android.os.Looper.loop(Looper.java:334)
02-10 09:02:11.694 15123 15459 E SQLiteDatabase: at android.os.HandlerThread.run(HandlerThread.java:67)
02-10 09:02:11.767 15123 15459 E SQLiteDatabase: Error inserting transferred=1 media_job_uuid=48120c46-3616-454f-b7dc-0bce395a3945 transcoded=0 gif_attribution=0 first_scan_length=0 direct_path=/v/t62.15575- 24/19939687_**************19_570058756785622114_n.enc?ccb=11- 4&oh=01_AdSQURX9wXCWmNj_n8RO0HSdoRGV7heTX_4lSeleuSW0mg&oe=65EE4C97&_nc_sid=5e03e0 thumbnail_height_width_ratio=1.0 is_animated_sticker=0 file_hash=s95FtxbhTh6MKuMjOB67ezCuvgUrMKXdeWQMslz0Xpw= file_path=Media/MBWhatsApp Stickers/STK-20240210-WA0034.webp file_size=0 partial_media_hash=null face_x=0 face_y=0 height=64 trim_to=0 media_key_timestamp=1707523587000 message_url=*********************************************************************** *********************************************************************************** *********************************** media_caption=null trim_from=0 mime_type=image/webp partial_media_enc_hash=null width=64 original_file_hash=null has_streaming_sidecar=0 autotransfer_retry_enabled=1 media_upload_handle=null message_row_id=975 multicast_id=null enc_file_hash=wzlWxPdmNkpKhjwWm7oEEPYsCH3flY4OdMxW8QQpzOc= mute_video=0 page_count=0 first_scan_sidecar=null suspicious_content=0 file_length=29110 media_name=null media_duration=0 chat_row_id=8 media_key=[B@7ccc36a
02-10 09:02:11.767 15123 15459 E SQLiteDatabase: android.database.sqlite.SQLiteConstraintException: UNIQUE constraint failed: message_media.message_row_id (code 1555 SQLITE_CONSTRAINT_PRIMARYKEY)
02-10 09:02:11.767 15123 15459 E SQLiteDatabase: at android.database.sqlite.SQLiteConnection.nativeExecuteForLastInsertedRowId(Native Method)
02-10 09:02:11.767 15123 15459 E SQLiteDatabase: at android.database.sqlite.SQLiteConnection.executeForLastInsertedRowId(SQLiteConnecti on.java:985)
02-10 09:02:11.767 15123 15459 E SQLiteDatabase: at android.database.sqlite.SQLiteSession.executeForLastInsertedRowId(SQLiteSession.jav a:790)
02-10 09:02:11.767 15123 15459 E SQLiteDatabase: at android.database.sqlite.SQLiteStatement.executeInsert(SQLiteStatement.java:89)
02-10 09:02:11.767 15123 15459 E SQLiteDatabase: at android.database.sqlite.SQLiteDatabase.insertWithOnConflict(SQLiteDatabase.java:170 2)
02-10 09:02:11.767 15123 15459 E SQLiteDatabase: at android.database.sqlite.SQLiteDatabase.insert(SQLiteDatabase.java:1571)
02-10 09:02:11.767 15123 15459 E SQLiteDatabase: at X.2tm.A08(Unknown Source:6)
02-10 09:02:11.767 15123 15459 E SQLiteDatabase: at X.35Y.A07(Unknown Source:212)
02-10 09:02:11.767 15123 15459 E SQLiteDatabase: at X.3QF.A14(Unknown Source:470)
02-10 09:02:11.767 15123 15459 E SQLiteDatabase: at X.3gU.run(Unknown Source:982)
02-10 09:02:11.767 15123 15459 E SQLiteDatabase: at android.os.Handler.handleCallback(Handler.java:938)
02-10 09:02:11.767 15123 15459 E SQLiteDatabase: at android.os.Handler.dispatchMessage(Handler.java:99)
02-10 09:02:11.767 15123 15459 E SQLiteDatabase: at X.0zq.dispatchMessage(Unknown Source:4)
02-10 09:02:11.767 15123 15459 E SQLiteDatabase: at android.os.Looper.loopOnce(Looper.java:233)
02-10 09:02:11.767 15123 15459 E SQLiteDatabase: at android.os.Looper.loop(Looper.java:334)
02-10 09:02:11.767 15123 15459 E SQLiteDatabase: at android.os.HandlerThread.run(HandlerThread.java:67)
02-10 09:06:23.288 15123 4153 E chromium: [0210/090623.288851:ERROR:cronet_context.cc(156)] Invalid QUIC hint host: .whatsapp.com
02-10 09:06:23.290 15123 4153 E chromium: [0210/090623.290342:ERROR:cronet_context.cc(156)] Invalid QUIC hint host: .cdninstagram.com
02-10 09:06:23.290 15123 4153 E chromium: [0210/090623.290476:ERROR:cronet_context.cc(156)] Invalid QUIC hint host: .fbcdn.net
02-10 09:06:23.290 15123 4153 E chromium: [0210/090623.290525:ERROR:cronet_context.cc(156)] Invalid QUIC hint host: .facebook.com
02-10 09:06:23.290 15123 4153 E chromium: [0210/090623.290567:ERROR:cronet_context.cc(156)] Invalid QUIC hint host: .instagram.com
02-10 09:06:23.290 15123 4153 E chromium: [0210/090623.290608:ERROR:cronet_context.cc(156)] Invalid QUIC hint host: .whatsapp.net
02-10 09:06:24.597 15123 15459 E SQLiteDatabase: Error inserting transferred=0 media_job_uuid=2238774d-f255-4c50-9d6a-8c33d02a5835 transcoded=0 gif_attribution=0 first_scan_length=0 direct_path=/v/t62.15575- 24/27120937_1865265927267924_64**************2_n.enc?ccb=11- 4&oh=01_AdQlnctfxfRSChCp9F3WumwCcylYP7Q2ihbkGfttPAmwlw&oe=65EE623B&_nc_sid=5e03e0 thumbnail_height_width_ratio=-1.0 is_animated_sticker=0 file_hash=mSXuMyfSFRiWM86k68CQ8WIze3JdgBBZSov1z5zbfJ4= file_path=null file_size=0 partial_media_hash=null face_x=0 face_y=0 height=64 trim_to=0 media_key_timestamp=1707466823000 message_url=*********************************************************************** *********************************************************************************** ********************************** media_caption=null trim_from=0 mime_type=image/webp partial_media_enc_hash=null width=64 original_file_hash=null has_streaming_sidecar=0 autotransfer_retry_enabled=1 media_upload_handle=null message_row_id=987 multicast_id=null enc_file_hash=aAQMjHnDfZL66bhy0ow+3F64B4iRFTbxpY71JUos3qY= mute_video=0 page_count=0 first_scan_sidecar=null suspicious_content=0 file_length=36060 media_name=null media_duration=0 chat_row_id=8 media_key=[B@26e342f
02-10 09:06:24.597 15123 15459 E SQLiteDatabase: android.database.sqlite.SQLiteConstraintException: UNIQUE constraint failed: message_media.message_row_id (code 1555 SQLITE_CONSTRAINT_PRIMARYKEY)
02-10 09:06:24.597 15123 15459 E SQLiteDatabase: at android.database.sqlite.SQLiteConnection.nativeExecuteForLastInsertedRowId(Native Method)
02-10 09:06:24.597 15123 15459 E SQLiteDatabase: at android.database.sqlite.SQLiteConnection.executeForLastInsertedRowId(SQLiteConnecti on.java:985)
02-10 09:06:24.597 15123 15459 E SQLiteDatabase: at android.database.sqlite.SQLiteSession.executeForLastInsertedRowId(SQLiteSession.jav a:790)
02-10 09:06:24.597 15123 15459 E SQLiteDatabase: at android.database.sqlite.SQLiteStatement.executeInsert(SQLiteStatement.java:89)
02-10 09:06:24.597 15123 15459 E SQLiteDatabase: at android.database.sqlite.SQLiteDatabase.insertWithOnConflict(SQLiteDatabase.java:170 2)
02-10 09:06:24.597 15123 15459 E SQLiteDatabase: at android.database.sqlite.SQLiteDatabase.insert(SQLiteDatabase.java:1571)
02-10 09:06:24.597 15123 15459 E SQLiteDatabase: at X.2tm.A08(Unknown Source:6)
02-10 09:06:24.597 15123 15459 E SQLiteDatabase: at X.35Y.A07(Unknown Source:212)
02-10 09:06:24.597 15123 15459 E SQLiteDatabase: at X.3QF.A14(Unknown Source:470)
02-10 09:06:24.597 15123 15459 E SQLiteDatabase: at X.3gU.run(Unknown Source:982)
02-10 09:06:24.597 15123 15459 E SQLiteDatabase: at android.os.Handler.handleCallback(Handler.java:938)
02-10 09:06:24.597 15123 15459 E SQLiteDatabase: at android.os.Handler.dispatchMessage(Handler.java:99)
02-10 09:06:24.597 15123 15459 E SQLiteDatabase: at X.0zq.dispatchMessage(Unknown Source:4)
02-10 09:06:24.597 15123 15459 E SQLiteDatabase: at android.os.Looper.loopOnce(Looper.java:233)
02-10 09:06:24.597 15123 15459 E SQLiteDatabase: at android.os.Looper.loop(Looper.java:334)
02-10 09:06:24.597 15123 15459 E SQLiteDatabase: at android.os.HandlerThread.run(HandlerThread.java:67)
02-10 09:06:25.075 15123 15459 E SQLiteDatabase: Error inserting transferred=0 media_job_uuid=d80ac94f-f292-4e85-8be9-4376eb320072 transcoded=0 gif_attribution=0 first_scan_length=0 direct_path=/v/t62.7161- 24/26108375_2200584676815584_2819099234786129896_n.enc?ccb=11-4&oh=01_AdTH261- Gu2SnYes5jUvGFlLP3FIMUHPUvDhch9pcx_LdQ&oe=65EE25A7&_nc_sid=5e03e0 thumbnail_height_width_ratio=1.7777778 is_animated_sticker=0 file_hash=tXj3d+cZeJyqYOqDiCkHAaFwXNmsFPVJPUXCaQq1m+A= file_path=null file_size=0 partial_media_hash=null face_x=0 face_y=0 height=656 trim_to=0 media_key_timestamp=1707527742000 message_url=*********************************************************************** *********************************************************************************** *********************************** media_caption=null trim_from=0 mime_type=video/mp4 partial_media_enc_hash=null width=368 original_file_hash=null has_streaming_sidecar=1 autotransfer_retry_enabled=1 media_upload_handle=null message_row_id=455 multicast_id=null enc_file_hash=wke4h4d/pgLaV1ufL072mpaH+/HkP1sFFJLxnpCauqI= mute_video=0 page_count=0 first_scan_sidecar=null suspicious_content=0 file_length=2870951 media_name=null media_duration=20 chat_row_id=51 media_key=[B@c59ee47
02-10 09:06:25.075 15123 15459 E SQLiteDatabase: android.database.sqlite.SQLiteConstraintException: UNIQUE constraint failed: message_media.message_row_id (code 1555 SQLITE_CONSTRAINT_PRIMARYKEY)
02-10 09:06:25.075 15123 15459 E SQLiteDatabase: at android.database.sqlite.SQLiteConnection.nativeExecuteForLastInsertedRowId(Native Method)
02-10 09:06:25.075 15123 15459 E SQLiteDatabase: at android.database.sqlite.SQLiteConnection.executeForLastInsertedRowId(SQLiteConnecti on.java:985)
02-10 09:06:25.075 15123 15459 E SQLiteDatabase: at android.database.sqlite.SQLiteSession.executeForLastInsertedRowId(SQLiteSession.jav a:790)
02-10 09:06:25.075 15123 15459 E SQLiteDatabase: at android.database.sqlite.SQLiteStatement.executeInsert(SQLiteStatement.java:89)
02-10 09:06:25.075 15123 15459 E SQLiteDatabase: at android.database.sqlite.SQLiteDatabase.insertWithOnConflict(SQLiteDatabase.java:170 2)
02-10 09:06:25.075 15123 15459 E SQLiteDatabase: at android.database.sqlite.SQLiteDatabase.insert(SQLiteDatabase.java:1571)
02-10 09:06:25.075 15123 15459 E SQLiteDatabase: at X.2tm.A08(Unknown Source:6)
02-10 09:06:25.075 15123 15459 E SQLiteDatabase: at X.35Y.A07(Unknown Source:212)
02-10 09:06:25.075 15123 15459 E SQLiteDatabase: at X.3QF.A14(Unknown Source:470)
02-10 09:06:25.075 15123 15459 E SQLiteDatabase: at X.3gU.run(Unknown Source:982)
02-10 09:06:25.075 15123 15459 E SQLiteDatabase: at android.os.Handler.handleCallback(Handler.java:938)
02-10 09:06:25.075 15123 15459 E SQLiteDatabase: at android.os.Handler.dispatchMessage(Handler.java:99)
02-10 09:06:25.075 15123 15459 E SQLiteDatabase: at X.0zq.dispatchMessage(Unknown Source:4)
02-10 09:06:25.075 15123 15459 E SQLiteDatabase: at android.os.Looper.loopOnce(Looper.java:233)
02-10 09:06:25.075 15123 15459 E SQLiteDatabase: at android.os.Looper.loop(Looper.java:334)
02-10 09:06:25.075 15123 15459 E SQLiteDatabase: at android.os.HandlerThread.run(HandlerThread.java:67)
02-10 09:06:30.837 15123 15459 E SQLiteDatabase: Error inserting transferred=0 media_job_uuid=e75d5cf4-6379-4db4-9ca7-aa5d0f0c303e transcoded=0 gif_attribution=0 first_scan_length=4858 direct_path=/v/t62.15575- 24/35261058_750939583323150_684507776118947487_n.enc?ccb=11- 4&oh=01_AdQwir8CSAW5gyP2n5iIGXJe0CMIOrhjraJI7JCfdXhkIA&oe=65EE47E9&_nc_sid=5e03e0 thumbnail_height_width_ratio=-1.0 is_animated_sticker=1 file_hash=IFMKDCi3r/cpggryei+lDNN5Go/yKL0e5zyqGTHdyow= file_path=null file_size=0 partial_media_hash=null face_x=0 face_y=0 height=64 trim_to=0 media_key_timestamp=1707523662000 message_url=*********************************************************************** *********************************************************************************** ********************************** media_caption=null trim_from=0 mime_type=image/webp partial_media_enc_hash=null width=64 original_file_hash=null has_streaming_sidecar=0 autotransfer_retry_enabled=1 media_upload_handle=null message_row_id=991 multicast_id=null enc_file_hash=fR5GR2PiiG3QYoq+NGP4wgzcX/9xdR0RpKRRgleY9es= mute_video=0 page_count=0 first_scan_sidecar=[B@f1f6abe suspicious_content=0 file_length=466742 media_name=null media_duration=0 chat_row_id=8 media_key=[B@fda871f
02-10 09:06:30.837 15123 15459 E SQLiteDatabase: android.database.sqlite.SQLiteConstraintException: UNIQUE constraint failed: message_media.message_row_id (code 1555 SQLITE_CONSTRAINT_PRIMARYKEY)
02-10 09:06:30.837 15123 15459 E SQLiteDatabase: at android.database.sqlite.SQLiteConnection.nativeExecuteForLastInsertedRowId(Native Method)
02-10 09:06:30.837 15123 15459 E SQLiteDatabase: at android.database.sqlite.SQLiteConnection.executeForLastInsertedRowId(SQLiteConnecti on.java:985)
02-10 09:06:30.837 15123 15459 E SQLiteDatabase: at android.database.sqlite.SQLiteSession.executeForLastInsertedRowId(SQLiteSession.jav a:790)
02-10 09:06:30.837 15123 15459 E SQLiteDatabase: at android.database.sqlite.SQLiteStatement.executeInsert(SQLiteStatement.java:89)
02-10 09:06:30.837 15123 15459 E SQLiteDatabase: at android.database.sqlite.SQLiteDatabase.insertWithOnConflict(SQLiteDatabase.java:170 2)
02-10 09:06:30.837 15123 15459 E SQLiteDatabase: at android.database.sqlite.SQLiteDatabase.insert(SQLiteDatabase.java:1571)
02-10 09:06:30.837 15123 15459 E SQLiteDatabase: at X.2tm.A08(Unknown Source:6)
02-10 09:06:30.837 15123 15459 E SQLiteDatabase: at X.35Y.A07(Unknown Source:212)
02-10 09:06:30.837 15123 15459 E SQLiteDatabase: at X.3QF.A14(Unknown Source:470)
02-10 09:06:30.837 15123 15459 E SQLiteDatabase: at X.3gU.run(Unknown Source:982)
02-10 09:06:30.837 15123 15459 E SQLiteDatabase: at android.os.Handler.handleCallback(Handler.java:938)
02-10 09:06:30.837 15123 15459 E SQLiteDatabase: at android.os.Handler.dispatchMessage(Handler.java:99)
02-10 09:06:30.837 15123 15459 E SQLiteDatabase: at X.0zq.dispatchMessage(Unknown Source:4)
02-10 09:06:30.837 15123 15459 E SQLiteDatabase: at android.os.Looper.loopOnce(Looper.java:233)
02-10 09:06:30.837 15123 15459 E SQLiteDatabase: at android.os.Looper.loop(Looper.java:334)
02-10 09:06:30.837 15123 15459 E SQLiteDatabase: at android.os.HandlerThread.run(HandlerThread.java:67)
02-10 09:07:57.362 10462 10462 E com.mbwhatsapp: Not starting debugger since process cannot load the jdwp agent.
02-10 09:07:57.801 10462 10462 E CustomActivityOnCrash: IMPORTANT WARNING! You already have an UncaughtExceptionHandler, are you sure this is correct? If you use a custom UncaughtExceptionHandler, you must initialize it AFTER CustomActivityOnCrash! Installing anyway, but your original handler will not be called.
02-10 09:07:58.553 10462 10523 W com.mbwhatsapp: Method void X.2rL.A03(java.lang.Integer) failed lock verification and will run slower.
02-10 09:07:58.553 10462 10523 W com.mbwhatsapp: Common causes for lock verification issues are non-optimized dex code
02-10 09:07:58.553 10462 10523 W com.mbwhatsapp: and incorrect proguard optimizations.
02-10 09:07:58.574 10462 10462 W com.mbwhatsapp: Method void X.0eU.A0h(X.0tK, boolean) failed lock verification and will run slower. --------- beginning of main
02-10 09:07:59.438 10462 10462 E ArmVmp : Match on catch block at 0x0a in for 0x78b3b21031
02-10 09:07:59.480 10462 10462 E ArmVmp : Match on catch block at 0x0a in for 0x78b3b2104d
02-10 09:07:59.634 10462 10574 E ArmVmp : No matching catch block at 0x07
02-10 09:07:59.634 10462 10574 E ArmVmp : Match on catch block at 0x02 in for 0x78a5673205
02-10 09:08:01.055 10462 10462 E RecyclerView: No adapter attached; skipping layout
02-10 09:08:01.174 10462 10462 E RecyclerView: No adapter attached; skipping layout
02-10 09:08:01.211 10462 10462 E ArmVmp : Match on catch block at 0x0a in for 0x78b3b21035
02-10 09:08:01.931 10462 10462 E ArmVmp : Match on catch block at 0x5b in for 0x78b3b2101d
02-10 09:08:04.555 10462 10483 E OpenGLRenderer: JankTracker::calculateLegacyJank expectedDequeueDuration > 0 expectedDequeueDuration=2481544, DequeueBufferDuration=2092031, forgiveAmount=2092031, totalDuration=3782727
02-10 09:08:04.572 10462 10483 E OpenGLRenderer: JankTracker::calculateLegacyJank expectedDequeueDuration > 0 expectedDequeueDuration=2290623, DequeueBufferDuration=1973021, forgiveAmount=1973021, totalDuration=4160367
02-10 09:08:04.588 10462 10483 E OpenGLRenderer: JankTracker::calculateLegacyJank expectedDequeueDuration > 0 expectedDequeueDuration=2553993, DequeueBufferDuration=940000, forgiveAmount=940000, totalDuration=4660798
02-10 09:08:04.605 10462 10483 E OpenGLRenderer: JankTracker::calculateLegacyJank expectedDequeueDuration > 0 expectedDequeueDuration=2640278, DequeueBufferDuration=971250, forgiveAmount=971250, totalDuration=3876493
02-10 09:08:04.621 10462 10483 E OpenGLRenderer: JankTracker::calculateLegacyJank expectedDequeueDuration > 0 expectedDequeueDuration=2669680, DequeueBufferDuration=971718, forgiveAmount=971718, totalDuration=4765320
02-10 09:08:04.639 10462 10483 E OpenGLRenderer: JankTracker::calculateLegacyJank expectedDequeueDuration > 0 expectedDequeueDuration=2775067, DequeueBufferDuration=1431511, forgiveAmount=1431511, totalDuration=3629203
02-10 09:08:04.655 10462 10483 E OpenGLRenderer: JankTracker::calculateLegacyJank expectedDequeueDuration > 0 expectedDequeueDuration=2975000, DequeueBufferDuration=857239, forgiveAmount=857239, totalDuration=3343959
02-10 09:08:04.674 10462 10483 E OpenGLRenderer: JankTracker::calculateLegacyJank expectedDequeueDuration > 0 expectedDequeueDuration=2881927, DequeueBufferDuration=1509114, forgiveAmount=1509114, totalDuration=3601980
02-10 09:08:04.691 10462 10483 E OpenGLRenderer: JankTracker::calculateLegacyJank expectedDequeueDuration > 0 expectedDequeueDuration=2927220, DequeueBufferDuration=840521, forgiveAmount=840521, totalDuration=3645958
02-10 09:08:04.707 10462 10483 E OpenGLRenderer: JankTracker::calculateLegacyJank expectedDequeueDuration > 0 expectedDequeueDuration=524528, DequeueBufferDuration=1068333, forgiveAmount=524528, totalDuration=8098497
02-10 09:08:04.725 10462 10483 E OpenGLRenderer: JankTracker::calculateLegacyJank expectedDequeueDuration > 0 expectedDequeueDuration=1664246, DequeueBufferDuration=2190208, forgiveAmount=1664246, totalDuration=8397185
02-10 09:08:06.490 10462 10725 E RenderScript: Failed to find hal setup entry points: undefined symbol: rsdHalAbort
02-10 09:08:06.491 10462 10725 E RenderScript: Failed to load runtime , loading default
02-10 09:08:06.827 10462 10462 E ArmVmp : Match on catch block at 0x0a in for 0x78b3b21035
02-10 09:08:06.835 10462 10462 E ArmVmp : Match on catch block at 0x0a in for 0x78b3b21035
02-10 09:08:06.840 10462 10671 E ArmVmp : Match on catch block at 0x48 in for 0x78b3b21221
02-10 09:08:06.845 10462 10671 E ArmVmp : Match on catch block at 0x48 in for 0x78b3b21225
02-10 09:08:07.164 10462 10462 E ArmVmp : Match on catch block at 0xc3 in for 0x78b3b21021
02-10 09:08:07.169 10462 10462 E ArmVmp : Match on catch block at 0xc3 in for 0x78b3b21021
02-10 09:08:07.229 10462 10462 E ArmVmp : Match on catch block at 0xc3 in for 0x78b3b21025
02-10 09:08:07.232 10462 10462 E ArmVmp : Match on catch block at 0xc3 in for 0x78b3b21025
02-10 09:08:07.335 10462 10462 E ArmVmp : Match on catch block at 0xc3 in for 0x78b3b21025
02-10 09:08:07.339 10462 10462 E ArmVmp : Match on catch block at 0xc3 in for 0x78b3b21025
02-10 09:08:07.394 10462 10462 E ArmVmp : Match on catch block at 0xc3 in for 0x78b3b21025
02-10 09:08:07.397 10462 10462 E ArmVmp : Match on catch block at 0xc3 in for 0x78b3b21025
02-10 09:08:07.413 10462 10462 E ArmVmp : Match on catch block at 0xc3 in for 0x78b3b21025
02-10 09:08:07.416 10462 10462 E ArmVmp : Match on catch block at 0xc3 in for 0x78b3b21025
02-10 09:08:07.426 10462 10462 E ArmVmp : Match on catch block at 0xc3 in for 0x78b3b21025
02-10 09:08:07.429 10462 10462 E ArmVmp : Match on catch block at 0xc3 in for 0x78b3b21025
02-10 09:08:07.439 10462 10462 E ArmVmp : Match on catch block at 0xc3 in for 0x78b3b21025
02-10 09:08:07.444 10462 10462 E ArmVmp : Match on catch block at 0xc3 in for 0x78b3b21025
02-10 09:08:07.455 10462 10462 E ArmVmp : Match on catch block at 0xc3 in for 0x78b3b21025
02-10 09:08:07.459 10462 10462 E ArmVmp : Match on catch block at 0xc3 in for 0x78b3b21025
02-10 09:08:07.471 10462 10462 E ArmVmp : Match on catch block at 0xc3 in for 0x78b3b21025
02-10 09:08:07.474 10462 10462 E ArmVmp : Match on catch block at 0xc3 in for 0x78b3b21025
02-10 09:08:07.488 10462 10462 E ArmVmp : Match on catch block at 0xc3 in for 0x78b3b21025
02-10 09:08:07.491 10462 10462 E ArmVmp : Match on catch block at 0xc3 in for 0x78b3b21025
02-10 09:08:07.504 10462 10462 E ArmVmp : Match on catch block at 0xc3 in for 0x78b3b21025
02-10 09:08:07.507 10462 10462 E ArmVmp : Match on catch block at 0xc3 in for 0x78b3b21025
02-10 09:08:07.521 10462 10462 E ArmVmp : Match on catch block at 0xc3 in for 0x78b3b21025
02-10 09:08:07.523 10462 10462 E ArmVmp : Match on catch block at 0xc3 in for 0x78b3b21025
02-10 09:08:07.538 10462 10462 E ArmVmp : Match on catch block at 0xc3 in for 0x78b3b21025
02-10 09:08:07.540 10462 10462 E ArmVmp : Match on catch block at 0xc3 in for 0x78b3b21025
02-10 09:08:07.554 10462 10462 E ArmVmp : Match on catch block at 0xc3 in for 0x78b3b21025
02-10 09:08:07.557 10462 10462 E ArmVmp : Match on catch block at 0xc3 in for 0x78b3b21025
02-10 09:08:07.571 10462 10462 E ArmVmp : Match on catch block at 0xc3 in for 0x78b3b21025
02-10 09:08:07.574 10462 10462 E ArmVmp : Match on catch block at 0xc3 in for 0x78b3b21025
02-10 09:08:07.588 10462 10462 E ArmVmp : Match on catch block at 0xc3 in for 0x78b3b21025
02-10 09:08:07.596 10462 10462 E ArmVmp : Match on catch block at 0xc3 in for 0x78b3b21025
02-10 09:08:07.627 10462 10462 E ArmVmp : Match on catch block at 0xc3 in for 0x78b3b21025
02-10 09:08:07.630 10462 10462 E ArmVmp : Match on catch block at 0xc3 in for 0x78b3b21025
02-10 09:08:07.647 10462 10462 E ArmVmp : Match on catch block at 0xc3 in for 0x78b3b21025
02-10 09:08:07.652 10462 10462 E ArmVmp : Match on catch block at 0xc3 in for 0x78b3b21025
02-10 09:08:07.738 10462 10462 E ArmVmp : Match on catch block at 0xc3 in for 0x78b3b21025
02-10 09:08:07.740 10462 10462 E ArmVmp : Match on catch block at 0xc3 in for 0x78b3b21025
02-10 09:08:07.754 10462 10462 E ArmVmp : Match on catch block at 0xc3 in for 0x78b3b21025
02-10 09:08:07.757 10462 10462 E ArmVmp : Match on catch block at 0xc3 in for 0x78b3b21025
02-10 09:08:07.771 10462 10462 E ArmVmp : Match on catch block at 0xc3 in for 0x78b3b21025
02-10 09:08:07.773 10462 10462 E ArmVmp : Match on catch block at 0xc3 in for 0x78b3b21025
02-10 09:08:07.788 10462 10462 E ArmVmp : Match on catch block at 0xc3 in for 0x78b3b21025
02-10 09:08:07.791 10462 10462 E ArmVmp : Match on catch block at 0xc3 in for 0x78b3b21025
02-10 09:08:07.805 10462 10462 E ArmVmp : Match on catch block at 0xc3 in for 0x78b3b21025
02-10 09:08:07.807 10462 10462 E ArmVmp : Match on catch block at 0xc3 in for 0x78b3b21025
02-10 09:08:07.821 10462 10462 E ArmVmp : Match on catch block at 0xc3 in for 0x78b3b21025
02-10 09:08:07.824 10462 10462 E ArmVmp : Match on catch block at 0xc3 in for 0x78b3b21025
02-10 09:08:07.838 10462 10462 E ArmVmp : Match on catch block at 0xc3 in for 0x78b3b21025
02-10 09:08:07.841 10462 10462 E ArmVmp : Match on catch block at 0xc3 in for 0x78b3b21025
02-10 09:08:08.005 10462 10462 E ArmVmp : Match on catch block at 0xc3 in for 0x78b3b21025
02-10 09:08:08.008 10462 10462 E ArmVmp : Match on catch block at 0xc3 in for 0x78b3b21025
02-10 09:08:08.022 10462 10462 E ArmVmp : Match on catch block at 0xc3 in for 0x78b3b21025
02-10 09:08:08.024 10462 10462 E ArmVmp : Match on catch block at 0xc3 in for 0x78b3b21025
02-10 09:08:08.039 10462 10462 E ArmVmp : Match on catch block at 0xc3 in for 0x78b3b21025
02-10 09:08:08.042 10462 10462 E ArmVmp : Match on catch block at 0xc3 in for 0x78b3b21025
02-10 09:08:08.395 10462 10462 E ArmVmp : Match on catch block at 0xc3 in for 0x78b3b21025
02-10 09:08:08.409 10462 10462 E ArmVmp : Match on catch block at 0xc3 in for 0x78b3b21025
02-10 09:08:08.596 10462 10462 E ArmVmp : Match on catch block at 0xc3 in for 0x78b3b21025
02-10 09:08:08.604 10462 10462 E ArmVmp : Match on catch block at 0xc3 in for 0x78b3b21025
02-10 09:08:08.613 10462 10462 E ArmVmp : Match on catch block at 0xc3 in for 0x78b3b21025
02-10 09:08:08.617 10462 10462 E ArmVmp : Match on catch block at 0xc3 in for 0x78b3b21025
02-10 09:08:08.654 10462 10462 E ArmVmp : Match on catch block at 0xc3 in for 0x78b3b21025
02-10 09:08:08.657 10462 10462 E ArmVmp : Match on catch block at 0xc3 in for 0x78b3b21025
02-10 09:08:08.748 10462 10462 E ArmVmp : Match on catch block at 0xc3 in for 0x78b3b21025
02-10 09:08:08.751 10462 10462 E ArmVmp : Match on catch block at 0xc3 in for 0x78b3b21025
02-10 09:08:08.770 10462 10462 E ArmVmp : Match on catch block at 0xc3 in for 0x78b3b21025
02-10 09:08:08.776 10462 10462 E ArmVmp : Match on catch block at 0xc3 in for 0x78b3b21025
02-10 09:08:08.800 10462 10462 E ArmVmp : Match on catch block at 0xc3 in for 0x78b3b21025
02-10 09:08:08.803 10462 10462 E ArmVmp : Match on catch block at 0xc3 in for 0x78b3b21025
02-10 09:08:08.822 10462 10462 E ArmVmp : Match on catch block at 0xc3 in for 0x78b3b21025
02-10 09:08:08.829 10462 10462 E ArmVmp : Match on catch block at 0xc3 in for 0x78b3b21025
02-10 09:08:08.843 10462 10462 E ArmVmp : Match on catch block at 0xc3 in for 0x78b3b21025
02-10 09:08:08.847 10462 10462 E ArmVmp : Match on catch block at 0xc3 in for 0x78b3b21025
02-10 09:08:08.863 10462 10462 E ArmVmp : Match on catch block at 0xc3 in for 0x78b3b21025
02-10 09:08:08.866 10462 10462 E ArmVmp : Match on catch block at 0xc3 in for 0x78b3b21025
02-10 09:08:11.244 10462 10477 E OpenGLRenderer: JankTracker::calculateLegacyJank expectedDequeueDuration > 0 expectedDequeueDuration=542679, DequeueBufferDuration=3357448, forgiveAmount=542679, totalDuration=10651465
02-10 09:08:14.624 10462 10706 E OpenGLRenderer: JankTracker::calculateLegacyJank expectedDequeueDuration > 0 expectedDequeueDuration=1875035, DequeueBufferDuration=8009948, forgiveAmount=1875035, totalDuration=12335919
02-10 09:08:14.646 10462 10706 E OpenGLRenderer: JankTracker::calculateLegacyJank expectedDequeueDuration > 0 expectedDequeueDuration=309014, DequeueBufferDuration=2024740, forgiveAmount=309014, totalDuration=8184472
02-10 09:08:14.663 10462 10706 E OpenGLRenderer: JankTracker::calculateLegacyJank expectedDequeueDuration > 0 expectedDequeueDuration=1494564, DequeueBufferDuration=2601771, forgiveAmount=1494564, totalDuration=7054412
02-10 09:08:14.676 10462 10706 E OpenGLRenderer: JankTracker::calculateLegacyJank expectedDequeueDuration > 0 expectedDequeueDuration=659298, DequeueBufferDuration=6875261, forgiveAmount=659298, totalDuration=14335727
02-10 09:08:14.708 10462 10706 E OpenGLRenderer: JankTracker::calculateLegacyJank expectedDequeueDuration > 0 expectedDequeueDuration=2692913, DequeueBufferDuration=5196771, forgiveAmount=2692913, totalDuration=6878341
02-10 09:08:15.961 10462 10478 E OpenGLRenderer: JankTracker::calculateLegacyJank expectedDequeueDuration > 0 expectedDequeueDuration=1947151, DequeueBufferDuration=8411354, forgiveAmount=1947151, totalDuration=10566270
02-10 09:08:15.979 10462 10478 E OpenGLRenderer: JankTracker::calculateLegacyJank expectedDequeueDuration > 0 expectedDequeueDuration=1753055, DequeueBufferDuration=6942032, forgiveAmount=1753055, totalDuration=11489203
02-10 09:08:15.998 10462 10478 E OpenGLRenderer: JankTracker::calculateLegacyJank expectedDequeueDuration > 0 expectedDequeueDuration=2161107, DequeueBufferDuration=12473177, forgiveAmount=2161107, totalDuration=16597316
02-10 09:08:20.558 10462 10477 E OpenGLRenderer: JankTracker::calculateLegacyJank expectedDequeueDuration > 0 expectedDequeueDuration=2071488, DequeueBufferDuration=1935313, forgiveAmount=1935313, totalDuration=13237730
02-10 09:08:20.573 10462 10477 E OpenGLRenderer: JankTracker::calculateLegacyJank expectedDequeueDuration > 0 expectedDequeueDuration=1740138, DequeueBufferDuration=2070781, forgiveAmount=1740138, totalDuration=6167485
02-10 09:08:20.590 10462 10477 E OpenGLRenderer: JankTracker::calculateLegacyJank expectedDequeueDuration > 0 expectedDequeueDuration=2074971, DequeueBufferDuration=2638593, forgiveAmount=2074971, totalDuration=5743860
02-10 09:08:20.607 10462 10477 E OpenGLRenderer: JankTracker::calculateLegacyJank expectedDequeueDuration > 0 expectedDequeueDuration=2527174, DequeueBufferDuration=1541198, forgiveAmount=1541198, totalDuration=4404909
02-10 09:08:20.625 10462 10477 E OpenGLRenderer: JankTracker::calculateLegacyJank expectedDequeueDuration > 0 expectedDequeueDuration=2308850, DequeueBufferDuration=1921042, forgiveAmount=1921042, totalDuration=5576983
02-10 09:08:20.642 10462 10477 E OpenGLRenderer: JankTracker::calculateLegacyJank expectedDequeueDuration > 0 expectedDequeueDuration=2195004, DequeueBufferDuration=2224427, forgiveAmount=2195004, totalDuration=5706607
02-10 09:08:23.592 10462 10478 E OpenGLRenderer: JankTracker::calculateLegacyJank expectedDequeueDuration > 0 expectedDequeueDuration=279930, DequeueBufferDuration=7444583, forgiveAmount=279930, totalDuration=15972797
02-10 09:08:23.609 10462 10478 E OpenGLRenderer: JankTracker::calculateLegacyJank expectedDequeueDuration > 0 expectedDequeueDuration=906896, DequeueBufferDuration=4238645, forgiveAmount=906896, totalDuration=11517198
02-10 09:08:23.625 10462 10478 E OpenGLRenderer: JankTracker::calculateLegacyJank expectedDequeueDuration > 0 expectedDequeueDuration=755584, DequeueBufferDuration=2188229, forgiveAmount=755584, totalDuration=9661332
02-10 09:08:23.640 10462 10478 E OpenGLRenderer: JankTracker::calculateLegacyJank expectedDequeueDuration > 0 expectedDequeueDuration=728691, DequeueBufferDuration=2415990, forgiveAmount=728691, totalDuration=9462254
02-10 09:08:23.658 10462 10478 E OpenGLRenderer: JankTracker::calculateLegacyJank expectedDequeueDuration > 0 expectedDequeueDuration=179116, DequeueBufferDuration=1323125, forgiveAmount=179116, totalDuration=9301143
02-10 09:08:23.674 10462 10478 E OpenGLRenderer: JankTracker::calculateLegacyJank expectedDequeueDuration > 0 expectedDequeueDuration=817368, DequeueBufferDuration=703594, forgiveAmount=703594, totalDuration=8293413
02-10 09:08:23.693 10462 10478 E OpenGLRenderer: JankTracker::calculateLegacyJank expectedDequeueDuration > 0 expectedDequeueDuration=316676, DequeueBufferDuration=940052, forgiveAmount=316676, totalDuration=9131595
02-10 09:08:23.711 10462 10478 E OpenGLRenderer: JankTracker::calculateLegacyJank expectedDequeueDuration > 0 expectedDequeueDuration=1120923, DequeueBufferDuration=1149531, forgiveAmount=1120923, totalDuration=8814143
02-10 09:08:23.727 10462 10478 E OpenGLRenderer: JankTracker::calculateLegacyJank expectedDequeueDuration > 0 expectedDequeueDuration=372501, DequeueBufferDuration=2990730, forgiveAmount=372501, totalDuration=12385050
02-10 09:08:23.761 10462 10478 E OpenGLRenderer: JankTracker::calculateLegacyJank expectedDequeueDuration > 0 expectedDequeueDuration=771224, DequeueBufferDuration=3431197, forgiveAmount=771224, totalDuration=12204739
02-10 09:08:24.424 10462 10478 E OpenGLRenderer: JankTracker::calculateLegacyJank expectedDequeueDuration > 0 expectedDequeueDuration=2109938, DequeueBufferDuration=902604, forgiveAmount=902604, totalDuration=5215426
02-10 09:08:24.439 10462 10478 E OpenGLRenderer: JankTracker::calculateLegacyJank expectedDequeueDuration > 0 expectedDequeueDuration=2269097, DequeueBufferDuration=2214843, forgiveAmount=2214843, totalDuration=5782622
02-10 09:08:24.455 10462 10478 E OpenGLRenderer: JankTracker::calculateLegacyJank expectedDequeueDuration > 0 expectedDequeueDuration=826813, DequeueBufferDuration=918125, forgiveAmount=826813, totalDuration=8782363
02-10 09:08:24.472 10462 10478 E OpenGLRenderer: JankTracker::calculateLegacyJank expectedDequeueDuration > 0 expectedDequeueDuration=1526626, DequeueBufferDuration=882292, forgiveAmount=882292, totalDuration=10571967
02-10 09:08:24.489 10462 10478 E OpenGLRenderer: JankTracker::calculateLegacyJank expectedDequeueDuration > 0 expectedDequeueDuration=2394988, DequeueBufferDuration=902812, forgiveAmount=902812, totalDuration=5053971
02-10 09:08:24.707 10462 10706 E OpenGLRenderer: JankTracker::calculateLegacyJank expectedDequeueDuration > 0 expectedDequeueDuration=845450, DequeueBufferDuration=802760, forgiveAmount=802760, totalDuration=18222050
02-10 09:08:24.739 10462 10706 E OpenGLRenderer: JankTracker::calculateLegacyJank expectedDequeueDuration > 0 expectedDequeueDuration=819424, DequeueBufferDuration=733906, forgiveAmount=733906, totalDuration=8119325
02-10 09:08:24.755 10462 10706 E OpenGLRenderer: JankTracker::calculateLegacyJank expectedDequeueDuration > 0 expectedDequeueDuration=894182, DequeueBufferDuration=661354, forgiveAmount=661354, totalDuration=6350037
02-10 09:08:24.772 10462 10706 E OpenGLRenderer: JankTracker::calculateLegacyJank expectedDequeueDuration > 0 expectedDequeueDuration=1280853, DequeueBufferDuration=568594, forgiveAmount=568594, totalDuration=6653470
02-10 09:08:24.824 10462 10706 E OpenGLRenderer: JankTracker::calculateLegacyJank expectedDequeueDuration > 0 expectedDequeueDuration=1954896, DequeueBufferDuration=918803, forgiveAmount=918803, totalDuration=6647655
02-10 09:08:24.839 10462 10706 E OpenGLRenderer: JankTracker::calculateLegacyJank expectedDequeueDuration > 0 expectedDequeueDuration=1768223, DequeueBufferDuration=1922240, forgiveAmount=1768223, totalDuration=7203190
02-10 09:08:24.856 10462 10706 E OpenGLRenderer: JankTracker::calculateLegacyJank expectedDequeueDuration > 0 expectedDequeueDuration=1499188, DequeueBufferDuration=1908906, forgiveAmount=1499188, totalDuration=6555686
02-10 09:08:24.876 10462 10706 E OpenGLRenderer: JankTracker::calculateLegacyJank expectedDequeueDuration > 0 expectedDequeueDuration=1555917, DequeueBufferDuration=633177, forgiveAmount=633177, totalDuration=6058301
02-10 09:08:24.925 10462 10706 E OpenGLRenderer: JankTracker::calculateLegacyJank expectedDequeueDuration > 0 expectedDequeueDuration=647167, DequeueBufferDuration=799062, forgiveAmount=647167, totalDuration=7390197
02-10 09:08:24.956 10462 10706 E OpenGLRenderer: JankTracker::calculateLegacyJank expectedDequeueDuration > 0 expectedDequeueDuration=1095873, DequeueBufferDuration=2689583, forgiveAmount=1095873, totalDuration=7699661
02-10 09:08:24.973 10462 10706 E OpenGLRenderer: JankTracker::calculateLegacyJank expectedDequeueDuration > 0 expectedDequeueDuration=2009448, DequeueBufferDuration=1911198, forgiveAmount=1911198, totalDuration=5201750
02-10 09:08:24.993 10462 10706 E OpenGLRenderer: JankTracker::calculateLegacyJank expectedDequeueDuration > 0 expectedDequeueDuration=2214834, DequeueBufferDuration=1268802, forgiveAmount=1268802, totalDuration=5004489
02-10 09:08:25.006 10462 10706 E OpenGLRenderer: JankTracker::calculateLegacyJank expectedDequeueDuration > 0 expectedDequeueDuration=2108177, DequeueBufferDuration=1512031, forgiveAmount=1512031, totalDuration=5241771
02-10 09:08:25.023 10462 10706 E OpenGLRenderer: JankTracker::calculateLegacyJank expectedDequeueDuration > 0 expectedDequeueDuration=2423634, DequeueBufferDuration=5281354, forgiveAmount=2423634, totalDuration=7678357
02-10 09:08:25.058 10462 10706 E OpenGLRenderer: JankTracker::calculateLegacyJank expectedDequeueDuration > 0 expectedDequeueDuration=2165786, DequeueBufferDuration=1350365, forgiveAmount=1350365, totalDuration=7135046
02-10 09:08:28.180 10462 10477 E OpenGLRenderer: JankTracker::calculateLegacyJank expectedDequeueDuration > 0 expectedDequeueDuration=1522235, DequeueBufferDuration=1836511, forgiveAmount=1522235, totalDuration=9215790
02-10 09:08:28.197 10462 10477 E OpenGLRenderer: JankTracker::calculateLegacyJank expectedDequeueDuration > 0 expectedDequeueDuration=488367, DequeueBufferDuration=6671302, forgiveAmount=488367, totalDuration=20376390
02-10 09:08:28.259 10462 10477 E OpenGLRenderer: JankTracker::calculateLegacyJank expectedDequeueDuration > 0 expectedDequeueDuration=101495, DequeueBufferDuration=3605573, forgiveAmount=101495, totalDuration=16182687
02-10 09:08:30.078 10462 10706 E OpenGLRenderer: JankTracker::calculateLegacyJank expectedDequeueDuration > 0 expectedDequeueDuration=221200, DequeueBufferDuration=5344427, forgiveAmount=221200, totalDuration=16423745
02-10 09:08:30.162 10462 10706 E OpenGLRenderer: JankTracker::calculateLegacyJank expectedDequeueDuration > 0 expectedDequeueDuration=9379, DequeueBufferDuration=2438958, forgiveAmount=9379, totalDuration=21292284
02-10 09:08:33.316 10462 10706 E CameraManagerGlobal: Camera 4 is not available. Ignore physical camera status change
02-10 09:08:34.989 10462 10477 E OpenGLRenderer: JankTracker::calculateLegacyJank expectedDequeueDuration > 0 expectedDequeueDuration=928481, DequeueBufferDuration=8580469, forgiveAmount=928481, totalDuration=18601476
02-10 09:08:35.129 10462 10706 E OpenGLRenderer: JankTracker::calculateLegacyJank expectedDequeueDuration > 0 expectedDequeueDuration=2109268, DequeueBufferDuration=14933698, forgiveAmount=2109268, totalDuration=23438859
02-10 09:08:35.163 10462 10706 E OpenGLRenderer: JankTracker::calculateLegacyJank expectedDequeueDuration > 0 expectedDequeueDuration=818635, DequeueBufferDuration=6355208, forgiveAmount=818635, totalDuration=14109606
02-10 09:08:35.177 10462 10706 E OpenGLRenderer: JankTracker::calculateLegacyJank expectedDequeueDuration > 0 expectedDequeueDuration=1381288, DequeueBufferDuration=2597812, forgiveAmount=1381288, totalDuration=12635809
02-10 09:08:35.207 10462 10706 E OpenGLRenderer: JankTracker::calculateLegacyJank expectedDequeueDuration > 0 expectedDequeueDuration=2237229, DequeueBufferDuration=2017917, forgiveAmount=2017917, totalDuration=5105011
02-10 09:08:37.845 10462 10508 E CameraManagerGlobal: Camera 4 is not available. Ignore physical camera status change
02-10 09:08:38.343 10462 10706 E OpenGLRenderer: JankTracker::calculateLegacyJank expectedDequeueDuration > 0 expectedDequeueDuration=314854, DequeueBufferDuration=3998073, forgiveAmount=314854, totalDuration=11884563
02-10 09:08:39.244 10462 11343 E ANDR-VPERF: libqti-perfd-client_system load libvivo-vperfd-client_system.so sucess
02-10 09:08:39.308 10462 11343 E ion : ioctl c0044901 failed with code -1: Inappropriate ioctl for device
02-10 09:08:39.756 10462 11333 E Surface : freeAllBuffers: 12 buffers were freed while being dequeued!
02-10 09:08:40.060 10462 10483 E OpenGLRenderer: JankTracker::calculateLegacyJank expectedDequeueDuration > 0 expectedDequeueDuration=1882161, DequeueBufferDuration=2891250, forgiveAmount=1882161, totalDuration=6321824
02-10 09:08:40.091 10462 10483 E OpenGLRenderer: JankTracker::calculateLegacyJank expectedDequeueDuration > 0 expectedDequeueDuration=1900012, DequeueBufferDuration=2250677, forgiveAmount=1900012, totalDuration=5602632
02-10 09:08:40.108 10462 10483 E OpenGLRenderer: JankTracker::calculateLegacyJank expectedDequeueDuration > 0 expectedDequeueDuration=1963102, DequeueBufferDuration=2838334, forgiveAmount=1963102, totalDuration=7469942
02-10 09:08:40.124 10462 10483 E OpenGLRenderer: JankTracker::calculateLegacyJank expectedDequeueDuration > 0 expectedDequeueDuration=759546, DequeueBufferDuration=3158542, forgiveAmount=759546, totalDuration=10160439
02-10 09:08:40.141 10462 10483 E OpenGLRenderer: JankTracker::calculateLegacyJank expectedDequeueDuration > 0 expectedDequeueDuration=1790129, DequeueBufferDuration=2669896, forgiveAmount=1790129, totalDuration=10186304
