02-10 08:06:47.869 13924 13938 E OpenGLRenderer: JankTracker::calculateLegacyJank expectedDequeueDuration > 0 expectedDequeueDuration=849389, DequeueBufferDuration=2387604, forgiveAmount=849389, totalDuration=8493150
02-10 08:06:47.884 13924 13938 E OpenGLRenderer: JankTracker::calculateLegacyJank expectedDequeueDuration > 0 expectedDequeueDuration=132861, DequeueBufferDuration=6016406, forgiveAmount=132861, totalDuration=14074486
02-10 08:06:47.900 13924 13938 E OpenGLRenderer: JankTracker::calculateLegacyJank expectedDequeueDuration > 0 expectedDequeueDuration=781160, DequeueBufferDuration=5628021, forgiveAmount=781160, totalDuration=12006952
02-10 08:06:47.920 13924 13938 E OpenGLRenderer: JankTracker::calculateLegacyJank expectedDequeueDuration > 0 expectedDequeueDuration=597124, DequeueBufferDuration=2942760, forgiveAmount=597124, totalDuration=9160595
02-10 08:06:47.942 13924 13938 E OpenGLRenderer: JankTracker::calculateLegacyJank expectedDequeueDuration > 0 expectedDequeueDuration=393750, DequeueBufferDuration=2948177, forgiveAmount=393750, totalDuration=9695728
02-10 08:06:47.962 13924 13938 E OpenGLRenderer: JankTracker::calculateLegacyJank expectedDequeueDuration > 0 expectedDequeueDuration=34865, DequeueBufferDuration=5431093, forgiveAmount=34865, totalDuration=18456051
02-10 08:06:49.632 13924 13937 E OpenGLRenderer: JankTracker::calculateLegacyJank expectedDequeueDuration > 0 expectedDequeueDuration=824613, DequeueBufferDuration=529896, forgiveAmount=529896, totalDuration=8407106
02-10 08:06:49.666 13924 13937 E OpenGLRenderer: JankTracker::calculateLegacyJank expectedDequeueDuration > 0 expectedDequeueDuration=669845, DequeueBufferDuration=547395, forgiveAmount=547395, totalDuration=8001822
02-10 08:06:49.683 13924 13937 E OpenGLRenderer: JankTracker::calculateLegacyJank expectedDequeueDuration > 0 expectedDequeueDuration=553636, DequeueBufferDuration=2164687, forgiveAmount=553636, totalDuration=9710853
02-10 08:06:49.733 13924 13937 E OpenGLRenderer: JankTracker::calculateLegacyJank expectedDequeueDuration > 0 expectedDequeueDuration=1141163, DequeueBufferDuration=1337500, forgiveAmount=1141163, totalDuration=8135643
02-10 08:06:49.751 13924 13937 E OpenGLRenderer: JankTracker::calculateLegacyJank expectedDequeueDuration > 0 expectedDequeueDuration=552430, DequeueBufferDuration=878906, forgiveAmount=552430, totalDuration=8857224
02-10 08:06:49.768 13924 13937 E OpenGLRenderer: JankTracker::calculateLegacyJank expectedDequeueDuration > 0 expectedDequeueDuration=54525, DequeueBufferDuration=743906, forgiveAmount=54525, totalDuration=9335742
02-10 08:06:49.800 13924 13936 E OpenGLRenderer: JankTracker::calculateLegacyJank expectedDequeueDuration > 0 expectedDequeueDuration=1181989, DequeueBufferDuration=3990781, forgiveAmount=1181989, totalDuration=12491178
02-10 08:06:49.852 13924 13937 E OpenGLRenderer: JankTracker::calculateLegacyJank expectedDequeueDuration > 0 expectedDequeueDuration=1315659, DequeueBufferDuration=5499687, forgiveAmount=1315659, totalDuration=11943109
02-10 08:06:49.883 13924 13937 E OpenGLRenderer: JankTracker::calculateLegacyJank expectedDequeueDuration > 0 expectedDequeueDuration=706421, DequeueBufferDuration=4445000, forgiveAmount=706421, totalDuration=14037731
02-10 08:06:49.900 13924 13937 E OpenGLRenderer: JankTracker::calculateLegacyJank expectedDequeueDuration > 0 expectedDequeueDuration=771599, DequeueBufferDuration=2157500, forgiveAmount=771599, totalDuration=9513938
02-10 08:06:50.017 13924 13937 E OpenGLRenderer: JankTracker::calculateLegacyJank expectedDequeueDuration > 0 expectedDequeueDuration=742533, DequeueBufferDuration=1174375, forgiveAmount=742533, totalDuration=8521132
02-10 08:06:50.067 13924 13937 E OpenGLRenderer: JankTracker::calculateLegacyJank expectedDequeueDuration > 0 expectedDequeueDuration=426560, DequeueBufferDuration=1295886, forgiveAmount=426560, totalDuration=9389848
02-10 08:06:50.082 13924 13937 E OpenGLRenderer: JankTracker::calculateLegacyJank expectedDequeueDuration > 0 expectedDequeueDuration=34645, DequeueBufferDuration=1738073, forgiveAmount=34645, totalDuration=10330033
02-10 08:06:50.186 13924 13936 E OpenGLRenderer: JankTracker::calculateLegacyJank expectedDequeueDuration > 0 expectedDequeueDuration=196503, DequeueBufferDuration=736615, forgiveAmount=196503, totalDuration=8975536
02-10 08:06:50.235 13924 13936 E OpenGLRenderer: JankTracker::calculateLegacyJank expectedDequeueDuration > 0 expectedDequeueDuration=724675, DequeueBufferDuration=1387761, forgiveAmount=724675, totalDuration=8303515
02-10 08:06:50.249 13924 13936 E OpenGLRenderer: JankTracker::calculateLegacyJank expectedDequeueDuration > 0 expectedDequeueDuration=1525409, DequeueBufferDuration=1680417, forgiveAmount=1525409, totalDuration=8417047
02-10 08:06:50.282 13924 13936 E OpenGLRenderer: JankTracker::calculateLegacyJank expectedDequeueDuration > 0 expectedDequeueDuration=742060, DequeueBufferDuration=768386, forgiveAmount=742060, totalDuration=8095568
02-10 08:06:50.298 13924 13936 E OpenGLRenderer: JankTracker::calculateLegacyJank expectedDequeueDuration > 0 expectedDequeueDuration=1223109, DequeueBufferDuration=1214740, forgiveAmount=1214740, totalDuration=7396526
02-10 08:06:50.315 13924 13936 E OpenGLRenderer: JankTracker::calculateLegacyJank expectedDequeueDuration > 0 expectedDequeueDuration=1207061, DequeueBufferDuration=1619739, forgiveAmount=1207061, totalDuration=7279888
02-10 08:06:50.352 13924 13936 E OpenGLRenderer: JankTracker::calculateLegacyJank expectedDequeueDuration > 0 expectedDequeueDuration=1414874, DequeueBufferDuration=1325052, forgiveAmount=1325052, totalDuration=6530126
02-10 08:06:50.365 13924 13936 E OpenGLRenderer: JankTracker::calculateLegacyJank expectedDequeueDuration > 0 expectedDequeueDuration=969984, DequeueBufferDuration=1644583, forgiveAmount=969984, totalDuration=10210084
02-10 08:06:50.398 13924 13936 E OpenGLRenderer: JankTracker::calculateLegacyJank expectedDequeueDuration > 0 expectedDequeueDuration=556798, DequeueBufferDuration=1045469, forgiveAmount=556798, totalDuration=10611248
02-10 08:06:50.735 13924 13936 E OpenGLRenderer: JankTracker::calculateLegacyJank expectedDequeueDuration > 0 expectedDequeueDuration=1993227, DequeueBufferDuration=1601718, forgiveAmount=1601718, totalDuration=5757451
02-10 08:06:50.768 13924 13936 E OpenGLRenderer: JankTracker::calculateLegacyJank expectedDequeueDuration > 0 expectedDequeueDuration=1030681, DequeueBufferDuration=4281667, forgiveAmount=1030681, totalDuration=11265513
02-10 08:06:50.786 13924 13936 E OpenGLRenderer: JankTracker::calculateLegacyJank expectedDequeueDuration > 0 expectedDequeueDuration=485995, DequeueBufferDuration=4163281, forgiveAmount=485995, totalDuration=12674104
02-10 08:06:50.803 13924 13936 E OpenGLRenderer: JankTracker::calculateLegacyJank expectedDequeueDuration > 0 expectedDequeueDuration=829831, DequeueBufferDuration=3611927, forgiveAmount=829831, totalDuration=11467994
02-10 08:06:50.819 13924 13936 E OpenGLRenderer: JankTracker::calculateLegacyJank expectedDequeueDuration > 0 expectedDequeueDuration=1177618, DequeueBufferDuration=4838906, forgiveAmount=1177618, totalDuration=12760910
02-10 08:06:50.836 13924 13936 E OpenGLRenderer: JankTracker::calculateLegacyJank expectedDequeueDuration > 0 expectedDequeueDuration=894714, DequeueBufferDuration=4933177, forgiveAmount=894714, totalDuration=13185936
02-10 08:06:50.852 13924 13936 E OpenGLRenderer: JankTracker::calculateLegacyJank expectedDequeueDuration > 0 expectedDequeueDuration=1166603, DequeueBufferDuration=4451667, forgiveAmount=1166603, totalDuration=11759085
02-10 08:06:50.953 13924 13936 E OpenGLRenderer: JankTracker::calculateLegacyJank expectedDequeueDuration > 0 expectedDequeueDuration=668206, DequeueBufferDuration=3693698, forgiveAmount=668206, totalDuration=11830150
02-10 08:06:50.984 13924 13936 E OpenGLRenderer: JankTracker::calculateLegacyJank expectedDequeueDuration > 0 expectedDequeueDuration=921114, DequeueBufferDuration=4233802, forgiveAmount=921114, totalDuration=11852355
02-10 08:06:51.000 13924 13936 E OpenGLRenderer: JankTracker::calculateLegacyJank expectedDequeueDuration > 0 expectedDequeueDuration=918128, DequeueBufferDuration=3702031, forgiveAmount=918128, totalDuration=11956244
02-10 08:06:51.136 13924 13936 E OpenGLRenderer: JankTracker::calculateLegacyJank expectedDequeueDuration > 0 expectedDequeueDuration=771978, DequeueBufferDuration=3709948, forgiveAmount=771978, totalDuration=11904637
02-10 08:06:51.151 13924 13936 E OpenGLRenderer: JankTracker::calculateLegacyJank expectedDequeueDuration > 0 expectedDequeueDuration=866685, DequeueBufferDuration=3687344, forgiveAmount=866685, totalDuration=11357203
02-10 08:06:51.172 13924 13936 E OpenGLRenderer: JankTracker::calculateLegacyJank expectedDequeueDuration > 0 expectedDequeueDuration=822232, DequeueBufferDuration=4239271, forgiveAmount=822232, totalDuration=12699911
02-10 08:06:51.268 13924 13936 E OpenGLRenderer: JankTracker::calculateLegacyJank expectedDequeueDuration > 0 expectedDequeueDuration=689730, DequeueBufferDuration=3657291, forgiveAmount=689730, totalDuration=11213821
02-10 08:06:51.286 13924 13936 E OpenGLRenderer: JankTracker::calculateLegacyJank expectedDequeueDuration > 0 expectedDequeueDuration=779870, DequeueBufferDuration=3377917, forgiveAmount=779870, totalDuration=10751302
02-10 08:06:51.300 13924 13936 E OpenGLRenderer: JankTracker::calculateLegacyJank expectedDequeueDuration > 0 expectedDequeueDuration=1120225, DequeueBufferDuration=3906354, forgiveAmount=1120225, totalDuration=11051372
02-10 08:06:51.318 13924 13936 E OpenGLRenderer: JankTracker::calculateLegacyJank expectedDequeueDuration > 0 expectedDequeueDuration=489187, DequeueBufferDuration=4055209, forgiveAmount=489187, totalDuration=12188033
02-10 08:06:51.334 13924 13936 E OpenGLRenderer: JankTracker::calculateLegacyJank expectedDequeueDuration > 0 expectedDequeueDuration=1799739, DequeueBufferDuration=2707656, forgiveAmount=1799739, totalDuration=6866252
02-10 08:06:51.348 13924 13936 E OpenGLRenderer: JankTracker::calculateLegacyJank expectedDequeueDuration > 0 expectedDequeueDuration=1157418, DequeueBufferDuration=3686719, forgiveAmount=1157418, totalDuration=9936467
02-10 08:06:51.383 13924 13936 E OpenGLRenderer: JankTracker::calculateLegacyJank expectedDequeueDuration > 0 expectedDequeueDuration=992908, DequeueBufferDuration=784844, forgiveAmount=784844, totalDuration=7094020
02-10 08:06:51.401 13924 13936 E OpenGLRenderer: JankTracker::calculateLegacyJank expectedDequeueDuration > 0 expectedDequeueDuration=1326541, DequeueBufferDuration=2838438, forgiveAmount=1326541, totalDuration=8884522
02-10 08:06:57.300 13924 14103 E OpenGLRenderer: JankTracker::calculateLegacyJank expectedDequeueDuration > 0 expectedDequeueDuration=1076243, DequeueBufferDuration=4011302, forgiveAmount=1076243, totalDuration=10943556
02-10 08:06:57.654 14167 14167 E com.mbwhatsapp: Not starting debugger since process cannot load the jdwp agent.
02-10 08:06:57.838 14167 14167 E CustomActivityOnCrash: IMPORTANT WARNING! You already have an UncaughtExceptionHandler, are you sure this is correct? If you use a custom UncaughtExceptionHandler, you must initialize it AFTER CustomActivityOnCrash! Installing anyway, but your original handler will not be called. --------- beginning of main
02-10 08:06:58.870 14167 14167 E ArmVmp : Match on catch block at 0x0a in for 0x7630ce6031
02-10 08:06:58.920 14167 14167 E ArmVmp : Match on catch block at 0x0a in for 0x7630ce604d
02-10 08:06:59.286 14167 14167 E ArmVmp : Match on catch block at 0x0a in for 0x7630ce6035
02-10 08:07:00.314 14167 14167 E RecyclerView: No adapter attached; skipping layout
02-10 08:07:01.033 14167 14181 E OpenGLRenderer: JankTracker::calculateLegacyJank expectedDequeueDuration > 0 expectedDequeueDuration=1777065, DequeueBufferDuration=1383802, forgiveAmount=1383802, totalDuration=5819759
02-10 08:07:02.018 14167 14181 E OpenGLRenderer: JankTracker::calculateLegacyJank expectedDequeueDuration > 0 expectedDequeueDuration=1274717, DequeueBufferDuration=700729, forgiveAmount=700729, totalDuration=6492627
02-10 08:07:02.168 14167 14181 E OpenGLRenderer: JankTracker::calculateLegacyJank expectedDequeueDuration > 0 expectedDequeueDuration=1582613, DequeueBufferDuration=1699427, forgiveAmount=1582613, totalDuration=7132691
02-10 08:07:02.217 14167 14181 E OpenGLRenderer: JankTracker::calculateLegacyJank expectedDequeueDuration > 0 expectedDequeueDuration=185918, DequeueBufferDuration=2442708, forgiveAmount=185918, totalDuration=8987643
02-10 08:07:02.635 14167 14180 E OpenGLRenderer: JankTracker::calculateLegacyJank expectedDequeueDuration > 0 expectedDequeueDuration=954740, DequeueBufferDuration=1540938, forgiveAmount=954740, totalDuration=10478020
02-10 08:07:03.114 14167 14180 E OpenGLRenderer: JankTracker::calculateLegacyJank expectedDequeueDuration > 0 expectedDequeueDuration=1770796, DequeueBufferDuration=1211615, forgiveAmount=1211615, totalDuration=7745090
02-10 08:07:03.131 14167 14180 E OpenGLRenderer: JankTracker::calculateLegacyJank expectedDequeueDuration > 0 expectedDequeueDuration=1832310, DequeueBufferDuration=1798750, forgiveAmount=1798750, totalDuration=7173575
02-10 08:07:04.441 14167 14211 E SQLiteDatabase: Error inserting transferred=0 media_job_uuid=399b10cc-15bd-4153-bfc4-5b6151615471 transcoded=0 gif_attribution=0 first_scan_length=0 direct_path=/v/t62.7161- 24/19962770_1091564715324808_4461812136197260966_n.enc?ccb=11- 4&oh=01_AdQjk1moOyOQVtuoTbiHMPJTPfap530rddIXDSNZwG0w8Q&oe=65EE4919&_nc_sid=5e03e0 thumbnail_height_width_ratio=1.7777778 is_animated_sticker=0 file_hash=tXj3d+cZeJyqYOqDiCkHAaFwXNmsFPVJPUXCaQq1m+A= file_path=null file_size=0 partial_media_hash=null face_x=0 face_y=0 height=656 trim_to=0 media_key_timestamp=1707527216000 message_url=*********************************************************************** *********************************************************************************** *********************************** media_caption=null trim_from=0 mime_type=video/mp4 partial_media_enc_hash=null width=368 original_file_hash=null has_streaming_sidecar=1 autotransfer_retry_enabled=1 media_upload_handle=null message_row_id=377 multicast_id=null enc_file_hash=/BolQAbNzKi/9qxdDkzooQ00dSqITpVFXu91n9oCNk8= mute_video=0 page_count=0 first_scan_sidecar=null suspicious_content=0 file_length=2870951 media_name=null media_duration=20 chat_row_id=51 media_key=[B@b81a86b
02-10 08:07:04.441 14167 14211 E SQLiteDatabase: android.database.sqlite.SQLiteConstraintException: UNIQUE constraint failed: message_media.message_row_id (code 1555 SQLITE_CONSTRAINT_PRIMARYKEY)
02-10 08:07:04.441 14167 14211 E SQLiteDatabase: at android.database.sqlite.SQLiteConnection.nativeExecuteForLastInsertedRowId(Native Method)
02-10 08:07:04.441 14167 14211 E SQLiteDatabase: at android.database.sqlite.SQLiteConnection.executeForLastInsertedRowId(SQLiteConnecti on.java:985)
02-10 08:07:04.441 14167 14211 E SQLiteDatabase: at android.database.sqlite.SQLiteSession.executeForLastInsertedRowId(SQLiteSession.jav a:790)
02-10 08:07:04.441 14167 14211 E SQLiteDatabase: at android.database.sqlite.SQLiteStatement.executeInsert(SQLiteStatement.java:89)
02-10 08:07:04.441 14167 14211 E SQLiteDatabase: at android.database.sqlite.SQLiteDatabase.insertWithOnConflict(SQLiteDatabase.java:170 2)
02-10 08:07:04.441 14167 14211 E SQLiteDatabase: at android.database.sqlite.SQLiteDatabase.insert(SQLiteDatabase.java:1571)
02-10 08:07:04.441 14167 14211 E SQLiteDatabase: at X.2tm.A08(Unknown Source:6)
02-10 08:07:04.441 14167 14211 E SQLiteDatabase: at X.35Y.A07(Unknown Source:212)
02-10 08:07:04.441 14167 14211 E SQLiteDatabase: at X.3QF.A14(Unknown Source:470)
02-10 08:07:04.441 14167 14211 E SQLiteDatabase: at X.3gU.run(Unknown Source:982)
02-10 08:07:04.441 14167 14211 E SQLiteDatabase: at android.os.Handler.handleCallback(Handler.java:938)
02-10 08:07:04.441 14167 14211 E SQLiteDatabase: at android.os.Handler.dispatchMessage(Handler.java:99)
02-10 08:07:04.441 14167 14211 E SQLiteDatabase: at X.0zq.dispatchMessage(Unknown Source:4)
02-10 08:07:04.441 14167 14211 E SQLiteDatabase: at android.os.Looper.loopOnce(Looper.java:233)
02-10 08:07:04.441 14167 14211 E SQLiteDatabase: at android.os.Looper.loop(Looper.java:334)
02-10 08:07:04.441 14167 14211 E SQLiteDatabase: at android.os.HandlerThread.run(HandlerThread.java:67)
02-10 08:07:04.582 14167 14326 E OpenGLRenderer: JankTracker::calculateLegacyJank expectedDequeueDuration > 0 expectedDequeueDuration=350650, DequeueBufferDuration=1893594, forgiveAmount=350650, totalDuration=9656200
02-10 08:07:04.599 14167 14326 E OpenGLRenderer: JankTracker::calculateLegacyJank expectedDequeueDuration > 0 expectedDequeueDuration=448893, DequeueBufferDuration=2035208, forgiveAmount=448893, totalDuration=9730495
02-10 08:07:04.617 14167 14180 E OpenGLRenderer: JankTracker::calculateLegacyJank expectedDequeueDuration > 0 expectedDequeueDuration=581871, DequeueBufferDuration=1201615, forgiveAmount=581871, totalDuration=9127143
02-10 08:07:05.036 14167 14180 E OpenGLRenderer: JankTracker::calculateLegacyJank expectedDequeueDuration > 0 expectedDequeueDuration=385445, DequeueBufferDuration=3269688, forgiveAmount=385445, totalDuration=12436037
02-10 08:07:05.052 14167 14180 E OpenGLRenderer: JankTracker::calculateLegacyJank expectedDequeueDuration > 0 expectedDequeueDuration=733051, DequeueBufferDuration=4176719, forgiveAmount=733051, totalDuration=13036137
02-10 08:07:05.086 14167 14180 E OpenGLRenderer: JankTracker::calculateLegacyJank expectedDequeueDuration > 0 expectedDequeueDuration=451461, DequeueBufferDuration=3391614, forgiveAmount=451461, totalDuration=12244109
02-10 08:07:05.100 14167 14180 E OpenGLRenderer: JankTracker::calculateLegacyJank expectedDequeueDuration > 0 expectedDequeueDuration=723396, DequeueBufferDuration=3803281, forgiveAmount=723396, totalDuration=12554250
02-10 08:07:05.649 14167 14180 E OpenGLRenderer: JankTracker::calculateLegacyJank expectedDequeueDuration > 0 expectedDequeueDuration=1908550, DequeueBufferDuration=3992604, forgiveAmount=1908550, totalDuration=6705191
02-10 08:07:05.666 14167 14180 E OpenGLRenderer: JankTracker::calculateLegacyJank expectedDequeueDuration > 0 expectedDequeueDuration=1936195, DequeueBufferDuration=3818230, forgiveAmount=1936195, totalDuration=6549068
02-10 08:07:06.775 14167 14357 E OpenGLRenderer: JankTracker::calculateLegacyJank expectedDequeueDuration > 0 expectedDequeueDuration=275735, DequeueBufferDuration=6906406, forgiveAmount=275735, totalDuration=13459936
02-10 08:07:06.789 14167 14357 E OpenGLRenderer: JankTracker::calculateLegacyJank expectedDequeueDuration > 0 expectedDequeueDuration=1354959, DequeueBufferDuration=8695625, forgiveAmount=1354959, totalDuration=13678831
02-10 08:07:06.804 14167 14357 E OpenGLRenderer: JankTracker::calculateLegacyJank expectedDequeueDuration > 0 expectedDequeueDuration=207962, DequeueBufferDuration=9966458, forgiveAmount=207962, totalDuration=17186316
02-10 08:07:06.838 14167 14357 E OpenGLRenderer: JankTracker::calculateLegacyJank expectedDequeueDuration > 0 expectedDequeueDuration=1566649, DequeueBufferDuration=7010000, forgiveAmount=1566649, totalDuration=11439567
02-10 08:07:06.856 14167 14357 E OpenGLRenderer: JankTracker::calculateLegacyJank expectedDequeueDuration > 0 expectedDequeueDuration=342364, DequeueBufferDuration=8327760, forgiveAmount=342364, totalDuration=15424126
02-10 08:07:07.132 14167 14326 E OpenGLRenderer: JankTracker::calculateLegacyJank expectedDequeueDuration > 0 expectedDequeueDuration=1402847, DequeueBufferDuration=1050260, forgiveAmount=1050260, totalDuration=6356373
02-10 08:07:07.167 14167 14326 E OpenGLRenderer: JankTracker::calculateLegacyJank expectedDequeueDuration > 0 expectedDequeueDuration=422927, DequeueBufferDuration=784063, forgiveAmount=422927, totalDuration=8414615
02-10 08:07:07.181 14167 14326 E OpenGLRenderer: JankTracker::calculateLegacyJank expectedDequeueDuration > 0 expectedDequeueDuration=959533, DequeueBufferDuration=1366666, forgiveAmount=959533, totalDuration=8265517
02-10 08:07:07.198 14167 14326 E OpenGLRenderer: JankTracker::calculateLegacyJank expectedDequeueDuration > 0 expectedDequeueDuration=435883, DequeueBufferDuration=1970365, forgiveAmount=435883, totalDuration=8763651
02-10 08:07:07.250 14167 14326 E OpenGLRenderer: JankTracker::calculateLegacyJank expectedDequeueDuration > 0 expectedDequeueDuration=179750, DequeueBufferDuration=2738750, forgiveAmount=179750, totalDuration=10222947
02-10 08:07:07.266 14167 14326 E OpenGLRenderer: JankTracker::calculateLegacyJank expectedDequeueDuration > 0 expectedDequeueDuration=647351, DequeueBufferDuration=2539010, forgiveAmount=647351, totalDuration=9898632
02-10 08:07:07.282 14167 14326 E OpenGLRenderer: JankTracker::calculateLegacyJank expectedDequeueDuration > 0 expectedDequeueDuration=292006, DequeueBufferDuration=1775105, forgiveAmount=292006, totalDuration=10040467
02-10 08:07:07.300 14167 14326 E OpenGLRenderer: JankTracker::calculateLegacyJank expectedDequeueDuration > 0 expectedDequeueDuration=313000, DequeueBufferDuration=1407500, forgiveAmount=313000, totalDuration=8842125
02-10 08:07:07.317 14167 14326 E OpenGLRenderer: JankTracker::calculateLegacyJank expectedDequeueDuration > 0 expectedDequeueDuration=1002158, DequeueBufferDuration=1083385, forgiveAmount=1002158, totalDuration=7495164
02-10 08:07:07.334 14167 14326 E OpenGLRenderer: JankTracker::calculateLegacyJank expectedDequeueDuration > 0 expectedDequeueDuration=503135, DequeueBufferDuration=1158073, forgiveAmount=503135, totalDuration=9138000
02-10 08:07:07.367 14167 14326 E OpenGLRenderer: JankTracker::calculateLegacyJank expectedDequeueDuration > 0 expectedDequeueDuration=1871, DequeueBufferDuration=1465938, forgiveAmount=1871, totalDuration=10153914
02-10 08:07:07.417 14167 14326 E OpenGLRenderer: JankTracker::calculateLegacyJank expectedDequeueDuration > 0 expectedDequeueDuration=8910, DequeueBufferDuration=1549167, forgiveAmount=8910, totalDuration=10607701
02-10 08:07:07.467 14167 14326 E OpenGLRenderer: JankTracker::calculateLegacyJank expectedDequeueDuration > 0 expectedDequeueDuration=170608, DequeueBufferDuration=1157552, forgiveAmount=170608, totalDuration=9626857
02-10 08:07:07.484 14167 14326 E OpenGLRenderer: JankTracker::calculateLegacyJank expectedDequeueDuration > 0 expectedDequeueDuration=94571, DequeueBufferDuration=1504271, forgiveAmount=94571, totalDuration=9939452
02-10 08:07:07.500 14167 14326 E OpenGLRenderer: JankTracker::calculateLegacyJank expectedDequeueDuration > 0 expectedDequeueDuration=137183, DequeueBufferDuration=1450313, forgiveAmount=137183, totalDuration=9870739
02-10 08:07:07.535 14167 14326 E OpenGLRenderer: JankTracker::calculateLegacyJank expectedDequeueDuration > 0 expectedDequeueDuration=180362, DequeueBufferDuration=1146459, forgiveAmount=180362, totalDuration=9271151
02-10 08:07:07.551 14167 14326 E OpenGLRenderer: JankTracker::calculateLegacyJank expectedDequeueDuration > 0 expectedDequeueDuration=283921, DequeueBufferDuration=1783490, forgiveAmount=283921, totalDuration=9722315
02-10 08:07:07.583 14167 14326 E OpenGLRenderer: JankTracker::calculateLegacyJank expectedDequeueDuration > 0 expectedDequeueDuration=349347, DequeueBufferDuration=2372292, forgiveAmount=349347, totalDuration=8759900
02-10 08:07:07.601 14167 14326 E OpenGLRenderer: JankTracker::calculateLegacyJank expectedDequeueDuration > 0 expectedDequeueDuration=1787539, DequeueBufferDuration=1382136, forgiveAmount=1382136, totalDuration=6028918
02-10 08:07:07.620 14167 14326 E OpenGLRenderer: JankTracker::calculateLegacyJank expectedDequeueDuration > 0 expectedDequeueDuration=1268047, DequeueBufferDuration=1508906, forgiveAmount=1268047, totalDuration=6305104
02-10 08:07:07.651 14167 14326 E OpenGLRenderer: JankTracker::calculateLegacyJank expectedDequeueDuration > 0 expectedDequeueDuration=1472567, DequeueBufferDuration=3104219, forgiveAmount=1472567, totalDuration=6732262
02-10 08:07:07.665 14167 14326 E OpenGLRenderer: JankTracker::calculateLegacyJank expectedDequeueDuration > 0 expectedDequeueDuration=1684681, DequeueBufferDuration=1531823, forgiveAmount=1531823, totalDuration=5191153
02-10 08:07:07.681 14167 14326 E OpenGLRenderer: JankTracker::calculateLegacyJank expectedDequeueDuration > 0 expectedDequeueDuration=477321, DequeueBufferDuration=533646, forgiveAmount=477321, totalDuration=6335879
02-10 08:07:07.700 14167 14326 E OpenGLRenderer: JankTracker::calculateLegacyJank expectedDequeueDuration > 0 expectedDequeueDuration=1724900, DequeueBufferDuration=853750, forgiveAmount=853750, totalDuration=10494162
02-10 08:07:07.714 14167 14326 E OpenGLRenderer: JankTracker::calculateLegacyJank expectedDequeueDuration > 0 expectedDequeueDuration=2355333, DequeueBufferDuration=1520208, forgiveAmount=1520208, totalDuration=4102115
02-10 08:07:07.732 14167 14326 E OpenGLRenderer: JankTracker::calculateLegacyJank expectedDequeueDuration > 0 expectedDequeueDuration=1981136, DequeueBufferDuration=2648594, forgiveAmount=1981136, totalDuration=5194082
02-10 08:07:07.749 14167 14326 E OpenGLRenderer: JankTracker::calculateLegacyJank expectedDequeueDuration > 0 expectedDequeueDuration=2216252, DequeueBufferDuration=1449323, forgiveAmount=1449323, totalDuration=4389164
02-10 08:07:07.765 14167 14326 E OpenGLRenderer: JankTracker::calculateLegacyJank expectedDequeueDuration > 0 expectedDequeueDuration=1069272, DequeueBufferDuration=1521875, forgiveAmount=1069272, totalDuration=5604269
02-10 08:07:07.786 14167 14326 E OpenGLRenderer: JankTracker::calculateLegacyJank expectedDequeueDuration > 0 expectedDequeueDuration=1588383, DequeueBufferDuration=2589167, forgiveAmount=1588383, totalDuration=7502714
02-10 08:07:07.802 14167 14326 E OpenGLRenderer: JankTracker::calculateLegacyJank expectedDequeueDuration > 0 expectedDequeueDuration=1226784, DequeueBufferDuration=1677917, forgiveAmount=1226784, totalDuration=8260651
02-10 08:07:07.819 14167 14326 E OpenGLRenderer: JankTracker::calculateLegacyJank expectedDequeueDuration > 0 expectedDequeueDuration=591840, DequeueBufferDuration=4393958, forgiveAmount=591840, totalDuration=12686528
02-10 08:07:07.833 14167 14326 E OpenGLRenderer: JankTracker::calculateLegacyJank expectedDequeueDuration > 0 expectedDequeueDuration=245410, DequeueBufferDuration=3544219, forgiveAmount=245410, totalDuration=12332617
02-10 08:07:07.851 14167 14326 E OpenGLRenderer: JankTracker::calculateLegacyJank expectedDequeueDuration > 0 expectedDequeueDuration=566576, DequeueBufferDuration=4205521, forgiveAmount=566576, totalDuration=12151327
02-10 08:07:07.866 14167 14326 E OpenGLRenderer: JankTracker::calculateLegacyJank expectedDequeueDuration > 0 expectedDequeueDuration=438721, DequeueBufferDuration=1703594, forgiveAmount=438721, totalDuration=8977662
02-10 08:07:07.883 14167 14326 E OpenGLRenderer: JankTracker::calculateLegacyJank expectedDequeueDuration > 0 expectedDequeueDuration=29763, DequeueBufferDuration=2620052, forgiveAmount=29763, totalDuration=10916411
02-10 08:07:07.900 14167 14326 E OpenGLRenderer: JankTracker::calculateLegacyJank expectedDequeueDuration > 0 expectedDequeueDuration=1501361, DequeueBufferDuration=1804583, forgiveAmount=1501361, totalDuration=7836392
02-10 08:07:07.937 14167 14326 E OpenGLRenderer: JankTracker::calculateLegacyJank expectedDequeueDuration > 0 expectedDequeueDuration=1264097, DequeueBufferDuration=2627709, forgiveAmount=1264097, totalDuration=8015608
02-10 08:07:07.987 14167 14326 E OpenGLRenderer: JankTracker::calculateLegacyJank expectedDequeueDuration > 0 expectedDequeueDuration=2085095, DequeueBufferDuration=4734375, forgiveAmount=2085095, totalDuration=8344967
02-10 08:07:08.003 14167 14326 E OpenGLRenderer: JankTracker::calculateLegacyJank expectedDequeueDuration > 0 expectedDequeueDuration=1301671, DequeueBufferDuration=5914115, forgiveAmount=1301671, totalDuration=13054419
02-10 08:07:08.053 14167 14326 E OpenGLRenderer: JankTracker::calculateLegacyJank expectedDequeueDuration > 0 expectedDequeueDuration=1321528, DequeueBufferDuration=5960313, forgiveAmount=1321528, totalDuration=13211111
02-10 08:07:08.066 14167 14326 E OpenGLRenderer: JankTracker::calculateLegacyJank expectedDequeueDuration > 0 expectedDequeueDuration=410273, DequeueBufferDuration=4337292, forgiveAmount=410273, totalDuration=12185808
02-10 08:07:08.234 14167 14326 E OpenGLRenderer: JankTracker::calculateLegacyJank expectedDequeueDuration > 0 expectedDequeueDuration=36425, DequeueBufferDuration=1567500, forgiveAmount=36425, totalDuration=10521057
02-10 08:07:08.250 14167 14326 E OpenGLRenderer: JankTracker::calculateLegacyJank expectedDequeueDuration > 0 expectedDequeueDuration=19017, DequeueBufferDuration=1086875, forgiveAmount=19017, totalDuration=10136601
02-10 08:07:08.299 14167 14326 E OpenGLRenderer: JankTracker::calculateLegacyJank expectedDequeueDuration > 0 expectedDequeueDuration=82863, DequeueBufferDuration=2268333, forgiveAmount=82863, totalDuration=13265368
02-10 08:07:08.317 14167 14326 E OpenGLRenderer: JankTracker::calculateLegacyJank expectedDequeueDuration > 0 expectedDequeueDuration=1652627, DequeueBufferDuration=1657969, forgiveAmount=1652627, totalDuration=7154173
02-10 08:07:10.950 14167 14181 E OpenGLRenderer: JankTracker::calculateLegacyJank expectedDequeueDuration > 0 expectedDequeueDuration=560342, DequeueBufferDuration=892552, forgiveAmount=560342, totalDuration=9453431
02-10 08:07:11.850 14167 14181 E OpenGLRenderer: JankTracker::calculateLegacyJank expectedDequeueDuration > 0 expectedDequeueDuration=265689, DequeueBufferDuration=1834270, forgiveAmount=265689, totalDuration=11962633
02-10 08:07:11.900 14167 14181 E OpenGLRenderer: JankTracker::calculateLegacyJank expectedDequeueDuration > 0 expectedDequeueDuration=1010575, DequeueBufferDuration=2172605, forgiveAmount=1010575, totalDuration=9028069
02-10 08:07:11.967 14167 14181 E OpenGLRenderer: JankTracker::calculateLegacyJank expectedDequeueDuration > 0 expectedDequeueDuration=128248, DequeueBufferDuration=1621771, forgiveAmount=128248, totalDuration=11196472
02-10 08:07:11.984 14167 14181 E OpenGLRenderer: JankTracker::calculateLegacyJank expectedDequeueDuration > 0 expectedDequeueDuration=643461, DequeueBufferDuration=1796667, forgiveAmount=643461, totalDuration=8905370
02-10 08:07:12.000 14167 14181 E OpenGLRenderer: JankTracker::calculateLegacyJank expectedDequeueDuration > 0 expectedDequeueDuration=1675029, DequeueBufferDuration=3232031, forgiveAmount=1675029, totalDuration=9596088
02-10 08:07:12.018 14167 14181 E OpenGLRenderer: JankTracker::calculateLegacyJank expectedDequeueDuration > 0 expectedDequeueDuration=264504, DequeueBufferDuration=2105625, forgiveAmount=264504, totalDuration=11485263
02-10 08:07:12.034 14167 14181 E OpenGLRenderer: JankTracker::calculateLegacyJank expectedDequeueDuration > 0 expectedDequeueDuration=447029, DequeueBufferDuration=2403645, forgiveAmount=447029, totalDuration=11312401
02-10 08:07:12.067 14167 14181 E OpenGLRenderer: JankTracker::calculateLegacyJank expectedDequeueDuration > 0 expectedDequeueDuration=73973, DequeueBufferDuration=2317604, forgiveAmount=73973, totalDuration=12099814
02-10 08:07:12.084 14167 14181 E OpenGLRenderer: JankTracker::calculateLegacyJank expectedDequeueDuration > 0 expectedDequeueDuration=35107, DequeueBufferDuration=2532708, forgiveAmount=35107, totalDuration=11885880
02-10 08:07:12.101 14167 14181 E OpenGLRenderer: JankTracker::calculateLegacyJank expectedDequeueDuration > 0 expectedDequeueDuration=358600, DequeueBufferDuration=2363542, forgiveAmount=358600, totalDuration=11578581
02-10 08:07:12.118 14167 14181 E OpenGLRenderer: JankTracker::calculateLegacyJank expectedDequeueDuration > 0 expectedDequeueDuration=578816, DequeueBufferDuration=2939792, forgiveAmount=578816, totalDuration=11478774
02-10 08:07:12.173 14167 14181 E OpenGLRenderer: JankTracker::calculateLegacyJank expectedDequeueDuration > 0 expectedDequeueDuration=79571, DequeueBufferDuration=1971354, forgiveAmount=79571, totalDuration=11184868
02-10 08:07:12.804 14167 14181 E OpenGLRenderer: JankTracker::calculateLegacyJank expectedDequeueDuration > 0 expectedDequeueDuration=636322, DequeueBufferDuration=4284739, forgiveAmount=636322, totalDuration=11923085
02-10 08:07:12.821 14167 14181 E OpenGLRenderer: JankTracker::calculateLegacyJank expectedDequeueDuration > 0 expectedDequeueDuration=1381784, DequeueBufferDuration=3931875, forgiveAmount=1381784, totalDuration=10644714
02-10 08:07:12.837 14167 14181 E OpenGLRenderer: JankTracker::calculateLegacyJank expectedDequeueDuration > 0 expectedDequeueDuration=511976, DequeueBufferDuration=5621927, forgiveAmount=511976, totalDuration=14283392
02-10 08:07:12.855 14167 14181 E OpenGLRenderer: JankTracker::calculateLegacyJank expectedDequeueDuration > 0 expectedDequeueDuration=95645, DequeueBufferDuration=6143177, forgiveAmount=95645, totalDuration=15623554
02-10 08:07:13.973 14167 14413 E RenderScript: Failed to find hal setup entry points: undefined symbol: rsdHalAbort
02-10 08:07:13.974 14167 14413 E RenderScript: Failed to load runtime , loading default
02-10 08:07:14.057 14167 14167 E ArmVmp : Match on catch block at 0x0a in for 0x7630ce605d
02-10 08:07:15.723 14167 14211 E SQLiteDatabase: Error inserting transferred=1 media_job_uuid=ee94fbe5-18bb-4205-b9bf-1d90a3ee6d96 transcoded=0 gif_attribution=0 first_scan_length=6151 direct_path=/o1/v/t62.7118-24/f1/m234/up-oil-image-4e3966fb- 9e8c-456a-a746-0fc5ba2548a4?ccb=9-4&oh=01_AdQjKer3- IPW5SdBX2HqnKhWcHnRyJomYdnx4mdFGU0OJw&oe=65EE2941&_nc_sid=000000 thumbnail_height_width_ratio=1.0 is_animated_sticker=0 file_hash=+5TxSbocpmF/x6+HULzIoJ6QuFUikceS4I0I7SIaL+w= file_path=/data/user/0/com.mbwhatsapp/files/ViewOnce/IMG-lsfdmnaq.jpg file_size=46564 partial_media_hash=EJrbCGs5R4rnqWXAQwGSXbopYd4NFpqyaERSEuL4nFE= face_x=0 face_y=0 height=719 trim_to=0 media_key_timestamp=1707527235000 message_url=*********************************************************************** *********************************************************************************** ******************************************* media_caption=null trim_from=0 mime_type=image/jpeg partial_media_enc_hash=null width=720 original_file_hash=null has_streaming_sidecar=1 autotransfer_retry_enabled=1 media_upload_handle=null message_row_id=379 multicast_id=null enc_file_hash=wtUtRxab41sCyrHwDBhgXe7HTJ+sjBf4fLsjO6avhBQ= mute_video=0 page_count=0 first_scan_sidecar=[B@395fed3 suspicious_content=0 file_length=46564 media_name=null media_duration=0 chat_row_id=8 media_key=[B@4b3fa10
02-10 08:07:15.723 14167 14211 E SQLiteDatabase: android.database.sqlite.SQLiteConstraintException: UNIQUE constraint failed: message_media.message_row_id (code 1555 SQLITE_CONSTRAINT_PRIMARYKEY)
02-10 08:07:15.723 14167 14211 E SQLiteDatabase: at android.database.sqlite.SQLiteConnection.nativeExecuteForLastInsertedRowId(Native Method)
02-10 08:07:15.723 14167 14211 E SQLiteDatabase: at android.database.sqlite.SQLiteConnection.executeForLastInsertedRowId(SQLiteConnecti on.java:985)
02-10 08:07:15.723 14167 14211 E SQLiteDatabase: at android.database.sqlite.SQLiteSession.executeForLastInsertedRowId(SQLiteSession.jav a:790)
02-10 08:07:15.723 14167 14211 E SQLiteDatabase: at android.database.sqlite.SQLiteStatement.executeInsert(SQLiteStatement.java:89)
02-10 08:07:15.723 14167 14211 E SQLiteDatabase: at android.database.sqlite.SQLiteDatabase.insertWithOnConflict(SQLiteDatabase.java:170 2)
02-10 08:07:15.723 14167 14211 E SQLiteDatabase: at android.database.sqlite.SQLiteDatabase.insert(SQLiteDatabase.java:1571)
02-10 08:07:15.723 14167 14211 E SQLiteDatabase: at X.2tm.A08(Unknown Source:6)
02-10 08:07:15.723 14167 14211 E SQLiteDatabase: at X.35Y.A07(Unknown Source:212)
02-10 08:07:15.723 14167 14211 E SQLiteDatabase: at X.3QF.A14(Unknown Source:470)
02-10 08:07:15.723 14167 14211 E SQLiteDatabase: at X.3gU.run(Unknown Source:982)
02-10 08:07:15.723 14167 14211 E SQLiteDatabase: at android.os.Handler.handleCallback(Handler.java:938)
02-10 08:07:15.723 14167 14211 E SQLiteDatabase: at android.os.Handler.dispatchMessage(Handler.java:99)
02-10 08:07:15.723 14167 14211 E SQLiteDatabase: at X.0zq.dispatchMessage(Unknown Source:4)
02-10 08:07:15.723 14167 14211 E SQLiteDatabase: at android.os.Looper.loopOnce(Looper.java:233)
02-10 08:07:15.723 14167 14211 E SQLiteDatabase: at android.os.Looper.loop(Looper.java:334)
02-10 08:07:15.723 14167 14211 E SQLiteDatabase: at android.os.HandlerThread.run(HandlerThread.java:67)
02-10 08:07:19.982 14167 14326 E OpenGLRenderer: JankTracker::calculateLegacyJank expectedDequeueDuration > 0 expectedDequeueDuration=1446713, DequeueBufferDuration=848438, forgiveAmount=848438, totalDuration=9193756
02-10 08:07:20.015 14167 14326 E OpenGLRenderer: JankTracker::calculateLegacyJank expectedDequeueDuration > 0 expectedDequeueDuration=770381, DequeueBufferDuration=1762917, forgiveAmount=770381, totalDuration=9157519
02-10 08:07:20.049 14167 14326 E OpenGLRenderer: JankTracker::calculateLegacyJank expectedDequeueDuration > 0 expectedDequeueDuration=532636, DequeueBufferDuration=789896, forgiveAmount=532636, totalDuration=9957384
02-10 08:07:20.169 14167 14326 E OpenGLRenderer: JankTracker::calculateLegacyJank expectedDequeueDuration > 0 expectedDequeueDuration=619458, DequeueBufferDuration=3478541, forgiveAmount=619458, totalDuration=12879782
02-10 08:07:20.183 14167 14326 E OpenGLRenderer: JankTracker::calculateLegacyJank expectedDequeueDuration > 0 expectedDequeueDuration=221534, DequeueBufferDuration=3971875, forgiveAmount=221534, totalDuration=14485630
02-10 08:07:21.018 14167 14181 E OpenGLRenderer: JankTracker::calculateLegacyJank expectedDequeueDuration > 0 expectedDequeueDuration=7515, DequeueBufferDuration=2354063, forgiveAmount=7515, totalDuration=10759137
02-10 08:07:21.066 14167 14181 E OpenGLRenderer: JankTracker::calculateLegacyJank expectedDequeueDuration > 0 expectedDequeueDuration=312843, DequeueBufferDuration=852760, forgiveAmount=312843, totalDuration=9594992
02-10 08:07:21.083 14167 14181 E OpenGLRenderer: JankTracker::calculateLegacyJank expectedDequeueDuration > 0 expectedDequeueDuration=251782, DequeueBufferDuration=1367084, forgiveAmount=251782, totalDuration=10776332
02-10 08:07:21.193 14167 14181 E OpenGLRenderer: JankTracker::calculateLegacyJank expectedDequeueDuration > 0 expectedDequeueDuration=53809, DequeueBufferDuration=2030625, forgiveAmount=53809, totalDuration=12694153
02-10 08:07:21.214 14167 14181 E OpenGLRenderer: JankTracker::calculateLegacyJank expectedDequeueDuration > 0 expectedDequeueDuration=620924, DequeueBufferDuration=936250, forgiveAmount=620924, totalDuration=8958933
02-10 08:07:21.234 14167 14181 E OpenGLRenderer: JankTracker::calculateLegacyJank expectedDequeueDuration > 0 expectedDequeueDuration=1019039, DequeueBufferDuration=12911094, forgiveAmount=1019039, totalDuration=17794005
02-10 08:07:21.248 14167 14181 E OpenGLRenderer: JankTracker::calculateLegacyJank expectedDequeueDuration > 0 expectedDequeueDuration=1131106, DequeueBufferDuration=15881406, forgiveAmount=1131106, totalDuration=24274350
02-10 08:07:21.616 14167 14181 E OpenGLRenderer: JankTracker::calculateLegacyJank expectedDequeueDuration > 0 expectedDequeueDuration=295543, DequeueBufferDuration=2292969, forgiveAmount=295543, totalDuration=11511779
02-10 08:07:21.934 14167 14181 E OpenGLRenderer: JankTracker::calculateLegacyJank expectedDequeueDuration > 0 expectedDequeueDuration=111517, DequeueBufferDuration=2434271, forgiveAmount=111517, totalDuration=11679570
02-10 08:07:22.198 14167 14466 E OpenGLRenderer: JankTracker::calculateLegacyJank expectedDequeueDuration > 0 expectedDequeueDuration=390069, DequeueBufferDuration=678750, forgiveAmount=390069, totalDuration=8492519
02-10 08:07:22.250 14167 14466 E OpenGLRenderer: JankTracker::calculateLegacyJank expectedDequeueDuration > 0 expectedDequeueDuration=2375052, DequeueBufferDuration=4777240, forgiveAmount=2375052, totalDuration=8926562
02-10 08:07:22.715 14167 14466 E OpenGLRenderer: JankTracker::calculateLegacyJank expectedDequeueDuration > 0 expectedDequeueDuration=911128, DequeueBufferDuration=1190521, forgiveAmount=911128, totalDuration=6679515
02-10 08:07:22.749 14167 14466 E OpenGLRenderer: JankTracker::calculateLegacyJank expectedDequeueDuration > 0 expectedDequeueDuration=738229, DequeueBufferDuration=1385053, forgiveAmount=738229, totalDuration=7525521
02-10 08:07:22.799 14167 14466 E OpenGLRenderer: JankTracker::calculateLegacyJank expectedDequeueDuration > 0 expectedDequeueDuration=946748, DequeueBufferDuration=1274583, forgiveAmount=946748, totalDuration=6951296
02-10 08:07:22.815 14167 14466 E OpenGLRenderer: JankTracker::calculateLegacyJank expectedDequeueDuration > 0 expectedDequeueDuration=1384280, DequeueBufferDuration=2742240, forgiveAmount=1384280, totalDuration=8545242
02-10 08:07:22.848 14167 14466 E OpenGLRenderer: JankTracker::calculateLegacyJank expectedDequeueDuration > 0 expectedDequeueDuration=473412, DequeueBufferDuration=672187, forgiveAmount=473412, totalDuration=6946821
02-10 08:07:22.916 14167 14466 E OpenGLRenderer: JankTracker::calculateLegacyJank expectedDequeueDuration > 0 expectedDequeueDuration=1102020, DequeueBufferDuration=4124792, forgiveAmount=1102020, totalDuration=10161220
02-10 08:07:22.950 14167 14466 E OpenGLRenderer: JankTracker::calculateLegacyJank expectedDequeueDuration > 0 expectedDequeueDuration=1626037, DequeueBufferDuration=2184843, forgiveAmount=1626037, totalDuration=9040375
02-10 08:07:22.968 14167 14181 E OpenGLRenderer: JankTracker::calculateLegacyJank expectedDequeueDuration > 0 expectedDequeueDuration=1422847, DequeueBufferDuration=2483646, forgiveAmount=1422847, totalDuration=6955244
02-10 08:07:23.168 14167 14181 E OpenGLRenderer: JankTracker::calculateLegacyJank expectedDequeueDuration > 0 expectedDequeueDuration=7949, DequeueBufferDuration=1425833, forgiveAmount=7949, totalDuration=10930091
02-10 08:07:23.248 14167 14181 E OpenGLRenderer: JankTracker::calculateLegacyJank expectedDequeueDuration > 0 expectedDequeueDuration=461282, DequeueBufferDuration=1000833, forgiveAmount=461282, totalDuration=8143322
02-10 08:07:25.485 14167 14326 E OpenGLRenderer: JankTracker::calculateLegacyJank expectedDequeueDuration > 0 expectedDequeueDuration=619991, DequeueBufferDuration=2944375, forgiveAmount=619991, totalDuration=9915018
02-10 08:07:25.520 14167 14326 E OpenGLRenderer: JankTracker::calculateLegacyJank expectedDequeueDuration > 0 expectedDequeueDuration=808728, DequeueBufferDuration=4288593, forgiveAmount=808728, totalDuration=11817960
02-10 08:07:25.535 14167 14326 E OpenGLRenderer: JankTracker::calculateLegacyJank expectedDequeueDuration > 0 expectedDequeueDuration=782134, DequeueBufferDuration=3513386, forgiveAmount=782134, totalDuration=11275680
02-10 08:07:25.999 14167 14181 E OpenGLRenderer: JankTracker::calculateLegacyJank expectedDequeueDuration > 0 expectedDequeueDuration=730968, DequeueBufferDuration=1567031, forgiveAmount=730968, totalDuration=9482857
02-10 08:07:27.052 14167 14357 E OpenGLRenderer: JankTracker::calculateLegacyJank expectedDequeueDuration > 0 expectedDequeueDuration=75136, DequeueBufferDuration=4220364, forgiveAmount=75136, totalDuration=12429572
02-10 08:07:27.070 14167 14357 E OpenGLRenderer: JankTracker::calculateLegacyJank expectedDequeueDuration > 0 expectedDequeueDuration=84513, DequeueBufferDuration=5042396, forgiveAmount=84513, totalDuration=13254672
02-10 08:07:27.086 14167 14357 E OpenGLRenderer: JankTracker::calculateLegacyJank expectedDequeueDuration > 0 expectedDequeueDuration=899563, DequeueBufferDuration=5075208, forgiveAmount=899563, totalDuration=11899832
02-10 08:07:27.102 14167 14357 E OpenGLRenderer: JankTracker::calculateLegacyJank expectedDequeueDuration > 0 expectedDequeueDuration=988242, DequeueBufferDuration=6698125, forgiveAmount=988242, totalDuration=13435860
02-10 08:07:27.118 14167 14357 E OpenGLRenderer: JankTracker::calculateLegacyJank expectedDequeueDuration > 0 expectedDequeueDuration=321820, DequeueBufferDuration=5442396, forgiveAmount=321820, totalDuration=12893079
02-10 08:07:27.136 14167 14357 E OpenGLRenderer: JankTracker::calculateLegacyJank expectedDequeueDuration > 0 expectedDequeueDuration=642429, DequeueBufferDuration=4274688, forgiveAmount=642429, totalDuration=10625559
02-10 08:07:27.153 14167 14357 E OpenGLRenderer: JankTracker::calculateLegacyJank expectedDequeueDuration > 0 expectedDequeueDuration=1117758, DequeueBufferDuration=4701250, forgiveAmount=1117758, totalDuration=10211255
02-10 08:07:27.169 14167 14357 E OpenGLRenderer: JankTracker::calculateLegacyJank expectedDequeueDuration > 0 expectedDequeueDuration=507779, DequeueBufferDuration=4791510, forgiveAmount=507779, totalDuration=11723401
02-10 08:07:28.152 14167 14326 E OpenGLRenderer: JankTracker::calculateLegacyJank expectedDequeueDuration > 0 expectedDequeueDuration=2366884, DequeueBufferDuration=3205833, forgiveAmount=2366884, totalDuration=8007377
02-10 08:07:28.169 14167 14326 E OpenGLRenderer: JankTracker::calculateLegacyJank expectedDequeueDuration > 0 expectedDequeueDuration=1114331, DequeueBufferDuration=3151667, forgiveAmount=1114331, totalDuration=9908420
02-10 08:07:28.182 14167 14326 E OpenGLRenderer: JankTracker::calculateLegacyJank expectedDequeueDuration > 0 expectedDequeueDuration=1450581, DequeueBufferDuration=5427709, forgiveAmount=1450581, totalDuration=10048266
02-10 08:07:28.204 14167 14326 E OpenGLRenderer: JankTracker::calculateLegacyJank expectedDequeueDuration > 0 expectedDequeueDuration=613897, DequeueBufferDuration=4898490, forgiveAmount=613897, totalDuration=11412413
02-10 08:07:28.220 14167 14326 E OpenGLRenderer: JankTracker::calculateLegacyJank expectedDequeueDuration > 0 expectedDequeueDuration=1891659, DequeueBufferDuration=2176771, forgiveAmount=1891659, totalDuration=5144286
02-10 08:07:28.338 14167 14326 E OpenGLRenderer: JankTracker::calculateLegacyJank expectedDequeueDuration > 0 expectedDequeueDuration=1604209, DequeueBufferDuration=3353802, forgiveAmount=1604209, totalDuration=10443457
02-10 08:07:28.372 14167 14326 E OpenGLRenderer: JankTracker::calculateLegacyJank expectedDequeueDuration > 0 expectedDequeueDuration=101557, DequeueBufferDuration=6425938, forgiveAmount=101557, totalDuration=19838865
02-10 08:07:28.454 14167 14326 E OpenGLRenderer: JankTracker::calculateLegacyJank expectedDequeueDuration > 0 expectedDequeueDuration=847383, DequeueBufferDuration=4111198, forgiveAmount=847383, totalDuration=11708880
02-10 08:07:28.471 14167 14326 E OpenGLRenderer: JankTracker::calculateLegacyJank expectedDequeueDuration > 0 expectedDequeueDuration=108808, DequeueBufferDuration=5002656, forgiveAmount=108808, totalDuration=15853998
02-10 08:07:28.515 14167 14326 E OpenGLRenderer: JankTracker::calculateLegacyJank expectedDequeueDuration > 0 expectedDequeueDuration=491322, DequeueBufferDuration=3688593, forgiveAmount=491322, totalDuration=10312668
02-10 08:07:28.534 14167 14326 E OpenGLRenderer: JankTracker::calculateLegacyJank expectedDequeueDuration > 0 expectedDequeueDuration=227235, DequeueBufferDuration=2719635, forgiveAmount=227235, totalDuration=8884644
02-10 08:07:28.552 14167 14326 E OpenGLRenderer: JankTracker::calculateLegacyJank expectedDequeueDuration > 0 expectedDequeueDuration=1850083, DequeueBufferDuration=1473177, forgiveAmount=1473177, totalDuration=4585907
02-10 08:07:28.569 14167 14326 E OpenGLRenderer: JankTracker::calculateLegacyJank expectedDequeueDuration > 0 expectedDequeueDuration=18548, DequeueBufferDuration=2139740, forgiveAmount=18548, totalDuration=11489414
02-10 08:07:29.001 14167 14326 E OpenGLRenderer: JankTracker::calculateLegacyJank expectedDequeueDuration > 0 expectedDequeueDuration=1022597, DequeueBufferDuration=3637708, forgiveAmount=1022597, totalDuration=9373972
02-10 08:07:29.018 14167 14357 E OpenGLRenderer: JankTracker::calculateLegacyJank expectedDequeueDuration > 0 expectedDequeueDuration=1656185, DequeueBufferDuration=5522812, forgiveAmount=1656185, totalDuration=9663202
02-10 08:07:32.335 14167 14326 E OpenGLRenderer: JankTracker::calculateLegacyJank expectedDequeueDuration > 0 expectedDequeueDuration=727710, DequeueBufferDuration=5405729, forgiveAmount=727710, totalDuration=12138904
02-10 08:07:32.368 14167 14326 E OpenGLRenderer: JankTracker::calculateLegacyJank expectedDequeueDuration > 0 expectedDequeueDuration=229579, DequeueBufferDuration=3597708, forgiveAmount=229579, totalDuration=11268811
02-10 08:07:32.401 14167 14326 E OpenGLRenderer: JankTracker::calculateLegacyJank expectedDequeueDuration > 0 expectedDequeueDuration=330391, DequeueBufferDuration=3641250, forgiveAmount=330391, totalDuration=10991718
02-10 08:07:32.419 14167 14326 E OpenGLRenderer: JankTracker::calculateLegacyJank expectedDequeueDuration > 0 expectedDequeueDuration=1271173, DequeueBufferDuration=6628281, forgiveAmount=1271173, totalDuration=14160049
02-10 08:07:34.818 14167 14466 E OpenGLRenderer: JankTracker::calculateLegacyJank expectedDequeueDuration > 0 expectedDequeueDuration=832445, DequeueBufferDuration=6754844, forgiveAmount=832445, totalDuration=12877818
02-10 08:07:34.868 14167 14357 E OpenGLRenderer: JankTracker::calculateLegacyJank expectedDequeueDuration > 0 expectedDequeueDuration=179466, DequeueBufferDuration=3434948, forgiveAmount=179466, totalDuration=11366537
02-10 08:07:36.301 14167 14357 E OpenGLRenderer: JankTracker::calculateLegacyJank expectedDequeueDuration > 0 expectedDequeueDuration=1711023, DequeueBufferDuration=2589739, forgiveAmount=1711023, totalDuration=11301860
02-10 08:07:36.318 14167 14357 E OpenGLRenderer: JankTracker::calculateLegacyJank expectedDequeueDuration > 0 expectedDequeueDuration=683574, DequeueBufferDuration=1697239, forgiveAmount=683574, totalDuration=12401966
