02-10 08:04:25.520 8144 8156 E OpenGLRenderer: JankTracker::calculateLegacyJank expectedDequeueDuration > 0 expectedDequeueDuration=953240, DequeueBufferDuration=7248646, forgiveAmount=953240, totalDuration=12952791
02-10 08:04:25.552 8144 8156 E OpenGLRenderer: JankTracker::calculateLegacyJank expectedDequeueDuration > 0 expectedDequeueDuration=330220, DequeueBufferDuration=4664531, forgiveAmount=330220, totalDuration=11039873
02-10 08:04:25.570 8144 8156 E OpenGLRenderer: JankTracker::calculateLegacyJank expectedDequeueDuration > 0 expectedDequeueDuration=1297551, DequeueBufferDuration=5926979, forgiveAmount=1297551, totalDuration=10385472
02-10 08:04:25.586 8144 8156 E OpenGLRenderer: JankTracker::calculateLegacyJank expectedDequeueDuration > 0 expectedDequeueDuration=616705, DequeueBufferDuration=4110521, forgiveAmount=616705, totalDuration=9702424
02-10 08:04:25.601 8144 8156 E OpenGLRenderer: JankTracker::calculateLegacyJank expectedDequeueDuration > 0 expectedDequeueDuration=1356235, DequeueBufferDuration=5876927, forgiveAmount=1356235, totalDuration=10066541
02-10 08:04:25.616 8144 8156 E OpenGLRenderer: JankTracker::calculateLegacyJank expectedDequeueDuration > 0 expectedDequeueDuration=610698, DequeueBufferDuration=4114479, forgiveAmount=610698, totalDuration=9691209
02-10 08:04:25.634 8144 8156 E OpenGLRenderer: JankTracker::calculateLegacyJank expectedDequeueDuration > 0 expectedDequeueDuration=907683, DequeueBufferDuration=2935833, forgiveAmount=907683, totalDuration=7773747
02-10 08:04:25.934 8144 8157 E OpenGLRenderer: JankTracker::calculateLegacyJank expectedDequeueDuration > 0 expectedDequeueDuration=1500109, DequeueBufferDuration=2561198, forgiveAmount=1500109, totalDuration=6144573
02-10 08:04:25.949 8144 8157 E OpenGLRenderer: JankTracker::calculateLegacyJank expectedDequeueDuration > 0 expectedDequeueDuration=1191220, DequeueBufferDuration=4479895, forgiveAmount=1191220, totalDuration=9418550
02-10 08:04:25.966 8144 8157 E OpenGLRenderer: JankTracker::calculateLegacyJank expectedDequeueDuration > 0 expectedDequeueDuration=309224, DequeueBufferDuration=2319688, forgiveAmount=309224, totalDuration=8778114
02-10 08:04:25.984 8144 8157 E OpenGLRenderer: JankTracker::calculateLegacyJank expectedDequeueDuration > 0 expectedDequeueDuration=1734161, DequeueBufferDuration=2910469, forgiveAmount=1734161, totalDuration=6648553
02-10 08:04:26.000 8144 8157 E OpenGLRenderer: JankTracker::calculateLegacyJank expectedDequeueDuration > 0 expectedDequeueDuration=1485128, DequeueBufferDuration=2785781, forgiveAmount=1485128, totalDuration=6616516
02-10 08:04:26.387 8144 8157 E OpenGLRenderer: JankTracker::calculateLegacyJank expectedDequeueDuration > 0 expectedDequeueDuration=82836, DequeueBufferDuration=796094, forgiveAmount=82836, totalDuration=8563546
02-10 08:04:26.583 8144 8157 E OpenGLRenderer: JankTracker::calculateLegacyJank expectedDequeueDuration > 0 expectedDequeueDuration=236990, DequeueBufferDuration=1137083, forgiveAmount=236990, totalDuration=8745916
02-10 08:04:26.818 8144 8157 E OpenGLRenderer: JankTracker::calculateLegacyJank expectedDequeueDuration > 0 expectedDequeueDuration=472864, DequeueBufferDuration=2169687, forgiveAmount=472864, totalDuration=8824532
02-10 08:04:26.836 8144 8157 E OpenGLRenderer: JankTracker::calculateLegacyJank expectedDequeueDuration > 0 expectedDequeueDuration=922870, DequeueBufferDuration=3422552, forgiveAmount=922870, totalDuration=9120302
02-10 08:04:26.852 8144 8157 E OpenGLRenderer: JankTracker::calculateLegacyJank expectedDequeueDuration > 0 expectedDequeueDuration=185673, DequeueBufferDuration=2378386, forgiveAmount=185673, totalDuration=9273967
02-10 08:04:26.868 8144 8157 E OpenGLRenderer: JankTracker::calculateLegacyJank expectedDequeueDuration > 0 expectedDequeueDuration=998138, DequeueBufferDuration=4981354, forgiveAmount=998138, totalDuration=12810079
02-10 08:04:29.240 8144 8156 E OpenGLRenderer: JankTracker::calculateLegacyJank expectedDequeueDuration > 0 expectedDequeueDuration=1686833, DequeueBufferDuration=3798541, forgiveAmount=1686833, totalDuration=8231750
02-10 08:04:29.259 8144 8156 E OpenGLRenderer: JankTracker::calculateLegacyJank expectedDequeueDuration > 0 expectedDequeueDuration=403693, DequeueBufferDuration=6357448, forgiveAmount=403693, totalDuration=15700062
02-10 08:04:32.568 8144 8157 E OpenGLRenderer: JankTracker::calculateLegacyJank expectedDequeueDuration > 0 expectedDequeueDuration=90818, DequeueBufferDuration=1762396, forgiveAmount=90818, totalDuration=12621646
02-10 08:04:34.537 8144 8157 E OpenGLRenderer: JankTracker::calculateLegacyJank expectedDequeueDuration > 0 expectedDequeueDuration=739257, DequeueBufferDuration=5275885, forgiveAmount=739257, totalDuration=11177007
02-10 08:04:34.551 8144 8157 E OpenGLRenderer: JankTracker::calculateLegacyJank expectedDequeueDuration > 0 expectedDequeueDuration=996077, DequeueBufferDuration=4786407, forgiveAmount=996077, totalDuration=10064305
02-10 08:04:34.580 8144 8157 E OpenGLRenderer: JankTracker::calculateLegacyJank expectedDequeueDuration > 0 expectedDequeueDuration=1294713, DequeueBufferDuration=6843125, forgiveAmount=1294713, totalDuration=11719481
02-10 08:04:36.084 8144 9720 E OpenGLRenderer: JankTracker::calculateLegacyJank expectedDequeueDuration > 0 expectedDequeueDuration=983908, DequeueBufferDuration=4196927, forgiveAmount=983908, totalDuration=13901767
02-10 08:04:36.120 8144 9720 E OpenGLRenderer: JankTracker::calculateLegacyJank expectedDequeueDuration > 0 expectedDequeueDuration=970149, DequeueBufferDuration=3345989, forgiveAmount=970149, totalDuration=10774598
02-10 08:04:36.137 8144 9720 E OpenGLRenderer: JankTracker::calculateLegacyJank expectedDequeueDuration > 0 expectedDequeueDuration=422044, DequeueBufferDuration=3903698, forgiveAmount=422044, totalDuration=11639402
02-10 08:04:36.783 8144 9720 E OpenGLRenderer: JankTracker::calculateLegacyJank expectedDequeueDuration > 0 expectedDequeueDuration=583268, DequeueBufferDuration=2578646, forgiveAmount=583268, totalDuration=12128047
02-10 08:04:36.818 8144 9720 E OpenGLRenderer: JankTracker::calculateLegacyJank expectedDequeueDuration > 0 expectedDequeueDuration=56354, DequeueBufferDuration=1242604, forgiveAmount=56354, totalDuration=11773541
02-10 08:04:36.832 8144 9720 E OpenGLRenderer: JankTracker::calculateLegacyJank expectedDequeueDuration > 0 expectedDequeueDuration=815012, DequeueBufferDuration=2177135, forgiveAmount=815012, totalDuration=10436227
02-10 08:04:36.851 8144 9720 E OpenGLRenderer: JankTracker::calculateLegacyJank expectedDequeueDuration > 0 expectedDequeueDuration=179430, DequeueBufferDuration=2594896, forgiveAmount=179430, totalDuration=13871140
02-10 08:04:36.867 8144 9720 E OpenGLRenderer: JankTracker::calculateLegacyJank expectedDequeueDuration > 0 expectedDequeueDuration=167125, DequeueBufferDuration=1005052, forgiveAmount=167125, totalDuration=11102260
02-10 08:04:36.901 8144 9720 E OpenGLRenderer: JankTracker::calculateLegacyJank expectedDequeueDuration > 0 expectedDequeueDuration=67459, DequeueBufferDuration=2675938, forgiveAmount=67459, totalDuration=14213363
02-10 08:04:37.134 8144 9720 E OpenGLRenderer: JankTracker::calculateLegacyJank expectedDequeueDuration > 0 expectedDequeueDuration=147866, DequeueBufferDuration=3457083, forgiveAmount=147866, totalDuration=13056873
02-10 08:04:37.151 8144 9720 E OpenGLRenderer: JankTracker::calculateLegacyJank expectedDequeueDuration > 0 expectedDequeueDuration=210151, DequeueBufferDuration=3592448, forgiveAmount=210151, totalDuration=14971938
02-10 08:04:37.201 8144 9720 E OpenGLRenderer: JankTracker::calculateLegacyJank expectedDequeueDuration > 0 expectedDequeueDuration=1307873, DequeueBufferDuration=648229, forgiveAmount=648229, totalDuration=8577336
02-10 08:04:38.251 8144 8157 E OpenGLRenderer: JankTracker::calculateLegacyJank expectedDequeueDuration > 0 expectedDequeueDuration=1394351, DequeueBufferDuration=2544584, forgiveAmount=1394351, totalDuration=9425152
02-10 08:04:38.299 8144 8157 E OpenGLRenderer: JankTracker::calculateLegacyJank expectedDequeueDuration > 0 expectedDequeueDuration=392073, DequeueBufferDuration=1046875, forgiveAmount=392073, totalDuration=11368093
02-10 08:04:38.316 8144 8157 E OpenGLRenderer: JankTracker::calculateLegacyJank expectedDequeueDuration > 0 expectedDequeueDuration=546861, DequeueBufferDuration=510573, forgiveAmount=510573, totalDuration=10038086
02-10 08:04:39.118 8144 8637 E OpenGLRenderer: JankTracker::calculateLegacyJank expectedDequeueDuration > 0 expectedDequeueDuration=984195, DequeueBufferDuration=4083750, forgiveAmount=984195, totalDuration=13103797
02-10 08:04:39.184 8144 8637 E OpenGLRenderer: JankTracker::calculateLegacyJank expectedDequeueDuration > 0 expectedDequeueDuration=641826, DequeueBufferDuration=1155417, forgiveAmount=641826, totalDuration=11135308
02-10 08:04:39.920 8144 8637 E OpenGLRenderer: JankTracker::calculateLegacyJank expectedDequeueDuration > 0 expectedDequeueDuration=90599, DequeueBufferDuration=3999532, forgiveAmount=90599, totalDuration=14283646
02-10 08:04:41.434 8144 9720 E OpenGLRenderer: JankTracker::calculateLegacyJank expectedDequeueDuration > 0 expectedDequeueDuration=1117209, DequeueBufferDuration=6404219, forgiveAmount=1117209, totalDuration=12404019
02-10 08:04:41.449 8144 9720 E OpenGLRenderer: JankTracker::calculateLegacyJank expectedDequeueDuration > 0 expectedDequeueDuration=811887, DequeueBufferDuration=4269427, forgiveAmount=811887, totalDuration=11084142
02-10 08:04:41.466 8144 9720 E OpenGLRenderer: JankTracker::calculateLegacyJank expectedDequeueDuration > 0 expectedDequeueDuration=875114, DequeueBufferDuration=3575157, forgiveAmount=875114, totalDuration=8863521
02-10 08:04:41.482 8144 9720 E OpenGLRenderer: JankTracker::calculateLegacyJank expectedDequeueDuration > 0 expectedDequeueDuration=1538235, DequeueBufferDuration=2546719, forgiveAmount=1538235, totalDuration=6180770
02-10 08:04:41.500 8144 9720 E OpenGLRenderer: JankTracker::calculateLegacyJank expectedDequeueDuration > 0 expectedDequeueDuration=1842277, DequeueBufferDuration=3024948, forgiveAmount=1842277, totalDuration=6581071
02-10 08:04:41.516 8144 9720 E OpenGLRenderer: JankTracker::calculateLegacyJank expectedDequeueDuration > 0 expectedDequeueDuration=1948002, DequeueBufferDuration=2152968, forgiveAmount=1948002, totalDuration=5760715
02-10 08:04:41.533 8144 9720 E OpenGLRenderer: JankTracker::calculateLegacyJank expectedDequeueDuration > 0 expectedDequeueDuration=1161059, DequeueBufferDuration=3003073, forgiveAmount=1161059, totalDuration=7311424
02-10 08:04:41.549 8144 9720 E OpenGLRenderer: JankTracker::calculateLegacyJank expectedDequeueDuration > 0 expectedDequeueDuration=994206, DequeueBufferDuration=2163021, forgiveAmount=994206, totalDuration=7071067
02-10 08:04:41.567 8144 9720 E OpenGLRenderer: JankTracker::calculateLegacyJank expectedDequeueDuration > 0 expectedDequeueDuration=1786613, DequeueBufferDuration=3019688, forgiveAmount=1786613, totalDuration=6042816
02-10 08:04:41.603 8144 9720 E OpenGLRenderer: JankTracker::calculateLegacyJank expectedDequeueDuration > 0 expectedDequeueDuration=1241770, DequeueBufferDuration=3369896, forgiveAmount=1241770, totalDuration=10502189
02-10 08:04:41.619 8144 9720 E OpenGLRenderer: JankTracker::calculateLegacyJank expectedDequeueDuration > 0 expectedDequeueDuration=664307, DequeueBufferDuration=5390312, forgiveAmount=664307, totalDuration=13643261
02-10 08:04:41.634 8144 9720 E OpenGLRenderer: JankTracker::calculateLegacyJank expectedDequeueDuration > 0 expectedDequeueDuration=636645, DequeueBufferDuration=5692292, forgiveAmount=636645, totalDuration=12576971
02-10 08:04:41.653 8144 9720 E OpenGLRenderer: JankTracker::calculateLegacyJank expectedDequeueDuration > 0 expectedDequeueDuration=582761, DequeueBufferDuration=4576510, forgiveAmount=582761, totalDuration=11232708
02-10 08:04:41.668 8144 9720 E OpenGLRenderer: JankTracker::calculateLegacyJank expectedDequeueDuration > 0 expectedDequeueDuration=1196906, DequeueBufferDuration=3600364, forgiveAmount=1196906, totalDuration=8933792
02-10 08:04:42.100 8144 9720 E OpenGLRenderer: JankTracker::calculateLegacyJank expectedDequeueDuration > 0 expectedDequeueDuration=1345030, DequeueBufferDuration=5542500, forgiveAmount=1345030, totalDuration=11728325
02-10 08:04:42.119 8144 9720 E OpenGLRenderer: JankTracker::calculateLegacyJank expectedDequeueDuration > 0 expectedDequeueDuration=789712, DequeueBufferDuration=6288594, forgiveAmount=789712, totalDuration=12601514
02-10 08:04:42.134 8144 9720 E OpenGLRenderer: JankTracker::calculateLegacyJank expectedDequeueDuration > 0 expectedDequeueDuration=1473314, DequeueBufferDuration=2475573, forgiveAmount=1473314, totalDuration=7242435
02-10 08:04:42.152 8144 9720 E OpenGLRenderer: JankTracker::calculateLegacyJank expectedDequeueDuration > 0 expectedDequeueDuration=500704, DequeueBufferDuration=3755521, forgiveAmount=500704, totalDuration=10704738
02-10 08:04:42.168 8144 9720 E OpenGLRenderer: JankTracker::calculateLegacyJank expectedDequeueDuration > 0 expectedDequeueDuration=550511, DequeueBufferDuration=2991094, forgiveAmount=550511, totalDuration=9637623
02-10 08:04:43.150 8144 8157 E OpenGLRenderer: JankTracker::calculateLegacyJank expectedDequeueDuration > 0 expectedDequeueDuration=1937796, DequeueBufferDuration=2967291, forgiveAmount=1937796, totalDuration=8755919
02-10 08:04:43.396 8144 8193 E SQLiteDatabase: Error inserting transferred=1 media_job_uuid=089e4efe-ec43-4df7-8937-6d15e6166ee6 transcoded=0 gif_attribution=0 first_scan_length=0 direct_path=/v/t62.15575- 24/32160423_1093056868501021_5644732262361866125_n.enc?ccb=11- 4&oh=01_AdTwBmXkTK73YmbHGcfgWSWlE2NrxfV-Iu6tB1ecxLvX3g&oe=65EE27DC&_nc_sid=5e03e0 thumbnail_height_width_ratio=1.0 is_animated_sticker=0 file_hash=qsaY+EokDpMzW2L2RmY1UwxAY/aNiHxMW+vFgN9f1kU= file_path=Media/MBWhatsApp Stickers/STK-20240210-WA0003.webp file_size=101062 partial_media_hash=null face_x=0 face_y=0 height=64 trim_to=0 media_key_timestamp=1707426628000 message_url=*********************************************************************** *********************************************************************************** ************************************ media_caption=null trim_from=0 mime_type=image/webp partial_media_enc_hash=null width=64 original_file_hash=null has_streaming_sidecar=0 autotransfer_retry_enabled=1 media_upload_handle=null message_row_id=356 multicast_id=null enc_file_hash=zTuP8+c1xvDcntuVBEv4I79V5VMlfDzBRWXNJhgyNso= mute_video=0 page_count=0 first_scan_sidecar=null suspicious_content=0 file_length=101062 media_name=null media_duration=0 chat_row_id=8 media_key=[B@35d800a
02-10 08:04:43.396 8144 8193 E SQLiteDatabase: android.database.sqlite.SQLiteConstraintException: UNIQUE constraint failed: message_media.message_row_id (code 1555 SQLITE_CONSTRAINT_PRIMARYKEY)
02-10 08:04:43.396 8144 8193 E SQLiteDatabase: at android.database.sqlite.SQLiteConnection.nativeExecuteForLastInsertedRowId(Native Method)
02-10 08:04:43.396 8144 8193 E SQLiteDatabase: at android.database.sqlite.SQLiteConnection.executeForLastInsertedRowId(SQLiteConnecti on.java:985)
02-10 08:04:43.396 8144 8193 E SQLiteDatabase: at android.database.sqlite.SQLiteSession.executeForLastInsertedRowId(SQLiteSession.jav a:790)
02-10 08:04:43.396 8144 8193 E SQLiteDatabase: at android.database.sqlite.SQLiteStatement.executeInsert(SQLiteStatement.java:89)
02-10 08:04:43.396 8144 8193 E SQLiteDatabase: at android.database.sqlite.SQLiteDatabase.insertWithOnConflict(SQLiteDatabase.java:170 2)
02-10 08:04:43.396 8144 8193 E SQLiteDatabase: at android.database.sqlite.SQLiteDatabase.insert(SQLiteDatabase.java:1571)
02-10 08:04:43.396 8144 8193 E SQLiteDatabase: at X.2tm.A08(Unknown Source:6)
02-10 08:04:43.396 8144 8193 E SQLiteDatabase: at X.35Y.A07(Unknown Source:212)
02-10 08:04:43.396 8144 8193 E SQLiteDatabase: at X.3QF.A14(Unknown Source:470)
02-10 08:04:43.396 8144 8193 E SQLiteDatabase: at X.3gU.run(Unknown Source:982)
02-10 08:04:43.396 8144 8193 E SQLiteDatabase: at android.os.Handler.handleCallback(Handler.java:938)
02-10 08:04:43.396 8144 8193 E SQLiteDatabase: at android.os.Handler.dispatchMessage(Handler.java:99)
02-10 08:04:43.396 8144 8193 E SQLiteDatabase: at X.0zq.dispatchMessage(Unknown Source:4)
02-10 08:04:43.396 8144 8193 E SQLiteDatabase: at android.os.Looper.loopOnce(Looper.java:233)
02-10 08:04:43.396 8144 8193 E SQLiteDatabase: at android.os.Looper.loop(Looper.java:334)
02-10 08:04:43.396 8144 8193 E SQLiteDatabase: at android.os.HandlerThread.run(HandlerThread.java:67)
02-10 08:04:43.737 8144 8637 E OpenGLRenderer: JankTracker::calculateLegacyJank expectedDequeueDuration > 0 expectedDequeueDuration=536044, DequeueBufferDuration=2869427, forgiveAmount=536044, totalDuration=9924631
02-10 08:04:43.752 8144 8637 E OpenGLRenderer: JankTracker::calculateLegacyJank expectedDequeueDuration > 0 expectedDequeueDuration=1745697, DequeueBufferDuration=4903125, forgiveAmount=1745697, totalDuration=11391470
02-10 08:04:43.769 8144 8637 E OpenGLRenderer: JankTracker::calculateLegacyJank expectedDequeueDuration > 0 expectedDequeueDuration=110840, DequeueBufferDuration=5104479, forgiveAmount=110840, totalDuration=12838580
02-10 08:04:43.785 8144 8637 E OpenGLRenderer: JankTracker::calculateLegacyJank expectedDequeueDuration > 0 expectedDequeueDuration=676315, DequeueBufferDuration=4203697, forgiveAmount=676315, totalDuration=10626954
02-10 08:04:43.800 8144 8637 E OpenGLRenderer: JankTracker::calculateLegacyJank expectedDequeueDuration > 0 expectedDequeueDuration=288583, DequeueBufferDuration=3834688, forgiveAmount=288583, totalDuration=11050959
02-10 08:04:43.816 8144 8637 E OpenGLRenderer: JankTracker::calculateLegacyJank expectedDequeueDuration > 0 expectedDequeueDuration=724022, DequeueBufferDuration=3996979, forgiveAmount=724022, totalDuration=10879194
02-10 08:04:43.834 8144 8637 E OpenGLRenderer: JankTracker::calculateLegacyJank expectedDequeueDuration > 0 expectedDequeueDuration=420837, DequeueBufferDuration=2244636, forgiveAmount=420837, totalDuration=8511607
02-10 08:04:44.238 8144 9720 E OpenGLRenderer: JankTracker::calculateLegacyJank expectedDequeueDuration > 0 expectedDequeueDuration=784900, DequeueBufferDuration=5804947, forgiveAmount=784900, totalDuration=14745096
02-10 08:04:44.251 8144 9720 E OpenGLRenderer: JankTracker::calculateLegacyJank expectedDequeueDuration > 0 expectedDequeueDuration=75041, DequeueBufferDuration=5741563, forgiveAmount=75041, totalDuration=13671063
02-10 08:04:44.268 8144 9720 E OpenGLRenderer: JankTracker::calculateLegacyJank expectedDequeueDuration > 0 expectedDequeueDuration=855077, DequeueBufferDuration=6786667, forgiveAmount=855077, totalDuration=12861408
02-10 08:04:44.285 8144 9720 E OpenGLRenderer: JankTracker::calculateLegacyJank expectedDequeueDuration > 0 expectedDequeueDuration=943670, DequeueBufferDuration=3866615, forgiveAmount=943670, totalDuration=9788702
02-10 08:04:44.303 8144 9720 E OpenGLRenderer: JankTracker::calculateLegacyJank expectedDequeueDuration > 0 expectedDequeueDuration=1167148, DequeueBufferDuration=3955781, forgiveAmount=1167148, totalDuration=9474975
02-10 08:04:44.318 8144 9720 E OpenGLRenderer: JankTracker::calculateLegacyJank expectedDequeueDuration > 0 expectedDequeueDuration=908946, DequeueBufferDuration=4008229, forgiveAmount=908946, totalDuration=11102421
02-10 08:04:44.503 8144 8637 E OpenGLRenderer: JankTracker::calculateLegacyJank expectedDequeueDuration > 0 expectedDequeueDuration=648987, DequeueBufferDuration=2160365, forgiveAmount=648987, totalDuration=9901662
02-10 08:04:44.518 8144 8637 E OpenGLRenderer: JankTracker::calculateLegacyJank expectedDequeueDuration > 0 expectedDequeueDuration=194284, DequeueBufferDuration=5620990, forgiveAmount=194284, totalDuration=14983776
02-10 08:04:44.535 8144 8637 E OpenGLRenderer: JankTracker::calculateLegacyJank expectedDequeueDuration > 0 expectedDequeueDuration=527135, DequeueBufferDuration=5431302, forgiveAmount=527135, totalDuration=12387553
02-10 08:04:44.552 8144 8637 E OpenGLRenderer: JankTracker::calculateLegacyJank expectedDequeueDuration > 0 expectedDequeueDuration=1356558, DequeueBufferDuration=3938281, forgiveAmount=1356558, totalDuration=9220113
02-10 08:04:44.568 8144 8637 E OpenGLRenderer: JankTracker::calculateLegacyJank expectedDequeueDuration > 0 expectedDequeueDuration=915663, DequeueBufferDuration=3777916, forgiveAmount=915663, totalDuration=9882632
02-10 08:04:44.586 8144 8637 E OpenGLRenderer: JankTracker::calculateLegacyJank expectedDequeueDuration > 0 expectedDequeueDuration=880323, DequeueBufferDuration=3957396, forgiveAmount=880323, totalDuration=10315708
02-10 08:04:44.602 8144 8637 E OpenGLRenderer: JankTracker::calculateLegacyJank expectedDequeueDuration > 0 expectedDequeueDuration=888863, DequeueBufferDuration=3365521, forgiveAmount=888863, totalDuration=10053211
02-10 08:04:45.017 8144 8157 E OpenGLRenderer: JankTracker::calculateLegacyJank expectedDequeueDuration > 0 expectedDequeueDuration=180004, DequeueBufferDuration=4801667, forgiveAmount=180004, totalDuration=13284263
02-10 08:04:45.218 8144 8157 E OpenGLRenderer: JankTracker::calculateLegacyJank expectedDequeueDuration > 0 expectedDequeueDuration=765835, DequeueBufferDuration=8433334, forgiveAmount=765835, totalDuration=15737235
02-10 08:04:45.267 8144 8157 E OpenGLRenderer: JankTracker::calculateLegacyJank expectedDequeueDuration > 0 expectedDequeueDuration=182294, DequeueBufferDuration=1739687, forgiveAmount=182294, totalDuration=9231141
02-10 08:04:45.300 8144 8157 E OpenGLRenderer: JankTracker::calculateLegacyJank expectedDequeueDuration > 0 expectedDequeueDuration=235729, DequeueBufferDuration=2210834, forgiveAmount=235729, totalDuration=10143282
02-10 08:04:45.334 8144 8157 E OpenGLRenderer: JankTracker::calculateLegacyJank expectedDequeueDuration > 0 expectedDequeueDuration=122131, DequeueBufferDuration=1847344, forgiveAmount=122131, totalDuration=9364904
02-10 08:04:45.351 8144 8157 E OpenGLRenderer: JankTracker::calculateLegacyJank expectedDequeueDuration > 0 expectedDequeueDuration=260108, DequeueBufferDuration=1891094, forgiveAmount=260108, totalDuration=9566242
02-10 08:04:45.416 8144 8157 E OpenGLRenderer: JankTracker::calculateLegacyJank expectedDequeueDuration > 0 expectedDequeueDuration=1554341, DequeueBufferDuration=826667, forgiveAmount=826667, totalDuration=5390920
02-10 08:04:45.450 8144 8157 E OpenGLRenderer: JankTracker::calculateLegacyJank expectedDequeueDuration > 0 expectedDequeueDuration=261000, DequeueBufferDuration=1750104, forgiveAmount=261000, totalDuration=8720344
02-10 08:04:45.484 8144 8157 E OpenGLRenderer: JankTracker::calculateLegacyJank expectedDequeueDuration > 0 expectedDequeueDuration=456355, DequeueBufferDuration=1377031, forgiveAmount=456355, totalDuration=7700259
02-10 08:04:45.501 8144 8157 E OpenGLRenderer: JankTracker::calculateLegacyJank expectedDequeueDuration > 0 expectedDequeueDuration=1182471, DequeueBufferDuration=1406667, forgiveAmount=1182471, totalDuration=5999537
02-10 08:04:45.517 8144 8157 E OpenGLRenderer: JankTracker::calculateLegacyJank expectedDequeueDuration > 0 expectedDequeueDuration=176806, DequeueBufferDuration=1844011, forgiveAmount=176806, totalDuration=9653368
02-10 08:04:45.534 8144 8157 E OpenGLRenderer: JankTracker::calculateLegacyJank expectedDequeueDuration > 0 expectedDequeueDuration=7222, DequeueBufferDuration=1710261, forgiveAmount=7222, totalDuration=9612952
02-10 08:04:46.188 8144 9720 E OpenGLRenderer: JankTracker::calculateLegacyJank expectedDequeueDuration > 0 expectedDequeueDuration=66803, DequeueBufferDuration=6117448, forgiveAmount=66803, totalDuration=17050508
02-10 08:04:46.201 8144 9720 E OpenGLRenderer: JankTracker::calculateLegacyJank expectedDequeueDuration > 0 expectedDequeueDuration=148501, DequeueBufferDuration=5261146, forgiveAmount=148501, totalDuration=18998935
02-10 08:04:46.351 8144 8157 E OpenGLRenderer: JankTracker::calculateLegacyJank expectedDequeueDuration > 0 expectedDequeueDuration=1777205, DequeueBufferDuration=7667917, forgiveAmount=1777205, totalDuration=18634340
02-10 08:04:46.400 8144 8157 E OpenGLRenderer: JankTracker::calculateLegacyJank expectedDequeueDuration > 0 expectedDequeueDuration=730682, DequeueBufferDuration=4359375, forgiveAmount=730682, totalDuration=13831656
02-10 08:04:46.416 8144 8157 E OpenGLRenderer: JankTracker::calculateLegacyJank expectedDequeueDuration > 0 expectedDequeueDuration=608217, DequeueBufferDuration=3131719, forgiveAmount=608217, totalDuration=13308097
02-10 08:04:46.433 8144 8157 E OpenGLRenderer: JankTracker::calculateLegacyJank expectedDequeueDuration > 0 expectedDequeueDuration=759488, DequeueBufferDuration=2490834, forgiveAmount=759488, totalDuration=11197795
02-10 08:04:46.449 8144 8157 E OpenGLRenderer: JankTracker::calculateLegacyJank expectedDequeueDuration > 0 expectedDequeueDuration=1629012, DequeueBufferDuration=2067396, forgiveAmount=1629012, totalDuration=9359319
02-10 08:04:46.469 8144 8157 E OpenGLRenderer: JankTracker::calculateLegacyJank expectedDequeueDuration > 0 expectedDequeueDuration=1236738, DequeueBufferDuration=2249844, forgiveAmount=1236738, totalDuration=10410899
02-10 08:04:46.484 8144 8157 E OpenGLRenderer: JankTracker::calculateLegacyJank expectedDequeueDuration > 0 expectedDequeueDuration=1578661, DequeueBufferDuration=2676198, forgiveAmount=1578661, totalDuration=10494553
02-10 08:04:46.500 8144 8157 E OpenGLRenderer: JankTracker::calculateLegacyJank expectedDequeueDuration > 0 expectedDequeueDuration=1275279, DequeueBufferDuration=5115260, forgiveAmount=1275279, totalDuration=10441681
02-10 08:04:50.524 8144 8144 E RecyclerView: No adapter attached; skipping layout
02-10 08:04:50.529 8144 8144 E RecyclerView: No adapter attached; skipping layout
02-10 08:04:50.623 8144 8193 E SQLiteDatabase: Error inserting transferred=0 media_job_uuid=5b2afad5-d0a7-4071-86e9-6cf6d9dc752e transcoded=0 gif_attribution=0 first_scan_length=0 direct_path=/v/t62.7161- 24/27344766_809170624580483_3547474146883347017_n.enc?ccb=11- 4&oh=01_AdSgIYf4XftkNRiOu6m11Q9jx1p19RETwRUxqKwhIqSmGA&oe=65EE2EAD&_nc_sid=5e03e0 thumbnail_height_width_ratio=1.7777778 is_animated_sticker=0 file_hash=IkpfW5kbtth2Z3DWRTAzAeUzfoR+Q/YxXVfLCXRiitE= file_path=null file_size=0 partial_media_hash=null face_x=0 face_y=0 height=640 trim_to=0 media_key_timestamp=1707526927000 message_url=*********************************************************************** *********************************************************************************** ********************************** media_caption=null trim_from=0 mime_type=video/mp4 partial_media_enc_hash=null width=360 original_file_hash=null has_streaming_sidecar=1 autotransfer_retry_enabled=1 media_upload_handle=null message_row_id=163 multicast_id=null enc_file_hash=G/AsmOoqOCcgE28GrT8oSyj+imxS7YlFehm3zuc3cQ4= mute_video=0 page_count=0 first_scan_sidecar=null suspicious_content=0 file_length=2358130 media_name=null media_duration=20 chat_row_id=51 media_key=[B@9b5a9ca
02-10 08:04:50.623 8144 8193 E SQLiteDatabase: android.database.sqlite.SQLiteConstraintException: UNIQUE constraint failed: message_media.message_row_id (code 1555 SQLITE_CONSTRAINT_PRIMARYKEY)
02-10 08:04:50.623 8144 8193 E SQLiteDatabase: at android.database.sqlite.SQLiteConnection.nativeExecuteForLastInsertedRowId(Native Method)
02-10 08:04:50.623 8144 8193 E SQLiteDatabase: at android.database.sqlite.SQLiteConnection.executeForLastInsertedRowId(SQLiteConnecti on.java:985)
02-10 08:04:50.623 8144 8193 E SQLiteDatabase: at android.database.sqlite.SQLiteSession.executeForLastInsertedRowId(SQLiteSession.jav a:790)
02-10 08:04:50.623 8144 8193 E SQLiteDatabase: at android.database.sqlite.SQLiteStatement.executeInsert(SQLiteStatement.java:89)
02-10 08:04:50.623 8144 8193 E SQLiteDatabase: at android.database.sqlite.SQLiteDatabase.insertWithOnConflict(SQLiteDatabase.java:170 2)
02-10 08:04:50.623 8144 8193 E SQLiteDatabase: at android.database.sqlite.SQLiteDatabase.insert(SQLiteDatabase.java:1571)
02-10 08:04:50.623 8144 8193 E SQLiteDatabase: at X.2tm.A08(Unknown Source:6)
02-10 08:04:50.623 8144 8193 E SQLiteDatabase: at X.35Y.A07(Unknown Source:212)
02-10 08:04:50.623 8144 8193 E SQLiteDatabase: at X.3QF.A14(Unknown Source:470)
02-10 08:04:50.623 8144 8193 E SQLiteDatabase: at X.3gU.run(Unknown Source:982)
02-10 08:04:50.623 8144 8193 E SQLiteDatabase: at android.os.Handler.handleCallback(Handler.java:938)
02-10 08:04:50.623 8144 8193 E SQLiteDatabase: at android.os.Handler.dispatchMessage(Handler.java:99)
02-10 08:04:50.623 8144 8193 E SQLiteDatabase: at X.0zq.dispatchMessage(Unknown Source:4)
02-10 08:04:50.623 8144 8193 E SQLiteDatabase: at android.os.Looper.loopOnce(Looper.java:233)
02-10 08:04:50.623 8144 8193 E SQLiteDatabase: at android.os.Looper.loop(Looper.java:334)
02-10 08:04:50.623 8144 8193 E SQLiteDatabase: at android.os.HandlerThread.run(HandlerThread.java:67)
02-10 08:04:51.481 8144 8637 E OpenGLRenderer: JankTracker::calculateLegacyJank expectedDequeueDuration > 0 expectedDequeueDuration=1882199, DequeueBufferDuration=537396, forgiveAmount=537396, totalDuration=6172123
02-10 08:04:51.514 8144 8637 E OpenGLRenderer: JankTracker::calculateLegacyJank expectedDequeueDuration > 0 expectedDequeueDuration=1220679, DequeueBufferDuration=662396, forgiveAmount=662396, totalDuration=5123696
02-10 08:04:51.531 8144 8637 E OpenGLRenderer: JankTracker::calculateLegacyJank expectedDequeueDuration > 0 expectedDequeueDuration=2216081, DequeueBufferDuration=5421771, forgiveAmount=2216081, totalDuration=7641015
02-10 08:04:51.548 8144 8637 E OpenGLRenderer: JankTracker::calculateLegacyJank expectedDequeueDuration > 0 expectedDequeueDuration=1366218, DequeueBufferDuration=1243646, forgiveAmount=1243646, totalDuration=8154876
02-10 08:04:51.565 8144 8637 E OpenGLRenderer: JankTracker::calculateLegacyJank expectedDequeueDuration > 0 expectedDequeueDuration=2435982, DequeueBufferDuration=1735208, forgiveAmount=1735208, totalDuration=5674904
02-10 08:04:51.582 8144 8637 E OpenGLRenderer: JankTracker::calculateLegacyJank expectedDequeueDuration > 0 expectedDequeueDuration=1868230, DequeueBufferDuration=1923177, forgiveAmount=1868230, totalDuration=13864529
02-10 08:04:51.605 8144 8637 E OpenGLRenderer: JankTracker::calculateLegacyJank expectedDequeueDuration > 0 expectedDequeueDuration=2650740, DequeueBufferDuration=2751823, forgiveAmount=2650740, totalDuration=5602531
02-10 08:04:51.631 8144 8637 E OpenGLRenderer: JankTracker::calculateLegacyJank expectedDequeueDuration > 0 expectedDequeueDuration=2363884, DequeueBufferDuration=6724896, forgiveAmount=2363884, totalDuration=15220513
02-10 08:04:51.680 8144 8637 E OpenGLRenderer: JankTracker::calculateLegacyJank expectedDequeueDuration > 0 expectedDequeueDuration=1878245, DequeueBufferDuration=569218, forgiveAmount=569218, totalDuration=4089412
02-10 08:04:51.701 8144 8637 E OpenGLRenderer: JankTracker::calculateLegacyJank expectedDequeueDuration > 0 expectedDequeueDuration=1370786, DequeueBufferDuration=1193594, forgiveAmount=1193594, totalDuration=5758589
02-10 08:04:51.733 8144 8637 E OpenGLRenderer: JankTracker::calculateLegacyJank expectedDequeueDuration > 0 expectedDequeueDuration=2457999, DequeueBufferDuration=5704896, forgiveAmount=2457999, totalDuration=7674991
02-10 08:04:51.748 8144 8637 E OpenGLRenderer: JankTracker::calculateLegacyJank expectedDequeueDuration > 0 expectedDequeueDuration=1805749, DequeueBufferDuration=3457969, forgiveAmount=1805749, totalDuration=7118138
02-10 08:04:51.781 8144 8637 E OpenGLRenderer: JankTracker::calculateLegacyJank expectedDequeueDuration > 0 expectedDequeueDuration=2473417, DequeueBufferDuration=2672084, forgiveAmount=2473417, totalDuration=4303686
02-10 08:04:51.798 8144 8637 E OpenGLRenderer: JankTracker::calculateLegacyJank expectedDequeueDuration > 0 expectedDequeueDuration=2463865, DequeueBufferDuration=2396354, forgiveAmount=2396354, totalDuration=4609468
02-10 08:04:51.815 8144 8637 E OpenGLRenderer: JankTracker::calculateLegacyJank expectedDequeueDuration > 0 expectedDequeueDuration=2644179, DequeueBufferDuration=2164792, forgiveAmount=2164792, totalDuration=4795248
02-10 08:04:51.833 8144 8637 E OpenGLRenderer: JankTracker::calculateLegacyJank expectedDequeueDuration > 0 expectedDequeueDuration=1839372, DequeueBufferDuration=1651302, forgiveAmount=1651302, totalDuration=6531930
02-10 08:04:51.848 8144 8637 E OpenGLRenderer: JankTracker::calculateLegacyJank expectedDequeueDuration > 0 expectedDequeueDuration=2388631, DequeueBufferDuration=7866927, forgiveAmount=2388631, totalDuration=17395499
02-10 08:04:51.865 8144 8637 E OpenGLRenderer: JankTracker::calculateLegacyJank expectedDequeueDuration > 0 expectedDequeueDuration=225247, DequeueBufferDuration=1566875, forgiveAmount=225247, totalDuration=7531902
02-10 08:04:51.899 8144 8637 E OpenGLRenderer: JankTracker::calculateLegacyJank expectedDequeueDuration > 0 expectedDequeueDuration=965691, DequeueBufferDuration=2091615, forgiveAmount=965691, totalDuration=7357263
02-10 08:04:51.914 8144 8637 E OpenGLRenderer: JankTracker::calculateLegacyJank expectedDequeueDuration > 0 expectedDequeueDuration=791762, DequeueBufferDuration=677396, forgiveAmount=677396, totalDuration=7829227
02-10 08:04:51.931 8144 8637 E OpenGLRenderer: JankTracker::calculateLegacyJank expectedDequeueDuration > 0 expectedDequeueDuration=857560, DequeueBufferDuration=507969, forgiveAmount=507969, totalDuration=5599054
02-10 08:04:51.964 8144 8637 E OpenGLRenderer: JankTracker::calculateLegacyJank expectedDequeueDuration > 0 expectedDequeueDuration=2364530, DequeueBufferDuration=1697917, forgiveAmount=1697917, totalDuration=4803699
02-10 08:04:52.035 8144 8637 E OpenGLRenderer: JankTracker::calculateLegacyJank expectedDequeueDuration > 0 expectedDequeueDuration=2218874, DequeueBufferDuration=1102240, forgiveAmount=1102240, totalDuration=4786386
02-10 08:04:52.063 8144 8637 E OpenGLRenderer: JankTracker::calculateLegacyJank expectedDequeueDuration > 0 expectedDequeueDuration=2199695, DequeueBufferDuration=5590729, forgiveAmount=2199695, totalDuration=7392902
02-10 08:04:52.097 8144 8637 E OpenGLRenderer: JankTracker::calculateLegacyJank expectedDequeueDuration > 0 expectedDequeueDuration=1848892, DequeueBufferDuration=736406, forgiveAmount=736406, totalDuration=4531109
02-10 08:04:52.131 8144 8637 E OpenGLRenderer: JankTracker::calculateLegacyJank expectedDequeueDuration > 0 expectedDequeueDuration=2366438, DequeueBufferDuration=1477812, forgiveAmount=1477812, totalDuration=4118979
02-10 08:04:52.215 8144 9720 E OpenGLRenderer: JankTracker::calculateLegacyJank expectedDequeueDuration > 0 expectedDequeueDuration=1979491, DequeueBufferDuration=3407031, forgiveAmount=1979491, totalDuration=7344143
02-10 08:04:52.265 8144 8637 E OpenGLRenderer: JankTracker::calculateLegacyJank expectedDequeueDuration > 0 expectedDequeueDuration=1066995, DequeueBufferDuration=2836666, forgiveAmount=1066995, totalDuration=9264551
02-10 08:04:52.282 8144 8637 E OpenGLRenderer: JankTracker::calculateLegacyJank expectedDequeueDuration > 0 expectedDequeueDuration=1395007, DequeueBufferDuration=1704948, forgiveAmount=1395007, totalDuration=7225194
02-10 08:04:52.347 8144 8637 E OpenGLRenderer: JankTracker::calculateLegacyJank expectedDequeueDuration > 0 expectedDequeueDuration=491645, DequeueBufferDuration=621458, forgiveAmount=491645, totalDuration=5586502
02-10 08:04:52.365 8144 8637 E OpenGLRenderer: JankTracker::calculateLegacyJank expectedDequeueDuration > 0 expectedDequeueDuration=2407303, DequeueBufferDuration=2655417, forgiveAmount=2407303, totalDuration=5137946
02-10 08:04:52.381 8144 8637 E OpenGLRenderer: JankTracker::calculateLegacyJank expectedDequeueDuration > 0 expectedDequeueDuration=1302800, DequeueBufferDuration=811041, forgiveAmount=811041, totalDuration=5739440
02-10 08:04:52.398 8144 8637 E OpenGLRenderer: JankTracker::calculateLegacyJank expectedDequeueDuration > 0 expectedDequeueDuration=1475368, DequeueBufferDuration=1852708, forgiveAmount=1475368, totalDuration=6329733
02-10 08:04:52.414 8144 8637 E OpenGLRenderer: JankTracker::calculateLegacyJank expectedDequeueDuration > 0 expectedDequeueDuration=2298673, DequeueBufferDuration=2380156, forgiveAmount=2298673, totalDuration=4717550
02-10 08:04:52.431 8144 8637 E OpenGLRenderer: JankTracker::calculateLegacyJank expectedDequeueDuration > 0 expectedDequeueDuration=1438054, DequeueBufferDuration=1896719, forgiveAmount=1438054, totalDuration=5732955
02-10 08:04:52.450 8144 8637 E OpenGLRenderer: JankTracker::calculateLegacyJank expectedDequeueDuration > 0 expectedDequeueDuration=2620843, DequeueBufferDuration=2293802, forgiveAmount=2293802, totalDuration=4417856
02-10 08:04:52.467 8144 8637 E OpenGLRenderer: JankTracker::calculateLegacyJank expectedDequeueDuration > 0 expectedDequeueDuration=2577957, DequeueBufferDuration=2259896, forgiveAmount=2259896, totalDuration=4144387
02-10 08:04:52.481 8144 8637 E OpenGLRenderer: JankTracker::calculateLegacyJank expectedDequeueDuration > 0 expectedDequeueDuration=2405918, DequeueBufferDuration=2195729, forgiveAmount=2195729, totalDuration=4923093
02-10 08:04:52.498 8144 8637 E OpenGLRenderer: JankTracker::calculateLegacyJank expectedDequeueDuration > 0 expectedDequeueDuration=1687698, DequeueBufferDuration=2095365, forgiveAmount=1687698, totalDuration=6797781
02-10 08:04:52.515 8144 8637 E OpenGLRenderer: JankTracker::calculateLegacyJank expectedDequeueDuration > 0 expectedDequeueDuration=2473255, DequeueBufferDuration=2394583, forgiveAmount=2394583, totalDuration=4616590
02-10 08:04:52.531 8144 8637 E OpenGLRenderer: JankTracker::calculateLegacyJank expectedDequeueDuration > 0 expectedDequeueDuration=2304242, DequeueBufferDuration=2748333, forgiveAmount=2304242, totalDuration=4873235
02-10 08:04:52.548 8144 8637 E OpenGLRenderer: JankTracker::calculateLegacyJank expectedDequeueDuration > 0 expectedDequeueDuration=2593242, DequeueBufferDuration=2748229, forgiveAmount=2593242, totalDuration=4701746
02-10 08:04:52.564 8144 8637 E OpenGLRenderer: JankTracker::calculateLegacyJank expectedDequeueDuration > 0 expectedDequeueDuration=2461578, DequeueBufferDuration=2174635, forgiveAmount=2174635, totalDuration=4783109
02-10 08:04:52.581 8144 8637 E OpenGLRenderer: JankTracker::calculateLegacyJank expectedDequeueDuration > 0 expectedDequeueDuration=433641, DequeueBufferDuration=1101459, forgiveAmount=433641, totalDuration=5701572
02-10 08:04:52.597 8144 8637 E OpenGLRenderer: JankTracker::calculateLegacyJank expectedDequeueDuration > 0 expectedDequeueDuration=2748677, DequeueBufferDuration=2230052, forgiveAmount=2230052, totalDuration=4260229
02-10 08:04:52.614 8144 8637 E OpenGLRenderer: JankTracker::calculateLegacyJank expectedDequeueDuration > 0 expectedDequeueDuration=2336387, DequeueBufferDuration=2204739, forgiveAmount=2204739, totalDuration=4451583
02-10 08:04:52.631 8144 8637 E OpenGLRenderer: JankTracker::calculateLegacyJank expectedDequeueDuration > 0 expectedDequeueDuration=2590840, DequeueBufferDuration=1856980, forgiveAmount=1856980, totalDuration=4160253
02-10 08:04:52.648 8144 8637 E OpenGLRenderer: JankTracker::calculateLegacyJank expectedDequeueDuration > 0 expectedDequeueDuration=2604761, DequeueBufferDuration=1677448, forgiveAmount=1677448, totalDuration=4199197
02-10 08:04:52.665 8144 8637 E OpenGLRenderer: JankTracker::calculateLegacyJank expectedDequeueDuration > 0 expectedDequeueDuration=2653262, DequeueBufferDuration=1943959, forgiveAmount=1943959, totalDuration=3991998
02-10 08:04:52.683 8144 8637 E OpenGLRenderer: JankTracker::calculateLegacyJank expectedDequeueDuration > 0 expectedDequeueDuration=2724393, DequeueBufferDuration=2215886, forgiveAmount=2215886, totalDuration=4698158
02-10 08:04:52.698 8144 8637 E OpenGLRenderer: JankTracker::calculateLegacyJank expectedDequeueDuration > 0 expectedDequeueDuration=2454985, DequeueBufferDuration=2863281, forgiveAmount=2454985, totalDuration=5363520
02-10 08:04:52.715 8144 8637 E OpenGLRenderer: JankTracker::calculateLegacyJank expectedDequeueDuration > 0 expectedDequeueDuration=2416622, DequeueBufferDuration=3533646, forgiveAmount=2416622, totalDuration=5268370
02-10 08:04:52.732 8144 8637 E OpenGLRenderer: JankTracker::calculateLegacyJank expectedDequeueDuration > 0 expectedDequeueDuration=2507606, DequeueBufferDuration=2550625, forgiveAmount=2507606, totalDuration=3764684
02-10 08:04:52.760 8144 8637 E OpenGLRenderer: JankTracker::calculateLegacyJank expectedDequeueDuration > 0 expectedDequeueDuration=2864799, DequeueBufferDuration=2542604, forgiveAmount=2542604, totalDuration=3266815
02-10 08:04:52.772 8144 8144 E RecyclerView: No adapter attached; skipping layout
02-10 08:04:52.781 8144 8637 E OpenGLRenderer: JankTracker::calculateLegacyJank expectedDequeueDuration > 0 expectedDequeueDuration=1875723, DequeueBufferDuration=7800677, forgiveAmount=1875723, totalDuration=17649492
02-10 08:04:52.847 8144 8637 E OpenGLRenderer: JankTracker::calculateLegacyJank expectedDequeueDuration > 0 expectedDequeueDuration=2579361, DequeueBufferDuration=1318854, forgiveAmount=1318854, totalDuration=4113765
02-10 08:04:52.864 8144 8637 E OpenGLRenderer: JankTracker::calculateLegacyJank expectedDequeueDuration > 0 expectedDequeueDuration=2248063, DequeueBufferDuration=2698855, forgiveAmount=2248063, totalDuration=5289291
02-10 08:04:52.880 8144 8637 E OpenGLRenderer: JankTracker::calculateLegacyJank expectedDequeueDuration > 0 expectedDequeueDuration=2259341, DequeueBufferDuration=1874427, forgiveAmount=1874427, totalDuration=4658681
02-10 08:04:52.897 8144 8637 E OpenGLRenderer: JankTracker::calculateLegacyJank expectedDequeueDuration > 0 expectedDequeueDuration=2056183, DequeueBufferDuration=1321875, forgiveAmount=1321875, totalDuration=4682306
02-10 08:04:52.915 8144 8637 E OpenGLRenderer: JankTracker::calculateLegacyJank expectedDequeueDuration > 0 expectedDequeueDuration=2743889, DequeueBufferDuration=1567969, forgiveAmount=1567969, totalDuration=4311476
02-10 08:04:52.931 8144 8637 E OpenGLRenderer: JankTracker::calculateLegacyJank expectedDequeueDuration > 0 expectedDequeueDuration=2847185, DequeueBufferDuration=1924843, forgiveAmount=1924843, totalDuration=6561721
02-10 08:04:52.949 8144 8637 E OpenGLRenderer: JankTracker::calculateLegacyJank expectedDequeueDuration > 0 expectedDequeueDuration=1422291, DequeueBufferDuration=1658594, forgiveAmount=1422291, totalDuration=6066199
02-10 08:04:52.965 8144 8637 E OpenGLRenderer: JankTracker::calculateLegacyJank expectedDequeueDuration > 0 expectedDequeueDuration=1769115, DequeueBufferDuration=1237865, forgiveAmount=1237865, totalDuration=5924582
02-10 08:04:52.981 8144 8637 E OpenGLRenderer: JankTracker::calculateLegacyJank expectedDequeueDuration > 0 expectedDequeueDuration=1392333, DequeueBufferDuration=2163750, forgiveAmount=1392333, totalDuration=7262677
02-10 08:04:52.997 8144 8637 E OpenGLRenderer: JankTracker::calculateLegacyJank expectedDequeueDuration > 0 expectedDequeueDuration=1472636, DequeueBufferDuration=2143489, forgiveAmount=1472636, totalDuration=7327592
02-10 08:04:53.014 8144 8637 E OpenGLRenderer: JankTracker::calculateLegacyJank expectedDequeueDuration > 0 expectedDequeueDuration=1492996, DequeueBufferDuration=937709, forgiveAmount=937709, totalDuration=5476482
02-10 08:04:53.031 8144 8637 E OpenGLRenderer: JankTracker::calculateLegacyJank expectedDequeueDuration > 0 expectedDequeueDuration=2324472, DequeueBufferDuration=1678229, forgiveAmount=1678229, totalDuration=4996934
02-10 08:04:53.048 8144 8637 E OpenGLRenderer: JankTracker::calculateLegacyJank expectedDequeueDuration > 0 expectedDequeueDuration=1904466, DequeueBufferDuration=1555937, forgiveAmount=1555937, totalDuration=6767514
02-10 08:04:53.099 8144 8637 E OpenGLRenderer: JankTracker::calculateLegacyJank expectedDequeueDuration > 0 expectedDequeueDuration=2168397, DequeueBufferDuration=1734063, forgiveAmount=1734063, totalDuration=4901343
02-10 08:04:53.114 8144 8637 E OpenGLRenderer: JankTracker::calculateLegacyJank expectedDequeueDuration > 0 expectedDequeueDuration=791857, DequeueBufferDuration=967760, forgiveAmount=791857, totalDuration=5706338
02-10 08:04:53.148 8144 8637 E OpenGLRenderer: JankTracker::calculateLegacyJank expectedDequeueDuration > 0 expectedDequeueDuration=2346323, DequeueBufferDuration=1657500, forgiveAmount=1657500, totalDuration=4453885
02-10 08:04:53.189 8144 8637 E OpenGLRenderer: JankTracker::calculateLegacyJank expectedDequeueDuration > 0 expectedDequeueDuration=1879008, DequeueBufferDuration=1739218, forgiveAmount=1739218, totalDuration=6772763
02-10 08:04:53.198 8144 8637 E OpenGLRenderer: JankTracker::calculateLegacyJank expectedDequeueDuration > 0 expectedDequeueDuration=391961, DequeueBufferDuration=638490, forgiveAmount=391961, totalDuration=10119045
02-10 08:04:53.234 8144 8637 E OpenGLRenderer: JankTracker::calculateLegacyJank expectedDequeueDuration > 0 expectedDequeueDuration=2354981, DequeueBufferDuration=1687761, forgiveAmount=1687761, totalDuration=3979497
02-10 08:04:53.253 8144 8637 E OpenGLRenderer: JankTracker::calculateLegacyJank expectedDequeueDuration > 0 expectedDequeueDuration=2304848, DequeueBufferDuration=2489636, forgiveAmount=2304848, totalDuration=6904158
02-10 08:04:53.267 8144 8637 E OpenGLRenderer: JankTracker::calculateLegacyJank expectedDequeueDuration > 0 expectedDequeueDuration=2198650, DequeueBufferDuration=1354271, forgiveAmount=1354271, totalDuration=5030413
02-10 08:04:53.281 8144 8637 E OpenGLRenderer: JankTracker::calculateLegacyJank expectedDequeueDuration > 0 expectedDequeueDuration=761043, DequeueBufferDuration=1792135, forgiveAmount=761043, totalDuration=8062288
02-10 08:04:53.303 8144 8637 E OpenGLRenderer: JankTracker::calculateLegacyJank expectedDequeueDuration > 0 expectedDequeueDuration=1790864, DequeueBufferDuration=3618125, forgiveAmount=1790864, totalDuration=6359626
02-10 08:04:53.315 8144 8637 E OpenGLRenderer: JankTracker::calculateLegacyJank expectedDequeueDuration > 0 expectedDequeueDuration=2817361, DequeueBufferDuration=2105416, forgiveAmount=2105416, totalDuration=3486702
02-10 08:04:53.334 8144 8637 E OpenGLRenderer: JankTracker::calculateLegacyJank expectedDequeueDuration > 0 expectedDequeueDuration=2053418, DequeueBufferDuration=5314791, forgiveAmount=2053418, totalDuration=8608945
02-10 08:04:53.377 8144 8637 E OpenGLRenderer: JankTracker::calculateLegacyJank expectedDequeueDuration > 0 expectedDequeueDuration=1434012, DequeueBufferDuration=3952604, forgiveAmount=1434012, totalDuration=7439736
02-10 08:04:53.396 8144 8637 E OpenGLRenderer: JankTracker::calculateLegacyJank expectedDequeueDuration > 0 expectedDequeueDuration=2208949, DequeueBufferDuration=3824635, forgiveAmount=2208949, totalDuration=6142519
02-10 08:04:53.412 8144 8637 E OpenGLRenderer: JankTracker::calculateLegacyJank expectedDequeueDuration > 0 expectedDequeueDuration=1969430, DequeueBufferDuration=13232188, forgiveAmount=1969430, totalDuration=17388276
02-10 08:04:53.429 8144 8637 E OpenGLRenderer: JankTracker::calculateLegacyJank expectedDequeueDuration > 0 expectedDequeueDuration=950011, DequeueBufferDuration=14748125, forgiveAmount=950011, totalDuration=18797686
02-10 08:04:53.462 8144 9720 E OpenGLRenderer: JankTracker::calculateLegacyJank expectedDequeueDuration > 0 expectedDequeueDuration=112223, DequeueBufferDuration=14035990, forgiveAmount=112223, totalDuration=19980086
02-10 08:04:53.578 8144 9720 E OpenGLRenderer: JankTracker::calculateLegacyJank expectedDequeueDuration > 0 expectedDequeueDuration=200996, DequeueBufferDuration=14992917, forgiveAmount=200996, totalDuration=19488476
02-10 08:04:53.647 8144 8637 E OpenGLRenderer: JankTracker::calculateLegacyJank expectedDequeueDuration > 0 expectedDequeueDuration=677559, DequeueBufferDuration=14367343, forgiveAmount=677559, totalDuration=17901496
02-10 08:04:55.683 8144 8156 E OpenGLRenderer: JankTracker::calculateLegacyJank expectedDequeueDuration > 0 expectedDequeueDuration=197931, DequeueBufferDuration=14057187, forgiveAmount=197931, totalDuration=19059503
02-10 08:04:56.614 8144 8156 E OpenGLRenderer: JankTracker::calculateLegacyJank expectedDequeueDuration > 0 expectedDequeueDuration=2176058, DequeueBufferDuration=536823, forgiveAmount=536823, totalDuration=5198629
02-10 08:04:58.346 8144 8157 E OpenGLRenderer: JankTracker::calculateLegacyJank expectedDequeueDuration > 0 expectedDequeueDuration=371110, DequeueBufferDuration=13504531, forgiveAmount=371110, totalDuration=17667571
02-10 08:04:58.363 8144 8637 E OpenGLRenderer: JankTracker::calculateLegacyJank expectedDequeueDuration > 0 expectedDequeueDuration=233618, DequeueBufferDuration=14078229, forgiveAmount=233618, totalDuration=19658285
02-10 08:04:58.745 8144 8156 E OpenGLRenderer: JankTracker::calculateLegacyJank expectedDequeueDuration > 0 expectedDequeueDuration=815164, DequeueBufferDuration=14612917, forgiveAmount=815164, totalDuration=17947746
