02-10 07:59:29.342 8144 8144 E ArmVmp : Match on catch block at 0xc3 in for 0x7630ce6025
02-10 07:59:29.346 8144 8144 E ArmVmp : Match on catch block at 0xc3 in for 0x7630ce6025
02-10 07:59:29.362 8144 8144 E ArmVmp : Match on catch block at 0xc3 in for 0x7630ce6025
02-10 07:59:29.368 8144 8144 E ArmVmp : Match on catch block at 0xc3 in for 0x7630ce6025
02-10 07:59:29.390 8144 8144 E ArmVmp : Match on catch block at 0xc3 in for 0x7630ce6025
02-10 07:59:29.392 8144 8144 E ArmVmp : Match on catch block at 0xc3 in for 0x7630ce6025
02-10 07:59:29.403 8144 8144 E ArmVmp : Match on catch block at 0xc3 in for 0x7630ce6025
02-10 07:59:29.406 8144 8144 E ArmVmp : Match on catch block at 0xc3 in for 0x7630ce6025
02-10 07:59:29.419 8144 8144 E ArmVmp : Match on catch block at 0xc3 in for 0x7630ce6025
02-10 07:59:29.422 8144 8144 E ArmVmp : Match on catch block at 0xc3 in for 0x7630ce6025
02-10 07:59:29.796 8144 8144 E ArmVmp : Match on catch block at 0xc3 in for 0x7630ce6025
02-10 07:59:29.798 8144 8144 E ArmVmp : Match on catch block at 0xc3 in for 0x7630ce6025
02-10 07:59:29.912 8144 8144 E ArmVmp : Match on catch block at 0xc3 in for 0x7630ce6025
02-10 07:59:29.917 8144 8144 E ArmVmp : Match on catch block at 0xc3 in for 0x7630ce6025
02-10 07:59:29.929 8144 8144 E ArmVmp : Match on catch block at 0xc3 in for 0x7630ce6025
02-10 07:59:29.933 8144 8144 E ArmVmp : Match on catch block at 0xc3 in for 0x7630ce6025
02-10 07:59:29.946 8144 8144 E ArmVmp : Match on catch block at 0xc3 in for 0x7630ce6025
02-10 07:59:29.949 8144 8144 E ArmVmp : Match on catch block at 0xc3 in for 0x7630ce6025
02-10 07:59:29.962 8144 8144 E ArmVmp : Match on catch block at 0xc3 in for 0x7630ce6025
02-10 07:59:29.965 8144 8144 E ArmVmp : Match on catch block at 0xc3 in for 0x7630ce6025
02-10 07:59:29.979 8144 8144 E ArmVmp : Match on catch block at 0xc3 in for 0x7630ce6025
02-10 07:59:29.981 8144 8144 E ArmVmp : Match on catch block at 0xc3 in for 0x7630ce6025
02-10 07:59:29.996 8144 8144 E ArmVmp : Match on catch block at 0xc3 in for 0x7630ce6025
02-10 07:59:29.998 8144 8144 E ArmVmp : Match on catch block at 0xc3 in for 0x7630ce6025
02-10 07:59:30.012 8144 8144 E ArmVmp : Match on catch block at 0xc3 in for 0x7630ce6025
02-10 07:59:30.015 8144 8144 E ArmVmp : Match on catch block at 0xc3 in for 0x7630ce6025
02-10 07:59:30.029 8144 8144 E ArmVmp : Match on catch block at 0xc3 in for 0x7630ce6025
02-10 07:59:30.032 8144 8144 E ArmVmp : Match on catch block at 0xc3 in for 0x7630ce6025
02-10 07:59:30.046 8144 8144 E ArmVmp : Match on catch block at 0xc3 in for 0x7630ce6025
02-10 07:59:30.048 8144 8144 E ArmVmp : Match on catch block at 0xc3 in for 0x7630ce6025
02-10 07:59:30.062 8144 8144 E ArmVmp : Match on catch block at 0xc3 in for 0x7630ce6025
02-10 07:59:30.065 8144 8144 E ArmVmp : Match on catch block at 0xc3 in for 0x7630ce6025
02-10 07:59:30.079 8144 8144 E ArmVmp : Match on catch block at 0xc3 in for 0x7630ce6025
02-10 07:59:30.082 8144 8144 E ArmVmp : Match on catch block at 0xc3 in for 0x7630ce6025
02-10 07:59:30.096 8144 8144 E ArmVmp : Match on catch block at 0xc3 in for 0x7630ce6025
02-10 07:59:30.098 8144 8144 E ArmVmp : Match on catch block at 0xc3 in for 0x7630ce6025
02-10 07:59:30.112 8144 8144 E ArmVmp : Match on catch block at 0xc3 in for 0x7630ce6025
02-10 07:59:30.115 8144 8144 E ArmVmp : Match on catch block at 0xc3 in for 0x7630ce6025
02-10 07:59:30.129 8144 8144 E ArmVmp : Match on catch block at 0xc3 in for 0x7630ce6025
02-10 07:59:30.132 8144 8144 E ArmVmp : Match on catch block at 0xc3 in for 0x7630ce6025
02-10 07:59:30.146 8144 8144 E ArmVmp : Match on catch block at 0xc3 in for 0x7630ce6025
02-10 07:59:30.149 8144 8144 E ArmVmp : Match on catch block at 0xc3 in for 0x7630ce6025
02-10 07:59:30.164 8144 8144 E ArmVmp : Match on catch block at 0xc3 in for 0x7630ce6025
02-10 07:59:30.168 8144 8144 E ArmVmp : Match on catch block at 0xc3 in for 0x7630ce6025
02-10 07:59:30.179 8144 8144 E ArmVmp : Match on catch block at 0xc3 in for 0x7630ce6025
02-10 07:59:30.182 8144 8144 E ArmVmp : Match on catch block at 0xc3 in for 0x7630ce6025
02-10 07:59:30.196 8144 8144 E ArmVmp : Match on catch block at 0xc3 in for 0x7630ce6025
02-10 07:59:30.198 8144 8144 E ArmVmp : Match on catch block at 0xc3 in for 0x7630ce6025
02-10 07:59:30.212 8144 8144 E ArmVmp : Match on catch block at 0xc3 in for 0x7630ce6025
02-10 07:59:30.215 8144 8144 E ArmVmp : Match on catch block at 0xc3 in for 0x7630ce6025
02-10 07:59:30.296 8144 8144 E ArmVmp : Match on catch block at 0xc3 in for 0x7630ce6025
02-10 07:59:30.299 8144 8144 E ArmVmp : Match on catch block at 0xc3 in for 0x7630ce6025
02-10 07:59:30.802 8144 8144 E ArmVmp : Match on catch block at 0xc3 in for 0x7630ce6025
02-10 07:59:30.814 8144 8144 E ArmVmp : Match on catch block at 0xc3 in for 0x7630ce6025
02-10 07:59:30.952 8144 8144 E ArmVmp : Match on catch block at 0xc3 in for 0x7630ce6025
02-10 07:59:30.964 8144 8144 E ArmVmp : Match on catch block at 0xc3 in for 0x7630ce6025
02-10 07:59:30.987 8144 8144 E ArmVmp : Match on catch block at 0xc3 in for 0x7630ce6025
02-10 07:59:31.001 8144 8144 E ArmVmp : Match on catch block at 0xc3 in for 0x7630ce6025
02-10 07:59:31.018 8144 8144 E ArmVmp : Match on catch block at 0xc3 in for 0x7630ce6025
02-10 07:59:31.024 8144 8144 E ArmVmp : Match on catch block at 0xc3 in for 0x7630ce6025
02-10 07:59:31.031 8144 8144 E ArmVmp : Match on catch block at 0xc3 in for 0x7630ce6025
02-10 07:59:31.035 8144 8144 E ArmVmp : Match on catch block at 0xc3 in for 0x7630ce6025
02-10 07:59:31.048 8144 8144 E ArmVmp : Match on catch block at 0xc3 in for 0x7630ce6025
02-10 07:59:31.052 8144 8144 E ArmVmp : Match on catch block at 0xc3 in for 0x7630ce6025
02-10 07:59:31.066 8144 8144 E ArmVmp : Match on catch block at 0xc3 in for 0x7630ce6025
02-10 07:59:31.070 8144 8144 E ArmVmp : Match on catch block at 0xc3 in for 0x7630ce6025
02-10 07:59:31.082 8144 8144 E ArmVmp : Match on catch block at 0xc3 in for 0x7630ce6025
02-10 07:59:31.086 8144 8144 E ArmVmp : Match on catch block at 0xc3 in for 0x7630ce6025
02-10 07:59:31.099 8144 8144 E ArmVmp : Match on catch block at 0xc3 in for 0x7630ce6025
02-10 07:59:31.104 8144 8144 E ArmVmp : Match on catch block at 0xc3 in for 0x7630ce6025
02-10 07:59:31.116 8144 8144 E ArmVmp : Match on catch block at 0xc3 in for 0x7630ce6025
02-10 07:59:31.120 8144 8144 E ArmVmp : Match on catch block at 0xc3 in for 0x7630ce6025
02-10 07:59:31.131 8144 8144 E ArmVmp : Match on catch block at 0xc3 in for 0x7630ce6025
02-10 07:59:31.135 8144 8144 E ArmVmp : Match on catch block at 0xc3 in for 0x7630ce6025
02-10 07:59:31.149 8144 8144 E ArmVmp : Match on catch block at 0xc3 in for 0x7630ce6025
02-10 07:59:31.152 8144 8144 E ArmVmp : Match on catch block at 0xc3 in for 0x7630ce6025
02-10 07:59:31.164 8144 8144 E ArmVmp : Match on catch block at 0xc3 in for 0x7630ce6025
02-10 07:59:31.167 8144 8144 E ArmVmp : Match on catch block at 0xc3 in for 0x7630ce6025
02-10 07:59:31.181 8144 8144 E ArmVmp : Match on catch block at 0xc3 in for 0x7630ce6025
02-10 07:59:31.184 8144 8144 E ArmVmp : Match on catch block at 0xc3 in for 0x7630ce6025
02-10 07:59:31.197 8144 8144 E ArmVmp : Match on catch block at 0xc3 in for 0x7630ce6025
02-10 07:59:31.200 8144 8144 E ArmVmp : Match on catch block at 0xc3 in for 0x7630ce6025
02-10 07:59:31.298 8144 8144 E ArmVmp : Match on catch block at 0xc3 in for 0x7630ce6025
02-10 07:59:31.302 8144 8144 E ArmVmp : Match on catch block at 0xc3 in for 0x7630ce6025
02-10 07:59:31.803 8144 8144 E ArmVmp : Match on catch block at 0xc3 in for 0x7630ce6025
02-10 07:59:31.812 8144 8144 E ArmVmp : Match on catch block at 0xc3 in for 0x7630ce6025
02-10 07:59:32.120 8144 8144 E ArmVmp : Match on catch block at 0xc3 in for 0x7630ce6025
02-10 07:59:32.122 8144 8144 E ArmVmp : Match on catch block at 0xc3 in for 0x7630ce6025
02-10 07:59:32.131 8144 8144 E ArmVmp : Match on catch block at 0xc3 in for 0x7630ce6025
02-10 07:59:32.134 8144 8144 E ArmVmp : Match on catch block at 0xc3 in for 0x7630ce6025
02-10 07:59:32.292 8144 8144 E ArmVmp : Match on catch block at 0xc3 in for 0x7630ce6025
02-10 07:59:32.301 8144 8144 E ArmVmp : Match on catch block at 0xc3 in for 0x7630ce6025
02-10 07:59:32.311 8144 8144 E ArmVmp : Match on catch block at 0xc3 in for 0x7630ce6025
02-10 07:59:32.316 8144 8144 E ArmVmp : Match on catch block at 0xc3 in for 0x7630ce6025
02-10 07:59:32.475 8144 8144 E ArmVmp : Match on catch block at 0xc3 in for 0x7630ce6025
02-10 07:59:32.477 8144 8144 E ArmVmp : Match on catch block at 0xc3 in for 0x7630ce6025
02-10 07:59:32.524 8144 8144 E ArmVmp : Match on catch block at 0xc3 in for 0x7630ce6025
02-10 07:59:32.531 8144 8144 E ArmVmp : Match on catch block at 0xc3 in for 0x7630ce6025
02-10 07:59:32.543 8144 8144 E ArmVmp : Match on catch block at 0xc3 in for 0x7630ce6025
02-10 07:59:32.552 8144 8144 E ArmVmp : Match on catch block at 0xc3 in for 0x7630ce6025
02-10 07:59:32.558 8144 8144 E ArmVmp : Match on catch block at 0xc3 in for 0x7630ce6025
02-10 07:59:32.571 8144 8144 E ArmVmp : Match on catch block at 0xc3 in for 0x7630ce6025
02-10 07:59:32.602 8144 8144 E ArmVmp : Match on catch block at 0xc3 in for 0x7630ce6025
02-10 07:59:32.613 8144 8144 E ArmVmp : Match on catch block at 0xc3 in for 0x7630ce6025
02-10 07:59:32.636 8144 8144 E ArmVmp : Match on catch block at 0xc3 in for 0x7630ce6025
02-10 07:59:32.640 8144 8144 E ArmVmp : Match on catch block at 0xc3 in for 0x7630ce6025
02-10 07:59:32.652 8144 8144 E ArmVmp : Match on catch block at 0xc3 in for 0x7630ce6025
02-10 07:59:32.663 8144 8144 E ArmVmp : Match on catch block at 0xc3 in for 0x7630ce6025
02-10 07:59:32.680 8144 8144 E ArmVmp : Match on catch block at 0xc3 in for 0x7630ce6025
02-10 07:59:32.684 8144 8144 E ArmVmp : Match on catch block at 0xc3 in for 0x7630ce6025
02-10 07:59:32.995 8144 8144 E ArmVmp : Match on catch block at 0xc3 in for 0x7630ce6025
02-10 07:59:33.000 8144 8144 E ArmVmp : Match on catch block at 0xc3 in for 0x7630ce6025
02-10 07:59:33.139 8144 8144 E ArmVmp : Match on catch block at 0xc3 in for 0x7630ce6025
02-10 07:59:33.145 8144 8144 E ArmVmp : Match on catch block at 0xc3 in for 0x7630ce6025
02-10 07:59:33.163 8144 8144 E ArmVmp : Match on catch block at 0xc3 in for 0x7630ce6025
02-10 07:59:33.167 8144 8144 E ArmVmp : Match on catch block at 0xc3 in for 0x7630ce6025
02-10 07:59:33.180 8144 8144 E ArmVmp : Match on catch block at 0xc3 in for 0x7630ce6025
02-10 07:59:33.186 8144 8144 E ArmVmp : Match on catch block at 0xc3 in for 0x7630ce6025
02-10 07:59:33.198 8144 8144 E ArmVmp : Match on catch block at 0xc3 in for 0x7630ce6025
02-10 07:59:33.202 8144 8144 E ArmVmp : Match on catch block at 0xc3 in for 0x7630ce6025
02-10 07:59:33.214 8144 8144 E ArmVmp : Match on catch block at 0xc3 in for 0x7630ce6025
02-10 07:59:33.218 8144 8144 E ArmVmp : Match on catch block at 0xc3 in for 0x7630ce6025
02-10 07:59:33.230 8144 8144 E ArmVmp : Match on catch block at 0xc3 in for 0x7630ce6025
02-10 07:59:33.233 8144 8144 E ArmVmp : Match on catch block at 0xc3 in for 0x7630ce6025
02-10 07:59:33.247 8144 8144 E ArmVmp : Match on catch block at 0xc3 in for 0x7630ce6025
02-10 07:59:33.255 8144 8144 E ArmVmp : Match on catch block at 0xc3 in for 0x7630ce6025
02-10 07:59:33.280 8144 8144 E ArmVmp : Match on catch block at 0xc3 in for 0x7630ce6025
02-10 07:59:33.289 8144 8144 E ArmVmp : Match on catch block at 0xc3 in for 0x7630ce6025
02-10 07:59:33.297 8144 8144 E ArmVmp : Match on catch block at 0xc3 in for 0x7630ce6025
02-10 07:59:33.302 8144 8144 E ArmVmp : Match on catch block at 0xc3 in for 0x7630ce6025
02-10 07:59:33.315 8144 8144 E ArmVmp : Match on catch block at 0xc3 in for 0x7630ce6025
02-10 07:59:33.319 8144 8144 E ArmVmp : Match on catch block at 0xc3 in for 0x7630ce6025
02-10 07:59:33.330 8144 8144 E ArmVmp : Match on catch block at 0xc3 in for 0x7630ce6025
02-10 07:59:33.336 8144 8144 E ArmVmp : Match on catch block at 0xc3 in for 0x7630ce6025
02-10 07:59:33.665 8144 8144 E ArmVmp : Match on catch block at 0xc3 in for 0x7630ce6025
02-10 07:59:33.668 8144 8144 E ArmVmp : Match on catch block at 0xc3 in for 0x7630ce6025
02-10 07:59:33.707 8144 8144 E ArmVmp : Match on catch block at 0xc3 in for 0x7630ce6025
02-10 07:59:33.718 8144 8144 E ArmVmp : Match on catch block at 0xc3 in for 0x7630ce6025
02-10 07:59:33.732 8144 8144 E ArmVmp : Match on catch block at 0xc3 in for 0x7630ce6025
02-10 07:59:33.737 8144 8144 E ArmVmp : Match on catch block at 0xc3 in for 0x7630ce6025
02-10 07:59:33.746 8144 8144 E ArmVmp : Match on catch block at 0xc3 in for 0x7630ce6025
02-10 07:59:33.759 8144 8144 E ArmVmp : Match on catch block at 0xc3 in for 0x7630ce6025
02-10 07:59:33.772 8144 8144 E ArmVmp : Match on catch block at 0xc3 in for 0x7630ce6025
02-10 07:59:33.788 8144 8144 E ArmVmp : Match on catch block at 0xc3 in for 0x7630ce6025
02-10 07:59:33.806 8144 8144 E ArmVmp : Match on catch block at 0xc3 in for 0x7630ce6025
02-10 07:59:33.809 8144 8144 E ArmVmp : Match on catch block at 0xc3 in for 0x7630ce6025
02-10 07:59:33.833 8144 8144 E ArmVmp : Match on catch block at 0xc3 in for 0x7630ce6025
02-10 07:59:33.845 8144 8144 E ArmVmp : Match on catch block at 0xc3 in for 0x7630ce6025
02-10 07:59:33.866 8144 8144 E ArmVmp : Match on catch block at 0xc3 in for 0x7630ce6025
02-10 07:59:33.874 8144 8144 E ArmVmp : Match on catch block at 0xc3 in for 0x7630ce6025
02-10 07:59:33.896 8144 8144 E ArmVmp : Match on catch block at 0xc3 in for 0x7630ce6025
02-10 07:59:33.907 8144 8144 E ArmVmp : Match on catch block at 0xc3 in for 0x7630ce6025
02-10 07:59:33.938 8144 8144 E ArmVmp : Match on catch block at 0xc3 in for 0x7630ce6025
02-10 07:59:33.946 8144 8144 E ArmVmp : Match on catch block at 0xc3 in for 0x7630ce6025
02-10 07:59:33.975 8144 8144 E ArmVmp : Match on catch block at 0xc3 in for 0x7630ce6025
02-10 07:59:33.985 8144 8144 E ArmVmp : Match on catch block at 0xc3 in for 0x7630ce6025
02-10 07:59:34.005 8144 8144 E ArmVmp : Match on catch block at 0xc3 in for 0x7630ce6025
02-10 07:59:34.011 8144 8144 E ArmVmp : Match on catch block at 0xc3 in for 0x7630ce6025
02-10 07:59:34.031 8144 8144 E ArmVmp : Match on catch block at 0xc3 in for 0x7630ce6025
02-10 07:59:34.041 8144 8144 E ArmVmp : Match on catch block at 0xc3 in for 0x7630ce6025
02-10 07:59:34.054 8144 8144 E ArmVmp : Match on catch block at 0xc3 in for 0x7630ce6025
02-10 07:59:34.065 8144 8144 E ArmVmp : Match on catch block at 0xc3 in for 0x7630ce6025
02-10 07:59:34.080 8144 8144 E ArmVmp : Match on catch block at 0xc3 in for 0x7630ce6025
02-10 07:59:34.092 8144 8144 E ArmVmp : Match on catch block at 0xc3 in for 0x7630ce6025
02-10 07:59:34.117 8144 8144 E ArmVmp : Match on catch block at 0xc3 in for 0x7630ce6025
02-10 07:59:34.123 8144 8144 E ArmVmp : Match on catch block at 0xc3 in for 0x7630ce6025
02-10 07:59:34.135 8144 8144 E ArmVmp : Match on catch block at 0xc3 in for 0x7630ce6025
02-10 07:59:34.142 8144 8144 E ArmVmp : Match on catch block at 0xc3 in for 0x7630ce6025
02-10 07:59:34.349 8144 8144 E ArmVmp : Match on catch block at 0xc3 in for 0x7630ce6025
02-10 07:59:34.352 8144 8144 E ArmVmp : Match on catch block at 0xc3 in for 0x7630ce6025
02-10 07:59:34.614 8144 8144 E ArmVmp : Match on catch block at 0xc3 in for 0x7630ce6025
02-10 07:59:34.617 8144 8144 E ArmVmp : Match on catch block at 0xc3 in for 0x7630ce6025
02-10 07:59:35.113 8144 8144 E ArmVmp : Match on catch block at 0xc3 in for 0x7630ce6025
02-10 07:59:35.116 8144 8144 E ArmVmp : Match on catch block at 0xc3 in for 0x7630ce6025
02-10 07:59:35.513 8144 8144 E ArmVmp : Match on catch block at 0xc3 in for 0x7630ce6025
02-10 07:59:35.521 8144 8144 E ArmVmp : Match on catch block at 0xc3 in for 0x7630ce6025
02-10 07:59:35.629 8144 8193 E SQLiteDatabase: Error inserting transferred=1 media_job_uuid=ca60d779-335d-4454-9d69-79ec428a1c62 transcoded=0 gif_attribution=0 first_scan_length=8326 direct_path=/v/t62.7118- 24/23802328_**************3_7279651373141475445_n.enc?ccb=11- 4&oh=01_AdTD4t0DJCX39OLQOiNSqbsJg9QZ- m3BQeCkFZzne_1_0A&oe=65EE38BE&_nc_sid=5e03e0&_nc_hot=1707526770 thumbnail_height_width_ratio=1.8 is_animated_sticker=0 file_hash=0Sw/GkNcuwe+8GXefnfWskQTdRRSoxKKOU6xrJmg4nY= file_path=Media/.Statuses/8b8d41d9caf74d718e2b1b40f58fa0eb.jpg file_size=52575 partial_media_hash=AilNHEfLIz5KRQYhRWPHFPlkZdbq7GwlnH9L/nmtOhY= face_x=430 face_y=407 height=1280 trim_to=0 media_key_timestamp=1707523568000 message_url=*********************************************************************** *********************************************************************************** ********************************** media_caption=null trim_from=0 mime_type=image/jpeg partial_media_enc_hash=null width=720 original_file_hash=null has_streaming_sidecar=1 autotransfer_retry_enabled=1 media_upload_handle=null message_row_id=137 multicast_id=null enc_file_hash=iWGXvq4UYjTDV4F1T6a+5qj5rDdCIvpZjg7J3vFz0bU= mute_video=0 page_count=0 first_scan_sidecar=[B@b224a28 suspicious_content=0 file_length=52575 media_name=null media_duration=0 chat_row_id=51 media_key=[B@321f341
02-10 07:59:35.629 8144 8193 E SQLiteDatabase: android.database.sqlite.SQLiteConstraintException: UNIQUE constraint failed: message_media.message_row_id (code 1555 SQLITE_CONSTRAINT_PRIMARYKEY)
02-10 07:59:35.629 8144 8193 E SQLiteDatabase: at android.database.sqlite.SQLiteConnection.nativeExecuteForLastInsertedRowId(Native Method)
02-10 07:59:35.629 8144 8193 E SQLiteDatabase: at android.database.sqlite.SQLiteConnection.executeForLastInsertedRowId(SQLiteConnecti on.java:985)
02-10 07:59:35.629 8144 8193 E SQLiteDatabase: at android.database.sqlite.SQLiteSession.executeForLastInsertedRowId(SQLiteSession.jav a:790)
02-10 07:59:35.629 8144 8193 E SQLiteDatabase: at android.database.sqlite.SQLiteStatement.executeInsert(SQLiteStatement.java:89)
02-10 07:59:35.629 8144 8193 E SQLiteDatabase: at android.database.sqlite.SQLiteDatabase.insertWithOnConflict(SQLiteDatabase.java:170 2)
02-10 07:59:35.629 8144 8193 E SQLiteDatabase: at android.database.sqlite.SQLiteDatabase.insert(SQLiteDatabase.java:1571)
02-10 07:59:35.629 8144 8193 E SQLiteDatabase: at X.2tm.A08(Unknown Source:6)
02-10 07:59:35.629 8144 8193 E SQLiteDatabase: at X.35Y.A07(Unknown Source:212)
02-10 07:59:35.629 8144 8193 E SQLiteDatabase: at X.3QF.A14(Unknown Source:470)
02-10 07:59:35.629 8144 8193 E SQLiteDatabase: at X.3gU.run(Unknown Source:982)
02-10 07:59:35.629 8144 8193 E SQLiteDatabase: at android.os.Handler.handleCallback(Handler.java:938)
02-10 07:59:35.629 8144 8193 E SQLiteDatabase: at android.os.Handler.dispatchMessage(Handler.java:99)
02-10 07:59:35.629 8144 8193 E SQLiteDatabase: at X.0zq.dispatchMessage(Unknown Source:4)
02-10 07:59:35.629 8144 8193 E SQLiteDatabase: at android.os.Looper.loopOnce(Looper.java:233)
02-10 07:59:35.629 8144 8193 E SQLiteDatabase: at android.os.Looper.loop(Looper.java:334)
02-10 07:59:35.629 8144 8193 E SQLiteDatabase: at android.os.HandlerThread.run(HandlerThread.java:67)
02-10 07:59:35.715 8144 8144 E ArmVmp : Match on catch block at 0xc3 in for 0x7630ce6025
02-10 07:59:35.720 8144 8144 E ArmVmp : Match on catch block at 0xc3 in for 0x7630ce6025
02-10 07:59:35.730 8144 8144 E ArmVmp : Match on catch block at 0xc3 in for 0x7630ce6025
02-10 07:59:35.733 8144 8144 E ArmVmp : Match on catch block at 0xc3 in for 0x7630ce6025
02-10 07:59:35.746 8144 8144 E ArmVmp : Match on catch block at 0xc3 in for 0x7630ce6025
02-10 07:59:35.750 8144 8144 E ArmVmp : Match on catch block at 0xc3 in for 0x7630ce6025
02-10 07:59:35.763 8144 8144 E ArmVmp : Match on catch block at 0xc3 in for 0x7630ce6025
02-10 07:59:35.767 8144 8144 E ArmVmp : Match on catch block at 0xc3 in for 0x7630ce6025
02-10 07:59:35.780 8144 8144 E ArmVmp : Match on catch block at 0xc3 in for 0x7630ce6025
02-10 07:59:35.785 8144 8144 E ArmVmp : Match on catch block at 0xc3 in for 0x7630ce6025
02-10 07:59:35.797 8144 8144 E ArmVmp : Match on catch block at 0xc3 in for 0x7630ce6025
02-10 07:59:35.800 8144 8144 E ArmVmp : Match on catch block at 0xc3 in for 0x7630ce6025
02-10 07:59:35.813 8144 8144 E ArmVmp : Match on catch block at 0xc3 in for 0x7630ce6025
02-10 07:59:35.817 8144 8144 E ArmVmp : Match on catch block at 0xc3 in for 0x7630ce6025
02-10 07:59:35.831 8144 8144 E ArmVmp : Match on catch block at 0xc3 in for 0x7630ce6025
02-10 07:59:35.835 8144 8144 E ArmVmp : Match on catch block at 0xc3 in for 0x7630ce6025
02-10 07:59:35.847 8144 8144 E ArmVmp : Match on catch block at 0xc3 in for 0x7630ce6025
02-10 07:59:35.852 8144 8144 E ArmVmp : Match on catch block at 0xc3 in for 0x7630ce6025
02-10 07:59:35.864 8144 8144 E ArmVmp : Match on catch block at 0xc3 in for 0x7630ce6025
02-10 07:59:35.869 8144 8144 E ArmVmp : Match on catch block at 0xc3 in for 0x7630ce6025
02-10 07:59:35.880 8144 8144 E ArmVmp : Match on catch block at 0xc3 in for 0x7630ce6025
02-10 07:59:35.884 8144 8144 E ArmVmp : Match on catch block at 0xc3 in for 0x7630ce6025
02-10 07:59:35.897 8144 8144 E ArmVmp : Match on catch block at 0xc3 in for 0x7630ce6025
02-10 07:59:35.900 8144 8144 E ArmVmp : Match on catch block at 0xc3 in for 0x7630ce6025
02-10 07:59:35.913 8144 8144 E ArmVmp : Match on catch block at 0xc3 in for 0x7630ce6025
02-10 07:59:35.917 8144 8144 E ArmVmp : Match on catch block at 0xc3 in for 0x7630ce6025
02-10 07:59:35.931 8144 8144 E ArmVmp : Match on catch block at 0xc3 in for 0x7630ce6025
02-10 07:59:35.934 8144 8144 E ArmVmp : Match on catch block at 0xc3 in for 0x7630ce6025
02-10 07:59:35.949 8144 8144 E ArmVmp : Match on catch block at 0xc3 in for 0x7630ce6025
02-10 07:59:35.952 8144 8144 E ArmVmp : Match on catch block at 0xc3 in for 0x7630ce6025
02-10 07:59:35.967 8144 8144 E ArmVmp : Match on catch block at 0xc3 in for 0x7630ce6025
02-10 07:59:35.970 8144 8144 E ArmVmp : Match on catch block at 0xc3 in for 0x7630ce6025
02-10 07:59:36.015 8144 8144 E ArmVmp : Match on catch block at 0xc3 in for 0x7630ce6025
02-10 07:59:36.019 8144 8144 E ArmVmp : Match on catch block at 0xc3 in for 0x7630ce6025
02-10 07:59:36.048 8144 8144 E ArmVmp : Match on catch block at 0xc3 in for 0x7630ce6025
02-10 07:59:36.053 8144 8144 E ArmVmp : Match on catch block at 0xc3 in for 0x7630ce6025
02-10 07:59:36.298 8144 8144 E ArmVmp : Match on catch block at 0xc3 in for 0x7630ce6025
02-10 07:59:36.301 8144 8144 E ArmVmp : Match on catch block at 0xc3 in for 0x7630ce6025
02-10 07:59:36.413 8144 8144 E ArmVmp : Match on catch block at 0xc3 in for 0x7630ce6025
02-10 07:59:36.417 8144 8144 E ArmVmp : Match on catch block at 0xc3 in for 0x7630ce6025
02-10 07:59:36.681 8144 8144 E ArmVmp : Match on catch block at 0xc3 in for 0x7630ce6025
02-10 07:59:36.685 8144 8144 E ArmVmp : Match on catch block at 0xc3 in for 0x7630ce6025
02-10 07:59:36.898 8144 8144 E ArmVmp : Match on catch block at 0xc3 in for 0x7630ce6025
02-10 07:59:36.902 8144 8144 E ArmVmp : Match on catch block at 0xc3 in for 0x7630ce6025
02-10 07:59:37.133 8144 8144 E ArmVmp : Match on catch block at 0xc3 in for 0x7630ce6025
02-10 07:59:37.136 8144 8144 E ArmVmp : Match on catch block at 0xc3 in for 0x7630ce6025
02-10 07:59:37.297 8144 8144 E ArmVmp : Match on catch block at 0xc3 in for 0x7630ce6025
02-10 07:59:37.302 8144 8144 E ArmVmp : Match on catch block at 0xc3 in for 0x7630ce6025
02-10 07:59:37.564 8144 8144 E ArmVmp : Match on catch block at 0xc3 in for 0x7630ce6025
02-10 07:59:37.571 8144 8144 E ArmVmp : Match on catch block at 0xc3 in for 0x7630ce6025
02-10 07:59:37.748 8144 8144 E ArmVmp : Match on catch block at 0xc3 in for 0x7630ce6025
02-10 07:59:37.753 8144 8144 E ArmVmp : Match on catch block at 0xc3 in for 0x7630ce6025
02-10 07:59:38.066 8144 8144 E ArmVmp : Match on catch block at 0xc3 in for 0x7630ce6025
02-10 07:59:38.075 8144 8144 E ArmVmp : Match on catch block at 0xc3 in for 0x7630ce6025
02-10 07:59:38.569 8144 8144 E ArmVmp : Match on catch block at 0xc3 in for 0x7630ce6025
02-10 07:59:38.580 8144 8144 E ArmVmp : Match on catch block at 0xc3 in for 0x7630ce6025
02-10 07:59:39.067 8144 8144 E ArmVmp : Match on catch block at 0xc3 in for 0x7630ce6025
02-10 07:59:39.073 8144 8144 E ArmVmp : Match on catch block at 0xc3 in for 0x7630ce6025
02-10 07:59:39.568 8144 8144 E ArmVmp : Match on catch block at 0xc3 in for 0x7630ce6025
02-10 07:59:39.580 8144 8144 E ArmVmp : Match on catch block at 0xc3 in for 0x7630ce6025
02-10 07:59:40.083 8144 8144 E ArmVmp : Match on catch block at 0xc3 in for 0x7630ce6025
02-10 07:59:40.087 8144 8144 E ArmVmp : Match on catch block at 0xc3 in for 0x7630ce6025
02-10 07:59:40.584 8144 8144 E ArmVmp : Match on catch block at 0xc3 in for 0x7630ce6025
02-10 07:59:40.593 8144 8144 E ArmVmp : Match on catch block at 0xc3 in for 0x7630ce6025
02-10 07:59:41.086 8144 8144 E ArmVmp : Match on catch block at 0xc3 in for 0x7630ce6025
02-10 07:59:41.097 8144 8144 E ArmVmp : Match on catch block at 0xc3 in for 0x7630ce6025
02-10 07:59:41.587 8144 8144 E ArmVmp : Match on catch block at 0xc3 in for 0x7630ce6025
02-10 07:59:41.596 8144 8144 E ArmVmp : Match on catch block at 0xc3 in for 0x7630ce6025
02-10 07:59:41.952 8144 8144 E ArmVmp : Match on catch block at 0xc3 in for 0x7630ce6025
02-10 07:59:41.961 8144 8144 E ArmVmp : Match on catch block at 0xc3 in for 0x7630ce6025
02-10 07:59:42.001 8144 8144 E ArmVmp : Match on catch block at 0xc3 in for 0x7630ce6025
02-10 07:59:42.005 8144 8144 E ArmVmp : Match on catch block at 0xc3 in for 0x7630ce6025
02-10 07:59:42.028 8144 8144 E ArmVmp : Match on catch block at 0xc3 in for 0x7630ce6025
02-10 07:59:42.033 8144 8144 E ArmVmp : Match on catch block at 0xc3 in for 0x7630ce6025
02-10 07:59:42.044 8144 8144 E ArmVmp : Match on catch block at 0xc3 in for 0x7630ce6025
02-10 07:59:42.047 8144 8144 E ArmVmp : Match on catch block at 0xc3 in for 0x7630ce6025
02-10 07:59:42.136 8144 8144 E ArmVmp : Match on catch block at 0xc3 in for 0x7630ce6025
02-10 07:59:42.140 8144 8144 E ArmVmp : Match on catch block at 0xc3 in for 0x7630ce6025
02-10 07:59:42.157 8144 8144 E ArmVmp : Match on catch block at 0xc3 in for 0x7630ce6025
02-10 07:59:42.167 8144 8144 E ArmVmp : Match on catch block at 0xc3 in for 0x7630ce6025
02-10 07:59:42.197 8144 8144 E ArmVmp : Match on catch block at 0xc3 in for 0x7630ce6025
02-10 07:59:42.201 8144 8144 E ArmVmp : Match on catch block at 0xc3 in for 0x7630ce6025
02-10 07:59:42.215 8144 8144 E ArmVmp : Match on catch block at 0xc3 in for 0x7630ce6025
02-10 07:59:42.218 8144 8144 E ArmVmp : Match on catch block at 0xc3 in for 0x7630ce6025
02-10 07:59:42.498 8144 8144 E ArmVmp : Match on catch block at 0xc3 in for 0x7630ce6025
02-10 07:59:42.501 8144 8144 E ArmVmp : Match on catch block at 0xc3 in for 0x7630ce6025
02-10 07:59:42.968 8144 8144 E ArmVmp : Match on catch block at 0xc3 in for 0x7630ce6025
02-10 07:59:42.983 8144 8144 E ArmVmp : Match on catch block at 0xc3 in for 0x7630ce6025
02-10 07:59:42.999 8144 8144 E ArmVmp : Match on catch block at 0xc3 in for 0x7630ce6025
02-10 07:59:43.015 8144 8144 E ArmVmp : Match on catch block at 0xc3 in for 0x7630ce6025
02-10 07:59:43.049 8144 8144 E ArmVmp : Match on catch block at 0xc3 in for 0x7630ce6025
02-10 07:59:43.076 8144 8144 E ArmVmp : Match on catch block at 0xc3 in for 0x7630ce6025
02-10 07:59:43.443 8144 8144 E ArmVmp : Match on catch block at 0xc3 in for 0x7630ce6025
02-10 07:59:43.445 8144 8144 E ArmVmp : Match on catch block at 0xc3 in for 0x7630ce6025
02-10 07:59:43.452 8144 8144 E ArmVmp : Match on catch block at 0xc3 in for 0x7630ce6025
02-10 07:59:43.455 8144 8144 E ArmVmp : Match on catch block at 0xc3 in for 0x7630ce6025
02-10 07:59:43.564 8144 8144 E ArmVmp : Match on catch block at 0xc3 in for 0x7630ce6025
02-10 07:59:43.568 8144 8144 E ArmVmp : Match on catch block at 0xc3 in for 0x7630ce6025
02-10 07:59:44.065 8144 8144 E ArmVmp : Match on catch block at 0xc3 in for 0x7630ce6025
02-10 07:59:44.073 8144 8144 E ArmVmp : Match on catch block at 0xc3 in for 0x7630ce6025
02-10 07:59:44.216 8144 8144 E ArmVmp : Match on catch block at 0xc3 in for 0x7630ce6025
02-10 07:59:44.220 8144 8144 E ArmVmp : Match on catch block at 0xc3 in for 0x7630ce6025
02-10 07:59:44.230 8144 8144 E ArmVmp : Match on catch block at 0xc3 in for 0x7630ce6025
02-10 07:59:44.233 8144 8144 E ArmVmp : Match on catch block at 0xc3 in for 0x7630ce6025
02-10 07:59:44.285 8144 8144 E ArmVmp : Match on catch block at 0xc3 in for 0x7630ce6025
02-10 07:59:44.288 8144 8144 E ArmVmp : Match on catch block at 0xc3 in for 0x7630ce6025
02-10 07:59:44.447 8144 8144 E ArmVmp : Match on catch block at 0xc3 in for 0x7630ce6025
02-10 07:59:44.457 8144 8144 E ArmVmp : Match on catch block at 0xc3 in for 0x7630ce6025
02-10 07:59:44.472 8144 8144 E ArmVmp : Match on catch block at 0xc3 in for 0x7630ce6025
02-10 07:59:44.489 8144 8144 E ArmVmp : Match on catch block at 0xc3 in for 0x7630ce6025
02-10 07:59:44.620 8144 8144 E ArmVmp : Match on catch block at 0xc3 in for 0x7630ce6025
02-10 07:59:44.624 8144 8144 E ArmVmp : Match on catch block at 0xc3 in for 0x7630ce6025
02-10 07:59:46.716 8144 8158 E OpenGLRenderer: JankTracker::calculateLegacyJank expectedDequeueDuration > 0 expectedDequeueDuration=970267, DequeueBufferDuration=3412708, forgiveAmount=970267, totalDuration=11036289
02-10 07:59:46.750 8144 8158 E OpenGLRenderer: JankTracker::calculateLegacyJank expectedDequeueDuration > 0 expectedDequeueDuration=1407986, DequeueBufferDuration=2663906, forgiveAmount=1407986, totalDuration=10762674
02-10 07:59:46.764 8144 8158 E OpenGLRenderer: JankTracker::calculateLegacyJank expectedDequeueDuration > 0 expectedDequeueDuration=540167, DequeueBufferDuration=1332344, forgiveAmount=540167, totalDuration=12550135
02-10 07:59:46.800 8144 8158 E OpenGLRenderer: JankTracker::calculateLegacyJank expectedDequeueDuration > 0 expectedDequeueDuration=1398197, DequeueBufferDuration=1174323, forgiveAmount=1174323, totalDuration=7815344
02-10 07:59:46.949 8144 8158 E OpenGLRenderer: JankTracker::calculateLegacyJank expectedDequeueDuration > 0 expectedDequeueDuration=119695, DequeueBufferDuration=2276042, forgiveAmount=119695, totalDuration=13771547
02-10 07:59:46.985 8144 8158 E OpenGLRenderer: JankTracker::calculateLegacyJank expectedDequeueDuration > 0 expectedDequeueDuration=534114, DequeueBufferDuration=1156719, forgiveAmount=534114, totalDuration=9706980
02-10 07:59:46.999 8144 8158 E OpenGLRenderer: JankTracker::calculateLegacyJank expectedDequeueDuration > 0 expectedDequeueDuration=212164, DequeueBufferDuration=1881145, forgiveAmount=212164, totalDuration=11587234
02-10 07:59:47.034 8144 8158 E OpenGLRenderer: JankTracker::calculateLegacyJank expectedDequeueDuration > 0 expectedDequeueDuration=287642, DequeueBufferDuration=760313, forgiveAmount=287642, totalDuration=9687216
02-10 07:59:48.533 8144 8158 E OpenGLRenderer: JankTracker::calculateLegacyJank expectedDequeueDuration > 0 expectedDequeueDuration=1264377, DequeueBufferDuration=3627240, forgiveAmount=1264377, totalDuration=9567808
02-10 07:59:48.550 8144 8158 E OpenGLRenderer: JankTracker::calculateLegacyJank expectedDequeueDuration > 0 expectedDequeueDuration=1436842, DequeueBufferDuration=3630417, forgiveAmount=1436842, totalDuration=9045639
02-10 07:59:48.568 8144 8158 E OpenGLRenderer: JankTracker::calculateLegacyJank expectedDequeueDuration > 0 expectedDequeueDuration=1294778, DequeueBufferDuration=3393594, forgiveAmount=1294778, totalDuration=9266121
02-10 07:59:48.585 8144 8158 E OpenGLRenderer: JankTracker::calculateLegacyJank expectedDequeueDuration > 0 expectedDequeueDuration=1403180, DequeueBufferDuration=3535365, forgiveAmount=1403180, totalDuration=9322963
02-10 07:59:49.812 8144 8158 E OpenGLRenderer: JankTracker::calculateLegacyJank expectedDequeueDuration > 0 expectedDequeueDuration=1007682, DequeueBufferDuration=18492604, forgiveAmount=1007682, totalDuration=25709531
02-10 07:59:50.162 8144 8413 E OpenGLRenderer: JankTracker::calculateLegacyJank expectedDequeueDuration > 0 expectedDequeueDuration=112789, DequeueBufferDuration=12995677, forgiveAmount=112789, totalDuration=19308484
02-10 07:59:53.096 8144 8413 E OpenGLRenderer: JankTracker::calculateLegacyJank expectedDequeueDuration > 0 expectedDequeueDuration=52433, DequeueBufferDuration=14510990, forgiveAmount=52433, totalDuration=20570603
02-10 07:59:53.645 8144 8637 E OpenGLRenderer: JankTracker::calculateLegacyJank expectedDequeueDuration > 0 expectedDequeueDuration=2433540, DequeueBufferDuration=1146197, forgiveAmount=1146197, totalDuration=4859378
02-10 07:59:53.748 8144 8413 E OpenGLRenderer: JankTracker::calculateLegacyJank expectedDequeueDuration > 0 expectedDequeueDuration=2968516, DequeueBufferDuration=2028854, forgiveAmount=2028854, totalDuration=3059765
02-10 07:59:53.813 8144 8413 E OpenGLRenderer: JankTracker::calculateLegacyJank expectedDequeueDuration > 0 expectedDequeueDuration=2191565, DequeueBufferDuration=988542, forgiveAmount=988542, totalDuration=4472236
02-10 07:59:56.087 8144 8622 E OpenGLRenderer: JankTracker::calculateLegacyJank expectedDequeueDuration > 0 expectedDequeueDuration=377662, DequeueBufferDuration=5362864, forgiveAmount=377662, totalDuration=15245458
02-10 07:59:56.101 8144 8622 E OpenGLRenderer: JankTracker::calculateLegacyJank expectedDequeueDuration > 0 expectedDequeueDuration=158083, DequeueBufferDuration=5086250, forgiveAmount=158083, totalDuration=15620083
02-10 07:59:57.329 8144 8144 E RecyclerView: No adapter attached; skipping layout
02-10 07:59:57.333 8144 8144 E RecyclerView: No adapter attached; skipping layout
02-10 07:59:57.666 8144 8622 E OpenGLRenderer: JankTracker::calculateLegacyJank expectedDequeueDuration > 0 expectedDequeueDuration=1010897, DequeueBufferDuration=5158698, forgiveAmount=1010897, totalDuration=10039092
02-10 07:59:57.697 8144 8158 E OpenGLRenderer: JankTracker::calculateLegacyJank expectedDequeueDuration > 0 expectedDequeueDuration=361200, DequeueBufferDuration=1634843, forgiveAmount=361200, totalDuration=12801245
02-10 07:59:58.000 8144 9461 E ANDR-VPERF: libqti-perfd-client_system load libvivo-vperfd-client_system.so sucess
02-10 07:59:58.090 8144 9461 E ion : ioctl c0044901 failed with code -1: Inappropriate ioctl for device
02-10 07:59:58.127 8144 9450 E Surface : freeAllBuffers: 12 buffers were freed while being dequeued!
02-10 07:59:58.234 8144 8158 E OpenGLRenderer: JankTracker::calculateLegacyJank expectedDequeueDuration > 0 expectedDequeueDuration=201605, DequeueBufferDuration=691615, forgiveAmount=201605, totalDuration=5125227
02-10 07:59:58.247 8144 8158 E OpenGLRenderer: JankTracker::calculateLegacyJank expectedDequeueDuration > 0 expectedDequeueDuration=2331991, DequeueBufferDuration=4660156, forgiveAmount=2331991, totalDuration=6918830
02-10 07:59:58.298 8144 8158 E OpenGLRenderer: JankTracker::calculateLegacyJank expectedDequeueDuration > 0 expectedDequeueDuration=2672904, DequeueBufferDuration=2601511, forgiveAmount=2601511, totalDuration=3927616
02-10 07:59:58.315 8144 8158 E OpenGLRenderer: JankTracker::calculateLegacyJank expectedDequeueDuration > 0 expectedDequeueDuration=590524, DequeueBufferDuration=1747187, forgiveAmount=590524, totalDuration=7326348
02-10 07:59:58.332 8144 8158 E OpenGLRenderer: JankTracker::calculateLegacyJank expectedDequeueDuration > 0 expectedDequeueDuration=2362695, DequeueBufferDuration=2896614, forgiveAmount=2362695, totalDuration=4933152
02-10 07:59:58.350 8144 8158 E OpenGLRenderer: JankTracker::calculateLegacyJank expectedDequeueDuration > 0 expectedDequeueDuration=1287165, DequeueBufferDuration=1807500, forgiveAmount=1287165, totalDuration=6079368
02-10 07:59:58.364 8144 8158 E OpenGLRenderer: JankTracker::calculateLegacyJank expectedDequeueDuration > 0 expectedDequeueDuration=2696657, DequeueBufferDuration=4173230, forgiveAmount=2696657, totalDuration=5971165
02-10 07:59:58.397 8144 8158 E OpenGLRenderer: JankTracker::calculateLegacyJank expectedDequeueDuration > 0 expectedDequeueDuration=1094598, DequeueBufferDuration=755573, forgiveAmount=755573, totalDuration=5611183
02-10 07:59:58.413 8144 8158 E OpenGLRenderer: JankTracker::calculateLegacyJank expectedDequeueDuration > 0 expectedDequeueDuration=2772874, DequeueBufferDuration=1875781, forgiveAmount=1875781, totalDuration=4067386
02-10 07:59:58.433 8144 8158 E OpenGLRenderer: JankTracker::calculateLegacyJank expectedDequeueDuration > 0 expectedDequeueDuration=2836438, DequeueBufferDuration=2214636, forgiveAmount=2214636, totalDuration=3365801
02-10 07:59:58.448 8144 8158 E OpenGLRenderer: JankTracker::calculateLegacyJank expectedDequeueDuration > 0 expectedDequeueDuration=2733881, DequeueBufferDuration=1719740, forgiveAmount=1719740, totalDuration=3155754
02-10 07:59:58.464 8144 8158 E OpenGLRenderer: JankTracker::calculateLegacyJank expectedDequeueDuration > 0 expectedDequeueDuration=2286799, DequeueBufferDuration=2730157, forgiveAmount=2286799, totalDuration=4356506
02-10 07:59:58.483 8144 8622 E OpenGLRenderer: JankTracker::calculateLegacyJank expectedDequeueDuration > 0 expectedDequeueDuration=2626198, DequeueBufferDuration=2598646, forgiveAmount=2598646, totalDuration=3159374
02-10 07:59:58.534 8144 8622 E OpenGLRenderer: JankTracker::calculateLegacyJank expectedDequeueDuration > 0 expectedDequeueDuration=414710, DequeueBufferDuration=7062448, forgiveAmount=414710, totalDuration=14253965
02-10 08:00:00.435 8144 8193 E SQLiteDatabase: Error inserting transferred=1 media_job_uuid=0ffe9f78-0544-4a2c-8f67-efc270ae7488 transcoded=0 gif_attribution=0 first_scan_length=0 direct_path=/v/t62.7161- 24/35252773_317445387456067_4988382159781179837_n.enc?ccb=11- 4&oh=01_AdRBEDe3WvEeI8ctp1tI76qVxZz0f4EGw14VgnR5v_L5Bg&oe=65EE56E5&_nc_sid=5e03e0 thumbnail_height_width_ratio=1.7777778 is_animated_sticker=0 file_hash=qyRUd3R2t11uhmpcN8W3GTinI4nNj4UddvfrtLHRg3Q= file_path=Media/.Statuses/070da5a62eb547d89adcee78d2542b2e.mp4 file_size=3061505 partial_media_hash=null face_x=0 face_y=0 height=1024 trim_to=0 media_key_timestamp=1707526732000 message_url=*********************************************************************** *********************************************************************************** ********************************** media_caption=null trim_from=0 mime_type=video/mp4 partial_media_enc_hash=null width=576 original_file_hash=null has_streaming_sidecar=1 autotransfer_retry_enabled=1 media_upload_handle=null message_row_id=130 multicast_id=null enc_file_hash=6zZgamLPK5XdtxFcBgktsgOnU+bMn/qEh4NkMd1QGig= mute_video=0 page_count=0 first_scan_sidecar=null suspicious_content=0 file_length=3061505 media_name=null media_duration=13 chat_row_id=51 media_key=[B@9becf5e
02-10 08:00:00.435 8144 8193 E SQLiteDatabase: android.database.sqlite.SQLiteConstraintException: UNIQUE constraint failed: message_media.message_row_id (code 1555 SQLITE_CONSTRAINT_PRIMARYKEY)
02-10 08:00:00.435 8144 8193 E SQLiteDatabase: at android.database.sqlite.SQLiteConnection.nativeExecuteForLastInsertedRowId(Native Method)
02-10 08:00:00.435 8144 8193 E SQLiteDatabase: at android.database.sqlite.SQLiteConnection.executeForLastInsertedRowId(SQLiteConnecti on.java:985)
02-10 08:00:00.435 8144 8193 E SQLiteDatabase: at android.database.sqlite.SQLiteSession.executeForLastInsertedRowId(SQLiteSession.jav a:790)
02-10 08:00:00.435 8144 8193 E SQLiteDatabase: at android.database.sqlite.SQLiteStatement.executeInsert(SQLiteStatement.java:89)
02-10 08:00:00.435 8144 8193 E SQLiteDatabase: at android.database.sqlite.SQLiteDatabase.insertWithOnConflict(SQLiteDatabase.java:170 2)
02-10 08:00:00.435 8144 8193 E SQLiteDatabase: at android.database.sqlite.SQLiteDatabase.insert(SQLiteDatabase.java:1571)
02-10 08:00:00.435 8144 8193 E SQLiteDatabase: at X.2tm.A08(Unknown Source:6)
02-10 08:00:00.435 8144 8193 E SQLiteDatabase: at X.35Y.A07(Unknown Source:212)
02-10 08:00:00.435 8144 8193 E SQLiteDatabase: at X.3QF.A14(Unknown Source:470)
02-10 08:00:00.435 8144 8193 E SQLiteDatabase: at X.3gU.run(Unknown Source:982)
02-10 08:00:00.435 8144 8193 E SQLiteDatabase: at android.os.Handler.handleCallback(Handler.java:938)
02-10 08:00:00.435 8144 8193 E SQLiteDatabase: at android.os.Handler.dispatchMessage(Handler.java:99)
02-10 08:00:00.435 8144 8193 E SQLiteDatabase: at X.0zq.dispatchMessage(Unknown Source:4)
02-10 08:00:00.435 8144 8193 E SQLiteDatabase: at android.os.Looper.loopOnce(Looper.java:233)
02-10 08:00:00.435 8144 8193 E SQLiteDatabase: at android.os.Looper.loop(Looper.java:334)
02-10 08:00:00.435 8144 8193 E SQLiteDatabase: at android.os.HandlerThread.run(HandlerThread.java:67)
02-10 08:00:00.869 8144 8413 E OpenGLRenderer: JankTracker::calculateLegacyJank expectedDequeueDuration > 0 expectedDequeueDuration=596396, DequeueBufferDuration=3941719, forgiveAmount=596396, totalDuration=9903353
02-10 08:00:00.886 8144 8413 E OpenGLRenderer: JankTracker::calculateLegacyJank expectedDequeueDuration > 0 expectedDequeueDuration=1890300, DequeueBufferDuration=4649687, forgiveAmount=1890300, totalDuration=8397785
02-10 08:00:00.902 8144 8413 E OpenGLRenderer: JankTracker::calculateLegacyJank expectedDequeueDuration > 0 expectedDequeueDuration=1228600, DequeueBufferDuration=5429063, forgiveAmount=1228600, totalDuration=10674624
02-10 08:00:00.919 8144 8413 E OpenGLRenderer: JankTracker::calculateLegacyJank expectedDequeueDuration > 0 expectedDequeueDuration=1472863, DequeueBufferDuration=6162760, forgiveAmount=1472863, totalDuration=11843389
02-10 08:00:00.935 8144 8158 E OpenGLRenderer: JankTracker::calculateLegacyJank expectedDequeueDuration > 0 expectedDequeueDuration=1623634, DequeueBufferDuration=5142135, forgiveAmount=1623634, totalDuration=9172316
02-10 08:00:02.217 8144 8158 E OpenGLRenderer: JankTracker::calculateLegacyJank expectedDequeueDuration > 0 expectedDequeueDuration=836340, DequeueBufferDuration=5445000, forgiveAmount=836340, totalDuration=10731226
02-10 08:00:02.234 8144 8158 E OpenGLRenderer: JankTracker::calculateLegacyJank expectedDequeueDuration > 0 expectedDequeueDuration=904438, DequeueBufferDuration=2905520, forgiveAmount=904438, totalDuration=8002322
02-10 08:00:02.251 8144 8158 E OpenGLRenderer: JankTracker::calculateLegacyJank expectedDequeueDuration > 0 expectedDequeueDuration=1880706, DequeueBufferDuration=3437500, forgiveAmount=1880706, totalDuration=7635671
02-10 08:00:02.268 8144 8158 E OpenGLRenderer: JankTracker::calculateLegacyJank expectedDequeueDuration > 0 expectedDequeueDuration=1506600, DequeueBufferDuration=3780209, forgiveAmount=1506600, totalDuration=8208362
02-10 08:00:02.285 8144 8158 E OpenGLRenderer: JankTracker::calculateLegacyJank expectedDequeueDuration > 0 expectedDequeueDuration=2099656, DequeueBufferDuration=4003229, forgiveAmount=2099656, totalDuration=8102667
02-10 08:00:02.300 8144 8158 E OpenGLRenderer: JankTracker::calculateLegacyJank expectedDequeueDuration > 0 expectedDequeueDuration=1825294, DequeueBufferDuration=4140573, forgiveAmount=1825294, totalDuration=8122068
02-10 08:00:02.317 8144 8158 E OpenGLRenderer: JankTracker::calculateLegacyJank expectedDequeueDuration > 0 expectedDequeueDuration=1625285, DequeueBufferDuration=4359114, forgiveAmount=1625285, totalDuration=8952399
02-10 08:00:02.334 8144 8158 E OpenGLRenderer: JankTracker::calculateLegacyJank expectedDequeueDuration > 0 expectedDequeueDuration=1353144, DequeueBufferDuration=2534480, forgiveAmount=1353144, totalDuration=7590744
02-10 08:00:02.351 8144 8158 E OpenGLRenderer: JankTracker::calculateLegacyJank expectedDequeueDuration > 0 expectedDequeueDuration=2167550, DequeueBufferDuration=3081875, forgiveAmount=2167550, totalDuration=6560265
02-10 08:00:02.368 8144 8158 E OpenGLRenderer: JankTracker::calculateLegacyJank expectedDequeueDuration > 0 expectedDequeueDuration=1893742, DequeueBufferDuration=4419063, forgiveAmount=1893742, totalDuration=7996370
02-10 08:00:02.384 8144 8158 E OpenGLRenderer: JankTracker::calculateLegacyJank expectedDequeueDuration > 0 expectedDequeueDuration=1728375, DequeueBufferDuration=4260625, forgiveAmount=1728375, totalDuration=8936114
02-10 08:00:02.401 8144 8158 E OpenGLRenderer: JankTracker::calculateLegacyJank expectedDequeueDuration > 0 expectedDequeueDuration=261350, DequeueBufferDuration=3546198, forgiveAmount=261350, totalDuration=10823863
02-10 08:00:02.418 8144 8413 E OpenGLRenderer: JankTracker::calculateLegacyJank expectedDequeueDuration > 0 expectedDequeueDuration=1051613, DequeueBufferDuration=3372031, forgiveAmount=1051613, totalDuration=8835368
02-10 08:00:02.435 8144 8413 E OpenGLRenderer: JankTracker::calculateLegacyJank expectedDequeueDuration > 0 expectedDequeueDuration=125301, DequeueBufferDuration=2621354, forgiveAmount=125301, totalDuration=9133096
02-10 08:00:02.451 8144 8413 E OpenGLRenderer: JankTracker::calculateLegacyJank expectedDequeueDuration > 0 expectedDequeueDuration=1706786, DequeueBufferDuration=4806927, forgiveAmount=1706786, totalDuration=9883511
02-10 08:00:02.467 8144 8413 E OpenGLRenderer: JankTracker::calculateLegacyJank expectedDequeueDuration > 0 expectedDequeueDuration=1828343, DequeueBufferDuration=5182031, forgiveAmount=1828343, totalDuration=10717012
02-10 08:00:02.485 8144 8413 E OpenGLRenderer: JankTracker::calculateLegacyJank expectedDequeueDuration > 0 expectedDequeueDuration=2460513, DequeueBufferDuration=5084636, forgiveAmount=2460513, totalDuration=8541266
02-10 08:00:02.502 8144 8413 E OpenGLRenderer: JankTracker::calculateLegacyJank expectedDequeueDuration > 0 expectedDequeueDuration=1527265, DequeueBufferDuration=3998229, forgiveAmount=1527265, totalDuration=8663959
02-10 08:00:02.517 8144 8413 E OpenGLRenderer: JankTracker::calculateLegacyJank expectedDequeueDuration > 0 expectedDequeueDuration=858780, DequeueBufferDuration=4130833, forgiveAmount=858780, totalDuration=11329836
02-10 08:00:02.536 8144 8413 E OpenGLRenderer: JankTracker::calculateLegacyJank expectedDequeueDuration > 0 expectedDequeueDuration=1691826, DequeueBufferDuration=4802864, forgiveAmount=1691826, totalDuration=9238900
02-10 08:00:02.553 8144 8413 E OpenGLRenderer: JankTracker::calculateLegacyJank expectedDequeueDuration > 0 expectedDequeueDuration=1865673, DequeueBufferDuration=3796771, forgiveAmount=1865673, totalDuration=10185582
02-10 08:00:02.569 8144 8413 E OpenGLRenderer: JankTracker::calculateLegacyJank expectedDequeueDuration > 0 expectedDequeueDuration=1174516, DequeueBufferDuration=5658854, forgiveAmount=1174516, totalDuration=11091749
02-10 08:00:02.586 8144 8413 E OpenGLRenderer: JankTracker::calculateLegacyJank expectedDequeueDuration > 0 expectedDequeueDuration=1576675, DequeueBufferDuration=6198489, forgiveAmount=1576675, totalDuration=10847743
02-10 08:00:02.603 8144 8413 E OpenGLRenderer: JankTracker::calculateLegacyJank expectedDequeueDuration > 0 expectedDequeueDuration=1623733, DequeueBufferDuration=5349375, forgiveAmount=1623733, totalDuration=9959878
02-10 08:00:02.619 8144 8413 E OpenGLRenderer: JankTracker::calculateLegacyJank expectedDequeueDuration > 0 expectedDequeueDuration=1835340, DequeueBufferDuration=5631719, forgiveAmount=1835340, totalDuration=10421350
02-10 08:00:02.636 8144 8413 E OpenGLRenderer: JankTracker::calculateLegacyJank expectedDequeueDuration > 0 expectedDequeueDuration=1203990, DequeueBufferDuration=5206355, forgiveAmount=1203990, totalDuration=10785249
02-10 08:00:02.651 8144 8413 E OpenGLRenderer: JankTracker::calculateLegacyJank expectedDequeueDuration > 0 expectedDequeueDuration=1728602, DequeueBufferDuration=5632656, forgiveAmount=1728602, totalDuration=10914722
02-10 08:00:02.685 8144 8413 E OpenGLRenderer: JankTracker::calculateLegacyJank expectedDequeueDuration > 0 expectedDequeueDuration=830732, DequeueBufferDuration=3915000, forgiveAmount=830732, totalDuration=12315827
02-10 08:00:02.718 8144 8413 E OpenGLRenderer: JankTracker::calculateLegacyJank expectedDequeueDuration > 0 expectedDequeueDuration=359659, DequeueBufferDuration=3904948, forgiveAmount=359659, totalDuration=13543651
02-10 08:00:02.737 8144 8413 E OpenGLRenderer: JankTracker::calculateLegacyJank expectedDequeueDuration > 0 expectedDequeueDuration=58195, DequeueBufferDuration=3171354, forgiveAmount=58195, totalDuration=13101370
02-10 08:00:02.751 8144 8413 E OpenGLRenderer: JankTracker::calculateLegacyJank expectedDequeueDuration > 0 expectedDequeueDuration=958245, DequeueBufferDuration=3179323, forgiveAmount=958245, totalDuration=11894344
02-10 08:00:02.767 8144 8413 E OpenGLRenderer: JankTracker::calculateLegacyJank expectedDequeueDuration > 0 expectedDequeueDuration=198381, DequeueBufferDuration=5666562, forgiveAmount=198381, totalDuration=16295321
02-10 08:00:02.785 8144 8413 E OpenGLRenderer: JankTracker::calculateLegacyJank expectedDequeueDuration > 0 expectedDequeueDuration=226206, DequeueBufferDuration=2588697, forgiveAmount=226206, totalDuration=11394463
02-10 08:00:02.821 8144 8413 E OpenGLRenderer: JankTracker::calculateLegacyJank expectedDequeueDuration > 0 expectedDequeueDuration=1916651, DequeueBufferDuration=5923750, forgiveAmount=1916651, totalDuration=12391646
02-10 08:00:02.840 8144 8413 E OpenGLRenderer: JankTracker::calculateLegacyJank expectedDequeueDuration > 0 expectedDequeueDuration=1066426, DequeueBufferDuration=3447760, forgiveAmount=1066426, totalDuration=9130221
02-10 08:00:02.852 8144 8413 E OpenGLRenderer: JankTracker::calculateLegacyJank expectedDequeueDuration > 0 expectedDequeueDuration=1957471, DequeueBufferDuration=7722812, forgiveAmount=1957471, totalDuration=13471361
02-10 08:00:02.886 8144 8413 E OpenGLRenderer: JankTracker::calculateLegacyJank expectedDequeueDuration > 0 expectedDequeueDuration=2187593, DequeueBufferDuration=6064948, forgiveAmount=2187593, totalDuration=9849814
02-10 08:00:02.902 8144 8413 E OpenGLRenderer: JankTracker::calculateLegacyJank expectedDequeueDuration > 0 expectedDequeueDuration=1056726, DequeueBufferDuration=5470000, forgiveAmount=1056726, totalDuration=11257903
02-10 08:00:02.921 8144 8413 E OpenGLRenderer: JankTracker::calculateLegacyJank expectedDequeueDuration > 0 expectedDequeueDuration=2032149, DequeueBufferDuration=6485052, forgiveAmount=2032149, totalDuration=12232161
