02-10 08:11:59.433 15594 15608 E OpenGLRenderer: JankTracker::calculateLegacyJank expectedDequeueDuration > 0 expectedDequeueDuration=1285294, DequeueBufferDuration=3324375, forgiveAmount=1285294, totalDuration=8828318
02-10 08:11:59.450 15594 15608 E OpenGLRenderer: JankTracker::calculateLegacyJank expectedDequeueDuration > 0 expectedDequeueDuration=2034353, DequeueBufferDuration=4226823, forgiveAmount=2034353, totalDuration=7304679
02-10 08:11:59.469 15594 15608 E OpenGLRenderer: JankTracker::calculateLegacyJank expectedDequeueDuration > 0 expectedDequeueDuration=2166519, DequeueBufferDuration=3895782, forgiveAmount=2166519, totalDuration=7559671
02-10 08:11:59.483 15594 15608 E OpenGLRenderer: JankTracker::calculateLegacyJank expectedDequeueDuration > 0 expectedDequeueDuration=1925367, DequeueBufferDuration=3476666, forgiveAmount=1925367, totalDuration=6774318
02-10 08:11:59.500 15594 15608 E OpenGLRenderer: JankTracker::calculateLegacyJank expectedDequeueDuration > 0 expectedDequeueDuration=2193258, DequeueBufferDuration=3822500, forgiveAmount=2193258, totalDuration=8275671
02-10 08:11:59.517 15594 15841 E OpenGLRenderer: JankTracker::calculateLegacyJank expectedDequeueDuration > 0 expectedDequeueDuration=1069239, DequeueBufferDuration=3451666, forgiveAmount=1069239, totalDuration=9521835
02-10 08:11:59.534 15594 15841 E OpenGLRenderer: JankTracker::calculateLegacyJank expectedDequeueDuration > 0 expectedDequeueDuration=2184001, DequeueBufferDuration=3621250, forgiveAmount=2184001, totalDuration=6918144
02-10 08:11:59.553 15594 15608 E OpenGLRenderer: JankTracker::calculateLegacyJank expectedDequeueDuration > 0 expectedDequeueDuration=1660504, DequeueBufferDuration=3722969, forgiveAmount=1660504, totalDuration=8203574
02-10 08:11:59.569 15594 15608 E OpenGLRenderer: JankTracker::calculateLegacyJank expectedDequeueDuration > 0 expectedDequeueDuration=1926562, DequeueBufferDuration=4734427, forgiveAmount=1926562, totalDuration=8902865
02-10 08:11:59.586 15594 15608 E OpenGLRenderer: JankTracker::calculateLegacyJank expectedDequeueDuration > 0 expectedDequeueDuration=2112664, DequeueBufferDuration=6662448, forgiveAmount=2112664, totalDuration=10483943
02-10 08:11:59.617 15594 15608 E OpenGLRenderer: JankTracker::calculateLegacyJank expectedDequeueDuration > 0 expectedDequeueDuration=167370, DequeueBufferDuration=4437865, forgiveAmount=167370, totalDuration=10869895
02-10 08:11:59.635 15594 15608 E OpenGLRenderer: JankTracker::calculateLegacyJank expectedDequeueDuration > 0 expectedDequeueDuration=800839, DequeueBufferDuration=3616667, forgiveAmount=800839, totalDuration=8434624
02-10 08:11:59.654 15594 15608 E OpenGLRenderer: JankTracker::calculateLegacyJank expectedDequeueDuration > 0 expectedDequeueDuration=1804888, DequeueBufferDuration=4645365, forgiveAmount=1804888, totalDuration=8769026
02-10 08:11:59.666 15594 15608 E OpenGLRenderer: JankTracker::calculateLegacyJank expectedDequeueDuration > 0 expectedDequeueDuration=1624099, DequeueBufferDuration=5303125, forgiveAmount=1624099, totalDuration=10682792
02-10 08:11:59.700 15594 15608 E OpenGLRenderer: JankTracker::calculateLegacyJank expectedDequeueDuration > 0 expectedDequeueDuration=1697525, DequeueBufferDuration=2705625, forgiveAmount=1697525, totalDuration=6969116
02-10 08:11:59.767 15594 15608 E OpenGLRenderer: JankTracker::calculateLegacyJank expectedDequeueDuration > 0 expectedDequeueDuration=2459055, DequeueBufferDuration=2348385, forgiveAmount=2348385, totalDuration=4964123
02-10 08:11:59.783 15594 15608 E OpenGLRenderer: JankTracker::calculateLegacyJank expectedDequeueDuration > 0 expectedDequeueDuration=2240458, DequeueBufferDuration=3700886, forgiveAmount=2240458, totalDuration=7027990
02-10 08:11:59.798 15594 15608 E OpenGLRenderer: JankTracker::calculateLegacyJank expectedDequeueDuration > 0 expectedDequeueDuration=1081960, DequeueBufferDuration=3132709, forgiveAmount=1081960, totalDuration=8381288
02-10 08:11:59.816 15594 15608 E OpenGLRenderer: JankTracker::calculateLegacyJank expectedDequeueDuration > 0 expectedDequeueDuration=1556889, DequeueBufferDuration=3471614, forgiveAmount=1556889, totalDuration=7533931
02-10 08:11:59.833 15594 15841 E OpenGLRenderer: JankTracker::calculateLegacyJank expectedDequeueDuration > 0 expectedDequeueDuration=1896286, DequeueBufferDuration=2179740, forgiveAmount=1896286, totalDuration=6415084
02-10 08:11:59.851 15594 15841 E OpenGLRenderer: JankTracker::calculateLegacyJank expectedDequeueDuration > 0 expectedDequeueDuration=2190640, DequeueBufferDuration=3852240, forgiveAmount=2190640, totalDuration=6800022
02-10 08:11:59.867 15594 15841 E OpenGLRenderer: JankTracker::calculateLegacyJank expectedDequeueDuration > 0 expectedDequeueDuration=2430477, DequeueBufferDuration=3918073, forgiveAmount=2430477, totalDuration=6916441
02-10 08:11:59.884 15594 15841 E OpenGLRenderer: JankTracker::calculateLegacyJank expectedDequeueDuration > 0 expectedDequeueDuration=1763756, DequeueBufferDuration=5026979, forgiveAmount=1763756, totalDuration=8991291
02-10 08:11:59.901 15594 15841 E OpenGLRenderer: JankTracker::calculateLegacyJank expectedDequeueDuration > 0 expectedDequeueDuration=1875745, DequeueBufferDuration=4246302, forgiveAmount=1875745, totalDuration=8677312
02-10 08:11:59.935 15594 15841 E OpenGLRenderer: JankTracker::calculateLegacyJank expectedDequeueDuration > 0 expectedDequeueDuration=2129539, DequeueBufferDuration=4851406, forgiveAmount=2129539, totalDuration=7941548
02-10 08:11:59.950 15594 15841 E OpenGLRenderer: JankTracker::calculateLegacyJank expectedDequeueDuration > 0 expectedDequeueDuration=1104832, DequeueBufferDuration=5576562, forgiveAmount=1104832, totalDuration=11207628
02-10 08:11:59.966 15594 15841 E OpenGLRenderer: JankTracker::calculateLegacyJank expectedDequeueDuration > 0 expectedDequeueDuration=1788539, DequeueBufferDuration=5336198, forgiveAmount=1788539, totalDuration=9686621
02-10 08:12:00.001 15594 15841 E OpenGLRenderer: JankTracker::calculateLegacyJank expectedDequeueDuration > 0 expectedDequeueDuration=2026561, DequeueBufferDuration=3272083, forgiveAmount=2026561, totalDuration=6870107
02-10 08:12:00.019 15594 15841 E OpenGLRenderer: JankTracker::calculateLegacyJank expectedDequeueDuration > 0 expectedDequeueDuration=2253621, DequeueBufferDuration=2697760, forgiveAmount=2253621, totalDuration=6876768
02-10 08:12:00.034 15594 15841 E OpenGLRenderer: JankTracker::calculateLegacyJank expectedDequeueDuration > 0 expectedDequeueDuration=1555165, DequeueBufferDuration=4306719, forgiveAmount=1555165, totalDuration=10144671
02-10 08:12:00.050 15594 15841 E OpenGLRenderer: JankTracker::calculateLegacyJank expectedDequeueDuration > 0 expectedDequeueDuration=1955917, DequeueBufferDuration=6533385, forgiveAmount=1955917, totalDuration=11574364
02-10 08:12:00.066 15594 15841 E OpenGLRenderer: JankTracker::calculateLegacyJank expectedDequeueDuration > 0 expectedDequeueDuration=1897291, DequeueBufferDuration=4171250, forgiveAmount=1897291, totalDuration=8943700
02-10 08:12:00.084 15594 15841 E OpenGLRenderer: JankTracker::calculateLegacyJank expectedDequeueDuration > 0 expectedDequeueDuration=1121067, DequeueBufferDuration=3130521, forgiveAmount=1121067, totalDuration=8142502
02-10 08:12:00.101 15594 15841 E OpenGLRenderer: JankTracker::calculateLegacyJank expectedDequeueDuration > 0 expectedDequeueDuration=1937532, DequeueBufferDuration=3626459, forgiveAmount=1937532, totalDuration=7725925
02-10 08:12:00.132 15594 15841 E OpenGLRenderer: JankTracker::calculateLegacyJank expectedDequeueDuration > 0 expectedDequeueDuration=2144743, DequeueBufferDuration=3445521, forgiveAmount=2144743, totalDuration=7019473
02-10 08:12:00.151 15594 15841 E OpenGLRenderer: JankTracker::calculateLegacyJank expectedDequeueDuration > 0 expectedDequeueDuration=1437639, DequeueBufferDuration=3941823, forgiveAmount=1437639, totalDuration=8221649
02-10 08:12:00.168 15594 15841 E OpenGLRenderer: JankTracker::calculateLegacyJank expectedDequeueDuration > 0 expectedDequeueDuration=701972, DequeueBufferDuration=1473282, forgiveAmount=701972, totalDuration=7510640
02-10 08:12:00.183 15594 15841 E OpenGLRenderer: JankTracker::calculateLegacyJank expectedDequeueDuration > 0 expectedDequeueDuration=1614275, DequeueBufferDuration=4925052, forgiveAmount=1614275, totalDuration=10551033
02-10 08:12:00.199 15594 15841 E OpenGLRenderer: JankTracker::calculateLegacyJank expectedDequeueDuration > 0 expectedDequeueDuration=1114301, DequeueBufferDuration=3815781, forgiveAmount=1114301, totalDuration=9195355
02-10 08:12:00.216 15594 15841 E OpenGLRenderer: JankTracker::calculateLegacyJank expectedDequeueDuration > 0 expectedDequeueDuration=2198390, DequeueBufferDuration=3736407, forgiveAmount=2198390, totalDuration=6884365
02-10 08:12:00.234 15594 15841 E OpenGLRenderer: JankTracker::calculateLegacyJank expectedDequeueDuration > 0 expectedDequeueDuration=635157, DequeueBufferDuration=2202083, forgiveAmount=635157, totalDuration=11619947
02-10 08:12:00.251 15594 15841 E OpenGLRenderer: JankTracker::calculateLegacyJank expectedDequeueDuration > 0 expectedDequeueDuration=2269660, DequeueBufferDuration=3737500, forgiveAmount=2269660, totalDuration=6740628
02-10 08:12:00.266 15594 15841 E OpenGLRenderer: JankTracker::calculateLegacyJank expectedDequeueDuration > 0 expectedDequeueDuration=1876658, DequeueBufferDuration=4783593, forgiveAmount=1876658, totalDuration=8959913
02-10 08:12:00.284 15594 15841 E OpenGLRenderer: JankTracker::calculateLegacyJank expectedDequeueDuration > 0 expectedDequeueDuration=1092753, DequeueBufferDuration=4283073, forgiveAmount=1092753, totalDuration=9619859
02-10 08:12:00.306 15594 15841 E OpenGLRenderer: JankTracker::calculateLegacyJank expectedDequeueDuration > 0 expectedDequeueDuration=1128119, DequeueBufferDuration=2185364, forgiveAmount=1128119, totalDuration=7629388
02-10 08:12:00.319 15594 15841 E OpenGLRenderer: JankTracker::calculateLegacyJank expectedDequeueDuration > 0 expectedDequeueDuration=1710140, DequeueBufferDuration=4254584, forgiveAmount=1710140, totalDuration=7961907
02-10 08:12:00.335 15594 15841 E OpenGLRenderer: JankTracker::calculateLegacyJank expectedDequeueDuration > 0 expectedDequeueDuration=1109471, DequeueBufferDuration=3707448, forgiveAmount=1109471, totalDuration=12535641
02-10 08:12:00.366 15594 15841 E OpenGLRenderer: JankTracker::calculateLegacyJank expectedDequeueDuration > 0 expectedDequeueDuration=1426878, DequeueBufferDuration=5145989, forgiveAmount=1426878, totalDuration=9257650
02-10 08:12:00.382 15594 15841 E OpenGLRenderer: JankTracker::calculateLegacyJank expectedDequeueDuration > 0 expectedDequeueDuration=1653037, DequeueBufferDuration=2190365, forgiveAmount=1653037, totalDuration=5778145
02-10 08:12:00.399 15594 15841 E OpenGLRenderer: JankTracker::calculateLegacyJank expectedDequeueDuration > 0 expectedDequeueDuration=1688523, DequeueBufferDuration=3330834, forgiveAmount=1688523, totalDuration=7309620
02-10 08:12:00.415 15594 15841 E OpenGLRenderer: JankTracker::calculateLegacyJank expectedDequeueDuration > 0 expectedDequeueDuration=1857345, DequeueBufferDuration=2566511, forgiveAmount=1857345, totalDuration=9965361
02-10 08:12:00.451 15594 15841 E OpenGLRenderer: JankTracker::calculateLegacyJank expectedDequeueDuration > 0 expectedDequeueDuration=2268664, DequeueBufferDuration=2615886, forgiveAmount=2268664, totalDuration=5021058
02-10 08:12:00.466 15594 15841 E OpenGLRenderer: JankTracker::calculateLegacyJank expectedDequeueDuration > 0 expectedDequeueDuration=1025858, DequeueBufferDuration=2606250, forgiveAmount=1025858, totalDuration=9330472
02-10 08:12:00.483 15594 15841 E OpenGLRenderer: JankTracker::calculateLegacyJank expectedDequeueDuration > 0 expectedDequeueDuration=1173649, DequeueBufferDuration=3860365, forgiveAmount=1173649, totalDuration=11917181
02-10 08:12:00.500 15594 15841 E OpenGLRenderer: JankTracker::calculateLegacyJank expectedDequeueDuration > 0 expectedDequeueDuration=1952002, DequeueBufferDuration=2881459, forgiveAmount=1952002, totalDuration=6606517
02-10 08:12:00.516 15594 15841 E OpenGLRenderer: JankTracker::calculateLegacyJank expectedDequeueDuration > 0 expectedDequeueDuration=1601010, DequeueBufferDuration=3284583, forgiveAmount=1601010, totalDuration=7032772
02-10 08:12:00.535 15594 15841 E OpenGLRenderer: JankTracker::calculateLegacyJank expectedDequeueDuration > 0 expectedDequeueDuration=2398877, DequeueBufferDuration=4297032, forgiveAmount=2398877, totalDuration=7140684
02-10 08:12:00.558 15594 15841 E OpenGLRenderer: JankTracker::calculateLegacyJank expectedDequeueDuration > 0 expectedDequeueDuration=1802271, DequeueBufferDuration=3299427, forgiveAmount=1802271, totalDuration=7489573
02-10 08:12:00.572 15594 15841 E OpenGLRenderer: JankTracker::calculateLegacyJank expectedDequeueDuration > 0 expectedDequeueDuration=392927, DequeueBufferDuration=3818281, forgiveAmount=392927, totalDuration=12364406
02-10 08:12:00.585 15594 15841 E OpenGLRenderer: JankTracker::calculateLegacyJank expectedDequeueDuration > 0 expectedDequeueDuration=1325319, DequeueBufferDuration=3908646, forgiveAmount=1325319, totalDuration=9744779
02-10 08:12:00.650 15594 15841 E OpenGLRenderer: JankTracker::calculateLegacyJank expectedDequeueDuration > 0 expectedDequeueDuration=2419290, DequeueBufferDuration=3575156, forgiveAmount=2419290, totalDuration=6235065
02-10 08:12:00.665 15594 15841 E OpenGLRenderer: JankTracker::calculateLegacyJank expectedDequeueDuration > 0 expectedDequeueDuration=2118883, DequeueBufferDuration=5323958, forgiveAmount=2118883, totalDuration=8843067
02-10 08:12:00.685 15594 15841 E OpenGLRenderer: JankTracker::calculateLegacyJank expectedDequeueDuration > 0 expectedDequeueDuration=1306303, DequeueBufferDuration=3468177, forgiveAmount=1306303, totalDuration=8015259
02-10 08:12:00.700 15594 15841 E OpenGLRenderer: JankTracker::calculateLegacyJank expectedDequeueDuration > 0 expectedDequeueDuration=2066085, DequeueBufferDuration=2434114, forgiveAmount=2066085, totalDuration=5623559
02-10 08:12:00.721 15594 15841 E OpenGLRenderer: JankTracker::calculateLegacyJank expectedDequeueDuration > 0 expectedDequeueDuration=1642807, DequeueBufferDuration=4711667, forgiveAmount=1642807, totalDuration=8783708
02-10 08:12:00.735 15594 15841 E OpenGLRenderer: JankTracker::calculateLegacyJank expectedDequeueDuration > 0 expectedDequeueDuration=2139639, DequeueBufferDuration=4515104, forgiveAmount=2139639, totalDuration=10876191
02-10 08:12:00.751 15594 15841 E OpenGLRenderer: JankTracker::calculateLegacyJank expectedDequeueDuration > 0 expectedDequeueDuration=1897942, DequeueBufferDuration=4811667, forgiveAmount=1897942, totalDuration=9795105
02-10 08:12:00.767 15594 15841 E OpenGLRenderer: JankTracker::calculateLegacyJank expectedDequeueDuration > 0 expectedDequeueDuration=2198139, DequeueBufferDuration=5405833, forgiveAmount=2198139, totalDuration=8491795
02-10 08:12:00.783 15594 15841 E OpenGLRenderer: JankTracker::calculateLegacyJank expectedDequeueDuration > 0 expectedDequeueDuration=2202242, DequeueBufferDuration=5090677, forgiveAmount=2202242, totalDuration=9704891
02-10 08:12:00.801 15594 15841 E OpenGLRenderer: JankTracker::calculateLegacyJank expectedDequeueDuration > 0 expectedDequeueDuration=1958580, DequeueBufferDuration=4302031, forgiveAmount=1958580, totalDuration=7818934
02-10 08:12:00.817 15594 15841 E OpenGLRenderer: JankTracker::calculateLegacyJank expectedDequeueDuration > 0 expectedDequeueDuration=2099998, DequeueBufferDuration=3854843, forgiveAmount=2099998, totalDuration=9843649
02-10 08:12:00.835 15594 15841 E OpenGLRenderer: JankTracker::calculateLegacyJank expectedDequeueDuration > 0 expectedDequeueDuration=1733145, DequeueBufferDuration=4723750, forgiveAmount=1733145, totalDuration=9349700
02-10 08:12:00.850 15594 15608 E OpenGLRenderer: JankTracker::calculateLegacyJank expectedDequeueDuration > 0 expectedDequeueDuration=2420216, DequeueBufferDuration=4471927, forgiveAmount=2420216, totalDuration=7620974
02-10 08:12:01.544 15594 15641 E SQLiteDatabase: Error inserting transferred=1 media_job_uuid=c2ff4271-03b7-463d-a60c-1bb06377ef7d transcoded=0 gif_attribution=0 first_scan_length=0 direct_path=/v/t62.7161- 24/20104722_302973909456499_755864951343785973_n.enc?ccb=11- 4&oh=01_AdTnlVh71ODSHxcloB4bNj_paeaj0mAXRDX2gY0uTsy8dA&oe=65EE4902&_nc_sid=5e03e0&_ nc_hot=1707527514 thumbnail_height_width_ratio=1.8 is_animated_sticker=0 file_hash=6//j+27N9X5yW2f9oj51y7+zVgi31fPXv3PyoAcC9/I= file_path=Media/.Statuses/b4d864a466ab40afa0730c93ec4f3707.mp4 file_size=3443001 partial_media_hash=null face_x=0 face_y=0 height=864 trim_to=0 media_key_timestamp=1707527461000 message_url=*********************************************************************** *********************************************************************************** ********************************* media_caption=null trim_from=0 mime_type=video/mp4 partial_media_enc_hash=null width=480 original_file_hash=null has_streaming_sidecar=1 autotransfer_retry_enabled=1 media_upload_handle=null message_row_id=423 multicast_id=null enc_file_hash=CP7pi/nI6exPrcPTHv7m6QtAREQwV0kyDH0vsG9xvJE= mute_video=0 page_count=0 first_scan_sidecar=null suspicious_content=0 file_length=3443001 media_name=null media_duration=16 chat_row_id=51 media_key=[B@1b496e7
02-10 08:12:01.544 15594 15641 E SQLiteDatabase: android.database.sqlite.SQLiteConstraintException: UNIQUE constraint failed: message_media.message_row_id (code 1555 SQLITE_CONSTRAINT_PRIMARYKEY)
02-10 08:12:01.544 15594 15641 E SQLiteDatabase: at android.database.sqlite.SQLiteConnection.nativeExecuteForLastInsertedRowId(Native Method)
02-10 08:12:01.544 15594 15641 E SQLiteDatabase: at android.database.sqlite.SQLiteConnection.executeForLastInsertedRowId(SQLiteConnecti on.java:985)
02-10 08:12:01.544 15594 15641 E SQLiteDatabase: at android.database.sqlite.SQLiteSession.executeForLastInsertedRowId(SQLiteSession.jav a:790)
02-10 08:12:01.544 15594 15641 E SQLiteDatabase: at android.database.sqlite.SQLiteStatement.executeInsert(SQLiteStatement.java:89)
02-10 08:12:01.544 15594 15641 E SQLiteDatabase: at android.database.sqlite.SQLiteDatabase.insertWithOnConflict(SQLiteDatabase.java:170 2)
02-10 08:12:01.544 15594 15641 E SQLiteDatabase: at android.database.sqlite.SQLiteDatabase.insert(SQLiteDatabase.java:1571)
02-10 08:12:01.544 15594 15641 E SQLiteDatabase: at X.2tm.A08(Unknown Source:6)
02-10 08:12:01.544 15594 15641 E SQLiteDatabase: at X.35Y.A07(Unknown Source:212)
02-10 08:12:01.544 15594 15641 E SQLiteDatabase: at X.3QF.A14(Unknown Source:470)
02-10 08:12:01.544 15594 15641 E SQLiteDatabase: at X.3gU.run(Unknown Source:982)
02-10 08:12:01.544 15594 15641 E SQLiteDatabase: at android.os.Handler.handleCallback(Handler.java:938)
02-10 08:12:01.544 15594 15641 E SQLiteDatabase: at android.os.Handler.dispatchMessage(Handler.java:99)
02-10 08:12:01.544 15594 15641 E SQLiteDatabase: at X.0zq.dispatchMessage(Unknown Source:4)
02-10 08:12:01.544 15594 15641 E SQLiteDatabase: at android.os.Looper.loopOnce(Looper.java:233)
02-10 08:12:01.544 15594 15641 E SQLiteDatabase: at android.os.Looper.loop(Looper.java:334)
02-10 08:12:01.544 15594 15641 E SQLiteDatabase: at android.os.HandlerThread.run(HandlerThread.java:67)
02-10 08:12:01.613 15594 15641 E SQLiteDatabase: Error inserting transferred=0 media_job_uuid=63cf7f88-0b63-403f-bbfe-6c72526fa5dd transcoded=0 gif_attribution=0 first_scan_length=0 direct_path=/v/t62.7161- 24/34507276_7797880980240655_1156530919083552827_n.enc?ccb=11- 4&oh=01_AdTA4yGwA8RYqpucVCXziSm0S54bdp9aBZmWJWY0g0aL0w&oe=65EE44F9&_nc_sid=5e03e0 thumbnail_height_width_ratio=1.7777778 is_animated_sticker=0 file_hash=tYip31/TFbYSFr/qR3dYDZFouwF4Srd+Opl2kt33O+4= file_path=null file_size=0 partial_media_hash=null face_x=0 face_y=0 height=656 trim_to=0 media_key_timestamp=1707527479000 message_url=*********************************************************************** *********************************************************************************** *********************************** media_caption=null trim_from=0 mime_type=video/mp4 partial_media_enc_hash=null width=368 original_file_hash=null has_streaming_sidecar=1 autotransfer_retry_enabled=1 media_upload_handle=null message_row_id=415 multicast_id=null enc_file_hash=4/WZKmmr2YvVQhMDT6KI9gSnX0tgDjEA9yqCzexhM4k= mute_video=0 page_count=0 first_scan_sidecar=null suspicious_content=0 file_length=2872599 media_name=null media_duration=20 chat_row_id=51 media_key=[B@fcf8f34
02-10 08:12:01.613 15594 15641 E SQLiteDatabase: android.database.sqlite.SQLiteConstraintException: UNIQUE constraint failed: message_media.message_row_id (code 1555 SQLITE_CONSTRAINT_PRIMARYKEY)
02-10 08:12:01.613 15594 15641 E SQLiteDatabase: at android.database.sqlite.SQLiteConnection.nativeExecuteForLastInsertedRowId(Native Method)
02-10 08:12:01.613 15594 15641 E SQLiteDatabase: at android.database.sqlite.SQLiteConnection.executeForLastInsertedRowId(SQLiteConnecti on.java:985)
02-10 08:12:01.613 15594 15641 E SQLiteDatabase: at android.database.sqlite.SQLiteSession.executeForLastInsertedRowId(SQLiteSession.jav a:790)
02-10 08:12:01.613 15594 15641 E SQLiteDatabase: at android.database.sqlite.SQLiteStatement.executeInsert(SQLiteStatement.java:89)
02-10 08:12:01.613 15594 15641 E SQLiteDatabase: at android.database.sqlite.SQLiteDatabase.insertWithOnConflict(SQLiteDatabase.java:170 2)
02-10 08:12:01.613 15594 15641 E SQLiteDatabase: at android.database.sqlite.SQLiteDatabase.insert(SQLiteDatabase.java:1571)
02-10 08:12:01.613 15594 15641 E SQLiteDatabase: at X.2tm.A08(Unknown Source:6)
02-10 08:12:01.613 15594 15641 E SQLiteDatabase: at X.35Y.A07(Unknown Source:212)
02-10 08:12:01.613 15594 15641 E SQLiteDatabase: at X.3QF.A14(Unknown Source:470)
02-10 08:12:01.613 15594 15641 E SQLiteDatabase: at X.3gU.run(Unknown Source:982)
02-10 08:12:01.613 15594 15641 E SQLiteDatabase: at android.os.Handler.handleCallback(Handler.java:938)
02-10 08:12:01.613 15594 15641 E SQLiteDatabase: at android.os.Handler.dispatchMessage(Handler.java:99)
02-10 08:12:01.613 15594 15641 E SQLiteDatabase: at X.0zq.dispatchMessage(Unknown Source:4)
02-10 08:12:01.613 15594 15641 E SQLiteDatabase: at android.os.Looper.loopOnce(Looper.java:233)
02-10 08:12:01.613 15594 15641 E SQLiteDatabase: at android.os.Looper.loop(Looper.java:334)
02-10 08:12:01.613 15594 15641 E SQLiteDatabase: at android.os.HandlerThread.run(HandlerThread.java:67)
02-10 08:12:02.029 15594 15838 E OpenGLRenderer: JankTracker::calculateLegacyJank expectedDequeueDuration > 0 expectedDequeueDuration=2165380, DequeueBufferDuration=15967864, forgiveAmount=2165380, totalDuration=19838095
02-10 08:12:02.064 15594 16382 E OpenGLRenderer: JankTracker::calculateLegacyJank expectedDequeueDuration > 0 expectedDequeueDuration=19657, DequeueBufferDuration=14156979, forgiveAmount=19657, totalDuration=17975685
02-10 08:12:04.399 15594 15838 E OpenGLRenderer: JankTracker::calculateLegacyJank expectedDequeueDuration > 0 expectedDequeueDuration=2176879, DequeueBufferDuration=4010989, forgiveAmount=2176879, totalDuration=7958430
02-10 08:12:04.415 15594 15838 E OpenGLRenderer: JankTracker::calculateLegacyJank expectedDequeueDuration > 0 expectedDequeueDuration=1192854, DequeueBufferDuration=3857812, forgiveAmount=1192854, totalDuration=8963562
02-10 08:12:04.434 15594 15838 E OpenGLRenderer: JankTracker::calculateLegacyJank expectedDequeueDuration > 0 expectedDequeueDuration=2163215, DequeueBufferDuration=3298855, forgiveAmount=2163215, totalDuration=6656278
02-10 08:12:04.449 15594 15838 E OpenGLRenderer: JankTracker::calculateLegacyJank expectedDequeueDuration > 0 expectedDequeueDuration=2260619, DequeueBufferDuration=2221094, forgiveAmount=2221094, totalDuration=3784746
02-10 08:12:04.469 15594 15608 E OpenGLRenderer: JankTracker::calculateLegacyJank expectedDequeueDuration > 0 expectedDequeueDuration=2167851, DequeueBufferDuration=4519323, forgiveAmount=2167851, totalDuration=6816017
02-10 08:12:04.501 15594 15838 E OpenGLRenderer: JankTracker::calculateLegacyJank expectedDequeueDuration > 0 expectedDequeueDuration=813615, DequeueBufferDuration=1985469, forgiveAmount=813615, totalDuration=8252613
02-10 08:12:04.863 15594 15838 E OpenGLRenderer: JankTracker::calculateLegacyJank expectedDequeueDuration > 0 expectedDequeueDuration=2429780, DequeueBufferDuration=1526302, forgiveAmount=1526302, totalDuration=5089751
02-10 08:12:04.882 15594 15838 E OpenGLRenderer: JankTracker::calculateLegacyJank expectedDequeueDuration > 0 expectedDequeueDuration=1864124, DequeueBufferDuration=709480, forgiveAmount=709480, totalDuration=6071709
02-10 08:12:04.897 15594 15838 E OpenGLRenderer: JankTracker::calculateLegacyJank expectedDequeueDuration > 0 expectedDequeueDuration=2266499, DequeueBufferDuration=504166, forgiveAmount=504166, totalDuration=5586158
02-10 08:12:04.914 15594 15838 E OpenGLRenderer: JankTracker::calculateLegacyJank expectedDequeueDuration > 0 expectedDequeueDuration=1938655, DequeueBufferDuration=599532, forgiveAmount=599532, totalDuration=5999365
02-10 08:12:04.948 15594 15838 E OpenGLRenderer: JankTracker::calculateLegacyJank expectedDequeueDuration > 0 expectedDequeueDuration=1895588, DequeueBufferDuration=838541, forgiveAmount=838541, totalDuration=6041704
02-10 08:12:05.015 15594 15838 E OpenGLRenderer: JankTracker::calculateLegacyJank expectedDequeueDuration > 0 expectedDequeueDuration=1629533, DequeueBufferDuration=722500, forgiveAmount=722500, totalDuration=5644165
02-10 08:12:05.047 15594 15838 E OpenGLRenderer: JankTracker::calculateLegacyJank expectedDequeueDuration > 0 expectedDequeueDuration=2119030, DequeueBufferDuration=1439479, forgiveAmount=1439479, totalDuration=4750813
02-10 08:12:05.114 15594 15838 E OpenGLRenderer: JankTracker::calculateLegacyJank expectedDequeueDuration > 0 expectedDequeueDuration=1603570, DequeueBufferDuration=5399791, forgiveAmount=1603570, totalDuration=10014527
02-10 08:12:05.146 15594 15838 E OpenGLRenderer: JankTracker::calculateLegacyJank expectedDequeueDuration > 0 expectedDequeueDuration=2054153, DequeueBufferDuration=723020, forgiveAmount=723020, totalDuration=5357098
02-10 08:12:08.574 15594 18035 E Surface : freeAllBuffers: 12 buffers were freed while being dequeued!
02-10 08:12:08.665 15594 15594 E RecyclerView: No adapter attached; skipping layout
02-10 08:12:08.731 15594 15838 E OpenGLRenderer: JankTracker::calculateLegacyJank expectedDequeueDuration > 0 expectedDequeueDuration=1847262, DequeueBufferDuration=3344531, forgiveAmount=1847262, totalDuration=7728133
02-10 08:12:08.747 15594 15838 E OpenGLRenderer: JankTracker::calculateLegacyJank expectedDequeueDuration > 0 expectedDequeueDuration=2260907, DequeueBufferDuration=2215156, forgiveAmount=2215156, totalDuration=4147011
02-10 08:12:08.764 15594 15838 E OpenGLRenderer: JankTracker::calculateLegacyJank expectedDequeueDuration > 0 expectedDequeueDuration=2260432, DequeueBufferDuration=2488802, forgiveAmount=2260432, totalDuration=5017416
02-10 08:12:08.780 15594 15838 E OpenGLRenderer: JankTracker::calculateLegacyJank expectedDequeueDuration > 0 expectedDequeueDuration=2153167, DequeueBufferDuration=1571146, forgiveAmount=1571146, totalDuration=4650009
02-10 08:12:08.799 15594 15838 E OpenGLRenderer: JankTracker::calculateLegacyJank expectedDequeueDuration > 0 expectedDequeueDuration=2526106, DequeueBufferDuration=1869271, forgiveAmount=1869271, totalDuration=4128060
02-10 08:12:08.815 15594 15838 E OpenGLRenderer: JankTracker::calculateLegacyJank expectedDequeueDuration > 0 expectedDequeueDuration=2567703, DequeueBufferDuration=1859739, forgiveAmount=1859739, totalDuration=4310579
02-10 08:12:08.832 15594 15838 E OpenGLRenderer: JankTracker::calculateLegacyJank expectedDequeueDuration > 0 expectedDequeueDuration=2578426, DequeueBufferDuration=3442812, forgiveAmount=2578426, totalDuration=5071430
02-10 08:12:08.848 15594 15838 E OpenGLRenderer: JankTracker::calculateLegacyJank expectedDequeueDuration > 0 expectedDequeueDuration=2587384, DequeueBufferDuration=2822396, forgiveAmount=2587384, totalDuration=4570076
02-10 08:12:08.864 15594 15838 E OpenGLRenderer: JankTracker::calculateLegacyJank expectedDequeueDuration > 0 expectedDequeueDuration=2579658, DequeueBufferDuration=3462240, forgiveAmount=2579658, totalDuration=4720215
02-10 08:12:08.882 15594 15838 E OpenGLRenderer: JankTracker::calculateLegacyJank expectedDequeueDuration > 0 expectedDequeueDuration=2180967, DequeueBufferDuration=2334010, forgiveAmount=2180967, totalDuration=4938223
02-10 08:12:08.899 15594 15838 E OpenGLRenderer: JankTracker::calculateLegacyJank expectedDequeueDuration > 0 expectedDequeueDuration=2606933, DequeueBufferDuration=2311302, forgiveAmount=2311302, totalDuration=3975411
02-10 08:12:08.915 15594 15838 E OpenGLRenderer: JankTracker::calculateLegacyJank expectedDequeueDuration > 0 expectedDequeueDuration=2203642, DequeueBufferDuration=2943958, forgiveAmount=2203642, totalDuration=5176936
02-10 08:12:08.933 15594 15838 E OpenGLRenderer: JankTracker::calculateLegacyJank expectedDequeueDuration > 0 expectedDequeueDuration=2383723, DequeueBufferDuration=3151823, forgiveAmount=2383723, totalDuration=5012762
02-10 08:12:08.949 15594 15838 E OpenGLRenderer: JankTracker::calculateLegacyJank expectedDequeueDuration > 0 expectedDequeueDuration=2275069, DequeueBufferDuration=2852865, forgiveAmount=2275069, totalDuration=5005955
02-10 08:12:08.966 15594 15838 E OpenGLRenderer: JankTracker::calculateLegacyJank expectedDequeueDuration > 0 expectedDequeueDuration=1966096, DequeueBufferDuration=3416093, forgiveAmount=1966096, totalDuration=6309787
02-10 08:12:08.981 15594 15838 E OpenGLRenderer: JankTracker::calculateLegacyJank expectedDequeueDuration > 0 expectedDequeueDuration=2020071, DequeueBufferDuration=3323698, forgiveAmount=2020071, totalDuration=6031628
02-10 08:12:08.999 15594 15838 E OpenGLRenderer: JankTracker::calculateLegacyJank expectedDequeueDuration > 0 expectedDequeueDuration=2246346, DequeueBufferDuration=1739895, forgiveAmount=1739895, totalDuration=5617978
02-10 08:12:09.015 15594 15838 E OpenGLRenderer: JankTracker::calculateLegacyJank expectedDequeueDuration > 0 expectedDequeueDuration=2594127, DequeueBufferDuration=1725886, forgiveAmount=1725886, totalDuration=3807330
02-10 08:12:09.048 15594 15838 E OpenGLRenderer: JankTracker::calculateLegacyJank expectedDequeueDuration > 0 expectedDequeueDuration=1110885, DequeueBufferDuration=747656, forgiveAmount=747656, totalDuration=10484740
02-10 08:12:09.066 15594 15838 E OpenGLRenderer: JankTracker::calculateLegacyJank expectedDequeueDuration > 0 expectedDequeueDuration=1256839, DequeueBufferDuration=816094, forgiveAmount=816094, totalDuration=9871129
02-10 08:12:09.083 15594 15838 E OpenGLRenderer: JankTracker::calculateLegacyJank expectedDequeueDuration > 0 expectedDequeueDuration=931618, DequeueBufferDuration=1072239, forgiveAmount=931618, totalDuration=11555149
02-10 08:12:09.099 15594 15838 E OpenGLRenderer: JankTracker::calculateLegacyJank expectedDequeueDuration > 0 expectedDequeueDuration=1698196, DequeueBufferDuration=1481042, forgiveAmount=1481042, totalDuration=6205398
02-10 08:12:09.133 15594 15838 E OpenGLRenderer: JankTracker::calculateLegacyJank expectedDequeueDuration > 0 expectedDequeueDuration=1743412, DequeueBufferDuration=2560365, forgiveAmount=1743412, totalDuration=7240415
02-10 08:12:09.153 15594 15838 E OpenGLRenderer: JankTracker::calculateLegacyJank expectedDequeueDuration > 0 expectedDequeueDuration=1096530, DequeueBufferDuration=3396719, forgiveAmount=1096530, totalDuration=7871627
02-10 08:12:09.168 15594 15838 E OpenGLRenderer: JankTracker::calculateLegacyJank expectedDequeueDuration > 0 expectedDequeueDuration=1994113, DequeueBufferDuration=2942188, forgiveAmount=1994113, totalDuration=5659795
02-10 08:12:09.233 15594 15838 E OpenGLRenderer: JankTracker::calculateLegacyJank expectedDequeueDuration > 0 expectedDequeueDuration=2387626, DequeueBufferDuration=7051979, forgiveAmount=2387626, totalDuration=9153602
02-10 08:12:09.248 15594 15838 E OpenGLRenderer: JankTracker::calculateLegacyJank expectedDequeueDuration > 0 expectedDequeueDuration=2479309, DequeueBufferDuration=6067292, forgiveAmount=2479309, totalDuration=7843309
02-10 08:12:09.265 15594 15838 E OpenGLRenderer: JankTracker::calculateLegacyJank expectedDequeueDuration > 0 expectedDequeueDuration=1350943, DequeueBufferDuration=3708854, forgiveAmount=1350943, totalDuration=16319364
02-10 08:12:09.281 15594 15838 E OpenGLRenderer: JankTracker::calculateLegacyJank expectedDequeueDuration > 0 expectedDequeueDuration=1339538, DequeueBufferDuration=1047239, forgiveAmount=1047239, totalDuration=6938483
02-10 08:12:09.297 15594 15838 E OpenGLRenderer: JankTracker::calculateLegacyJank expectedDequeueDuration > 0 expectedDequeueDuration=2207586, DequeueBufferDuration=1806406, forgiveAmount=1806406, totalDuration=6383248
02-10 08:12:09.315 15594 15838 E OpenGLRenderer: JankTracker::calculateLegacyJank expectedDequeueDuration > 0 expectedDequeueDuration=2206026, DequeueBufferDuration=1650469, forgiveAmount=1650469, totalDuration=4994339
02-10 08:12:09.449 15594 15841 E OpenGLRenderer: JankTracker::calculateLegacyJank expectedDequeueDuration > 0 expectedDequeueDuration=1811871, DequeueBufferDuration=2628802, forgiveAmount=1811871, totalDuration=5772300
02-10 08:12:09.464 15594 15841 E OpenGLRenderer: JankTracker::calculateLegacyJank expectedDequeueDuration > 0 expectedDequeueDuration=2357444, DequeueBufferDuration=3483021, forgiveAmount=2357444, totalDuration=5830216
02-10 08:12:09.482 15594 15841 E OpenGLRenderer: JankTracker::calculateLegacyJank expectedDequeueDuration > 0 expectedDequeueDuration=2435486, DequeueBufferDuration=3445989, forgiveAmount=2435486, totalDuration=5906476
02-10 08:12:09.498 15594 15841 E OpenGLRenderer: JankTracker::calculateLegacyJank expectedDequeueDuration > 0 expectedDequeueDuration=2682322, DequeueBufferDuration=1931614, forgiveAmount=1931614, totalDuration=3705127
02-10 08:12:09.515 15594 15841 E OpenGLRenderer: JankTracker::calculateLegacyJank expectedDequeueDuration > 0 expectedDequeueDuration=1805060, DequeueBufferDuration=2271198, forgiveAmount=1805060, totalDuration=5403006
02-10 08:12:09.532 15594 15841 E OpenGLRenderer: JankTracker::calculateLegacyJank expectedDequeueDuration > 0 expectedDequeueDuration=2176939, DequeueBufferDuration=1747031, forgiveAmount=1747031, totalDuration=4661550
02-10 08:12:09.548 15594 15841 E OpenGLRenderer: JankTracker::calculateLegacyJank expectedDequeueDuration > 0 expectedDequeueDuration=2391181, DequeueBufferDuration=2883542, forgiveAmount=2391181, totalDuration=5534826
02-10 08:12:09.565 15594 15841 E OpenGLRenderer: JankTracker::calculateLegacyJank expectedDequeueDuration > 0 expectedDequeueDuration=2400650, DequeueBufferDuration=3208282, forgiveAmount=2400650, totalDuration=5404741
02-10 08:12:09.582 15594 15841 E OpenGLRenderer: JankTracker::calculateLegacyJank expectedDequeueDuration > 0 expectedDequeueDuration=2240123, DequeueBufferDuration=2670365, forgiveAmount=2240123, totalDuration=5101993
02-10 08:12:09.599 15594 15841 E OpenGLRenderer: JankTracker::calculateLegacyJank expectedDequeueDuration > 0 expectedDequeueDuration=2379518, DequeueBufferDuration=2838646, forgiveAmount=2379518, totalDuration=5210807
02-10 08:12:09.617 15594 15841 E OpenGLRenderer: JankTracker::calculateLegacyJank expectedDequeueDuration > 0 expectedDequeueDuration=2071258, DequeueBufferDuration=2301771, forgiveAmount=2071258, totalDuration=5110140
02-10 08:12:09.632 15594 15841 E OpenGLRenderer: JankTracker::calculateLegacyJank expectedDequeueDuration > 0 expectedDequeueDuration=2009471, DequeueBufferDuration=3083802, forgiveAmount=2009471, totalDuration=6932099
02-10 08:12:09.648 15594 15838 E OpenGLRenderer: JankTracker::calculateLegacyJank expectedDequeueDuration > 0 expectedDequeueDuration=2038845, DequeueBufferDuration=4162708, forgiveAmount=2038845, totalDuration=7593403
02-10 08:12:09.670 15594 15841 E OpenGLRenderer: JankTracker::calculateLegacyJank expectedDequeueDuration > 0 expectedDequeueDuration=2349306, DequeueBufferDuration=3281615, forgiveAmount=2349306, totalDuration=7214773
02-10 08:12:09.698 15594 15841 E OpenGLRenderer: JankTracker::calculateLegacyJank expectedDequeueDuration > 0 expectedDequeueDuration=704639, DequeueBufferDuration=3030208, forgiveAmount=704639, totalDuration=8525097
02-10 08:12:09.714 15594 15841 E OpenGLRenderer: JankTracker::calculateLegacyJank expectedDequeueDuration > 0 expectedDequeueDuration=1583304, DequeueBufferDuration=747031, forgiveAmount=747031, totalDuration=5311592
02-10 08:12:09.732 15594 15841 E OpenGLRenderer: JankTracker::calculateLegacyJank expectedDequeueDuration > 0 expectedDequeueDuration=2675657, DequeueBufferDuration=2846250, forgiveAmount=2675657, totalDuration=4098269
02-10 08:12:09.747 15594 15841 E OpenGLRenderer: JankTracker::calculateLegacyJank expectedDequeueDuration > 0 expectedDequeueDuration=2185216, DequeueBufferDuration=1932448, forgiveAmount=1932448, totalDuration=4372856
02-10 08:12:09.768 15594 15841 E OpenGLRenderer: JankTracker::calculateLegacyJank expectedDequeueDuration > 0 expectedDequeueDuration=2465179, DequeueBufferDuration=3636406, forgiveAmount=2465179, totalDuration=5188757
02-10 08:12:09.782 15594 15841 E OpenGLRenderer: JankTracker::calculateLegacyJank expectedDequeueDuration > 0 expectedDequeueDuration=2726502, DequeueBufferDuration=2363490, forgiveAmount=2363490, totalDuration=3811362
02-10 08:12:09.832 15594 15841 E OpenGLRenderer: JankTracker::calculateLegacyJank expectedDequeueDuration > 0 expectedDequeueDuration=2213484, DequeueBufferDuration=3407136, forgiveAmount=2213484, totalDuration=6057876
02-10 08:12:09.851 15594 15841 E OpenGLRenderer: JankTracker::calculateLegacyJank expectedDequeueDuration > 0 expectedDequeueDuration=855502, DequeueBufferDuration=1653854, forgiveAmount=855502, totalDuration=7665767
02-10 08:12:09.865 15594 15841 E OpenGLRenderer: JankTracker::calculateLegacyJank expectedDequeueDuration > 0 expectedDequeueDuration=1274622, DequeueBufferDuration=1727291, forgiveAmount=1274622, totalDuration=5342370
02-10 08:12:09.884 15594 15841 E OpenGLRenderer: JankTracker::calculateLegacyJank expectedDequeueDuration > 0 expectedDequeueDuration=2088221, DequeueBufferDuration=5728646, forgiveAmount=2088221, totalDuration=9178558
02-10 08:12:09.901 15594 15841 E OpenGLRenderer: JankTracker::calculateLegacyJank expectedDequeueDuration > 0 expectedDequeueDuration=1420419, DequeueBufferDuration=1605209, forgiveAmount=1420419, totalDuration=5322756
02-10 08:12:09.918 15594 15841 E OpenGLRenderer: JankTracker::calculateLegacyJank expectedDequeueDuration > 0 expectedDequeueDuration=1941767, DequeueBufferDuration=4886927, forgiveAmount=1941767, totalDuration=8436362
02-10 08:12:09.934 15594 15841 E OpenGLRenderer: JankTracker::calculateLegacyJank expectedDequeueDuration > 0 expectedDequeueDuration=880929, DequeueBufferDuration=3639479, forgiveAmount=880929, totalDuration=8408038
02-10 08:12:09.952 15594 15841 E OpenGLRenderer: JankTracker::calculateLegacyJank expectedDequeueDuration > 0 expectedDequeueDuration=2337113, DequeueBufferDuration=5269219, forgiveAmount=2337113, totalDuration=8087129
02-10 08:12:09.966 15594 15841 E OpenGLRenderer: JankTracker::calculateLegacyJank expectedDequeueDuration > 0 expectedDequeueDuration=2176834, DequeueBufferDuration=4858906, forgiveAmount=2176834, totalDuration=7961644
02-10 08:12:09.984 15594 15841 E OpenGLRenderer: JankTracker::calculateLegacyJank expectedDequeueDuration > 0 expectedDequeueDuration=1089596, DequeueBufferDuration=4820677, forgiveAmount=1089596, totalDuration=9916589
02-10 08:12:10.001 15594 15841 E OpenGLRenderer: JankTracker::calculateLegacyJank expectedDequeueDuration > 0 expectedDequeueDuration=2068559, DequeueBufferDuration=3832135, forgiveAmount=2068559, totalDuration=8611736
02-10 08:12:10.021 15594 15841 E OpenGLRenderer: JankTracker::calculateLegacyJank expectedDequeueDuration > 0 expectedDequeueDuration=1009300, DequeueBufferDuration=4198333, forgiveAmount=1009300, totalDuration=8241087
02-10 08:12:10.039 15594 15841 E OpenGLRenderer: JankTracker::calculateLegacyJank expectedDequeueDuration > 0 expectedDequeueDuration=2439586, DequeueBufferDuration=5036354, forgiveAmount=2439586, totalDuration=7905776
02-10 08:12:10.051 15594 15841 E OpenGLRenderer: JankTracker::calculateLegacyJank expectedDequeueDuration > 0 expectedDequeueDuration=2164635, DequeueBufferDuration=7774480, forgiveAmount=2164635, totalDuration=11955053
02-10 08:12:10.088 15594 15841 E OpenGLRenderer: JankTracker::calculateLegacyJank expectedDequeueDuration > 0 expectedDequeueDuration=1228754, DequeueBufferDuration=3856511, forgiveAmount=1228754, totalDuration=9129262
02-10 08:12:10.104 15594 15841 E OpenGLRenderer: JankTracker::calculateLegacyJank expectedDequeueDuration > 0 expectedDequeueDuration=400657, DequeueBufferDuration=4985364, forgiveAmount=400657, totalDuration=10632384
02-10 08:12:10.123 15594 15841 E OpenGLRenderer: JankTracker::calculateLegacyJank expectedDequeueDuration > 0 expectedDequeueDuration=2126979, DequeueBufferDuration=8067292, forgiveAmount=2126979, totalDuration=18280209
02-10 08:12:10.206 15594 15841 E OpenGLRenderer: JankTracker::calculateLegacyJank expectedDequeueDuration > 0 expectedDequeueDuration=855616, DequeueBufferDuration=5768490, forgiveAmount=855616, totalDuration=11571684
02-10 08:12:10.238 15594 15841 E OpenGLRenderer: JankTracker::calculateLegacyJank expectedDequeueDuration > 0 expectedDequeueDuration=294897, DequeueBufferDuration=7532083, forgiveAmount=294897, totalDuration=14827238
02-10 08:12:10.258 15594 15841 E OpenGLRenderer: JankTracker::calculateLegacyJank expectedDequeueDuration > 0 expectedDequeueDuration=622425, DequeueBufferDuration=7925990, forgiveAmount=622425, totalDuration=12485775
02-10 08:12:10.272 15594 15841 E OpenGLRenderer: JankTracker::calculateLegacyJank expectedDequeueDuration > 0 expectedDequeueDuration=1247126, DequeueBufferDuration=8271562, forgiveAmount=1247126, totalDuration=14466946
02-10 08:12:10.292 15594 15841 E OpenGLRenderer: JankTracker::calculateLegacyJank expectedDequeueDuration > 0 expectedDequeueDuration=1316866, DequeueBufferDuration=11826250, forgiveAmount=1316866, totalDuration=18811632
02-10 08:12:10.323 15594 15841 E OpenGLRenderer: JankTracker::calculateLegacyJank expectedDequeueDuration > 0 expectedDequeueDuration=1895307, DequeueBufferDuration=8747031, forgiveAmount=1895307, totalDuration=13892094
02-10 08:12:10.339 15594 15841 E OpenGLRenderer: JankTracker::calculateLegacyJank expectedDequeueDuration > 0 expectedDequeueDuration=2100596, DequeueBufferDuration=8121562, forgiveAmount=2100596, totalDuration=10752975
02-10 08:12:10.355 15594 15841 E OpenGLRenderer: JankTracker::calculateLegacyJank expectedDequeueDuration > 0 expectedDequeueDuration=2343169, DequeueBufferDuration=11907083, forgiveAmount=2343169, totalDuration=16779183
02-10 08:12:10.370 15594 15841 E OpenGLRenderer: JankTracker::calculateLegacyJank expectedDequeueDuration > 0 expectedDequeueDuration=820339, DequeueBufferDuration=10183907, forgiveAmount=820339, totalDuration=14781927
02-10 08:12:10.386 15594 15841 E OpenGLRenderer: JankTracker::calculateLegacyJank expectedDequeueDuration > 0 expectedDequeueDuration=1004312, DequeueBufferDuration=8093698, forgiveAmount=1004312, totalDuration=11654814
02-10 08:12:10.415 15594 15841 E OpenGLRenderer: JankTracker::calculateLegacyJank expectedDequeueDuration > 0 expectedDequeueDuration=2613884, DequeueBufferDuration=7874062, forgiveAmount=2613884, totalDuration=9584160
02-10 08:12:10.439 15594 15841 E OpenGLRenderer: JankTracker::calculateLegacyJank expectedDequeueDuration > 0 expectedDequeueDuration=1611115, DequeueBufferDuration=18642396, forgiveAmount=1611115, totalDuration=22646988
02-10 08:12:10.515 15594 15841 E OpenGLRenderer: JankTracker::calculateLegacyJank expectedDequeueDuration > 0 expectedDequeueDuration=1977332, DequeueBufferDuration=10411406, forgiveAmount=1977332, totalDuration=15905180
02-10 08:12:10.667 15594 15841 E OpenGLRenderer: JankTracker::calculateLegacyJank expectedDequeueDuration > 0 expectedDequeueDuration=2483449, DequeueBufferDuration=4271667, forgiveAmount=2483449, totalDuration=6365134
02-10 08:12:10.683 15594 15841 E OpenGLRenderer: JankTracker::calculateLegacyJank expectedDequeueDuration > 0 expectedDequeueDuration=2206962, DequeueBufferDuration=4017552, forgiveAmount=2206962, totalDuration=8345399
02-10 08:12:10.701 15594 15841 E OpenGLRenderer: JankTracker::calculateLegacyJank expectedDequeueDuration > 0 expectedDequeueDuration=1921269, DequeueBufferDuration=4257396, forgiveAmount=1921269, totalDuration=7540223
02-10 08:12:10.718 15594 15841 E OpenGLRenderer: JankTracker::calculateLegacyJank expectedDequeueDuration > 0 expectedDequeueDuration=515590, DequeueBufferDuration=3040052, forgiveAmount=515590, totalDuration=11891372
02-10 08:12:10.733 15594 15841 E OpenGLRenderer: JankTracker::calculateLegacyJank expectedDequeueDuration > 0 expectedDequeueDuration=1018776, DequeueBufferDuration=4520312, forgiveAmount=1018776, totalDuration=9390936
02-10 08:12:10.751 15594 15841 E OpenGLRenderer: JankTracker::calculateLegacyJank expectedDequeueDuration > 0 expectedDequeueDuration=2213258, DequeueBufferDuration=5201615, forgiveAmount=2213258, totalDuration=7987858
02-10 08:12:10.766 15594 15841 E OpenGLRenderer: JankTracker::calculateLegacyJank expectedDequeueDuration > 0 expectedDequeueDuration=1782518, DequeueBufferDuration=3842083, forgiveAmount=1782518, totalDuration=8756527
02-10 08:12:10.785 15594 15841 E OpenGLRenderer: JankTracker::calculateLegacyJank expectedDequeueDuration > 0 expectedDequeueDuration=1196446, DequeueBufferDuration=3779740, forgiveAmount=1196446, totalDuration=8270234
02-10 08:12:10.801 15594 15841 E OpenGLRenderer: JankTracker::calculateLegacyJank expectedDequeueDuration > 0 expectedDequeueDuration=1741156, DequeueBufferDuration=2364843, forgiveAmount=1741156, totalDuration=6495032
02-10 08:12:10.818 15594 15841 E OpenGLRenderer: JankTracker::calculateLegacyJank expectedDequeueDuration > 0 expectedDequeueDuration=910354, DequeueBufferDuration=4172552, forgiveAmount=910354, totalDuration=9522833
02-10 08:12:10.833 15594 15641 E SQLiteDatabase: Error inserting transferred=1 media_job_uuid=63cf7f88-0b63-403f-bbfe-6c72526fa5dd transcoded=0 gif_attribution=0 first_scan_length=0 direct_path=/v/t62.7161- 24/34507276_7797880980240655_1156530919083552827_n.enc?ccb=11- 4&oh=01_AdTA4yGwA8RYqpucVCXziSm0S54bdp9aBZmWJWY0g0aL0w&oe=65EE44F9&_nc_sid=5e03e0 thumbnail_height_width_ratio=1.7777778 is_animated_sticker=0 file_hash=tYip31/TFbYSFr/qR3dYDZFouwF4Srd+Opl2kt33O+4= file_path=Media/.Statuses/c3f831bfab214bf0b0cd9b238614f3e9.mp4 file_size=2872599 partial_media_hash=null face_x=0 face_y=0 height=656 trim_to=0 media_key_timestamp=1707527479000 message_url=*********************************************************************** *********************************************************************************** *********************************** media_caption=null trim_from=0 mime_type=video/mp4 partial_media_enc_hash=null width=368 original_file_hash=null has_streaming_sidecar=1 autotransfer_retry_enabled=1 media_upload_handle=null message_row_id=415 multicast_id=null enc_file_hash=4/WZKmmr2YvVQhMDT6KI9gSnX0tgDjEA9yqCzexhM4k= mute_video=0 page_count=0 first_scan_sidecar=null suspicious_content=0 file_length=2872599 media_name=null media_duration=20 chat_row_id=51 media_key=[B@fcf8f34
02-10 08:12:10.833 15594 15641 E SQLiteDatabase: android.database.sqlite.SQLiteConstraintException: UNIQUE constraint failed: message_media.message_row_id (code 1555 SQLITE_CONSTRAINT_PRIMARYKEY)
02-10 08:12:10.833 15594 15641 E SQLiteDatabase: at android.database.sqlite.SQLiteConnection.nativeExecuteForLastInsertedRowId(Native Method)
02-10 08:12:10.833 15594 15641 E SQLiteDatabase: at android.database.sqlite.SQLiteConnection.executeForLastInsertedRowId(SQLiteConnecti on.java:985)
02-10 08:12:10.833 15594 15641 E SQLiteDatabase: at android.database.sqlite.SQLiteSession.executeForLastInsertedRowId(SQLiteSession.jav a:790)
02-10 08:12:10.833 15594 15641 E SQLiteDatabase: at android.database.sqlite.SQLiteStatement.executeInsert(SQLiteStatement.java:89)
02-10 08:12:10.833 15594 15641 E SQLiteDatabase: at android.database.sqlite.SQLiteDatabase.insertWithOnConflict(SQLiteDatabase.java:170 2)
02-10 08:12:10.833 15594 15641 E SQLiteDatabase: at android.database.sqlite.SQLiteDatabase.insert(SQLiteDatabase.java:1571)
02-10 08:12:10.833 15594 15641 E SQLiteDatabase: at X.2tm.A08(Unknown Source:6)
02-10 08:12:10.833 15594 15641 E SQLiteDatabase: at X.35Y.A07(Unknown Source:212)
02-10 08:12:10.833 15594 15641 E SQLiteDatabase: at X.3QF.A14(Unknown Source:470)
02-10 08:12:10.833 15594 15641 E SQLiteDatabase: at X.3gU.run(Unknown Source:982)
02-10 08:12:10.833 15594 15641 E SQLiteDatabase: at android.os.Handler.handleCallback(Handler.java:938)
02-10 08:12:10.833 15594 15641 E SQLiteDatabase: at android.os.Handler.dispatchMessage(Handler.java:99)
02-10 08:12:10.833 15594 15641 E SQLiteDatabase: at X.0zq.dispatchMessage(Unknown Source:4)
02-10 08:12:10.833 15594 15641 E SQLiteDatabase: at android.os.Looper.loopOnce(Looper.java:233)
02-10 08:12:10.833 15594 15641 E SQLiteDatabase: at android.os.Looper.loop(Looper.java:334)
02-10 08:12:10.833 15594 15641 E SQLiteDatabase: at android.os.HandlerThread.run(HandlerThread.java:67)
02-10 08:12:10.834 15594 15841 E OpenGLRenderer: JankTracker::calculateLegacyJank expectedDequeueDuration > 0 expectedDequeueDuration=1569913, DequeueBufferDuration=4181302, forgiveAmount=1569913, totalDuration=10024758
02-10 08:12:10.851 15594 15841 E OpenGLRenderer: JankTracker::calculateLegacyJank expectedDequeueDuration > 0 expectedDequeueDuration=2020087, DequeueBufferDuration=5286771, forgiveAmount=2020087, totalDuration=9658368
