The document contains log entries from an Android application. It records errors and warnings related to loading debugging tools, uncaught exceptions, invalid IDs, failed loading of files and libraries, and jank or stuttering during graphics rendering.
Download as TXT, PDF, TXT or read online on Scribd
0 ratings0% found this document useful (0 votes)
46 views
Logcat
The document contains log entries from an Android application. It records errors and warnings related to loading debugging tools, uncaught exceptions, invalid IDs, failed loading of files and libraries, and jank or stuttering during graphics rendering.
Download as TXT, PDF, TXT or read online on Scribd
You are on page 1/ 864
--------- beginning of main
02-10 07:53:50.389 27845 27845 E com.mbwhatsapp: Not starting debugger since
process cannot load the jdwp agent.
02-10 07:53:52.050 27845 27845 E CustomActivityOnCrash: IMPORTANT WARNING! You already have an UncaughtExceptionHandler, are you sure this is correct? If you use a custom UncaughtExceptionHandler, you must initialize it AFTER CustomActivityOnCrash! Installing anyway, but your original handler will not be called.
02-10 07:53:53.426 28045 28045 E com.mbwhatsapp: Not starting debugger since process cannot load the jdwp agent.
02-10 07:53:54.080 28045 28045 E CustomActivityOnCrash: IMPORTANT WARNING! You already have an UncaughtExceptionHandler, are you sure this is correct? If you use a custom UncaughtExceptionHandler, you must initialize it AFTER CustomActivityOnCrash! Installing anyway, but your original handler will not be called.
02-10 07:54:00.460 28426 28426 E com.mbwhatsapp: Not starting debugger since process cannot load the jdwp agent.
02-10 07:54:00.936 28426 28426 E CustomActivityOnCrash: IMPORTANT WARNING! You already have an UncaughtExceptionHandler, are you sure this is correct? If you use a custom UncaughtExceptionHandler, you must initialize it AFTER CustomActivityOnCrash! Installing anyway, but your original handler will not be called. --------- beginning of main
02-10 07:54:04.465 28426 28426 E com.mbwhatsapp: Invalid ID 0x00000000.
02-10 07:54:04.976 28426 28681 E RenderScript: Failed to find hal setup entry points: undefined symbol: rsdHalAbort
02-10 07:54:04.977 28426 28681 E RenderScript: Failed to load runtime , loading default
02-10 07:54:05.089 28426 28426 E ArmVmp : Match on catch block at 0x0a in for 0x7630ce604d
02-10 07:54:05.989 28426 28426 E com.mbwhatsapp: Invalid ID 0x00000000.
02-10 07:54:06.003 28426 28426 E com.mbwhatsapp: Invalid ID 0x00000000.
02-10 07:54:06.006 28426 28426 E com.mbwhatsapp: Invalid ID 0x00000000.
02-10 07:54:06.010 28426 28426 E com.mbwhatsapp: Invalid ID 0x00000000.
02-10 07:54:06.011 28426 28426 E com.mbwhatsapp: Invalid ID 0x00000000.
02-10 07:54:06.012 28426 28426 E com.mbwhatsapp: Invalid ID 0x00000000.
02-10 07:54:06.013 28426 28426 E com.mbwhatsapp: Invalid ID 0x00000000.
02-10 07:54:06.013 28426 28426 E com.mbwhatsapp: Invalid ID 0x00000000.
02-10 07:54:15.791 28426 29204 E ShortcutInfoCompatSaver: Failed to load saved values from file /data/user/0/com.mbwhatsapp/files/ShortcutInfoCompatSaver_share_targets/ targets.xml. Old state removed, new added
02-10 07:54:15.791 28426 29204 E ShortcutInfoCompatSaver: java.io.FileNotFoundException: /data/user/0/com.mbwhatsapp/files/ShortcutInfoCompatSaver_share_targets/ targets.xml: open failed: ENOENT (No such file or directory)
02-10 07:54:15.791 28426 29204 E ShortcutInfoCompatSaver: at libcore.io.IoBridge.open(IoBridge.java:574)
02-10 07:54:15.791 28426 29204 E ShortcutInfoCompatSaver: at java.io.FileInputStream.<init>(FileInputStream.java:160)
02-10 07:54:15.791 28426 29204 E ShortcutInfoCompatSaver: at X.0nz.run(Unknown Source:82)
02-10 07:54:15.791 28426 29204 E ShortcutInfoCompatSaver: at java.util.concurrent.Executors$RunnableAdapter.call(Executors.java:487)
02-10 07:54:15.791 28426 29204 E ShortcutInfoCompatSaver: at java.util.concurrent.FutureTask.run(FutureTask.java:264)
02-10 07:54:15.791 28426 29204 E ShortcutInfoCompatSaver: at java.util.concurrent.ThreadPoolExecutor.runWorker(ThreadPoolExecutor.java:1145)
02-10 07:54:15.791 28426 29204 E ShortcutInfoCompatSaver: at java.util.concurrent.ThreadPoolExecutor$Worker.run(ThreadPoolExecutor.java:644)
02-10 07:54:15.791 28426 29204 E ShortcutInfoCompatSaver: at java.lang.Thread.run(Thread.java:1012)
02-10 07:54:15.791 28426 29204 E ShortcutInfoCompatSaver: Caused by: android.system.ErrnoException: open failed: ENOENT (No such file or directory)
02-10 07:54:15.791 28426 29204 E ShortcutInfoCompatSaver: at libcore.io.Linux.open(Native Method)
02-10 07:54:15.791 28426 29204 E ShortcutInfoCompatSaver: at libcore.io.ForwardingOs.open(ForwardingOs.java:563)
02-10 07:54:15.791 28426 29204 E ShortcutInfoCompatSaver: at libcore.io.BlockGuardOs.open(BlockGuardOs.java:274)
02-10 07:54:15.791 28426 29204 E ShortcutInfoCompatSaver: at libcore.io.ForwardingOs.open(ForwardingOs.java:563)
02-10 07:54:15.791 28426 29204 E ShortcutInfoCompatSaver: at android.app.ActivityThread$AndroidOs.open(ActivityThread.java:8272)
02-10 07:54:15.791 28426 29204 E ShortcutInfoCompatSaver: at libcore.io.IoBridge.open(IoBridge.java:560)
02-10 07:54:15.791 28426 29204 E ShortcutInfoCompatSaver: ... 7 more
02-10 07:54:15.865 28426 28607 E FrameEvents: updateAcquireFence: Did not find frame.
02-10 07:54:15.865 28426 28607 E OpenGLRenderer: JankTracker::calculateLegacyJank expectedDequeueDuration > 0 expectedDequeueDuration=3332291, DequeueBufferDuration=1741459, forgiveAmount=1741459, totalDuration=1475677
02-10 07:54:15.905 28426 28607 E FrameEvents: updateAcquireFence: Did not find frame.
02-10 07:54:15.906 28426 28607 E OpenGLRenderer: JankTracker::calculateLegacyJank expectedDequeueDuration > 0 expectedDequeueDuration=3536459, DequeueBufferDuration=22286823, forgiveAmount=3536459, totalDuration=23244842
02-10 07:54:15.943 28426 28607 E FrameEvents: updateAcquireFence: Did not find frame.
02-10 07:54:15.943 28426 28607 E OpenGLRenderer: JankTracker::calculateLegacyJank expectedDequeueDuration > 0 expectedDequeueDuration=3710937, DequeueBufferDuration=2266719, forgiveAmount=2266719, totalDuration=3602396
02-10 07:54:16.264 28426 28448 E OpenGLRenderer: JankTracker::calculateLegacyJank expectedDequeueDuration > 0 expectedDequeueDuration=2594949, DequeueBufferDuration=4472292, forgiveAmount=2594949, totalDuration=6663851
02-10 07:54:16.313 28426 28448 E OpenGLRenderer: JankTracker::calculateLegacyJank expectedDequeueDuration > 0 expectedDequeueDuration=1770407, DequeueBufferDuration=1249480, forgiveAmount=1249480, totalDuration=4948342
02-10 07:54:16.330 28426 29005 E OpenGLRenderer: JankTracker::calculateLegacyJank expectedDequeueDuration > 0 expectedDequeueDuration=870176, DequeueBufferDuration=763698, forgiveAmount=763698, totalDuration=5541960
02-10 07:54:19.701 28426 28448 E OpenGLRenderer: JankTracker::calculateLegacyJank expectedDequeueDuration > 0 expectedDequeueDuration=237, DequeueBufferDuration=756615, forgiveAmount=237, totalDuration=8320725
02-10 07:54:30.150 28426 29414 E OpenGLRenderer: JankTracker::calculateLegacyJank expectedDequeueDuration > 0 expectedDequeueDuration=2775162, DequeueBufferDuration=2371979, forgiveAmount=2371979, totalDuration=7703276
02-10 07:54:30.958 28426 28573 E PlayCore: UID: [10734] PID: [28426] StandardIntegrity : Phonesky is not installed.
02-10 07:54:31.714 28426 29005 E OpenGLRenderer: JankTracker::calculateLegacyJank expectedDequeueDuration > 0 expectedDequeueDuration=482406, DequeueBufferDuration=1195937, forgiveAmount=482406, totalDuration=11788834
02-10 07:54:34.346 28426 28448 E OpenGLRenderer: JankTracker::calculateLegacyJank expectedDequeueDuration > 0 expectedDequeueDuration=830114, DequeueBufferDuration=15184063, forgiveAmount=830114, totalDuration=26772375
02-10 07:54:37.239 28426 29581 E OpenGLRenderer: JankTracker::calculateLegacyJank expectedDequeueDuration > 0 expectedDequeueDuration=2236556, DequeueBufferDuration=10341979, forgiveAmount=2236556, totalDuration=12853034
02-10 07:54:37.286 28426 29581 E OpenGLRenderer: JankTracker::calculateLegacyJank expectedDequeueDuration > 0 expectedDequeueDuration=1016670, DequeueBufferDuration=7710834, forgiveAmount=1016670, totalDuration=13267389
02-10 07:54:47.563 28426 29414 E OpenGLRenderer: JankTracker::calculateLegacyJank expectedDequeueDuration > 0 expectedDequeueDuration=989130, DequeueBufferDuration=2079271, forgiveAmount=989130, totalDuration=7713616
02-10 07:54:56.531 28426 29581 E OpenGLRenderer: JankTracker::calculateLegacyJank expectedDequeueDuration > 0 expectedDequeueDuration=3465898, DequeueBufferDuration=1728698, forgiveAmount=1728698, totalDuration=7778580
02-10 07:54:57.141 28426 29581 E OpenGLRenderer: JankTracker::calculateLegacyJank expectedDequeueDuration > 0 expectedDequeueDuration=2562425, DequeueBufferDuration=4875625, forgiveAmount=2562425, totalDuration=9780253
02-10 07:55:00.852 28426 29005 E OpenGLRenderer: JankTracker::calculateLegacyJank expectedDequeueDuration > 0 expectedDequeueDuration=1644430, DequeueBufferDuration=5632448, forgiveAmount=1644430, totalDuration=12076401
02-10 07:55:00.870 28426 29005 E OpenGLRenderer: JankTracker::calculateLegacyJank expectedDequeueDuration > 0 expectedDequeueDuration=1778465, DequeueBufferDuration=7874062, forgiveAmount=1778465, totalDuration=11368383
02-10 07:55:05.618 28426 29005 E OpenGLRenderer: JankTracker::calculateLegacyJank expectedDequeueDuration > 0 expectedDequeueDuration=1491823, DequeueBufferDuration=4135156, forgiveAmount=1491823, totalDuration=7404323
02-10 07:55:05.635 28426 29005 E OpenGLRenderer: JankTracker::calculateLegacyJank expectedDequeueDuration > 0 expectedDequeueDuration=1547746, DequeueBufferDuration=4316145, forgiveAmount=1547746, totalDuration=7732476
02-10 07:55:05.652 28426 29005 E OpenGLRenderer: JankTracker::calculateLegacyJank expectedDequeueDuration > 0 expectedDequeueDuration=1446639, DequeueBufferDuration=5128020, forgiveAmount=1446639, totalDuration=9078180
02-10 07:55:06.717 28426 29414 E OpenGLRenderer: JankTracker::calculateLegacyJank expectedDequeueDuration > 0 expectedDequeueDuration=1667840, DequeueBufferDuration=2995000, forgiveAmount=1667840, totalDuration=5988279
02-10 07:55:06.734 28426 29414 E OpenGLRenderer: JankTracker::calculateLegacyJank expectedDequeueDuration > 0 expectedDequeueDuration=1636443, DequeueBufferDuration=2937604, forgiveAmount=1636443, totalDuration=5920031
02-10 07:55:06.769 28426 29414 E OpenGLRenderer: JankTracker::calculateLegacyJank expectedDequeueDuration > 0 expectedDequeueDuration=1012243, DequeueBufferDuration=3926250, forgiveAmount=1012243, totalDuration=8130253
02-10 07:55:07.236 28426 29414 E OpenGLRenderer: JankTracker::calculateLegacyJank expectedDequeueDuration > 0 expectedDequeueDuration=1023366, DequeueBufferDuration=3278854, forgiveAmount=1023366, totalDuration=9927070
02-10 07:55:07.836 28426 29005 E OpenGLRenderer: JankTracker::calculateLegacyJank expectedDequeueDuration > 0 expectedDequeueDuration=1456167, DequeueBufferDuration=5987656, forgiveAmount=1456167, totalDuration=10340063
02-10 07:55:07.860 28426 29005 E OpenGLRenderer: JankTracker::calculateLegacyJank expectedDequeueDuration > 0 expectedDequeueDuration=1116774, DequeueBufferDuration=3987396, forgiveAmount=1116774, totalDuration=9459629
02-10 07:55:07.881 28426 29005 E OpenGLRenderer: JankTracker::calculateLegacyJank expectedDequeueDuration > 0 expectedDequeueDuration=1964660, DequeueBufferDuration=7342084, forgiveAmount=1964660, totalDuration=13658283
02-10 07:55:07.897 28426 29005 E OpenGLRenderer: JankTracker::calculateLegacyJank expectedDequeueDuration > 0 expectedDequeueDuration=2018520, DequeueBufferDuration=14106145, forgiveAmount=2018520, totalDuration=22152180
02-10 07:55:08.235 28426 29581 E OpenGLRenderer: JankTracker::calculateLegacyJank expectedDequeueDuration > 0 expectedDequeueDuration=1677191, DequeueBufferDuration=663490, forgiveAmount=663490, totalDuration=5051558
02-10 07:55:08.278 28426 29581 E OpenGLRenderer: JankTracker::calculateLegacyJank expectedDequeueDuration > 0 expectedDequeueDuration=1385360, DequeueBufferDuration=1503333, forgiveAmount=1385360, totalDuration=10583134
02-10 07:55:10.932 28426 30414 E OpenGLRenderer: JankTracker::calculateLegacyJank expectedDequeueDuration > 0 expectedDequeueDuration=1341391, DequeueBufferDuration=6368281, forgiveAmount=1341391, totalDuration=11484875
02-10 07:55:24.474 28426 28440 E OpenGLRenderer: JankTracker::calculateLegacyJank expectedDequeueDuration > 0 expectedDequeueDuration=802922, DequeueBufferDuration=1203802, forgiveAmount=802922, totalDuration=8341292
02-10 07:55:25.222 28426 30414 E OpenGLRenderer: JankTracker::calculateLegacyJank expectedDequeueDuration > 0 expectedDequeueDuration=612920, DequeueBufferDuration=7327604, forgiveAmount=612920, totalDuration=21328327
02-10 07:55:34.803 28426 28769 E OpenGLRenderer: JankTracker::calculateLegacyJank expectedDequeueDuration > 0 expectedDequeueDuration=3119993, DequeueBufferDuration=956563, forgiveAmount=956563, totalDuration=4851203
02-10 07:55:54.684 28426 29414 E OpenGLRenderer: JankTracker::calculateLegacyJank expectedDequeueDuration > 0 expectedDequeueDuration=3882795, DequeueBufferDuration=775469, forgiveAmount=775469, totalDuration=9346685
02-10 07:55:55.132 28426 30414 E OpenGLRenderer: JankTracker::calculateLegacyJank expectedDequeueDuration > 0 expectedDequeueDuration=3344245, DequeueBufferDuration=2684531, forgiveAmount=2684531, totalDuration=11259818
02-10 07:56:01.611 28426 28426 E ArmVmp : Match on catch block at 0x0a in for 0x7630ce6031
02-10 07:56:01.675 28426 28426 E ArmVmp : Match on catch block at 0x0a in for 0x7630ce604d
02-10 07:56:02.763 28426 28426 E ArmVmp : Match on catch block at 0x0a in for 0x7630ce6035
02-10 07:56:04.130 28426 28426 E RecyclerView: No adapter attached; skipping layout
02-10 07:56:13.048 28426 29542 E OpenGLRenderer: JankTracker::calculateLegacyJank expectedDequeueDuration > 0 expectedDequeueDuration=2053137, DequeueBufferDuration=2754114, forgiveAmount=2053137, totalDuration=6851644
02-10 07:56:13.065 28426 29542 E OpenGLRenderer: JankTracker::calculateLegacyJank expectedDequeueDuration > 0 expectedDequeueDuration=2189823, DequeueBufferDuration=3767552, forgiveAmount=2189823, totalDuration=6487750
02-10 07:56:13.081 28426 29542 E OpenGLRenderer: JankTracker::calculateLegacyJank expectedDequeueDuration > 0 expectedDequeueDuration=2294415, DequeueBufferDuration=2288438, forgiveAmount=2288438, totalDuration=4962772
02-10 07:56:13.098 28426 28440 E OpenGLRenderer: JankTracker::calculateLegacyJank expectedDequeueDuration > 0 expectedDequeueDuration=885131, DequeueBufferDuration=1096823, forgiveAmount=885131, totalDuration=8326769
02-10 07:56:13.914 28426 29542 E OpenGLRenderer: JankTracker::calculateLegacyJank expectedDequeueDuration > 0 expectedDequeueDuration=1516319, DequeueBufferDuration=1476093, forgiveAmount=1476093, totalDuration=19109672
02-10 07:56:16.135 28426 29005 E OpenGLRenderer: JankTracker::calculateLegacyJank expectedDequeueDuration > 0 expectedDequeueDuration=1469680, DequeueBufferDuration=6062916, forgiveAmount=1469680, totalDuration=13193087
02-10 07:56:16.214 28426 29005 E OpenGLRenderer: JankTracker::calculateLegacyJank expectedDequeueDuration > 0 expectedDequeueDuration=1302350, DequeueBufferDuration=5084375, forgiveAmount=1302350, totalDuration=13046446
02-10 07:56:18.782 28426 29542 E OpenGLRenderer: JankTracker::calculateLegacyJank expectedDequeueDuration > 0 expectedDequeueDuration=1753403, DequeueBufferDuration=2100000, forgiveAmount=1753403, totalDuration=11605589
02-10 07:56:18.831 28426 29542 E OpenGLRenderer: JankTracker::calculateLegacyJank expectedDequeueDuration > 0 expectedDequeueDuration=1681495, DequeueBufferDuration=2765000, forgiveAmount=1681495, totalDuration=13960864
02-10 07:56:18.964 28426 29542 E OpenGLRenderer: JankTracker::calculateLegacyJank expectedDequeueDuration > 0 expectedDequeueDuration=1056282, DequeueBufferDuration=3610938, forgiveAmount=1056282, totalDuration=10380925
02-10 07:56:19.049 28426 29542 E OpenGLRenderer: JankTracker::calculateLegacyJank expectedDequeueDuration > 0 expectedDequeueDuration=1250740, DequeueBufferDuration=714011, forgiveAmount=714011, totalDuration=7471551
02-10 07:56:19.064 28426 29542 E OpenGLRenderer: JankTracker::calculateLegacyJank expectedDequeueDuration > 0 expectedDequeueDuration=2008638, DequeueBufferDuration=1289844, forgiveAmount=1289844, totalDuration=6147299
02-10 07:56:19.099 28426 29542 E OpenGLRenderer: JankTracker::calculateLegacyJank expectedDequeueDuration > 0 expectedDequeueDuration=1272449, DequeueBufferDuration=770678, forgiveAmount=770678, totalDuration=8981144
02-10 07:56:19.154 28426 29542 E OpenGLRenderer: JankTracker::calculateLegacyJank expectedDequeueDuration > 0 expectedDequeueDuration=794984, DequeueBufferDuration=680208, forgiveAmount=680208, totalDuration=18640224
02-10 07:56:19.187 28426 29542 E OpenGLRenderer: JankTracker::calculateLegacyJank expectedDequeueDuration > 0 expectedDequeueDuration=2117403, DequeueBufferDuration=7974323, forgiveAmount=2117403, totalDuration=25243319
02-10 07:56:20.748 28426 28426 E ArmVmp : Match on catch block at 0x0a in for 0x7630ce6049
02-10 07:56:24.049 28426 28440 E OpenGLRenderer: JankTracker::calculateLegacyJank expectedDequeueDuration > 0 expectedDequeueDuration=1754341, DequeueBufferDuration=1195990, forgiveAmount=1195990, totalDuration=7684929
02-10 07:56:24.064 28426 28440 E OpenGLRenderer: JankTracker::calculateLegacyJank expectedDequeueDuration > 0 expectedDequeueDuration=1217801, DequeueBufferDuration=2614271, forgiveAmount=1217801, totalDuration=12328044
02-10 07:56:24.147 28426 28440 E OpenGLRenderer: JankTracker::calculateLegacyJank expectedDequeueDuration > 0 expectedDequeueDuration=102144, DequeueBufferDuration=5017709, forgiveAmount=102144, totalDuration=12148629
02-10 07:56:25.714 28426 28769 E OpenGLRenderer: JankTracker::calculateLegacyJank expectedDequeueDuration > 0 expectedDequeueDuration=1317819, DequeueBufferDuration=1373281, forgiveAmount=1317819, totalDuration=5155663
02-10 07:56:26.514 28426 29542 E OpenGLRenderer: JankTracker::calculateLegacyJank expectedDequeueDuration > 0 expectedDequeueDuration=1856011, DequeueBufferDuration=1698854, forgiveAmount=1698854, totalDuration=7424301
02-10 07:56:26.530 28426 29542 E OpenGLRenderer: JankTracker::calculateLegacyJank expectedDequeueDuration > 0 expectedDequeueDuration=1047550, DequeueBufferDuration=1196042, forgiveAmount=1047550, totalDuration=11199691
02-10 07:56:26.546 28426 29542 E OpenGLRenderer: JankTracker::calculateLegacyJank expectedDequeueDuration > 0 expectedDequeueDuration=1684673, DequeueBufferDuration=742084, forgiveAmount=742084, totalDuration=8435587
02-10 07:56:26.603 28426 29542 E OpenGLRenderer: JankTracker::calculateLegacyJank expectedDequeueDuration > 0 expectedDequeueDuration=743652, DequeueBufferDuration=6358073, forgiveAmount=743652, totalDuration=12328842
02-10 07:56:26.931 28426 28769 E OpenGLRenderer: JankTracker::calculateLegacyJank expectedDequeueDuration > 0 expectedDequeueDuration=563575, DequeueBufferDuration=562448, forgiveAmount=562448, totalDuration=10842831
02-10 07:56:28.498 28426 28769 E OpenGLRenderer: JankTracker::calculateLegacyJank expectedDequeueDuration > 0 expectedDequeueDuration=2118830, DequeueBufferDuration=2088646, forgiveAmount=2088646, totalDuration=5047576
02-10 07:56:28.515 28426 28769 E OpenGLRenderer: JankTracker::calculateLegacyJank expectedDequeueDuration > 0 expectedDequeueDuration=1537730, DequeueBufferDuration=1553125, forgiveAmount=1537730, totalDuration=5173290
02-10 07:56:29.049 28426 28769 E OpenGLRenderer: JankTracker::calculateLegacyJank expectedDequeueDuration > 0 expectedDequeueDuration=909096, DequeueBufferDuration=823230, forgiveAmount=823230, totalDuration=7009341
02-10 07:56:31.587 28426 29005 E OpenGLRenderer: JankTracker::calculateLegacyJank expectedDequeueDuration > 0 expectedDequeueDuration=71150, DequeueBufferDuration=2610000, forgiveAmount=71150, totalDuration=13741293
02-10 07:56:31.638 28426 29005 E OpenGLRenderer: JankTracker::calculateLegacyJank expectedDequeueDuration > 0 expectedDequeueDuration=96743, DequeueBufferDuration=7280260, forgiveAmount=96743, totalDuration=73204795
02-10 07:56:31.764 28426 29005 E OpenGLRenderer: JankTracker::calculateLegacyJank expectedDequeueDuration > 0 expectedDequeueDuration=967988, DequeueBufferDuration=3278906, forgiveAmount=967988, totalDuration=13231627
02-10 07:56:31.798 28426 29005 E OpenGLRenderer: JankTracker::calculateLegacyJank expectedDequeueDuration > 0 expectedDequeueDuration=989516, DequeueBufferDuration=519427, forgiveAmount=519427, totalDuration=5831160
02-10 07:56:31.830 28426 29005 E OpenGLRenderer: JankTracker::calculateLegacyJank expectedDequeueDuration > 0 expectedDequeueDuration=998481, DequeueBufferDuration=1340573, forgiveAmount=998481, totalDuration=7704079
02-10 07:56:31.898 28426 29005 E OpenGLRenderer: JankTracker::calculateLegacyJank expectedDequeueDuration > 0 expectedDequeueDuration=451526, DequeueBufferDuration=2294532, forgiveAmount=451526, totalDuration=17069083
02-10 07:56:31.915 28426 29005 E OpenGLRenderer: JankTracker::calculateLegacyJank expectedDequeueDuration > 0 expectedDequeueDuration=771292, DequeueBufferDuration=2281198, forgiveAmount=771292, totalDuration=12456739
02-10 07:56:31.965 28426 29005 E OpenGLRenderer: JankTracker::calculateLegacyJank expectedDequeueDuration > 0 expectedDequeueDuration=2208053, DequeueBufferDuration=2178906, forgiveAmount=2178906, totalDuration=7504551
02-10 07:56:31.981 28426 29005 E OpenGLRenderer: JankTracker::calculateLegacyJank expectedDequeueDuration > 0 expectedDequeueDuration=1723495, DequeueBufferDuration=7869375, forgiveAmount=1723495, totalDuration=11042281
02-10 07:56:32.018 28426 29005 E OpenGLRenderer: JankTracker::calculateLegacyJank expectedDequeueDuration > 0 expectedDequeueDuration=1674068, DequeueBufferDuration=1552239, forgiveAmount=1552239, totalDuration=4752600
02-10 07:56:32.031 28426 29005 E OpenGLRenderer: JankTracker::calculateLegacyJank expectedDequeueDuration > 0 expectedDequeueDuration=1849605, DequeueBufferDuration=1570990, forgiveAmount=1570990, totalDuration=4810864
02-10 07:56:32.053 28426 29005 E OpenGLRenderer: JankTracker::calculateLegacyJank expectedDequeueDuration > 0 expectedDequeueDuration=1770073, DequeueBufferDuration=5489896, forgiveAmount=1770073, totalDuration=9217197
02-10 07:56:32.066 28426 28440 E OpenGLRenderer: JankTracker::calculateLegacyJank expectedDequeueDuration > 0 expectedDequeueDuration=1977367, DequeueBufferDuration=717135, forgiveAmount=717135, totalDuration=7810863
02-10 07:56:32.148 28426 28440 E OpenGLRenderer: JankTracker::calculateLegacyJank expectedDequeueDuration > 0 expectedDequeueDuration=1246159, DequeueBufferDuration=2703125, forgiveAmount=1246159, totalDuration=7507161
02-10 07:56:32.164 28426 28440 E OpenGLRenderer: JankTracker::calculateLegacyJank expectedDequeueDuration > 0 expectedDequeueDuration=1374483, DequeueBufferDuration=981250, forgiveAmount=981250, totalDuration=6933746
02-10 07:56:32.181 28426 28440 E OpenGLRenderer: JankTracker::calculateLegacyJank expectedDequeueDuration > 0 expectedDequeueDuration=1006702, DequeueBufferDuration=1555417, forgiveAmount=1006702, totalDuration=7835815
02-10 07:56:32.215 28426 28440 E OpenGLRenderer: JankTracker::calculateLegacyJank expectedDequeueDuration > 0 expectedDequeueDuration=1176989, DequeueBufferDuration=1471562, forgiveAmount=1176989, totalDuration=6461647
02-10 07:56:32.230 28426 28440 E OpenGLRenderer: JankTracker::calculateLegacyJank expectedDequeueDuration > 0 expectedDequeueDuration=1935292, DequeueBufferDuration=2317240, forgiveAmount=1935292, totalDuration=6072072
02-10 07:56:35.998 28426 29542 E OpenGLRenderer: JankTracker::calculateLegacyJank expectedDequeueDuration > 0 expectedDequeueDuration=84589, DequeueBufferDuration=1934166, forgiveAmount=84589, totalDuration=11525197
02-10 07:56:36.015 28426 29542 E OpenGLRenderer: JankTracker::calculateLegacyJank expectedDequeueDuration > 0 expectedDequeueDuration=442663, DequeueBufferDuration=2712396, forgiveAmount=442663, totalDuration=12748268
02-10 07:56:36.030 28426 29542 E OpenGLRenderer: JankTracker::calculateLegacyJank expectedDequeueDuration > 0 expectedDequeueDuration=637027, DequeueBufferDuration=1340937, forgiveAmount=637027, totalDuration=19548759
02-10 07:56:37.066 28426 28440 E OpenGLRenderer: JankTracker::calculateLegacyJank expectedDequeueDuration > 0 expectedDequeueDuration=525209, DequeueBufferDuration=627344, forgiveAmount=525209, totalDuration=7625363
02-10 07:56:38.701 28426 29542 E OpenGLRenderer: JankTracker::calculateLegacyJank expectedDequeueDuration > 0 expectedDequeueDuration=1287644, DequeueBufferDuration=5456667, forgiveAmount=1287644, totalDuration=11896847
02-10 07:56:38.714 28426 29542 E OpenGLRenderer: JankTracker::calculateLegacyJank expectedDequeueDuration > 0 expectedDequeueDuration=1182350, DequeueBufferDuration=714531, forgiveAmount=714531, totalDuration=15106973
02-10 07:56:38.780 28426 29542 E OpenGLRenderer: JankTracker::calculateLegacyJank expectedDequeueDuration > 0 expectedDequeueDuration=1750824, DequeueBufferDuration=570469, forgiveAmount=570469, totalDuration=5871311
02-10 07:56:39.532 28426 29542 E OpenGLRenderer: JankTracker::calculateLegacyJank expectedDequeueDuration > 0 expectedDequeueDuration=242001, DequeueBufferDuration=1320000, forgiveAmount=242001, totalDuration=8677249
02-10 07:56:39.914 28426 29542 E OpenGLRenderer: JankTracker::calculateLegacyJank expectedDequeueDuration > 0 expectedDequeueDuration=1204434, DequeueBufferDuration=1460313, forgiveAmount=1204434, totalDuration=7713944
02-10 07:56:39.981 28426 29542 E OpenGLRenderer: JankTracker::calculateLegacyJank expectedDequeueDuration > 0 expectedDequeueDuration=1349620, DequeueBufferDuration=5461354, forgiveAmount=1349620, totalDuration=20441333
02-10 07:56:40.013 28426 29542 E OpenGLRenderer: JankTracker::calculateLegacyJank expectedDequeueDuration > 0 expectedDequeueDuration=1130469, DequeueBufferDuration=1160625, forgiveAmount=1130469, totalDuration=18632136
02-10 07:56:40.483 28426 29542 E OpenGLRenderer: JankTracker::calculateLegacyJank expectedDequeueDuration > 0 expectedDequeueDuration=2122424, DequeueBufferDuration=5353646, forgiveAmount=2122424, totalDuration=8257497
02-10 07:56:41.730 28426 28440 E OpenGLRenderer: JankTracker::calculateLegacyJank expectedDequeueDuration > 0 expectedDequeueDuration=887228, DequeueBufferDuration=1071719, forgiveAmount=887228, totalDuration=7212471
02-10 07:56:42.342 28426 28448 E OpenGLRenderer: JankTracker::calculateLegacyJank expectedDequeueDuration > 0 expectedDequeueDuration=567956, DequeueBufferDuration=905625, forgiveAmount=567956, totalDuration=9846068
02-10 07:56:42.347 28426 28448 E OpenGLRenderer: JankTracker::calculateLegacyJank expectedDequeueDuration > 0 expectedDequeueDuration=1974869, DequeueBufferDuration=5938906, forgiveAmount=1974869, totalDuration=26977710
02-10 07:56:42.430 28426 28448 E OpenGLRenderer: JankTracker::calculateLegacyJank expectedDequeueDuration > 0 expectedDequeueDuration=1435368, DequeueBufferDuration=1151667, forgiveAmount=1151667, totalDuration=7328747
02-10 07:56:42.764 28426 29542 E OpenGLRenderer: JankTracker::calculateLegacyJank expectedDequeueDuration > 0 expectedDequeueDuration=770077, DequeueBufferDuration=1133594, forgiveAmount=770077, totalDuration=8429533
02-10 07:56:42.830 28426 29542 E OpenGLRenderer: JankTracker::calculateLegacyJank expectedDequeueDuration > 0 expectedDequeueDuration=1544766, DequeueBufferDuration=965468, forgiveAmount=965468, totalDuration=6815391
02-10 07:56:42.897 28426 29542 E OpenGLRenderer: JankTracker::calculateLegacyJank expectedDequeueDuration > 0 expectedDequeueDuration=1581637, DequeueBufferDuration=2748386, forgiveAmount=1581637, totalDuration=7880058
02-10 07:56:42.914 28426 29542 E OpenGLRenderer: JankTracker::calculateLegacyJank expectedDequeueDuration > 0 expectedDequeueDuration=1864519, DequeueBufferDuration=2346041, forgiveAmount=1864519, totalDuration=6992264
02-10 07:56:42.971 28426 29542 E OpenGLRenderer: JankTracker::calculateLegacyJank expectedDequeueDuration > 0 expectedDequeueDuration=1623294, DequeueBufferDuration=2936823, forgiveAmount=1623294, totalDuration=7852579
02-10 07:56:43.533 28426 28448 E OpenGLRenderer: JankTracker::calculateLegacyJank expectedDequeueDuration > 0 expectedDequeueDuration=1365109, DequeueBufferDuration=3625781, forgiveAmount=1365109, totalDuration=16284783
02-10 07:56:43.549 28426 28448 E OpenGLRenderer: JankTracker::calculateLegacyJank expectedDequeueDuration > 0 expectedDequeueDuration=298628, DequeueBufferDuration=2257604, forgiveAmount=298628, totalDuration=9868473
02-10 07:56:45.281 28426 28440 E OpenGLRenderer: JankTracker::calculateLegacyJank expectedDequeueDuration > 0 expectedDequeueDuration=669570, DequeueBufferDuration=713802, forgiveAmount=669570, totalDuration=11159037
02-10 07:56:45.298 28426 28440 E OpenGLRenderer: JankTracker::calculateLegacyJank expectedDequeueDuration > 0 expectedDequeueDuration=1448708, DequeueBufferDuration=1831718, forgiveAmount=1448708, totalDuration=6361490
02-10 07:56:45.314 28426 28440 E OpenGLRenderer: JankTracker::calculateLegacyJank expectedDequeueDuration > 0 expectedDequeueDuration=1857140, DequeueBufferDuration=2194584, forgiveAmount=1857140, totalDuration=4848272
02-10 07:56:45.330 28426 28440 E OpenGLRenderer: JankTracker::calculateLegacyJank expectedDequeueDuration > 0 expectedDequeueDuration=2045943, DequeueBufferDuration=1824115, forgiveAmount=1824115, totalDuration=4286506
02-10 07:56:45.347 28426 28440 E OpenGLRenderer: JankTracker::calculateLegacyJank expectedDequeueDuration > 0 expectedDequeueDuration=2114670, DequeueBufferDuration=1204479, forgiveAmount=1204479, totalDuration=4158351
02-10 07:56:45.384 28426 28440 E OpenGLRenderer: JankTracker::calculateLegacyJank expectedDequeueDuration > 0 expectedDequeueDuration=2105737, DequeueBufferDuration=1199271, forgiveAmount=1199271, totalDuration=4042180
02-10 07:56:45.397 28426 28440 E OpenGLRenderer: JankTracker::calculateLegacyJank expectedDequeueDuration > 0 expectedDequeueDuration=2073976, DequeueBufferDuration=1788125, forgiveAmount=1788125, totalDuration=4392273
02-10 07:56:46.921 28426 28440 E OpenGLRenderer: JankTracker::calculateLegacyJank expectedDequeueDuration > 0 expectedDequeueDuration=590193, DequeueBufferDuration=3889115, forgiveAmount=590193, totalDuration=10608260
02-10 07:56:46.934 28426 28440 E OpenGLRenderer: JankTracker::calculateLegacyJank expectedDequeueDuration > 0 expectedDequeueDuration=292106, DequeueBufferDuration=4054115, forgiveAmount=292106, totalDuration=26388287
02-10 07:56:46.999 28426 28440 E OpenGLRenderer: JankTracker::calculateLegacyJank expectedDequeueDuration > 0 expectedDequeueDuration=1413376, DequeueBufferDuration=2871823, forgiveAmount=1413376, totalDuration=7380957
02-10 07:56:47.015 28426 28440 E OpenGLRenderer: JankTracker::calculateLegacyJank expectedDequeueDuration > 0 expectedDequeueDuration=1165047, DequeueBufferDuration=1823020, forgiveAmount=1165047, totalDuration=8335583
02-10 07:56:47.033 28426 28440 E OpenGLRenderer: JankTracker::calculateLegacyJank expectedDequeueDuration > 0 expectedDequeueDuration=507423, DequeueBufferDuration=1735364, forgiveAmount=507423, totalDuration=11041977
02-10 07:56:49.533 28426 29005 E OpenGLRenderer: JankTracker::calculateLegacyJank expectedDequeueDuration > 0 expectedDequeueDuration=1674664, DequeueBufferDuration=7192448, forgiveAmount=1674664, totalDuration=13212703
02-10 07:56:49.582 28426 29005 E OpenGLRenderer: JankTracker::calculateLegacyJank expectedDequeueDuration > 0 expectedDequeueDuration=699163, DequeueBufferDuration=1023177, forgiveAmount=699163, totalDuration=13496518
02-10 07:56:49.630 28426 29005 E OpenGLRenderer: JankTracker::calculateLegacyJank expectedDequeueDuration > 0 expectedDequeueDuration=921316, DequeueBufferDuration=1603021, forgiveAmount=921316, totalDuration=8327524
02-10 07:56:49.631 28426 29005 E OpenGLRenderer: JankTracker::calculateLegacyJank expectedDequeueDuration > 0 expectedDequeueDuration=972883, DequeueBufferDuration=1432032, forgiveAmount=972883, totalDuration=8089807
02-10 07:56:55.803 28426 28448 E OpenGLRenderer: JankTracker::calculateLegacyJank expectedDequeueDuration > 0 expectedDequeueDuration=1815273, DequeueBufferDuration=10196875, forgiveAmount=1815273, totalDuration=13213153
02-10 07:57:30.481 28426 28448 E CameraManagerGlobal: Camera 4 is not available. Ignore physical camera status change
02-10 07:57:33.553 28426 28440 E CameraManagerGlobal: Camera 4 is not available. Ignore physical camera status change
02-10 07:57:35.135 28426 28448 E OpenGLRenderer: JankTracker::calculateLegacyJank expectedDequeueDuration > 0 expectedDequeueDuration=1208271, DequeueBufferDuration=5915990, forgiveAmount=1208271, totalDuration=11891063
02-10 07:57:37.013 28426 29005 E OpenGLRenderer: JankTracker::calculateLegacyJank expectedDequeueDuration > 0 expectedDequeueDuration=2100147, DequeueBufferDuration=660677, forgiveAmount=660677, totalDuration=6033186
02-10 07:57:37.063 28426 29005 E OpenGLRenderer: JankTracker::calculateLegacyJank expectedDequeueDuration > 0 expectedDequeueDuration=2397490, DequeueBufferDuration=3784948, forgiveAmount=2397490, totalDuration=7747573
02-10 07:58:01.583 28426 28448 E OpenGLRenderer: JankTracker::calculateLegacyJank expectedDequeueDuration > 0 expectedDequeueDuration=315734, DequeueBufferDuration=1092135, forgiveAmount=315734, totalDuration=8745199
02-10 07:58:02.533 28426 28440 E OpenGLRenderer: JankTracker::calculateLegacyJank expectedDequeueDuration > 0 expectedDequeueDuration=253972, DequeueBufferDuration=5415261, forgiveAmount=253972, totalDuration=14529295
02-10 07:58:02.549 28426 28440 E OpenGLRenderer: JankTracker::calculateLegacyJank expectedDequeueDuration > 0 expectedDequeueDuration=1562829, DequeueBufferDuration=2486146, forgiveAmount=1562829, totalDuration=9507728
02-10 07:58:02.566 28426 28440 E OpenGLRenderer: JankTracker::calculateLegacyJank expectedDequeueDuration > 0 expectedDequeueDuration=1073498, DequeueBufferDuration=3328438, forgiveAmount=1073498, totalDuration=9720504
02-10 07:58:02.584 28426 28440 E OpenGLRenderer: JankTracker::calculateLegacyJank expectedDequeueDuration > 0 expectedDequeueDuration=907654, DequeueBufferDuration=2288281, forgiveAmount=907654, totalDuration=9902452
02-10 07:58:02.634 28426 28440 E OpenGLRenderer: JankTracker::calculateLegacyJank expectedDequeueDuration > 0 expectedDequeueDuration=490132, DequeueBufferDuration=1521979, forgiveAmount=490132, totalDuration=9062236
02-10 07:58:02.650 28426 28440 E OpenGLRenderer: JankTracker::calculateLegacyJank expectedDequeueDuration > 0 expectedDequeueDuration=727075, DequeueBufferDuration=1121615, forgiveAmount=727075, totalDuration=11030538
02-10 07:58:02.683 28426 28440 E OpenGLRenderer: JankTracker::calculateLegacyJank expectedDequeueDuration > 0 expectedDequeueDuration=544236, DequeueBufferDuration=1647552, forgiveAmount=544236, totalDuration=10423351
02-10 07:58:02.766 28426 28440 E OpenGLRenderer: JankTracker::calculateLegacyJank expectedDequeueDuration > 0 expectedDequeueDuration=796188, DequeueBufferDuration=1944115, forgiveAmount=796188, totalDuration=10424290
02-10 07:58:02.800 28426 28440 E OpenGLRenderer: JankTracker::calculateLegacyJank expectedDequeueDuration > 0 expectedDequeueDuration=107950, DequeueBufferDuration=852552, forgiveAmount=107950, totalDuration=9198787
02-10 07:58:02.816 28426 28440 E OpenGLRenderer: JankTracker::calculateLegacyJank expectedDequeueDuration > 0 expectedDequeueDuration=176422, DequeueBufferDuration=1407291, forgiveAmount=176422, totalDuration=9748459
02-10 07:58:02.834 28426 28440 E OpenGLRenderer: JankTracker::calculateLegacyJank expectedDequeueDuration > 0 expectedDequeueDuration=35089, DequeueBufferDuration=1320834, forgiveAmount=35089, totalDuration=10062843
02-10 07:58:02.851 28426 28440 E OpenGLRenderer: JankTracker::calculateLegacyJank expectedDequeueDuration > 0 expectedDequeueDuration=638568, DequeueBufferDuration=1698802, forgiveAmount=638568, totalDuration=9212916
02-10 07:58:02.901 28426 28440 E OpenGLRenderer: JankTracker::calculateLegacyJank expectedDequeueDuration > 0 expectedDequeueDuration=862281, DequeueBufferDuration=1409167, forgiveAmount=862281, totalDuration=7412677
02-10 07:58:04.237 28426 28769 E OpenGLRenderer: JankTracker::calculateLegacyJank expectedDequeueDuration > 0 expectedDequeueDuration=613771, DequeueBufferDuration=6467500, forgiveAmount=613771, totalDuration=13978448
02-10 07:58:04.256 28426 28769 E OpenGLRenderer: JankTracker::calculateLegacyJank expectedDequeueDuration > 0 expectedDequeueDuration=1110356, DequeueBufferDuration=5411615, forgiveAmount=1110356, totalDuration=12279289
02-10 07:58:04.272 28426 28769 E OpenGLRenderer: JankTracker::calculateLegacyJank expectedDequeueDuration > 0 expectedDequeueDuration=730588, DequeueBufferDuration=5165938, forgiveAmount=730588, totalDuration=12445335
02-10 07:58:04.288 28426 28769 E OpenGLRenderer: JankTracker::calculateLegacyJank expectedDequeueDuration > 0 expectedDequeueDuration=205002, DequeueBufferDuration=7540677, forgiveAmount=205002, totalDuration=16092079
02-10 07:58:04.301 28426 28769 E OpenGLRenderer: JankTracker::calculateLegacyJank expectedDequeueDuration > 0 expectedDequeueDuration=217556, DequeueBufferDuration=6416250, forgiveAmount=217556, totalDuration=18758534
02-10 07:58:04.371 28426 28769 E OpenGLRenderer: JankTracker::calculateLegacyJank expectedDequeueDuration > 0 expectedDequeueDuration=621247, DequeueBufferDuration=5534844, forgiveAmount=621247, totalDuration=18958027
02-10 07:58:04.386 28426 28769 E OpenGLRenderer: JankTracker::calculateLegacyJank expectedDequeueDuration > 0 expectedDequeueDuration=30617, DequeueBufferDuration=4616250, forgiveAmount=30617, totalDuration=12495693
02-10 07:58:04.402 28426 28769 E OpenGLRenderer: JankTracker::calculateLegacyJank expectedDequeueDuration > 0 expectedDequeueDuration=261578, DequeueBufferDuration=5428386, forgiveAmount=261578, totalDuration=13103510
02-10 07:58:04.419 28426 28769 E OpenGLRenderer: JankTracker::calculateLegacyJank expectedDequeueDuration > 0 expectedDequeueDuration=613992, DequeueBufferDuration=4203229, forgiveAmount=613992, totalDuration=11209517
02-10 07:58:04.435 28426 28769 E OpenGLRenderer: JankTracker::calculateLegacyJank expectedDequeueDuration > 0 expectedDequeueDuration=788779, DequeueBufferDuration=4349687, forgiveAmount=788779, totalDuration=11144265
02-10 07:58:04.451 28426 28769 E OpenGLRenderer: JankTracker::calculateLegacyJank expectedDequeueDuration > 0 expectedDequeueDuration=828362, DequeueBufferDuration=4059792, forgiveAmount=828362, totalDuration=10612129
02-10 07:58:04.683 28426 28769 E OpenGLRenderer: JankTracker::calculateLegacyJank expectedDequeueDuration > 0 expectedDequeueDuration=51776, DequeueBufferDuration=1733542, forgiveAmount=51776, totalDuration=11974053
02-10 07:58:04.853 28426 28769 E OpenGLRenderer: JankTracker::calculateLegacyJank expectedDequeueDuration > 0 expectedDequeueDuration=111447, DequeueBufferDuration=2485521, forgiveAmount=111447, totalDuration=13196324
02-10 07:58:04.937 28426 28440 E OpenGLRenderer: JankTracker::calculateLegacyJank expectedDequeueDuration > 0 expectedDequeueDuration=1778603, DequeueBufferDuration=4270885, forgiveAmount=1778603, totalDuration=10215398
02-10 07:58:04.954 28426 28440 E OpenGLRenderer: JankTracker::calculateLegacyJank expectedDequeueDuration > 0 expectedDequeueDuration=454143, DequeueBufferDuration=3469166, forgiveAmount=454143, totalDuration=12943745
02-10 07:58:04.968 28426 28440 E OpenGLRenderer: JankTracker::calculateLegacyJank expectedDequeueDuration > 0 expectedDequeueDuration=275683, DequeueBufferDuration=5925938, forgiveAmount=275683, totalDuration=13296395
02-10 07:58:04.984 28426 28440 E OpenGLRenderer: JankTracker::calculateLegacyJank expectedDequeueDuration > 0 expectedDequeueDuration=173524, DequeueBufferDuration=5373855, forgiveAmount=173524, totalDuration=12748577
02-10 07:58:05.002 28426 28440 E OpenGLRenderer: JankTracker::calculateLegacyJank expectedDequeueDuration > 0 expectedDequeueDuration=817388, DequeueBufferDuration=3840469, forgiveAmount=817388, totalDuration=9728713
02-10 07:58:05.018 28426 28440 E OpenGLRenderer: JankTracker::calculateLegacyJank expectedDequeueDuration > 0 expectedDequeueDuration=1364214, DequeueBufferDuration=2792188, forgiveAmount=1364214, totalDuration=7269436
02-10 07:58:05.183 28426 28440 E OpenGLRenderer: JankTracker::calculateLegacyJank expectedDequeueDuration > 0 expectedDequeueDuration=1373582, DequeueBufferDuration=13124583, forgiveAmount=1373582, totalDuration=16995336
02-10 07:58:05.196 28426 28769 E OpenGLRenderer: JankTracker::calculateLegacyJank expectedDequeueDuration > 0 expectedDequeueDuration=376828, DequeueBufferDuration=15671719, forgiveAmount=376828, totalDuration=22958062
02-10 07:58:05.650 28426 28769 E OpenGLRenderer: JankTracker::calculateLegacyJank expectedDequeueDuration > 0 expectedDequeueDuration=481466, DequeueBufferDuration=5894479, forgiveAmount=481466, totalDuration=36294151
02-10 07:58:05.684 28426 28769 E OpenGLRenderer: JankTracker::calculateLegacyJank expectedDequeueDuration > 0 expectedDequeueDuration=1686085, DequeueBufferDuration=3650000, forgiveAmount=1686085, totalDuration=6521164
02-10 07:58:05.701 28426 28769 E OpenGLRenderer: JankTracker::calculateLegacyJank expectedDequeueDuration > 0 expectedDequeueDuration=987617, DequeueBufferDuration=3325000, forgiveAmount=987617, totalDuration=8656954
02-10 07:58:05.718 28426 28769 E OpenGLRenderer: JankTracker::calculateLegacyJank expectedDequeueDuration > 0 expectedDequeueDuration=1167653, DequeueBufferDuration=3455833, forgiveAmount=1167653, totalDuration=8916621
02-10 07:58:05.733 28426 28769 E OpenGLRenderer: JankTracker::calculateLegacyJank expectedDequeueDuration > 0 expectedDequeueDuration=978819, DequeueBufferDuration=3697760, forgiveAmount=978819, totalDuration=9605956
02-10 07:58:05.768 28426 28769 E OpenGLRenderer: JankTracker::calculateLegacyJank expectedDequeueDuration > 0 expectedDequeueDuration=222348, DequeueBufferDuration=1410469, forgiveAmount=222348, totalDuration=8241033
02-10 07:58:06.438 28426 28769 E OpenGLRenderer: JankTracker::calculateLegacyJank expectedDequeueDuration > 0 expectedDequeueDuration=1075931, DequeueBufferDuration=4523541, forgiveAmount=1075931, totalDuration=11442409
02-10 07:58:06.452 28426 28769 E OpenGLRenderer: JankTracker::calculateLegacyJank expectedDequeueDuration > 0 expectedDequeueDuration=469823, DequeueBufferDuration=5166510, forgiveAmount=469823, totalDuration=12336969
02-10 07:58:06.468 28426 28769 E OpenGLRenderer: JankTracker::calculateLegacyJank expectedDequeueDuration > 0 expectedDequeueDuration=910866, DequeueBufferDuration=6655208, forgiveAmount=910866, totalDuration=12735091
02-10 07:58:06.486 28426 28769 E OpenGLRenderer: JankTracker::calculateLegacyJank expectedDequeueDuration > 0 expectedDequeueDuration=977643, DequeueBufferDuration=4540521, forgiveAmount=977643, totalDuration=10386068
02-10 07:58:06.501 28426 28769 E OpenGLRenderer: JankTracker::calculateLegacyJank expectedDequeueDuration > 0 expectedDequeueDuration=758980, DequeueBufferDuration=3326198, forgiveAmount=758980, totalDuration=9692092
02-10 07:58:06.518 28426 28769 E OpenGLRenderer: JankTracker::calculateLegacyJank expectedDequeueDuration > 0 expectedDequeueDuration=1018717, DequeueBufferDuration=4645156, forgiveAmount=1018717, totalDuration=10432148
02-10 07:58:06.535 28426 28769 E OpenGLRenderer: JankTracker::calculateLegacyJank expectedDequeueDuration > 0 expectedDequeueDuration=1124142, DequeueBufferDuration=3760781, forgiveAmount=1124142, totalDuration=9397393
02-10 07:58:06.552 28426 28769 E OpenGLRenderer: JankTracker::calculateLegacyJank expectedDequeueDuration > 0 expectedDequeueDuration=1035359, DequeueBufferDuration=3765052, forgiveAmount=1035359, totalDuration=9425428
02-10 07:58:06.566 28426 28769 E OpenGLRenderer: JankTracker::calculateLegacyJank expectedDequeueDuration > 0 expectedDequeueDuration=888880, DequeueBufferDuration=4071927, forgiveAmount=888880, totalDuration=11520625
02-10 07:58:06.584 28426 28769 E OpenGLRenderer: JankTracker::calculateLegacyJank expectedDequeueDuration > 0 expectedDequeueDuration=475755, DequeueBufferDuration=3951823, forgiveAmount=475755, totalDuration=12940573
02-10 07:58:06.601 28426 28769 E OpenGLRenderer: JankTracker::calculateLegacyJank expectedDequeueDuration > 0 expectedDequeueDuration=933704, DequeueBufferDuration=1456719, forgiveAmount=933704, totalDuration=8894155
02-10 07:58:07.204 28426 28769 E OpenGLRenderer: JankTracker::calculateLegacyJank expectedDequeueDuration > 0 expectedDequeueDuration=828147, DequeueBufferDuration=5028802, forgiveAmount=828147, totalDuration=11235477
02-10 07:58:07.220 28426 28769 E OpenGLRenderer: JankTracker::calculateLegacyJank expectedDequeueDuration > 0 expectedDequeueDuration=1623478, DequeueBufferDuration=6999166, forgiveAmount=1623478, totalDuration=14184815
02-10 07:58:07.236 28426 28769 E OpenGLRenderer: JankTracker::calculateLegacyJank expectedDequeueDuration > 0 expectedDequeueDuration=817322, DequeueBufferDuration=6122604, forgiveAmount=817322, totalDuration=12485928
02-10 07:58:07.252 28426 28769 E OpenGLRenderer: JankTracker::calculateLegacyJank expectedDequeueDuration > 0 expectedDequeueDuration=1057460, DequeueBufferDuration=5907968, forgiveAmount=1057460, totalDuration=11429819
02-10 07:58:07.268 28426 28769 E OpenGLRenderer: JankTracker::calculateLegacyJank expectedDequeueDuration > 0 expectedDequeueDuration=1055908, DequeueBufferDuration=4886355, forgiveAmount=1055908, totalDuration=10769695
02-10 07:58:07.286 28426 28769 E OpenGLRenderer: JankTracker::calculateLegacyJank expectedDequeueDuration > 0 expectedDequeueDuration=1051771, DequeueBufferDuration=3794843, forgiveAmount=1051771, totalDuration=9364009
02-10 07:58:07.303 28426 28769 E OpenGLRenderer: JankTracker::calculateLegacyJank expectedDequeueDuration > 0 expectedDequeueDuration=1337798, DequeueBufferDuration=3985729, forgiveAmount=1337798, totalDuration=9072738
02-10 07:58:09.051 28426 28426 E ArmVmp : Match on catch block at 0x0a in for 0x7630ce6039
02-10 07:58:09.068 28426 28426 E ArmVmp : Match on catch block at 0x0a in for 0x7630ce6035
02-10 07:58:09.354 28426 28440 E OpenGLRenderer: JankTracker::calculateLegacyJank expectedDequeueDuration > 0 expectedDequeueDuration=612473, DequeueBufferDuration=2605260, forgiveAmount=612473, totalDuration=9417450
02-10 07:58:09.368 28426 28440 E OpenGLRenderer: JankTracker::calculateLegacyJank expectedDequeueDuration > 0 expectedDequeueDuration=889669, DequeueBufferDuration=4820052, forgiveAmount=889669, totalDuration=10936391
02-10 07:58:09.384 28426 28440 E OpenGLRenderer: JankTracker::calculateLegacyJank expectedDequeueDuration > 0 expectedDequeueDuration=202411, DequeueBufferDuration=6717709, forgiveAmount=202411, totalDuration=16020543
02-10 07:58:09.438 28426 28440 E OpenGLRenderer: JankTracker::calculateLegacyJank expectedDequeueDuration > 0 expectedDequeueDuration=369781, DequeueBufferDuration=2709010, forgiveAmount=369781, totalDuration=11208511
02-10 07:58:10.333 28426 28440 E OpenGLRenderer: JankTracker::calculateLegacyJank expectedDequeueDuration > 0 expectedDequeueDuration=690411, DequeueBufferDuration=2082292, forgiveAmount=690411, totalDuration=10310948
02-10 07:58:10.817 28426 28440 E OpenGLRenderer: JankTracker::calculateLegacyJank expectedDequeueDuration > 0 expectedDequeueDuration=209251, DequeueBufferDuration=2368385, forgiveAmount=209251, totalDuration=11933737
02-10 07:58:10.835 28426 28440 E OpenGLRenderer: JankTracker::calculateLegacyJank expectedDequeueDuration > 0 expectedDequeueDuration=114203, DequeueBufferDuration=1804114, forgiveAmount=114203, totalDuration=11829354
02-10 07:58:11.033 28426 28440 E OpenGLRenderer: JankTracker::calculateLegacyJank expectedDequeueDuration > 0 expectedDequeueDuration=451576, DequeueBufferDuration=1027448, forgiveAmount=451576, totalDuration=8764088
02-10 07:58:11.048 28426 28440 E OpenGLRenderer: JankTracker::calculateLegacyJank expectedDequeueDuration > 0 expectedDequeueDuration=122153, DequeueBufferDuration=1340677, forgiveAmount=122153, totalDuration=9830017
02-10 07:58:11.064 28426 28440 E OpenGLRenderer: JankTracker::calculateLegacyJank expectedDequeueDuration > 0 expectedDequeueDuration=835062, DequeueBufferDuration=1997188, forgiveAmount=835062, totalDuration=8667116
02-10 07:58:11.133 28426 28440 E OpenGLRenderer: JankTracker::calculateLegacyJank expectedDequeueDuration > 0 expectedDequeueDuration=866099, DequeueBufferDuration=882969, forgiveAmount=866099, totalDuration=8331500
02-10 07:58:11.233 28426 28440 E OpenGLRenderer: JankTracker::calculateLegacyJank expectedDequeueDuration > 0 expectedDequeueDuration=684521, DequeueBufferDuration=1469063, forgiveAmount=684521, totalDuration=8873302
02-10 07:58:11.301 28426 28440 E OpenGLRenderer: JankTracker::calculateLegacyJank expectedDequeueDuration > 0 expectedDequeueDuration=332282, DequeueBufferDuration=2160313, forgiveAmount=332282, totalDuration=11245593
02-10 07:58:11.333 28426 28440 E OpenGLRenderer: JankTracker::calculateLegacyJank expectedDequeueDuration > 0 expectedDequeueDuration=69346, DequeueBufferDuration=2243490, forgiveAmount=69346, totalDuration=11021829
02-10 07:58:11.351 28426 28440 E OpenGLRenderer: JankTracker::calculateLegacyJank expectedDequeueDuration > 0 expectedDequeueDuration=635515, DequeueBufferDuration=983958, forgiveAmount=635515, totalDuration=8566678
02-10 07:58:11.932 28426 28440 E OpenGLRenderer: JankTracker::calculateLegacyJank expectedDequeueDuration > 0 expectedDequeueDuration=425004, DequeueBufferDuration=1170261, forgiveAmount=425004, totalDuration=9171086
