02-10 08:12:10.866 15594 15841 E OpenGLRenderer: JankTracker::calculateLegacyJank expectedDequeueDuration > 0 expectedDequeueDuration=2239318, DequeueBufferDuration=4770521, forgiveAmount=2239318, totalDuration=7678812
02-10 08:12:10.883 15594 15841 E OpenGLRenderer: JankTracker::calculateLegacyJank expectedDequeueDuration > 0 expectedDequeueDuration=1894520, DequeueBufferDuration=4484739, forgiveAmount=1894520, totalDuration=8663356
02-10 08:12:10.906 15594 15841 E OpenGLRenderer: JankTracker::calculateLegacyJank expectedDequeueDuration > 0 expectedDequeueDuration=1842450, DequeueBufferDuration=3045781, forgiveAmount=1842450, totalDuration=6477601
02-10 08:12:10.918 15594 15841 E OpenGLRenderer: JankTracker::calculateLegacyJank expectedDequeueDuration > 0 expectedDequeueDuration=1971335, DequeueBufferDuration=3169791, forgiveAmount=1971335, totalDuration=8322539
02-10 08:12:10.935 15594 15841 E OpenGLRenderer: JankTracker::calculateLegacyJank expectedDequeueDuration > 0 expectedDequeueDuration=619661, DequeueBufferDuration=4508854, forgiveAmount=619661, totalDuration=10639272
02-10 08:12:11.036 15594 15641 E SQLiteDatabase: Error inserting transferred=0 media_job_uuid=399b10cc-15bd-4153-bfc4-5b6151615471 transcoded=0 gif_attribution=0 first_scan_length=0 direct_path=/v/t62.7161- 24/19962770_1091564715324808_4461812136197260966_n.enc?ccb=11- 4&oh=01_AdQjk1moOyOQVtuoTbiHMPJTPfap530rddIXDSNZwG0w8Q&oe=65EE4919&_nc_sid=5e03e0 thumbnail_height_width_ratio=1.7777778 is_animated_sticker=0 file_hash=tXj3d+cZeJyqYOqDiCkHAaFwXNmsFPVJPUXCaQq1m+A= file_path=null file_size=0 partial_media_hash=null face_x=0 face_y=0 height=656 trim_to=0 media_key_timestamp=1707527216000 message_url=*********************************************************************** *********************************************************************************** *********************************** media_caption=null trim_from=0 mime_type=video/mp4 partial_media_enc_hash=null width=368 original_file_hash=null has_streaming_sidecar=1 autotransfer_retry_enabled=1 media_upload_handle=null message_row_id=377 multicast_id=null enc_file_hash=/BolQAbNzKi/9qxdDkzooQ00dSqITpVFXu91n9oCNk8= mute_video=0 page_count=0 first_scan_sidecar=null suspicious_content=0 file_length=2870951 media_name=null media_duration=20 chat_row_id=51 media_key=[B@349f722
02-10 08:12:11.036 15594 15641 E SQLiteDatabase: android.database.sqlite.SQLiteConstraintException: UNIQUE constraint failed: message_media.message_row_id (code 1555 SQLITE_CONSTRAINT_PRIMARYKEY)
02-10 08:12:11.036 15594 15641 E SQLiteDatabase: at android.database.sqlite.SQLiteConnection.nativeExecuteForLastInsertedRowId(Native Method)
02-10 08:12:11.036 15594 15641 E SQLiteDatabase: at android.database.sqlite.SQLiteConnection.executeForLastInsertedRowId(SQLiteConnecti on.java:985)
02-10 08:12:11.036 15594 15641 E SQLiteDatabase: at android.database.sqlite.SQLiteSession.executeForLastInsertedRowId(SQLiteSession.jav a:790)
02-10 08:12:11.036 15594 15641 E SQLiteDatabase: at android.database.sqlite.SQLiteStatement.executeInsert(SQLiteStatement.java:89)
02-10 08:12:11.036 15594 15641 E SQLiteDatabase: at android.database.sqlite.SQLiteDatabase.insertWithOnConflict(SQLiteDatabase.java:170 2)
02-10 08:12:11.036 15594 15641 E SQLiteDatabase: at android.database.sqlite.SQLiteDatabase.insert(SQLiteDatabase.java:1571)
02-10 08:12:11.036 15594 15641 E SQLiteDatabase: at X.2tm.A08(Unknown Source:6)
02-10 08:12:11.036 15594 15641 E SQLiteDatabase: at X.35Y.A07(Unknown Source:212)
02-10 08:12:11.036 15594 15641 E SQLiteDatabase: at X.3QF.A14(Unknown Source:470)
02-10 08:12:11.036 15594 15641 E SQLiteDatabase: at X.3gU.run(Unknown Source:982)
02-10 08:12:11.036 15594 15641 E SQLiteDatabase: at android.os.Handler.handleCallback(Handler.java:938)
02-10 08:12:11.036 15594 15641 E SQLiteDatabase: at android.os.Handler.dispatchMessage(Handler.java:99)
02-10 08:12:11.036 15594 15641 E SQLiteDatabase: at X.0zq.dispatchMessage(Unknown Source:4)
02-10 08:12:11.036 15594 15641 E SQLiteDatabase: at android.os.Looper.loopOnce(Looper.java:233)
02-10 08:12:11.036 15594 15641 E SQLiteDatabase: at android.os.Looper.loop(Looper.java:334)
02-10 08:12:11.036 15594 15641 E SQLiteDatabase: at android.os.HandlerThread.run(HandlerThread.java:67)
02-10 08:12:11.054 15594 15641 E SQLiteDatabase: Error inserting transferred=0 media_job_uuid=5b2afad5-d0a7-4071-86e9-6cf6d9dc752e transcoded=0 gif_attribution=0 first_scan_length=0 direct_path=/v/t62.7161- 24/27344766_809170624580483_3547474146883347017_n.enc?ccb=11- 4&oh=01_AdSgIYf4XftkNRiOu6m11Q9jx1p19RETwRUxqKwhIqSmGA&oe=65EE2EAD&_nc_sid=5e03e0 thumbnail_height_width_ratio=1.7777778 is_animated_sticker=0 file_hash=IkpfW5kbtth2Z3DWRTAzAeUzfoR+Q/YxXVfLCXRiitE= file_path=null file_size=0 partial_media_hash=null face_x=0 face_y=0 height=640 trim_to=0 media_key_timestamp=1707526927000 message_url=*********************************************************************** *********************************************************************************** ********************************** media_caption=null trim_from=0 mime_type=video/mp4 partial_media_enc_hash=null width=360 original_file_hash=null has_streaming_sidecar=1 autotransfer_retry_enabled=1 media_upload_handle=null message_row_id=163 multicast_id=null enc_file_hash=G/AsmOoqOCcgE28GrT8oSyj+imxS7YlFehm3zuc3cQ4= mute_video=0 page_count=0 first_scan_sidecar=null suspicious_content=0 file_length=2358130 media_name=null media_duration=20 chat_row_id=51 media_key=[B@5d46bab
02-10 08:12:11.054 15594 15641 E SQLiteDatabase: android.database.sqlite.SQLiteConstraintException: UNIQUE constraint failed: message_media.message_row_id (code 1555 SQLITE_CONSTRAINT_PRIMARYKEY)
02-10 08:12:11.054 15594 15641 E SQLiteDatabase: at android.database.sqlite.SQLiteConnection.nativeExecuteForLastInsertedRowId(Native Method)
02-10 08:12:11.054 15594 15641 E SQLiteDatabase: at android.database.sqlite.SQLiteConnection.executeForLastInsertedRowId(SQLiteConnecti on.java:985)
02-10 08:12:11.054 15594 15641 E SQLiteDatabase: at android.database.sqlite.SQLiteSession.executeForLastInsertedRowId(SQLiteSession.jav a:790)
02-10 08:12:11.054 15594 15641 E SQLiteDatabase: at android.database.sqlite.SQLiteStatement.executeInsert(SQLiteStatement.java:89)
02-10 08:12:11.054 15594 15641 E SQLiteDatabase: at android.database.sqlite.SQLiteDatabase.insertWithOnConflict(SQLiteDatabase.java:170 2)
02-10 08:12:11.054 15594 15641 E SQLiteDatabase: at android.database.sqlite.SQLiteDatabase.insert(SQLiteDatabase.java:1571)
02-10 08:12:11.054 15594 15641 E SQLiteDatabase: at X.2tm.A08(Unknown Source:6)
02-10 08:12:11.054 15594 15641 E SQLiteDatabase: at X.35Y.A07(Unknown Source:212)
02-10 08:12:11.054 15594 15641 E SQLiteDatabase: at X.3QF.A14(Unknown Source:470)
02-10 08:12:11.054 15594 15641 E SQLiteDatabase: at X.3gU.run(Unknown Source:982)
02-10 08:12:11.054 15594 15641 E SQLiteDatabase: at android.os.Handler.handleCallback(Handler.java:938)
02-10 08:12:11.054 15594 15641 E SQLiteDatabase: at android.os.Handler.dispatchMessage(Handler.java:99)
02-10 08:12:11.054 15594 15641 E SQLiteDatabase: at X.0zq.dispatchMessage(Unknown Source:4)
02-10 08:12:11.054 15594 15641 E SQLiteDatabase: at android.os.Looper.loopOnce(Looper.java:233)
02-10 08:12:11.054 15594 15641 E SQLiteDatabase: at android.os.Looper.loop(Looper.java:334)
02-10 08:12:11.054 15594 15641 E SQLiteDatabase: at android.os.HandlerThread.run(HandlerThread.java:67)
02-10 08:12:11.317 15594 15841 E OpenGLRenderer: JankTracker::calculateLegacyJank expectedDequeueDuration > 0 expectedDequeueDuration=2617509, DequeueBufferDuration=3185834, forgiveAmount=2617509, totalDuration=4684669
02-10 08:12:11.333 15594 15841 E OpenGLRenderer: JankTracker::calculateLegacyJank expectedDequeueDuration > 0 expectedDequeueDuration=2373262, DequeueBufferDuration=3432812, forgiveAmount=2373262, totalDuration=6334414
02-10 08:12:11.349 15594 15841 E OpenGLRenderer: JankTracker::calculateLegacyJank expectedDequeueDuration > 0 expectedDequeueDuration=1991413, DequeueBufferDuration=3695000, forgiveAmount=1991413, totalDuration=7167487
02-10 08:12:11.366 15594 15841 E OpenGLRenderer: JankTracker::calculateLegacyJank expectedDequeueDuration > 0 expectedDequeueDuration=2052109, DequeueBufferDuration=3967656, forgiveAmount=2052109, totalDuration=7205365
02-10 08:12:11.384 15594 15841 E OpenGLRenderer: JankTracker::calculateLegacyJank expectedDequeueDuration > 0 expectedDequeueDuration=1579030, DequeueBufferDuration=2574843, forgiveAmount=1579030, totalDuration=6952668
02-10 08:12:11.402 15594 15841 E OpenGLRenderer: JankTracker::calculateLegacyJank expectedDequeueDuration > 0 expectedDequeueDuration=1903118, DequeueBufferDuration=2852136, forgiveAmount=1903118, totalDuration=6941524
02-10 08:12:11.417 15594 15841 E OpenGLRenderer: JankTracker::calculateLegacyJank expectedDequeueDuration > 0 expectedDequeueDuration=1515231, DequeueBufferDuration=3914219, forgiveAmount=1515231, totalDuration=8573133
02-10 08:12:11.434 15594 15841 E OpenGLRenderer: JankTracker::calculateLegacyJank expectedDequeueDuration > 0 expectedDequeueDuration=1219221, DequeueBufferDuration=5135833, forgiveAmount=1219221, totalDuration=11003745
02-10 08:12:11.454 15594 15841 E OpenGLRenderer: JankTracker::calculateLegacyJank expectedDequeueDuration > 0 expectedDequeueDuration=1013368, DequeueBufferDuration=3670990, forgiveAmount=1013368, totalDuration=9305243
02-10 08:12:11.469 15594 15841 E OpenGLRenderer: JankTracker::calculateLegacyJank expectedDequeueDuration > 0 expectedDequeueDuration=1812871, DequeueBufferDuration=4050677, forgiveAmount=1812871, totalDuration=8850143
02-10 08:12:11.483 15594 15841 E OpenGLRenderer: JankTracker::calculateLegacyJank expectedDequeueDuration > 0 expectedDequeueDuration=1118082, DequeueBufferDuration=6568854, forgiveAmount=1118082, totalDuration=12171857
02-10 08:12:11.500 15594 15841 E OpenGLRenderer: JankTracker::calculateLegacyJank expectedDequeueDuration > 0 expectedDequeueDuration=935407, DequeueBufferDuration=4782605, forgiveAmount=935407, totalDuration=10689654
02-10 08:12:11.516 15594 15841 E OpenGLRenderer: JankTracker::calculateLegacyJank expectedDequeueDuration > 0 expectedDequeueDuration=1523549, DequeueBufferDuration=2501302, forgiveAmount=1523549, totalDuration=7653841
02-10 08:12:11.533 15594 15841 E OpenGLRenderer: JankTracker::calculateLegacyJank expectedDequeueDuration > 0 expectedDequeueDuration=57826, DequeueBufferDuration=1302813, forgiveAmount=57826, totalDuration=9542004
02-10 08:12:11.549 15594 15841 E OpenGLRenderer: JankTracker::calculateLegacyJank expectedDequeueDuration > 0 expectedDequeueDuration=993324, DequeueBufferDuration=2339584, forgiveAmount=993324, totalDuration=8390018
02-10 08:12:11.568 15594 15841 E OpenGLRenderer: JankTracker::calculateLegacyJank expectedDequeueDuration > 0 expectedDequeueDuration=1850579, DequeueBufferDuration=3067292, forgiveAmount=1850579, totalDuration=8786497
02-10 08:12:11.633 15594 15841 E OpenGLRenderer: JankTracker::calculateLegacyJank expectedDequeueDuration > 0 expectedDequeueDuration=327551, DequeueBufferDuration=3218438, forgiveAmount=327551, totalDuration=16816617
02-10 08:12:11.667 15594 15841 E OpenGLRenderer: JankTracker::calculateLegacyJank expectedDequeueDuration > 0 expectedDequeueDuration=2489404, DequeueBufferDuration=3899739, forgiveAmount=2489404, totalDuration=6598015
02-10 08:12:11.682 15594 15841 E OpenGLRenderer: JankTracker::calculateLegacyJank expectedDequeueDuration > 0 expectedDequeueDuration=1684601, DequeueBufferDuration=3186354, forgiveAmount=1684601, totalDuration=8076631
02-10 08:12:11.701 15594 15841 E OpenGLRenderer: JankTracker::calculateLegacyJank expectedDequeueDuration > 0 expectedDequeueDuration=1754970, DequeueBufferDuration=3957083, forgiveAmount=1754970, totalDuration=8066413
02-10 08:12:11.717 15594 15841 E OpenGLRenderer: JankTracker::calculateLegacyJank expectedDequeueDuration > 0 expectedDequeueDuration=1313424, DequeueBufferDuration=1835208, forgiveAmount=1313424, totalDuration=7172161
02-10 08:12:11.735 15594 15841 E OpenGLRenderer: JankTracker::calculateLegacyJank expectedDequeueDuration > 0 expectedDequeueDuration=1751952, DequeueBufferDuration=3440364, forgiveAmount=1751952, totalDuration=7957398
02-10 08:12:11.751 15594 15841 E OpenGLRenderer: JankTracker::calculateLegacyJank expectedDequeueDuration > 0 expectedDequeueDuration=2326296, DequeueBufferDuration=4466771, forgiveAmount=2326296, totalDuration=7560845
02-10 08:12:11.767 15594 15841 E OpenGLRenderer: JankTracker::calculateLegacyJank expectedDequeueDuration > 0 expectedDequeueDuration=1126971, DequeueBufferDuration=4332291, forgiveAmount=1126971, totalDuration=10201944
02-10 08:12:11.786 15594 15841 E OpenGLRenderer: JankTracker::calculateLegacyJank expectedDequeueDuration > 0 expectedDequeueDuration=267260, DequeueBufferDuration=2751615, forgiveAmount=267260, totalDuration=10626731
02-10 08:12:11.803 15594 15841 E OpenGLRenderer: JankTracker::calculateLegacyJank expectedDequeueDuration > 0 expectedDequeueDuration=607357, DequeueBufferDuration=2287656, forgiveAmount=607357, totalDuration=10857578
02-10 08:12:11.920 15594 15841 E OpenGLRenderer: JankTracker::calculateLegacyJank expectedDequeueDuration > 0 expectedDequeueDuration=125914, DequeueBufferDuration=2849479, forgiveAmount=125914, totalDuration=9812391
02-10 08:12:11.935 15594 15841 E OpenGLRenderer: JankTracker::calculateLegacyJank expectedDequeueDuration > 0 expectedDequeueDuration=1174996, DequeueBufferDuration=2927135, forgiveAmount=1174996, totalDuration=9692039
02-10 08:12:11.954 15594 15841 E OpenGLRenderer: JankTracker::calculateLegacyJank expectedDequeueDuration > 0 expectedDequeueDuration=1554516, DequeueBufferDuration=6653073, forgiveAmount=1554516, totalDuration=12397946
02-10 08:12:11.967 15594 15841 E OpenGLRenderer: JankTracker::calculateLegacyJank expectedDequeueDuration > 0 expectedDequeueDuration=958600, DequeueBufferDuration=4329792, forgiveAmount=958600, totalDuration=10879258
02-10 08:12:11.986 15594 15841 E OpenGLRenderer: JankTracker::calculateLegacyJank expectedDequeueDuration > 0 expectedDequeueDuration=269732, DequeueBufferDuration=6041666, forgiveAmount=269732, totalDuration=12535848
02-10 08:12:12.005 15594 15841 E OpenGLRenderer: JankTracker::calculateLegacyJank expectedDequeueDuration > 0 expectedDequeueDuration=1440065, DequeueBufferDuration=3254583, forgiveAmount=1440065, totalDuration=8515599
02-10 08:12:12.018 15594 15841 E OpenGLRenderer: JankTracker::calculateLegacyJank expectedDequeueDuration > 0 expectedDequeueDuration=1723207, DequeueBufferDuration=5595938, forgiveAmount=1723207, totalDuration=9615253
02-10 08:12:12.036 15594 15841 E OpenGLRenderer: JankTracker::calculateLegacyJank expectedDequeueDuration > 0 expectedDequeueDuration=1849812, DequeueBufferDuration=5244792, forgiveAmount=1849812, totalDuration=9236158
02-10 08:12:12.069 15594 15841 E OpenGLRenderer: JankTracker::calculateLegacyJank expectedDequeueDuration > 0 expectedDequeueDuration=347778, DequeueBufferDuration=4022343, forgiveAmount=347778, totalDuration=11711735
02-10 08:12:12.137 15594 15841 E OpenGLRenderer: JankTracker::calculateLegacyJank expectedDequeueDuration > 0 expectedDequeueDuration=247682, DequeueBufferDuration=2232813, forgiveAmount=247682, totalDuration=11225418
02-10 08:12:12.200 15594 15841 E OpenGLRenderer: JankTracker::calculateLegacyJank expectedDequeueDuration > 0 expectedDequeueDuration=188289, DequeueBufferDuration=3411562, forgiveAmount=188289, totalDuration=9799620
02-10 08:12:12.217 15594 15841 E OpenGLRenderer: JankTracker::calculateLegacyJank expectedDequeueDuration > 0 expectedDequeueDuration=1126846, DequeueBufferDuration=3410990, forgiveAmount=1126846, totalDuration=7936204
02-10 08:12:12.236 15594 15841 E OpenGLRenderer: JankTracker::calculateLegacyJank expectedDequeueDuration > 0 expectedDequeueDuration=2194113, DequeueBufferDuration=3501094, forgiveAmount=2194113, totalDuration=6405732
02-10 08:12:12.254 15594 15841 E OpenGLRenderer: JankTracker::calculateLegacyJank expectedDequeueDuration > 0 expectedDequeueDuration=1643294, DequeueBufferDuration=4139792, forgiveAmount=1643294, totalDuration=8492475
02-10 08:12:12.268 15594 15841 E OpenGLRenderer: JankTracker::calculateLegacyJank expectedDequeueDuration > 0 expectedDequeueDuration=916280, DequeueBufferDuration=5414219, forgiveAmount=916280, totalDuration=12275461
02-10 08:12:12.301 15594 15841 E OpenGLRenderer: JankTracker::calculateLegacyJank expectedDequeueDuration > 0 expectedDequeueDuration=200338, DequeueBufferDuration=2513698, forgiveAmount=200338, totalDuration=8330209
02-10 08:12:12.318 15594 15841 E OpenGLRenderer: JankTracker::calculateLegacyJank expectedDequeueDuration > 0 expectedDequeueDuration=944493, DequeueBufferDuration=3831041, forgiveAmount=944493, totalDuration=9489244
02-10 08:12:12.334 15594 15841 E OpenGLRenderer: JankTracker::calculateLegacyJank expectedDequeueDuration > 0 expectedDequeueDuration=1660573, DequeueBufferDuration=4510052, forgiveAmount=1660573, totalDuration=8447604
02-10 08:12:12.351 15594 15841 E OpenGLRenderer: JankTracker::calculateLegacyJank expectedDequeueDuration > 0 expectedDequeueDuration=2019236, DequeueBufferDuration=5119531, forgiveAmount=2019236, totalDuration=8689497
02-10 08:12:12.367 15594 15841 E OpenGLRenderer: JankTracker::calculateLegacyJank expectedDequeueDuration > 0 expectedDequeueDuration=622497, DequeueBufferDuration=3230261, forgiveAmount=622497, totalDuration=9628912
02-10 08:12:12.384 15594 15841 E OpenGLRenderer: JankTracker::calculateLegacyJank expectedDequeueDuration > 0 expectedDequeueDuration=772025, DequeueBufferDuration=3532291, forgiveAmount=772025, totalDuration=9300429
02-10 08:12:12.402 15594 15838 E OpenGLRenderer: JankTracker::calculateLegacyJank expectedDequeueDuration > 0 expectedDequeueDuration=864931, DequeueBufferDuration=3224687, forgiveAmount=864931, totalDuration=8358940
02-10 08:12:12.418 15594 15838 E OpenGLRenderer: JankTracker::calculateLegacyJank expectedDequeueDuration > 0 expectedDequeueDuration=16310, DequeueBufferDuration=2408854, forgiveAmount=16310, totalDuration=9802953
02-10 08:12:12.436 15594 15838 E OpenGLRenderer: JankTracker::calculateLegacyJank expectedDequeueDuration > 0 expectedDequeueDuration=586420, DequeueBufferDuration=4490416, forgiveAmount=586420, totalDuration=11629868
02-10 08:12:12.454 15594 15838 E OpenGLRenderer: JankTracker::calculateLegacyJank expectedDequeueDuration > 0 expectedDequeueDuration=1654820, DequeueBufferDuration=4823698, forgiveAmount=1654820, totalDuration=9162755
02-10 08:12:12.471 15594 15838 E OpenGLRenderer: JankTracker::calculateLegacyJank expectedDequeueDuration > 0 expectedDequeueDuration=1099265, DequeueBufferDuration=5306928, forgiveAmount=1099265, totalDuration=11937668
02-10 08:12:12.486 15594 15838 E OpenGLRenderer: JankTracker::calculateLegacyJank expectedDequeueDuration > 0 expectedDequeueDuration=885948, DequeueBufferDuration=6135208, forgiveAmount=885948, totalDuration=13331229
02-10 08:12:12.503 15594 15838 E OpenGLRenderer: JankTracker::calculateLegacyJank expectedDequeueDuration > 0 expectedDequeueDuration=46159, DequeueBufferDuration=5991042, forgiveAmount=46159, totalDuration=14046537
02-10 08:12:12.520 15594 15838 E OpenGLRenderer: JankTracker::calculateLegacyJank expectedDequeueDuration > 0 expectedDequeueDuration=597508, DequeueBufferDuration=4498489, forgiveAmount=597508, totalDuration=11740140
02-10 08:12:12.535 15594 15838 E OpenGLRenderer: JankTracker::calculateLegacyJank expectedDequeueDuration > 0 expectedDequeueDuration=1139939, DequeueBufferDuration=5145521, forgiveAmount=1139939, totalDuration=11724809
02-10 08:12:12.551 15594 15838 E OpenGLRenderer: JankTracker::calculateLegacyJank expectedDequeueDuration > 0 expectedDequeueDuration=462737, DequeueBufferDuration=5049427, forgiveAmount=462737, totalDuration=13365881
02-10 08:12:12.568 15594 15838 E OpenGLRenderer: JankTracker::calculateLegacyJank expectedDequeueDuration > 0 expectedDequeueDuration=1080899, DequeueBufferDuration=4032709, forgiveAmount=1080899, totalDuration=11370754
02-10 08:12:12.671 15594 15838 E OpenGLRenderer: JankTracker::calculateLegacyJank expectedDequeueDuration > 0 expectedDequeueDuration=439047, DequeueBufferDuration=4966719, forgiveAmount=439047, totalDuration=15513157
02-10 08:12:12.719 15594 15838 E OpenGLRenderer: JankTracker::calculateLegacyJank expectedDequeueDuration > 0 expectedDequeueDuration=1838738, DequeueBufferDuration=3968125, forgiveAmount=1838738, totalDuration=7965545
02-10 08:12:12.735 15594 15838 E OpenGLRenderer: JankTracker::calculateLegacyJank expectedDequeueDuration > 0 expectedDequeueDuration=639058, DequeueBufferDuration=4861042, forgiveAmount=639058, totalDuration=10847560
02-10 08:12:12.752 15594 15838 E OpenGLRenderer: JankTracker::calculateLegacyJank expectedDequeueDuration > 0 expectedDequeueDuration=1871802, DequeueBufferDuration=5776719, forgiveAmount=1871802, totalDuration=11080406
02-10 08:12:12.770 15594 15838 E OpenGLRenderer: JankTracker::calculateLegacyJank expectedDequeueDuration > 0 expectedDequeueDuration=1369784, DequeueBufferDuration=5038646, forgiveAmount=1369784, totalDuration=10046942
02-10 08:12:12.787 15594 15838 E OpenGLRenderer: JankTracker::calculateLegacyJank expectedDequeueDuration > 0 expectedDequeueDuration=38780, DequeueBufferDuration=3865573, forgiveAmount=38780, totalDuration=10402908
02-10 08:12:12.802 15594 15838 E OpenGLRenderer: JankTracker::calculateLegacyJank expectedDequeueDuration > 0 expectedDequeueDuration=473546, DequeueBufferDuration=5037032, forgiveAmount=473546, totalDuration=12155564
02-10 08:12:12.850 15594 15838 E OpenGLRenderer: JankTracker::calculateLegacyJank expectedDequeueDuration > 0 expectedDequeueDuration=632147, DequeueBufferDuration=3715886, forgiveAmount=632147, totalDuration=9501123
02-10 08:12:12.869 15594 15838 E OpenGLRenderer: JankTracker::calculateLegacyJank expectedDequeueDuration > 0 expectedDequeueDuration=1085932, DequeueBufferDuration=3531875, forgiveAmount=1085932, totalDuration=8227668
02-10 08:12:12.886 15594 15838 E OpenGLRenderer: JankTracker::calculateLegacyJank expectedDequeueDuration > 0 expectedDequeueDuration=2086054, DequeueBufferDuration=3777552, forgiveAmount=2086054, totalDuration=7057059
02-10 08:12:12.901 15594 15838 E OpenGLRenderer: JankTracker::calculateLegacyJank expectedDequeueDuration > 0 expectedDequeueDuration=1255053, DequeueBufferDuration=4509114, forgiveAmount=1255053, totalDuration=9735779
02-10 08:12:12.919 15594 15838 E OpenGLRenderer: JankTracker::calculateLegacyJank expectedDequeueDuration > 0 expectedDequeueDuration=848123, DequeueBufferDuration=4691719, forgiveAmount=848123, totalDuration=9837973
02-10 08:12:12.935 15594 15838 E OpenGLRenderer: JankTracker::calculateLegacyJank expectedDequeueDuration > 0 expectedDequeueDuration=26660, DequeueBufferDuration=2819896, forgiveAmount=26660, totalDuration=9017097
02-10 08:12:12.951 15594 15838 E OpenGLRenderer: JankTracker::calculateLegacyJank expectedDequeueDuration > 0 expectedDequeueDuration=600184, DequeueBufferDuration=4595416, forgiveAmount=600184, totalDuration=10769371
02-10 08:12:12.968 15594 15838 E OpenGLRenderer: JankTracker::calculateLegacyJank expectedDequeueDuration > 0 expectedDequeueDuration=1273361, DequeueBufferDuration=4558750, forgiveAmount=1273361, totalDuration=9396924
02-10 08:12:12.986 15594 15838 E OpenGLRenderer: JankTracker::calculateLegacyJank expectedDequeueDuration > 0 expectedDequeueDuration=1898475, DequeueBufferDuration=4147396, forgiveAmount=1898475, totalDuration=7299613
02-10 08:12:13.001 15594 15838 E OpenGLRenderer: JankTracker::calculateLegacyJank expectedDequeueDuration > 0 expectedDequeueDuration=1949219, DequeueBufferDuration=4453125, forgiveAmount=1949219, totalDuration=8447864
02-10 08:12:13.018 15594 15838 E OpenGLRenderer: JankTracker::calculateLegacyJank expectedDequeueDuration > 0 expectedDequeueDuration=1893806, DequeueBufferDuration=4640000, forgiveAmount=1893806, totalDuration=8121555
02-10 08:12:13.034 15594 15838 E OpenGLRenderer: JankTracker::calculateLegacyJank expectedDequeueDuration > 0 expectedDequeueDuration=1534233, DequeueBufferDuration=3794166, forgiveAmount=1534233, totalDuration=8597889
02-10 08:12:13.052 15594 15838 E OpenGLRenderer: JankTracker::calculateLegacyJank expectedDequeueDuration > 0 expectedDequeueDuration=1182130, DequeueBufferDuration=4487969, forgiveAmount=1182130, totalDuration=9664230
02-10 08:12:13.069 15594 15838 E OpenGLRenderer: JankTracker::calculateLegacyJank expectedDequeueDuration > 0 expectedDequeueDuration=1850052, DequeueBufferDuration=4474271, forgiveAmount=1850052, totalDuration=8354480
02-10 08:12:13.084 15594 15838 E OpenGLRenderer: JankTracker::calculateLegacyJank expectedDequeueDuration > 0 expectedDequeueDuration=1674654, DequeueBufferDuration=5180833, forgiveAmount=1674654, totalDuration=9526526
02-10 08:12:13.103 15594 15838 E OpenGLRenderer: JankTracker::calculateLegacyJank expectedDequeueDuration > 0 expectedDequeueDuration=1016228, DequeueBufferDuration=4875625, forgiveAmount=1016228, totalDuration=10389471
02-10 08:12:13.119 15594 15838 E OpenGLRenderer: JankTracker::calculateLegacyJank expectedDequeueDuration > 0 expectedDequeueDuration=1987318, DequeueBufferDuration=4261615, forgiveAmount=1987318, totalDuration=9087134
02-10 08:12:13.133 15594 15838 E OpenGLRenderer: JankTracker::calculateLegacyJank expectedDequeueDuration > 0 expectedDequeueDuration=839974, DequeueBufferDuration=5680312, forgiveAmount=839974, totalDuration=11306094
02-10 08:12:13.149 15594 15838 E OpenGLRenderer: JankTracker::calculateLegacyJank expectedDequeueDuration > 0 expectedDequeueDuration=2318341, DequeueBufferDuration=4801406, forgiveAmount=2318341, totalDuration=9354204
02-10 08:12:13.167 15594 15838 E OpenGLRenderer: JankTracker::calculateLegacyJank expectedDequeueDuration > 0 expectedDequeueDuration=571977, DequeueBufferDuration=1857917, forgiveAmount=571977, totalDuration=9568963
02-10 08:12:13.188 15594 15838 E OpenGLRenderer: JankTracker::calculateLegacyJank expectedDequeueDuration > 0 expectedDequeueDuration=1831422, DequeueBufferDuration=2867552, forgiveAmount=1831422, totalDuration=8276479
02-10 08:12:13.219 15594 15838 E OpenGLRenderer: JankTracker::calculateLegacyJank expectedDequeueDuration > 0 expectedDequeueDuration=68135, DequeueBufferDuration=3884166, forgiveAmount=68135, totalDuration=12826230
02-10 08:12:13.236 15594 15838 E OpenGLRenderer: JankTracker::calculateLegacyJank expectedDequeueDuration > 0 expectedDequeueDuration=1599447, DequeueBufferDuration=11000938, forgiveAmount=1599447, totalDuration=15119439
02-10 08:12:13.251 15594 15838 E OpenGLRenderer: JankTracker::calculateLegacyJank expectedDequeueDuration > 0 expectedDequeueDuration=1758141, DequeueBufferDuration=5484791, forgiveAmount=1758141, totalDuration=9317833
02-10 08:12:13.272 15594 15838 E OpenGLRenderer: JankTracker::calculateLegacyJank expectedDequeueDuration > 0 expectedDequeueDuration=1950436, DequeueBufferDuration=6256250, forgiveAmount=1950436, totalDuration=10330169
02-10 08:12:13.284 15594 15838 E OpenGLRenderer: JankTracker::calculateLegacyJank expectedDequeueDuration > 0 expectedDequeueDuration=1693459, DequeueBufferDuration=4169583, forgiveAmount=1693459, totalDuration=8211831
02-10 08:12:13.305 15594 15838 E OpenGLRenderer: JankTracker::calculateLegacyJank expectedDequeueDuration > 0 expectedDequeueDuration=942127, DequeueBufferDuration=6544218, forgiveAmount=942127, totalDuration=12202465
02-10 08:12:13.320 15594 15838 E OpenGLRenderer: JankTracker::calculateLegacyJank expectedDequeueDuration > 0 expectedDequeueDuration=1661814, DequeueBufferDuration=3723854, forgiveAmount=1661814, totalDuration=9738247
02-10 08:12:13.334 15594 15838 E OpenGLRenderer: JankTracker::calculateLegacyJank expectedDequeueDuration > 0 expectedDequeueDuration=1204567, DequeueBufferDuration=5458959, forgiveAmount=1204567, totalDuration=12463001
02-10 08:12:13.350 15594 15841 E OpenGLRenderer: JankTracker::calculateLegacyJank expectedDequeueDuration > 0 expectedDequeueDuration=1807941, DequeueBufferDuration=4526094, forgiveAmount=1807941, totalDuration=10327242
02-10 08:12:13.768 15594 15841 E OpenGLRenderer: JankTracker::calculateLegacyJank expectedDequeueDuration > 0 expectedDequeueDuration=1879202, DequeueBufferDuration=4431719, forgiveAmount=1879202, totalDuration=6618107
02-10 08:12:13.785 15594 15841 E OpenGLRenderer: JankTracker::calculateLegacyJank expectedDequeueDuration > 0 expectedDequeueDuration=1209346, DequeueBufferDuration=3479896, forgiveAmount=1209346, totalDuration=6807819
02-10 08:12:13.812 15594 18085 E Surface : freeAllBuffers: 12 buffers were freed while being dequeued!
02-10 08:12:14.533 15594 15841 E OpenGLRenderer: JankTracker::calculateLegacyJank expectedDequeueDuration > 0 expectedDequeueDuration=1554976, DequeueBufferDuration=5121615, forgiveAmount=1554976, totalDuration=14030412
02-10 08:12:14.549 15594 15841 E OpenGLRenderer: JankTracker::calculateLegacyJank expectedDequeueDuration > 0 expectedDequeueDuration=870583, DequeueBufferDuration=2580157, forgiveAmount=870583, totalDuration=13548574
02-10 08:12:14.566 15594 15841 E OpenGLRenderer: JankTracker::calculateLegacyJank expectedDequeueDuration > 0 expectedDequeueDuration=1153286, DequeueBufferDuration=2452917, forgiveAmount=1153286, totalDuration=10054105
02-10 08:12:14.601 15594 15841 E OpenGLRenderer: JankTracker::calculateLegacyJank expectedDequeueDuration > 0 expectedDequeueDuration=1033644, DequeueBufferDuration=2053125, forgiveAmount=1033644, totalDuration=9275212
02-10 08:12:14.617 15594 15841 E OpenGLRenderer: JankTracker::calculateLegacyJank expectedDequeueDuration > 0 expectedDequeueDuration=886399, DequeueBufferDuration=2252708, forgiveAmount=886399, totalDuration=10505693
02-10 08:12:14.633 15594 15841 E OpenGLRenderer: JankTracker::calculateLegacyJank expectedDequeueDuration > 0 expectedDequeueDuration=647071, DequeueBufferDuration=2902344, forgiveAmount=647071, totalDuration=11990754
02-10 08:12:14.650 15594 15841 E OpenGLRenderer: JankTracker::calculateLegacyJank expectedDequeueDuration > 0 expectedDequeueDuration=275219, DequeueBufferDuration=2659063, forgiveAmount=275219, totalDuration=12418417
02-10 08:12:14.667 15594 15841 E OpenGLRenderer: JankTracker::calculateLegacyJank expectedDequeueDuration > 0 expectedDequeueDuration=410725, DequeueBufferDuration=2514739, forgiveAmount=410725, totalDuration=11416310
02-10 08:12:14.683 15594 15841 E OpenGLRenderer: JankTracker::calculateLegacyJank expectedDequeueDuration > 0 expectedDequeueDuration=740740, DequeueBufferDuration=2308750, forgiveAmount=740740, totalDuration=10951906
02-10 08:12:14.700 15594 15841 E OpenGLRenderer: JankTracker::calculateLegacyJank expectedDequeueDuration > 0 expectedDequeueDuration=205062, DequeueBufferDuration=2509948, forgiveAmount=205062, totalDuration=11372481
02-10 08:12:14.717 15594 15841 E OpenGLRenderer: JankTracker::calculateLegacyJank expectedDequeueDuration > 0 expectedDequeueDuration=383113, DequeueBufferDuration=2266094, forgiveAmount=383113, totalDuration=10901847
02-10 08:12:14.767 15594 15841 E OpenGLRenderer: JankTracker::calculateLegacyJank expectedDequeueDuration > 0 expectedDequeueDuration=792787, DequeueBufferDuration=4309480, forgiveAmount=792787, totalDuration=12624426
02-10 08:12:14.781 15594 15841 E OpenGLRenderer: JankTracker::calculateLegacyJank expectedDequeueDuration > 0 expectedDequeueDuration=604125, DequeueBufferDuration=1782447, forgiveAmount=604125, totalDuration=10281177
02-10 08:12:14.798 15594 15841 E OpenGLRenderer: JankTracker::calculateLegacyJank expectedDequeueDuration > 0 expectedDequeueDuration=952417, DequeueBufferDuration=2776562, forgiveAmount=952417, totalDuration=10134021
02-10 08:12:17.853 15594 15641 E SQLiteDatabase: Error inserting transferred=1 media_job_uuid=9013dd38-9cf4-4afd-93eb-edb685db48fe transcoded=0 gif_attribution=0 first_scan_length=0 direct_path=/v/t62.7161- 24/26624875_1571209433695274_9091538460271426663_n.enc?ccb=11- 4&oh=01_AdT_0TPR7cjGI9gR3ah-VPwTYA8rRCQQN-Yf96ezRgXMFg&oe=65EE31E2&_nc_sid=5e03e0 thumbnail_height_width_ratio=1.0 is_animated_sticker=0 file_hash=VE9X4PhmDvGL6UDxfOshhQhef5tbSbzPIfYS9W/H2jA= file_path=/data/user/0/com.mbwhatsapp/files/ViewOnce/VID-lsfdt4fm.mp4 file_size=3092967 partial_media_hash=null face_x=0 face_y=0 height=576 trim_to=0 media_key_timestamp=1707527512000 message_url=*********************************************************************** *********************************************************************************** *********************************** media_caption=null trim_from=0 mime_type=video/mp4 partial_media_enc_hash=null width=576 original_file_hash=null has_streaming_sidecar=0 autotransfer_retry_enabled=1 media_upload_handle=null message_row_id=428 multicast_id=null enc_file_hash=9TgEsg0CjuvMNCn7EmWhRV/M77A+ETHZkB+xwi36oIg= mute_video=0 page_count=0 first_scan_sidecar=null suspicious_content=0 file_length=3092967 media_name=null media_duration=17 chat_row_id=8 media_key=[B@c2b0eeb
02-10 08:12:17.853 15594 15641 E SQLiteDatabase: android.database.sqlite.SQLiteConstraintException: UNIQUE constraint failed: message_media.message_row_id (code 1555 SQLITE_CONSTRAINT_PRIMARYKEY)
02-10 08:12:17.853 15594 15641 E SQLiteDatabase: at android.database.sqlite.SQLiteConnection.nativeExecuteForLastInsertedRowId(Native Method)
02-10 08:12:17.853 15594 15641 E SQLiteDatabase: at android.database.sqlite.SQLiteConnection.executeForLastInsertedRowId(SQLiteConnecti on.java:985)
02-10 08:12:17.853 15594 15641 E SQLiteDatabase: at android.database.sqlite.SQLiteSession.executeForLastInsertedRowId(SQLiteSession.jav a:790)
02-10 08:12:17.853 15594 15641 E SQLiteDatabase: at android.database.sqlite.SQLiteStatement.executeInsert(SQLiteStatement.java:89)
02-10 08:12:17.853 15594 15641 E SQLiteDatabase: at android.database.sqlite.SQLiteDatabase.insertWithOnConflict(SQLiteDatabase.java:170 2)
02-10 08:12:17.853 15594 15641 E SQLiteDatabase: at android.database.sqlite.SQLiteDatabase.insert(SQLiteDatabase.java:1571)
02-10 08:12:17.853 15594 15641 E SQLiteDatabase: at X.2tm.A08(Unknown Source:6)
02-10 08:12:17.853 15594 15641 E SQLiteDatabase: at X.35Y.A07(Unknown Source:212)
02-10 08:12:17.853 15594 15641 E SQLiteDatabase: at X.3QF.A14(Unknown Source:470)
02-10 08:12:17.853 15594 15641 E SQLiteDatabase: at X.3gU.run(Unknown Source:982)
02-10 08:12:17.853 15594 15641 E SQLiteDatabase: at android.os.Handler.handleCallback(Handler.java:938)
02-10 08:12:17.853 15594 15641 E SQLiteDatabase: at android.os.Handler.dispatchMessage(Handler.java:99)
02-10 08:12:17.853 15594 15641 E SQLiteDatabase: at X.0zq.dispatchMessage(Unknown Source:4)
02-10 08:12:17.853 15594 15641 E SQLiteDatabase: at android.os.Looper.loopOnce(Looper.java:233)
02-10 08:12:17.853 15594 15641 E SQLiteDatabase: at android.os.Looper.loop(Looper.java:334)
02-10 08:12:17.853 15594 15641 E SQLiteDatabase: at android.os.HandlerThread.run(HandlerThread.java:67)
02-10 08:12:18.513 15594 15841 E OpenGLRenderer: JankTracker::calculateLegacyJank expectedDequeueDuration > 0 expectedDequeueDuration=1534091, DequeueBufferDuration=981719, forgiveAmount=981719, totalDuration=5736064
02-10 08:12:19.945 15594 15665 E FrameEvents: updateAcquireFence: Did not find frame.
02-10 08:12:19.945 15594 15665 E OpenGLRenderer: JankTracker::calculateLegacyJank expectedDequeueDuration > 0 expectedDequeueDuration=3276927, DequeueBufferDuration=2070365, forgiveAmount=2070365, totalDuration=1630676
02-10 08:12:22.269 15594 15609 E OpenGLRenderer: JankTracker::calculateLegacyJank expectedDequeueDuration > 0 expectedDequeueDuration=525042, DequeueBufferDuration=4811718, forgiveAmount=525042, totalDuration=11695645
02-10 08:12:22.286 15594 15609 E OpenGLRenderer: JankTracker::calculateLegacyJank expectedDequeueDuration > 0 expectedDequeueDuration=370831, DequeueBufferDuration=4399167, forgiveAmount=370831, totalDuration=11523286
02-10 08:12:22.319 15594 15838 E OpenGLRenderer: JankTracker::calculateLegacyJank expectedDequeueDuration > 0 expectedDequeueDuration=523259, DequeueBufferDuration=4846719, forgiveAmount=523259, totalDuration=11918691
02-10 08:12:22.453 15594 15609 E OpenGLRenderer: JankTracker::calculateLegacyJank expectedDequeueDuration > 0 expectedDequeueDuration=1094095, DequeueBufferDuration=7200417, forgiveAmount=1094095, totalDuration=13340977
02-10 08:12:25.949 15594 16382 E OpenGLRenderer: JankTracker::calculateLegacyJank expectedDequeueDuration > 0 expectedDequeueDuration=1128411, DequeueBufferDuration=1836666, forgiveAmount=1128411, totalDuration=10413646
02-10 08:12:25.985 15594 16382 E OpenGLRenderer: JankTracker::calculateLegacyJank expectedDequeueDuration > 0 expectedDequeueDuration=1172960, DequeueBufferDuration=1580364, forgiveAmount=1172960, totalDuration=8160122
02-10 08:12:26.001 15594 16382 E OpenGLRenderer: JankTracker::calculateLegacyJank expectedDequeueDuration > 0 expectedDequeueDuration=697369, DequeueBufferDuration=3043073, forgiveAmount=697369, totalDuration=11993334
02-10 08:12:26.086 15594 16382 E OpenGLRenderer: JankTracker::calculateLegacyJank expectedDequeueDuration > 0 expectedDequeueDuration=261507, DequeueBufferDuration=630625, forgiveAmount=261507, totalDuration=10841569
02-10 08:12:26.113 15594 16382 E OpenGLRenderer: JankTracker::calculateLegacyJank expectedDequeueDuration > 0 expectedDequeueDuration=452901, DequeueBufferDuration=2215521, forgiveAmount=452901, totalDuration=13662010
02-10 08:12:26.250 15594 16382 E OpenGLRenderer: JankTracker::calculateLegacyJank expectedDequeueDuration > 0 expectedDequeueDuration=844562, DequeueBufferDuration=1581511, forgiveAmount=844562, totalDuration=9905198
02-10 08:12:26.267 15594 16382 E OpenGLRenderer: JankTracker::calculateLegacyJank expectedDequeueDuration > 0 expectedDequeueDuration=736617, DequeueBufferDuration=572187, forgiveAmount=572187, totalDuration=8401456
02-10 08:12:26.349 15594 16382 E OpenGLRenderer: JankTracker::calculateLegacyJank expectedDequeueDuration > 0 expectedDequeueDuration=319632, DequeueBufferDuration=676719, forgiveAmount=319632, totalDuration=11037819
02-10 08:12:26.385 15594 16382 E OpenGLRenderer: JankTracker::calculateLegacyJank expectedDequeueDuration > 0 expectedDequeueDuration=985646, DequeueBufferDuration=1161875, forgiveAmount=985646, totalDuration=8953604
02-10 08:12:26.401 15594 16382 E OpenGLRenderer: JankTracker::calculateLegacyJank expectedDequeueDuration > 0 expectedDequeueDuration=363969, DequeueBufferDuration=1554740, forgiveAmount=363969, totalDuration=11779927
02-10 08:12:26.448 15594 16382 E OpenGLRenderer: JankTracker::calculateLegacyJank expectedDequeueDuration > 0 expectedDequeueDuration=14810, DequeueBufferDuration=1927604, forgiveAmount=14810, totalDuration=13872984
02-10 08:12:41.172 15594 15641 E SQLiteDatabase: Error inserting transferred=1 media_job_uuid=e69df3b8-7913-4a3a-b1ea-90b9bd0c318c transcoded=0 gif_attribution=0 first_scan_length=0 direct_path=/v/t62.15575- 24/29467224_1080849813064376_2859957406846405169_n.enc?ccb=11- 4&oh=01_AdTBQwGkpO09KavSnsYHmBBdtMFKPGGsQRR7hja7bYjKvQ&oe=65EE2F86&_nc_sid=5e03e0 thumbnail_height_width_ratio=1.0 is_animated_sticker=0 file_hash=R4/jiSy5Gfm1AYUKblvflRLT+jzAOzvKHkUtT68zuoM= file_path=Media/MBWhatsApp Stickers/STK-20240210-WA0014.webp file_size=66776 partial_media_hash=null face_x=0 face_y=0 height=64 trim_to=0 media_key_timestamp=1707405307000 message_url=*********************************************************************** *********************************************************************************** ************************************ media_caption=null trim_from=0 mime_type=image/webp partial_media_enc_hash=null width=64 original_file_hash=null has_streaming_sidecar=0 autotransfer_retry_enabled=1 media_upload_handle=null message_row_id=429 multicast_id=null enc_file_hash=L2skIfea3PuZ1YEAanu9s+M+Whc9Yl/GIBPCsqTQXAk= mute_video=0 page_count=0 first_scan_sidecar=null suspicious_content=0 file_length=66776 media_name=null media_duration=0 chat_row_id=8 media_key=[B@fc1d0c5
02-10 08:12:41.172 15594 15641 E SQLiteDatabase: android.database.sqlite.SQLiteConstraintException: UNIQUE constraint failed: message_media.message_row_id (code 1555 SQLITE_CONSTRAINT_PRIMARYKEY)
02-10 08:12:41.172 15594 15641 E SQLiteDatabase: at android.database.sqlite.SQLiteConnection.nativeExecuteForLastInsertedRowId(Native Method)
02-10 08:12:41.172 15594 15641 E SQLiteDatabase: at android.database.sqlite.SQLiteConnection.executeForLastInsertedRowId(SQLiteConnecti on.java:985)
02-10 08:12:41.172 15594 15641 E SQLiteDatabase: at android.database.sqlite.SQLiteSession.executeForLastInsertedRowId(SQLiteSession.jav a:790)
02-10 08:12:41.172 15594 15641 E SQLiteDatabase: at android.database.sqlite.SQLiteStatement.executeInsert(SQLiteStatement.java:89)
02-10 08:12:41.172 15594 15641 E SQLiteDatabase: at android.database.sqlite.SQLiteDatabase.insertWithOnConflict(SQLiteDatabase.java:170 2)
02-10 08:12:41.172 15594 15641 E SQLiteDatabase: at android.database.sqlite.SQLiteDatabase.insert(SQLiteDatabase.java:1571)
02-10 08:12:41.172 15594 15641 E SQLiteDatabase: at X.2tm.A08(Unknown Source:6)
02-10 08:12:41.172 15594 15641 E SQLiteDatabase: at X.35Y.A07(Unknown Source:212)
02-10 08:12:41.172 15594 15641 E SQLiteDatabase: at X.3QF.A14(Unknown Source:470)
02-10 08:12:41.172 15594 15641 E SQLiteDatabase: at X.3gU.run(Unknown Source:982)
02-10 08:12:41.172 15594 15641 E SQLiteDatabase: at android.os.Handler.handleCallback(Handler.java:938)
02-10 08:12:41.172 15594 15641 E SQLiteDatabase: at android.os.Handler.dispatchMessage(Handler.java:99)
02-10 08:12:41.172 15594 15641 E SQLiteDatabase: at X.0zq.dispatchMessage(Unknown Source:4)
02-10 08:12:41.172 15594 15641 E SQLiteDatabase: at android.os.Looper.loopOnce(Looper.java:233)
02-10 08:12:41.172 15594 15641 E SQLiteDatabase: at android.os.Looper.loop(Looper.java:334)
02-10 08:12:41.172 15594 15641 E SQLiteDatabase: at android.os.HandlerThread.run(HandlerThread.java:67)
02-10 08:12:51.170 15594 16382 E OpenGLRenderer: JankTracker::calculateLegacyJank expectedDequeueDuration > 0 expectedDequeueDuration=61148, DequeueBufferDuration=1092657, forgiveAmount=61148, totalDuration=15643433
02-10 08:12:51.183 15594 16382 E OpenGLRenderer: JankTracker::calculateLegacyJank expectedDequeueDuration > 0 expectedDequeueDuration=504444, DequeueBufferDuration=2325833, forgiveAmount=504444, totalDuration=11226217
02-10 08:12:51.200 15594 16382 E OpenGLRenderer: JankTracker::calculateLegacyJank expectedDequeueDuration > 0 expectedDequeueDuration=51590, DequeueBufferDuration=1596406, forgiveAmount=51590, totalDuration=11374111
02-10 08:12:51.216 15594 16382 E OpenGLRenderer: JankTracker::calculateLegacyJank expectedDequeueDuration > 0 expectedDequeueDuration=825256, DequeueBufferDuration=2432083, forgiveAmount=825256, totalDuration=10273447
02-10 08:12:51.233 15594 16382 E OpenGLRenderer: JankTracker::calculateLegacyJank expectedDequeueDuration > 0 expectedDequeueDuration=103525, DequeueBufferDuration=1755157, forgiveAmount=103525, totalDuration=11082638
02-10 08:12:51.250 15594 16382 E OpenGLRenderer: JankTracker::calculateLegacyJank expectedDequeueDuration > 0 expectedDequeueDuration=1010064, DequeueBufferDuration=2674322, forgiveAmount=1010064, totalDuration=10422528
02-10 08:12:51.266 15594 16382 E OpenGLRenderer: JankTracker::calculateLegacyJank expectedDequeueDuration > 0 expectedDequeueDuration=1335484, DequeueBufferDuration=2633177, forgiveAmount=1335484, totalDuration=10122522
02-10 08:12:51.284 15594 16382 E OpenGLRenderer: JankTracker::calculateLegacyJank expectedDequeueDuration > 0 expectedDequeueDuration=638896, DequeueBufferDuration=2106562, forgiveAmount=638896, totalDuration=10979759
02-10 08:12:51.300 15594 16382 E OpenGLRenderer: JankTracker::calculateLegacyJank expectedDequeueDuration > 0 expectedDequeueDuration=877680, DequeueBufferDuration=2066511, forgiveAmount=877680, totalDuration=11416097
02-10 08:12:51.333 15594 16382 E OpenGLRenderer: JankTracker::calculateLegacyJank expectedDequeueDuration > 0 expectedDequeueDuration=830843, DequeueBufferDuration=2539427, forgiveAmount=830843, totalDuration=10780293
02-10 08:12:51.350 15594 16382 E OpenGLRenderer: JankTracker::calculateLegacyJank expectedDequeueDuration > 0 expectedDequeueDuration=1127097, DequeueBufferDuration=2676042, forgiveAmount=1127097, totalDuration=10585597
02-10 08:12:51.366 15594 16382 E OpenGLRenderer: JankTracker::calculateLegacyJank expectedDequeueDuration > 0 expectedDequeueDuration=379755, DequeueBufferDuration=2109792, forgiveAmount=379755, totalDuration=10698459
02-10 08:12:51.384 15594 16382 E OpenGLRenderer: JankTracker::calculateLegacyJank expectedDequeueDuration > 0 expectedDequeueDuration=341121, DequeueBufferDuration=1565000, forgiveAmount=341121, totalDuration=10167290
02-10 08:12:51.400 15594 16382 E OpenGLRenderer: JankTracker::calculateLegacyJank expectedDequeueDuration > 0 expectedDequeueDuration=820469, DequeueBufferDuration=2188646, forgiveAmount=820469, totalDuration=10555833
02-10 08:12:51.418 15594 16382 E OpenGLRenderer: JankTracker::calculateLegacyJank expectedDequeueDuration > 0 expectedDequeueDuration=299162, DequeueBufferDuration=2476927, forgiveAmount=299162, totalDuration=11896989
02-10 08:12:51.433 15594 16382 E OpenGLRenderer: JankTracker::calculateLegacyJank expectedDequeueDuration > 0 expectedDequeueDuration=583360, DequeueBufferDuration=2292291, forgiveAmount=583360, totalDuration=11157759
02-10 08:12:51.449 15594 16382 E OpenGLRenderer: JankTracker::calculateLegacyJank expectedDequeueDuration > 0 expectedDequeueDuration=161591, DequeueBufferDuration=2753542, forgiveAmount=161591, totalDuration=12595359
02-10 08:12:51.466 15594 16382 E OpenGLRenderer: JankTracker::calculateLegacyJank expectedDequeueDuration > 0 expectedDequeueDuration=817790, DequeueBufferDuration=1847760, forgiveAmount=817790, totalDuration=10055930
02-10 08:12:51.483 15594 16382 E OpenGLRenderer: JankTracker::calculateLegacyJank expectedDequeueDuration > 0 expectedDequeueDuration=1211996, DequeueBufferDuration=2384115, forgiveAmount=1211996, totalDuration=9828143
02-10 08:12:51.500 15594 16382 E OpenGLRenderer: JankTracker::calculateLegacyJank expectedDequeueDuration > 0 expectedDequeueDuration=1049188, DequeueBufferDuration=1963646, forgiveAmount=1049188, totalDuration=9794333
02-10 08:12:51.517 15594 16382 E OpenGLRenderer: JankTracker::calculateLegacyJank expectedDequeueDuration > 0 expectedDequeueDuration=804303, DequeueBufferDuration=2615104, forgiveAmount=804303, totalDuration=12439519
02-10 08:12:51.534 15594 16382 E OpenGLRenderer: JankTracker::calculateLegacyJank expectedDequeueDuration > 0 expectedDequeueDuration=1151770, DequeueBufferDuration=2700729, forgiveAmount=1151770, totalDuration=10363648
02-10 08:12:51.551 15594 16382 E OpenGLRenderer: JankTracker::calculateLegacyJank expectedDequeueDuration > 0 expectedDequeueDuration=699919, DequeueBufferDuration=2753489, forgiveAmount=699919, totalDuration=11853548
02-10 08:12:51.603 15594 16382 E OpenGLRenderer: JankTracker::calculateLegacyJank expectedDequeueDuration > 0 expectedDequeueDuration=228015, DequeueBufferDuration=2453386, forgiveAmount=228015, totalDuration=11892147
02-10 08:12:51.619 15594 16382 E OpenGLRenderer: JankTracker::calculateLegacyJank expectedDequeueDuration > 0 expectedDequeueDuration=1043027, DequeueBufferDuration=2737708, forgiveAmount=1043027, totalDuration=11162800
02-10 08:12:52.247 15594 15838 E OpenGLRenderer: JankTracker::calculateLegacyJank expectedDequeueDuration > 0 expectedDequeueDuration=364782, DequeueBufferDuration=1540208, forgiveAmount=364782, totalDuration=10862259
02-10 08:12:52.264 15594 15838 E OpenGLRenderer: JankTracker::calculateLegacyJank expectedDequeueDuration > 0 expectedDequeueDuration=737180, DequeueBufferDuration=2324218, forgiveAmount=737180, totalDuration=10703452
02-10 08:12:52.315 15594 15838 E OpenGLRenderer: JankTracker::calculateLegacyJank expectedDequeueDuration > 0 expectedDequeueDuration=861369, DequeueBufferDuration=895937, forgiveAmount=861369, totalDuration=9416273
02-10 08:12:52.348 15594 15838 E OpenGLRenderer: JankTracker::calculateLegacyJank expectedDequeueDuration > 0 expectedDequeueDuration=1021181, DequeueBufferDuration=1576719, forgiveAmount=1021181, totalDuration=9368262
02-10 08:12:52.366 15594 15838 E OpenGLRenderer: JankTracker::calculateLegacyJank expectedDequeueDuration > 0 expectedDequeueDuration=1766, DequeueBufferDuration=711979, forgiveAmount=1766, totalDuration=10936884
02-10 08:12:52.385 15594 15838 E OpenGLRenderer: JankTracker::calculateLegacyJank expectedDequeueDuration > 0 expectedDequeueDuration=1150766, DequeueBufferDuration=1207083, forgiveAmount=1150766, totalDuration=9476800
02-10 08:12:54.368 15594 16118 E OpenGLRenderer: JankTracker::calculateLegacyJank expectedDequeueDuration > 0 expectedDequeueDuration=451661, DequeueBufferDuration=3551042, forgiveAmount=451661, totalDuration=9337511
02-10 08:12:54.401 15594 16118 E OpenGLRenderer: JankTracker::calculateLegacyJank expectedDequeueDuration > 0 expectedDequeueDuration=1491347, DequeueBufferDuration=4479114, forgiveAmount=1491347, totalDuration=7534650
02-10 08:12:54.417 15594 16118 E OpenGLRenderer: JankTracker::calculateLegacyJank expectedDequeueDuration > 0 expectedDequeueDuration=1000442, DequeueBufferDuration=3631354, forgiveAmount=1000442, totalDuration=7491356
02-10 08:12:54.439 15594 16118 E OpenGLRenderer: JankTracker::calculateLegacyJank expectedDequeueDuration > 0 expectedDequeueDuration=1506309, DequeueBufferDuration=4137917, forgiveAmount=1506309, totalDuration=7233060
02-10 08:12:54.456 15594 16118 E OpenGLRenderer: JankTracker::calculateLegacyJank expectedDequeueDuration > 0 expectedDequeueDuration=1689552, DequeueBufferDuration=4117760, forgiveAmount=1689552, totalDuration=6890271
