02-10 08:07:36.335 14167 14357 E OpenGLRenderer: JankTracker::calculateLegacyJank expectedDequeueDuration > 0 expectedDequeueDuration=650449, DequeueBufferDuration=3270990, forgiveAmount=650449, totalDuration=18680613
02-10 08:07:36.402 14167 14357 E OpenGLRenderer: JankTracker::calculateLegacyJank expectedDequeueDuration > 0 expectedDequeueDuration=269178, DequeueBufferDuration=4275000, forgiveAmount=269178, totalDuration=17862894
02-10 08:07:36.419 14167 14357 E OpenGLRenderer: JankTracker::calculateLegacyJank expectedDequeueDuration > 0 expectedDequeueDuration=351824, DequeueBufferDuration=4748958, forgiveAmount=351824, totalDuration=17988383
02-10 08:07:36.436 14167 14357 E OpenGLRenderer: JankTracker::calculateLegacyJank expectedDequeueDuration > 0 expectedDequeueDuration=77675, DequeueBufferDuration=3475469, forgiveAmount=77675, totalDuration=17577723
02-10 08:07:36.485 14167 14357 E OpenGLRenderer: JankTracker::calculateLegacyJank expectedDequeueDuration > 0 expectedDequeueDuration=287938, DequeueBufferDuration=4432083, forgiveAmount=287938, totalDuration=18304124
02-10 08:07:36.920 14167 14326 E OpenGLRenderer: JankTracker::calculateLegacyJank expectedDequeueDuration > 0 expectedDequeueDuration=1510382, DequeueBufferDuration=3794531, forgiveAmount=1510382, totalDuration=11509914
02-10 08:07:38.146 14167 14326 E OpenGLRenderer: JankTracker::calculateLegacyJank expectedDequeueDuration > 0 expectedDequeueDuration=1389665, DequeueBufferDuration=5081458, forgiveAmount=1389665, totalDuration=13501816
02-10 08:07:38.166 14167 14326 E OpenGLRenderer: JankTracker::calculateLegacyJank expectedDequeueDuration > 0 expectedDequeueDuration=795943, DequeueBufferDuration=5456667, forgiveAmount=795943, totalDuration=14777646
02-10 08:07:49.251 14167 14326 E OpenGLRenderer: JankTracker::calculateLegacyJank expectedDequeueDuration > 0 expectedDequeueDuration=472745, DequeueBufferDuration=6556614, forgiveAmount=472745, totalDuration=14542270
02-10 08:07:49.296 14167 14326 E OpenGLRenderer: JankTracker::calculateLegacyJank expectedDequeueDuration > 0 expectedDequeueDuration=701768, DequeueBufferDuration=5293490, forgiveAmount=701768, totalDuration=10700839
02-10 08:07:49.313 14167 14326 E OpenGLRenderer: JankTracker::calculateLegacyJank expectedDequeueDuration > 0 expectedDequeueDuration=1732831, DequeueBufferDuration=1679739, forgiveAmount=1679739, totalDuration=4438836
02-10 08:07:49.529 14167 14326 E OpenGLRenderer: JankTracker::calculateLegacyJank expectedDequeueDuration > 0 expectedDequeueDuration=2483946, DequeueBufferDuration=630312, forgiveAmount=630312, totalDuration=3035222
02-10 08:07:49.546 14167 14326 E OpenGLRenderer: JankTracker::calculateLegacyJank expectedDequeueDuration > 0 expectedDequeueDuration=2830642, DequeueBufferDuration=1266198, forgiveAmount=1266198, totalDuration=3685713
02-10 08:07:54.361 14167 14586 E OpenGLRenderer: JankTracker::calculateLegacyJank expectedDequeueDuration > 0 expectedDequeueDuration=2153804, DequeueBufferDuration=853125, forgiveAmount=853125, totalDuration=5132291
02-10 08:07:55.835 14167 14466 E OpenGLRenderer: JankTracker::calculateLegacyJank expectedDequeueDuration > 0 expectedDequeueDuration=176083, DequeueBufferDuration=926667, forgiveAmount=176083, totalDuration=7387105
02-10 08:07:55.920 14167 14466 E OpenGLRenderer: JankTracker::calculateLegacyJank expectedDequeueDuration > 0 expectedDequeueDuration=230529, DequeueBufferDuration=3054687, forgiveAmount=230529, totalDuration=9607796
02-10 08:07:55.933 14167 14466 E OpenGLRenderer: JankTracker::calculateLegacyJank expectedDequeueDuration > 0 expectedDequeueDuration=385045, DequeueBufferDuration=9057708, forgiveAmount=385045, totalDuration=13811784
02-10 08:07:55.948 14167 14466 E OpenGLRenderer: JankTracker::calculateLegacyJank expectedDequeueDuration > 0 expectedDequeueDuration=1001800, DequeueBufferDuration=6461250, forgiveAmount=1001800, totalDuration=10468275
02-10 08:07:55.965 14167 14466 E OpenGLRenderer: JankTracker::calculateLegacyJank expectedDequeueDuration > 0 expectedDequeueDuration=1378583, DequeueBufferDuration=3508854, forgiveAmount=1378583, totalDuration=8070072
02-10 08:07:55.982 14167 14466 E OpenGLRenderer: JankTracker::calculateLegacyJank expectedDequeueDuration > 0 expectedDequeueDuration=2259312, DequeueBufferDuration=2271615, forgiveAmount=2259312, totalDuration=5367470
02-10 08:07:56.002 14167 14466 E OpenGLRenderer: JankTracker::calculateLegacyJank expectedDequeueDuration > 0 expectedDequeueDuration=1518592, DequeueBufferDuration=2259739, forgiveAmount=1518592, totalDuration=6016410
02-10 08:07:56.015 14167 14466 E OpenGLRenderer: JankTracker::calculateLegacyJank expectedDequeueDuration > 0 expectedDequeueDuration=1943324, DequeueBufferDuration=2684688, forgiveAmount=1943324, totalDuration=5834758
02-10 08:07:56.033 14167 14466 E OpenGLRenderer: JankTracker::calculateLegacyJank expectedDequeueDuration > 0 expectedDequeueDuration=1604214, DequeueBufferDuration=3139636, forgiveAmount=1604214, totalDuration=7663134
02-10 08:07:56.050 14167 14466 E OpenGLRenderer: JankTracker::calculateLegacyJank expectedDequeueDuration > 0 expectedDequeueDuration=1804165, DequeueBufferDuration=2166250, forgiveAmount=1804165, totalDuration=5416410
02-10 08:07:56.066 14167 14466 E OpenGLRenderer: JankTracker::calculateLegacyJank expectedDequeueDuration > 0 expectedDequeueDuration=265166, DequeueBufferDuration=1040834, forgiveAmount=265166, totalDuration=7923314
02-10 08:07:56.082 14167 14466 E OpenGLRenderer: JankTracker::calculateLegacyJank expectedDequeueDuration > 0 expectedDequeueDuration=1873222, DequeueBufferDuration=4204740, forgiveAmount=1873222, totalDuration=9584441
02-10 08:07:56.098 14167 14466 E OpenGLRenderer: JankTracker::calculateLegacyJank expectedDequeueDuration > 0 expectedDequeueDuration=722384, DequeueBufferDuration=2418334, forgiveAmount=722384, totalDuration=9711066
02-10 08:07:56.116 14167 14466 E OpenGLRenderer: JankTracker::calculateLegacyJank expectedDequeueDuration > 0 expectedDequeueDuration=1545068, DequeueBufferDuration=2037708, forgiveAmount=1545068, totalDuration=7971948
02-10 08:07:56.133 14167 14466 E OpenGLRenderer: JankTracker::calculateLegacyJank expectedDequeueDuration > 0 expectedDequeueDuration=2173230, DequeueBufferDuration=2061094, forgiveAmount=2061094, totalDuration=4724166
02-10 08:07:56.157 14167 14466 E OpenGLRenderer: JankTracker::calculateLegacyJank expectedDequeueDuration > 0 expectedDequeueDuration=2329739, DequeueBufferDuration=3176302, forgiveAmount=2329739, totalDuration=6505782
02-10 08:07:56.165 14167 14466 E OpenGLRenderer: JankTracker::calculateLegacyJank expectedDequeueDuration > 0 expectedDequeueDuration=1892155, DequeueBufferDuration=3197291, forgiveAmount=1892155, totalDuration=7349961
02-10 08:07:56.183 14167 14466 E OpenGLRenderer: JankTracker::calculateLegacyJank expectedDequeueDuration > 0 expectedDequeueDuration=115594, DequeueBufferDuration=2364844, forgiveAmount=115594, totalDuration=9998500
02-10 08:07:56.202 14167 14466 E OpenGLRenderer: JankTracker::calculateLegacyJank expectedDequeueDuration > 0 expectedDequeueDuration=1981034, DequeueBufferDuration=1654844, forgiveAmount=1654844, totalDuration=4823706
02-10 08:07:56.217 14167 14466 E OpenGLRenderer: JankTracker::calculateLegacyJank expectedDequeueDuration > 0 expectedDequeueDuration=1384440, DequeueBufferDuration=1765312, forgiveAmount=1384440, totalDuration=6331641
02-10 08:07:56.234 14167 14466 E OpenGLRenderer: JankTracker::calculateLegacyJank expectedDequeueDuration > 0 expectedDequeueDuration=1479213, DequeueBufferDuration=2485781, forgiveAmount=1479213, totalDuration=6561938
02-10 08:07:56.249 14167 14466 E OpenGLRenderer: JankTracker::calculateLegacyJank expectedDequeueDuration > 0 expectedDequeueDuration=1586189, DequeueBufferDuration=2597344, forgiveAmount=1586189, totalDuration=6509081
02-10 08:07:56.275 14167 14466 E OpenGLRenderer: JankTracker::calculateLegacyJank expectedDequeueDuration > 0 expectedDequeueDuration=452924, DequeueBufferDuration=1254532, forgiveAmount=452924, totalDuration=6712954
02-10 08:07:56.288 14167 14466 E OpenGLRenderer: JankTracker::calculateLegacyJank expectedDequeueDuration > 0 expectedDequeueDuration=1278298, DequeueBufferDuration=1911980, forgiveAmount=1278298, totalDuration=6418560
02-10 08:07:56.849 14167 14586 E OpenGLRenderer: JankTracker::calculateLegacyJank expectedDequeueDuration > 0 expectedDequeueDuration=2193403, DequeueBufferDuration=1456146, forgiveAmount=1456146, totalDuration=5019358
02-10 08:07:56.866 14167 14586 E OpenGLRenderer: JankTracker::calculateLegacyJank expectedDequeueDuration > 0 expectedDequeueDuration=502357, DequeueBufferDuration=3541823, forgiveAmount=502357, totalDuration=12290911
02-10 08:07:56.881 14167 14586 E OpenGLRenderer: JankTracker::calculateLegacyJank expectedDequeueDuration > 0 expectedDequeueDuration=156286, DequeueBufferDuration=2828802, forgiveAmount=156286, totalDuration=8849512
02-10 08:07:56.921 14167 14180 E OpenGLRenderer: JankTracker::calculateLegacyJank expectedDequeueDuration > 0 expectedDequeueDuration=1691783, DequeueBufferDuration=1685312, forgiveAmount=1685312, totalDuration=13538009
02-10 08:07:58.273 14167 14326 E OpenGLRenderer: JankTracker::calculateLegacyJank expectedDequeueDuration > 0 expectedDequeueDuration=297237, DequeueBufferDuration=6090052, forgiveAmount=297237, totalDuration=15124224
02-10 08:07:58.283 14167 14326 E OpenGLRenderer: JankTracker::calculateLegacyJank expectedDequeueDuration > 0 expectedDequeueDuration=124513, DequeueBufferDuration=22619479, forgiveAmount=124513, totalDuration=32921079
02-10 08:07:58.436 14167 14326 E OpenGLRenderer: JankTracker::calculateLegacyJank expectedDequeueDuration > 0 expectedDequeueDuration=2184116, DequeueBufferDuration=1659323, forgiveAmount=1659323, totalDuration=4080676
02-10 08:07:58.470 14167 14326 E OpenGLRenderer: JankTracker::calculateLegacyJank expectedDequeueDuration > 0 expectedDequeueDuration=495385, DequeueBufferDuration=2603958, forgiveAmount=495385, totalDuration=10064178
02-10 08:07:58.471 14167 14586 E BufferQueueProducer: [SurfaceView[com.mbwhatsapp/com.mbwhatsapp.qrcode.contactqr.ContactQrActivity]#13(B LAST Consumer)13](id:37570000000d,api:4,p:1367,c:14167) queueBuffer: BufferQueue has been abandoned
02-10 08:07:58.476 14167 14586 E BufferQueueProducer: [SurfaceView[com.mbwhatsapp/com.mbwhatsapp.qrcode.contactqr.ContactQrActivity]#13(B LAST Consumer)13](id:37570000000d,api:4,p:1367,c:14167) queueBuffer: BufferQueue has been abandoned
02-10 08:07:58.486 14167 14586 E OpenGLRenderer: JankTracker::calculateLegacyJank expectedDequeueDuration > 0 expectedDequeueDuration=728265, DequeueBufferDuration=1456770, forgiveAmount=728265, totalDuration=12880708
02-10 08:07:58.513 14167 14466 E BufferQueueProducer: [SurfaceView[com.mbwhatsapp/com.mbwhatsapp.qrcode.contactqr.ContactQrActivity]#13(B LAST Consumer)13](id:37570000000d,api:4,p:1367,c:14167) queueBuffer: BufferQueue has been abandoned
02-10 08:07:58.517 14167 14466 E BufferQueueProducer: [SurfaceView[com.mbwhatsapp/com.mbwhatsapp.qrcode.contactqr.ContactQrActivity]#13(B LAST Consumer)13](id:37570000000d,api:4,p:1367,c:14167) cancelBuffer: BufferQueue has been abandoned
02-10 08:07:58.520 14167 14326 E BufferQueueProducer: [SurfaceView[com.mbwhatsapp/com.mbwhatsapp.qrcode.contactqr.ContactQrActivity]#13(B LAST Consumer)13](id:37570000000d,api:4,p:1367,c:14167) cancelBuffer: BufferQueue has been abandoned
02-10 08:07:58.524 14167 14586 E BufferQueueProducer: [SurfaceView[com.mbwhatsapp/com.mbwhatsapp.qrcode.contactqr.ContactQrActivity]#13(B LAST Consumer)13](id:37570000000d,api:4,p:1367,c:14167) cancelBuffer: BufferQueue has been abandoned
02-10 08:07:58.525 14167 14586 E BufferQueueProducer: [SurfaceView[com.mbwhatsapp/com.mbwhatsapp.qrcode.contactqr.ContactQrActivity]#13(B LAST Consumer)13](id:37570000000d,api:4,p:1367,c:14167) cancelBuffer: BufferQueue has been abandoned
02-10 08:07:58.899 14167 14586 E OpenGLRenderer: JankTracker::calculateLegacyJank expectedDequeueDuration > 0 expectedDequeueDuration=449909, DequeueBufferDuration=641771, forgiveAmount=449909, totalDuration=6624609
02-10 08:07:58.918 14167 14586 E OpenGLRenderer: JankTracker::calculateLegacyJank expectedDequeueDuration > 0 expectedDequeueDuration=2721757, DequeueBufferDuration=2124375, forgiveAmount=2124375, totalDuration=4165275
02-10 08:07:59.017 14167 14326 E OpenGLRenderer: JankTracker::calculateLegacyJank expectedDequeueDuration > 0 expectedDequeueDuration=908669, DequeueBufferDuration=4310573, forgiveAmount=908669, totalDuration=10970787
02-10 08:07:59.035 14167 14326 E OpenGLRenderer: JankTracker::calculateLegacyJank expectedDequeueDuration > 0 expectedDequeueDuration=2227996, DequeueBufferDuration=5269115, forgiveAmount=2227996, totalDuration=6842133
02-10 08:07:59.052 14167 14326 E OpenGLRenderer: JankTracker::calculateLegacyJank expectedDequeueDuration > 0 expectedDequeueDuration=2742016, DequeueBufferDuration=4748333, forgiveAmount=2742016, totalDuration=4976384
02-10 08:07:59.073 14167 14326 E OpenGLRenderer: JankTracker::calculateLegacyJank expectedDequeueDuration > 0 expectedDequeueDuration=2154678, DequeueBufferDuration=5760417, forgiveAmount=2154678, totalDuration=7400749
02-10 08:07:59.090 14167 14326 E OpenGLRenderer: JankTracker::calculateLegacyJank expectedDequeueDuration > 0 expectedDequeueDuration=2009560, DequeueBufferDuration=6258698, forgiveAmount=2009560, totalDuration=8569995
02-10 08:07:59.100 14167 14586 E OpenGLRenderer: JankTracker::calculateLegacyJank expectedDequeueDuration > 0 expectedDequeueDuration=2402540, DequeueBufferDuration=10486563, forgiveAmount=2402540, totalDuration=12059608
02-10 08:07:59.138 14167 14586 E OpenGLRenderer: JankTracker::calculateLegacyJank expectedDequeueDuration > 0 expectedDequeueDuration=2745950, DequeueBufferDuration=4581719, forgiveAmount=2745950, totalDuration=4958672
02-10 08:07:59.155 14167 14326 E OpenGLRenderer: JankTracker::calculateLegacyJank expectedDequeueDuration > 0 expectedDequeueDuration=2900421, DequeueBufferDuration=8378802, forgiveAmount=2900421, totalDuration=9104420
02-10 08:07:59.172 14167 14586 E OpenGLRenderer: JankTracker::calculateLegacyJank expectedDequeueDuration > 0 expectedDequeueDuration=2044760, DequeueBufferDuration=8696146, forgiveAmount=2044760, totalDuration=10652720
02-10 08:07:59.187 14167 14586 E OpenGLRenderer: JankTracker::calculateLegacyJank expectedDequeueDuration > 0 expectedDequeueDuration=2762824, DequeueBufferDuration=9558594, forgiveAmount=2762824, totalDuration=10131695
02-10 08:07:59.204 14167 14586 E OpenGLRenderer: JankTracker::calculateLegacyJank expectedDequeueDuration > 0 expectedDequeueDuration=2297792, DequeueBufferDuration=9027344, forgiveAmount=2297792, totalDuration=10394520
02-10 08:07:59.220 14167 14586 E OpenGLRenderer: JankTracker::calculateLegacyJank expectedDequeueDuration > 0 expectedDequeueDuration=2495678, DequeueBufferDuration=7643802, forgiveAmount=2495678, totalDuration=8870050
02-10 08:07:59.240 14167 14586 E OpenGLRenderer: JankTracker::calculateLegacyJank expectedDequeueDuration > 0 expectedDequeueDuration=2668939, DequeueBufferDuration=8013750, forgiveAmount=2668939, totalDuration=8841758
02-10 08:08:00.353 14167 14211 E SQLiteDatabase: Error inserting transferred=1 media_job_uuid=59e7ea1e-ac8b-4472-a0f7-ef909c5cfcd8 transcoded=0 gif_attribution=0 first_scan_length=0 direct_path=/v/t62.15575- 24/29631671_758735162446890_73006**************_n.enc?ccb=11- 4&oh=01_AdTEMGzQ9sVSHfh2IPjftkwmKgh_pGcHgcLruypzkidGCQ&oe=65EE5797&_nc_sid=5e03e0 thumbnail_height_width_ratio=1.0 is_animated_sticker=0 file_hash=yMfRQQ38U58K7GD2Q2Uu27EYWbXHg9hRRliXUN0hVA8= file_path=Media/MBWhatsApp Stickers/STK-20240210-WA0010.webp file_size=42762 partial_media_hash=null face_x=0 face_y=0 height=64 trim_to=0 media_key_timestamp=1707527279000 message_url=*********************************************************************** *********************************************************************************** *********************************** media_caption=null trim_from=0 mime_type=image/webp partial_media_enc_hash=null width=64 original_file_hash=null has_streaming_sidecar=0 autotransfer_retry_enabled=1 media_upload_handle=null message_row_id=382 multicast_id=null enc_file_hash=mGUWXWwcaZjJGV40f+sQxXpNY7iEX3lbeyfIt7yy0Ew= mute_video=0 page_count=0 first_scan_sidecar=null suspicious_content=0 file_length=42762 media_name=null media_duration=0 chat_row_id=8 media_key=[B@b89309a
02-10 08:08:00.353 14167 14211 E SQLiteDatabase: android.database.sqlite.SQLiteConstraintException: UNIQUE constraint failed: message_media.message_row_id (code 1555 SQLITE_CONSTRAINT_PRIMARYKEY)
02-10 08:08:00.353 14167 14211 E SQLiteDatabase: at android.database.sqlite.SQLiteConnection.nativeExecuteForLastInsertedRowId(Native Method)
02-10 08:08:00.353 14167 14211 E SQLiteDatabase: at android.database.sqlite.SQLiteConnection.executeForLastInsertedRowId(SQLiteConnecti on.java:985)
02-10 08:08:00.353 14167 14211 E SQLiteDatabase: at android.database.sqlite.SQLiteSession.executeForLastInsertedRowId(SQLiteSession.jav a:790)
02-10 08:08:00.353 14167 14211 E SQLiteDatabase: at android.database.sqlite.SQLiteStatement.executeInsert(SQLiteStatement.java:89)
02-10 08:08:00.353 14167 14211 E SQLiteDatabase: at android.database.sqlite.SQLiteDatabase.insertWithOnConflict(SQLiteDatabase.java:170 2)
02-10 08:08:00.353 14167 14211 E SQLiteDatabase: at android.database.sqlite.SQLiteDatabase.insert(SQLiteDatabase.java:1571)
02-10 08:08:00.353 14167 14211 E SQLiteDatabase: at X.2tm.A08(Unknown Source:6)
02-10 08:08:00.353 14167 14211 E SQLiteDatabase: at X.35Y.A07(Unknown Source:212)
02-10 08:08:00.353 14167 14211 E SQLiteDatabase: at X.3QF.A14(Unknown Source:470)
02-10 08:08:00.353 14167 14211 E SQLiteDatabase: at X.3gU.run(Unknown Source:982)
02-10 08:08:00.353 14167 14211 E SQLiteDatabase: at android.os.Handler.handleCallback(Handler.java:938)
02-10 08:08:00.353 14167 14211 E SQLiteDatabase: at android.os.Handler.dispatchMessage(Handler.java:99)
02-10 08:08:00.353 14167 14211 E SQLiteDatabase: at X.0zq.dispatchMessage(Unknown Source:4)
02-10 08:08:00.353 14167 14211 E SQLiteDatabase: at android.os.Looper.loopOnce(Looper.java:233)
02-10 08:08:00.353 14167 14211 E SQLiteDatabase: at android.os.Looper.loop(Looper.java:334)
02-10 08:08:00.353 14167 14211 E SQLiteDatabase: at android.os.HandlerThread.run(HandlerThread.java:67)
02-10 08:08:03.817 14167 14586 E OpenGLRenderer: JankTracker::calculateLegacyJank expectedDequeueDuration > 0 expectedDequeueDuration=986662, DequeueBufferDuration=3727813, forgiveAmount=986662, totalDuration=13874540
02-10 08:08:09.931 14167 14466 E OpenGLRenderer: JankTracker::calculateLegacyJank expectedDequeueDuration > 0 expectedDequeueDuration=1715969, DequeueBufferDuration=1356511, forgiveAmount=1356511, totalDuration=4685332
02-10 08:08:10.013 14167 14466 E OpenGLRenderer: JankTracker::calculateLegacyJank expectedDequeueDuration > 0 expectedDequeueDuration=2173560, DequeueBufferDuration=674739, forgiveAmount=674739, totalDuration=4116075
02-10 08:08:12.037 14167 14466 E OpenGLRenderer: JankTracker::calculateLegacyJank expectedDequeueDuration > 0 expectedDequeueDuration=516342, DequeueBufferDuration=4253698, forgiveAmount=516342, totalDuration=18180076
02-10 08:08:12.651 14167 14326 E OpenGLRenderer: JankTracker::calculateLegacyJank expectedDequeueDuration > 0 expectedDequeueDuration=1730493, DequeueBufferDuration=11481354, forgiveAmount=1730493, totalDuration=20177243
02-10 08:08:12.718 14167 14326 E OpenGLRenderer: JankTracker::calculateLegacyJank expectedDequeueDuration > 0 expectedDequeueDuration=216907, DequeueBufferDuration=3235417, forgiveAmount=216907, totalDuration=12054467
02-10 08:08:12.752 14167 14326 E OpenGLRenderer: JankTracker::calculateLegacyJank expectedDequeueDuration > 0 expectedDequeueDuration=580538, DequeueBufferDuration=2802396, forgiveAmount=580538, totalDuration=11234601
02-10 08:08:13.169 14167 14326 E OpenGLRenderer: JankTracker::calculateLegacyJank expectedDequeueDuration > 0 expectedDequeueDuration=59809, DequeueBufferDuration=1481198, forgiveAmount=59809, totalDuration=11090591
02-10 08:08:13.501 14167 14326 E OpenGLRenderer: JankTracker::calculateLegacyJank expectedDequeueDuration > 0 expectedDequeueDuration=477280, DequeueBufferDuration=3397292, forgiveAmount=477280, totalDuration=12539450
02-10 08:08:13.537 14167 14326 E OpenGLRenderer: JankTracker::calculateLegacyJank expectedDequeueDuration > 0 expectedDequeueDuration=367208, DequeueBufferDuration=2697343, forgiveAmount=367208, totalDuration=11021730
02-10 08:08:13.551 14167 14326 E OpenGLRenderer: JankTracker::calculateLegacyJank expectedDequeueDuration > 0 expectedDequeueDuration=630987, DequeueBufferDuration=4418125, forgiveAmount=630987, totalDuration=13821151
02-10 08:08:13.567 14167 14326 E OpenGLRenderer: JankTracker::calculateLegacyJank expectedDequeueDuration > 0 expectedDequeueDuration=23240, DequeueBufferDuration=5563541, forgiveAmount=23240, totalDuration=14587947
02-10 08:08:13.584 14167 14326 E OpenGLRenderer: JankTracker::calculateLegacyJank expectedDequeueDuration > 0 expectedDequeueDuration=553147, DequeueBufferDuration=3175469, forgiveAmount=553147, totalDuration=10784071
02-10 08:08:13.601 14167 14326 E OpenGLRenderer: JankTracker::calculateLegacyJank expectedDequeueDuration > 0 expectedDequeueDuration=320543, DequeueBufferDuration=2087135, forgiveAmount=320543, totalDuration=10794122
02-10 08:08:14.748 14167 14326 E OpenGLRenderer: JankTracker::calculateLegacyJank expectedDequeueDuration > 0 expectedDequeueDuration=1529537, DequeueBufferDuration=1774271, forgiveAmount=1529537, totalDuration=7461030
02-10 08:08:14.765 14167 14326 E OpenGLRenderer: JankTracker::calculateLegacyJank expectedDequeueDuration > 0 expectedDequeueDuration=108445, DequeueBufferDuration=849739, forgiveAmount=108445, totalDuration=10445089
02-10 08:08:14.783 14167 14326 E OpenGLRenderer: JankTracker::calculateLegacyJank expectedDequeueDuration > 0 expectedDequeueDuration=976977, DequeueBufferDuration=855364, forgiveAmount=855364, totalDuration=9013701
02-10 08:08:14.802 14167 14326 E OpenGLRenderer: JankTracker::calculateLegacyJank expectedDequeueDuration > 0 expectedDequeueDuration=746760, DequeueBufferDuration=761980, forgiveAmount=746760, totalDuration=9256637
02-10 08:08:14.818 14167 14326 E OpenGLRenderer: JankTracker::calculateLegacyJank expectedDequeueDuration > 0 expectedDequeueDuration=71643, DequeueBufferDuration=1848334, forgiveAmount=71643, totalDuration=12831245
02-10 08:08:14.853 14167 14326 E OpenGLRenderer: JankTracker::calculateLegacyJank expectedDequeueDuration > 0 expectedDequeueDuration=626128, DequeueBufferDuration=3173229, forgiveAmount=626128, totalDuration=13372848
02-10 08:08:14.868 14167 14326 E OpenGLRenderer: JankTracker::calculateLegacyJank expectedDequeueDuration > 0 expectedDequeueDuration=764210, DequeueBufferDuration=4100261, forgiveAmount=764210, totalDuration=13823663
02-10 08:08:14.886 14167 14326 E OpenGLRenderer: JankTracker::calculateLegacyJank expectedDequeueDuration > 0 expectedDequeueDuration=1005821, DequeueBufferDuration=5163542, forgiveAmount=1005821, totalDuration=15351170
02-10 08:08:16.343 14167 14167 E ArmVmp : Match on catch block at 0x0a in for 0x7630ce6035
02-10 08:08:16.357 14167 14167 E ArmVmp : Match on catch block at 0x0a in for 0x7630ce6035
02-10 08:08:16.630 14167 14167 E ArmVmp : Match on catch block at 0xc3 in for 0x7630ce6021
02-10 08:08:16.637 14167 14167 E ArmVmp : Match on catch block at 0xc3 in for 0x7630ce6021
02-10 08:08:17.325 14167 14167 E RecyclerView: No adapter attached; skipping layout
02-10 08:08:17.360 14167 14167 E RecyclerView: No adapter attached; skipping layout
02-10 08:08:19.075 14167 14211 E SQLiteDatabase: Error inserting transferred=0 media_job_uuid=dc164df3-8b30-4e54-b38d-c71f10683a2a transcoded=1 gif_attribution=0 first_scan_length=0 direct_path=null thumbnail_height_width_ratio=1.8 is_animated_sticker=0 file_hash=null file_path=/data/user/0/com.mbwhatsapp/files/.Shared/f39395ec-1fe9-4361-a20d- e64542aba731.jpg file_size=76225 partial_media_hash=null face_x=0 face_y=0 height=1280 trim_to=0 media_key_timestamp=0 message_url=null media_caption=null trim_from=0 mime_type=null partial_media_enc_hash=null width=720 original_file_hash=DK3Y2l3OkLZrtnbSktVqWhyI2W4XxF3ysOUdTCWSCSk= has_streaming_sidecar=0 autotransfer_retry_enabled=1 media_upload_handle=null message_row_id=383 multicast_id=null enc_file_hash=null mute_video=0 page_count=0 first_scan_sidecar=null suspicious_content=0 file_length=76225 media_name=f39395ec- 1fe9-4361-a20d-e64542aba731.jpg media_duration=0 chat_row_id=81 media_key=null
02-10 08:08:19.075 14167 14211 E SQLiteDatabase: android.database.sqlite.SQLiteConstraintException: UNIQUE constraint failed: message_media.message_row_id (code 1555 SQLITE_CONSTRAINT_PRIMARYKEY)
02-10 08:08:19.075 14167 14211 E SQLiteDatabase: at android.database.sqlite.SQLiteConnection.nativeExecuteForLastInsertedRowId(Native Method)
02-10 08:08:19.075 14167 14211 E SQLiteDatabase: at android.database.sqlite.SQLiteConnection.executeForLastInsertedRowId(SQLiteConnecti on.java:985)
02-10 08:08:19.075 14167 14211 E SQLiteDatabase: at android.database.sqlite.SQLiteSession.executeForLastInsertedRowId(SQLiteSession.jav a:790)
02-10 08:08:19.075 14167 14211 E SQLiteDatabase: at android.database.sqlite.SQLiteStatement.executeInsert(SQLiteStatement.java:89)
02-10 08:08:19.075 14167 14211 E SQLiteDatabase: at android.database.sqlite.SQLiteDatabase.insertWithOnConflict(SQLiteDatabase.java:170 2)
02-10 08:08:19.075 14167 14211 E SQLiteDatabase: at android.database.sqlite.SQLiteDatabase.insert(SQLiteDatabase.java:1571)
02-10 08:08:19.075 14167 14211 E SQLiteDatabase: at X.2tm.A08(Unknown Source:6)
02-10 08:08:19.075 14167 14211 E SQLiteDatabase: at X.35Y.A07(Unknown Source:212)
02-10 08:08:19.075 14167 14211 E SQLiteDatabase: at X.3QF.A14(Unknown Source:470)
02-10 08:08:19.075 14167 14211 E SQLiteDatabase: at X.3gU.run(Unknown Source:982)
02-10 08:08:19.075 14167 14211 E SQLiteDatabase: at android.os.Handler.handleCallback(Handler.java:938)
02-10 08:08:19.075 14167 14211 E SQLiteDatabase: at android.os.Handler.dispatchMessage(Handler.java:99)
02-10 08:08:19.075 14167 14211 E SQLiteDatabase: at X.0zq.dispatchMessage(Unknown Source:4)
02-10 08:08:19.075 14167 14211 E SQLiteDatabase: at android.os.Looper.loopOnce(Looper.java:233)
02-10 08:08:19.075 14167 14211 E SQLiteDatabase: at android.os.Looper.loop(Looper.java:334)
02-10 08:08:19.075 14167 14211 E SQLiteDatabase: at android.os.HandlerThread.run(HandlerThread.java:67)
02-10 08:08:19.108 14167 14167 E ArmVmp : Match on catch block at 0x0a in for 0x7630ce6035
02-10 08:08:19.119 14167 14167 E ArmVmp : Match on catch block at 0x0a in for 0x7630ce6035
02-10 08:08:19.176 14167 14869 E chromium: [0210/080819.176810:ERROR:cronet_context.cc(156)] Invalid QUIC hint host: .whatsapp.com
02-10 08:08:19.177 14167 14869 E chromium: [0210/080819.177141:ERROR:cronet_context.cc(156)] Invalid QUIC hint host: .cdninstagram.com
02-10 08:08:19.177 14167 14869 E chromium: [0210/080819.177212:ERROR:cronet_context.cc(156)] Invalid QUIC hint host: .fbcdn.net
02-10 08:08:19.177 14167 14869 E chromium: [0210/080819.177268:ERROR:cronet_context.cc(156)] Invalid QUIC hint host: .facebook.com
02-10 08:08:19.177 14167 14869 E chromium: [0210/080819.177317:ERROR:cronet_context.cc(156)] Invalid QUIC hint host: .instagram.com
02-10 08:08:19.177 14167 14869 E chromium: [0210/080819.177361:ERROR:cronet_context.cc(156)] Invalid QUIC hint host: .whatsapp.net
02-10 08:08:19.307 14167 14167 E ArmVmp : Match on catch block at 0xc3 in for 0x7630ce6025
02-10 08:08:19.310 14167 14167 E ArmVmp : Match on catch block at 0xc3 in for 0x7630ce6025
02-10 08:08:19.470 14167 14167 E ArmVmp : Match on catch block at 0xc3 in for 0x7630ce6025
02-10 08:08:19.473 14167 14167 E ArmVmp : Match on catch block at 0xc3 in for 0x7630ce6025
02-10 08:08:19.537 14167 14167 E ArmVmp : Match on catch block at 0xc3 in for 0x7630ce6025
02-10 08:08:19.541 14167 14167 E ArmVmp : Match on catch block at 0xc3 in for 0x7630ce6025
02-10 08:08:19.568 14167 14167 E ArmVmp : Match on catch block at 0xc3 in for 0x7630ce6025
02-10 08:08:19.573 14167 14167 E ArmVmp : Match on catch block at 0xc3 in for 0x7630ce6025
02-10 08:08:19.593 14167 14167 E ArmVmp : Match on catch block at 0xc3 in for 0x7630ce6025
02-10 08:08:19.601 14167 14167 E ArmVmp : Match on catch block at 0xc3 in for 0x7630ce6025
02-10 08:08:19.613 14167 14167 E ArmVmp : Match on catch block at 0xc3 in for 0x7630ce6025
02-10 08:08:19.618 14167 14167 E ArmVmp : Match on catch block at 0xc3 in for 0x7630ce6025
02-10 08:08:19.638 14167 14167 E ArmVmp : Match on catch block at 0xc3 in for 0x7630ce6025
02-10 08:08:19.644 14167 14167 E ArmVmp : Match on catch block at 0xc3 in for 0x7630ce6025
02-10 08:08:19.677 14167 14167 E ArmVmp : Match on catch block at 0xc3 in for 0x7630ce6025
02-10 08:08:19.683 14167 14167 E ArmVmp : Match on catch block at 0xc3 in for 0x7630ce6025
02-10 08:08:19.696 14167 14167 E ArmVmp : Match on catch block at 0xc3 in for 0x7630ce6025
02-10 08:08:19.702 14167 14167 E ArmVmp : Match on catch block at 0xc3 in for 0x7630ce6025
02-10 08:08:19.716 14167 14167 E ArmVmp : Match on catch block at 0xc3 in for 0x7630ce6025
02-10 08:08:19.723 14167 14167 E ArmVmp : Match on catch block at 0xc3 in for 0x7630ce6025
02-10 08:08:19.735 14167 14167 E ArmVmp : Match on catch block at 0xc3 in for 0x7630ce6025
02-10 08:08:19.743 14167 14167 E ArmVmp : Match on catch block at 0xc3 in for 0x7630ce6025
02-10 08:08:19.756 14167 14167 E ArmVmp : Match on catch block at 0xc3 in for 0x7630ce6025
02-10 08:08:19.758 14167 14167 E ArmVmp : Match on catch block at 0xc3 in for 0x7630ce6025
02-10 08:08:19.767 14167 14167 E ArmVmp : Match on catch block at 0xc3 in for 0x7630ce6025
02-10 08:08:19.773 14167 14167 E ArmVmp : Match on catch block at 0xc3 in for 0x7630ce6025
02-10 08:08:19.787 14167 14167 E ArmVmp : Match on catch block at 0xc3 in for 0x7630ce6025
02-10 08:08:19.789 14167 14167 E ArmVmp : Match on catch block at 0xc3 in for 0x7630ce6025
02-10 08:08:19.801 14167 14167 E ArmVmp : Match on catch block at 0xc3 in for 0x7630ce6025
02-10 08:08:19.805 14167 14167 E ArmVmp : Match on catch block at 0xc3 in for 0x7630ce6025
02-10 08:08:19.818 14167 14167 E ArmVmp : Match on catch block at 0xc3 in for 0x7630ce6025
02-10 08:08:19.825 14167 14167 E ArmVmp : Match on catch block at 0xc3 in for 0x7630ce6025
02-10 08:08:19.839 14167 14167 E ArmVmp : Match on catch block at 0xc3 in for 0x7630ce6025
02-10 08:08:19.845 14167 14167 E ArmVmp : Match on catch block at 0xc3 in for 0x7630ce6025
02-10 08:08:19.880 14167 14167 E ArmVmp : Match on catch block at 0xc3 in for 0x7630ce6025
02-10 08:08:19.883 14167 14167 E ArmVmp : Match on catch block at 0xc3 in for 0x7630ce6025
02-10 08:08:19.897 14167 14167 E ArmVmp : Match on catch block at 0xc3 in for 0x7630ce6025
02-10 08:08:19.900 14167 14167 E ArmVmp : Match on catch block at 0xc3 in for 0x7630ce6025
02-10 08:08:19.913 14167 14167 E ArmVmp : Match on catch block at 0xc3 in for 0x7630ce6025
02-10 08:08:19.916 14167 14167 E ArmVmp : Match on catch block at 0xc3 in for 0x7630ce6025
02-10 08:08:19.931 14167 14167 E ArmVmp : Match on catch block at 0xc3 in for 0x7630ce6025
02-10 08:08:20.002 14167 14167 E ArmVmp : Match on catch block at 0xc3 in for 0x7630ce6025
02-10 08:08:20.015 14167 14167 E ArmVmp : Match on catch block at 0xc3 in for 0x7630ce6025
02-10 08:08:20.018 14167 14167 E ArmVmp : Match on catch block at 0xc3 in for 0x7630ce6025
02-10 08:08:20.032 14167 14167 E ArmVmp : Match on catch block at 0xc3 in for 0x7630ce6025
02-10 08:08:20.036 14167 14167 E ArmVmp : Match on catch block at 0xc3 in for 0x7630ce6025
02-10 08:08:20.048 14167 14167 E ArmVmp : Match on catch block at 0xc3 in for 0x7630ce6025
02-10 08:08:20.052 14167 14167 E ArmVmp : Match on catch block at 0xc3 in for 0x7630ce6025
02-10 08:08:20.066 14167 14167 E ArmVmp : Match on catch block at 0xc3 in for 0x7630ce6025
02-10 08:08:20.069 14167 14167 E ArmVmp : Match on catch block at 0xc3 in for 0x7630ce6025
02-10 08:08:20.081 14167 14167 E ArmVmp : Match on catch block at 0xc3 in for 0x7630ce6025
02-10 08:08:20.085 14167 14167 E ArmVmp : Match on catch block at 0xc3 in for 0x7630ce6025
02-10 08:08:20.099 14167 14167 E ArmVmp : Match on catch block at 0xc3 in for 0x7630ce6025
02-10 08:08:20.102 14167 14167 E ArmVmp : Match on catch block at 0xc3 in for 0x7630ce6025
02-10 08:08:20.115 14167 14167 E ArmVmp : Match on catch block at 0xc3 in for 0x7630ce6025
02-10 08:08:20.119 14167 14167 E ArmVmp : Match on catch block at 0xc3 in for 0x7630ce6025
02-10 08:08:20.132 14167 14167 E ArmVmp : Match on catch block at 0xc3 in for 0x7630ce6025
02-10 08:08:20.135 14167 14167 E ArmVmp : Match on catch block at 0xc3 in for 0x7630ce6025
02-10 08:08:20.148 14167 14167 E ArmVmp : Match on catch block at 0xc3 in for 0x7630ce6025
02-10 08:08:20.152 14167 14167 E ArmVmp : Match on catch block at 0xc3 in for 0x7630ce6025
02-10 08:08:20.165 14167 14167 E ArmVmp : Match on catch block at 0xc3 in for 0x7630ce6025
02-10 08:08:20.169 14167 14167 E ArmVmp : Match on catch block at 0xc3 in for 0x7630ce6025
02-10 08:08:20.182 14167 14167 E ArmVmp : Match on catch block at 0xc3 in for 0x7630ce6025
02-10 08:08:20.185 14167 14167 E ArmVmp : Match on catch block at 0xc3 in for 0x7630ce6025
02-10 08:08:20.198 14167 14167 E ArmVmp : Match on catch block at 0xc3 in for 0x7630ce6025
02-10 08:08:20.202 14167 14167 E ArmVmp : Match on catch block at 0xc3 in for 0x7630ce6025
02-10 08:08:20.215 14167 14167 E ArmVmp : Match on catch block at 0xc3 in for 0x7630ce6025
02-10 08:08:20.218 14167 14167 E ArmVmp : Match on catch block at 0xc3 in for 0x7630ce6025
02-10 08:08:20.232 14167 14167 E ArmVmp : Match on catch block at 0xc3 in for 0x7630ce6025
02-10 08:08:20.235 14167 14167 E ArmVmp : Match on catch block at 0xc3 in for 0x7630ce6025
02-10 08:08:20.249 14167 14167 E ArmVmp : Match on catch block at 0xc3 in for 0x7630ce6025
02-10 08:08:20.252 14167 14167 E ArmVmp : Match on catch block at 0xc3 in for 0x7630ce6025
02-10 08:08:20.265 14167 14167 E ArmVmp : Match on catch block at 0xc3 in for 0x7630ce6025
02-10 08:08:20.269 14167 14167 E ArmVmp : Match on catch block at 0xc3 in for 0x7630ce6025
02-10 08:08:20.282 14167 14167 E ArmVmp : Match on catch block at 0xc3 in for 0x7630ce6025
02-10 08:08:20.285 14167 14167 E ArmVmp : Match on catch block at 0xc3 in for 0x7630ce6025
02-10 08:08:20.298 14167 14167 E ArmVmp : Match on catch block at 0xc3 in for 0x7630ce6025
02-10 08:08:20.302 14167 14167 E ArmVmp : Match on catch block at 0xc3 in for 0x7630ce6025
02-10 08:08:20.315 14167 14167 E ArmVmp : Match on catch block at 0xc3 in for 0x7630ce6025
02-10 08:08:20.318 14167 14167 E ArmVmp : Match on catch block at 0xc3 in for 0x7630ce6025
02-10 08:08:20.332 14167 14167 E ArmVmp : Match on catch block at 0xc3 in for 0x7630ce6025
02-10 08:08:20.336 14167 14167 E ArmVmp : Match on catch block at 0xc3 in for 0x7630ce6025
02-10 08:08:20.348 14167 14167 E ArmVmp : Match on catch block at 0xc3 in for 0x7630ce6025
02-10 08:08:20.351 14167 14167 E ArmVmp : Match on catch block at 0xc3 in for 0x7630ce6025
02-10 08:08:20.365 14167 14167 E ArmVmp : Match on catch block at 0xc3 in for 0x7630ce6025
02-10 08:08:20.369 14167 14167 E ArmVmp : Match on catch block at 0xc3 in for 0x7630ce6025
02-10 08:08:20.381 14167 14167 E ArmVmp : Match on catch block at 0xc3 in for 0x7630ce6025
02-10 08:08:20.384 14167 14167 E ArmVmp : Match on catch block at 0xc3 in for 0x7630ce6025
02-10 08:08:20.397 14167 14167 E ArmVmp : Match on catch block at 0xc3 in for 0x7630ce6025
02-10 08:08:20.401 14167 14167 E ArmVmp : Match on catch block at 0xc3 in for 0x7630ce6025
02-10 08:08:20.415 14167 14167 E ArmVmp : Match on catch block at 0xc3 in for 0x7630ce6025
02-10 08:08:21.000 14167 14167 E ArmVmp : Match on catch block at 0xc3 in for 0x7630ce6025
02-10 08:08:21.004 14167 14167 E ArmVmp : Match on catch block at 0xc3 in for 0x7630ce6025
02-10 08:08:21.013 14167 14167 E ArmVmp : Match on catch block at 0xc3 in for 0x7630ce6025
02-10 08:08:21.016 14167 14167 E ArmVmp : Match on catch block at 0xc3 in for 0x7630ce6025
02-10 08:08:21.029 14167 14167 E ArmVmp : Match on catch block at 0xc3 in for 0x7630ce6025
02-10 08:08:21.033 14167 14167 E ArmVmp : Match on catch block at 0xc3 in for 0x7630ce6025
02-10 08:08:21.046 14167 14167 E ArmVmp : Match on catch block at 0xc3 in for 0x7630ce6025
02-10 08:08:21.049 14167 14167 E ArmVmp : Match on catch block at 0xc3 in for 0x7630ce6025
02-10 08:08:21.063 14167 14167 E ArmVmp : Match on catch block at 0xc3 in for 0x7630ce6025
02-10 08:08:21.066 14167 14167 E ArmVmp : Match on catch block at 0xc3 in for 0x7630ce6025
02-10 08:08:21.080 14167 14167 E ArmVmp : Match on catch block at 0xc3 in for 0x7630ce6025
02-10 08:08:21.084 14167 14167 E ArmVmp : Match on catch block at 0xc3 in for 0x7630ce6025
02-10 08:08:21.097 14167 14167 E ArmVmp : Match on catch block at 0xc3 in for 0x7630ce6025
02-10 08:08:21.101 14167 14167 E ArmVmp : Match on catch block at 0xc3 in for 0x7630ce6025
02-10 08:08:21.113 14167 14167 E ArmVmp : Match on catch block at 0xc3 in for 0x7630ce6025
02-10 08:08:21.116 14167 14167 E ArmVmp : Match on catch block at 0xc3 in for 0x7630ce6025
02-10 08:08:21.130 14167 14167 E ArmVmp : Match on catch block at 0xc3 in for 0x7630ce6025
02-10 08:08:21.134 14167 14167 E ArmVmp : Match on catch block at 0xc3 in for 0x7630ce6025
02-10 08:08:21.147 14167 14167 E ArmVmp : Match on catch block at 0xc3 in for 0x7630ce6025
02-10 08:08:21.151 14167 14167 E ArmVmp : Match on catch block at 0xc3 in for 0x7630ce6025
02-10 08:08:21.164 14167 14167 E ArmVmp : Match on catch block at 0xc3 in for 0x7630ce6025
02-10 08:08:21.168 14167 14167 E ArmVmp : Match on catch block at 0xc3 in for 0x7630ce6025
02-10 08:08:21.180 14167 14167 E ArmVmp : Match on catch block at 0xc3 in for 0x7630ce6025
02-10 08:08:21.184 14167 14167 E ArmVmp : Match on catch block at 0xc3 in for 0x7630ce6025
02-10 08:08:21.197 14167 14167 E ArmVmp : Match on catch block at 0xc3 in for 0x7630ce6025
02-10 08:08:21.201 14167 14167 E ArmVmp : Match on catch block at 0xc3 in for 0x7630ce6025
02-10 08:08:21.215 14167 14167 E ArmVmp : Match on catch block at 0xc3 in for 0x7630ce6025
02-10 08:08:21.219 14167 14167 E ArmVmp : Match on catch block at 0xc3 in for 0x7630ce6025
02-10 08:08:21.230 14167 14167 E ArmVmp : Match on catch block at 0xc3 in for 0x7630ce6025
02-10 08:08:21.234 14167 14167 E ArmVmp : Match on catch block at 0xc3 in for 0x7630ce6025
02-10 08:08:21.247 14167 14167 E ArmVmp : Match on catch block at 0xc3 in for 0x7630ce6025
02-10 08:08:21.252 14167 14167 E ArmVmp : Match on catch block at 0xc3 in for 0x7630ce6025
02-10 08:08:21.265 14167 14167 E ArmVmp : Match on catch block at 0xc3 in for 0x7630ce6025
02-10 08:08:21.269 14167 14167 E ArmVmp : Match on catch block at 0xc3 in for 0x7630ce6025
02-10 08:08:21.281 14167 14167 E ArmVmp : Match on catch block at 0xc3 in for 0x7630ce6025
02-10 08:08:21.285 14167 14167 E ArmVmp : Match on catch block at 0xc3 in for 0x7630ce6025
02-10 08:08:21.298 14167 14167 E ArmVmp : Match on catch block at 0xc3 in for 0x7630ce6025
02-10 08:08:21.301 14167 14167 E ArmVmp : Match on catch block at 0xc3 in for 0x7630ce6025
02-10 08:08:21.314 14167 14167 E ArmVmp : Match on catch block at 0xc3 in for 0x7630ce6025
02-10 08:08:21.318 14167 14167 E ArmVmp : Match on catch block at 0xc3 in for 0x7630ce6025
02-10 08:08:21.331 14167 14167 E ArmVmp : Match on catch block at 0xc3 in for 0x7630ce6025
02-10 08:08:21.336 14167 14167 E ArmVmp : Match on catch block at 0xc3 in for 0x7630ce6025
02-10 08:08:21.353 14167 14167 E ArmVmp : Match on catch block at 0xc3 in for 0x7630ce6025
02-10 08:08:21.357 14167 14167 E ArmVmp : Match on catch block at 0xc3 in for 0x7630ce6025
02-10 08:08:21.364 14167 14167 E ArmVmp : Match on catch block at 0xc3 in for 0x7630ce6025
02-10 08:08:21.380 14167 14167 E ArmVmp : Match on catch block at 0xc3 in for 0x7630ce6025
02-10 08:08:21.396 14167 14167 E ArmVmp : Match on catch block at 0xc3 in for 0x7630ce6025
02-10 08:08:21.399 14167 14167 E ArmVmp : Match on catch block at 0xc3 in for 0x7630ce6025
02-10 08:08:21.413 14167 14167 E ArmVmp : Match on catch block at 0xc3 in for 0x7630ce6025
02-10 08:08:21.417 14167 14167 E ArmVmp : Match on catch block at 0xc3 in for 0x7630ce6025
02-10 08:08:22.054 14167 14167 E ArmVmp : Match on catch block at 0xc3 in for 0x7630ce6025
02-10 08:08:22.058 14167 14167 E ArmVmp : Match on catch block at 0xc3 in for 0x7630ce6025
02-10 08:08:22.063 14167 14167 E ArmVmp : Match on catch block at 0xc3 in for 0x7630ce6025
02-10 08:08:22.066 14167 14167 E ArmVmp : Match on catch block at 0xc3 in for 0x7630ce6025
02-10 08:08:22.102 14167 14167 E ArmVmp : Match on catch block at 0xc3 in for 0x7630ce6025
02-10 08:08:22.108 14167 14167 E ArmVmp : Match on catch block at 0xc3 in for 0x7630ce6025
02-10 08:08:22.131 14167 14167 E ArmVmp : Match on catch block at 0xc3 in for 0x7630ce6025
02-10 08:08:22.137 14167 14167 E ArmVmp : Match on catch block at 0xc3 in for 0x7630ce6025
02-10 08:08:22.318 14167 14167 E ArmVmp : Match on catch block at 0xc3 in for 0x7630ce6025
02-10 08:08:22.321 14167 14167 E ArmVmp : Match on catch block at 0xc3 in for 0x7630ce6025
02-10 08:08:22.333 14167 14167 E ArmVmp : Match on catch block at 0xc3 in for 0x7630ce6025
02-10 08:08:22.357 14167 14167 E ArmVmp : Match on catch block at 0xc3 in for 0x7630ce6025
02-10 08:08:22.382 14167 14167 E ArmVmp : Match on catch block at 0xc3 in for 0x7630ce6025
02-10 08:08:22.385 14167 14167 E ArmVmp : Match on catch block at 0xc3 in for 0x7630ce6025
02-10 08:08:22.497 14167 14167 E ArmVmp : Match on catch block at 0xc3 in for 0x7630ce6025
02-10 08:08:22.500 14167 14167 E ArmVmp : Match on catch block at 0xc3 in for 0x7630ce6025
02-10 08:08:22.516 14167 14167 E ArmVmp : Match on catch block at 0xc3 in for 0x7630ce6025
02-10 08:08:22.519 14167 14167 E ArmVmp : Match on catch block at 0xc3 in for 0x7630ce6025
02-10 08:08:22.532 14167 14167 E ArmVmp : Match on catch block at 0xc3 in for 0x7630ce6025
02-10 08:08:22.535 14167 14167 E ArmVmp : Match on catch block at 0xc3 in for 0x7630ce6025
02-10 08:08:22.549 14167 14167 E ArmVmp : Match on catch block at 0xc3 in for 0x7630ce6025
02-10 08:08:22.552 14167 14167 E ArmVmp : Match on catch block at 0xc3 in for 0x7630ce6025
02-10 08:08:22.619 14167 14167 E ArmVmp : Match on catch block at 0xc3 in for 0x7630ce6025
02-10 08:08:22.626 14167 14167 E ArmVmp : Match on catch block at 0xc3 in for 0x7630ce6025
02-10 08:08:22.649 14167 14167 E ArmVmp : Match on catch block at 0xc3 in for 0x7630ce6025
02-10 08:08:22.651 14167 14167 E ArmVmp : Match on catch block at 0xc3 in for 0x7630ce6025
02-10 08:08:22.658 14167 14167 E ArmVmp : Match on catch block at 0xc3 in for 0x7630ce6025
02-10 08:08:22.665 14167 14167 E ArmVmp : Match on catch block at 0xc3 in for 0x7630ce6025
02-10 08:08:22.670 14167 14167 E ArmVmp : Match on catch block at 0xc3 in for 0x7630ce6025
02-10 08:08:22.675 14167 14167 E ArmVmp : Match on catch block at 0xc3 in for 0x7630ce6025
02-10 08:08:22.684 14167 14167 E ArmVmp : Match on catch block at 0xc3 in for 0x7630ce6025
02-10 08:08:22.705 14167 14167 E ArmVmp : Match on catch block at 0xc3 in for 0x7630ce6025
02-10 08:08:22.713 14167 14167 E ArmVmp : Match on catch block at 0xc3 in for 0x7630ce6025
02-10 08:08:22.722 14167 14167 E ArmVmp : Match on catch block at 0xc3 in for 0x7630ce6025
02-10 08:08:22.735 14167 14167 E ArmVmp : Match on catch block at 0xc3 in for 0x7630ce6025
02-10 08:08:22.751 14167 14167 E ArmVmp : Match on catch block at 0xc3 in for 0x7630ce6025
02-10 08:08:22.763 14167 14167 E ArmVmp : Match on catch block at 0xc3 in for 0x7630ce6025
02-10 08:08:22.775 14167 14167 E ArmVmp : Match on catch block at 0xc3 in for 0x7630ce6025
02-10 08:08:22.803 14167 14167 E ArmVmp : Match on catch block at 0xc3 in for 0x7630ce6025
02-10 08:08:22.808 14167 14167 E ArmVmp : Match on catch block at 0xc3 in for 0x7630ce6025
02-10 08:08:22.822 14167 14167 E ArmVmp : Match on catch block at 0xc3 in for 0x7630ce6025
02-10 08:08:22.830 14167 14167 E ArmVmp : Match on catch block at 0xc3 in for 0x7630ce6025
02-10 08:08:22.865 14167 14167 E ArmVmp : Match on catch block at 0xc3 in for 0x7630ce6025
02-10 08:08:22.871 14167 14167 E ArmVmp : Match on catch block at 0xc3 in for 0x7630ce6025
02-10 08:08:22.952 14167 14167 E ArmVmp : Match on catch block at 0xc3 in for 0x7630ce6025
02-10 08:08:22.961 14167 14167 E ArmVmp : Match on catch block at 0xc3 in for 0x7630ce6025
02-10 08:08:23.048 14167 14167 E ArmVmp : Match on catch block at 0xc3 in for 0x7630ce6025
02-10 08:08:23.069 14167 14167 E ArmVmp : Match on catch block at 0xc3 in for 0x7630ce6025
02-10 08:08:23.103 14167 14167 E ArmVmp : Match on catch block at 0xc3 in for 0x7630ce6025
02-10 08:08:23.108 14167 14167 E ArmVmp : Match on catch block at 0xc3 in for 0x7630ce6025
02-10 08:08:23.137 14167 14167 E ArmVmp : Match on catch block at 0xc3 in for 0x7630ce6025
02-10 08:08:23.142 14167 14167 E ArmVmp : Match on catch block at 0xc3 in for 0x7630ce6025
02-10 08:08:23.153 14167 14167 E ArmVmp : Match on catch block at 0xc3 in for 0x7630ce6025
02-10 08:08:23.158 14167 14167 E ArmVmp : Match on catch block at 0xc3 in for 0x7630ce6025
02-10 08:08:23.664 14167 14167 E ArmVmp : Match on catch block at 0xc3 in for 0x7630ce6025
02-10 08:08:23.672 14167 14167 E ArmVmp : Match on catch block at 0xc3 in for 0x7630ce6025
02-10 08:08:23.866 14167 14167 E ArmVmp : Match on catch block at 0xc3 in for 0x7630ce6025
02-10 08:08:23.869 14167 14167 E ArmVmp : Match on catch block at 0xc3 in for 0x7630ce6025
02-10 08:08:23.887 14167 14167 E ArmVmp : Match on catch block at 0xc3 in for 0x7630ce6025
02-10 08:08:23.890 14167 14167 E ArmVmp : Match on catch block at 0xc3 in for 0x7630ce6025
02-10 08:08:23.899 14167 14167 E ArmVmp : Match on catch block at 0xc3 in for 0x7630ce6025
02-10 08:08:23.903 14167 14167 E ArmVmp : Match on catch block at 0xc3 in for 0x7630ce6025
02-10 08:08:24.176 14167 14167 E ArmVmp : Match on catch block at 0xc3 in for 0x7630ce6025
02-10 08:08:24.181 14167 14167 E ArmVmp : Match on catch block at 0xc3 in for 0x7630ce6025
02-10 08:08:24.230 14167 14167 E ArmVmp : Match on catch block at 0xc3 in for 0x7630ce6025
02-10 08:08:24.238 14167 14167 E ArmVmp : Match on catch block at 0xc3 in for 0x7630ce6025
02-10 08:08:24.250 14167 14167 E ArmVmp : Match on catch block at 0xc3 in for 0x7630ce6025
02-10 08:08:24.267 14167 14167 E ArmVmp : Match on catch block at 0xc3 in for 0x7630ce6025
02-10 08:08:24.284 14167 14167 E ArmVmp : Match on catch block at 0xc3 in for 0x7630ce6025
02-10 08:08:24.300 14167 14167 E ArmVmp : Match on catch block at 0xc3 in for 0x7630ce6025
02-10 08:08:24.319 14167 14167 E ArmVmp : Match on catch block at 0xc3 in for 0x7630ce6025
02-10 08:08:24.325 14167 14167 E ArmVmp : Match on catch block at 0xc3 in for 0x7630ce6025
02-10 08:08:24.348 14167 14167 E ArmVmp : Match on catch block at 0xc3 in for 0x7630ce6025
02-10 08:08:24.353 14167 14167 E ArmVmp : Match on catch block at 0xc3 in for 0x7630ce6025
02-10 08:08:24.365 14167 14167 E ArmVmp : Match on catch block at 0xc3 in for 0x7630ce6025
02-10 08:08:24.373 14167 14167 E ArmVmp : Match on catch block at 0xc3 in for 0x7630ce6025
02-10 08:08:24.382 14167 14167 E ArmVmp : Match on catch block at 0xc3 in for 0x7630ce6025
02-10 08:08:24.387 14167 14167 E ArmVmp : Match on catch block at 0xc3 in for 0x7630ce6025
02-10 08:08:24.401 14167 14167 E ArmVmp : Match on catch block at 0xc3 in for 0x7630ce6025
02-10 08:08:24.410 14167 14167 E ArmVmp : Match on catch block at 0xc3 in for 0x7630ce6025
02-10 08:08:24.433 14167 14167 E ArmVmp : Match on catch block at 0xc3 in for 0x7630ce6025
02-10 08:08:24.448 14167 14167 E ArmVmp : Match on catch block at 0xc3 in for 0x7630ce6025
02-10 08:08:24.468 14167 14167 E ArmVmp : Match on catch block at 0xc3 in for 0x7630ce6025
02-10 08:08:24.480 14167 14167 E ArmVmp : Match on catch block at 0xc3 in for 0x7630ce6025
02-10 08:08:24.513 14167 14167 E ArmVmp : Match on catch block at 0xc3 in for 0x7630ce6025
02-10 08:08:24.524 14167 14167 E ArmVmp : Match on catch block at 0xc3 in for 0x7630ce6025
02-10 08:08:24.541 14167 14167 E ArmVmp : Match on catch block at 0xc3 in for 0x7630ce6025
02-10 08:08:24.562 14167 14167 E ArmVmp : Match on catch block at 0xc3 in for 0x7630ce6025
02-10 08:08:24.579 14167 14167 E ArmVmp : Match on catch block at 0xc3 in for 0x7630ce6025
02-10 08:08:24.584 14167 14167 E ArmVmp : Match on catch block at 0xc3 in for 0x7630ce6025
02-10 08:08:24.670 14167 14167 E ArmVmp : Match on catch block at 0xc3 in for 0x7630ce6025
02-10 08:08:24.695 14167 14167 E ArmVmp : Match on catch block at 0xc3 in for 0x7630ce6025
02-10 08:08:24.712 14167 14167 E ArmVmp : Match on catch block at 0xc3 in for 0x7630ce6025
02-10 08:08:24.725 14167 14167 E ArmVmp : Match on catch block at 0xc3 in for 0x7630ce6025
02-10 08:08:24.739 14167 14167 E ArmVmp : Match on catch block at 0xc3 in for 0x7630ce6025
02-10 08:08:24.747 14167 14167 E ArmVmp : Match on catch block at 0xc3 in for 0x7630ce6025
02-10 08:08:24.764 14167 14167 E ArmVmp : Match on catch block at 0xc3 in for 0x7630ce6025
02-10 08:08:24.778 14167 14167 E ArmVmp : Match on catch block at 0xc3 in for 0x7630ce6025
02-10 08:08:24.796 14167 14167 E ArmVmp : Match on catch block at 0xc3 in for 0x7630ce6025
02-10 08:08:24.811 14167 14167 E ArmVmp : Match on catch block at 0xc3 in for 0x7630ce6025
02-10 08:08:24.834 14167 14167 E ArmVmp : Match on catch block at 0xc3 in for 0x7630ce6025
02-10 08:08:24.844 14167 14167 E ArmVmp : Match on catch block at 0xc3 in for 0x7630ce6025
02-10 08:08:24.899 14167 14167 E ArmVmp : Match on catch block at 0xc3 in for 0x7630ce6025
02-10 08:08:24.907 14167 14167 E ArmVmp : Match on catch block at 0xc3 in for 0x7630ce6025
