03-02 17:47:41.626 11848 11848 E ArmVmp : Match on catch block at 0xc3 in for 0x141
03-02 17:47:41.673 11848 11848 E ArmVmp : Match on catch block at 0x0a in for 0x145
03-02 17:47:41.675 11848 11848 E ArmVmp : Match on catch block at 0x0a in for 0x159
03-02 17:47:41.677 11848 11848 E ArmVmp : Match on catch block at 0x0a in for 0x151
03-02 17:47:41.679 11848 11848 E ArmVmp : Match on catch block at 0x0a in for 0x149
03-02 17:47:41.681 11848 11848 E ArmVmp : Match on catch block at 0x0a in for 0x141
03-02 17:47:41.683 11848 11848 E ArmVmp : Match on catch block at 0x0a in for 0x155
03-02 17:47:41.685 11848 11848 E ArmVmp : Match on catch block at 0x0a in for 0x14d
03-02 17:47:41.686 11848 11848 E ArmVmp : Match on catch block at 0x0a in for 0x145
03-02 17:47:41.689 11848 11848 E ArmVmp : Match on catch block at 0x0a in for 0x159
03-02 17:47:41.691 11848 11848 E ArmVmp : Match on catch block at 0x0a in for 0x151
03-02 17:47:41.692 11848 11848 E ArmVmp : Match on catch block at 0x0a in for 0x149
03-02 17:47:41.693 11848 11848 E ArmVmp : Match on catch block at 0x0a in for 0x141
03-02 17:47:42.124 11848 11848 E ArmVmp : Match on catch block at 0xc3 in for 0x145
03-02 17:47:42.129 11848 11848 E ArmVmp : Match on catch block at 0xc3 in for 0x141
03-02 17:47:42.622 11848 11848 E ArmVmp : Match on catch block at 0xc3 in for 0x159
03-02 17:47:42.627 11848 11848 E ArmVmp : Match on catch block at 0xc3 in for 0x155
03-02 17:47:43.122 11848 11848 E ArmVmp : Match on catch block at 0xc3 in for 0x151
03-02 17:47:43.127 11848 11848 E ArmVmp : Match on catch block at 0xc3 in for 0x14d
03-02 17:47:43.540 11848 11848 E ArmVmp : Match on catch block at 0x0a in for 0x149
03-02 17:47:43.541 11848 11848 E ArmVmp : Match on catch block at 0x0a in for 0x141
03-02 17:47:43.543 11848 11848 E ArmVmp : Match on catch block at 0x0a in for 0x155
03-02 17:47:43.544 11848 11848 E ArmVmp : Match on catch block at 0x0a in for 0x14d
03-02 17:47:43.546 11848 11848 E ArmVmp : Match on catch block at 0x0a in for 0x145
03-02 17:47:43.547 11848 11848 E ArmVmp : Match on catch block at 0x0a in for 0x159
03-02 17:47:43.548 11848 11848 E ArmVmp : Match on catch block at 0x0a in for 0x151
03-02 17:47:43.550 11848 11848 E ArmVmp : Match on catch block at 0x0a in for 0x149
03-02 17:47:43.551 11848 11848 E ArmVmp : Match on catch block at 0x0a in for 0x141
03-02 17:47:43.552 11848 11848 E ArmVmp : Match on catch block at 0x0a in for 0x155
03-02 17:47:43.553 11848 11848 E ArmVmp : Match on catch block at 0x0a in for 0x14d
03-02 17:47:43.554 11848 11848 E ArmVmp : Match on catch block at 0x0a in for 0x145
03-02 17:47:43.621 11848 11848 E ArmVmp : Match on catch block at 0xc3 in for 0x145
03-02 17:47:43.623 11848 11848 E ArmVmp : Match on catch block at 0xc3 in for 0x141
03-02 17:47:44.139 11848 11848 E ArmVmp : Match on catch block at 0xc3 in for 0x14d
03-02 17:47:44.142 11848 11848 E ArmVmp : Match on catch block at 0xc3 in for 0x149
03-02 17:47:44.289 11848 11848 E ArmVmp : Match on catch block at 0x0a in for 0x1a1
03-02 17:47:44.292 11848 11848 E ArmVmp : Match on catch block at 0x0a in for 0x1b5
03-02 17:47:44.296 11848 11848 E ArmVmp : Match on catch block at 0x0a in for 0x1ad
03-02 17:47:44.299 11848 11848 E ArmVmp : Match on catch block at 0x0a in for 0x1a5
03-02 17:47:44.318 11848 11848 E ArmVmp : Match on catch block at 0x0a in for 0x149
03-02 17:47:44.325 11848 11848 E ArmVmp : Match on catch block at 0x0a in for 0x141
03-02 17:47:44.327 11848 11848 E ArmVmp : Match on catch block at 0x0a in for 0x155
03-02 17:47:44.328 11848 11848 E ArmVmp : Match on catch block at 0x0a in for 0x14d
03-02 17:47:44.409 11848 11848 E ArmVmp : Match on catch block at 0x0a in for 0x141
03-02 17:47:44.410 11848 11848 E ArmVmp : Match on catch block at 0x0a in for 0x155
03-02 17:47:44.411 11848 11848 E ArmVmp : Match on catch block at 0x0a in for 0x14d
03-02 17:47:44.412 11848 11848 E ArmVmp : Match on catch block at 0x0a in for 0x145
03-02 17:47:44.639 11848 11848 E ArmVmp : Match on catch block at 0xc3 in for 0x145
03-02 17:47:44.644 11848 11848 E ArmVmp : Match on catch block at 0xc3 in for 0x141
03-02 17:47:45.142 11848 11848 E ArmVmp : Match on catch block at 0xc3 in for 0x141
03-02 17:47:45.147 11848 11848 E ArmVmp : Match on catch block at 0xc3 in for 0x159
03-02 17:47:45.166 11848 11848 E ArmVmp : Match on catch block at 0x0a in for 0x141
03-02 17:47:45.166 11848 11848 E ArmVmp : Match on catch block at 0x0a in for 0x155
03-02 17:47:45.167 11848 11848 E ArmVmp : Match on catch block at 0x0a in for 0x14d
03-02 17:47:45.168 11848 11848 E ArmVmp : Match on catch block at 0x0a in for 0x145
03-02 17:47:45.640 11848 11848 E ArmVmp : Match on catch block at 0xc3 in for 0x145
03-02 17:47:45.645 11848 11848 E ArmVmp : Match on catch block at 0xc3 in for 0x141
03-02 17:47:45.812 11848 11848 E ArmVmp : Match on catch block at 0x0a in for 0x145
03-02 17:47:45.813 11848 11848 E ArmVmp : Match on catch block at 0x0a in for 0x159
03-02 17:47:45.814 11848 11848 E ArmVmp : Match on catch block at 0x0a in for 0x151
03-02 17:47:45.814 11848 11848 E ArmVmp : Match on catch block at 0x0a in for 0x149
03-02 17:47:45.926 11848 11848 E ArmVmp : Match on catch block at 0x0a in for 0x141
03-02 17:47:45.928 11848 11848 E ArmVmp : Match on catch block at 0x0a in for 0x155
03-02 17:47:45.929 11848 11848 E ArmVmp : Match on catch block at 0x0a in for 0x14d
03-02 17:47:45.930 11848 11848 E ArmVmp : Match on catch block at 0x0a in for 0x145
03-02 17:47:46.141 11848 11848 E ArmVmp : Match on catch block at 0xc3 in for 0x145
03-02 17:47:46.145 11848 11848 E ArmVmp : Match on catch block at 0xc3 in for 0x141
03-02 17:47:46.543 11848 11848 E ArmVmp : Match on catch block at 0x0a in for 0x145
03-02 17:47:46.545 11848 11848 E ArmVmp : Match on catch block at 0x0a in for 0x159
03-02 17:47:46.546 11848 11848 E ArmVmp : Match on catch block at 0x0a in for 0x151
03-02 17:47:46.547 11848 11848 E ArmVmp : Match on catch block at 0x0a in for 0x149
03-02 17:47:46.641 11848 11848 E ArmVmp : Match on catch block at 0xc3 in for 0x149
03-02 17:47:46.645 11848 11848 E ArmVmp : Match on catch block at 0xc3 in for 0x145
03-02 17:47:47.141 11848 11848 E ArmVmp : Match on catch block at 0xc3 in for 0x151
03-02 17:47:47.146 11848 11848 E ArmVmp : Match on catch block at 0xc3 in for 0x14d
03-02 17:47:47.642 11848 11848 E ArmVmp : Match on catch block at 0xc3 in for 0x159
03-02 17:47:47.648 11848 11848 E ArmVmp : Match on catch block at 0xc3 in for 0x155
03-02 17:47:48.142 11848 11848 E ArmVmp : Match on catch block at 0xc3 in for 0x145
03-02 17:47:48.148 11848 11848 E ArmVmp : Match on catch block at 0xc3 in for 0x141
03-02 17:47:48.644 11848 11848 E ArmVmp : Match on catch block at 0xc3 in for 0x14d
03-02 17:47:48.650 11848 11848 E ArmVmp : Match on catch block at 0xc3 in for 0x149
03-02 17:47:49.143 11848 11848 E ArmVmp : Match on catch block at 0xc3 in for 0x155
03-02 17:47:49.149 11848 11848 E ArmVmp : Match on catch block at 0xc3 in for 0x151
03-02 17:47:49.617 11848 11848 E ArmVmp : Match on catch block at 0xc3 in for 0x155
03-02 17:47:49.620 11848 11848 E ArmVmp : Match on catch block at 0xc3 in for 0x151
03-02 17:47:49.626 11848 12064 E SQLiteDatabase: Error inserting transferred=0 media_job_uuid=9cace26c-9638-47b0-84ea-33e89d9e5b56 transcoded=1 gif_attribution=0 first_scan_length=0 direct_path=null thumbnail_height_width_ratio=1.0 is_animated_sticker=0 file_hash=uDRGUhqsy8tWvK0ktqI95FGH3eUTSLdd0jNGMZSJT6s= file_path=/data/user/0/com.whatsapp/files/Stickers/uDRGUhqsy8tWvK0ktqI95FGH3eUTSLdd 0jNGMZSJT6s=.webp file_size=27992 partial_media_hash=null face_x=0 face_y=0 height=512 trim_to=0 media_key_timestamp=0 message_url=null media_caption=null trim_from=0 mime_type=image/webp partial_media_enc_hash=null width=512 original_file_hash=null has_streaming_sidecar=0 autotransfer_retry_enabled=1 media_upload_handle=null message_row_id=307925 multicast_id=null enc_file_hash=null mute_video=0 page_count=0 first_scan_sidecar=null suspicious_content=0 file_length=27992 media_name=uDRGUhqsy8tWvK0ktqI95FGH3eUTSLdd0jNGMZSJT6s=.webp media_duration=0 chat_row_id=5205 media_key=null
03-02 17:47:49.626 11848 12064 E SQLiteDatabase: android.database.sqlite.SQLiteConstraintException: UNIQUE constraint failed: message_media.message_row_id (code 1555 SQLITE_CONSTRAINT_PRIMARYKEY[1555])
03-02 17:47:49.626 11848 12064 E SQLiteDatabase: at android.database.sqlite.SQLiteConnection.nativeExecuteForLastInsertedRowId(Native Method)
03-02 17:47:49.626 11848 12064 E SQLiteDatabase: at android.database.sqlite.SQLiteConnection.executeForLastInsertedRowId(SQLiteConnecti on.java:1232)
03-02 17:47:49.626 11848 12064 E SQLiteDatabase: at android.database.sqlite.SQLiteSession.executeForLastInsertedRowId(SQLiteSession.jav a:790)
03-02 17:47:49.626 11848 12064 E SQLiteDatabase: at android.database.sqlite.SQLiteStatement.executeInsert(SQLiteStatement.java:89)
03-02 17:47:49.626 11848 12064 E SQLiteDatabase: at android.database.sqlite.SQLiteDatabase.insertWithOnConflict(SQLiteDatabase.java:224 4)
03-02 17:47:49.626 11848 12064 E SQLiteDatabase: at android.database.sqlite.SQLiteDatabase.insert(SQLiteDatabase.java:2113)
03-02 17:47:49.626 11848 12064 E SQLiteDatabase: at X.2tm.A08(Unknown Source:6)
03-02 17:47:49.626 11848 12064 E SQLiteDatabase: at X.35Y.A07(Unknown Source:212)
03-02 17:47:49.626 11848 12064 E SQLiteDatabase: at X.3QF.A14(Unknown Source:470)
03-02 17:47:49.626 11848 12064 E SQLiteDatabase: at X.3gU.run(Unknown Source:982)
03-02 17:47:49.626 11848 12064 E SQLiteDatabase: at android.os.Handler.handleCallback(Handler.java:938)
03-02 17:47:49.626 11848 12064 E SQLiteDatabase: at android.os.Handler.dispatchMessage(Handler.java:99)
03-02 17:47:49.626 11848 12064 E SQLiteDatabase: at X.0zq.dispatchMessage(Unknown Source:4)
03-02 17:47:49.626 11848 12064 E SQLiteDatabase: at android.os.Looper.loopOnce(Looper.java:226)
03-02 17:47:49.626 11848 12064 E SQLiteDatabase: at android.os.Looper.loop(Looper.java:313)
03-02 17:47:49.626 11848 12064 E SQLiteDatabase: at android.os.HandlerThread.run(HandlerThread.java:67)
03-02 17:47:49.659 11848 11848 E ArmVmp : Match on catch block at 0xc3 in for 0x149
03-02 17:47:49.661 11848 11848 E ArmVmp : Match on catch block at 0xc3 in for 0x145
03-02 17:47:49.676 11848 11848 E ArmVmp : Match on catch block at 0xc3 in for 0x145
03-02 17:47:49.678 11848 11848 E ArmVmp : Match on catch block at 0xc3 in for 0x141
03-02 17:47:49.708 11848 11848 E ArmVmp : Match on catch block at 0x0a in for 0x159
03-02 17:47:49.797 11848 12064 E SQLiteDatabase: Error inserting transferred=1 media_job_uuid=9cace26c-9638-47b0-84ea-33e89d9e5b56 transcoded=1 gif_attribution=0 first_scan_length=0 direct_path=/v/t62.15575- 24/32722107_1614697322399800_3081323027907149085_n.enc?ccb=11- 4&oh=01_AdSGx2KvBTfSw0wvU_Jo7VqOI_oeXVk2Bd9Ru5Uvu0aRmQ&oe=660B2CEB&_nc_sid=5e03e0 thumbnail_height_width_ratio=1.0 is_animated_sticker=0 file_hash=uDRGUhqsy8tWvK0ktqI95FGH3eUTSLdd0jNGMZSJT6s= file_path=Media/WhatsApp Stickers/STK-20240229-WA0646.webp file_size=27992 partial_media_hash=null face_x=0 face_y=0 height=512 trim_to=0 media_key_timestamp=1709262497731 message_url=https://mmg.whatsapp.net/v/t62.15575- 24/32722107_1614697322399800_3081323027907149085_n.enc?ccb=11- 4&oh=01_AdSGx2KvBTfSw0wvU_Jo7VqOI_oeXVk2Bd9Ru5Uvu0aRmQ&oe=660B2CEB&_nc_sid=5e03e0&m ms3=true media_caption=null trim_from=0 mime_type=image/webp partial_media_enc_hash=null width=512 original_file_hash=null has_streaming_sidecar=0 autotransfer_retry_enabled=0 media_upload_handle=null message_row_id=307925 multicast_id=null enc_file_hash=wjtoh989xsKze9LVgb+CwS4W/Z3SlZu5dtA09Jp3iC4= mute_video=0 page_count=0 first_scan_sidecar=null suspicious_content=0 file_length=27992 media_name=uDRGUhqsy8tWvK0ktqI95FGH3eUTSLdd0jNGMZSJT6s=.webp media_duration=0 chat_row_id=5205 media_key=[B@22e8ef5
03-02 17:47:49.797 11848 12064 E SQLiteDatabase: android.database.sqlite.SQLiteConstraintException: UNIQUE constraint failed: message_media.message_row_id (code 1555 SQLITE_CONSTRAINT_PRIMARYKEY[1555])
03-02 17:47:49.797 11848 12064 E SQLiteDatabase: at android.database.sqlite.SQLiteConnection.nativeExecuteForLastInsertedRowId(Native Method)
03-02 17:47:49.797 11848 12064 E SQLiteDatabase: at android.database.sqlite.SQLiteConnection.executeForLastInsertedRowId(SQLiteConnecti on.java:1232)
03-02 17:47:49.797 11848 12064 E SQLiteDatabase: at android.database.sqlite.SQLiteSession.executeForLastInsertedRowId(SQLiteSession.jav a:790)
03-02 17:47:49.797 11848 12064 E SQLiteDatabase: at android.database.sqlite.SQLiteStatement.executeInsert(SQLiteStatement.java:89)
03-02 17:47:49.797 11848 12064 E SQLiteDatabase: at android.database.sqlite.SQLiteDatabase.insertWithOnConflict(SQLiteDatabase.java:224 4)
03-02 17:47:49.797 11848 12064 E SQLiteDatabase: at android.database.sqlite.SQLiteDatabase.insert(SQLiteDatabase.java:2113)
03-02 17:47:49.797 11848 12064 E SQLiteDatabase: at X.2tm.A08(Unknown Source:6)
03-02 17:47:49.797 11848 12064 E SQLiteDatabase: at X.35Y.A07(Unknown Source:212)
03-02 17:47:49.797 11848 12064 E SQLiteDatabase: at X.3QF.A14(Unknown Source:470)
03-02 17:47:49.797 11848 12064 E SQLiteDatabase: at X.3gU.run(Unknown Source:982)
03-02 17:47:49.797 11848 12064 E SQLiteDatabase: at android.os.Handler.handleCallback(Handler.java:938)
03-02 17:47:49.797 11848 12064 E SQLiteDatabase: at android.os.Handler.dispatchMessage(Handler.java:99)
03-02 17:47:49.797 11848 12064 E SQLiteDatabase: at X.0zq.dispatchMessage(Unknown Source:4)
03-02 17:47:49.797 11848 12064 E SQLiteDatabase: at android.os.Looper.loopOnce(Looper.java:226)
03-02 17:47:49.797 11848 12064 E SQLiteDatabase: at android.os.Looper.loop(Looper.java:313)
03-02 17:47:49.797 11848 12064 E SQLiteDatabase: at android.os.HandlerThread.run(HandlerThread.java:67)
03-02 17:47:49.867 11848 11848 E ArmVmp : Match on catch block at 0xc3 in for 0x149
03-02 17:47:49.870 11848 11848 E ArmVmp : Match on catch block at 0xc3 in for 0x145
03-02 17:47:50.001 11848 11848 E ArmVmp : Match on catch block at 0xc3 in for 0x145
03-02 17:47:50.005 11848 11848 E ArmVmp : Match on catch block at 0xc3 in for 0x141
03-02 17:47:50.021 11848 13077 W MediaPlayer: Use of stream types is deprecated for operations other than volume control
03-02 17:47:50.021 11848 13077 W MediaPlayer: See the documentation of setAudioStreamType() for what to use instead with android.media.AudioAttributes to qualify your playback use case
03-02 17:47:50.044 11848 12099 W MediaPlayerNative: info/warning (10973, 0)
03-02 17:47:50.175 11848 11848 E ArmVmp : Match on catch block at 0xc3 in for 0x155
03-02 17:47:50.180 11848 11848 E ArmVmp : Match on catch block at 0xc3 in for 0x151
03-02 17:47:50.677 11848 11848 E ArmVmp : Match on catch block at 0xc3 in for 0x151
03-02 17:47:50.684 11848 11848 E ArmVmp : Match on catch block at 0xc3 in for 0x14d
03-02 17:47:50.708 11848 11848 E ArmVmp : Match on catch block at 0xc3 in for 0x151
03-02 17:47:50.713 11848 11848 E ArmVmp : Match on catch block at 0xc3 in for 0x14d
03-02 17:47:50.846 11848 11848 E ArmVmp : Match on catch block at 0xc3 in for 0x155
03-02 17:47:50.849 11848 11848 E ArmVmp : Match on catch block at 0xc3 in for 0x151
03-02 17:47:50.857 11848 11848 E ArmVmp : Match on catch block at 0xc3 in for 0x141
03-02 17:47:50.860 11848 11848 E ArmVmp : Match on catch block at 0xc3 in for 0x159
03-02 17:47:51.174 11848 11848 E ArmVmp : Match on catch block at 0xc3 in for 0x149
03-02 17:47:51.176 11848 11848 E ArmVmp : Match on catch block at 0xc3 in for 0x145
03-02 17:47:51.674 11848 11848 E ArmVmp : Match on catch block at 0xc3 in for 0x151
03-02 17:47:51.677 11848 11848 E ArmVmp : Match on catch block at 0xc3 in for 0x14d
03-02 17:47:52.193 11848 11848 E ArmVmp : Match on catch block at 0xc3 in for 0x159
03-02 17:47:52.197 11848 11848 E ArmVmp : Match on catch block at 0xc3 in for 0x155
03-02 17:47:52.693 11848 11848 E ArmVmp : Match on catch block at 0xc3 in for 0x145
03-02 17:47:52.699 11848 11848 E ArmVmp : Match on catch block at 0xc3 in for 0x141
03-02 17:47:53.194 11848 11848 E ArmVmp : Match on catch block at 0xc3 in for 0x14d
03-02 17:47:53.200 11848 11848 E ArmVmp : Match on catch block at 0xc3 in for 0x149
03-02 17:47:53.694 11848 11848 E ArmVmp : Match on catch block at 0xc3 in for 0x155
03-02 17:47:53.702 11848 11848 E ArmVmp : Match on catch block at 0xc3 in for 0x151
03-02 17:47:53.905 11848 11848 E ArmVmp : Match on catch block at 0xc3 in for 0x145
03-02 17:47:53.908 11848 11848 E ArmVmp : Match on catch block at 0xc3 in for 0x141
03-02 17:47:53.946 11848 11848 E ArmVmp : Match on catch block at 0xc3 in for 0x151
03-02 17:47:53.949 11848 11848 E ArmVmp : Match on catch block at 0xc3 in for 0x14d
03-02 17:47:54.193 11848 11848 E ArmVmp : Match on catch block at 0xc3 in for 0x145
03-02 17:47:54.196 11848 11848 E ArmVmp : Match on catch block at 0xc3 in for 0x141
03-02 17:47:54.693 11848 11848 E ArmVmp : Match on catch block at 0xc3 in for 0x141
03-02 17:47:54.697 11848 11848 E ArmVmp : Match on catch block at 0xc3 in for 0x159
03-02 17:47:55.193 11848 11848 E ArmVmp : Match on catch block at 0xc3 in for 0x149
03-02 17:47:55.197 11848 11848 E ArmVmp : Match on catch block at 0xc3 in for 0x145
03-02 17:47:55.694 11848 11848 E ArmVmp : Match on catch block at 0xc3 in for 0x151
03-02 17:47:55.699 11848 11848 E ArmVmp : Match on catch block at 0xc3 in for 0x14d
03-02 17:47:56.194 11848 11848 E ArmVmp : Match on catch block at 0xc3 in for 0x159
03-02 17:47:56.199 11848 11848 E ArmVmp : Match on catch block at 0xc3 in for 0x155
03-02 17:47:56.695 11848 11848 E ArmVmp : Match on catch block at 0xc3 in for 0x145
03-02 17:47:56.700 11848 11848 E ArmVmp : Match on catch block at 0xc3 in for 0x141
03-02 17:47:57.195 11848 11848 E ArmVmp : Match on catch block at 0xc3 in for 0x14d
03-02 17:47:57.201 11848 11848 E ArmVmp : Match on catch block at 0xc3 in for 0x149
03-02 17:47:57.352 11848 11848 E ArmVmp : Match on catch block at 0xc3 in for 0x159
03-02 17:47:57.356 11848 11848 E ArmVmp : Match on catch block at 0xc3 in for 0x155
03-02 17:47:57.362 11848 11848 E ArmVmp : Match on catch block at 0xc3 in for 0x149
03-02 17:47:57.366 11848 11848 E ArmVmp : Match on catch block at 0xc3 in for 0x145
03-02 17:47:57.377 11848 11848 E ArmVmp : Match on catch block at 0xc3 in for 0x155
03-02 17:47:57.380 11848 11848 E ArmVmp : Match on catch block at 0xc3 in for 0x151
03-02 17:47:57.396 11848 11848 E ArmVmp : Match on catch block at 0xc3 in for 0x155
03-02 17:47:57.400 11848 11848 E ArmVmp : Match on catch block at 0xc3 in for 0x151
03-02 17:47:57.410 11848 11848 E ArmVmp : Match on catch block at 0xc3 in for 0x145
03-02 17:47:57.413 11848 11848 E ArmVmp : Match on catch block at 0xc3 in for 0x141
03-02 17:47:57.427 11848 11848 E ArmVmp : Match on catch block at 0xc3 in for 0x151
03-02 17:47:57.431 11848 11848 E ArmVmp : Match on catch block at 0xc3 in for 0x14d
03-02 17:47:57.444 11848 11848 E ArmVmp : Match on catch block at 0xc3 in for 0x141
03-02 17:47:57.446 11848 11848 E ArmVmp : Match on catch block at 0xc3 in for 0x159
03-02 17:47:57.461 11848 11848 E ArmVmp : Match on catch block at 0xc3 in for 0x14d
03-02 17:47:57.464 11848 11848 E ArmVmp : Match on catch block at 0xc3 in for 0x149
03-02 17:47:57.477 11848 11848 E ArmVmp : Match on catch block at 0xc3 in for 0x159
03-02 17:47:57.480 11848 11848 E ArmVmp : Match on catch block at 0xc3 in for 0x155
03-02 17:47:57.494 11848 11848 E ArmVmp : Match on catch block at 0xc3 in for 0x149
03-02 17:47:57.497 11848 11848 E ArmVmp : Match on catch block at 0xc3 in for 0x145
03-02 17:47:57.525 11848 11848 E ArmVmp : Match on catch block at 0xc3 in for 0x145
03-02 17:47:57.527 11848 11848 E ArmVmp : Match on catch block at 0xc3 in for 0x141
03-02 17:47:57.540 11848 11848 E ArmVmp : Match on catch block at 0xc3 in for 0x141
03-02 17:47:57.541 11848 11848 E ArmVmp : Match on catch block at 0xc3 in for 0x159
03-02 17:47:57.546 11848 11848 E ArmVmp : Match on catch block at 0xc3 in for 0x149
03-02 17:47:57.548 11848 11848 E ArmVmp : Match on catch block at 0xc3 in for 0x145
03-02 17:47:57.559 11848 11848 E ArmVmp : Match on catch block at 0xc3 in for 0x151
03-02 17:47:57.561 11848 11848 E ArmVmp : Match on catch block at 0xc3 in for 0x14d
03-02 17:47:57.576 11848 11848 E ArmVmp : Match on catch block at 0xc3 in for 0x159
03-02 17:47:57.578 11848 11848 E ArmVmp : Match on catch block at 0xc3 in for 0x155
03-02 17:47:57.593 11848 11848 E ArmVmp : Match on catch block at 0xc3 in for 0x145
03-02 17:47:57.595 11848 11848 E ArmVmp : Match on catch block at 0xc3 in for 0x141
03-02 17:47:57.609 11848 11848 E ArmVmp : Match on catch block at 0xc3 in for 0x14d
03-02 17:47:57.611 11848 11848 E ArmVmp : Match on catch block at 0xc3 in for 0x149
03-02 17:47:57.626 11848 11848 E ArmVmp : Match on catch block at 0xc3 in for 0x155
03-02 17:47:57.628 11848 11848 E ArmVmp : Match on catch block at 0xc3 in for 0x151
03-02 17:47:57.643 11848 11848 E ArmVmp : Match on catch block at 0xc3 in for 0x141
03-02 17:47:57.645 11848 11848 E ArmVmp : Match on catch block at 0xc3 in for 0x159
03-02 17:47:57.661 11848 11848 E ArmVmp : Match on catch block at 0xc3 in for 0x149
03-02 17:47:57.666 11848 11848 E ArmVmp : Match on catch block at 0xc3 in for 0x145
03-02 17:47:57.688 11848 11848 E ArmVmp : Match on catch block at 0xc3 in for 0x159
03-02 17:47:57.691 11848 11848 E ArmVmp : Match on catch block at 0xc3 in for 0x155
03-02 17:47:57.695 11848 11848 E ArmVmp : Match on catch block at 0xc3 in for 0x145
03-02 17:47:57.697 11848 11848 E ArmVmp : Match on catch block at 0xc3 in for 0x141
03-02 17:47:57.710 11848 11848 E ArmVmp : Match on catch block at 0xc3 in for 0x14d
03-02 17:47:57.713 11848 11848 E ArmVmp : Match on catch block at 0xc3 in for 0x149
03-02 17:47:57.726 11848 11848 E ArmVmp : Match on catch block at 0xc3 in for 0x155
03-02 17:47:57.728 11848 11848 E ArmVmp : Match on catch block at 0xc3 in for 0x151
03-02 17:47:57.743 11848 11848 E ArmVmp : Match on catch block at 0xc3 in for 0x141
03-02 17:47:57.747 11848 11848 E ArmVmp : Match on catch block at 0xc3 in for 0x159
03-02 17:47:57.759 11848 11848 E ArmVmp : Match on catch block at 0xc3 in for 0x149
03-02 17:47:57.762 11848 11848 E ArmVmp : Match on catch block at 0xc3 in for 0x145
03-02 17:47:57.781 11848 11848 E ArmVmp : Match on catch block at 0xc3 in for 0x141
03-02 17:47:57.784 11848 11848 E ArmVmp : Match on catch block at 0xc3 in for 0x159
03-02 17:47:57.793 11848 11848 E ArmVmp : Match on catch block at 0xc3 in for 0x149
03-02 17:47:57.795 11848 11848 E ArmVmp : Match on catch block at 0xc3 in for 0x145
03-02 17:47:58.210 11848 11848 E ArmVmp : Match on catch block at 0xc3 in for 0x151
03-02 17:47:58.216 11848 11848 E ArmVmp : Match on catch block at 0xc3 in for 0x14d
03-02 17:47:58.297 11848 11848 E ArmVmp : Match on catch block at 0xc3 in for 0x14d
03-02 17:47:58.299 11848 11848 E ArmVmp : Match on catch block at 0xc3 in for 0x149
03-02 17:47:58.310 11848 11848 E ArmVmp : Match on catch block at 0xc3 in for 0x141
03-02 17:47:58.312 11848 11848 E ArmVmp : Match on catch block at 0xc3 in for 0x159
03-02 17:47:58.326 11848 11848 E ArmVmp : Match on catch block at 0xc3 in for 0x149
03-02 17:47:58.328 11848 11848 E ArmVmp : Match on catch block at 0xc3 in for 0x145
03-02 17:47:58.343 11848 11848 E ArmVmp : Match on catch block at 0xc3 in for 0x151
03-02 17:47:58.345 11848 11848 E ArmVmp : Match on catch block at 0xc3 in for 0x14d
03-02 17:47:58.360 11848 11848 E ArmVmp : Match on catch block at 0xc3 in for 0x159
03-02 17:47:58.364 11848 11848 E ArmVmp : Match on catch block at 0xc3 in for 0x155
03-02 17:47:58.377 11848 11848 E ArmVmp : Match on catch block at 0xc3 in for 0x145
03-02 17:47:58.380 11848 11848 E ArmVmp : Match on catch block at 0xc3 in for 0x141
03-02 17:47:58.393 11848 11848 E ArmVmp : Match on catch block at 0xc3 in for 0x14d
03-02 17:47:58.395 11848 11848 E ArmVmp : Match on catch block at 0xc3 in for 0x149
03-02 17:47:58.412 11848 11848 E ArmVmp : Match on catch block at 0xc3 in for 0x155
03-02 17:47:58.414 11848 11848 E ArmVmp : Match on catch block at 0xc3 in for 0x151
03-02 17:47:58.426 11848 11848 E ArmVmp : Match on catch block at 0xc3 in for 0x141
03-02 17:47:58.429 11848 11848 E ArmVmp : Match on catch block at 0xc3 in for 0x159
03-02 17:47:58.443 11848 11848 E ArmVmp : Match on catch block at 0xc3 in for 0x149
03-02 17:47:58.445 11848 11848 E ArmVmp : Match on catch block at 0xc3 in for 0x145
03-02 17:47:58.460 11848 11848 E ArmVmp : Match on catch block at 0xc3 in for 0x151
03-02 17:47:58.462 11848 11848 E ArmVmp : Match on catch block at 0xc3 in for 0x14d
03-02 17:47:58.476 11848 11848 E ArmVmp : Match on catch block at 0xc3 in for 0x159
03-02 17:47:58.479 11848 11848 E ArmVmp : Match on catch block at 0xc3 in for 0x155
03-02 17:47:58.493 11848 11848 E ArmVmp : Match on catch block at 0xc3 in for 0x145
03-02 17:47:58.496 11848 11848 E ArmVmp : Match on catch block at 0xc3 in for 0x141
03-02 17:47:58.544 11848 11848 E ArmVmp : Match on catch block at 0xc3 in for 0x141
03-02 17:47:58.547 11848 11848 E ArmVmp : Match on catch block at 0xc3 in for 0x159
03-02 17:47:58.761 11848 11848 E ArmVmp : Match on catch block at 0xc3 in for 0x159
03-02 17:47:58.765 11848 11848 E ArmVmp : Match on catch block at 0xc3 in for 0x155
03-02 17:47:58.928 11848 11848 E ArmVmp : Match on catch block at 0xc3 in for 0x145
03-02 17:47:58.932 11848 11848 E ArmVmp : Match on catch block at 0xc3 in for 0x141
03-02 17:47:59.078 11848 11848 E ArmVmp : Match on catch block at 0xc3 in for 0x14d
03-02 17:47:59.081 11848 11848 E ArmVmp : Match on catch block at 0xc3 in for 0x149
03-02 17:47:59.194 11848 11848 E ArmVmp : Match on catch block at 0xc3 in for 0x155
03-02 17:47:59.199 11848 11848 E ArmVmp : Match on catch block at 0xc3 in for 0x151
03-02 17:47:59.344 11848 11848 E ArmVmp : Match on catch block at 0xc3 in for 0x141
03-02 17:47:59.348 11848 11848 E ArmVmp : Match on catch block at 0xc3 in for 0x159
03-02 17:47:59.678 11848 11848 E ArmVmp : Match on catch block at 0xc3 in for 0x149
03-02 17:47:59.682 11848 11848 E ArmVmp : Match on catch block at 0xc3 in for 0x145
03-02 17:47:59.711 11848 11848 E ArmVmp : Match on catch block at 0xc3 in for 0x149
03-02 17:47:59.713 11848 11848 E ArmVmp : Match on catch block at 0xc3 in for 0x145
03-02 17:47:59.730 11848 11848 E ArmVmp : Match on catch block at 0xc3 in for 0x155
03-02 17:47:59.733 11848 11848 E ArmVmp : Match on catch block at 0xc3 in for 0x151
03-02 17:47:59.759 11848 11848 E ArmVmp : Match on catch block at 0xc3 in for 0x155
03-02 17:47:59.762 11848 11848 E ArmVmp : Match on catch block at 0xc3 in for 0x151
03-02 17:47:59.781 11848 11848 E ArmVmp : Match on catch block at 0xc3 in for 0x145
03-02 17:47:59.783 11848 11848 E ArmVmp : Match on catch block at 0xc3 in for 0x141
03-02 17:47:59.793 11848 11848 E ArmVmp : Match on catch block at 0xc3 in for 0x155
03-02 17:47:59.796 11848 11848 E ArmVmp : Match on catch block at 0xc3 in for 0x151
03-02 17:47:59.810 11848 11848 E ArmVmp : Match on catch block at 0xc3 in for 0x141
03-02 17:47:59.814 11848 11848 E ArmVmp : Match on catch block at 0xc3 in for 0x159
03-02 17:47:59.827 11848 11848 E ArmVmp : Match on catch block at 0xc3 in for 0x149
03-02 17:47:59.829 11848 11848 E ArmVmp : Match on catch block at 0xc3 in for 0x145
03-02 17:47:59.843 11848 11848 E ArmVmp : Match on catch block at 0xc3 in for 0x151
03-02 17:47:59.846 11848 11848 E ArmVmp : Match on catch block at 0xc3 in for 0x14d
03-02 17:47:59.860 11848 11848 E ArmVmp : Match on catch block at 0xc3 in for 0x159
03-02 17:47:59.864 11848 11848 E ArmVmp : Match on catch block at 0xc3 in for 0x155
03-02 17:47:59.879 11848 11848 E ArmVmp : Match on catch block at 0xc3 in for 0x151
03-02 17:47:59.882 11848 11848 E ArmVmp : Match on catch block at 0xc3 in for 0x14d
03-02 17:47:59.887 11848 13077 W MediaPlayer: Use of stream types is deprecated for operations other than volume control
03-02 17:47:59.887 11848 13077 W MediaPlayer: See the documentation of setAudioStreamType() for what to use instead with android.media.AudioAttributes to qualify your playback use case
03-02 17:47:59.893 11848 11848 E ArmVmp : Match on catch block at 0xc3 in for 0x141
03-02 17:47:59.896 11848 11848 E ArmVmp : Match on catch block at 0xc3 in for 0x159
03-02 17:47:59.909 11848 12099 W MediaPlayerNative: info/warning (10973, 0)
03-02 17:48:00.126 11848 11848 E ArmVmp : Match on catch block at 0xc3 in for 0x145
03-02 17:48:00.130 11848 11848 E ArmVmp : Match on catch block at 0xc3 in for 0x141
03-02 17:48:00.144 11848 11848 E ArmVmp : Match on catch block at 0xc3 in for 0x14d
03-02 17:48:00.146 11848 11848 E ArmVmp : Match on catch block at 0xc3 in for 0x149
03-02 17:48:00.177 11848 11848 E ArmVmp : Match on catch block at 0xc3 in for 0x14d
03-02 17:48:00.180 11848 11848 E ArmVmp : Match on catch block at 0xc3 in for 0x149
03-02 17:48:00.194 11848 11848 E ArmVmp : Match on catch block at 0xc3 in for 0x155
03-02 17:48:00.196 11848 11848 E ArmVmp : Match on catch block at 0xc3 in for 0x151
03-02 17:48:00.269 11848 11848 E ArmVmp : Match on catch block at 0xc3 in for 0x151
03-02 17:48:00.273 11848 11848 E ArmVmp : Match on catch block at 0xc3 in for 0x14d
03-02 17:48:00.534 11848 11848 E ArmVmp : Match on catch block at 0xc3 in for 0x145
03-02 17:48:00.536 11848 11848 E ArmVmp : Match on catch block at 0xc3 in for 0x141
03-02 17:48:00.785 11848 11848 E ArmVmp : Match on catch block at 0xc3 in for 0x145
03-02 17:48:00.787 11848 11848 E ArmVmp : Match on catch block at 0xc3 in for 0x141
03-02 17:48:00.860 11848 11848 E ArmVmp : Match on catch block at 0xc3 in for 0x149
03-02 17:48:00.863 11848 11848 E ArmVmp : Match on catch block at 0xc3 in for 0x145
03-02 17:48:01.849 11848 11848 E ArmVmp : Match on catch block at 0x0a in for 0x181
03-02 17:48:01.854 11848 11848 E ArmVmp : Match on catch block at 0x0a in for 0x195
03-02 17:48:02.171 11848 11848 E ArmVmp : Match on catch block at 0xc3 in for 0x165
03-02 17:48:02.174 11848 11848 E ArmVmp : Match on catch block at 0xc3 in for 0x179
03-02 17:48:02.175 11848 11848 E ArmVmp : Match on catch block at 0xc3 in for 0x171
03-02 17:48:02.248 11848 11848 E ArmVmp : Match on catch block at 0xc3 in for 0x145
03-02 17:48:02.250 11848 11848 E ArmVmp : Match on catch block at 0xc3 in for 0x141
03-02 17:48:02.252 11848 11848 E ArmVmp : Match on catch block at 0xc3 in for 0x145
03-02 17:48:02.281 11848 11848 E ArmVmp : Match on catch block at 0xc3 in for 0x149
03-02 17:48:02.283 11848 11848 E ArmVmp : Match on catch block at 0xc3 in for 0x145
03-02 17:48:02.285 11848 11848 E ArmVmp : Match on catch block at 0xc3 in for 0x149
03-02 17:48:02.328 11848 11848 E ArmVmp : Match on catch block at 0xc3 in for 0x159
03-02 17:48:02.330 11848 11848 E ArmVmp : Match on catch block at 0xc3 in for 0x155
03-02 17:48:02.333 11848 11848 E ArmVmp : Match on catch block at 0xc3 in for 0x159
03-02 17:48:02.349 11848 11848 E ArmVmp : Match on catch block at 0xc3 in for 0x155
03-02 17:48:02.353 11848 11848 E ArmVmp : Match on catch block at 0xc3 in for 0x151
03-02 17:48:02.355 11848 11848 E ArmVmp : Match on catch block at 0xc3 in for 0x155
03-02 17:48:02.419 11848 11848 E ArmVmp : Match on catch block at 0xc3 in for 0x159
03-02 17:48:02.423 11848 11848 E ArmVmp : Match on catch block at 0xc3 in for 0x155
03-02 17:48:02.427 11848 11848 E ArmVmp : Match on catch block at 0xc3 in for 0x159
03-02 17:48:02.517 11848 11848 E ArmVmp : Match on catch block at 0xc3 in for 0x145
03-02 17:48:02.520 11848 11848 E ArmVmp : Match on catch block at 0xc3 in for 0x141
03-02 17:48:02.522 11848 11848 E ArmVmp : Match on catch block at 0xc3 in for 0x145
03-02 17:48:02.786 11848 11848 E ArmVmp : Match on catch block at 0xc3 in for 0x141
03-02 17:48:02.788 11848 11848 E ArmVmp : Match on catch block at 0xc3 in for 0x159
03-02 17:48:02.790 11848 11848 E ArmVmp : Match on catch block at 0xc3 in for 0x141
03-02 17:48:03.097 11848 11848 E ArmVmp : Match on catch block at 0x0a in for 0x195
03-02 17:48:03.102 11848 11848 E ArmVmp : Match on catch block at 0x0a in for 0x18d
03-02 17:48:03.338 11848 11858 W System : A resource failed to call close.
03-02 17:48:03.338 11848 11858 W System : A resource failed to call close.
03-02 17:48:03.338 11848 11858 W System : A resource failed to call close.
03-02 17:48:03.338 11848 11858 W System : A resource failed to call close.
03-02 17:48:03.338 11848 11858 W System : A resource failed to call close.
03-02 17:48:03.338 11848 11858 W System : A resource failed to call close.
03-02 17:48:03.338 11848 11858 W System : A resource failed to call close.
03-02 17:48:03.338 11848 11858 W System : A resource failed to call close.
03-02 17:48:03.338 11848 11858 W System : A resource failed to call close.
03-02 17:48:03.338 11848 11858 W System : A resource failed to call close.
03-02 17:48:03.338 11848 11858 W System : A resource failed to call close.
03-02 17:48:03.338 11848 11858 W System : A resource failed to call close.
03-02 17:48:03.366 11848 11848 E ArmVmp : Match on catch block at 0xc3 in for 0x16d
03-02 17:48:03.369 11848 11848 E ArmVmp : Match on catch block at 0xc3 in for 0x165
03-02 17:48:03.370 11848 11848 E ArmVmp : Match on catch block at 0xc3 in for 0x179
03-02 17:48:03.422 11848 11848 E ArmVmp : Match on catch block at 0xc3 in for 0x159
03-02 17:48:03.425 11848 11848 E ArmVmp : Match on catch block at 0xc3 in for 0x155
03-02 17:48:03.426 11848 11848 E ArmVmp : Match on catch block at 0xc3 in for 0x159
03-02 17:48:03.467 11848 11848 E ArmVmp : Match on catch block at 0xc3 in for 0x14d
03-02 17:48:03.469 11848 11848 E ArmVmp : Match on catch block at 0xc3 in for 0x149
03-02 17:48:03.471 11848 11848 E ArmVmp : Match on catch block at 0xc3 in for 0x14d
03-02 17:48:03.497 11848 11848 E ArmVmp : Match on catch block at 0xc3 in for 0x155
03-02 17:48:03.501 11848 11848 E ArmVmp : Match on catch block at 0xc3 in for 0x151
03-02 17:48:03.502 11848 11848 E ArmVmp : Match on catch block at 0xc3 in for 0x155
03-02 17:48:03.545 11848 11848 E ArmVmp : Match on catch block at 0xc3 in for 0x151
03-02 17:48:03.547 11848 11848 E ArmVmp : Match on catch block at 0xc3 in for 0x14d
03-02 17:48:03.549 11848 11848 E ArmVmp : Match on catch block at 0xc3 in for 0x151
03-02 17:48:03.622 11848 11848 E ArmVmp : Match on catch block at 0xc3 in for 0x155
03-02 17:48:03.628 11848 11848 E ArmVmp : Match on catch block at 0xc3 in for 0x151
03-02 17:48:03.630 11848 11848 E ArmVmp : Match on catch block at 0xc3 in for 0x155
03-02 17:48:03.647 11848 11848 E ArmVmp : Match on catch block at 0xc3 in for 0x151
03-02 17:48:03.650 11848 11848 E ArmVmp : Match on catch block at 0xc3 in for 0x14d
03-02 17:48:03.651 11848 11848 E ArmVmp : Match on catch block at 0xc3 in for 0x151
03-02 17:48:03.735 11848 11848 E ArmVmp : Match on catch block at 0xc3 in for 0x141
03-02 17:48:03.737 11848 11848 E ArmVmp : Match on catch block at 0xc3 in for 0x159
03-02 17:48:03.738 11848 11848 E ArmVmp : Match on catch block at 0xc3 in for 0x141
03-02 17:48:03.795 11848 11848 E ArmVmp : Match on catch block at 0xc3 in for 0x159
03-02 17:48:03.797 11848 11848 E ArmVmp : Match on catch block at 0xc3 in for 0x155
03-02 17:48:03.799 11848 11848 E ArmVmp : Match on catch block at 0xc3 in for 0x159
03-02 17:48:03.862 11848 11848 E ArmVmp : Match on catch block at 0xc3 in for 0x155
03-02 17:48:03.864 11848 11848 E ArmVmp : Match on catch block at 0xc3 in for 0x151
03-02 17:48:03.866 11848 11848 E ArmVmp : Match on catch block at 0xc3 in for 0x155
03-02 17:48:03.904 11848 11848 E ArmVmp : Match on catch block at 0xc3 in for 0x151
03-02 17:48:03.907 11848 11848 E ArmVmp : Match on catch block at 0xc3 in for 0x14d
03-02 17:48:03.909 11848 11848 E ArmVmp : Match on catch block at 0xc3 in for 0x151
03-02 17:48:04.204 11848 11848 E ArmVmp : Match on catch block at 0x0a in for 0x18d
03-02 17:48:04.209 11848 11848 E ArmVmp : Match on catch block at 0x0a in for 0x185
03-02 17:48:04.507 11848 11848 E ArmVmp : Match on catch block at 0xc3 in for 0x175
03-02 17:48:04.511 11848 11848 E ArmVmp : Match on catch block at 0xc3 in for 0x16d
03-02 17:48:04.512 11848 11848 E ArmVmp : Match on catch block at 0xc3 in for 0x165
03-02 17:48:04.577 11848 11848 E ArmVmp : Match on catch block at 0xc3 in for 0x145
03-02 17:48:04.581 11848 11848 E ArmVmp : Match on catch block at 0xc3 in for 0x141
03-02 17:48:04.584 11848 11848 E ArmVmp : Match on catch block at 0xc3 in for 0x145
03-02 17:48:04.638 11848 11848 E ArmVmp : Match on catch block at 0xc3 in for 0x14d
03-02 17:48:04.642 11848 11848 E ArmVmp : Match on catch block at 0xc3 in for 0x149
03-02 17:48:04.644 11848 11848 E ArmVmp : Match on catch block at 0xc3 in for 0x14d
03-02 17:48:04.673 11848 11848 E ArmVmp : Match on catch block at 0xc3 in for 0x151
03-02 17:48:04.675 11848 11848 E ArmVmp : Match on catch block at 0xc3 in for 0x14d
03-02 17:48:04.676 11848 11848 E ArmVmp : Match on catch block at 0xc3 in for 0x151
03-02 17:48:04.711 11848 11848 E ArmVmp : Match on catch block at 0xc3 in for 0x159
03-02 17:48:04.716 11848 11848 E ArmVmp : Match on catch block at 0xc3 in for 0x155
03-02 17:48:04.719 11848 11848 E ArmVmp : Match on catch block at 0xc3 in for 0x159
03-02 17:48:04.750 11848 11848 E ArmVmp : Match on catch block at 0xc3 in for 0x159
03-02 17:48:04.753 11848 11848 E ArmVmp : Match on catch block at 0xc3 in for 0x155
03-02 17:48:04.754 11848 11848 E ArmVmp : Match on catch block at 0xc3 in for 0x159
03-02 17:48:04.809 11848 11848 E ArmVmp : Match on catch block at 0xc3 in for 0x145
03-02 17:48:04.811 11848 11848 E ArmVmp : Match on catch block at 0xc3 in for 0x141
03-02 17:48:04.813 11848 11848 E ArmVmp : Match on catch block at 0xc3 in for 0x145
03-02 17:48:04.831 11848 11848 E ArmVmp : Match on catch block at 0xc3 in for 0x145
03-02 17:48:04.834 11848 11848 E ArmVmp : Match on catch block at 0xc3 in for 0x141
03-02 17:48:04.836 11848 11848 E ArmVmp : Match on catch block at 0xc3 in for 0x145
03-02 17:48:04.854 11848 11848 E ArmVmp : Match on catch block at 0xc3 in for 0x155
03-02 17:48:04.856 11848 11848 E ArmVmp : Match on catch block at 0xc3 in for 0x151
03-02 17:48:04.858 11848 11848 E ArmVmp : Match on catch block at 0xc3 in for 0x155
03-02 17:48:04.871 11848 11848 E ArmVmp : Match on catch block at 0xc3 in for 0x151
03-02 17:48:04.873 11848 11848 E ArmVmp : Match on catch block at 0xc3 in for 0x14d
03-02 17:48:04.874 11848 11848 E ArmVmp : Match on catch block at 0xc3 in for 0x151
03-02 17:48:04.917 11848 11848 E ArmVmp : Match on catch block at 0xc3 in for 0x151
03-02 17:48:04.919 11848 11848 E ArmVmp : Match on catch block at 0xc3 in for 0x14d
03-02 17:48:04.920 11848 11848 E ArmVmp : Match on catch block at 0xc3 in for 0x151
03-02 17:48:04.950 11848 11848 E ArmVmp : Match on catch block at 0xc3 in for 0x155
03-02 17:48:04.952 11848 11848 E ArmVmp : Match on catch block at 0xc3 in for 0x151
03-02 17:48:04.953 11848 11848 E ArmVmp : Match on catch block at 0xc3 in for 0x155
03-02 17:48:04.962 11848 11848 E ArmVmp : Match on catch block at 0xc3 in for 0x151
03-02 17:48:04.964 11848 11848 E ArmVmp : Match on catch block at 0xc3 in for 0x14d
03-02 17:48:04.965 11848 11848 E ArmVmp : Match on catch block at 0xc3 in for 0x151
03-02 17:48:04.979 11848 11848 E ArmVmp : Match on catch block at 0xc3 in for 0x14d
03-02 17:48:04.982 11848 11848 E ArmVmp : Match on catch block at 0xc3 in for 0x149
03-02 17:48:04.985 11848 11848 E ArmVmp : Match on catch block at 0xc3 in for 0x14d
03-02 17:48:05.021 11848 11848 E ArmVmp : Match on catch block at 0xc3 in for 0x149
03-02 17:48:05.023 11848 11848 E ArmVmp : Match on catch block at 0xc3 in for 0x145
03-02 17:48:05.025 11848 11848 E ArmVmp : Match on catch block at 0xc3 in for 0x149
03-02 17:48:06.056 11848 11848 E ArmVmp : Match on catch block at 0x0a in for 0x191
03-02 17:48:06.060 11848 11848 E ArmVmp : Match on catch block at 0x0a in for 0x189
03-02 17:48:06.273 11848 11858 W System : A resource failed to call close.
03-02 17:48:06.274 11848 11858 W System : A resource failed to call close.
03-02 17:48:06.459 11848 11848 E ArmVmp : Match on catch block at 0xc3 in for 0x171
03-02 17:48:06.463 11848 11848 E ArmVmp : Match on catch block at 0xc3 in for 0x169
03-02 17:48:06.466 11848 11848 E ArmVmp : Match on catch block at 0xc3 in for 0x161
03-02 17:48:06.525 11848 11848 E ArmVmp : Match on catch block at 0xc3 in for 0x14d
03-02 17:48:06.527 11848 11848 E ArmVmp : Match on catch block at 0xc3 in for 0x149
03-02 17:48:06.529 11848 11848 E ArmVmp : Match on catch block at 0xc3 in for 0x14d
03-02 17:48:06.617 11848 11848 E ArmVmp : Match on catch block at 0xc3 in for 0x14d
03-02 17:48:06.619 11848 11848 E ArmVmp : Match on catch block at 0xc3 in for 0x149
03-02 17:48:06.621 11848 11848 E ArmVmp : Match on catch block at 0xc3 in for 0x14d
03-02 17:48:06.666 11848 11848 E ArmVmp : Match on catch block at 0xc3 in for 0x149
03-02 17:48:06.669 11848 11848 E ArmVmp : Match on catch block at 0xc3 in for 0x145
03-02 17:48:06.671 11848 11848 E ArmVmp : Match on catch block at 0xc3 in for 0x149
03-02 17:48:06.701 11848 11848 E ArmVmp : Match on catch block at 0xc3 in for 0x141
03-02 17:48:06.703 11848 11848 E ArmVmp : Match on catch block at 0xc3 in for 0x159
03-02 17:48:06.705 11848 11848 E ArmVmp : Match on catch block at 0xc3 in for 0x141
03-02 17:48:06.758 11848 11848 E ArmVmp : Match on catch block at 0xc3 in for 0x145
03-02 17:48:06.761 11848 11848 E ArmVmp : Match on catch block at 0xc3 in for 0x141
03-02 17:48:06.762 11848 11848 E ArmVmp : Match on catch block at 0xc3 in for 0x145
03-02 17:48:06.797 11848 11848 E ArmVmp : Match on catch block at 0xc3 in for 0x155
03-02 17:48:06.800 11848 11848 E ArmVmp : Match on catch block at 0xc3 in for 0x151
03-02 17:48:06.802 11848 11848 E ArmVmp : Match on catch block at 0xc3 in for 0x155
03-02 17:48:06.815 11848 11848 E ArmVmp : Match on catch block at 0xc3 in for 0x151
03-02 17:48:06.817 11848 11848 E ArmVmp : Match on catch block at 0xc3 in for 0x14d
03-02 17:48:06.819 11848 11848 E ArmVmp : Match on catch block at 0xc3 in for 0x151
03-02 17:48:06.859 11848 11848 E ArmVmp : Match on catch block at 0xc3 in for 0x155
03-02 17:48:06.861 11848 11848 E ArmVmp : Match on catch block at 0xc3 in for 0x151
03-02 17:48:06.864 11848 11848 E ArmVmp : Match on catch block at 0xc3 in for 0x155
03-02 17:48:06.879 11848 11848 E ArmVmp : Match on catch block at 0xc3 in for 0x149
03-02 17:48:06.882 11848 11848 E ArmVmp : Match on catch block at 0xc3 in for 0x145
03-02 17:48:06.884 11848 11848 E ArmVmp : Match on catch block at 0xc3 in for 0x149
03-02 17:48:06.904 11848 11848 E ArmVmp : Match on catch block at 0xc3 in for 0x155
03-02 17:48:06.907 11848 11848 E ArmVmp : Match on catch block at 0xc3 in for 0x151
03-02 17:48:06.908 11848 11848 E ArmVmp : Match on catch block at 0xc3 in for 0x155
03-02 17:48:06.929 11848 11848 E ArmVmp : Match on catch block at 0xc3 in for 0x151
03-02 17:48:06.932 11848 11848 E ArmVmp : Match on catch block at 0xc3 in for 0x14d
03-02 17:48:06.933 11848 11848 E ArmVmp : Match on catch block at 0xc3 in for 0x151
03-02 17:48:06.964 11848 11848 E ArmVmp : Match on catch block at 0xc3 in for 0x141
03-02 17:48:06.968 11848 11848 E ArmVmp : Match on catch block at 0xc3 in for 0x159
03-02 17:48:06.969 11848 11848 E ArmVmp : Match on catch block at 0xc3 in for 0x141
03-02 17:48:06.990 11848 11848 E ArmVmp : Match on catch block at 0xc3 in for 0x159
03-02 17:48:06.992 11848 11848 E ArmVmp : Match on catch block at 0xc3 in for 0x155
03-02 17:48:06.993 11848 11848 E ArmVmp : Match on catch block at 0xc3 in for 0x159
03-02 17:48:07.267 11848 11848 E ArmVmp : Match on catch block at 0x0a in for 0x181
03-02 17:48:07.272 11848 11848 E ArmVmp : Match on catch block at 0x0a in for 0x195
03-02 17:48:07.567 11848 11848 E ArmVmp : Match on catch block at 0xc3 in for 0x16d
03-02 17:48:07.571 11848 11848 E ArmVmp : Match on catch block at 0xc3 in for 0x165
03-02 17:48:07.573 11848 11848 E ArmVmp : Match on catch block at 0xc3 in for 0x179
03-02 17:48:07.621 11848 11848 E ArmVmp : Match on catch block at 0xc3 in for 0x145
03-02 17:48:07.623 11848 11848 E ArmVmp : Match on catch block at 0xc3 in for 0x141
03-02 17:48:07.625 11848 11848 E ArmVmp : Match on catch block at 0xc3 in for 0x145
03-02 17:48:07.689 11848 11848 E ArmVmp : Match on catch block at 0xc3 in for 0x151
03-02 17:48:07.692 11848 11848 E ArmVmp : Match on catch block at 0xc3 in for 0x14d
03-02 17:48:07.693 11848 11848 E ArmVmp : Match on catch block at 0xc3 in for 0x151
03-02 17:48:07.744 11848 11848 E ArmVmp : Match on catch block at 0xc3 in for 0x155
03-02 17:48:07.747 11848 11848 E ArmVmp : Match on catch block at 0xc3 in for 0x151
03-02 17:48:07.749 11848 11848 E ArmVmp : Match on catch block at 0xc3 in for 0x155
03-02 17:48:07.791 11848 11848 E ArmVmp : Match on catch block at 0xc3 in for 0x14d
03-02 17:48:07.794 11848 11848 E ArmVmp : Match on catch block at 0xc3 in for 0x149
03-02 17:48:07.795 11848 11848 E ArmVmp : Match on catch block at 0xc3 in for 0x14d
03-02 17:48:07.827 11848 11848 E ArmVmp : Match on catch block at 0xc3 in for 0x151
03-02 17:48:07.829 11848 11848 E ArmVmp : Match on catch block at 0xc3 in for 0x14d
03-02 17:48:07.831 11848 11848 E ArmVmp : Match on catch block at 0xc3 in for 0x151
03-02 17:48:07.849 11848 11848 E ArmVmp : Match on catch block at 0xc3 in for 0x14d
03-02 17:48:07.852 11848 11848 E ArmVmp : Match on catch block at 0xc3 in for 0x149
03-02 17:48:07.854 11848 11848 E ArmVmp : Match on catch block at 0xc3 in for 0x14d
03-02 17:48:07.864 11848 11848 E ArmVmp : Match on catch block at 0xc3 in for 0x145
03-02 17:48:07.869 11848 11848 E ArmVmp : Match on catch block at 0xc3 in for 0x141
03-02 17:48:07.871 11848 11848 E ArmVmp : Match on catch block at 0xc3 in for 0x145
03-02 17:48:07.890 11848 11848 E ArmVmp : Match on catch block at 0xc3 in for 0x159
03-02 17:48:07.894 11848 11848 E ArmVmp : Match on catch block at 0xc3 in for 0x155
03-02 17:48:07.895 11848 11848 E ArmVmp : Match on catch block at 0xc3 in for 0x159
03-02 17:48:07.913 11848 11848 E ArmVmp : Match on catch block at 0xc3 in for 0x145
03-02 17:48:07.915 11848 11848 E ArmVmp : Match on catch block at 0xc3 in for 0x141
03-02 17:48:07.917 11848 11848 E ArmVmp : Match on catch block at 0xc3 in for 0x145
03-02 17:48:07.930 11848 11848 E ArmVmp : Match on catch block at 0xc3 in for 0x159
03-02 17:48:07.933 11848 11848 E ArmVmp : Match on catch block at 0xc3 in for 0x155
03-02 17:48:07.934 11848 11848 E ArmVmp : Match on catch block at 0xc3 in for 0x159
03-02 17:48:07.953 11848 11848 E ArmVmp : Match on catch block at 0xc3 in for 0x151
03-02 17:48:07.956 11848 11848 E ArmVmp : Match on catch block at 0xc3 in for 0x14d
03-02 17:48:07.957 11848 11848 E ArmVmp : Match on catch block at 0xc3 in for 0x151
03-02 17:48:07.977 11848 11848 E ArmVmp : Match on catch block at 0xc3 in for 0x149
03-02 17:48:07.980 11848 11848 E ArmVmp : Match on catch block at 0xc3 in for 0x145
03-02 17:48:07.981 11848 11848 E ArmVmp : Match on catch block at 0xc3 in for 0x149
03-02 17:48:07.997 11848 11848 E ArmVmp : Match on catch block at 0xc3 in for 0x155
03-02 17:48:08.000 11848 11848 E ArmVmp : Match on catch block at 0xc3 in for 0x151
03-02 17:48:08.002 11848 11848 E ArmVmp : Match on catch block at 0xc3 in for 0x155
03-02 17:48:08.024 11848 11848 E ArmVmp : Match on catch block at 0xc3 in for 0x159
03-02 17:48:08.026 11848 11848 E ArmVmp : Match on catch block at 0xc3 in for 0x155
03-02 17:48:08.028 11848 11848 E ArmVmp : Match on catch block at 0xc3 in for 0x159
03-02 17:48:08.070 11848 11848 E ArmVmp : Match on catch block at 0xc3 in for 0x155
03-02 17:48:08.072 11848 11848 E ArmVmp : Match on catch block at 0xc3 in for 0x151
03-02 17:48:08.074 11848 11848 E ArmVmp : Match on catch block at 0xc3 in for 0x155
03-02 17:48:08.473 11848 11848 E ArmVmp : Match on catch block at 0x0a in for 0x199
03-02 17:48:08.478 11848 11848 E ArmVmp : Match on catch block at 0x0a in for 0x191
03-02 17:48:08.527 11848 11858 W System : A resource failed to call close.
03-02 17:48:08.527 11848 11858 W System : A resource failed to call close.
03-02 17:48:08.805 11848 11848 E ArmVmp : Match on catch block at 0xc3 in for 0x161
03-02 17:48:08.809 11848 11848 E ArmVmp : Match on catch block at 0xc3 in for 0x175
03-02 17:48:08.810 11848 11848 E ArmVmp : Match on catch block at 0xc3 in for 0x16d
03-02 17:48:08.868 11848 11848 E ArmVmp : Match on catch block at 0xc3 in for 0x14d
03-02 17:48:08.871 11848 11848 E ArmVmp : Match on catch block at 0xc3 in for 0x149
03-02 17:48:08.873 11848 11848 E ArmVmp : Match on catch block at 0xc3 in for 0x14d
03-02 17:48:08.915 11848 11848 E ArmVmp : Match on catch block at 0xc3 in for 0x155
03-02 17:48:08.918 11848 11848 E ArmVmp : Match on catch block at 0xc3 in for 0x151
03-02 17:48:08.920 11848 11848 E ArmVmp : Match on catch block at 0xc3 in for 0x155
03-02 17:48:08.936 11848 11848 E ArmVmp : Match on catch block at 0xc3 in for 0x149
03-02 17:48:08.940 11848 11848 E ArmVmp : Match on catch block at 0xc3 in for 0x145
03-02 17:48:08.942 11848 11848 E ArmVmp : Match on catch block at 0xc3 in for 0x149
03-02 17:48:08.961 11848 11848 E ArmVmp : Match on catch block at 0xc3 in for 0x14d
03-02 17:48:08.968 11848 11848 E ArmVmp : Match on catch block at 0xc3 in for 0x149
03-02 17:48:08.971 11848 11848 E ArmVmp : Match on catch block at 0xc3 in for 0x14d
03-02 17:48:09.046 11848 11848 E ArmVmp : Match on catch block at 0xc3 in for 0x159
03-02 17:48:09.049 11848 11848 E ArmVmp : Match on catch block at 0xc3 in for 0x155
03-02 17:48:09.051 11848 11848 E ArmVmp : Match on catch block at 0xc3 in for 0x159
03-02 17:48:09.094 11848 11848 E ArmVmp : Match on catch block at 0xc3 in for 0x145
03-02 17:48:09.097 11848 11848 E ArmVmp : Match on catch block at 0xc3 in for 0x141
03-02 17:48:09.099 11848 11848 E ArmVmp : Match on catch block at 0xc3 in for 0x145
03-02 17:48:09.147 11848 11848 E ArmVmp : Match on catch block at 0xc3 in for 0x14d
03-02 17:48:09.150 11848 11848 E ArmVmp : Match on catch block at 0xc3 in for 0x149
