03-02 17:54:56.906 14922 14989 E SQLiteDatabase: at X.2tm.A08(Unknown Source:6)
03-02 17:54:56.906 14922 14989 E SQLiteDatabase: at X.35Y.A07(Unknown Source:212)
03-02 17:54:56.906 14922 14989 E SQLiteDatabase: at X.3QF.A14(Unknown Source:470)
03-02 17:54:56.906 14922 14989 E SQLiteDatabase: at X.3gU.run(Unknown Source:982)
03-02 17:54:56.906 14922 14989 E SQLiteDatabase: at android.os.Handler.handleCallback(Handler.java:938)
03-02 17:54:56.906 14922 14989 E SQLiteDatabase: at android.os.Handler.dispatchMessage(Handler.java:99)
03-02 17:54:56.906 14922 14989 E SQLiteDatabase: at X.0zq.dispatchMessage(Unknown Source:4)
03-02 17:54:56.906 14922 14989 E SQLiteDatabase: at android.os.Looper.loopOnce(Looper.java:226)
03-02 17:54:56.906 14922 14989 E SQLiteDatabase: at android.os.Looper.loop(Looper.java:313)
03-02 17:54:56.906 14922 14989 E SQLiteDatabase: at android.os.HandlerThread.run(HandlerThread.java:67)
03-02 17:54:56.947 14922 14922 E ArmVmp : Match on catch block at 0xc3 in for 0x155
03-02 17:54:56.950 14922 14922 E ArmVmp : Match on catch block at 0xc3 in for 0x151
03-02 17:54:57.129 14922 14922 E ArmVmp : Match on catch block at 0xc3 in for 0x141
03-02 17:54:57.133 14922 14922 E ArmVmp : Match on catch block at 0xc3 in for 0x159
03-02 17:54:57.149 14922 16665 W MediaPlayer: Use of stream types is deprecated for operations other than volume control
03-02 17:54:57.149 14922 16665 W MediaPlayer: See the documentation of setAudioStreamType() for what to use instead with android.media.AudioAttributes to qualify your playback use case
03-02 17:54:57.175 14922 15104 W MediaPlayerNative: info/warning (10973, 0)
03-02 17:54:57.383 14922 14922 E ArmVmp : Match on catch block at 0xc3 in for 0x145
03-02 17:54:57.390 14922 14922 E ArmVmp : Match on catch block at 0xc3 in for 0x141
03-02 17:54:57.883 14922 14922 E ArmVmp : Match on catch block at 0xc3 in for 0x14d
03-02 17:54:57.889 14922 14922 E ArmVmp : Match on catch block at 0xc3 in for 0x149
03-02 17:54:58.384 14922 14922 E ArmVmp : Match on catch block at 0xc3 in for 0x155
03-02 17:54:58.391 14922 14922 E ArmVmp : Match on catch block at 0xc3 in for 0x151
03-02 17:54:58.883 14922 14922 E ArmVmp : Match on catch block at 0xc3 in for 0x141
03-02 17:54:58.889 14922 14922 E ArmVmp : Match on catch block at 0xc3 in for 0x159
03-02 17:54:59.399 14922 14922 E ArmVmp : Match on catch block at 0xc3 in for 0x155
03-02 17:54:59.404 14922 14922 E ArmVmp : Match on catch block at 0xc3 in for 0x151
03-02 17:54:59.815 14922 14922 E ArmVmp : Match on catch block at 0x0a in for 0x1a5
03-02 17:54:59.816 14922 14922 E ArmVmp : Match on catch block at 0x0a in for 0x1b9
03-02 17:54:59.818 14922 14922 E ArmVmp : Match on catch block at 0x0a in for 0x1b1
03-02 17:54:59.819 14922 14922 E ArmVmp : Match on catch block at 0x0a in for 0x1a9
03-02 17:54:59.826 14922 14922 E ArmVmp : Match on catch block at 0x0a in for 0x14d
03-02 17:54:59.827 14922 14922 E ArmVmp : Match on catch block at 0x0a in for 0x145
03-02 17:54:59.839 14922 14922 E ArmVmp : Match on catch block at 0x0a in for 0x159
03-02 17:54:59.840 14922 14922 E ArmVmp : Match on catch block at 0x0a in for 0x151
03-02 17:54:59.900 14922 14922 E ArmVmp : Match on catch block at 0xc3 in for 0x151
03-02 17:54:59.905 14922 14922 E ArmVmp : Match on catch block at 0xc3 in for 0x14d
03-02 17:54:59.969 14922 14922 E ArmVmp : Match on catch block at 0x0a in for 0x151
03-02 17:54:59.971 14922 14922 E ArmVmp : Match on catch block at 0x0a in for 0x149
03-02 17:54:59.972 14922 14922 E ArmVmp : Match on catch block at 0x0a in for 0x141
03-02 17:54:59.973 14922 14922 E ArmVmp : Match on catch block at 0x0a in for 0x155
03-02 17:55:00.389 14922 14922 E ArmVmp : Match on catch block at 0xc3 in for 0x14d
03-02 17:55:00.393 14922 14922 E ArmVmp : Match on catch block at 0xc3 in for 0x149
03-02 17:55:00.420 14922 14922 E ArmVmp : Match on catch block at 0xc3 in for 0x159
03-02 17:55:00.423 14922 14922 E ArmVmp : Match on catch block at 0xc3 in for 0x155
03-02 17:55:00.933 14922 14922 E ArmVmp : Match on catch block at 0xc3 in for 0x141
03-02 17:55:00.939 14922 14922 E ArmVmp : Match on catch block at 0xc3 in for 0x159
03-02 17:55:01.433 14922 14922 E ArmVmp : Match on catch block at 0xc3 in for 0x149
03-02 17:55:01.438 14922 14922 E ArmVmp : Match on catch block at 0xc3 in for 0x145
03-02 17:55:01.934 14922 14922 E ArmVmp : Match on catch block at 0xc3 in for 0x151
03-02 17:55:01.941 14922 14922 E ArmVmp : Match on catch block at 0xc3 in for 0x14d
03-02 17:55:02.136 14922 14922 E ArmVmp : Match on catch block at 0xc3 in for 0x151
03-02 17:55:02.141 14922 14922 E ArmVmp : Match on catch block at 0xc3 in for 0x14d
03-02 17:55:02.328 14922 14922 E ArmVmp : Match on catch block at 0xc3 in for 0x151
03-02 17:55:02.330 14922 14922 E ArmVmp : Match on catch block at 0xc3 in for 0x14d
03-02 17:55:02.348 14922 14922 E ArmVmp : Match on catch block at 0xc3 in for 0x159
03-02 17:55:02.350 14922 14922 E ArmVmp : Match on catch block at 0xc3 in for 0x155
03-02 17:55:02.432 14922 14922 E ArmVmp : Match on catch block at 0xc3 in for 0x145
03-02 17:55:02.434 14922 14922 E ArmVmp : Match on catch block at 0xc3 in for 0x141
03-02 17:55:02.932 14922 14922 E ArmVmp : Match on catch block at 0xc3 in for 0x14d
03-02 17:55:02.935 14922 14922 E ArmVmp : Match on catch block at 0xc3 in for 0x149
03-02 17:55:03.434 14922 14922 E ArmVmp : Match on catch block at 0xc3 in for 0x155
03-02 17:55:03.438 14922 14922 E ArmVmp : Match on catch block at 0xc3 in for 0x151
03-02 17:55:03.683 14922 14922 E ArmVmp : Match on catch block at 0xc3 in for 0x155
03-02 17:55:03.687 14922 14922 E ArmVmp : Match on catch block at 0xc3 in for 0x151
03-02 17:55:03.755 14922 14922 E ArmVmp : Match on catch block at 0xc3 in for 0x151
03-02 17:55:03.759 14922 14922 E ArmVmp : Match on catch block at 0xc3 in for 0x14d
03-02 17:55:03.973 14922 14922 E ArmVmp : Match on catch block at 0xc3 in for 0x149
03-02 17:55:03.975 14922 14922 E ArmVmp : Match on catch block at 0xc3 in for 0x145
03-02 17:55:04.309 14922 14922 E ArmVmp : Match on catch block at 0xc3 in for 0x14d
03-02 17:55:04.313 14922 14922 E ArmVmp : Match on catch block at 0xc3 in for 0x149
03-02 17:55:09.628 14922 14922 E ArmVmp : Match on catch block at 0x0a in for 0x199
03-02 17:55:09.633 14922 14922 E ArmVmp : Match on catch block at 0x0a in for 0x191
03-02 17:55:09.874 14922 14922 E ArmVmp : Match on catch block at 0xc3 in for 0x16d
03-02 17:55:09.878 14922 14922 E ArmVmp : Match on catch block at 0xc3 in for 0x165
03-02 17:55:09.941 14922 14922 E ArmVmp : Match on catch block at 0xc3 in for 0x149
03-02 17:55:09.944 14922 14922 E ArmVmp : Match on catch block at 0xc3 in for 0x145
03-02 17:55:09.964 14922 14922 E ArmVmp : Match on catch block at 0xc3 in for 0x145
03-02 17:55:09.966 14922 14922 E ArmVmp : Match on catch block at 0xc3 in for 0x141
03-02 17:55:09.994 14922 14922 E ArmVmp : Match on catch block at 0xc3 in for 0x155
03-02 17:55:09.996 14922 14922 E ArmVmp : Match on catch block at 0xc3 in for 0x151
03-02 17:55:10.004 14922 14922 E ArmVmp : Match on catch block at 0xc3 in for 0x155
03-02 17:55:10.007 14922 14922 E ArmVmp : Match on catch block at 0xc3 in for 0x151
03-02 17:55:10.018 14922 14922 E ArmVmp : Match on catch block at 0xc3 in for 0x155
03-02 17:55:10.021 14922 14922 E ArmVmp : Match on catch block at 0xc3 in for 0x151
03-02 17:55:10.103 14922 14922 E ArmVmp : Match on catch block at 0xc3 in for 0x155
03-02 17:55:10.108 14922 14922 E ArmVmp : Match on catch block at 0xc3 in for 0x151
03-02 17:55:10.170 14922 14922 E ArmVmp : Match on catch block at 0xc3 in for 0x155
03-02 17:55:10.175 14922 14922 E ArmVmp : Match on catch block at 0xc3 in for 0x151
03-02 17:55:10.236 14922 14922 E ArmVmp : Match on catch block at 0xc3 in for 0x155
03-02 17:55:10.241 14922 14922 E ArmVmp : Match on catch block at 0xc3 in for 0x151
03-02 17:55:10.286 14922 14922 E ArmVmp : Match on catch block at 0xc3 in for 0x155
03-02 17:55:10.291 14922 14922 E ArmVmp : Match on catch block at 0xc3 in for 0x151
03-02 17:55:10.386 14922 14922 E ArmVmp : Match on catch block at 0xc3 in for 0x155
03-02 17:55:10.390 14922 14922 E ArmVmp : Match on catch block at 0xc3 in for 0x151
03-02 17:55:10.452 14922 14922 E ArmVmp : Match on catch block at 0xc3 in for 0x155
03-02 17:55:10.457 14922 14922 E ArmVmp : Match on catch block at 0xc3 in for 0x151
03-02 17:55:10.486 14922 14922 E ArmVmp : Match on catch block at 0xc3 in for 0x155
03-02 17:55:10.490 14922 14922 E ArmVmp : Match on catch block at 0xc3 in for 0x151
03-02 17:55:10.519 14922 14922 E ArmVmp : Match on catch block at 0xc3 in for 0x155
03-02 17:55:10.523 14922 14922 E ArmVmp : Match on catch block at 0xc3 in for 0x151
03-02 17:55:10.587 14922 14922 E ArmVmp : Match on catch block at 0xc3 in for 0x159
03-02 17:55:10.591 14922 14922 E ArmVmp : Match on catch block at 0xc3 in for 0x155
03-02 17:55:10.603 14922 14922 E ArmVmp : Match on catch block at 0xc3 in for 0x145
03-02 17:55:10.607 14922 14922 E ArmVmp : Match on catch block at 0xc3 in for 0x141
03-02 17:55:10.674 14922 14922 E ArmVmp : Match on catch block at 0xc3 in for 0x159
03-02 17:55:10.677 14922 14922 E ArmVmp : Match on catch block at 0xc3 in for 0x155
03-02 17:55:10.690 14922 14922 E RecyclerView: No adapter attached; skipping layout
03-02 17:55:10.710 14922 14922 E ArmVmp : Match on catch block at 0xc3 in for 0x159
03-02 17:55:10.712 14922 14922 E ArmVmp : Match on catch block at 0xc3 in for 0x155
03-02 17:55:10.714 14922 14922 E RecyclerView: No adapter attached; skipping layout
03-02 17:55:10.718 14922 15600 E BLASTBufferQueue: [ViewRootImpl@cb56786[PopupWindow:9e78061]#103](f:0,a:2) [graphic] Set mNextTransaction is null, due to the mNumAcquired is: 2
03-02 17:55:10.737 14922 14922 E ArmVmp : Match on catch block at 0xc3 in for 0x159
03-02 17:55:10.740 14922 14922 E ArmVmp : Match on catch block at 0xc3 in for 0x155
03-02 17:55:10.785 14922 14922 E ArmVmp : Match on catch block at 0xc3 in for 0x159
03-02 17:55:10.789 14922 14922 E ArmVmp : Match on catch block at 0xc3 in for 0x155
03-02 17:55:10.853 14922 14922 E ArmVmp : Match on catch block at 0xc3 in for 0x159
03-02 17:55:10.857 14922 14922 E ArmVmp : Match on catch block at 0xc3 in for 0x155
03-02 17:55:10.902 14922 14922 E ArmVmp : Match on catch block at 0xc3 in for 0x159
03-02 17:55:10.906 14922 14922 E ArmVmp : Match on catch block at 0xc3 in for 0x155
03-02 17:55:10.969 14922 14922 E ArmVmp : Match on catch block at 0xc3 in for 0x159
03-02 17:55:10.972 14922 14922 E ArmVmp : Match on catch block at 0xc3 in for 0x155
03-02 17:55:11.038 14922 14922 E ArmVmp : Match on catch block at 0x0a in for 0x145
03-02 17:55:11.039 14922 14922 E ArmVmp : Match on catch block at 0x0a in for 0x159
03-02 17:55:11.041 14922 14922 E ArmVmp : Match on catch block at 0x0a in for 0x151
03-02 17:55:11.042 14922 14922 E ArmVmp : Match on catch block at 0x0a in for 0x149
03-02 17:55:11.043 14922 14922 E ArmVmp : Match on catch block at 0x0a in for 0x141
03-02 17:55:11.045 14922 14922 E ArmVmp : Match on catch block at 0x0a in for 0x155
03-02 17:55:11.046 14922 14922 E ArmVmp : Match on catch block at 0x0a in for 0x14d
03-02 17:55:11.047 14922 14922 E ArmVmp : Match on catch block at 0x0a in for 0x145
03-02 17:55:11.049 14922 14922 E ArmVmp : Match on catch block at 0x0a in for 0x159
03-02 17:55:11.050 14922 14922 E ArmVmp : Match on catch block at 0x0a in for 0x151
03-02 17:55:11.051 14922 14922 E ArmVmp : Match on catch block at 0x0a in for 0x149
03-02 17:55:11.052 14922 14922 E ArmVmp : Match on catch block at 0x0a in for 0x141
03-02 17:55:11.062 14922 14922 E ArmVmp : Match on catch block at 0xc3 in for 0x141
03-02 17:55:11.068 14922 14922 E ArmVmp : Match on catch block at 0xc3 in for 0x159
03-02 17:55:11.135 14922 14922 E ArmVmp : Match on catch block at 0xc3 in for 0x141
03-02 17:55:11.137 14922 14922 E ArmVmp : Match on catch block at 0xc3 in for 0x159
03-02 17:55:11.185 14922 14922 E ArmVmp : Match on catch block at 0xc3 in for 0x141
03-02 17:55:11.188 14922 14922 E ArmVmp : Match on catch block at 0xc3 in for 0x159
03-02 17:55:11.202 14922 14922 E ArmVmp : Match on catch block at 0xc3 in for 0x141
03-02 17:55:11.206 14922 14922 E ArmVmp : Match on catch block at 0xc3 in for 0x159
03-02 17:55:11.269 14922 14922 E ArmVmp : Match on catch block at 0xc3 in for 0x141
03-02 17:55:11.272 14922 14922 E ArmVmp : Match on catch block at 0xc3 in for 0x159
03-02 17:55:11.286 14922 14922 E ArmVmp : Match on catch block at 0x0a in for 0x155
03-02 17:55:11.288 14922 14922 E ArmVmp : Match on catch block at 0x0a in for 0x14d
03-02 17:55:11.290 14922 14922 E ArmVmp : Match on catch block at 0x0a in for 0x145
03-02 17:55:11.292 14922 14922 E ArmVmp : Match on catch block at 0x0a in for 0x159
03-02 17:55:11.296 14922 14922 E ArmVmp : Match on catch block at 0x0a in for 0x151
03-02 17:55:11.298 14922 14922 E ArmVmp : Match on catch block at 0x0a in for 0x149
03-02 17:55:11.300 14922 14922 E ArmVmp : Match on catch block at 0x0a in for 0x141
03-02 17:55:11.302 14922 14922 E ArmVmp : Match on catch block at 0x0a in for 0x155
03-02 17:55:11.305 14922 14922 E ArmVmp : Match on catch block at 0x0a in for 0x14d
03-02 17:55:11.307 14922 14922 E ArmVmp : Match on catch block at 0x0a in for 0x145
03-02 17:55:11.308 14922 14922 E ArmVmp : Match on catch block at 0x0a in for 0x159
03-02 17:55:11.309 14922 14922 E ArmVmp : Match on catch block at 0x0a in for 0x151
03-02 17:55:11.335 14922 14922 E ArmVmp : Match on catch block at 0xc3 in for 0x151
03-02 17:55:11.337 14922 14922 E ArmVmp : Match on catch block at 0xc3 in for 0x14d
03-02 17:55:11.402 14922 14922 E ArmVmp : Match on catch block at 0xc3 in for 0x151
03-02 17:55:11.404 14922 14922 E ArmVmp : Match on catch block at 0xc3 in for 0x14d
03-02 17:55:11.469 14922 14922 E ArmVmp : Match on catch block at 0xc3 in for 0x151
03-02 17:55:11.473 14922 14922 E ArmVmp : Match on catch block at 0xc3 in for 0x14d
03-02 17:55:11.537 14922 14922 E ArmVmp : Match on catch block at 0xc3 in for 0x151
03-02 17:55:11.543 14922 14922 E ArmVmp : Match on catch block at 0xc3 in for 0x14d
03-02 17:55:11.604 14922 14922 E ArmVmp : Match on catch block at 0xc3 in for 0x151
03-02 17:55:11.609 14922 14922 E ArmVmp : Match on catch block at 0xc3 in for 0x14d
03-02 17:55:11.670 14922 14922 E ArmVmp : Match on catch block at 0xc3 in for 0x151
03-02 17:55:11.676 14922 14922 E ArmVmp : Match on catch block at 0xc3 in for 0x14d
03-02 17:55:11.687 14922 14922 E ArmVmp : Match on catch block at 0xc3 in for 0x151
03-02 17:55:11.692 14922 14922 E ArmVmp : Match on catch block at 0xc3 in for 0x14d
03-02 17:55:11.737 14922 14922 E ArmVmp : Match on catch block at 0xc3 in for 0x151
03-02 17:55:11.742 14922 14922 E ArmVmp : Match on catch block at 0xc3 in for 0x14d
03-02 17:55:11.787 14922 14922 E ArmVmp : Match on catch block at 0xc3 in for 0x151
03-02 17:55:11.791 14922 14922 E ArmVmp : Match on catch block at 0xc3 in for 0x14d
03-02 17:55:11.820 14922 14922 E ArmVmp : Match on catch block at 0x0a in for 0x1b9
03-02 17:55:11.823 14922 14922 E ArmVmp : Match on catch block at 0x0a in for 0x1b1
03-02 17:55:11.825 14922 14922 E ArmVmp : Match on catch block at 0x0a in for 0x1a9
03-02 17:55:11.827 14922 14922 E ArmVmp : Match on catch block at 0x0a in for 0x1a1
03-02 17:55:11.838 14922 14922 E ArmVmp : Match on catch block at 0x0a in for 0x159
03-02 17:55:11.841 14922 14922 E ArmVmp : Match on catch block at 0x0a in for 0x151
03-02 17:55:11.843 14922 14922 E ArmVmp : Match on catch block at 0x0a in for 0x149
03-02 17:55:11.844 14922 14922 E ArmVmp : Match on catch block at 0x0a in for 0x141
03-02 17:55:11.853 14922 14922 E ArmVmp : Match on catch block at 0xc3 in for 0x141
03-02 17:55:11.856 14922 14922 E ArmVmp : Match on catch block at 0xc3 in for 0x159
03-02 17:55:11.920 14922 14922 E ArmVmp : Match on catch block at 0xc3 in for 0x141
03-02 17:55:11.923 14922 14922 E ArmVmp : Match on catch block at 0xc3 in for 0x159
03-02 17:55:11.939 14922 14922 E ArmVmp : Match on catch block at 0x0a in for 0x159
03-02 17:55:11.940 14922 14922 E ArmVmp : Match on catch block at 0x0a in for 0x151
03-02 17:55:11.942 14922 14922 E ArmVmp : Match on catch block at 0x0a in for 0x149
03-02 17:55:11.944 14922 14922 E ArmVmp : Match on catch block at 0x0a in for 0x141
03-02 17:55:11.987 14922 14922 E ArmVmp : Match on catch block at 0xc3 in for 0x141
03-02 17:55:11.990 14922 14922 E ArmVmp : Match on catch block at 0xc3 in for 0x159
03-02 17:55:12.055 14922 14922 E ArmVmp : Match on catch block at 0xc3 in for 0x141
03-02 17:55:12.059 14922 14922 E ArmVmp : Match on catch block at 0xc3 in for 0x159
03-02 17:55:12.120 14922 14922 E ArmVmp : Match on catch block at 0xc3 in for 0x141
03-02 17:55:12.125 14922 14922 E ArmVmp : Match on catch block at 0xc3 in for 0x159
03-02 17:55:12.187 14922 14922 E ArmVmp : Match on catch block at 0xc3 in for 0x141
03-02 17:55:12.191 14922 14922 E ArmVmp : Match on catch block at 0xc3 in for 0x159
03-02 17:55:12.203 14922 14922 E ArmVmp : Match on catch block at 0xc3 in for 0x141
03-02 17:55:12.208 14922 14922 E ArmVmp : Match on catch block at 0xc3 in for 0x159
03-02 17:55:12.254 14922 14922 E ArmVmp : Match on catch block at 0xc3 in for 0x141
03-02 17:55:12.258 14922 14922 E ArmVmp : Match on catch block at 0xc3 in for 0x159
03-02 17:55:12.321 14922 14922 E ArmVmp : Match on catch block at 0xc3 in for 0x141
03-02 17:55:12.325 14922 14922 E ArmVmp : Match on catch block at 0xc3 in for 0x159
03-02 17:55:12.387 14922 14922 E ArmVmp : Match on catch block at 0xc3 in for 0x141
03-02 17:55:12.392 14922 14922 E ArmVmp : Match on catch block at 0xc3 in for 0x159
03-02 17:55:12.454 14922 14922 E ArmVmp : Match on catch block at 0xc3 in for 0x141
03-02 17:55:12.458 14922 14922 E ArmVmp : Match on catch block at 0xc3 in for 0x159
03-02 17:55:12.504 14922 14922 E ArmVmp : Match on catch block at 0xc3 in for 0x141
03-02 17:55:12.508 14922 14922 E ArmVmp : Match on catch block at 0xc3 in for 0x159
03-02 17:55:12.570 14922 14922 E ArmVmp : Match on catch block at 0xc3 in for 0x141
03-02 17:55:12.574 14922 14922 E ArmVmp : Match on catch block at 0xc3 in for 0x159
03-02 17:55:12.637 14922 14922 E ArmVmp : Match on catch block at 0xc3 in for 0x141
03-02 17:55:12.641 14922 14922 E ArmVmp : Match on catch block at 0xc3 in for 0x159
03-02 17:55:12.705 14922 14922 E ArmVmp : Match on catch block at 0xc3 in for 0x145
03-02 17:55:12.710 14922 14922 E ArmVmp : Match on catch block at 0xc3 in for 0x141
03-02 17:55:12.771 14922 14922 E ArmVmp : Match on catch block at 0xc3 in for 0x145
03-02 17:55:12.775 14922 14922 E ArmVmp : Match on catch block at 0xc3 in for 0x141
03-02 17:55:12.837 14922 14922 E ArmVmp : Match on catch block at 0xc3 in for 0x145
03-02 17:55:12.841 14922 14922 E ArmVmp : Match on catch block at 0xc3 in for 0x141
03-02 17:55:12.905 14922 14922 E ArmVmp : Match on catch block at 0xc3 in for 0x145
03-02 17:55:12.909 14922 14922 E ArmVmp : Match on catch block at 0xc3 in for 0x141
03-02 17:55:12.928 14922 14922 E ArmVmp : Match on catch block at 0x0a in for 0x14d
03-02 17:55:12.929 14922 14922 E ArmVmp : Match on catch block at 0x0a in for 0x145
03-02 17:55:12.930 14922 14922 E ArmVmp : Match on catch block at 0x0a in for 0x159
03-02 17:55:12.931 14922 14922 E ArmVmp : Match on catch block at 0x0a in for 0x151
03-02 17:55:12.971 14922 14922 E ArmVmp : Match on catch block at 0xc3 in for 0x151
03-02 17:55:12.975 14922 14922 E ArmVmp : Match on catch block at 0xc3 in for 0x14d
03-02 17:55:13.038 14922 14922 E ArmVmp : Match on catch block at 0xc3 in for 0x151
03-02 17:55:13.042 14922 14922 E ArmVmp : Match on catch block at 0xc3 in for 0x14d
03-02 17:55:13.104 14922 14922 E ArmVmp : Match on catch block at 0xc3 in for 0x151
03-02 17:55:13.108 14922 14922 E ArmVmp : Match on catch block at 0xc3 in for 0x14d
03-02 17:55:13.155 14922 14922 E ArmVmp : Match on catch block at 0xc3 in for 0x151
03-02 17:55:13.159 14922 14922 E ArmVmp : Match on catch block at 0xc3 in for 0x14d
03-02 17:55:13.204 14922 14922 E ArmVmp : Match on catch block at 0xc3 in for 0x151
03-02 17:55:13.208 14922 14922 E ArmVmp : Match on catch block at 0xc3 in for 0x14d
03-02 17:55:13.220 14922 14922 E ArmVmp : Match on catch block at 0xc3 in for 0x151
03-02 17:55:13.225 14922 14922 E ArmVmp : Match on catch block at 0xc3 in for 0x14d
03-02 17:55:13.288 14922 14922 E ArmVmp : Match on catch block at 0xc3 in for 0x151
03-02 17:55:13.292 14922 14922 E ArmVmp : Match on catch block at 0xc3 in for 0x14d
03-02 17:55:13.355 14922 14922 E ArmVmp : Match on catch block at 0xc3 in for 0x151
03-02 17:55:13.359 14922 14922 E ArmVmp : Match on catch block at 0xc3 in for 0x14d
03-02 17:55:13.421 14922 14922 E ArmVmp : Match on catch block at 0xc3 in for 0x151
03-02 17:55:13.426 14922 14922 E ArmVmp : Match on catch block at 0xc3 in for 0x14d
03-02 17:55:13.488 14922 14922 E ArmVmp : Match on catch block at 0xc3 in for 0x151
03-02 17:55:13.492 14922 14922 E ArmVmp : Match on catch block at 0xc3 in for 0x14d
03-02 17:55:13.510 14922 14922 E ArmVmp : Match on catch block at 0x0a in for 0x149
03-02 17:55:13.512 14922 14922 E ArmVmp : Match on catch block at 0x0a in for 0x141
03-02 17:55:13.513 14922 14922 E ArmVmp : Match on catch block at 0x0a in for 0x155
03-02 17:55:13.514 14922 14922 E ArmVmp : Match on catch block at 0x0a in for 0x14d
03-02 17:55:13.554 14922 14922 E ArmVmp : Match on catch block at 0xc3 in for 0x14d
03-02 17:55:13.559 14922 14922 E ArmVmp : Match on catch block at 0xc3 in for 0x149
03-02 17:55:13.622 14922 14922 E ArmVmp : Match on catch block at 0xc3 in for 0x14d
03-02 17:55:13.626 14922 14922 E ArmVmp : Match on catch block at 0xc3 in for 0x149
03-02 17:55:13.688 14922 14922 E ArmVmp : Match on catch block at 0xc3 in for 0x14d
03-02 17:55:13.692 14922 14922 E ArmVmp : Match on catch block at 0xc3 in for 0x149
03-02 17:55:13.705 14922 14922 E ArmVmp : Match on catch block at 0xc3 in for 0x14d
03-02 17:55:13.709 14922 14922 E ArmVmp : Match on catch block at 0xc3 in for 0x149
03-02 17:55:13.754 14922 14922 E ArmVmp : Match on catch block at 0xc3 in for 0x14d
03-02 17:55:13.759 14922 14922 E ArmVmp : Match on catch block at 0xc3 in for 0x149
03-02 17:55:13.821 14922 14922 E ArmVmp : Match on catch block at 0xc3 in for 0x14d
03-02 17:55:13.825 14922 14922 E ArmVmp : Match on catch block at 0xc3 in for 0x149
03-02 17:55:13.888 14922 14922 E ArmVmp : Match on catch block at 0xc3 in for 0x14d
03-02 17:55:13.892 14922 14922 E ArmVmp : Match on catch block at 0xc3 in for 0x149
03-02 17:55:13.938 14922 14922 E ArmVmp : Match on catch block at 0xc3 in for 0x14d
03-02 17:55:13.942 14922 14922 E ArmVmp : Match on catch block at 0xc3 in for 0x149
03-02 17:55:14.004 14922 14922 E ArmVmp : Match on catch block at 0xc3 in for 0x14d
03-02 17:55:14.008 14922 14922 E ArmVmp : Match on catch block at 0xc3 in for 0x149
03-02 17:55:14.071 14922 14922 E ArmVmp : Match on catch block at 0xc3 in for 0x14d
03-02 17:55:14.075 14922 14922 E ArmVmp : Match on catch block at 0xc3 in for 0x149
03-02 17:55:14.138 14922 14922 E ArmVmp : Match on catch block at 0xc3 in for 0x14d
03-02 17:55:14.142 14922 14922 E ArmVmp : Match on catch block at 0xc3 in for 0x149
03-02 17:55:14.204 14922 14922 E ArmVmp : Match on catch block at 0xc3 in for 0x14d
03-02 17:55:14.208 14922 14922 E ArmVmp : Match on catch block at 0xc3 in for 0x149
03-02 17:55:14.221 14922 14922 E ArmVmp : Match on catch block at 0xc3 in for 0x14d
03-02 17:55:14.225 14922 14922 E ArmVmp : Match on catch block at 0xc3 in for 0x149
03-02 17:55:14.272 14922 14922 E ArmVmp : Match on catch block at 0xc3 in for 0x14d
03-02 17:55:14.276 14922 14922 E ArmVmp : Match on catch block at 0xc3 in for 0x149
03-02 17:55:14.338 14922 14922 E ArmVmp : Match on catch block at 0xc3 in for 0x14d
03-02 17:55:14.342 14922 14922 E ArmVmp : Match on catch block at 0xc3 in for 0x149
03-02 17:55:14.405 14922 14922 E ArmVmp : Match on catch block at 0xc3 in for 0x14d
03-02 17:55:14.410 14922 14922 E ArmVmp : Match on catch block at 0xc3 in for 0x149
03-02 17:55:14.471 14922 14922 E ArmVmp : Match on catch block at 0xc3 in for 0x14d
03-02 17:55:14.475 14922 14922 E ArmVmp : Match on catch block at 0xc3 in for 0x149
03-02 17:55:14.537 14922 14922 E ArmVmp : Match on catch block at 0xc3 in for 0x14d
03-02 17:55:14.542 14922 14922 E ArmVmp : Match on catch block at 0xc3 in for 0x149
03-02 17:55:14.605 14922 14922 E ArmVmp : Match on catch block at 0xc3 in for 0x14d
03-02 17:55:14.609 14922 14922 E ArmVmp : Match on catch block at 0xc3 in for 0x149
03-02 17:55:14.680 14922 14922 E ArmVmp : Match on catch block at 0xc3 in for 0x14d
03-02 17:55:14.683 14922 14922 E ArmVmp : Match on catch block at 0xc3 in for 0x149
03-02 17:55:14.720 14922 14922 E ArmVmp : Match on catch block at 0xc3 in for 0x14d
03-02 17:55:14.722 14922 14922 E ArmVmp : Match on catch block at 0xc3 in for 0x149
03-02 17:55:14.736 14922 14922 E ArmVmp : Match on catch block at 0xc3 in for 0x14d
03-02 17:55:14.739 14922 14922 E ArmVmp : Match on catch block at 0xc3 in for 0x149
03-02 17:55:14.804 14922 14922 E ArmVmp : Match on catch block at 0xc3 in for 0x14d
03-02 17:55:14.808 14922 14922 E ArmVmp : Match on catch block at 0xc3 in for 0x149
03-02 17:55:14.871 14922 14922 E ArmVmp : Match on catch block at 0xc3 in for 0x14d
03-02 17:55:14.875 14922 14922 E ArmVmp : Match on catch block at 0xc3 in for 0x149
03-02 17:55:14.938 14922 14922 E ArmVmp : Match on catch block at 0xc3 in for 0x14d
03-02 17:55:14.943 14922 14922 E ArmVmp : Match on catch block at 0xc3 in for 0x149
03-02 17:55:15.005 14922 14922 E ArmVmp : Match on catch block at 0xc3 in for 0x14d
03-02 17:55:15.009 14922 14922 E ArmVmp : Match on catch block at 0xc3 in for 0x149
03-02 17:55:15.072 14922 14922 E ArmVmp : Match on catch block at 0xc3 in for 0x14d
03-02 17:55:15.076 14922 14922 E ArmVmp : Match on catch block at 0xc3 in for 0x149
03-02 17:55:15.138 14922 14922 E ArmVmp : Match on catch block at 0xc3 in for 0x14d
03-02 17:55:15.143 14922 14922 E ArmVmp : Match on catch block at 0xc3 in for 0x149
03-02 17:55:15.206 14922 14922 E ArmVmp : Match on catch block at 0xc3 in for 0x14d
03-02 17:55:15.211 14922 14922 E ArmVmp : Match on catch block at 0xc3 in for 0x149
03-02 17:55:15.222 14922 14922 E ArmVmp : Match on catch block at 0xc3 in for 0x14d
03-02 17:55:15.228 14922 14922 E ArmVmp : Match on catch block at 0xc3 in for 0x149
03-02 17:55:15.255 14922 14922 E ArmVmp : Match on catch block at 0xc3 in for 0x14d
03-02 17:55:15.260 14922 14922 E ArmVmp : Match on catch block at 0xc3 in for 0x149
03-02 17:55:15.322 14922 14922 E ArmVmp : Match on catch block at 0xc3 in for 0x14d
03-02 17:55:15.327 14922 14922 E ArmVmp : Match on catch block at 0xc3 in for 0x149
03-02 17:55:15.389 14922 14922 E ArmVmp : Match on catch block at 0xc3 in for 0x14d
03-02 17:55:15.395 14922 14922 E ArmVmp : Match on catch block at 0xc3 in for 0x149
03-02 17:55:15.456 14922 14922 E ArmVmp : Match on catch block at 0xc3 in for 0x14d
03-02 17:55:15.461 14922 14922 E ArmVmp : Match on catch block at 0xc3 in for 0x149
03-02 17:55:15.523 14922 14922 E ArmVmp : Match on catch block at 0xc3 in for 0x14d
03-02 17:55:15.529 14922 14922 E ArmVmp : Match on catch block at 0xc3 in for 0x149
03-02 17:55:15.589 14922 14922 E ArmVmp : Match on catch block at 0xc3 in for 0x14d
03-02 17:55:15.595 14922 14922 E ArmVmp : Match on catch block at 0xc3 in for 0x149
03-02 17:55:15.656 14922 14922 E ArmVmp : Match on catch block at 0xc3 in for 0x14d
03-02 17:55:15.661 14922 14922 E ArmVmp : Match on catch block at 0xc3 in for 0x149
03-02 17:55:15.723 14922 14922 E ArmVmp : Match on catch block at 0xc3 in for 0x14d
03-02 17:55:15.729 14922 14922 E ArmVmp : Match on catch block at 0xc3 in for 0x149
03-02 17:55:15.739 14922 14922 E ArmVmp : Match on catch block at 0xc3 in for 0x14d
03-02 17:55:15.745 14922 14922 E ArmVmp : Match on catch block at 0xc3 in for 0x149
03-02 17:55:15.789 14922 14922 E ArmVmp : Match on catch block at 0xc3 in for 0x14d
03-02 17:55:15.794 14922 14922 E ArmVmp : Match on catch block at 0xc3 in for 0x149
03-02 17:55:15.856 14922 14922 E ArmVmp : Match on catch block at 0xc3 in for 0x14d
03-02 17:55:15.863 14922 14922 E ArmVmp : Match on catch block at 0xc3 in for 0x149
03-02 17:55:15.923 14922 14922 E ArmVmp : Match on catch block at 0xc3 in for 0x14d
03-02 17:55:15.928 14922 14922 E ArmVmp : Match on catch block at 0xc3 in for 0x149
03-02 17:55:15.989 14922 14922 E ArmVmp : Match on catch block at 0xc3 in for 0x14d
03-02 17:55:15.993 14922 14922 E ArmVmp : Match on catch block at 0xc3 in for 0x149
03-02 17:55:16.055 14922 14922 E ArmVmp : Match on catch block at 0xc3 in for 0x14d
03-02 17:55:16.060 14922 14922 E ArmVmp : Match on catch block at 0xc3 in for 0x149
03-02 17:55:16.106 14922 14922 E ArmVmp : Match on catch block at 0xc3 in for 0x14d
03-02 17:55:16.111 14922 14922 E ArmVmp : Match on catch block at 0xc3 in for 0x149
03-02 17:55:16.173 14922 14922 E ArmVmp : Match on catch block at 0xc3 in for 0x14d
03-02 17:55:16.178 14922 14922 E ArmVmp : Match on catch block at 0xc3 in for 0x149
03-02 17:55:16.240 14922 14922 E ArmVmp : Match on catch block at 0xc3 in for 0x14d
03-02 17:55:16.245 14922 14922 E ArmVmp : Match on catch block at 0xc3 in for 0x149
03-02 17:55:16.256 14922 14922 E ArmVmp : Match on catch block at 0xc3 in for 0x14d
03-02 17:55:16.260 14922 14922 E ArmVmp : Match on catch block at 0xc3 in for 0x149
03-02 17:55:16.305 14922 14922 E ArmVmp : Match on catch block at 0xc3 in for 0x14d
03-02 17:55:16.310 14922 14922 E ArmVmp : Match on catch block at 0xc3 in for 0x149
03-02 17:55:16.372 14922 14922 E ArmVmp : Match on catch block at 0xc3 in for 0x14d
03-02 17:55:16.377 14922 14922 E ArmVmp : Match on catch block at 0xc3 in for 0x149
03-02 17:55:16.440 14922 14922 E ArmVmp : Match on catch block at 0xc3 in for 0x14d
03-02 17:55:16.445 14922 14922 E ArmVmp : Match on catch block at 0xc3 in for 0x149
03-02 17:55:16.506 14922 14922 E ArmVmp : Match on catch block at 0xc3 in for 0x14d
03-02 17:55:16.511 14922 14922 E ArmVmp : Match on catch block at 0xc3 in for 0x149
03-02 17:55:16.573 14922 14922 E ArmVmp : Match on catch block at 0xc3 in for 0x14d
03-02 17:55:16.578 14922 14922 E ArmVmp : Match on catch block at 0xc3 in for 0x149
03-02 17:55:16.639 14922 14922 E ArmVmp : Match on catch block at 0xc3 in for 0x14d
03-02 17:55:16.643 14922 14922 E ArmVmp : Match on catch block at 0xc3 in for 0x149
03-02 17:55:16.705 14922 14922 E ArmVmp : Match on catch block at 0xc3 in for 0x151
03-02 17:55:16.709 14922 14922 E ArmVmp : Match on catch block at 0xc3 in for 0x14d
03-02 17:55:16.744 14922 14922 E ArmVmp : Match on catch block at 0xc3 in for 0x151
03-02 17:55:16.748 14922 14922 E ArmVmp : Match on catch block at 0xc3 in for 0x14d
03-02 17:55:16.759 14922 14989 E SQLiteDatabase: Error inserting transferred=0 media_job_uuid=321a297a-ba8c-463b-a806-67eb97deadff transcoded=1 gif_attribution=0 first_scan_length=0 direct_path=null thumbnail_height_width_ratio=1.0 is_animated_sticker=0 file_hash=myf3hK8jz6QAYT/8k8HycJMh4fPmNuMpkP8e0utugDc= file_path=/data/user/0/com.whatsapp/files/Stickers/myf3hK8jz6QAYT- 8k8HycJMh4fPmNuMpkP8e0utugDc=.webp file_size=58050 partial_media_hash=null face_x=0 face_y=0 height=0 trim_to=0 media_key_timestamp=0 message_url=null media_caption=null trim_from=0 mime_type=image/webp partial_media_enc_hash=null width=0 original_file_hash=null has_streaming_sidecar=0 autotransfer_retry_enabled=1 media_upload_handle=null message_row_id=307947 multicast_id=null enc_file_hash=null mute_video=0 page_count=0 first_scan_sidecar=null suspicious_content=0 file_length=58050 media_name=myf3hK8jz6QAYT-8k8HycJMh4fPmNuMpkP8e0utugDc=.webp media_duration=0 chat_row_id=5199 media_key=null
03-02 17:55:16.759 14922 14989 E SQLiteDatabase: android.database.sqlite.SQLiteConstraintException: UNIQUE constraint failed: message_media.message_row_id (code 1555 SQLITE_CONSTRAINT_PRIMARYKEY[1555])
03-02 17:55:16.759 14922 14989 E SQLiteDatabase: at android.database.sqlite.SQLiteConnection.nativeExecuteForLastInsertedRowId(Native Method)
03-02 17:55:16.759 14922 14989 E SQLiteDatabase: at android.database.sqlite.SQLiteConnection.executeForLastInsertedRowId(SQLiteConnecti on.java:1232)
03-02 17:55:16.759 14922 14989 E SQLiteDatabase: at android.database.sqlite.SQLiteSession.executeForLastInsertedRowId(SQLiteSession.jav a:790)
03-02 17:55:16.759 14922 14989 E SQLiteDatabase: at android.database.sqlite.SQLiteStatement.executeInsert(SQLiteStatement.java:89)
03-02 17:55:16.759 14922 14989 E SQLiteDatabase: at android.database.sqlite.SQLiteDatabase.insertWithOnConflict(SQLiteDatabase.java:224 4)
03-02 17:55:16.759 14922 14989 E SQLiteDatabase: at android.database.sqlite.SQLiteDatabase.insert(SQLiteDatabase.java:2113)
03-02 17:55:16.759 14922 14989 E SQLiteDatabase: at X.2tm.A08(Unknown Source:6)
03-02 17:55:16.759 14922 14989 E SQLiteDatabase: at X.35Y.A07(Unknown Source:212)
03-02 17:55:16.759 14922 14989 E SQLiteDatabase: at X.3QF.A14(Unknown Source:470)
03-02 17:55:16.759 14922 14989 E SQLiteDatabase: at X.3gU.run(Unknown Source:982)
03-02 17:55:16.759 14922 14989 E SQLiteDatabase: at android.os.Handler.handleCallback(Handler.java:938)
03-02 17:55:16.759 14922 14989 E SQLiteDatabase: at android.os.Handler.dispatchMessage(Handler.java:99)
03-02 17:55:16.759 14922 14989 E SQLiteDatabase: at X.0zq.dispatchMessage(Unknown Source:4)
03-02 17:55:16.759 14922 14989 E SQLiteDatabase: at android.os.Looper.loopOnce(Looper.java:226)
03-02 17:55:16.759 14922 14989 E SQLiteDatabase: at android.os.Looper.loop(Looper.java:313)
03-02 17:55:16.759 14922 14989 E SQLiteDatabase: at android.os.HandlerThread.run(HandlerThread.java:67)
03-02 17:55:16.805 14922 14922 E ArmVmp : Match on catch block at 0xc3 in for 0x149
03-02 17:55:16.807 14922 14922 E ArmVmp : Match on catch block at 0xc3 in for 0x145
03-02 17:55:16.820 14922 14922 E ArmVmp : Match on catch block at 0xc3 in for 0x159
03-02 17:55:16.822 14922 14922 E ArmVmp : Match on catch block at 0xc3 in for 0x155
03-02 17:55:16.870 14922 14922 E ArmVmp : Match on catch block at 0xc3 in for 0x151
03-02 17:55:16.872 14922 14922 E ArmVmp : Match on catch block at 0xc3 in for 0x14d
03-02 17:55:16.937 14922 14922 E ArmVmp : Match on catch block at 0xc3 in for 0x151
03-02 17:55:16.939 14922 14922 E ArmVmp : Match on catch block at 0xc3 in for 0x14d
03-02 17:55:16.956 14922 14989 E SQLiteDatabase: Error inserting transferred=1 media_job_uuid=321a297a-ba8c-463b-a806-67eb97deadff transcoded=1 gif_attribution=0 first_scan_length=0 direct_path=/v/t62.15575- 24/41138596_735371515062611_3712460000903084490_n.enc?ccb=11- 4&oh=01_AdSxXiJTmZZeNIOX4CmFDt8OxEkBtj1fYllz0Bey4DWaKA&oe=660B1707&_nc_sid=5e03e0 thumbnail_height_width_ratio=1.0 is_animated_sticker=0 file_hash=myf3hK8jz6QAYT/8k8HycJMh4fPmNuMpkP8e0utugDc= file_path=Media/WhatsApp Stickers/STK-20240302-WA0242.webp file_size=58050 partial_media_hash=null face_x=0 face_y=0 height=0 trim_to=0 media_key_timestamp=1709405739406 message_url=https://mmg.whatsapp.net/v/t62.15575- 24/41138596_735371515062611_3712460000903084490_n.enc?ccb=11- 4&oh=01_AdSxXiJTmZZeNIOX4CmFDt8OxEkBtj1fYllz0Bey4DWaKA&oe=660B1707&_nc_sid=5e03e0&m ms3=true media_caption=null trim_from=0 mime_type=image/webp partial_media_enc_hash=null width=0 original_file_hash=null has_streaming_sidecar=0 autotransfer_retry_enabled=0 media_upload_handle=null message_row_id=307947 multicast_id=null enc_file_hash=5bevj2Jmf3xhRVbDpo2ZFRZzUsFnJe0CFPhHkKl3MkY= mute_video=0 page_count=0 first_scan_sidecar=null suspicious_content=0 file_length=58050 media_name=myf3hK8jz6QAYT-8k8HycJMh4fPmNuMpkP8e0utugDc=.webp media_duration=0 chat_row_id=5199 media_key=[B@cd31e73
03-02 17:55:16.956 14922 14989 E SQLiteDatabase: android.database.sqlite.SQLiteConstraintException: UNIQUE constraint failed: message_media.message_row_id (code 1555 SQLITE_CONSTRAINT_PRIMARYKEY[1555])
03-02 17:55:16.956 14922 14989 E SQLiteDatabase: at android.database.sqlite.SQLiteConnection.nativeExecuteForLastInsertedRowId(Native Method)
03-02 17:55:16.956 14922 14989 E SQLiteDatabase: at android.database.sqlite.SQLiteConnection.executeForLastInsertedRowId(SQLiteConnecti on.java:1232)
03-02 17:55:16.956 14922 14989 E SQLiteDatabase: at android.database.sqlite.SQLiteSession.executeForLastInsertedRowId(SQLiteSession.jav a:790)
03-02 17:55:16.956 14922 14989 E SQLiteDatabase: at android.database.sqlite.SQLiteStatement.executeInsert(SQLiteStatement.java:89)
03-02 17:55:16.956 14922 14989 E SQLiteDatabase: at android.database.sqlite.SQLiteDatabase.insertWithOnConflict(SQLiteDatabase.java:224 4)
03-02 17:55:16.956 14922 14989 E SQLiteDatabase: at android.database.sqlite.SQLiteDatabase.insert(SQLiteDatabase.java:2113)
03-02 17:55:16.956 14922 14989 E SQLiteDatabase: at X.2tm.A08(Unknown Source:6)
03-02 17:55:16.956 14922 14989 E SQLiteDatabase: at X.35Y.A07(Unknown Source:212)
03-02 17:55:16.956 14922 14989 E SQLiteDatabase: at X.3QF.A14(Unknown Source:470)
03-02 17:55:16.956 14922 14989 E SQLiteDatabase: at X.3gU.run(Unknown Source:982)
03-02 17:55:16.956 14922 14989 E SQLiteDatabase: at android.os.Handler.handleCallback(Handler.java:938)
03-02 17:55:16.956 14922 14989 E SQLiteDatabase: at android.os.Handler.dispatchMessage(Handler.java:99)
03-02 17:55:16.956 14922 14989 E SQLiteDatabase: at X.0zq.dispatchMessage(Unknown Source:4)
03-02 17:55:16.956 14922 14989 E SQLiteDatabase: at android.os.Looper.loopOnce(Looper.java:226)
03-02 17:55:16.956 14922 14989 E SQLiteDatabase: at android.os.Looper.loop(Looper.java:313)
03-02 17:55:16.956 14922 14989 E SQLiteDatabase: at android.os.HandlerThread.run(HandlerThread.java:67)
03-02 17:55:17.005 14922 14922 E ArmVmp : Match on catch block at 0xc3 in for 0x145
03-02 17:55:17.007 14922 14922 E ArmVmp : Match on catch block at 0xc3 in for 0x141
03-02 17:55:17.018 14922 14922 E ArmVmp : Match on catch block at 0xc3 in for 0x149
03-02 17:55:17.022 14922 14922 E ArmVmp : Match on catch block at 0xc3 in for 0x145
03-02 17:55:17.104 14922 14922 E ArmVmp : Match on catch block at 0xc3 in for 0x14d
03-02 17:55:17.107 14922 14922 E ArmVmp : Match on catch block at 0xc3 in for 0x149
03-02 17:55:17.156 14922 14922 E ArmVmp : Match on catch block at 0xc3 in for 0x14d
03-02 17:55:17.159 14922 14922 E ArmVmp : Match on catch block at 0xc3 in for 0x149
03-02 17:55:17.222 14922 14922 E ArmVmp : Match on catch block at 0xc3 in for 0x14d
03-02 17:55:17.226 14922 14922 E ArmVmp : Match on catch block at 0xc3 in for 0x149
03-02 17:55:17.242 14922 14922 E ArmVmp : Match on catch block at 0xc3 in for 0x14d
03-02 17:55:17.246 14922 14922 E ArmVmp : Match on catch block at 0xc3 in for 0x149
03-02 17:55:17.283 14922 14922 E ArmVmp : Match on catch block at 0xc3 in for 0x14d
03-02 17:55:17.287 14922 14922 E ArmVmp : Match on catch block at 0xc3 in for 0x149
03-02 17:55:17.296 14922 16665 W MediaPlayer: Use of stream types is deprecated for operations other than volume control
03-02 17:55:17.297 14922 16665 W MediaPlayer: See the documentation of setAudioStreamType() for what to use instead with android.media.AudioAttributes to qualify your playback use case
03-02 17:55:17.297 14922 14922 E ArmVmp : Match on catch block at 0xc3 in for 0x151
03-02 17:55:17.299 14922 14922 E ArmVmp : Match on catch block at 0xc3 in for 0x14d
03-02 17:55:17.321 14922 14936 W MediaPlayerNative: info/warning (10973, 0)
03-02 17:55:17.333 14922 14922 E ArmVmp : Match on catch block at 0xc3 in for 0x151
03-02 17:55:17.335 14922 14922 E ArmVmp : Match on catch block at 0xc3 in for 0x14d
03-02 17:55:17.354 14922 14922 E ArmVmp : Match on catch block at 0xc3 in for 0x151
03-02 17:55:17.357 14922 14922 E ArmVmp : Match on catch block at 0xc3 in for 0x14d
03-02 17:55:17.370 14922 14922 E ArmVmp : Match on catch block at 0xc3 in for 0x151
03-02 17:55:17.373 14922 14922 E ArmVmp : Match on catch block at 0xc3 in for 0x14d
03-02 17:55:17.437 14922 14922 E ArmVmp : Match on catch block at 0xc3 in for 0x145
03-02 17:55:17.439 14922 14922 E ArmVmp : Match on catch block at 0xc3 in for 0x141
03-02 17:55:17.505 14922 14922 E ArmVmp : Match on catch block at 0xc3 in for 0x145
03-02 17:55:17.507 14922 14922 E ArmVmp : Match on catch block at 0xc3 in for 0x141
03-02 17:55:17.572 14922 14922 E ArmVmp : Match on catch block at 0xc3 in for 0x155
03-02 17:55:17.576 14922 14922 E ArmVmp : Match on catch block at 0xc3 in for 0x151
03-02 17:55:17.639 14922 14922 E ArmVmp : Match on catch block at 0xc3 in for 0x155
03-02 17:55:17.643 14922 14922 E ArmVmp : Match on catch block at 0xc3 in for 0x151
03-02 17:55:17.688 14922 14922 E ArmVmp : Match on catch block at 0xc3 in for 0x155
03-02 17:55:17.693 14922 14922 E ArmVmp : Match on catch block at 0xc3 in for 0x151
03-02 17:55:17.722 14922 14922 E ArmVmp : Match on catch block at 0xc3 in for 0x14d
03-02 17:55:17.726 14922 14922 E ArmVmp : Match on catch block at 0xc3 in for 0x149
03-02 17:55:17.755 14922 14922 E ArmVmp : Match on catch block at 0xc3 in for 0x14d
03-02 17:55:17.759 14922 14922 E ArmVmp : Match on catch block at 0xc3 in for 0x149
03-02 17:55:17.772 14922 14922 E ArmVmp : Match on catch block at 0xc3 in for 0x14d
03-02 17:55:17.776 14922 14922 E ArmVmp : Match on catch block at 0xc3 in for 0x149
03-02 17:55:17.804 14922 14922 E ArmVmp : Match on catch block at 0xc3 in for 0x141
03-02 17:55:17.808 14922 14922 E ArmVmp : Match on catch block at 0xc3 in for 0x159
03-02 17:55:17.858 14922 14922 E ArmVmp : Match on catch block at 0xc3 in for 0x149
03-02 17:55:17.860 14922 14922 E ArmVmp : Match on catch block at 0xc3 in for 0x145
03-02 17:55:18.045 14922 14922 E ArmVmp : Match on catch block at 0xc3 in for 0x14d
03-02 17:55:18.047 14922 14922 E ArmVmp : Match on catch block at 0xc3 in for 0x149
03-02 17:55:18.114 14922 14922 E ArmVmp : Match on catch block at 0xc3 in for 0x141
03-02 17:55:18.116 14922 14922 E ArmVmp : Match on catch block at 0xc3 in for 0x159
03-02 17:55:18.170 14922 14922 E ArmVmp : Match on catch block at 0xc3 in for 0x149
03-02 17:55:18.173 14922 14922 E ArmVmp : Match on catch block at 0xc3 in for 0x145
03-02 17:55:18.237 14922 14922 E ArmVmp : Match on catch block at 0xc3 in for 0x149
03-02 17:55:18.239 14922 14922 E ArmVmp : Match on catch block at 0xc3 in for 0x145
03-02 17:55:18.306 14922 14922 E ArmVmp : Match on catch block at 0xc3 in for 0x149
03-02 17:55:18.310 14922 14922 E ArmVmp : Match on catch block at 0xc3 in for 0x145
03-02 17:55:18.380 14922 14922 E ArmVmp : Match on catch block at 0xc3 in for 0x159
03-02 17:55:18.384 14922 14922 E ArmVmp : Match on catch block at 0xc3 in for 0x155
03-02 17:55:24.030 14922 14922 W BottomSheetBehavior: BottomSheetBehavior now supports multiple callbacks. `setBottomSheetCallback()` removes all existing callbacks, including ones set internally by library authors, which may result in unintended behavior. This may change in the future. Please use `addBottomSheetCallback()` and `removeBottomSheetCallback()` instead to set your own callbacks.
03-02 17:55:24.030 14922 14922 W BottomSheetBehavior: BottomSheetBehavior now supports multiple callbacks. `setBottomSheetCallback()` removes all existing callbacks, including ones set internally by library authors, which may result in unintended behavior. This may change in the future. Please use `addBottomSheetCallback()` and `removeBottomSheetCallback()` instead to set your own callbacks.
03-02 17:55:24.142 14922 14922 W BottomSheetBehavior: BottomSheetBehavior now supports multiple callbacks. `setBottomSheetCallback()` removes all existing callbacks, including ones set internally by library authors, which may result in unintended behavior. This may change in the future. Please use `addBottomSheetCallback()` and `removeBottomSheetCallback()` instead to set your own callbacks.
03-02 17:55:24.142 14922 14922 W BottomSheetBehavior: BottomSheetBehavior now supports multiple callbacks. `setBottomSheetCallback()` removes all existing callbacks, including ones set internally by library authors, which may result in unintended behavior. This may change in the future. Please use `addBottomSheetCallback()` and `removeBottomSheetCallback()` instead to set your own callbacks.
03-02 17:55:24.159 14922 14922 W BottomSheetBehavior: BottomSheetBehavior now supports multiple callbacks. `setBottomSheetCallback()` removes all existing callbacks, including ones set internally by library authors, which may result in unintended behavior. This may change in the future. Please use `addBottomSheetCallback()` and `removeBottomSheetCallback()` instead to set your own callbacks.
03-02 17:55:24.159 14922 14922 W BottomSheetBehavior: BottomSheetBehavior now supports multiple callbacks. `setBottomSheetCallback()` removes all existing callbacks, including ones set internally by library authors, which may result in unintended behavior. This may change in the future. Please use `addBottomSheetCallback()` and `removeBottomSheetCallback()` instead to set your own callbacks.
03-02 17:55:24.173 14922 14922 W BottomSheetBehavior: BottomSheetBehavior now supports multiple callbacks. `setBottomSheetCallback()` removes all existing callbacks, including ones set internally by library authors, which may result in unintended behavior. This may change in the future. Please use `addBottomSheetCallback()` and `removeBottomSheetCallback()` instead to set your own callbacks.
03-02 17:55:24.173 14922 14922 W BottomSheetBehavior: BottomSheetBehavior now supports multiple callbacks. `setBottomSheetCallback()` removes all existing callbacks, including ones set internally by library authors, which may result in unintended behavior. This may change in the future. Please use `addBottomSheetCallback()` and `removeBottomSheetCallback()` instead to set your own callbacks.
03-02 17:55:24.175 14922 17188 W AudioCapabilities: Unsupported mime audio/x-ima
03-02 17:55:24.176 14922 17188 W AudioCapabilities: Unsupported mime audio/mpeg-L1
03-02 17:55:24.176 14922 17188 W AudioCapabilities: Unsupported mime audio/mpeg-L2
03-02 17:55:24.176 14922 17188 W VideoCapabilities: Unsupported mime video/wvc1
03-02 17:55:24.176 14922 17188 W VideoCapabilities: Unsupported mime video/x-ms-wmv
03-02 17:55:24.176 14922 17188 W AudioCapabilities: Unsupported mime audio/mpeg-L1
03-02 17:55:24.176 14922 17188 W AudioCapabilities: Unsupported mime audio/mpeg-L2
03-02 17:55:24.181 14922 17188 W VideoCapabilities: Unrecognized profile/level 32768/2 for video/mp4v-es
03-02 17:55:24.181 14922 17188 W VideoCapabilities: Unrecognized profile/level 32768/64 for video/mp4v-es
03-02 17:55:24.203 14922 14922 E RecyclerView: No adapter attached; skipping layout
03-02 17:55:24.205 14922 14922 E RecyclerView: No adapter attached; skipping layout
03-02 17:55:24.364 14922 17192 E ACodec : [OMX.sprd.h264.decoder] setPortMode on output to DynamicANWBuffer failed w/ err -2147483648
03-02 17:55:24.538 14922 17199 W Codec2Client: query -- param skipped: index = 1107298332.
03-02 17:55:24.538 14922 17199 W CCodec : This behavior is subject to change. It is recommended that app developers double check whether the requested max input size is in reasonable range.
03-02 17:55:24.543 14922 17199 W Codec2Client: query -- param skipped: index = 1342179345.
03-02 17:55:24.544 14922 17199 W Codec2Client: query -- param skipped: index = 2415921170.
03-02 17:55:24.544 14922 17199 W Codec2Client: query -- param skipped: index = 1610614798.
03-02 17:55:24.552 14922 17199 E ion : ioctl c0044901 failed with code -1: Inappropriate ioctl for device
03-02 17:55:24.564 14922 17191 W MediaCodec: mapFormat: no mediaType information
03-02 17:55:24.607 14922 17191 E Surface : freeAllBuffers: 8 buffers were freed while being dequeued!
03-02 17:55:24.735 14922 14989 E SQLiteDatabase: Error inserting transferred=1 media_job_uuid=10cf216f-442b-48b3-9e95-6fdc1b4f3706 transcoded=0 gif_attribution=0 first_scan_length=0 direct_path=/v/t62.7161- 24/40873394_1073756373977677_915313182950217756_n.enc?ccb=11- 4&oh=01_AdSj_cIovkVWR6-L6pG8tr-VzXnpsJitBJSReDGWvBKKLg&oe=660B4492&_nc_sid=5e03e0 thumbnail_height_width_ratio=1.7777778 is_animated_sticker=0 file_hash=aC1T9nX4f/XdfjJK+pxN+ihK8Kp/oAC2fZ7Por61kFQ= file_path=Media/.Statuses/3f84a0d577c94867bbe0d0b535e192fa.mp4 file_size=796582 partial_media_hash=null face_x=0 face_y=0 height=656 trim_to=0 media_key_timestamp=1709423531000 message_url=https://mmg.whatsapp.net/v/t62.7161- 24/40873394_1073756373977677_915313182950217756_n.enc?ccb=11- 4&oh=01_AdSj_cIovkVWR6-L6pG8tr- VzXnpsJitBJSReDGWvBKKLg&oe=660B4492&_nc_sid=5e03e0&mms3=true media_caption=null trim_from=0 mime_type=video/mp4 partial_media_enc_hash=null width=368 original_file_hash=null has_streaming_sidecar=1 autotransfer_retry_enabled=1 media_upload_handle=null message_row_id=307940 multicast_id=null enc_file_hash=z5ELKUAKZNGi902ibNL6/HlXG9dSJaCKL5FzRW1s1EQ= mute_video=0 page_count=0 first_scan_sidecar=null suspicious_content=0 file_length=796582 media_name=null media_duration=20 chat_row_id=87 media_key=[B@f682dfc
03-02 17:55:24.735 14922 14989 E SQLiteDatabase: android.database.sqlite.SQLiteConstraintException: UNIQUE constraint failed: message_media.message_row_id (code 1555 SQLITE_CONSTRAINT_PRIMARYKEY[1555])
03-02 17:55:24.735 14922 14989 E SQLiteDatabase: at android.database.sqlite.SQLiteConnection.nativeExecuteForLastInsertedRowId(Native Method)
03-02 17:55:24.735 14922 14989 E SQLiteDatabase: at android.database.sqlite.SQLiteConnection.executeForLastInsertedRowId(SQLiteConnecti on.java:1232)
03-02 17:55:24.735 14922 14989 E SQLiteDatabase: at android.database.sqlite.SQLiteSession.executeForLastInsertedRowId(SQLiteSession.jav a:790)
03-02 17:55:24.735 14922 14989 E SQLiteDatabase: at android.database.sqlite.SQLiteStatement.executeInsert(SQLiteStatement.java:89)
03-02 17:55:24.735 14922 14989 E SQLiteDatabase: at android.database.sqlite.SQLiteDatabase.insertWithOnConflict(SQLiteDatabase.java:224 4)
03-02 17:55:24.735 14922 14989 E SQLiteDatabase: at android.database.sqlite.SQLiteDatabase.insert(SQLiteDatabase.java:2113)
