03-02 17:45:49.056 11848 11848 E ArmVmp : Match on catch block at 0x0a in for 0x151
03-02 17:45:49.058 11848 11848 E ArmVmp : Match on catch block at 0x0a in for 0x149
03-02 17:45:49.132 11848 11848 E ArmVmp : Match on catch block at 0xc3 in for 0x149
03-02 17:45:49.137 11848 11848 E ArmVmp : Match on catch block at 0xc3 in for 0x145
03-02 17:45:49.537 11848 11848 E ArmVmp : Match on catch block at 0x0a in for 0x149
03-02 17:45:49.539 11848 11848 E ArmVmp : Match on catch block at 0x0a in for 0x141
03-02 17:45:49.541 11848 11848 E ArmVmp : Match on catch block at 0x0a in for 0x155
03-02 17:45:49.542 11848 11848 E ArmVmp : Match on catch block at 0x0a in for 0x14d
03-02 17:45:49.632 11848 11848 E ArmVmp : Match on catch block at 0xc3 in for 0x14d
03-02 17:45:49.636 11848 11848 E ArmVmp : Match on catch block at 0xc3 in for 0x149
03-02 17:45:49.834 11848 11848 E ArmVmp : Match on catch block at 0x0a in for 0x14d
03-02 17:45:49.836 11848 11848 E ArmVmp : Match on catch block at 0x0a in for 0x145
03-02 17:45:49.838 11848 11848 E ArmVmp : Match on catch block at 0x0a in for 0x159
03-02 17:45:49.839 11848 11848 E ArmVmp : Match on catch block at 0x0a in for 0x151
03-02 17:45:49.901 11848 11848 E ArmVmp : Match on catch block at 0x0a in for 0x151
03-02 17:45:49.903 11848 11848 E ArmVmp : Match on catch block at 0x0a in for 0x149
03-02 17:45:49.904 11848 11848 E ArmVmp : Match on catch block at 0x0a in for 0x141
03-02 17:45:49.905 11848 11848 E ArmVmp : Match on catch block at 0x0a in for 0x155
03-02 17:45:50.131 11848 11848 E ArmVmp : Match on catch block at 0xc3 in for 0x155
03-02 17:45:50.137 11848 11848 E ArmVmp : Match on catch block at 0xc3 in for 0x151
03-02 17:45:50.317 11848 11848 E ArmVmp : Match on catch block at 0x0a in for 0x155
03-02 17:45:50.318 11848 11848 E ArmVmp : Match on catch block at 0x0a in for 0x14d
03-02 17:45:50.451 11848 11848 E ArmVmp : Match on catch block at 0x0a in for 0x145
03-02 17:45:50.452 11848 11848 E ArmVmp : Match on catch block at 0x0a in for 0x159
03-02 17:45:50.454 11848 11848 E ArmVmp : Match on catch block at 0x0a in for 0x151
03-02 17:45:50.455 11848 11848 E ArmVmp : Match on catch block at 0x0a in for 0x149
03-02 17:45:50.631 11848 11848 E ArmVmp : Match on catch block at 0xc3 in for 0x149
03-02 17:45:50.635 11848 11848 E ArmVmp : Match on catch block at 0xc3 in for 0x145
03-02 17:45:50.842 11848 11848 E ArmVmp : Match on catch block at 0xc3 in for 0x159
03-02 17:45:50.845 11848 11848 E ArmVmp : Match on catch block at 0xc3 in for 0x155
03-02 17:45:50.862 11848 11848 E ArmVmp : Match on catch block at 0xc3 in for 0x145
03-02 17:45:50.866 11848 11848 E ArmVmp : Match on catch block at 0xc3 in for 0x141
03-02 17:45:51.004 11848 11848 E ArmVmp : Match on catch block at 0xc3 in for 0x149
03-02 17:45:51.007 11848 11848 E ArmVmp : Match on catch block at 0xc3 in for 0x145
03-02 17:45:51.030 11848 11848 E ArmVmp : Match on catch block at 0xc3 in for 0x151
03-02 17:45:51.033 11848 11848 E ArmVmp : Match on catch block at 0xc3 in for 0x14d
03-02 17:45:51.130 11848 11848 E ArmVmp : Match on catch block at 0xc3 in for 0x159
03-02 17:45:51.133 11848 11848 E ArmVmp : Match on catch block at 0xc3 in for 0x155
03-02 17:45:51.632 11848 11848 E ArmVmp : Match on catch block at 0xc3 in for 0x145
03-02 17:45:51.637 11848 11848 E ArmVmp : Match on catch block at 0xc3 in for 0x141
03-02 17:45:52.047 11848 11848 E ArmVmp : Match on catch block at 0xc3 in for 0x151
03-02 17:45:52.049 11848 11848 E ArmVmp : Match on catch block at 0xc3 in for 0x14d
03-02 17:45:52.078 11848 12064 E SQLiteDatabase: Error inserting transferred=0 media_job_uuid=5d3d3093-ce97-4f1e-b18e-201ef0fd3335 transcoded=1 gif_attribution=0 first_scan_length=0 direct_path=null thumbnail_height_width_ratio=1.0 is_animated_sticker=0 file_hash=duR0DYzZfNOJaqXGeG8U2HYZthMqSLNl/JVZGQDxpWE= file_path=/data/user/0/com.whatsapp/files/Stickers/duR0DYzZfNOJaqXGeG8U2HYZthMqSLNl -JVZGQDxpWE=.webp file_size=38704 partial_media_hash=null face_x=0 face_y=0 height=512 trim_to=0 media_key_timestamp=0 message_url=null media_caption=null trim_from=0 mime_type=image/webp partial_media_enc_hash=null width=512 original_file_hash=null has_streaming_sidecar=0 autotransfer_retry_enabled=1 media_upload_handle=null message_row_id=307909 multicast_id=null enc_file_hash=null mute_video=0 page_count=0 first_scan_sidecar=null suspicious_content=0 file_length=38704 media_name=duR0DYzZfNOJaqXGeG8U2HYZthMqSLNl-JVZGQDxpWE=.webp media_duration=0 chat_row_id=5205 media_key=null
03-02 17:45:52.078 11848 12064 E SQLiteDatabase: android.database.sqlite.SQLiteConstraintException: UNIQUE constraint failed: message_media.message_row_id (code 1555 SQLITE_CONSTRAINT_PRIMARYKEY[1555])
03-02 17:45:52.078 11848 12064 E SQLiteDatabase: at android.database.sqlite.SQLiteConnection.nativeExecuteForLastInsertedRowId(Native Method)
03-02 17:45:52.078 11848 12064 E SQLiteDatabase: at android.database.sqlite.SQLiteConnection.executeForLastInsertedRowId(SQLiteConnecti on.java:1232)
03-02 17:45:52.078 11848 12064 E SQLiteDatabase: at android.database.sqlite.SQLiteSession.executeForLastInsertedRowId(SQLiteSession.jav a:790)
03-02 17:45:52.078 11848 12064 E SQLiteDatabase: at android.database.sqlite.SQLiteStatement.executeInsert(SQLiteStatement.java:89)
03-02 17:45:52.078 11848 12064 E SQLiteDatabase: at android.database.sqlite.SQLiteDatabase.insertWithOnConflict(SQLiteDatabase.java:224 4)
03-02 17:45:52.078 11848 12064 E SQLiteDatabase: at android.database.sqlite.SQLiteDatabase.insert(SQLiteDatabase.java:2113)
03-02 17:45:52.078 11848 12064 E SQLiteDatabase: at X.2tm.A08(Unknown Source:6)
03-02 17:45:52.078 11848 12064 E SQLiteDatabase: at X.35Y.A07(Unknown Source:212)
03-02 17:45:52.078 11848 12064 E SQLiteDatabase: at X.3QF.A14(Unknown Source:470)
03-02 17:45:52.078 11848 12064 E SQLiteDatabase: at X.3gU.run(Unknown Source:982)
03-02 17:45:52.078 11848 12064 E SQLiteDatabase: at android.os.Handler.handleCallback(Handler.java:938)
03-02 17:45:52.078 11848 12064 E SQLiteDatabase: at android.os.Handler.dispatchMessage(Handler.java:99)
03-02 17:45:52.078 11848 12064 E SQLiteDatabase: at X.0zq.dispatchMessage(Unknown Source:4)
03-02 17:45:52.078 11848 12064 E SQLiteDatabase: at android.os.Looper.loopOnce(Looper.java:226)
03-02 17:45:52.078 11848 12064 E SQLiteDatabase: at android.os.Looper.loop(Looper.java:313)
03-02 17:45:52.078 11848 12064 E SQLiteDatabase: at android.os.HandlerThread.run(HandlerThread.java:67)
03-02 17:45:52.131 11848 11848 E ArmVmp : Match on catch block at 0xc3 in for 0x151
03-02 17:45:52.134 11848 11848 E ArmVmp : Match on catch block at 0xc3 in for 0x14d
03-02 17:45:52.147 11848 11848 E ArmVmp : Match on catch block at 0xc3 in for 0x145
03-02 17:45:52.149 11848 11848 E ArmVmp : Match on catch block at 0xc3 in for 0x141
03-02 17:45:52.181 11848 11848 E ArmVmp : Match on catch block at 0x0a in for 0x145
03-02 17:45:52.200 11848 11848 E ArmVmp : Match on catch block at 0xc3 in for 0x155
03-02 17:45:52.203 11848 11848 E ArmVmp : Match on catch block at 0xc3 in for 0x151
03-02 17:45:52.444 11848 12064 E SQLiteDatabase: Error inserting transferred=1 media_job_uuid=5d3d3093-ce97-4f1e-b18e-201ef0fd3335 transcoded=1 gif_attribution=0 first_scan_length=0 direct_path=/v/t62.15575- 24/18963705_734383418464931_7555717271631166606_n.enc?ccb=11- 4&oh=01_AdSPFrEidWvYJ4Ts2AkpWDDdM3lC1sLZ4T_A6iJmfuO5Fw&oe=660B129E&_nc_sid=5e03e0 thumbnail_height_width_ratio=1.0 is_animated_sticker=0 file_hash=duR0DYzZfNOJaqXGeG8U2HYZthMqSLNl/JVZGQDxpWE= file_path=Media/WhatsApp Stickers/STK-20240229-WA0650.webp file_size=38704 partial_media_hash=null face_x=0 face_y=0 height=512 trim_to=0 media_key_timestamp=1709262498703 message_url=https://mmg.whatsapp.net/v/t62.15575- 24/18963705_734383418464931_7555717271631166606_n.enc?ccb=11- 4&oh=01_AdSPFrEidWvYJ4Ts2AkpWDDdM3lC1sLZ4T_A6iJmfuO5Fw&oe=660B129E&_nc_sid=5e03e0&m ms3=true media_caption=null trim_from=0 mime_type=image/webp partial_media_enc_hash=null width=512 original_file_hash=null has_streaming_sidecar=0 autotransfer_retry_enabled=0 media_upload_handle=null message_row_id=307909 multicast_id=null enc_file_hash=Hpi58XlLGd8g6Xo8Pka7Ap1lY0+xidd9f0qr29JD+B8= mute_video=0 page_count=0 first_scan_sidecar=null suspicious_content=0 file_length=38704 media_name=duR0DYzZfNOJaqXGeG8U2HYZthMqSLNl-JVZGQDxpWE=.webp media_duration=0 chat_row_id=5205 media_key=[B@e14c87d
03-02 17:45:52.444 11848 12064 E SQLiteDatabase: android.database.sqlite.SQLiteConstraintException: UNIQUE constraint failed: message_media.message_row_id (code 1555 SQLITE_CONSTRAINT_PRIMARYKEY[1555])
03-02 17:45:52.444 11848 12064 E SQLiteDatabase: at android.database.sqlite.SQLiteConnection.nativeExecuteForLastInsertedRowId(Native Method)
03-02 17:45:52.444 11848 12064 E SQLiteDatabase: at android.database.sqlite.SQLiteConnection.executeForLastInsertedRowId(SQLiteConnecti on.java:1232)
03-02 17:45:52.444 11848 12064 E SQLiteDatabase: at android.database.sqlite.SQLiteSession.executeForLastInsertedRowId(SQLiteSession.jav a:790)
03-02 17:45:52.444 11848 12064 E SQLiteDatabase: at android.database.sqlite.SQLiteStatement.executeInsert(SQLiteStatement.java:89)
03-02 17:45:52.444 11848 12064 E SQLiteDatabase: at android.database.sqlite.SQLiteDatabase.insertWithOnConflict(SQLiteDatabase.java:224 4)
03-02 17:45:52.444 11848 12064 E SQLiteDatabase: at android.database.sqlite.SQLiteDatabase.insert(SQLiteDatabase.java:2113)
03-02 17:45:52.444 11848 12064 E SQLiteDatabase: at X.2tm.A08(Unknown Source:6)
03-02 17:45:52.444 11848 12064 E SQLiteDatabase: at X.35Y.A07(Unknown Source:212)
03-02 17:45:52.444 11848 12064 E SQLiteDatabase: at X.3QF.A14(Unknown Source:470)
03-02 17:45:52.444 11848 12064 E SQLiteDatabase: at X.3gU.run(Unknown Source:982)
03-02 17:45:52.444 11848 12064 E SQLiteDatabase: at android.os.Handler.handleCallback(Handler.java:938)
03-02 17:45:52.444 11848 12064 E SQLiteDatabase: at android.os.Handler.dispatchMessage(Handler.java:99)
03-02 17:45:52.444 11848 12064 E SQLiteDatabase: at X.0zq.dispatchMessage(Unknown Source:4)
03-02 17:45:52.444 11848 12064 E SQLiteDatabase: at android.os.Looper.loopOnce(Looper.java:226)
03-02 17:45:52.444 11848 12064 E SQLiteDatabase: at android.os.Looper.loop(Looper.java:313)
03-02 17:45:52.444 11848 12064 E SQLiteDatabase: at android.os.HandlerThread.run(HandlerThread.java:67)
03-02 17:45:52.480 11848 11848 E ArmVmp : Match on catch block at 0xc3 in for 0x155
03-02 17:45:52.482 11848 11848 E ArmVmp : Match on catch block at 0xc3 in for 0x151
03-02 17:45:52.666 11848 11848 E ArmVmp : Match on catch block at 0xc3 in for 0x159
03-02 17:45:52.670 11848 11848 E ArmVmp : Match on catch block at 0xc3 in for 0x155
03-02 17:45:52.688 11848 13077 W MediaPlayer: Use of stream types is deprecated for operations other than volume control
03-02 17:45:52.688 11848 13077 W MediaPlayer: See the documentation of setAudioStreamType() for what to use instead with android.media.AudioAttributes to qualify your playback use case
03-02 17:45:52.689 11848 11848 E ArmVmp : Match on catch block at 0xc3 in for 0x155
03-02 17:45:52.692 11848 11848 E ArmVmp : Match on catch block at 0xc3 in for 0x151
03-02 17:45:52.717 11848 11860 W MediaPlayerNative: info/warning (10973, 0)
03-02 17:45:53.052 11848 11848 E ArmVmp : Match on catch block at 0xc3 in for 0x159
03-02 17:45:53.057 11848 11848 E ArmVmp : Match on catch block at 0xc3 in for 0x155
03-02 17:45:53.171 11848 11848 E ArmVmp : Match on catch block at 0xc3 in for 0x151
03-02 17:45:53.174 11848 11848 E ArmVmp : Match on catch block at 0xc3 in for 0x14d
03-02 17:45:53.180 11848 11848 E ArmVmp : Match on catch block at 0xc3 in for 0x159
03-02 17:45:53.183 11848 11848 E ArmVmp : Match on catch block at 0xc3 in for 0x155
03-02 17:45:53.197 11848 11848 E ArmVmp : Match on catch block at 0xc3 in for 0x145
03-02 17:45:53.200 11848 11848 E ArmVmp : Match on catch block at 0xc3 in for 0x141
03-02 17:45:53.374 11848 11848 E ArmVmp : Match on catch block at 0xc3 in for 0x14d
03-02 17:45:53.376 11848 11848 E ArmVmp : Match on catch block at 0xc3 in for 0x149
03-02 17:45:53.402 11848 11848 E ArmVmp : Match on catch block at 0xc3 in for 0x14d
03-02 17:45:53.405 11848 11848 E ArmVmp : Match on catch block at 0xc3 in for 0x149
03-02 17:45:53.697 11848 11848 E ArmVmp : Match on catch block at 0xc3 in for 0x149
03-02 17:45:53.700 11848 11848 E ArmVmp : Match on catch block at 0xc3 in for 0x145
03-02 17:45:53.832 11848 11848 E ArmVmp : Match on catch block at 0xc3 in for 0x141
03-02 17:45:53.837 11848 11848 E ArmVmp : Match on catch block at 0xc3 in for 0x159
03-02 17:45:53.945 11848 11848 E ArmVmp : Match on catch block at 0xc3 in for 0x151
03-02 17:45:53.948 11848 11848 E ArmVmp : Match on catch block at 0xc3 in for 0x14d
03-02 17:45:54.032 11848 11848 E ArmVmp : Match on catch block at 0xc3 in for 0x155
03-02 17:45:54.038 11848 11848 E ArmVmp : Match on catch block at 0xc3 in for 0x151
03-02 17:45:54.074 11848 11848 W BottomSheetBehavior: BottomSheetBehavior now supports multiple callbacks. `setBottomSheetCallback()` removes all existing callbacks, including ones set internally by library authors, which may result in unintended behavior. This may change in the future. Please use `addBottomSheetCallback()` and `removeBottomSheetCallback()` instead to set your own callbacks.
03-02 17:45:54.074 11848 11848 W BottomSheetBehavior: BottomSheetBehavior now supports multiple callbacks. `setBottomSheetCallback()` removes all existing callbacks, including ones set internally by library authors, which may result in unintended behavior. This may change in the future. Please use `addBottomSheetCallback()` and `removeBottomSheetCallback()` instead to set your own callbacks.
03-02 17:45:54.192 11848 11848 W BottomSheetBehavior: BottomSheetBehavior now supports multiple callbacks. `setBottomSheetCallback()` removes all existing callbacks, including ones set internally by library authors, which may result in unintended behavior. This may change in the future. Please use `addBottomSheetCallback()` and `removeBottomSheetCallback()` instead to set your own callbacks.
03-02 17:45:54.192 11848 11848 W BottomSheetBehavior: BottomSheetBehavior now supports multiple callbacks. `setBottomSheetCallback()` removes all existing callbacks, including ones set internally by library authors, which may result in unintended behavior. This may change in the future. Please use `addBottomSheetCallback()` and `removeBottomSheetCallback()` instead to set your own callbacks.
03-02 17:45:54.211 11848 11848 W BottomSheetBehavior: BottomSheetBehavior now supports multiple callbacks. `setBottomSheetCallback()` removes all existing callbacks, including ones set internally by library authors, which may result in unintended behavior. This may change in the future. Please use `addBottomSheetCallback()` and `removeBottomSheetCallback()` instead to set your own callbacks.
03-02 17:45:54.212 11848 11848 W BottomSheetBehavior: BottomSheetBehavior now supports multiple callbacks. `setBottomSheetCallback()` removes all existing callbacks, including ones set internally by library authors, which may result in unintended behavior. This may change in the future. Please use `addBottomSheetCallback()` and `removeBottomSheetCallback()` instead to set your own callbacks.
03-02 17:45:54.294 11848 13393 W AudioCapabilities: Unsupported mime audio/x-ima
03-02 17:45:54.295 11848 13393 W AudioCapabilities: Unsupported mime audio/mpeg-L1
03-02 17:45:54.295 11848 13393 W AudioCapabilities: Unsupported mime audio/mpeg-L2
03-02 17:45:54.295 11848 13393 W VideoCapabilities: Unsupported mime video/wvc1
03-02 17:45:54.295 11848 13393 W VideoCapabilities: Unsupported mime video/x-ms-wmv
03-02 17:45:54.295 11848 13393 W AudioCapabilities: Unsupported mime audio/mpeg-L1
03-02 17:45:54.295 11848 13393 W AudioCapabilities: Unsupported mime audio/mpeg-L2
03-02 17:45:54.299 11848 13393 W VideoCapabilities: Unrecognized profile/level 32768/2 for video/mp4v-es
03-02 17:45:54.299 11848 13393 W VideoCapabilities: Unrecognized profile/level 32768/64 for video/mp4v-es
03-02 17:45:54.327 11848 11848 E ArmVmp : Match on catch block at 0xc3 in for 0x14d
03-02 17:45:54.332 11848 11848 E ArmVmp : Match on catch block at 0xc3 in for 0x149
03-02 17:45:54.410 11848 13407 E ACodec : [OMX.sprd.h264.decoder] setPortMode on output to DynamicANWBuffer failed w/ err -2147483648
03-02 17:45:54.505 11848 13412 W Codec2Client: query -- param skipped: index = 1107298332.
03-02 17:45:54.505 11848 13412 W CCodec : This behavior is subject to change. It is recommended that app developers double check whether the requested max input size is in reasonable range.
03-02 17:45:54.508 11848 13412 W Codec2Client: query -- param skipped: index = 1342179345.
03-02 17:45:54.508 11848 13412 W Codec2Client: query -- param skipped: index = 2415921170.
03-02 17:45:54.508 11848 13412 W Codec2Client: query -- param skipped: index = 1610614798.
03-02 17:45:54.517 11848 13412 E ion : ioctl c0044901 failed with code -1: Inappropriate ioctl for device
03-02 17:45:54.547 11848 13406 W MediaCodec: mapFormat: no mediaType information
03-02 17:46:02.920 11848 11848 E ArmVmp : Match on catch block at 0xc3 in for 0x151
03-02 17:46:02.923 11848 11848 E ArmVmp : Match on catch block at 0xc3 in for 0x14d
03-02 17:46:03.001 11848 11848 E ArmVmp : Match on catch block at 0xc3 in for 0x141
03-02 17:46:03.005 11848 11848 E ArmVmp : Match on catch block at 0xc3 in for 0x159
03-02 17:46:03.031 11848 11848 E ArmVmp : Match on catch block at 0xc3 in for 0x141
03-02 17:46:03.034 11848 11848 E ArmVmp : Match on catch block at 0xc3 in for 0x159
03-02 17:46:03.068 11848 11848 E ArmVmp : Match on catch block at 0xc3 in for 0x159
03-02 17:46:03.071 11848 11848 E ArmVmp : Match on catch block at 0xc3 in for 0x155
03-02 17:46:03.091 11848 11848 E ArmVmp : Match on catch block at 0xc3 in for 0x145
03-02 17:46:03.095 11848 11848 E ArmVmp : Match on catch block at 0xc3 in for 0x141
03-02 17:46:03.109 11848 11848 E ArmVmp : Match on catch block at 0xc3 in for 0x14d
03-02 17:46:03.114 11848 11848 E ArmVmp : Match on catch block at 0xc3 in for 0x149
03-02 17:46:03.126 11848 11848 E ArmVmp : Match on catch block at 0xc3 in for 0x155
03-02 17:46:03.130 11848 11848 E ArmVmp : Match on catch block at 0xc3 in for 0x151
03-02 17:46:03.142 11848 11848 E ArmVmp : Match on catch block at 0xc3 in for 0x141
03-02 17:46:03.147 11848 11848 E ArmVmp : Match on catch block at 0xc3 in for 0x159
03-02 17:46:03.159 11848 11848 E ArmVmp : Match on catch block at 0xc3 in for 0x149
03-02 17:46:03.163 11848 11848 E ArmVmp : Match on catch block at 0xc3 in for 0x145
03-02 17:46:03.174 11848 11848 E ArmVmp : Match on catch block at 0xc3 in for 0x151
03-02 17:46:03.180 11848 11848 E ArmVmp : Match on catch block at 0xc3 in for 0x14d
03-02 17:46:03.194 11848 11848 E ArmVmp : Match on catch block at 0xc3 in for 0x159
03-02 17:46:03.200 11848 11848 E ArmVmp : Match on catch block at 0xc3 in for 0x155
03-02 17:46:03.212 11848 11848 E ArmVmp : Match on catch block at 0xc3 in for 0x145
03-02 17:46:03.218 11848 11848 E ArmVmp : Match on catch block at 0xc3 in for 0x141
03-02 17:46:03.230 11848 11848 E ArmVmp : Match on catch block at 0xc3 in for 0x14d
03-02 17:46:03.235 11848 11848 E ArmVmp : Match on catch block at 0xc3 in for 0x149
03-02 17:46:03.249 11848 11848 E ArmVmp : Match on catch block at 0xc3 in for 0x155
03-02 17:46:03.256 11848 11848 E ArmVmp : Match on catch block at 0xc3 in for 0x151
03-02 17:46:03.268 11848 11848 E ArmVmp : Match on catch block at 0xc3 in for 0x141
03-02 17:46:03.275 11848 11848 E ArmVmp : Match on catch block at 0xc3 in for 0x159
03-02 17:46:03.287 11848 11848 E ArmVmp : Match on catch block at 0xc3 in for 0x149
03-02 17:46:03.292 11848 11848 E ArmVmp : Match on catch block at 0xc3 in for 0x145
03-02 17:46:03.305 11848 11848 E ArmVmp : Match on catch block at 0xc3 in for 0x151
03-02 17:46:03.311 11848 11848 E ArmVmp : Match on catch block at 0xc3 in for 0x14d
03-02 17:46:03.323 11848 11848 E ArmVmp : Match on catch block at 0xc3 in for 0x159
03-02 17:46:03.329 11848 11848 E ArmVmp : Match on catch block at 0xc3 in for 0x155
03-02 17:46:03.342 11848 11848 E ArmVmp : Match on catch block at 0xc3 in for 0x145
03-02 17:46:03.348 11848 11848 E ArmVmp : Match on catch block at 0xc3 in for 0x141
03-02 17:46:03.361 11848 11848 E ArmVmp : Match on catch block at 0xc3 in for 0x14d
03-02 17:46:03.367 11848 11848 E ArmVmp : Match on catch block at 0xc3 in for 0x149
03-02 17:46:03.380 11848 11848 E ArmVmp : Match on catch block at 0xc3 in for 0x155
03-02 17:46:03.385 11848 11848 E ArmVmp : Match on catch block at 0xc3 in for 0x151
03-02 17:46:03.400 11848 11848 E ArmVmp : Match on catch block at 0xc3 in for 0x141
03-02 17:46:03.405 11848 11848 E ArmVmp : Match on catch block at 0xc3 in for 0x159
03-02 17:46:03.418 11848 11848 E ArmVmp : Match on catch block at 0xc3 in for 0x149
03-02 17:46:03.423 11848 11848 E ArmVmp : Match on catch block at 0xc3 in for 0x145
03-02 17:46:03.437 11848 11848 E ArmVmp : Match on catch block at 0xc3 in for 0x151
03-02 17:46:03.442 11848 11848 E ArmVmp : Match on catch block at 0xc3 in for 0x14d
03-02 17:46:05.540 11848 13412 W Codec2Client: query -- param skipped: index = 1342179345.
03-02 17:46:05.540 11848 13412 W Codec2Client: query -- param skipped: index = 2415921170.
03-02 17:46:05.540 11848 13412 W Codec2Client: query -- param skipped: index = 1610614798.
03-02 17:46:05.544 11848 13406 E Surface : freeAllBuffers: 8 buffers were freed while being dequeued!
03-02 17:46:05.576 11848 11848 W BottomSheetBehavior: BottomSheetBehavior now supports multiple callbacks. `setBottomSheetCallback()` removes all existing callbacks, including ones set internally by library authors, which may result in unintended behavior. This may change in the future. Please use `addBottomSheetCallback()` and `removeBottomSheetCallback()` instead to set your own callbacks.
03-02 17:46:05.576 11848 11848 W BottomSheetBehavior: BottomSheetBehavior now supports multiple callbacks. `setBottomSheetCallback()` removes all existing callbacks, including ones set internally by library authors, which may result in unintended behavior. This may change in the future. Please use `addBottomSheetCallback()` and `removeBottomSheetCallback()` instead to set your own callbacks.
03-02 17:46:05.582 11848 13542 E ACodec : [OMX.sprd.h264.decoder] setPortMode on output to DynamicANWBuffer failed w/ err -2147483648
03-02 17:46:05.653 11848 13546 W Codec2Client: query -- param skipped: index = 1107298332.
03-02 17:46:05.653 11848 13546 W CCodec : This behavior is subject to change. It is recommended that app developers double check whether the requested max input size is in reasonable range.
03-02 17:46:05.655 11848 13546 W Codec2Client: query -- param skipped: index = 1342179345.
03-02 17:46:05.655 11848 13546 W Codec2Client: query -- param skipped: index = 2415921170.
03-02 17:46:05.655 11848 13546 W Codec2Client: query -- param skipped: index = 1610614798.
03-02 17:46:05.665 11848 13541 W MediaCodec: mapFormat: no mediaType information
03-02 17:46:24.557 11848 11848 E ArmVmp : Match on catch block at 0xc3 in for 0x14d
03-02 17:46:24.559 11848 11848 E ArmVmp : Match on catch block at 0xc3 in for 0x149
03-02 17:46:24.562 11848 11848 E ArmVmp : Match on catch block at 0xc3 in for 0x14d
03-02 17:46:24.592 11848 11848 E ArmVmp : Match on catch block at 0xc3 in for 0x14d
03-02 17:46:24.595 11848 11848 E ArmVmp : Match on catch block at 0xc3 in for 0x149
03-02 17:46:24.596 11848 11848 E ArmVmp : Match on catch block at 0xc3 in for 0x14d
03-02 17:46:26.482 11848 11848 E ArmVmp : Match on catch block at 0xc3 in for 0x159
03-02 17:46:26.485 11848 11848 E ArmVmp : Match on catch block at 0xc3 in for 0x155
03-02 17:46:26.486 11848 11848 E ArmVmp : Match on catch block at 0xc3 in for 0x159
03-02 17:46:26.517 11848 11848 E ArmVmp : Match on catch block at 0xc3 in for 0x155
03-02 17:46:26.520 11848 11848 E ArmVmp : Match on catch block at 0xc3 in for 0x151
03-02 17:46:26.522 11848 11848 E ArmVmp : Match on catch block at 0xc3 in for 0x155
03-02 17:46:26.535 11848 11848 E ArmVmp : Match on catch block at 0xc3 in for 0x159
03-02 17:46:26.539 11848 11848 E ArmVmp : Match on catch block at 0xc3 in for 0x155
03-02 17:46:26.541 11848 11848 E ArmVmp : Match on catch block at 0xc3 in for 0x159
03-02 17:46:26.576 11848 13546 W Codec2Client: query -- param skipped: index = 1342179345.
03-02 17:46:26.576 11848 13546 W Codec2Client: query -- param skipped: index = 2415921170.
03-02 17:46:26.576 11848 13546 W Codec2Client: query -- param skipped: index = 1610614798.
03-02 17:46:26.580 11848 13541 E Surface : freeAllBuffers: 8 buffers were freed while being dequeued!
03-02 17:46:27.010 11848 11848 E ArmVmp : Match on catch block at 0xc3 in for 0x155
03-02 17:46:27.015 11848 11848 E ArmVmp : Match on catch block at 0xc3 in for 0x151
03-02 17:46:27.017 11848 11848 E ArmVmp : Match on catch block at 0xc3 in for 0x155
03-02 17:46:27.512 11848 11848 E ArmVmp : Match on catch block at 0xc3 in for 0x151
03-02 17:46:27.518 11848 11848 E ArmVmp : Match on catch block at 0xc3 in for 0x14d
03-02 17:46:27.521 11848 11848 E ArmVmp : Match on catch block at 0xc3 in for 0x151
03-02 17:46:27.744 11848 11848 E ArmVmp : Match on catch block at 0xc3 in for 0x159
03-02 17:46:27.746 11848 11848 E ArmVmp : Match on catch block at 0xc3 in for 0x155
03-02 17:46:27.748 11848 11848 E ArmVmp : Match on catch block at 0xc3 in for 0x159
03-02 17:46:27.919 11848 11848 E ArmVmp : Match on catch block at 0xc3 in for 0x14d
03-02 17:46:27.925 11848 11848 E ArmVmp : Match on catch block at 0xc3 in for 0x149
03-02 17:46:27.929 11848 11848 E ArmVmp : Match on catch block at 0xc3 in for 0x14d
03-02 17:46:27.943 11848 11848 E ArmVmp : Match on catch block at 0xc3 in for 0x149
03-02 17:46:27.945 11848 11848 E ArmVmp : Match on catch block at 0xc3 in for 0x145
03-02 17:46:27.947 11848 11848 E ArmVmp : Match on catch block at 0xc3 in for 0x149
03-02 17:46:28.010 11848 11848 E ArmVmp : Match on catch block at 0xc3 in for 0x145
03-02 17:46:28.012 11848 11848 E ArmVmp : Match on catch block at 0xc3 in for 0x141
03-02 17:46:28.014 11848 11848 E ArmVmp : Match on catch block at 0xc3 in for 0x145
03-02 17:46:28.510 11848 11848 E ArmVmp : Match on catch block at 0xc3 in for 0x141
03-02 17:46:28.517 11848 11848 E ArmVmp : Match on catch block at 0xc3 in for 0x159
03-02 17:46:28.520 11848 11848 E ArmVmp : Match on catch block at 0xc3 in for 0x141
03-02 17:46:28.764 11848 11848 E ArmVmp : Match on catch block at 0xc3 in for 0x14d
03-02 17:46:28.768 11848 11848 E ArmVmp : Match on catch block at 0xc3 in for 0x149
03-02 17:46:28.772 11848 11848 E ArmVmp : Match on catch block at 0xc3 in for 0x14d
03-02 17:46:28.780 11848 11848 E ArmVmp : Match on catch block at 0xc3 in for 0x151
03-02 17:46:28.782 11848 11848 E ArmVmp : Match on catch block at 0xc3 in for 0x14d
03-02 17:46:28.786 11848 11848 E ArmVmp : Match on catch block at 0xc3 in for 0x151
03-02 17:46:28.793 11848 11848 E ArmVmp : Match on catch block at 0xc3 in for 0x14d
03-02 17:46:28.795 11848 11848 E ArmVmp : Match on catch block at 0xc3 in for 0x149
03-02 17:46:28.798 11848 11848 E ArmVmp : Match on catch block at 0xc3 in for 0x14d
03-02 17:46:28.810 11848 11848 E ArmVmp : Match on catch block at 0xc3 in for 0x149
03-02 17:46:28.813 11848 11848 E ArmVmp : Match on catch block at 0xc3 in for 0x145
03-02 17:46:28.815 11848 11848 E ArmVmp : Match on catch block at 0xc3 in for 0x149
03-02 17:46:28.827 11848 11848 E ArmVmp : Match on catch block at 0xc3 in for 0x145
03-02 17:46:28.831 11848 11848 E ArmVmp : Match on catch block at 0xc3 in for 0x141
03-02 17:46:28.835 11848 11848 E ArmVmp : Match on catch block at 0xc3 in for 0x145
03-02 17:46:28.844 11848 11848 E ArmVmp : Match on catch block at 0xc3 in for 0x141
03-02 17:46:28.847 11848 11848 E ArmVmp : Match on catch block at 0xc3 in for 0x159
03-02 17:46:28.849 11848 11848 E ArmVmp : Match on catch block at 0xc3 in for 0x141
03-02 17:46:28.860 11848 11848 E ArmVmp : Match on catch block at 0xc3 in for 0x159
03-02 17:46:28.863 11848 11848 E ArmVmp : Match on catch block at 0xc3 in for 0x155
03-02 17:46:28.864 11848 11848 E ArmVmp : Match on catch block at 0xc3 in for 0x159
03-02 17:46:28.878 11848 11848 E ArmVmp : Match on catch block at 0xc3 in for 0x155
03-02 17:46:28.881 11848 11848 E ArmVmp : Match on catch block at 0xc3 in for 0x151
03-02 17:46:28.883 11848 11848 E ArmVmp : Match on catch block at 0xc3 in for 0x155
03-02 17:46:28.893 11848 11848 E ArmVmp : Match on catch block at 0xc3 in for 0x151
03-02 17:46:28.897 11848 11848 E ArmVmp : Match on catch block at 0xc3 in for 0x14d
03-02 17:46:28.899 11848 11848 E ArmVmp : Match on catch block at 0xc3 in for 0x151
03-02 17:46:28.911 11848 11848 E ArmVmp : Match on catch block at 0xc3 in for 0x14d
03-02 17:46:28.914 11848 11848 E ArmVmp : Match on catch block at 0xc3 in for 0x149
03-02 17:46:28.916 11848 11848 E ArmVmp : Match on catch block at 0xc3 in for 0x14d
03-02 17:46:28.927 11848 11848 E ArmVmp : Match on catch block at 0xc3 in for 0x149
03-02 17:46:28.931 11848 11848 E ArmVmp : Match on catch block at 0xc3 in for 0x145
03-02 17:46:28.933 11848 11848 E ArmVmp : Match on catch block at 0xc3 in for 0x149
03-02 17:46:28.944 11848 11848 E ArmVmp : Match on catch block at 0xc3 in for 0x145
03-02 17:46:28.947 11848 11848 E ArmVmp : Match on catch block at 0xc3 in for 0x141
03-02 17:46:28.949 11848 11848 E ArmVmp : Match on catch block at 0xc3 in for 0x145
03-02 17:46:28.960 11848 11848 E ArmVmp : Match on catch block at 0xc3 in for 0x141
03-02 17:46:28.964 11848 11848 E ArmVmp : Match on catch block at 0xc3 in for 0x159
03-02 17:46:28.966 11848 11848 E ArmVmp : Match on catch block at 0xc3 in for 0x141
03-02 17:46:29.077 11848 11848 E ArmVmp : Match on catch block at 0xc3 in for 0x14d
03-02 17:46:29.080 11848 11848 E ArmVmp : Match on catch block at 0xc3 in for 0x149
03-02 17:46:29.082 11848 11848 E ArmVmp : Match on catch block at 0xc3 in for 0x14d
03-02 17:46:29.277 11848 11848 E ArmVmp : Match on catch block at 0xc3 in for 0x149
03-02 17:46:29.280 11848 11848 E ArmVmp : Match on catch block at 0xc3 in for 0x145
03-02 17:46:29.284 11848 11848 E ArmVmp : Match on catch block at 0xc3 in for 0x149
03-02 17:46:29.579 11848 11848 E ArmVmp : Match on catch block at 0xc3 in for 0x149
03-02 17:46:29.584 11848 11848 E ArmVmp : Match on catch block at 0xc3 in for 0x145
03-02 17:46:29.587 11848 11848 E ArmVmp : Match on catch block at 0xc3 in for 0x149
03-02 17:46:29.610 11848 11848 E ArmVmp : Match on catch block at 0xc3 in for 0x149
03-02 17:46:29.612 11848 11848 E ArmVmp : Match on catch block at 0xc3 in for 0x145
03-02 17:46:29.616 11848 11848 E ArmVmp : Match on catch block at 0xc3 in for 0x149
03-02 17:46:29.632 11848 11848 E ArmVmp : Match on catch block at 0xc3 in for 0x141
03-02 17:46:29.635 11848 11848 E ArmVmp : Match on catch block at 0xc3 in for 0x159
03-02 17:46:29.669 11848 11848 E ArmVmp : Match on catch block at 0xc3 in for 0x155
03-02 17:46:29.672 11848 11848 E ArmVmp : Match on catch block at 0xc3 in for 0x151
03-02 17:46:29.690 11848 11848 E ArmVmp : Match on catch block at 0xc3 in for 0x159
03-02 17:46:29.693 11848 11848 E ArmVmp : Match on catch block at 0xc3 in for 0x155
03-02 17:46:29.711 11848 11848 E ArmVmp : Match on catch block at 0xc3 in for 0x145
03-02 17:46:29.714 11848 11848 E ArmVmp : Match on catch block at 0xc3 in for 0x141
03-02 17:46:29.727 11848 11848 E ArmVmp : Match on catch block at 0xc3 in for 0x14d
03-02 17:46:29.730 11848 11848 E ArmVmp : Match on catch block at 0xc3 in for 0x149
03-02 17:46:29.744 11848 11848 E ArmVmp : Match on catch block at 0xc3 in for 0x155
03-02 17:46:29.746 11848 11848 E ArmVmp : Match on catch block at 0xc3 in for 0x151
03-02 17:46:29.760 11848 11848 E ArmVmp : Match on catch block at 0xc3 in for 0x141
03-02 17:46:29.763 11848 11848 E ArmVmp : Match on catch block at 0xc3 in for 0x159
03-02 17:46:29.779 11848 11848 E ArmVmp : Match on catch block at 0xc3 in for 0x149
03-02 17:46:29.782 11848 11848 E ArmVmp : Match on catch block at 0xc3 in for 0x145
03-02 17:46:29.794 11848 11848 E ArmVmp : Match on catch block at 0xc3 in for 0x151
03-02 17:46:29.797 11848 11848 E ArmVmp : Match on catch block at 0xc3 in for 0x14d
03-02 17:46:29.832 11848 11848 E ArmVmp : Match on catch block at 0xc3 in for 0x155
03-02 17:46:29.836 11848 11848 E ArmVmp : Match on catch block at 0xc3 in for 0x151
03-02 17:46:29.842 11848 13077 W MediaPlayer: Use of stream types is deprecated for operations other than volume control
03-02 17:46:29.842 11848 13077 W MediaPlayer: See the documentation of setAudioStreamType() for what to use instead with android.media.AudioAttributes to qualify your playback use case
03-02 17:46:29.873 11848 14094 W MediaPlayerNative: info/warning (10973, 0)
03-02 17:46:30.111 11848 11848 E ArmVmp : Match on catch block at 0xc3 in for 0x145
03-02 17:46:30.114 11848 11848 E ArmVmp : Match on catch block at 0xc3 in for 0x141
03-02 17:46:30.247 11848 11848 E ArmVmp : Match on catch block at 0xc3 in for 0x159
03-02 17:46:30.252 11848 11848 E ArmVmp : Match on catch block at 0xc3 in for 0x155
03-02 17:46:30.278 11848 11848 E ArmVmp : Match on catch block at 0xc3 in for 0x141
03-02 17:46:30.286 11848 11848 E ArmVmp : Match on catch block at 0xc3 in for 0x159
03-02 17:46:30.371 11848 11848 E ArmVmp : Match on catch block at 0xc3 in for 0x149
03-02 17:46:30.378 11848 11848 E ArmVmp : Match on catch block at 0xc3 in for 0x145
03-02 17:46:30.392 11848 11848 E ArmVmp : Match on catch block at 0xc3 in for 0x151
03-02 17:46:30.400 11848 11848 E ArmVmp : Match on catch block at 0xc3 in for 0x14d
03-02 17:46:30.612 11848 11848 E ArmVmp : Match on catch block at 0xc3 in for 0x159
03-02 17:46:30.618 11848 11848 E ArmVmp : Match on catch block at 0xc3 in for 0x155
03-02 17:46:30.852 11848 11848 E ArmVmp : Match on catch block at 0xc3 in for 0x151
03-02 17:46:30.856 11848 11848 E ArmVmp : Match on catch block at 0xc3 in for 0x14d
03-02 17:46:30.887 11848 11848 E ArmVmp : Match on catch block at 0xc3 in for 0x159
03-02 17:46:30.890 11848 11848 E ArmVmp : Match on catch block at 0xc3 in for 0x155
03-02 17:46:30.911 11848 11848 E ArmVmp : Match on catch block at 0xc3 in for 0x155
03-02 17:46:30.915 11848 11848 E ArmVmp : Match on catch block at 0xc3 in for 0x151
03-02 17:46:30.945 11848 11848 E ArmVmp : Match on catch block at 0xc3 in for 0x151
03-02 17:46:30.949 11848 11848 E ArmVmp : Match on catch block at 0xc3 in for 0x14d
03-02 17:46:30.961 11848 11848 E ArmVmp : Match on catch block at 0xc3 in for 0x159
03-02 17:46:30.966 11848 11848 E ArmVmp : Match on catch block at 0xc3 in for 0x155
03-02 17:46:30.979 11848 11848 E ArmVmp : Match on catch block at 0xc3 in for 0x145
03-02 17:46:30.982 11848 11848 E ArmVmp : Match on catch block at 0xc3 in for 0x141
03-02 17:46:30.995 11848 11848 E ArmVmp : Match on catch block at 0xc3 in for 0x14d
03-02 17:46:31.000 11848 11848 E ArmVmp : Match on catch block at 0xc3 in for 0x149
03-02 17:46:31.011 11848 11848 E ArmVmp : Match on catch block at 0xc3 in for 0x155
03-02 17:46:31.015 11848 11848 E ArmVmp : Match on catch block at 0xc3 in for 0x151
03-02 17:46:31.029 11848 11848 E ArmVmp : Match on catch block at 0xc3 in for 0x141
03-02 17:46:31.034 11848 11848 E ArmVmp : Match on catch block at 0xc3 in for 0x159
03-02 17:46:31.045 11848 11848 E ArmVmp : Match on catch block at 0xc3 in for 0x149
03-02 17:46:31.050 11848 11848 E ArmVmp : Match on catch block at 0xc3 in for 0x145
03-02 17:46:31.062 11848 11848 E ArmVmp : Match on catch block at 0xc3 in for 0x151
03-02 17:46:31.067 11848 11848 E ArmVmp : Match on catch block at 0xc3 in for 0x14d
03-02 17:46:31.078 11848 11848 E ArmVmp : Match on catch block at 0xc3 in for 0x159
03-02 17:46:31.084 11848 11848 E ArmVmp : Match on catch block at 0xc3 in for 0x155
03-02 17:46:31.096 11848 11848 E ArmVmp : Match on catch block at 0xc3 in for 0x145
03-02 17:46:31.102 11848 11848 E ArmVmp : Match on catch block at 0xc3 in for 0x141
03-02 17:46:31.112 11848 11848 E ArmVmp : Match on catch block at 0xc3 in for 0x14d
03-02 17:46:31.117 11848 11848 E ArmVmp : Match on catch block at 0xc3 in for 0x149
03-02 17:46:31.133 11848 11848 E ArmVmp : Match on catch block at 0xc3 in for 0x155
03-02 17:46:31.137 11848 11848 E ArmVmp : Match on catch block at 0xc3 in for 0x151
03-02 17:46:31.149 11848 11848 E ArmVmp : Match on catch block at 0xc3 in for 0x141
03-02 17:46:31.154 11848 11848 E ArmVmp : Match on catch block at 0xc3 in for 0x159
03-02 17:46:31.166 11848 11848 E ArmVmp : Match on catch block at 0xc3 in for 0x149
03-02 17:46:31.170 11848 11848 E ArmVmp : Match on catch block at 0xc3 in for 0x145
03-02 17:46:31.181 11848 11848 E ArmVmp : Match on catch block at 0xc3 in for 0x151
03-02 17:46:31.186 11848 11848 E ArmVmp : Match on catch block at 0xc3 in for 0x14d
03-02 17:46:31.195 11848 11848 E ArmVmp : Match on catch block at 0xc3 in for 0x159
03-02 17:46:31.200 11848 11848 E ArmVmp : Match on catch block at 0xc3 in for 0x155
03-02 17:46:31.212 11848 11848 E ArmVmp : Match on catch block at 0xc3 in for 0x145
03-02 17:46:31.218 11848 11848 E ArmVmp : Match on catch block at 0xc3 in for 0x141
03-02 17:46:31.231 11848 11848 E ArmVmp : Match on catch block at 0xc3 in for 0x14d
03-02 17:46:31.236 11848 11848 E ArmVmp : Match on catch block at 0xc3 in for 0x149
03-02 17:46:31.248 11848 11848 E ArmVmp : Match on catch block at 0xc3 in for 0x155
03-02 17:46:31.253 11848 11848 E ArmVmp : Match on catch block at 0xc3 in for 0x151
03-02 17:46:31.264 11848 11848 E ArmVmp : Match on catch block at 0xc3 in for 0x141
03-02 17:46:31.268 11848 11848 E ArmVmp : Match on catch block at 0xc3 in for 0x159
03-02 17:46:31.279 11848 11848 E ArmVmp : Match on catch block at 0xc3 in for 0x149
03-02 17:46:31.283 11848 11848 E ArmVmp : Match on catch block at 0xc3 in for 0x145
03-02 17:46:31.656 11848 11848 E ArmVmp : Match on catch block at 0xc3 in for 0x149
03-02 17:46:31.662 11848 11848 E ArmVmp : Match on catch block at 0xc3 in for 0x145
03-02 17:46:32.146 11848 11848 E ArmVmp : Match on catch block at 0xc3 in for 0x141
03-02 17:46:32.153 11848 11848 E ArmVmp : Match on catch block at 0xc3 in for 0x159
03-02 17:46:32.647 11848 11848 E ArmVmp : Match on catch block at 0xc3 in for 0x149
03-02 17:46:32.652 11848 11848 E ArmVmp : Match on catch block at 0xc3 in for 0x145
03-02 17:46:33.147 11848 11848 E ArmVmp : Match on catch block at 0xc3 in for 0x151
03-02 17:46:33.152 11848 11848 E ArmVmp : Match on catch block at 0xc3 in for 0x14d
03-02 17:46:33.591 11848 11848 E ArmVmp : Match on catch block at 0xc3 in for 0x141
03-02 17:46:33.598 11848 11848 E ArmVmp : Match on catch block at 0xc3 in for 0x159
03-02 17:46:33.618 11848 12064 E SQLiteDatabase: Error inserting transferred=0 media_job_uuid=f76d7549-0254-4ec6-9831-a21593aea91a transcoded=1 gif_attribution=0 first_scan_length=0 direct_path=null thumbnail_height_width_ratio=1.0 is_animated_sticker=0 file_hash=duR0DYzZfNOJaqXGeG8U2HYZthMqSLNl/JVZGQDxpWE= file_path=/data/user/0/com.whatsapp/files/Stickers/duR0DYzZfNOJaqXGeG8U2HYZthMqSLNl -JVZGQDxpWE=.webp file_size=38704 partial_media_hash=null face_x=0 face_y=0 height=512 trim_to=0 media_key_timestamp=0 message_url=null media_caption=null trim_from=0 mime_type=image/webp partial_media_enc_hash=null width=512 original_file_hash=null has_streaming_sidecar=0 autotransfer_retry_enabled=1 media_upload_handle=null message_row_id=307912 multicast_id=null enc_file_hash=null mute_video=0 page_count=0 first_scan_sidecar=null suspicious_content=0 file_length=38704 media_name=duR0DYzZfNOJaqXGeG8U2HYZthMqSLNl-JVZGQDxpWE=.webp media_duration=0 chat_row_id=5205 media_key=null
03-02 17:46:33.618 11848 12064 E SQLiteDatabase: android.database.sqlite.SQLiteConstraintException: UNIQUE constraint failed: message_media.message_row_id (code 1555 SQLITE_CONSTRAINT_PRIMARYKEY[1555])
03-02 17:46:33.618 11848 12064 E SQLiteDatabase: at android.database.sqlite.SQLiteConnection.nativeExecuteForLastInsertedRowId(Native Method)
03-02 17:46:33.618 11848 12064 E SQLiteDatabase: at android.database.sqlite.SQLiteConnection.executeForLastInsertedRowId(SQLiteConnecti on.java:1232)
03-02 17:46:33.618 11848 12064 E SQLiteDatabase: at android.database.sqlite.SQLiteSession.executeForLastInsertedRowId(SQLiteSession.jav a:790)
03-02 17:46:33.618 11848 12064 E SQLiteDatabase: at android.database.sqlite.SQLiteStatement.executeInsert(SQLiteStatement.java:89)
03-02 17:46:33.618 11848 12064 E SQLiteDatabase: at android.database.sqlite.SQLiteDatabase.insertWithOnConflict(SQLiteDatabase.java:224 4)
03-02 17:46:33.618 11848 12064 E SQLiteDatabase: at android.database.sqlite.SQLiteDatabase.insert(SQLiteDatabase.java:2113)
03-02 17:46:33.618 11848 12064 E SQLiteDatabase: at X.2tm.A08(Unknown Source:6)
03-02 17:46:33.618 11848 12064 E SQLiteDatabase: at X.35Y.A07(Unknown Source:212)
03-02 17:46:33.618 11848 12064 E SQLiteDatabase: at X.3QF.A14(Unknown Source:470)
03-02 17:46:33.618 11848 12064 E SQLiteDatabase: at X.3gU.run(Unknown Source:982)
03-02 17:46:33.618 11848 12064 E SQLiteDatabase: at android.os.Handler.handleCallback(Handler.java:938)
03-02 17:46:33.618 11848 12064 E SQLiteDatabase: at android.os.Handler.dispatchMessage(Handler.java:99)
03-02 17:46:33.618 11848 12064 E SQLiteDatabase: at X.0zq.dispatchMessage(Unknown Source:4)
03-02 17:46:33.618 11848 12064 E SQLiteDatabase: at android.os.Looper.loopOnce(Looper.java:226)
03-02 17:46:33.618 11848 12064 E SQLiteDatabase: at android.os.Looper.loop(Looper.java:313)
03-02 17:46:33.618 11848 12064 E SQLiteDatabase: at android.os.HandlerThread.run(HandlerThread.java:67)
03-02 17:46:33.650 11848 11848 E ArmVmp : Match on catch block at 0xc3 in for 0x159
03-02 17:46:33.652 11848 11848 E ArmVmp : Match on catch block at 0xc3 in for 0x155
03-02 17:46:33.665 11848 11848 E ArmVmp : Match on catch block at 0xc3 in for 0x151
03-02 17:46:33.667 11848 11848 E ArmVmp : Match on catch block at 0xc3 in for 0x14d
03-02 17:46:33.672 11848 11848 E ArmVmp : Match on catch block at 0xc3 in for 0x14d
03-02 17:46:33.675 11848 11848 E ArmVmp : Match on catch block at 0xc3 in for 0x149
03-02 17:46:33.930 11848 11848 E ArmVmp : Match on catch block at 0xc3 in for 0x151
03-02 17:46:33.938 11848 11848 E ArmVmp : Match on catch block at 0xc3 in for 0x14d
03-02 17:46:33.943 11848 12064 E SQLiteDatabase: Error inserting transferred=1 media_job_uuid=f76d7549-0254-4ec6-9831-a21593aea91a transcoded=1 gif_attribution=0 first_scan_length=0 direct_path=/v/t62.15575- 24/18963705_734383418464931_7555717271631166606_n.enc?ccb=11- 4&oh=01_AdSPFrEidWvYJ4Ts2AkpWDDdM3lC1sLZ4T_A6iJmfuO5Fw&oe=660B129E&_nc_sid=5e03e0 thumbnail_height_width_ratio=1.0 is_animated_sticker=0 file_hash=duR0DYzZfNOJaqXGeG8U2HYZthMqSLNl/JVZGQDxpWE= file_path=Media/WhatsApp Stickers/STK-20240229-WA0650.webp file_size=38704 partial_media_hash=null face_x=0 face_y=0 height=512 trim_to=0 media_key_timestamp=1709262498703 message_url=https://mmg.whatsapp.net/v/t62.15575- 24/18963705_734383418464931_7555717271631166606_n.enc?ccb=11- 4&oh=01_AdSPFrEidWvYJ4Ts2AkpWDDdM3lC1sLZ4T_A6iJmfuO5Fw&oe=660B129E&_nc_sid=5e03e0&m ms3=true media_caption=null trim_from=0 mime_type=image/webp partial_media_enc_hash=null width=512 original_file_hash=null has_streaming_sidecar=0 autotransfer_retry_enabled=0 media_upload_handle=null message_row_id=307912 multicast_id=null enc_file_hash=Hpi58XlLGd8g6Xo8Pka7Ap1lY0+xidd9f0qr29JD+B8= mute_video=0 page_count=0 first_scan_sidecar=null suspicious_content=0 file_length=38704 media_name=duR0DYzZfNOJaqXGeG8U2HYZthMqSLNl-JVZGQDxpWE=.webp media_duration=0 chat_row_id=5205 media_key=[B@5c2bca6
03-02 17:46:33.943 11848 12064 E SQLiteDatabase: android.database.sqlite.SQLiteConstraintException: UNIQUE constraint failed: message_media.message_row_id (code 1555 SQLITE_CONSTRAINT_PRIMARYKEY[1555])
03-02 17:46:33.943 11848 12064 E SQLiteDatabase: at android.database.sqlite.SQLiteConnection.nativeExecuteForLastInsertedRowId(Native Method)
03-02 17:46:33.943 11848 12064 E SQLiteDatabase: at android.database.sqlite.SQLiteConnection.executeForLastInsertedRowId(SQLiteConnecti on.java:1232)
03-02 17:46:33.943 11848 12064 E SQLiteDatabase: at android.database.sqlite.SQLiteSession.executeForLastInsertedRowId(SQLiteSession.jav a:790)
03-02 17:46:33.943 11848 12064 E SQLiteDatabase: at android.database.sqlite.SQLiteStatement.executeInsert(SQLiteStatement.java:89)
03-02 17:46:33.943 11848 12064 E SQLiteDatabase: at android.database.sqlite.SQLiteDatabase.insertWithOnConflict(SQLiteDatabase.java:224 4)
03-02 17:46:33.943 11848 12064 E SQLiteDatabase: at android.database.sqlite.SQLiteDatabase.insert(SQLiteDatabase.java:2113)
03-02 17:46:33.943 11848 12064 E SQLiteDatabase: at X.2tm.A08(Unknown Source:6)
03-02 17:46:33.943 11848 12064 E SQLiteDatabase: at X.35Y.A07(Unknown Source:212)
03-02 17:46:33.943 11848 12064 E SQLiteDatabase: at X.3QF.A14(Unknown Source:470)
03-02 17:46:33.943 11848 12064 E SQLiteDatabase: at X.3gU.run(Unknown Source:982)
03-02 17:46:33.943 11848 12064 E SQLiteDatabase: at android.os.Handler.handleCallback(Handler.java:938)
03-02 17:46:33.943 11848 12064 E SQLiteDatabase: at android.os.Handler.dispatchMessage(Handler.java:99)
03-02 17:46:33.943 11848 12064 E SQLiteDatabase: at X.0zq.dispatchMessage(Unknown Source:4)
03-02 17:46:33.943 11848 12064 E SQLiteDatabase: at android.os.Looper.loopOnce(Looper.java:226)
03-02 17:46:33.943 11848 12064 E SQLiteDatabase: at android.os.Looper.loop(Looper.java:313)
03-02 17:46:33.943 11848 12064 E SQLiteDatabase: at android.os.HandlerThread.run(HandlerThread.java:67)
03-02 17:46:33.985 11848 11848 E ArmVmp : Match on catch block at 0xc3 in for 0x159
03-02 17:46:33.987 11848 11848 E ArmVmp : Match on catch block at 0xc3 in for 0x155
03-02 17:46:34.025 11848 11848 E ArmVmp : Match on catch block at 0xc3 in for 0x141
03-02 17:46:34.028 11848 11848 E ArmVmp : Match on catch block at 0xc3 in for 0x159
03-02 17:46:34.045 11848 11848 E ArmVmp : Match on catch block at 0xc3 in for 0x149
03-02 17:46:34.048 11848 11848 E ArmVmp : Match on catch block at 0xc3 in for 0x145
03-02 17:46:34.079 11848 11848 E ArmVmp : Match on catch block at 0xc3 in for 0x149
03-02 17:46:34.081 11848 11848 E ArmVmp : Match on catch block at 0xc3 in for 0x145
03-02 17:46:34.115 11848 11848 E ArmVmp : Match on catch block at 0xc3 in for 0x141
03-02 17:46:34.117 11848 11848 E ArmVmp : Match on catch block at 0xc3 in for 0x159
03-02 17:46:34.122 11848 13077 W MediaPlayer: Use of stream types is deprecated for operations other than volume control
03-02 17:46:34.122 11848 13077 W MediaPlayer: See the documentation of setAudioStreamType() for what to use instead with android.media.AudioAttributes to qualify your playback use case
03-02 17:46:34.139 11848 12121 W MediaPlayerNative: info/warning (10973, 0)
03-02 17:46:34.271 11848 11848 E ArmVmp : Match on catch block at 0xc3 in for 0x14d
03-02 17:46:34.274 11848 11848 E ArmVmp : Match on catch block at 0xc3 in for 0x149
03-02 17:46:34.372 11848 11848 W com.whatsapp: Method void com.whatsapp.HomeActivity.A6e() failed lock verification and will run slower.
03-02 17:46:34.781 11848 11848 E ArmVmp : Match on catch block at 0x0a in for 0x195
03-02 17:46:34.813 11848 11848 E ArmVmp : Match on catch block at 0x0a in for 0x271
03-02 17:46:34.830 11848 14128 W com.whatsapp: Accessing hidden method Lcom/android/org/conscrypt/ConscryptEngineSocket;->setUseSessionTickets(Z)V (max- target-q,core-platform-api, reflection, denied)
03-02 17:46:34.830 11848 14128 W com.whatsapp: Accessing hidden method Lcom/android/org/conscrypt/OpenSSLSocketImpl;->setUseSessionTickets(Z)V (max- target-q,core-platform-api, reflection, denied)
03-02 17:46:34.830 11848 14128 W com.whatsapp: Accessing hidden method Lcom/android/org/conscrypt/AbstractConscryptSocket;->setUseSessionTickets(Z)V (max- target-q, reflection, denied)
03-02 17:46:34.830 11848 14128 W com.whatsapp: Accessing hidden method Lcom/android/org/conscrypt/ConscryptEngineSocket;->setHostname(Ljava/lang/String;)V (max-target-q,core-platform-api, reflection, denied)
03-02 17:46:34.830 11848 14128 W com.whatsapp: Accessing hidden method Lcom/android/org/conscrypt/OpenSSLSocketImpl;->setHostname(Ljava/lang/String;)V (max-target-q,core-platform-api, reflection, denied)
03-02 17:46:34.830 11848 14128 W com.whatsapp: Accessing hidden method Lcom/android/org/conscrypt/AbstractConscryptSocket;->setHostname(Ljava/lang/ String;)V (max-target-q, reflection, denied)
03-02 17:46:34.830 11848 14128 W com.whatsapp: Accessing hidden method Lcom/android/org/conscrypt/OpenSSLSocketImpl;->setAlpnProtocols([B)V (max-target- q,core-platform-api, reflection, denied)
03-02 17:46:34.830 11848 14128 W com.whatsapp: Accessing hidden method Lcom/android/org/conscrypt/AbstractConscryptSocket;->setAlpnProtocols([B)V (max- target-q, reflection, denied)
03-02 17:46:34.902 11848 14128 W com.whatsapp: Accessing hidden method Lcom/android/org/conscrypt/OpenSSLSocketImpl;->getAlpnSelectedProtocol()[B (max- target-q,core-platform-api, reflection, denied)
03-02 17:46:34.902 11848 14128 W com.whatsapp: Accessing hidden method Lcom/android/org/conscrypt/AbstractConscryptSocket;->getAlpnSelectedProtocol()[B (max-target-q, reflection, denied)
03-02 17:46:35.067 11848 11848 E ArmVmp : Match on catch block at 0xc3 in for 0x155
03-02 17:46:35.069 11848 11848 E ArmVmp : Match on catch block at 0xc3 in for 0x151
03-02 17:46:35.225 11848 14139 W LOTTIE : Animation contains merge paths. Merge paths are only supported on KitKat+ and must be manually enabled by calling enableMergePathsForKitKatAndAbove().
03-02 17:46:35.762 11848 11848 E RecyclerView: No adapter attached; skipping layout
03-02 17:46:35.900 11848 11848 E RecyclerView: No adapter attached; skipping layout
03-02 17:46:35.924 11848 11848 E ArmVmp : Match on catch block at 0xc3 in for 0x145
03-02 17:46:35.927 11848 11848 E ArmVmp : Match on catch block at 0xc3 in for 0x141
