03-02 17:47:03.891 11848 11848 E ArmVmp : Match on catch block at 0xc3 in for 0x14d
03-02 17:47:03.896 11848 11848 E ArmVmp : Match on catch block at 0xc3 in for 0x149
03-02 17:47:04.393 11848 11848 E ArmVmp : Match on catch block at 0xc3 in for 0x155
03-02 17:47:04.399 11848 11848 E ArmVmp : Match on catch block at 0xc3 in for 0x151
03-02 17:47:04.893 11848 11848 E ArmVmp : Match on catch block at 0xc3 in for 0x141
03-02 17:47:04.899 11848 11848 E ArmVmp : Match on catch block at 0xc3 in for 0x159
03-02 17:47:05.337 11848 11848 E ArmVmp : Match on catch block at 0xc3 in for 0x141
03-02 17:47:05.340 11848 11848 E ArmVmp : Match on catch block at 0xc3 in for 0x159
03-02 17:47:05.344 11848 12064 E SQLiteDatabase: Error inserting transferred=0 media_job_uuid=7013371d-f65d-4bb6-8ba9-94122007da1c transcoded=1 gif_attribution=0 first_scan_length=0 direct_path=null thumbnail_height_width_ratio=1.0 is_animated_sticker=0 file_hash=2mKbVqIIHi5o/WGNn0j7Fr4piqJHww9fus3ESaOqnHY= file_path=/data/user/0/com.whatsapp/files/Stickers/2mKbVqIIHi5o- WGNn0j7Fr4piqJHww9fus3ESaOqnHY=.webp file_size=56056 partial_media_hash=null face_x=0 face_y=0 height=512 trim_to=0 media_key_timestamp=0 message_url=null media_caption=null trim_from=0 mime_type=image/webp partial_media_enc_hash=null width=512 original_file_hash=null has_streaming_sidecar=0 autotransfer_retry_enabled=1 media_upload_handle=null message_row_id=307919 multicast_id=null enc_file_hash=null mute_video=0 page_count=0 first_scan_sidecar=null suspicious_content=0 file_length=56056 media_name=2mKbVqIIHi5o-WGNn0j7Fr4piqJHww9fus3ESaOqnHY=.webp media_duration=0 chat_row_id=5205 media_key=null
03-02 17:47:05.344 11848 12064 E SQLiteDatabase: android.database.sqlite.SQLiteConstraintException: UNIQUE constraint failed: message_media.message_row_id (code 1555 SQLITE_CONSTRAINT_PRIMARYKEY[1555])
03-02 17:47:05.344 11848 12064 E SQLiteDatabase: at android.database.sqlite.SQLiteConnection.nativeExecuteForLastInsertedRowId(Native Method)
03-02 17:47:05.344 11848 12064 E SQLiteDatabase: at android.database.sqlite.SQLiteConnection.executeForLastInsertedRowId(SQLiteConnecti on.java:1232)
03-02 17:47:05.344 11848 12064 E SQLiteDatabase: at android.database.sqlite.SQLiteSession.executeForLastInsertedRowId(SQLiteSession.jav a:790)
03-02 17:47:05.344 11848 12064 E SQLiteDatabase: at android.database.sqlite.SQLiteStatement.executeInsert(SQLiteStatement.java:89)
03-02 17:47:05.344 11848 12064 E SQLiteDatabase: at android.database.sqlite.SQLiteDatabase.insertWithOnConflict(SQLiteDatabase.java:224 4)
03-02 17:47:05.344 11848 12064 E SQLiteDatabase: at android.database.sqlite.SQLiteDatabase.insert(SQLiteDatabase.java:2113)
03-02 17:47:05.344 11848 12064 E SQLiteDatabase: at X.2tm.A08(Unknown Source:6)
03-02 17:47:05.344 11848 12064 E SQLiteDatabase: at X.35Y.A07(Unknown Source:212)
03-02 17:47:05.344 11848 12064 E SQLiteDatabase: at X.3QF.A14(Unknown Source:470)
03-02 17:47:05.344 11848 12064 E SQLiteDatabase: at X.3gU.run(Unknown Source:982)
03-02 17:47:05.344 11848 12064 E SQLiteDatabase: at android.os.Handler.handleCallback(Handler.java:938)
03-02 17:47:05.344 11848 12064 E SQLiteDatabase: at android.os.Handler.dispatchMessage(Handler.java:99)
03-02 17:47:05.344 11848 12064 E SQLiteDatabase: at X.0zq.dispatchMessage(Unknown Source:4)
03-02 17:47:05.344 11848 12064 E SQLiteDatabase: at android.os.Looper.loopOnce(Looper.java:226)
03-02 17:47:05.344 11848 12064 E SQLiteDatabase: at android.os.Looper.loop(Looper.java:313)
03-02 17:47:05.344 11848 12064 E SQLiteDatabase: at android.os.HandlerThread.run(HandlerThread.java:67)
03-02 17:47:05.377 11848 11848 E ArmVmp : Match on catch block at 0xc3 in for 0x141
03-02 17:47:05.380 11848 11848 E ArmVmp : Match on catch block at 0xc3 in for 0x159
03-02 17:47:05.394 11848 11848 E ArmVmp : Match on catch block at 0xc3 in for 0x151
03-02 17:47:05.396 11848 11848 E ArmVmp : Match on catch block at 0xc3 in for 0x14d
03-02 17:47:05.409 11848 11848 E ArmVmp : Match on catch block at 0xc3 in for 0x159
03-02 17:47:05.412 11848 11848 E ArmVmp : Match on catch block at 0xc3 in for 0x155
03-02 17:47:05.425 11848 11848 E ArmVmp : Match on catch block at 0x0a in for 0x151
03-02 17:47:05.510 11848 12064 E SQLiteDatabase: Error inserting transferred=1 media_job_uuid=7013371d-f65d-4bb6-8ba9-94122007da1c transcoded=1 gif_attribution=0 first_scan_length=0 direct_path=/v/t62.15575- 24/35610043_918299136341609_1413829478137304456_n.enc?ccb=11-4&oh=01_AdSBfzp- IhQYf3bhmEUzj1u8uFY-ILwYAqEa-SxadWw_mw&oe=660B2805&_nc_sid=5e03e0 thumbnail_height_width_ratio=1.0 is_animated_sticker=0 file_hash=2mKbVqIIHi5o/WGNn0j7Fr4piqJHww9fus3ESaOqnHY= file_path=Media/WhatsApp Stickers/STK-20240229-WA0625.webp file_size=56056 partial_media_hash=null face_x=0 face_y=0 height=512 trim_to=0 media_key_timestamp=1709262487480 message_url=https://mmg.whatsapp.net/v/t62.15575- 24/35610043_918299136341609_1413829478137304456_n.enc?ccb=11-4&oh=01_AdSBfzp- IhQYf3bhmEUzj1u8uFY-ILwYAqEa-SxadWw_mw&oe=660B2805&_nc_sid=5e03e0&mms3=true media_caption=null trim_from=0 mime_type=image/webp partial_media_enc_hash=null width=512 original_file_hash=null has_streaming_sidecar=0 autotransfer_retry_enabled=0 media_upload_handle=null message_row_id=307919 multicast_id=null enc_file_hash=XexHbj7TgLQq3/RGM1dhF22ZFCSp8tM3XaGKg6b4xQs= mute_video=0 page_count=0 first_scan_sidecar=null suspicious_content=0 file_length=56056 media_name=2mKbVqIIHi5o-WGNn0j7Fr4piqJHww9fus3ESaOqnHY=.webp media_duration=0 chat_row_id=5205 media_key=[B@4dae5a9
03-02 17:47:05.510 11848 12064 E SQLiteDatabase: android.database.sqlite.SQLiteConstraintException: UNIQUE constraint failed: message_media.message_row_id (code 1555 SQLITE_CONSTRAINT_PRIMARYKEY[1555])
03-02 17:47:05.510 11848 12064 E SQLiteDatabase: at android.database.sqlite.SQLiteConnection.nativeExecuteForLastInsertedRowId(Native Method)
03-02 17:47:05.510 11848 12064 E SQLiteDatabase: at android.database.sqlite.SQLiteConnection.executeForLastInsertedRowId(SQLiteConnecti on.java:1232)
03-02 17:47:05.510 11848 12064 E SQLiteDatabase: at android.database.sqlite.SQLiteSession.executeForLastInsertedRowId(SQLiteSession.jav a:790)
03-02 17:47:05.510 11848 12064 E SQLiteDatabase: at android.database.sqlite.SQLiteStatement.executeInsert(SQLiteStatement.java:89)
03-02 17:47:05.510 11848 12064 E SQLiteDatabase: at android.database.sqlite.SQLiteDatabase.insertWithOnConflict(SQLiteDatabase.java:224 4)
03-02 17:47:05.510 11848 12064 E SQLiteDatabase: at android.database.sqlite.SQLiteDatabase.insert(SQLiteDatabase.java:2113)
03-02 17:47:05.510 11848 12064 E SQLiteDatabase: at X.2tm.A08(Unknown Source:6)
03-02 17:47:05.510 11848 12064 E SQLiteDatabase: at X.35Y.A07(Unknown Source:212)
03-02 17:47:05.510 11848 12064 E SQLiteDatabase: at X.3QF.A14(Unknown Source:470)
03-02 17:47:05.510 11848 12064 E SQLiteDatabase: at X.3gU.run(Unknown Source:982)
03-02 17:47:05.510 11848 12064 E SQLiteDatabase: at android.os.Handler.handleCallback(Handler.java:938)
03-02 17:47:05.510 11848 12064 E SQLiteDatabase: at android.os.Handler.dispatchMessage(Handler.java:99)
03-02 17:47:05.510 11848 12064 E SQLiteDatabase: at X.0zq.dispatchMessage(Unknown Source:4)
03-02 17:47:05.510 11848 12064 E SQLiteDatabase: at android.os.Looper.loopOnce(Looper.java:226)
03-02 17:47:05.510 11848 12064 E SQLiteDatabase: at android.os.Looper.loop(Looper.java:313)
03-02 17:47:05.510 11848 12064 E SQLiteDatabase: at android.os.HandlerThread.run(HandlerThread.java:67)
03-02 17:47:05.550 11848 11848 E ArmVmp : Match on catch block at 0xc3 in for 0x14d
03-02 17:47:05.553 11848 11848 E ArmVmp : Match on catch block at 0xc3 in for 0x149
03-02 17:47:05.656 11848 11848 E ArmVmp : Match on catch block at 0xc3 in for 0x145
03-02 17:47:05.661 11848 11848 E ArmVmp : Match on catch block at 0xc3 in for 0x141
03-02 17:47:05.680 11848 13077 W MediaPlayer: Use of stream types is deprecated for operations other than volume control
03-02 17:47:05.680 11848 13077 W MediaPlayer: See the documentation of setAudioStreamType() for what to use instead with android.media.AudioAttributes to qualify your playback use case
03-02 17:47:05.702 11848 12578 W MediaPlayerNative: info/warning (10973, 0)
03-02 17:47:05.909 11848 11848 E ArmVmp : Match on catch block at 0xc3 in for 0x149
03-02 17:47:05.914 11848 11848 E ArmVmp : Match on catch block at 0xc3 in for 0x145
03-02 17:47:06.409 11848 11848 E ArmVmp : Match on catch block at 0xc3 in for 0x145
03-02 17:47:06.416 11848 11848 E ArmVmp : Match on catch block at 0xc3 in for 0x141
03-02 17:47:06.861 11848 13077 W MediaPlayer: Use of stream types is deprecated for operations other than volume control
03-02 17:47:06.861 11848 13077 W MediaPlayer: See the documentation of setAudioStreamType() for what to use instead with android.media.AudioAttributes to qualify your playback use case
03-02 17:47:06.880 11848 12578 W MediaPlayerNative: info/warning (10973, 0)
03-02 17:47:06.898 11848 11848 E ArmVmp : Match on catch block at 0xc3 in for 0x159
03-02 17:47:06.901 11848 11848 E ArmVmp : Match on catch block at 0xc3 in for 0x155
03-02 17:47:06.915 11848 11848 E ArmVmp : Match on catch block at 0xc3 in for 0x155
03-02 17:47:06.918 11848 11848 E ArmVmp : Match on catch block at 0xc3 in for 0x151
03-02 17:47:06.988 11848 11848 E ArmVmp : Match on catch block at 0xc3 in for 0x141
03-02 17:47:06.990 11848 11848 E ArmVmp : Match on catch block at 0xc3 in for 0x159
03-02 17:47:07.027 11848 11848 E ArmVmp : Match on catch block at 0xc3 in for 0x149
03-02 17:47:07.030 11848 11848 E ArmVmp : Match on catch block at 0xc3 in for 0x145
03-02 17:47:07.047 11848 11848 E ArmVmp : Match on catch block at 0xc3 in for 0x141
03-02 17:47:07.050 11848 11848 E ArmVmp : Match on catch block at 0xc3 in for 0x159
03-02 17:47:07.073 11848 11848 E ArmVmp : Match on catch block at 0xc3 in for 0x145
03-02 17:47:07.076 11848 11848 E ArmVmp : Match on catch block at 0xc3 in for 0x141
03-02 17:47:07.088 11848 11848 E ArmVmp : Match on catch block at 0xc3 in for 0x14d
03-02 17:47:07.091 11848 11848 E ArmVmp : Match on catch block at 0xc3 in for 0x149
03-02 17:47:07.103 11848 11848 E ArmVmp : Match on catch block at 0xc3 in for 0x155
03-02 17:47:07.106 11848 11848 E ArmVmp : Match on catch block at 0xc3 in for 0x151
03-02 17:47:07.116 11848 11848 E ArmVmp : Match on catch block at 0xc3 in for 0x141
03-02 17:47:07.118 11848 11848 E ArmVmp : Match on catch block at 0xc3 in for 0x159
03-02 17:47:07.127 11848 11848 E ArmVmp : Match on catch block at 0xc3 in for 0x149
03-02 17:47:07.130 11848 11848 E ArmVmp : Match on catch block at 0xc3 in for 0x145
03-02 17:47:07.137 11848 11848 E ArmVmp : Match on catch block at 0x0a in for 0x149
03-02 17:47:07.138 11848 11848 E ArmVmp : Match on catch block at 0x0a in for 0x141
03-02 17:47:07.139 11848 11848 E ArmVmp : Match on catch block at 0x0a in for 0x155
03-02 17:47:07.141 11848 11848 E ArmVmp : Match on catch block at 0xc3 in for 0x155
03-02 17:47:07.145 11848 11848 E ArmVmp : Match on catch block at 0xc3 in for 0x151
03-02 17:47:07.152 11848 11848 E ArmVmp : Match on catch block at 0x0a in for 0x155
03-02 17:47:07.159 11848 11848 E ArmVmp : Match on catch block at 0xc3 in for 0x155
03-02 17:47:07.161 11848 11848 E ArmVmp : Match on catch block at 0xc3 in for 0x151
03-02 17:47:07.172 11848 11848 E ArmVmp : Match on catch block at 0x0a in for 0x155
03-02 17:47:07.175 11848 11848 E ArmVmp : Match on catch block at 0xc3 in for 0x155
03-02 17:47:07.178 11848 11848 E ArmVmp : Match on catch block at 0xc3 in for 0x151
03-02 17:47:07.192 11848 11848 E ArmVmp : Match on catch block at 0xc3 in for 0x151
03-02 17:47:07.195 11848 11848 E ArmVmp : Match on catch block at 0xc3 in for 0x14d
03-02 17:47:07.204 11848 11848 E ArmVmp : Match on catch block at 0x0a in for 0x151
03-02 17:47:07.208 11848 11848 E ArmVmp : Match on catch block at 0xc3 in for 0x151
03-02 17:47:07.211 11848 11848 E ArmVmp : Match on catch block at 0xc3 in for 0x14d
03-02 17:47:07.221 11848 11848 E ArmVmp : Match on catch block at 0x0a in for 0x151
03-02 17:47:07.226 11848 11848 E ArmVmp : Match on catch block at 0xc3 in for 0x151
03-02 17:47:07.228 11848 11848 E ArmVmp : Match on catch block at 0xc3 in for 0x14d
03-02 17:47:07.237 11848 11848 E ArmVmp : Match on catch block at 0x0a in for 0x151
03-02 17:47:07.241 11848 11848 E ArmVmp : Match on catch block at 0xc3 in for 0x151
03-02 17:47:07.245 11848 11848 E ArmVmp : Match on catch block at 0xc3 in for 0x14d
03-02 17:47:07.259 11848 11848 E ArmVmp : Match on catch block at 0xc3 in for 0x159
03-02 17:47:07.262 11848 11848 E ArmVmp : Match on catch block at 0xc3 in for 0x155
03-02 17:47:07.275 11848 11848 E ArmVmp : Match on catch block at 0xc3 in for 0x145
03-02 17:47:07.278 11848 11848 E ArmVmp : Match on catch block at 0xc3 in for 0x141
03-02 17:47:07.291 11848 11848 E ArmVmp : Match on catch block at 0xc3 in for 0x14d
03-02 17:47:07.294 11848 11848 E ArmVmp : Match on catch block at 0xc3 in for 0x149
03-02 17:47:07.308 11848 11848 E ArmVmp : Match on catch block at 0xc3 in for 0x155
03-02 17:47:07.311 11848 11848 E ArmVmp : Match on catch block at 0xc3 in for 0x151
03-02 17:47:07.325 11848 11848 E ArmVmp : Match on catch block at 0xc3 in for 0x141
03-02 17:47:07.330 11848 11848 E ArmVmp : Match on catch block at 0xc3 in for 0x159
03-02 17:47:07.343 11848 11848 E ArmVmp : Match on catch block at 0xc3 in for 0x149
03-02 17:47:07.347 11848 11848 E ArmVmp : Match on catch block at 0xc3 in for 0x145
03-02 17:47:07.359 11848 11848 E ArmVmp : Match on catch block at 0xc3 in for 0x151
03-02 17:47:07.364 11848 11848 E ArmVmp : Match on catch block at 0xc3 in for 0x14d
03-02 17:47:07.375 11848 11848 E ArmVmp : Match on catch block at 0xc3 in for 0x159
03-02 17:47:07.379 11848 11848 E ArmVmp : Match on catch block at 0xc3 in for 0x155
03-02 17:47:07.392 11848 11848 E ArmVmp : Match on catch block at 0xc3 in for 0x145
03-02 17:47:07.396 11848 11848 E ArmVmp : Match on catch block at 0xc3 in for 0x141
03-02 17:47:07.408 11848 11848 E ArmVmp : Match on catch block at 0xc3 in for 0x14d
03-02 17:47:07.412 11848 11848 E ArmVmp : Match on catch block at 0xc3 in for 0x149
03-02 17:47:07.426 11848 11848 E ArmVmp : Match on catch block at 0xc3 in for 0x155
03-02 17:47:07.429 11848 11848 E ArmVmp : Match on catch block at 0xc3 in for 0x151
03-02 17:47:07.951 11848 11848 E ArmVmp : Match on catch block at 0xc3 in for 0x145
03-02 17:47:07.955 11848 11848 E ArmVmp : Match on catch block at 0xc3 in for 0x141
03-02 17:47:08.444 11848 11848 E ArmVmp : Match on catch block at 0xc3 in for 0x155
03-02 17:47:08.450 11848 11848 E ArmVmp : Match on catch block at 0xc3 in for 0x151
03-02 17:47:08.944 11848 11848 E ArmVmp : Match on catch block at 0xc3 in for 0x141
03-02 17:47:08.950 11848 11848 E ArmVmp : Match on catch block at 0xc3 in for 0x159
03-02 17:47:09.444 11848 11848 E ArmVmp : Match on catch block at 0xc3 in for 0x149
03-02 17:47:09.450 11848 11848 E ArmVmp : Match on catch block at 0xc3 in for 0x145
03-02 17:47:09.932 11848 11848 E ArmVmp : Match on catch block at 0x0a in for 0x149
03-02 17:47:09.933 11848 11848 E ArmVmp : Match on catch block at 0x0a in for 0x141
03-02 17:47:09.935 11848 11848 E ArmVmp : Match on catch block at 0x0a in for 0x155
03-02 17:47:09.936 11848 11848 E ArmVmp : Match on catch block at 0x0a in for 0x14d
03-02 17:47:09.946 11848 11848 E ArmVmp : Match on catch block at 0xc3 in for 0x14d
03-02 17:47:09.950 11848 11848 E ArmVmp : Match on catch block at 0xc3 in for 0x149
03-02 17:47:10.444 11848 11848 E ArmVmp : Match on catch block at 0xc3 in for 0x155
03-02 17:47:10.448 11848 11848 E ArmVmp : Match on catch block at 0xc3 in for 0x151
03-02 17:47:10.944 11848 11848 E ArmVmp : Match on catch block at 0xc3 in for 0x141
03-02 17:47:10.949 11848 11848 E ArmVmp : Match on catch block at 0xc3 in for 0x159
03-02 17:47:11.445 11848 11848 E ArmVmp : Match on catch block at 0xc3 in for 0x149
03-02 17:47:11.449 11848 11848 E ArmVmp : Match on catch block at 0xc3 in for 0x145
03-02 17:47:11.946 11848 11848 E ArmVmp : Match on catch block at 0xc3 in for 0x151
03-02 17:47:11.951 11848 11848 E ArmVmp : Match on catch block at 0xc3 in for 0x14d
03-02 17:47:12.445 11848 11848 E ArmVmp : Match on catch block at 0xc3 in for 0x159
03-02 17:47:12.451 11848 11848 E ArmVmp : Match on catch block at 0xc3 in for 0x155
03-02 17:47:12.708 11848 11848 E ArmVmp : Match on catch block at 0xc3 in for 0x14d
03-02 17:47:12.711 11848 11848 E ArmVmp : Match on catch block at 0xc3 in for 0x149
03-02 17:47:12.714 11848 12064 E SQLiteDatabase: Error inserting transferred=0 media_job_uuid=1a8d4441-f2d1-46fb-b3ae-5dabdf3e315d transcoded=1 gif_attribution=0 first_scan_length=0 direct_path=null thumbnail_height_width_ratio=1.0 is_animated_sticker=0 file_hash=9JhyG5rGgUMyEo0QTjzgxbFC5e0Fm3aChPmECMzLhVQ= file_path=/data/user/0/com.whatsapp/files/Stickers/9JhyG5rGgUMyEo0QTjzgxbFC5e0Fm3aC hPmECMzLhVQ=.webp file_size=63218 partial_media_hash=null face_x=0 face_y=0 height=512 trim_to=0 media_key_timestamp=0 message_url=null media_caption=null trim_from=0 mime_type=image/webp partial_media_enc_hash=null width=512 original_file_hash=null has_streaming_sidecar=0 autotransfer_retry_enabled=1 media_upload_handle=null message_row_id=307921 multicast_id=null enc_file_hash=null mute_video=0 page_count=0 first_scan_sidecar=null suspicious_content=0 file_length=63218 media_name=9JhyG5rGgUMyEo0QTjzgxbFC5e0Fm3aChPmECMzLhVQ=.webp media_duration=0 chat_row_id=5205 media_key=null
03-02 17:47:12.714 11848 12064 E SQLiteDatabase: android.database.sqlite.SQLiteConstraintException: UNIQUE constraint failed: message_media.message_row_id (code 1555 SQLITE_CONSTRAINT_PRIMARYKEY[1555])
03-02 17:47:12.714 11848 12064 E SQLiteDatabase: at android.database.sqlite.SQLiteConnection.nativeExecuteForLastInsertedRowId(Native Method)
03-02 17:47:12.714 11848 12064 E SQLiteDatabase: at android.database.sqlite.SQLiteConnection.executeForLastInsertedRowId(SQLiteConnecti on.java:1232)
03-02 17:47:12.714 11848 12064 E SQLiteDatabase: at android.database.sqlite.SQLiteSession.executeForLastInsertedRowId(SQLiteSession.jav a:790)
03-02 17:47:12.714 11848 12064 E SQLiteDatabase: at android.database.sqlite.SQLiteStatement.executeInsert(SQLiteStatement.java:89)
03-02 17:47:12.714 11848 12064 E SQLiteDatabase: at android.database.sqlite.SQLiteDatabase.insertWithOnConflict(SQLiteDatabase.java:224 4)
03-02 17:47:12.714 11848 12064 E SQLiteDatabase: at android.database.sqlite.SQLiteDatabase.insert(SQLiteDatabase.java:2113)
03-02 17:47:12.714 11848 12064 E SQLiteDatabase: at X.2tm.A08(Unknown Source:6)
03-02 17:47:12.714 11848 12064 E SQLiteDatabase: at X.35Y.A07(Unknown Source:212)
03-02 17:47:12.714 11848 12064 E SQLiteDatabase: at X.3QF.A14(Unknown Source:470)
03-02 17:47:12.714 11848 12064 E SQLiteDatabase: at X.3gU.run(Unknown Source:982)
03-02 17:47:12.714 11848 12064 E SQLiteDatabase: at android.os.Handler.handleCallback(Handler.java:938)
03-02 17:47:12.714 11848 12064 E SQLiteDatabase: at android.os.Handler.dispatchMessage(Handler.java:99)
03-02 17:47:12.714 11848 12064 E SQLiteDatabase: at X.0zq.dispatchMessage(Unknown Source:4)
03-02 17:47:12.714 11848 12064 E SQLiteDatabase: at android.os.Looper.loopOnce(Looper.java:226)
03-02 17:47:12.714 11848 12064 E SQLiteDatabase: at android.os.Looper.loop(Looper.java:313)
03-02 17:47:12.714 11848 12064 E SQLiteDatabase: at android.os.HandlerThread.run(HandlerThread.java:67)
03-02 17:47:12.739 11848 11848 E ArmVmp : Match on catch block at 0xc3 in for 0x159
03-02 17:47:12.742 11848 11848 E ArmVmp : Match on catch block at 0xc3 in for 0x155
03-02 17:47:12.758 11848 11848 E ArmVmp : Match on catch block at 0xc3 in for 0x149
03-02 17:47:12.761 11848 11848 E ArmVmp : Match on catch block at 0xc3 in for 0x145
03-02 17:47:12.793 11848 11848 E ArmVmp : Match on catch block at 0x0a in for 0x141
03-02 17:47:12.889 11848 12064 E SQLiteDatabase: Error inserting transferred=1 media_job_uuid=1a8d4441-f2d1-46fb-b3ae-5dabdf3e315d transcoded=1 gif_attribution=0 first_scan_length=0 direct_path=/v/t62.15575- 24/381622680_411482208044681_5734958955459371184_n.enc?ccb=11- 4&oh=01_AdShV4CRFphyd5VLZdbKwT69-UFCqxEr3B92D8W-HOLdRg&oe=660B12A6&_nc_sid=5e03e0 thumbnail_height_width_ratio=1.0 is_animated_sticker=0 file_hash=9JhyG5rGgUMyEo0QTjzgxbFC5e0Fm3aChPmECMzLhVQ= file_path=Media/WhatsApp Stickers/STK-20240229-WA0610.webp file_size=63218 partial_media_hash=null face_x=0 face_y=0 height=512 trim_to=0 media_key_timestamp=1709262479362 message_url=https://mmg.whatsapp.net/v/t62.15575- 24/381622680_411482208044681_5734958955459371184_n.enc?ccb=11- 4&oh=01_AdShV4CRFphyd5VLZdbKwT69-UFCqxEr3B92D8W- HOLdRg&oe=660B12A6&_nc_sid=5e03e0&mms3=true media_caption=null trim_from=0 mime_type=image/webp partial_media_enc_hash=null width=512 original_file_hash=null has_streaming_sidecar=0 autotransfer_retry_enabled=0 media_upload_handle=null message_row_id=307921 multicast_id=null enc_file_hash=k35gWLaxJ5ouhH4fxx+0FahAja2qWhgmlm8NOk0sO8k= mute_video=0 page_count=0 first_scan_sidecar=null suspicious_content=0 file_length=63218 media_name=9JhyG5rGgUMyEo0QTjzgxbFC5e0Fm3aChPmECMzLhVQ=.webp media_duration=0 chat_row_id=5205 media_key=[B@72e09a7
03-02 17:47:12.889 11848 12064 E SQLiteDatabase: android.database.sqlite.SQLiteConstraintException: UNIQUE constraint failed: message_media.message_row_id (code 1555 SQLITE_CONSTRAINT_PRIMARYKEY[1555])
03-02 17:47:12.889 11848 12064 E SQLiteDatabase: at android.database.sqlite.SQLiteConnection.nativeExecuteForLastInsertedRowId(Native Method)
03-02 17:47:12.889 11848 12064 E SQLiteDatabase: at android.database.sqlite.SQLiteConnection.executeForLastInsertedRowId(SQLiteConnecti on.java:1232)
03-02 17:47:12.889 11848 12064 E SQLiteDatabase: at android.database.sqlite.SQLiteSession.executeForLastInsertedRowId(SQLiteSession.jav a:790)
03-02 17:47:12.889 11848 12064 E SQLiteDatabase: at android.database.sqlite.SQLiteStatement.executeInsert(SQLiteStatement.java:89)
03-02 17:47:12.889 11848 12064 E SQLiteDatabase: at android.database.sqlite.SQLiteDatabase.insertWithOnConflict(SQLiteDatabase.java:224 4)
03-02 17:47:12.889 11848 12064 E SQLiteDatabase: at android.database.sqlite.SQLiteDatabase.insert(SQLiteDatabase.java:2113)
03-02 17:47:12.889 11848 12064 E SQLiteDatabase: at X.2tm.A08(Unknown Source:6)
03-02 17:47:12.889 11848 12064 E SQLiteDatabase: at X.35Y.A07(Unknown Source:212)
03-02 17:47:12.889 11848 12064 E SQLiteDatabase: at X.3QF.A14(Unknown Source:470)
03-02 17:47:12.889 11848 12064 E SQLiteDatabase: at X.3gU.run(Unknown Source:982)
03-02 17:47:12.889 11848 12064 E SQLiteDatabase: at android.os.Handler.handleCallback(Handler.java:938)
03-02 17:47:12.889 11848 12064 E SQLiteDatabase: at android.os.Handler.dispatchMessage(Handler.java:99)
03-02 17:47:12.889 11848 12064 E SQLiteDatabase: at X.0zq.dispatchMessage(Unknown Source:4)
03-02 17:47:12.889 11848 12064 E SQLiteDatabase: at android.os.Looper.loopOnce(Looper.java:226)
03-02 17:47:12.889 11848 12064 E SQLiteDatabase: at android.os.Looper.loop(Looper.java:313)
03-02 17:47:12.889 11848 12064 E SQLiteDatabase: at android.os.HandlerThread.run(HandlerThread.java:67)
03-02 17:47:12.927 11848 11848 E ArmVmp : Match on catch block at 0xc3 in for 0x149
03-02 17:47:12.931 11848 11848 E ArmVmp : Match on catch block at 0xc3 in for 0x145
03-02 17:47:12.960 11848 11848 E ArmVmp : Match on catch block at 0xc3 in for 0x14d
03-02 17:47:12.963 11848 11848 E ArmVmp : Match on catch block at 0xc3 in for 0x149
03-02 17:47:13.018 11848 11848 E ArmVmp : Match on catch block at 0xc3 in for 0x151
03-02 17:47:13.021 11848 11848 E ArmVmp : Match on catch block at 0xc3 in for 0x14d
03-02 17:47:13.031 11848 13077 W MediaPlayer: Use of stream types is deprecated for operations other than volume control
03-02 17:47:13.031 11848 13077 W MediaPlayer: See the documentation of setAudioStreamType() for what to use instead with android.media.AudioAttributes to qualify your playback use case
03-02 17:47:13.048 11848 12578 W MediaPlayerNative: info/warning (10973, 0)
03-02 17:47:13.463 11848 11848 E ArmVmp : Match on catch block at 0xc3 in for 0x149
03-02 17:47:13.470 11848 11848 E ArmVmp : Match on catch block at 0xc3 in for 0x145
03-02 17:47:13.963 11848 11848 E ArmVmp : Match on catch block at 0xc3 in for 0x151
03-02 17:47:13.969 11848 11848 E ArmVmp : Match on catch block at 0xc3 in for 0x14d
03-02 17:47:14.220 11848 11848 E ArmVmp : Match on catch block at 0xc3 in for 0x14d
03-02 17:47:14.226 11848 11848 E ArmVmp : Match on catch block at 0xc3 in for 0x149
03-02 17:47:14.281 11848 11848 E ArmVmp : Match on catch block at 0xc3 in for 0x145
03-02 17:47:14.285 11848 11848 E ArmVmp : Match on catch block at 0xc3 in for 0x141
03-02 17:47:14.314 11848 11848 E ArmVmp : Match on catch block at 0xc3 in for 0x149
03-02 17:47:14.318 11848 11848 E ArmVmp : Match on catch block at 0xc3 in for 0x145
03-02 17:47:14.359 11848 11848 E ArmVmp : Match on catch block at 0xc3 in for 0x159
03-02 17:47:14.364 11848 11848 E ArmVmp : Match on catch block at 0xc3 in for 0x155
03-02 17:47:14.381 11848 11848 E ArmVmp : Match on catch block at 0xc3 in for 0x145
03-02 17:47:14.384 11848 11848 E ArmVmp : Match on catch block at 0xc3 in for 0x141
03-02 17:47:14.394 11848 11848 E ArmVmp : Match on catch block at 0xc3 in for 0x14d
03-02 17:47:14.398 11848 11848 E ArmVmp : Match on catch block at 0xc3 in for 0x149
03-02 17:47:14.411 11848 11848 E ArmVmp : Match on catch block at 0xc3 in for 0x155
03-02 17:47:14.414 11848 11848 E ArmVmp : Match on catch block at 0xc3 in for 0x151
03-02 17:47:14.427 11848 11848 E ArmVmp : Match on catch block at 0xc3 in for 0x141
03-02 17:47:14.431 11848 11848 E ArmVmp : Match on catch block at 0xc3 in for 0x159
03-02 17:47:14.444 11848 11848 E ArmVmp : Match on catch block at 0xc3 in for 0x149
03-02 17:47:14.448 11848 11848 E ArmVmp : Match on catch block at 0xc3 in for 0x145
03-02 17:47:14.461 11848 11848 E ArmVmp : Match on catch block at 0xc3 in for 0x151
03-02 17:47:14.464 11848 11848 E ArmVmp : Match on catch block at 0xc3 in for 0x14d
03-02 17:47:14.478 11848 11848 E ArmVmp : Match on catch block at 0xc3 in for 0x159
03-02 17:47:14.485 11848 11848 E ArmVmp : Match on catch block at 0xc3 in for 0x155
03-02 17:47:14.498 11848 11848 E ArmVmp : Match on catch block at 0xc3 in for 0x145
03-02 17:47:14.503 11848 11848 E ArmVmp : Match on catch block at 0xc3 in for 0x141
03-02 17:47:14.515 11848 11848 E ArmVmp : Match on catch block at 0xc3 in for 0x14d
03-02 17:47:14.519 11848 11848 E ArmVmp : Match on catch block at 0xc3 in for 0x149
03-02 17:47:14.530 11848 11848 E ArmVmp : Match on catch block at 0xc3 in for 0x155
03-02 17:47:14.534 11848 11848 E ArmVmp : Match on catch block at 0xc3 in for 0x151
03-02 17:47:14.545 11848 11848 E ArmVmp : Match on catch block at 0xc3 in for 0x141
03-02 17:47:14.550 11848 11848 E ArmVmp : Match on catch block at 0xc3 in for 0x159
03-02 17:47:14.565 11848 11848 E ArmVmp : Match on catch block at 0xc3 in for 0x159
03-02 17:47:14.570 11848 11848 E ArmVmp : Match on catch block at 0xc3 in for 0x155
03-02 17:47:14.580 11848 11848 E ArmVmp : Match on catch block at 0xc3 in for 0x145
03-02 17:47:14.585 11848 11848 E ArmVmp : Match on catch block at 0xc3 in for 0x141
03-02 17:47:14.595 11848 11848 E ArmVmp : Match on catch block at 0xc3 in for 0x14d
03-02 17:47:14.599 11848 11848 E ArmVmp : Match on catch block at 0xc3 in for 0x149
03-02 17:47:14.611 11848 11848 E ArmVmp : Match on catch block at 0xc3 in for 0x155
03-02 17:47:14.617 11848 11848 E ArmVmp : Match on catch block at 0xc3 in for 0x151
03-02 17:47:14.628 11848 11848 E ArmVmp : Match on catch block at 0xc3 in for 0x141
03-02 17:47:14.634 11848 11848 E ArmVmp : Match on catch block at 0xc3 in for 0x159
03-02 17:47:14.645 11848 11848 E ArmVmp : Match on catch block at 0xc3 in for 0x149
03-02 17:47:14.650 11848 11848 E ArmVmp : Match on catch block at 0xc3 in for 0x145
03-02 17:47:14.855 11848 11848 E ArmVmp : Match on catch block at 0x0a in for 0x149
03-02 17:47:14.856 11848 11848 E ArmVmp : Match on catch block at 0x0a in for 0x141
03-02 17:47:14.858 11848 11848 E ArmVmp : Match on catch block at 0x0a in for 0x155
03-02 17:47:14.863 11848 11848 E ArmVmp : Match on catch block at 0x0a in for 0x14d
03-02 17:47:14.933 11848 11848 E ArmVmp : Match on catch block at 0x0a in for 0x145
03-02 17:47:14.935 11848 11848 E ArmVmp : Match on catch block at 0x0a in for 0x159
03-02 17:47:14.936 11848 11848 E ArmVmp : Match on catch block at 0x0a in for 0x151
03-02 17:47:14.937 11848 11848 E ArmVmp : Match on catch block at 0x0a in for 0x149
03-02 17:47:14.980 11848 11848 E ArmVmp : Match on catch block at 0xc3 in for 0x149
03-02 17:47:14.984 11848 11848 E ArmVmp : Match on catch block at 0xc3 in for 0x145
03-02 17:47:15.021 11848 11848 E ArmVmp : Match on catch block at 0xc3 in for 0x141
03-02 17:47:15.024 11848 11848 E ArmVmp : Match on catch block at 0xc3 in for 0x159
03-02 17:47:15.051 11848 13077 W MediaPlayer: Use of stream types is deprecated for operations other than volume control
03-02 17:47:15.051 11848 13077 W MediaPlayer: See the documentation of setAudioStreamType() for what to use instead with android.media.AudioAttributes to qualify your playback use case
03-02 17:47:15.057 11848 11848 E ArmVmp : Match on catch block at 0xc3 in for 0x141
03-02 17:47:15.059 11848 11848 E ArmVmp : Match on catch block at 0xc3 in for 0x159
03-02 17:47:15.074 11848 12578 W MediaPlayerNative: info/warning (10973, 0)
03-02 17:47:15.478 11848 11848 E ArmVmp : Match on catch block at 0xc3 in for 0x159
03-02 17:47:15.484 11848 11848 E ArmVmp : Match on catch block at 0xc3 in for 0x155
03-02 17:47:15.980 11848 11848 E ArmVmp : Match on catch block at 0xc3 in for 0x145
03-02 17:47:15.986 11848 11848 E ArmVmp : Match on catch block at 0xc3 in for 0x141
03-02 17:47:16.480 11848 11848 E ArmVmp : Match on catch block at 0xc3 in for 0x14d
03-02 17:47:16.488 11848 11848 E ArmVmp : Match on catch block at 0xc3 in for 0x149
03-02 17:47:16.998 11848 11848 E ArmVmp : Match on catch block at 0xc3 in for 0x155
03-02 17:47:17.005 11848 11848 E ArmVmp : Match on catch block at 0xc3 in for 0x151
03-02 17:47:17.498 11848 11848 E ArmVmp : Match on catch block at 0xc3 in for 0x141
03-02 17:47:17.505 11848 11848 E ArmVmp : Match on catch block at 0xc3 in for 0x159
03-02 17:47:17.999 11848 11848 E ArmVmp : Match on catch block at 0xc3 in for 0x149
03-02 17:47:18.007 11848 11848 E ArmVmp : Match on catch block at 0xc3 in for 0x145
03-02 17:47:18.350 11848 11848 E ArmVmp : Match on catch block at 0xc3 in for 0x149
03-02 17:47:18.355 11848 11848 E ArmVmp : Match on catch block at 0xc3 in for 0x145
03-02 17:47:18.365 11848 11848 E ArmVmp : Match on catch block at 0xc3 in for 0x155
03-02 17:47:18.370 11848 11848 E ArmVmp : Match on catch block at 0xc3 in for 0x151
03-02 17:47:18.382 11848 11848 E ArmVmp : Match on catch block at 0xc3 in for 0x145
03-02 17:47:18.386 11848 11848 E ArmVmp : Match on catch block at 0xc3 in for 0x141
03-02 17:47:18.398 11848 11848 E ArmVmp : Match on catch block at 0xc3 in for 0x151
03-02 17:47:18.402 11848 11848 E ArmVmp : Match on catch block at 0xc3 in for 0x14d
03-02 17:47:18.417 11848 11848 E ArmVmp : Match on catch block at 0xc3 in for 0x159
03-02 17:47:18.422 11848 11848 E ArmVmp : Match on catch block at 0xc3 in for 0x155
03-02 17:47:18.432 11848 11848 E ArmVmp : Match on catch block at 0xc3 in for 0x149
03-02 17:47:18.435 11848 11848 E ArmVmp : Match on catch block at 0xc3 in for 0x145
03-02 17:47:18.448 11848 11848 E ArmVmp : Match on catch block at 0xc3 in for 0x155
03-02 17:47:18.452 11848 11848 E ArmVmp : Match on catch block at 0xc3 in for 0x151
03-02 17:47:18.464 11848 11848 E ArmVmp : Match on catch block at 0xc3 in for 0x145
03-02 17:47:18.468 11848 11848 E ArmVmp : Match on catch block at 0xc3 in for 0x141
03-02 17:47:18.481 11848 11848 E ArmVmp : Match on catch block at 0xc3 in for 0x151
03-02 17:47:18.484 11848 11848 E ArmVmp : Match on catch block at 0xc3 in for 0x14d
03-02 17:47:18.497 11848 11848 E ArmVmp : Match on catch block at 0xc3 in for 0x141
03-02 17:47:18.501 11848 11848 E ArmVmp : Match on catch block at 0xc3 in for 0x159
03-02 17:47:18.528 11848 11848 E ArmVmp : Match on catch block at 0xc3 in for 0x155
03-02 17:47:18.531 11848 11848 E ArmVmp : Match on catch block at 0xc3 in for 0x151
03-02 17:47:18.541 11848 11848 E ArmVmp : Match on catch block at 0xc3 in for 0x149
03-02 17:47:18.544 11848 11848 E ArmVmp : Match on catch block at 0xc3 in for 0x145
03-02 17:47:18.549 11848 11848 E ArmVmp : Match on catch block at 0xc3 in for 0x151
03-02 17:47:18.552 11848 11848 E ArmVmp : Match on catch block at 0xc3 in for 0x14d
03-02 17:47:18.562 11848 11848 E ArmVmp : Match on catch block at 0xc3 in for 0x159
03-02 17:47:18.565 11848 11848 E ArmVmp : Match on catch block at 0xc3 in for 0x155
03-02 17:47:18.578 11848 11848 E ArmVmp : Match on catch block at 0xc3 in for 0x145
03-02 17:47:18.581 11848 11848 E ArmVmp : Match on catch block at 0xc3 in for 0x141
03-02 17:47:18.595 11848 11848 E ArmVmp : Match on catch block at 0xc3 in for 0x14d
03-02 17:47:18.598 11848 11848 E ArmVmp : Match on catch block at 0xc3 in for 0x149
03-02 17:47:18.612 11848 11848 E ArmVmp : Match on catch block at 0xc3 in for 0x155
03-02 17:47:18.615 11848 11848 E ArmVmp : Match on catch block at 0xc3 in for 0x151
03-02 17:47:18.629 11848 11848 E ArmVmp : Match on catch block at 0xc3 in for 0x141
03-02 17:47:18.631 11848 11848 E ArmVmp : Match on catch block at 0xc3 in for 0x159
03-02 17:47:18.645 11848 11848 E ArmVmp : Match on catch block at 0xc3 in for 0x149
03-02 17:47:18.648 11848 11848 E ArmVmp : Match on catch block at 0xc3 in for 0x145
03-02 17:47:18.663 11848 11848 E ArmVmp : Match on catch block at 0xc3 in for 0x151
03-02 17:47:18.667 11848 11848 E ArmVmp : Match on catch block at 0xc3 in for 0x14d
03-02 17:47:18.680 11848 11848 E ArmVmp : Match on catch block at 0xc3 in for 0x159
03-02 17:47:18.684 11848 11848 E ArmVmp : Match on catch block at 0xc3 in for 0x155
03-02 17:47:18.696 11848 11848 E ArmVmp : Match on catch block at 0xc3 in for 0x145
03-02 17:47:18.706 11848 11848 E ArmVmp : Match on catch block at 0xc3 in for 0x141
03-02 17:47:18.713 11848 11848 E ArmVmp : Match on catch block at 0xc3 in for 0x14d
03-02 17:47:18.717 11848 11848 E ArmVmp : Match on catch block at 0xc3 in for 0x149
03-02 17:47:18.729 11848 11848 E ArmVmp : Match on catch block at 0xc3 in for 0x155
03-02 17:47:18.733 11848 11848 E ArmVmp : Match on catch block at 0xc3 in for 0x151
03-02 17:47:18.746 11848 11848 E ArmVmp : Match on catch block at 0xc3 in for 0x141
03-02 17:47:18.750 11848 11848 E ArmVmp : Match on catch block at 0xc3 in for 0x159
03-02 17:47:18.762 11848 11848 E ArmVmp : Match on catch block at 0xc3 in for 0x149
03-02 17:47:18.766 11848 11848 E ArmVmp : Match on catch block at 0xc3 in for 0x145
03-02 17:47:18.789 11848 11848 E ArmVmp : Match on catch block at 0xc3 in for 0x141
03-02 17:47:18.793 11848 11848 E ArmVmp : Match on catch block at 0xc3 in for 0x159
03-02 17:47:18.812 11848 11848 E ArmVmp : Match on catch block at 0xc3 in for 0x149
03-02 17:47:18.816 11848 11848 E ArmVmp : Match on catch block at 0xc3 in for 0x145
03-02 17:47:18.996 11848 11848 E ArmVmp : Match on catch block at 0xc3 in for 0x151
03-02 17:47:18.999 11848 11848 E ArmVmp : Match on catch block at 0xc3 in for 0x14d
03-02 17:47:19.133 11848 11848 E ArmVmp : Match on catch block at 0xc3 in for 0x151
03-02 17:47:19.136 11848 11848 E ArmVmp : Match on catch block at 0xc3 in for 0x14d
03-02 17:47:19.237 11848 11848 E ArmVmp : Match on catch block at 0xc3 in for 0x155
03-02 17:47:19.240 11848 11848 E ArmVmp : Match on catch block at 0xc3 in for 0x151
03-02 17:47:19.246 11848 11848 E ArmVmp : Match on catch block at 0xc3 in for 0x141
03-02 17:47:19.250 11848 11848 E ArmVmp : Match on catch block at 0xc3 in for 0x159
03-02 17:47:19.495 11848 11848 E ArmVmp : Match on catch block at 0xc3 in for 0x149
03-02 17:47:19.498 11848 11848 E ArmVmp : Match on catch block at 0xc3 in for 0x145
03-02 17:47:19.998 11848 11848 E ArmVmp : Match on catch block at 0xc3 in for 0x159
03-02 17:47:20.003 11848 11848 E ArmVmp : Match on catch block at 0xc3 in for 0x155
03-02 17:47:20.500 11848 11848 E ArmVmp : Match on catch block at 0xc3 in for 0x145
03-02 17:47:20.507 11848 11848 E ArmVmp : Match on catch block at 0xc3 in for 0x141
03-02 17:47:20.948 11848 11848 E ArmVmp : Match on catch block at 0xc3 in for 0x159
03-02 17:47:20.953 11848 11848 E ArmVmp : Match on catch block at 0xc3 in for 0x155
03-02 17:47:20.987 11848 11848 E ArmVmp : Match on catch block at 0xc3 in for 0x14d
03-02 17:47:20.989 11848 11848 E ArmVmp : Match on catch block at 0xc3 in for 0x149
03-02 17:47:21.025 11848 11848 E ArmVmp : Match on catch block at 0xc3 in for 0x155
03-02 17:47:21.031 11848 11848 E ArmVmp : Match on catch block at 0xc3 in for 0x151
03-02 17:47:21.044 11848 11848 E ArmVmp : Match on catch block at 0xc3 in for 0x141
03-02 17:47:21.050 11848 11848 E ArmVmp : Match on catch block at 0xc3 in for 0x159
03-02 17:47:21.067 11848 11848 E ArmVmp : Match on catch block at 0xc3 in for 0x149
03-02 17:47:21.070 11848 11848 E ArmVmp : Match on catch block at 0xc3 in for 0x145
03-02 17:47:21.546 11848 11848 E ArmVmp : Match on catch block at 0xc3 in for 0x155
03-02 17:47:21.550 11848 11848 E ArmVmp : Match on catch block at 0xc3 in for 0x151
03-02 17:47:22.047 11848 11848 E ArmVmp : Match on catch block at 0xc3 in for 0x141
03-02 17:47:22.052 11848 11848 E ArmVmp : Match on catch block at 0xc3 in for 0x159
03-02 17:47:22.542 11848 11848 E ArmVmp : Match on catch block at 0x0a in for 0x155
03-02 17:47:22.545 11848 11848 E ArmVmp : Match on catch block at 0x0a in for 0x14d
03-02 17:47:22.564 11848 11848 E ArmVmp : Match on catch block at 0xc3 in for 0x14d
03-02 17:47:22.567 11848 11848 E ArmVmp : Match on catch block at 0xc3 in for 0x149
03-02 17:47:23.082 11848 11848 E ArmVmp : Match on catch block at 0xc3 in for 0x155
03-02 17:47:23.087 11848 11848 E ArmVmp : Match on catch block at 0xc3 in for 0x151
03-02 17:47:23.582 11848 11848 E ArmVmp : Match on catch block at 0xc3 in for 0x141
03-02 17:47:23.586 11848 11848 E ArmVmp : Match on catch block at 0xc3 in for 0x159
03-02 17:47:23.647 11848 11848 E ArmVmp : Match on catch block at 0x0a in for 0x159
03-02 17:47:23.649 11848 11848 E ArmVmp : Match on catch block at 0x0a in for 0x151
03-02 17:47:23.650 11848 11848 E ArmVmp : Match on catch block at 0x0a in for 0x149
03-02 17:47:23.651 11848 11848 E ArmVmp : Match on catch block at 0x0a in for 0x141
03-02 17:47:23.654 11848 11848 E ArmVmp : Match on catch block at 0x0a in for 0x155
03-02 17:47:23.656 11848 11848 E ArmVmp : Match on catch block at 0x0a in for 0x14d
03-02 17:47:23.658 11848 11848 E ArmVmp : Match on catch block at 0x0a in for 0x145
03-02 17:47:23.660 11848 11848 E ArmVmp : Match on catch block at 0x0a in for 0x159
03-02 17:47:23.663 11848 11848 E ArmVmp : Match on catch block at 0x0a in for 0x151
03-02 17:47:23.665 11848 11848 E ArmVmp : Match on catch block at 0x0a in for 0x149
03-02 17:47:23.667 11848 11848 E ArmVmp : Match on catch block at 0x0a in for 0x141
03-02 17:47:23.669 11848 11848 E ArmVmp : Match on catch block at 0x0a in for 0x155
03-02 17:47:23.866 11848 11848 E ArmVmp : Match on catch block at 0x0a in for 0x14d
03-02 17:47:23.869 11848 11848 E ArmVmp : Match on catch block at 0x0a in for 0x145
03-02 17:47:23.871 11848 11848 E ArmVmp : Match on catch block at 0x0a in for 0x159
03-02 17:47:23.874 11848 11848 E ArmVmp : Match on catch block at 0x0a in for 0x151
03-02 17:47:23.877 11848 11848 E ArmVmp : Match on catch block at 0x0a in for 0x149
03-02 17:47:23.879 11848 11848 E ArmVmp : Match on catch block at 0x0a in for 0x141
03-02 17:47:23.882 11848 11848 E ArmVmp : Match on catch block at 0x0a in for 0x155
03-02 17:47:23.884 11848 11848 E ArmVmp : Match on catch block at 0x0a in for 0x14d
03-02 17:47:23.886 11848 11848 E ArmVmp : Match on catch block at 0x0a in for 0x145
03-02 17:47:23.888 11848 11848 E ArmVmp : Match on catch block at 0x0a in for 0x159
03-02 17:47:23.889 11848 11848 E ArmVmp : Match on catch block at 0x0a in for 0x151
03-02 17:47:23.891 11848 11848 E ArmVmp : Match on catch block at 0x0a in for 0x149
03-02 17:47:24.097 11848 11848 E ArmVmp : Match on catch block at 0x0a in for 0x159
03-02 17:47:24.098 11848 11848 E ArmVmp : Match on catch block at 0x0a in for 0x151
03-02 17:47:24.100 11848 11848 E ArmVmp : Match on catch block at 0x0a in for 0x149
03-02 17:47:24.101 11848 11848 E ArmVmp : Match on catch block at 0x0a in for 0x141
03-02 17:47:24.107 11848 11848 E ArmVmp : Match on catch block at 0xc3 in for 0x141
03-02 17:47:24.110 11848 11848 E ArmVmp : Match on catch block at 0xc3 in for 0x159
03-02 17:47:24.582 11848 11848 E ArmVmp : Match on catch block at 0xc3 in for 0x149
03-02 17:47:24.587 11848 11848 E ArmVmp : Match on catch block at 0xc3 in for 0x145
03-02 17:47:25.082 11848 11848 E ArmVmp : Match on catch block at 0xc3 in for 0x141
03-02 17:47:25.088 11848 11848 E ArmVmp : Match on catch block at 0xc3 in for 0x159
03-02 17:47:25.584 11848 11848 E ArmVmp : Match on catch block at 0xc3 in for 0x149
03-02 17:47:25.591 11848 11848 E ArmVmp : Match on catch block at 0xc3 in for 0x145
03-02 17:47:26.084 11848 11848 E ArmVmp : Match on catch block at 0xc3 in for 0x151
03-02 17:47:26.091 11848 11848 E ArmVmp : Match on catch block at 0xc3 in for 0x14d
03-02 17:47:26.584 11848 11848 E ArmVmp : Match on catch block at 0xc3 in for 0x159
03-02 17:47:26.591 11848 11848 E ArmVmp : Match on catch block at 0xc3 in for 0x155
03-02 17:47:26.607 11848 13077 W MediaPlayer: Use of stream types is deprecated for operations other than volume control
03-02 17:47:26.607 11848 13077 W MediaPlayer: See the documentation of setAudioStreamType() for what to use instead with android.media.AudioAttributes to qualify your playback use case
03-02 17:47:26.632 11848 12578 W MediaPlayerNative: info/warning (10973, 0)
03-02 17:47:26.666 11848 11848 E ArmVmp : Match on catch block at 0xc3 in for 0x14d
03-02 17:47:26.669 11848 11848 E ArmVmp : Match on catch block at 0xc3 in for 0x149
03-02 17:47:26.686 11848 11848 E ArmVmp : Match on catch block at 0xc3 in for 0x149
03-02 17:47:26.689 11848 11848 E ArmVmp : Match on catch block at 0xc3 in for 0x145
03-02 17:47:27.085 11848 11848 E ArmVmp : Match on catch block at 0xc3 in for 0x141
03-02 17:47:27.092 11848 11848 E ArmVmp : Match on catch block at 0xc3 in for 0x159
03-02 17:47:27.585 11848 11848 E ArmVmp : Match on catch block at 0xc3 in for 0x149
03-02 17:47:27.591 11848 11848 E ArmVmp : Match on catch block at 0xc3 in for 0x145
03-02 17:47:27.850 11848 11848 E ArmVmp : Match on catch block at 0x0a in for 0x1b5
03-02 17:47:27.853 11848 11848 E ArmVmp : Match on catch block at 0x0a in for 0x1ad
03-02 17:47:27.855 11848 11848 E ArmVmp : Match on catch block at 0x0a in for 0x1a5
03-02 17:47:27.857 11848 11848 E ArmVmp : Match on catch block at 0x0a in for 0x1b9
03-02 17:47:27.873 11848 11848 E ArmVmp : Match on catch block at 0x0a in for 0x149
03-02 17:47:27.875 11848 11848 E ArmVmp : Match on catch block at 0x0a in for 0x141
03-02 17:47:27.878 11848 11848 E ArmVmp : Match on catch block at 0x0a in for 0x155
03-02 17:47:27.888 11848 11848 E ArmVmp : Match on catch block at 0x0a in for 0x14d
03-02 17:47:28.084 11848 11848 E ArmVmp : Match on catch block at 0xc3 in for 0x14d
03-02 17:47:28.089 11848 11848 E ArmVmp : Match on catch block at 0xc3 in for 0x149
03-02 17:47:28.584 11848 11848 E ArmVmp : Match on catch block at 0xc3 in for 0x155
03-02 17:47:28.589 11848 11848 E ArmVmp : Match on catch block at 0xc3 in for 0x151
03-02 17:47:29.085 11848 11848 E ArmVmp : Match on catch block at 0xc3 in for 0x141
03-02 17:47:29.091 11848 11848 E ArmVmp : Match on catch block at 0xc3 in for 0x159
03-02 17:47:29.586 11848 11848 E ArmVmp : Match on catch block at 0xc3 in for 0x149
03-02 17:47:29.592 11848 11848 E ArmVmp : Match on catch block at 0xc3 in for 0x145
03-02 17:47:30.086 11848 11848 E ArmVmp : Match on catch block at 0xc3 in for 0x151
03-02 17:47:30.092 11848 11848 E ArmVmp : Match on catch block at 0xc3 in for 0x14d
03-02 17:47:30.586 11848 11848 E ArmVmp : Match on catch block at 0xc3 in for 0x159
03-02 17:47:30.592 11848 11848 E ArmVmp : Match on catch block at 0xc3 in for 0x155
03-02 17:47:31.086 11848 11848 E ArmVmp : Match on catch block at 0xc3 in for 0x145
03-02 17:47:31.092 11848 11848 E ArmVmp : Match on catch block at 0xc3 in for 0x141
03-02 17:47:31.587 11848 11848 E ArmVmp : Match on catch block at 0xc3 in for 0x14d
03-02 17:47:31.593 11848 11848 E ArmVmp : Match on catch block at 0xc3 in for 0x149
03-02 17:47:31.982 11848 13077 W MediaPlayer: Use of stream types is deprecated for operations other than volume control
03-02 17:47:31.982 11848 13077 W MediaPlayer: See the documentation of setAudioStreamType() for what to use instead with android.media.AudioAttributes to qualify your playback use case
03-02 17:47:32.006 11848 12578 W MediaPlayerNative: info/warning (10973, 0)
03-02 17:47:32.034 11848 11848 E ArmVmp : Match on catch block at 0xc3 in for 0x159
03-02 17:47:32.038 11848 11848 E ArmVmp : Match on catch block at 0xc3 in for 0x155
03-02 17:47:32.055 11848 11848 E ArmVmp : Match on catch block at 0xc3 in for 0x149
03-02 17:47:32.058 11848 11848 E ArmVmp : Match on catch block at 0xc3 in for 0x145
03-02 17:47:32.088 11848 11848 E ArmVmp : Match on catch block at 0xc3 in for 0x14d
03-02 17:47:32.091 11848 11848 E ArmVmp : Match on catch block at 0xc3 in for 0x149
03-02 17:47:32.602 11848 11848 E ArmVmp : Match on catch block at 0xc3 in for 0x149
03-02 17:47:32.608 11848 11848 E ArmVmp : Match on catch block at 0xc3 in for 0x145
03-02 17:47:33.104 11848 11848 E ArmVmp : Match on catch block at 0xc3 in for 0x151
03-02 17:47:33.110 11848 11848 E ArmVmp : Match on catch block at 0xc3 in for 0x14d
03-02 17:47:33.603 11848 11848 E ArmVmp : Match on catch block at 0xc3 in for 0x159
03-02 17:47:33.609 11848 11848 E ArmVmp : Match on catch block at 0xc3 in for 0x155
03-02 17:47:34.104 11848 11848 E ArmVmp : Match on catch block at 0xc3 in for 0x145
03-02 17:47:34.110 11848 11848 E ArmVmp : Match on catch block at 0xc3 in for 0x141
03-02 17:47:34.604 11848 11848 E ArmVmp : Match on catch block at 0xc3 in for 0x14d
03-02 17:47:34.610 11848 11848 E ArmVmp : Match on catch block at 0xc3 in for 0x149
03-02 17:47:35.104 11848 11848 E ArmVmp : Match on catch block at 0xc3 in for 0x155
03-02 17:47:35.110 11848 11848 E ArmVmp : Match on catch block at 0xc3 in for 0x151
03-02 17:47:35.604 11848 11848 E ArmVmp : Match on catch block at 0xc3 in for 0x141
03-02 17:47:35.610 11848 11848 E ArmVmp : Match on catch block at 0xc3 in for 0x159
03-02 17:47:36.105 11848 11848 E ArmVmp : Match on catch block at 0xc3 in for 0x149
03-02 17:47:36.111 11848 11848 E ArmVmp : Match on catch block at 0xc3 in for 0x145
03-02 17:47:36.603 11848 11848 E ArmVmp : Match on catch block at 0xc3 in for 0x151
03-02 17:47:36.607 11848 11848 E ArmVmp : Match on catch block at 0xc3 in for 0x14d
03-02 17:47:37.105 11848 11848 E ArmVmp : Match on catch block at 0xc3 in for 0x159
03-02 17:47:37.111 11848 11848 E ArmVmp : Match on catch block at 0xc3 in for 0x155
03-02 17:47:37.605 11848 11848 E ArmVmp : Match on catch block at 0xc3 in for 0x145
03-02 17:47:37.611 11848 11848 E ArmVmp : Match on catch block at 0xc3 in for 0x141
03-02 17:47:38.105 11848 11848 E ArmVmp : Match on catch block at 0xc3 in for 0x14d
03-02 17:47:38.112 11848 11848 E ArmVmp : Match on catch block at 0xc3 in for 0x149
03-02 17:47:38.622 11848 11848 E ArmVmp : Match on catch block at 0xc3 in for 0x155
03-02 17:47:38.629 11848 11848 E ArmVmp : Match on catch block at 0xc3 in for 0x151
03-02 17:47:39.122 11848 11848 E ArmVmp : Match on catch block at 0xc3 in for 0x141
03-02 17:47:39.129 11848 11848 E ArmVmp : Match on catch block at 0xc3 in for 0x159
03-02 17:47:39.622 11848 11848 E ArmVmp : Match on catch block at 0xc3 in for 0x149
03-02 17:47:39.629 11848 11848 E ArmVmp : Match on catch block at 0xc3 in for 0x145
03-02 17:47:39.747 11848 11848 E ArmVmp : Match on catch block at 0x0a in for 0x145
03-02 17:47:39.749 11848 11848 E ArmVmp : Match on catch block at 0x0a in for 0x159
03-02 17:47:40.121 11848 11848 E ArmVmp : Match on catch block at 0xc3 in for 0x159
03-02 17:47:40.126 11848 11848 E ArmVmp : Match on catch block at 0xc3 in for 0x155
03-02 17:47:40.622 11848 11848 E ArmVmp : Match on catch block at 0xc3 in for 0x145
03-02 17:47:40.628 11848 11848 E ArmVmp : Match on catch block at 0xc3 in for 0x141
03-02 17:47:40.702 11848 11848 E ArmVmp : Match on catch block at 0x0a in for 0x14d
03-02 17:47:40.704 11848 11848 E ArmVmp : Match on catch block at 0x0a in for 0x145
03-02 17:47:40.705 11848 11848 E ArmVmp : Match on catch block at 0x0a in for 0x159
03-02 17:47:40.707 11848 11848 E ArmVmp : Match on catch block at 0x0a in for 0x151
03-02 17:47:40.709 11848 11848 E ArmVmp : Match on catch block at 0x0a in for 0x149
03-02 17:47:40.710 11848 11848 E ArmVmp : Match on catch block at 0x0a in for 0x141
03-02 17:47:40.712 11848 11848 E ArmVmp : Match on catch block at 0x0a in for 0x155
03-02 17:47:40.713 11848 11848 E ArmVmp : Match on catch block at 0x0a in for 0x14d
03-02 17:47:40.715 11848 11848 E ArmVmp : Match on catch block at 0x0a in for 0x145
03-02 17:47:40.716 11848 11848 E ArmVmp : Match on catch block at 0x0a in for 0x159
03-02 17:47:40.718 11848 11848 E ArmVmp : Match on catch block at 0x0a in for 0x151
03-02 17:47:40.720 11848 11848 E ArmVmp : Match on catch block at 0x0a in for 0x149
03-02 17:47:40.721 11848 11848 E ArmVmp : Match on catch block at 0x0a in for 0x141
03-02 17:47:40.722 11848 11848 E ArmVmp : Match on catch block at 0x0a in for 0x155
03-02 17:47:41.123 11848 11848 E ArmVmp : Match on catch block at 0xc3 in for 0x155
03-02 17:47:41.128 11848 11848 E ArmVmp : Match on catch block at 0xc3 in for 0x151
03-02 17:47:41.622 11848 11848 E ArmVmp : Match on catch block at 0xc3 in for 0x145
