03-02 17:55:24.735 14922 14989 E SQLiteDatabase: at X.2tm.A08(Unknown Source:6)
03-02 17:55:24.735 14922 14989 E SQLiteDatabase: at X.35Y.A07(Unknown Source:212)
03-02 17:55:24.735 14922 14989 E SQLiteDatabase: at X.3QF.A14(Unknown Source:470)
03-02 17:55:24.735 14922 14989 E SQLiteDatabase: at X.3gU.run(Unknown Source:982)
03-02 17:55:24.735 14922 14989 E SQLiteDatabase: at android.os.Handler.handleCallback(Handler.java:938)
03-02 17:55:24.735 14922 14989 E SQLiteDatabase: at android.os.Handler.dispatchMessage(Handler.java:99)
03-02 17:55:24.735 14922 14989 E SQLiteDatabase: at X.0zq.dispatchMessage(Unknown Source:4)
03-02 17:55:24.735 14922 14989 E SQLiteDatabase: at android.os.Looper.loopOnce(Looper.java:226)
03-02 17:55:24.735 14922 14989 E SQLiteDatabase: at android.os.Looper.loop(Looper.java:313)
03-02 17:55:24.735 14922 14989 E SQLiteDatabase: at android.os.HandlerThread.run(HandlerThread.java:67)
03-02 17:55:24.992 14922 14989 E SQLiteDatabase: Error inserting transferred=0 media_job_uuid=a076e626-4c2a-4bf7-8231-218689f34ed7 transcoded=0 gif_attribution=0 first_scan_length=0 direct_path=/v/t62.7161- 24/30133748_875717101018779_5459330155047072806_n.enc?ccb=11- 4&oh=01_AdRENzYnUmSf4Yes3kn-qsQsTFzG6vgKvY51NZiDFut5YA&oe=660B2C96&_nc_sid=5e03e0 thumbnail_height_width_ratio=1.7777778 is_animated_sticker=0 file_hash=MHR3seJgDkU+OSGG8WlKAhIGxB6QuZZKP2Nmugu6utA= file_path=null file_size=0 partial_media_hash=null face_x=0 face_y=0 height=656 trim_to=0 media_key_timestamp=1709423576000 message_url=https://mmg.whatsapp.net/v/t62.7161- 24/30133748_875717101018779_5459330155047072806_n.enc?ccb=11- 4&oh=01_AdRENzYnUmSf4Yes3kn- qsQsTFzG6vgKvY51NZiDFut5YA&oe=660B2C96&_nc_sid=5e03e0&mms3=true media_caption=null trim_from=0 mime_type=video/mp4 partial_media_enc_hash=null width=368 original_file_hash=null has_streaming_sidecar=1 autotransfer_retry_enabled=1 media_upload_handle=null message_row_id=307942 multicast_id=null enc_file_hash=RkewbZp65B70iHnxdEfaS0GFwged+MRWSG4RkXvjSlk= mute_video=0 page_count=0 first_scan_sidecar=null suspicious_content=0 file_length=1172554 media_name=null media_duration=29 chat_row_id=87 media_key=[B@e6216b
03-02 17:55:24.992 14922 14989 E SQLiteDatabase: android.database.sqlite.SQLiteConstraintException: UNIQUE constraint failed: message_media.message_row_id (code 1555 SQLITE_CONSTRAINT_PRIMARYKEY[1555])
03-02 17:55:24.992 14922 14989 E SQLiteDatabase: at android.database.sqlite.SQLiteConnection.nativeExecuteForLastInsertedRowId(Native Method)
03-02 17:55:24.992 14922 14989 E SQLiteDatabase: at android.database.sqlite.SQLiteConnection.executeForLastInsertedRowId(SQLiteConnecti on.java:1232)
03-02 17:55:24.992 14922 14989 E SQLiteDatabase: at android.database.sqlite.SQLiteSession.executeForLastInsertedRowId(SQLiteSession.jav a:790)
03-02 17:55:24.992 14922 14989 E SQLiteDatabase: at android.database.sqlite.SQLiteStatement.executeInsert(SQLiteStatement.java:89)
03-02 17:55:24.992 14922 14989 E SQLiteDatabase: at android.database.sqlite.SQLiteDatabase.insertWithOnConflict(SQLiteDatabase.java:224 4)
03-02 17:55:24.992 14922 14989 E SQLiteDatabase: at android.database.sqlite.SQLiteDatabase.insert(SQLiteDatabase.java:2113)
03-02 17:55:24.992 14922 14989 E SQLiteDatabase: at X.2tm.A08(Unknown Source:6)
03-02 17:55:24.992 14922 14989 E SQLiteDatabase: at X.35Y.A07(Unknown Source:212)
03-02 17:55:24.992 14922 14989 E SQLiteDatabase: at X.3QF.A14(Unknown Source:470)
03-02 17:55:24.992 14922 14989 E SQLiteDatabase: at X.3gU.run(Unknown Source:982)
03-02 17:55:24.992 14922 14989 E SQLiteDatabase: at android.os.Handler.handleCallback(Handler.java:938)
03-02 17:55:24.992 14922 14989 E SQLiteDatabase: at android.os.Handler.dispatchMessage(Handler.java:99)
03-02 17:55:24.992 14922 14989 E SQLiteDatabase: at X.0zq.dispatchMessage(Unknown Source:4)
03-02 17:55:24.992 14922 14989 E SQLiteDatabase: at android.os.Looper.loopOnce(Looper.java:226)
03-02 17:55:24.992 14922 14989 E SQLiteDatabase: at android.os.Looper.loop(Looper.java:313)
03-02 17:55:24.992 14922 14989 E SQLiteDatabase: at android.os.HandlerThread.run(HandlerThread.java:67)
03-02 17:55:25.188 14922 17199 W Codec2Client: query -- param skipped: index = 1342179345.
03-02 17:55:25.188 14922 17199 W Codec2Client: query -- param skipped: index = 2415921170.
03-02 17:55:25.188 14922 17199 W Codec2Client: query -- param skipped: index = 1610614798.
03-02 17:55:25.192 14922 17191 E Surface : freeAllBuffers: 8 buffers were freed while being dequeued!
03-02 17:55:25.208 14922 14922 E RecyclerView: No adapter attached; skipping layout
03-02 17:55:25.272 14922 17263 E ACodec : [OMX.sprd.h264.decoder] setPortMode on output to DynamicANWBuffer failed w/ err -2147483648
03-02 17:55:25.355 14922 17267 W Codec2Client: query -- param skipped: index = 1107298332.
03-02 17:55:25.355 14922 17267 W CCodec : This behavior is subject to change. It is recommended that app developers double check whether the requested max input size is in reasonable range.
03-02 17:55:25.360 14922 17267 W Codec2Client: query -- param skipped: index = 1342179345.
03-02 17:55:25.360 14922 17267 W Codec2Client: query -- param skipped: index = 2415921170.
03-02 17:55:25.360 14922 17267 W Codec2Client: query -- param skipped: index = 1610614798.
03-02 17:55:25.405 14922 17262 W MediaCodec: mapFormat: no mediaType information
03-02 17:55:25.920 14922 17267 W Codec2Client: query -- param skipped: index = 1342179345.
03-02 17:55:25.920 14922 17267 W Codec2Client: query -- param skipped: index = 2415921170.
03-02 17:55:25.920 14922 17267 W Codec2Client: query -- param skipped: index = 1610614798.
03-02 17:55:25.923 14922 17262 E Surface : freeAllBuffers: 8 buffers were freed while being dequeued!
03-02 17:55:25.998 14922 14989 E SQLiteDatabase: Error inserting transferred=1 media_job_uuid=a076e626-4c2a-4bf7-8231-218689f34ed7 transcoded=0 gif_attribution=0 first_scan_length=0 direct_path=/v/t62.7161- 24/30133748_875717101018779_5459330155047072806_n.enc?ccb=11- 4&oh=01_AdRENzYnUmSf4Yes3kn-qsQsTFzG6vgKvY51NZiDFut5YA&oe=660B2C96&_nc_sid=5e03e0 thumbnail_height_width_ratio=1.7777778 is_animated_sticker=0 file_hash=MHR3seJgDkU+OSGG8WlKAhIGxB6QuZZKP2Nmugu6utA= file_path=Media/.Statuses/c3c105a1afbf4b2d8b21aaffb096fdc7.mp4 file_size=1172554 partial_media_hash=null face_x=0 face_y=0 height=656 trim_to=0 media_key_timestamp=1709423576000 message_url=https://mmg.whatsapp.net/v/t62.7161- 24/30133748_875717101018779_5459330155047072806_n.enc?ccb=11- 4&oh=01_AdRENzYnUmSf4Yes3kn- qsQsTFzG6vgKvY51NZiDFut5YA&oe=660B2C96&_nc_sid=5e03e0&mms3=true media_caption=null trim_from=0 mime_type=video/mp4 partial_media_enc_hash=null width=368 original_file_hash=null has_streaming_sidecar=1 autotransfer_retry_enabled=1 media_upload_handle=null message_row_id=307942 multicast_id=null enc_file_hash=RkewbZp65B70iHnxdEfaS0GFwged+MRWSG4RkXvjSlk= mute_video=0 page_count=0 first_scan_sidecar=null suspicious_content=0 file_length=1172554 media_name=null media_duration=29 chat_row_id=87 media_key=[B@e6216b
03-02 17:55:25.998 14922 14989 E SQLiteDatabase: android.database.sqlite.SQLiteConstraintException: UNIQUE constraint failed: message_media.message_row_id (code 1555 SQLITE_CONSTRAINT_PRIMARYKEY[1555])
03-02 17:55:25.998 14922 14989 E SQLiteDatabase: at android.database.sqlite.SQLiteConnection.nativeExecuteForLastInsertedRowId(Native Method)
03-02 17:55:25.998 14922 14989 E SQLiteDatabase: at android.database.sqlite.SQLiteConnection.executeForLastInsertedRowId(SQLiteConnecti on.java:1232)
03-02 17:55:25.998 14922 14989 E SQLiteDatabase: at android.database.sqlite.SQLiteSession.executeForLastInsertedRowId(SQLiteSession.jav a:790)
03-02 17:55:25.998 14922 14989 E SQLiteDatabase: at android.database.sqlite.SQLiteStatement.executeInsert(SQLiteStatement.java:89)
03-02 17:55:25.998 14922 14989 E SQLiteDatabase: at android.database.sqlite.SQLiteDatabase.insertWithOnConflict(SQLiteDatabase.java:224 4)
03-02 17:55:25.998 14922 14989 E SQLiteDatabase: at android.database.sqlite.SQLiteDatabase.insert(SQLiteDatabase.java:2113)
03-02 17:55:25.998 14922 14989 E SQLiteDatabase: at X.2tm.A08(Unknown Source:6)
03-02 17:55:25.998 14922 14989 E SQLiteDatabase: at X.35Y.A07(Unknown Source:212)
03-02 17:55:25.998 14922 14989 E SQLiteDatabase: at X.3QF.A14(Unknown Source:470)
03-02 17:55:25.998 14922 14989 E SQLiteDatabase: at X.3gU.run(Unknown Source:982)
03-02 17:55:25.998 14922 14989 E SQLiteDatabase: at android.os.Handler.handleCallback(Handler.java:938)
03-02 17:55:25.998 14922 14989 E SQLiteDatabase: at android.os.Handler.dispatchMessage(Handler.java:99)
03-02 17:55:25.998 14922 14989 E SQLiteDatabase: at X.0zq.dispatchMessage(Unknown Source:4)
03-02 17:55:25.998 14922 14989 E SQLiteDatabase: at android.os.Looper.loopOnce(Looper.java:226)
03-02 17:55:25.998 14922 14989 E SQLiteDatabase: at android.os.Looper.loop(Looper.java:313)
03-02 17:55:25.998 14922 14989 E SQLiteDatabase: at android.os.HandlerThread.run(HandlerThread.java:67) --------- beginning of main
03-02 17:55:44.813 18512 18512 E com.whatsapp: Not starting debugger since process cannot load the jdwp agent.
03-02 17:55:44.815 18512 18512 E USNET : USNET: appName: com.whatsapp
03-02 17:55:45.132 18512 18512 W System.err: java.lang.ClassNotFoundException: mbmodsd.mbmodsw.ui.views.btn.BtnBK
03-02 17:55:45.133 18512 18512 W System.err: at java.lang.Runtime.nativeLoad(Native Method)
03-02 17:55:45.133 18512 18512 W System.err: at java.lang.Runtime.nativeLoad(Runtime.java:1121)
03-02 17:55:45.133 18512 18512 W System.err: at java.lang.Runtime.loadLibrary0(Runtime.java:1075)
03-02 17:55:45.133 18512 18512 W System.err: at java.lang.Runtime.loadLibrary0(Runtime.java:998)
03-02 17:55:45.133 18512 18512 W System.err: at java.lang.System.loadLibrary(System.java:1661)
03-02 17:55:45.133 18512 18512 W System.err: at arm.EpicVm.<clinit>(Unknown Source:2)
03-02 17:55:45.133 18512 18512 W System.err: at java.lang.Class.newInstance(Native Method)
03-02 17:55:45.133 18512 18512 W System.err: at android.app.AppComponentFactory.instantiateApplication(AppComponentFactory.java:76)
03-02 17:55:45.133 18512 18512 W System.err: at androidx.core.app.CoreComponentFactory.instantiateApplication(Unknown Source:0)
03-02 17:55:45.133 18512 18512 W System.err: at android.app.Instrumentation.newApplication(Instrumentation.java:1177)
03-02 17:55:45.133 18512 18512 W System.err: at android.app.LoadedApk.makeApplication(LoadedApk.java:1457)
03-02 17:55:45.133 18512 18512 W System.err: at android.app.ActivityThread.handleBindApplication(ActivityThread.java:7540)
03-02 17:55:45.133 18512 18512 W System.err: at android.app.ActivityThread.access$1600(ActivityThread.java:315)
03-02 17:55:45.133 18512 18512 W System.err: at android.app.ActivityThread$H.handleMessage(ActivityThread.java:2286)
03-02 17:55:45.133 18512 18512 W System.err: at android.os.Handler.dispatchMessage(Handler.java:106)
03-02 17:55:45.133 18512 18512 W System.err: at android.os.Looper.loopOnce(Looper.java:226)
03-02 17:55:45.133 18512 18512 W System.err: at android.os.Looper.loop(Looper.java:313)
03-02 17:55:45.133 18512 18512 W System.err: at android.app.ActivityThread.main(ActivityThread.java:8751)
03-02 17:55:45.133 18512 18512 W System.err: at java.lang.reflect.Method.invoke(Native Method)
03-02 17:55:45.133 18512 18512 W System.err: at com.android.internal.os.RuntimeInit$MethodAndArgsCaller.run(RuntimeInit.java:571)
03-02 17:55:45.133 18512 18512 W System.err: at com.android.internal.os.ZygoteInit.main(ZygoteInit.java:1135)
03-02 17:55:45.182 18512 18512 E CustomActivityOnCrash: IMPORTANT WARNING! You already have an UncaughtExceptionHandler, are you sure this is correct? If you use a custom UncaughtExceptionHandler, you must initialize it AFTER CustomActivityOnCrash! Installing anyway, but your original handler will not be called.
03-02 17:55:45.552 18512 18512 W com.whatsapp: Accessing hidden method Lcom/android/org/conscrypt/OpenSSLSocketImpl;->setUseSessionTickets(Z)V (max- target-q,core-platform-api, reflection, denied)
03-02 17:55:45.552 18512 18512 W com.whatsapp: Accessing hidden method Lcom/android/org/conscrypt/AbstractConscryptSocket;->setUseSessionTickets(Z)V (max- target-q, reflection, denied)
03-02 17:55:45.836 18512 18569 W com.whatsapp: Method void X.2rL.A03(java.lang.Integer) failed lock verification and will run slower.
03-02 17:55:45.836 18512 18569 W com.whatsapp: Common causes for lock verification issues are non-optimized dex code
03-02 17:55:45.836 18512 18569 W com.whatsapp: and incorrect proguard optimizations.
03-02 17:55:47.067 18512 18582 W com.whatsapp: Long monitor contention with owner WhatsApp Worker #8 (18585) at void X.3HE.A0S()(:-1) waiters=0 in X.2VF X.3HE.A07() for 148ms
03-02 17:55:47.746 18512 18566 E SQLiteDatabase: Error inserting transferred=1 media_job_uuid=1f1f934c-aab1-4875-8645-077fcbb77ca7 transcoded=0 gif_attribution=0 first_scan_length=0 direct_path=/v/t62.15575- 24/69659276_784996419627344_4764445226034095887_n.enc?ccb=11-4&oh=01_AdSx-tIuALMm- S5wApUMDBwks_Qi-tokXrIfHanHw5x5Gg&oe=660B1653&_nc_sid=5e03e0 thumbnail_height_width_ratio=1.0 is_animated_sticker=0 file_hash=/0LedhQeLOSwktpfnS9x7RRHouNy2KzVw6iIGiicv60= file_path=Media/WhatsApp Stickers/STK-20240302-WA0357.webp file_size=70890 partial_media_hash=null face_x=0 face_y=0 height=64 trim_to=0 media_key_timestamp=1709423744000 message_url=https://mmg.whatsapp.net/v/t62.15575- 24/69659276_784996419627344_4764445226034095887_n.enc?ccb=11-4&oh=01_AdSx-tIuALMm- S5wApUMDBwks_Qi-tokXrIfHanHw5x5Gg&oe=660B1653&_nc_sid=5e03e0&mms3=true media_caption=null trim_from=0 mime_type=image/webp partial_media_enc_hash=null width=64 original_file_hash=null has_streaming_sidecar=0 autotransfer_retry_enabled=1 media_upload_handle=null message_row_id=307948 multicast_id=null enc_file_hash=0CyK7VqJaBkJ81n0YKD+yUswXUfKgu2bDpWYNB8fXfQ= mute_video=0 page_count=0 first_scan_sidecar=null suspicious_content=0 file_length=70890 media_name=null media_duration=0 chat_row_id=5199 media_key=[B@860ca12
03-02 17:55:47.746 18512 18566 E SQLiteDatabase: android.database.sqlite.SQLiteConstraintException: UNIQUE constraint failed: message_media.message_row_id (code 1555 SQLITE_CONSTRAINT_PRIMARYKEY[1555])
03-02 17:55:47.746 18512 18566 E SQLiteDatabase: at android.database.sqlite.SQLiteConnection.nativeExecuteForLastInsertedRowId(Native Method)
03-02 17:55:47.746 18512 18566 E SQLiteDatabase: at android.database.sqlite.SQLiteConnection.executeForLastInsertedRowId(SQLiteConnecti on.java:1232)
03-02 17:55:47.746 18512 18566 E SQLiteDatabase: at android.database.sqlite.SQLiteSession.executeForLastInsertedRowId(SQLiteSession.jav a:790)
03-02 17:55:47.746 18512 18566 E SQLiteDatabase: at android.database.sqlite.SQLiteStatement.executeInsert(SQLiteStatement.java:89)
03-02 17:55:47.746 18512 18566 E SQLiteDatabase: at android.database.sqlite.SQLiteDatabase.insertWithOnConflict(SQLiteDatabase.java:224 4)
03-02 17:55:47.746 18512 18566 E SQLiteDatabase: at android.database.sqlite.SQLiteDatabase.insert(SQLiteDatabase.java:2113)
03-02 17:55:47.746 18512 18566 E SQLiteDatabase: at X.2tm.A08(Unknown Source:6)
03-02 17:55:47.746 18512 18566 E SQLiteDatabase: at X.35Y.A07(Unknown Source:212)
03-02 17:55:47.746 18512 18566 E SQLiteDatabase: at X.3QF.A14(Unknown Source:470)
03-02 17:55:47.746 18512 18566 E SQLiteDatabase: at X.3gU.run(Unknown Source:982)
03-02 17:55:47.746 18512 18566 E SQLiteDatabase: at android.os.Handler.handleCallback(Handler.java:938)
03-02 17:55:47.746 18512 18566 E SQLiteDatabase: at android.os.Handler.dispatchMessage(Handler.java:99)
03-02 17:55:47.746 18512 18566 E SQLiteDatabase: at X.0zq.dispatchMessage(Unknown Source:4)
03-02 17:55:47.746 18512 18566 E SQLiteDatabase: at android.os.Looper.loopOnce(Looper.java:226)
03-02 17:55:47.746 18512 18566 E SQLiteDatabase: at android.os.Looper.loop(Looper.java:313)
03-02 17:55:47.746 18512 18566 E SQLiteDatabase: at android.os.HandlerThread.run(HandlerThread.java:67)
03-02 17:55:54.253 18512 18512 W com.whatsapp: Method void X.0eU.A0h(X.0tK, boolean) failed lock verification and will run slower.
03-02 17:55:54.373 18512 18891 E libc : Access denied finding property "vendor.mali.config"
03-02 17:55:54.374 18512 18512 W com.whatsapp: Method void com.whatsapp.HomeActivity.A6e() failed lock verification and will run slower.
03-02 17:55:54.765 18512 18512 E ArmVmp : Match on catch block at 0x0a in for 0x18d
03-02 17:55:54.793 18512 18512 E ArmVmp : Match on catch block at 0x0a in for 0x275
03-02 17:55:54.815 18512 18904 W com.whatsapp: Accessing hidden method Lcom/android/org/conscrypt/ConscryptEngineSocket;->setUseSessionTickets(Z)V (max- target-q,core-platform-api, reflection, denied)
03-02 17:55:54.815 18512 18904 W com.whatsapp: Accessing hidden method Lcom/android/org/conscrypt/OpenSSLSocketImpl;->setUseSessionTickets(Z)V (max- target-q,core-platform-api, reflection, denied)
03-02 17:55:54.816 18512 18904 W com.whatsapp: Accessing hidden method Lcom/android/org/conscrypt/AbstractConscryptSocket;->setUseSessionTickets(Z)V (max- target-q, reflection, denied)
03-02 17:55:54.816 18512 18904 W com.whatsapp: Accessing hidden method Lcom/android/org/conscrypt/ConscryptEngineSocket;->setHostname(Ljava/lang/String;)V (max-target-q,core-platform-api, reflection, denied)
03-02 17:55:54.816 18512 18904 W com.whatsapp: Accessing hidden method Lcom/android/org/conscrypt/OpenSSLSocketImpl;->setHostname(Ljava/lang/String;)V (max-target-q,core-platform-api, reflection, denied)
03-02 17:55:54.816 18512 18904 W com.whatsapp: Accessing hidden method Lcom/android/org/conscrypt/AbstractConscryptSocket;->setHostname(Ljava/lang/ String;)V (max-target-q, reflection, denied)
03-02 17:55:54.816 18512 18904 W com.whatsapp: Accessing hidden method Lcom/android/org/conscrypt/OpenSSLSocketImpl;->setAlpnProtocols([B)V (max-target- q,core-platform-api, reflection, denied)
03-02 17:55:54.816 18512 18904 W com.whatsapp: Accessing hidden method Lcom/android/org/conscrypt/AbstractConscryptSocket;->setAlpnProtocols([B)V (max- target-q, reflection, denied)
03-02 17:55:54.889 18512 18904 W com.whatsapp: Accessing hidden method Lcom/android/org/conscrypt/OpenSSLSocketImpl;->getAlpnSelectedProtocol()[B (max- target-q,core-platform-api, reflection, denied)
03-02 17:55:54.889 18512 18904 W com.whatsapp: Accessing hidden method Lcom/android/org/conscrypt/AbstractConscryptSocket;->getAlpnSelectedProtocol()[B (max-target-q, reflection, denied)
03-02 17:55:55.597 18512 18512 E RecyclerView: No adapter attached; skipping layout
03-02 17:55:55.756 18512 18512 E RecyclerView: No adapter attached; skipping layout
03-02 17:55:55.790 18512 18512 E ArmVmp : Match on catch block at 0x0a in for 0x1ad
03-02 17:55:55.980 18512 18953 W LOTTIE : Animation contains merge paths. Merge paths are only supported on KitKat+ and must be manually enabled by calling enableMergePathsForKitKatAndAbove().
03-02 17:55:56.161 18512 18512 W LOTTIE : Animation contains merge paths but they are disabled.
03-02 17:55:56.205 18512 18520 W com.whatsapp: Cleared Reference was only reachable from finalizer (only reported once)
03-02 17:55:56.858 18512 18512 E ArmVmp : Match on catch block at 0x5b in for 0x10d
03-02 17:55:58.420 18512 18967 E RenderScript: Failed loading RS driver: dlopen failed: library "libRSDriverArm.so" not found
03-02 17:55:58.420 18512 18967 E RenderScript: Failed to load runtime libRSDriverArm.so, loading default
03-02 17:55:58.654 18512 18512 E ArmVmp : Match on catch block at 0x0a in for 0x195
03-02 17:55:58.661 18512 18512 E ArmVmp : Match on catch block at 0x0a in for 0x191
03-02 17:55:58.958 18512 18512 E ArmVmp : Match on catch block at 0xc3 in for 0x16d
03-02 17:55:58.965 18512 18512 E ArmVmp : Match on catch block at 0xc3 in for 0x16d
03-02 17:55:58.967 18512 18512 E ArmVmp : Match on catch block at 0xc3 in for 0x165
03-02 17:55:59.059 18512 18512 E ArmVmp : Match on catch block at 0xc3 in for 0x145
03-02 17:55:59.064 18512 18512 E ArmVmp : Match on catch block at 0xc3 in for 0x145
03-02 17:55:59.066 18512 18512 E ArmVmp : Match on catch block at 0xc3 in for 0x149
03-02 17:55:59.129 18512 18512 E ArmVmp : Match on catch block at 0xc3 in for 0x151
03-02 17:55:59.132 18512 18512 E ArmVmp : Match on catch block at 0xc3 in for 0x14d
03-02 17:55:59.134 18512 18512 E ArmVmp : Match on catch block at 0xc3 in for 0x151
03-02 17:55:59.158 18512 18512 E ArmVmp : Match on catch block at 0xc3 in for 0x155
03-02 17:55:59.160 18512 18512 E ArmVmp : Match on catch block at 0xc3 in for 0x151
03-02 17:55:59.162 18512 18512 E ArmVmp : Match on catch block at 0xc3 in for 0x155
03-02 17:55:59.295 18512 18512 E ArmVmp : Match on catch block at 0xc3 in for 0x141
03-02 17:55:59.298 18512 18512 E ArmVmp : Match on catch block at 0xc3 in for 0x159
03-02 17:55:59.300 18512 18512 E ArmVmp : Match on catch block at 0xc3 in for 0x141
03-02 17:55:59.317 18512 18512 E ArmVmp : Match on catch block at 0xc3 in for 0x14d
03-02 17:55:59.320 18512 18512 E ArmVmp : Match on catch block at 0xc3 in for 0x149
03-02 17:55:59.321 18512 18512 E ArmVmp : Match on catch block at 0xc3 in for 0x14d
03-02 17:55:59.386 18512 18512 E ArmVmp : Match on catch block at 0xc3 in for 0x149
03-02 17:55:59.389 18512 18512 E ArmVmp : Match on catch block at 0xc3 in for 0x145
03-02 17:55:59.390 18512 18512 E ArmVmp : Match on catch block at 0xc3 in for 0x149
03-02 17:55:59.453 18512 18512 E ArmVmp : Match on catch block at 0xc3 in for 0x149
03-02 17:55:59.456 18512 18512 E ArmVmp : Match on catch block at 0xc3 in for 0x145
03-02 17:55:59.458 18512 18512 E ArmVmp : Match on catch block at 0xc3 in for 0x149
03-02 17:55:59.519 18512 18512 E ArmVmp : Match on catch block at 0xc3 in for 0x145
03-02 17:55:59.522 18512 18512 E ArmVmp : Match on catch block at 0xc3 in for 0x141
03-02 17:55:59.524 18512 18512 E ArmVmp : Match on catch block at 0xc3 in for 0x145
03-02 17:55:59.587 18512 18512 E ArmVmp : Match on catch block at 0xc3 in for 0x141
03-02 17:55:59.589 18512 18512 E ArmVmp : Match on catch block at 0xc3 in for 0x159
03-02 17:55:59.591 18512 18512 E ArmVmp : Match on catch block at 0xc3 in for 0x141
03-02 17:55:59.620 18512 18512 E ArmVmp : Match on catch block at 0xc3 in for 0x159
03-02 17:55:59.624 18512 18512 E ArmVmp : Match on catch block at 0xc3 in for 0x155
03-02 17:55:59.626 18512 18512 E ArmVmp : Match on catch block at 0xc3 in for 0x159
03-02 17:55:59.654 18512 18512 E ArmVmp : Match on catch block at 0xc3 in for 0x155
03-02 17:55:59.659 18512 18512 E ArmVmp : Match on catch block at 0xc3 in for 0x151
03-02 17:55:59.661 18512 18512 E ArmVmp : Match on catch block at 0xc3 in for 0x155
03-02 17:55:59.703 18512 18512 E ArmVmp : Match on catch block at 0xc3 in for 0x145
03-02 17:55:59.707 18512 18512 E ArmVmp : Match on catch block at 0xc3 in for 0x141
03-02 17:55:59.710 18512 18512 E ArmVmp : Match on catch block at 0xc3 in for 0x145
03-02 17:55:59.770 18512 18512 E ArmVmp : Match on catch block at 0xc3 in for 0x141
03-02 17:55:59.774 18512 18512 E ArmVmp : Match on catch block at 0xc3 in for 0x159
03-02 17:55:59.777 18512 18512 E ArmVmp : Match on catch block at 0xc3 in for 0x141
03-02 17:55:59.838 18512 18512 E ArmVmp : Match on catch block at 0xc3 in for 0x159
03-02 17:55:59.843 18512 18512 E ArmVmp : Match on catch block at 0xc3 in for 0x155
03-02 17:55:59.845 18512 18512 E ArmVmp : Match on catch block at 0xc3 in for 0x159
03-02 17:55:59.904 18512 18512 E ArmVmp : Match on catch block at 0xc3 in for 0x155
03-02 17:55:59.910 18512 18512 E ArmVmp : Match on catch block at 0xc3 in for 0x151
03-02 17:55:59.913 18512 18512 E ArmVmp : Match on catch block at 0xc3 in for 0x155
03-02 17:55:59.971 18512 18512 E ArmVmp : Match on catch block at 0xc3 in for 0x151
03-02 17:55:59.976 18512 18512 E ArmVmp : Match on catch block at 0xc3 in for 0x14d
03-02 17:55:59.979 18512 18512 E ArmVmp : Match on catch block at 0xc3 in for 0x151
03-02 17:56:00.037 18512 18512 E ArmVmp : Match on catch block at 0xc3 in for 0x14d
03-02 17:56:00.042 18512 18512 E ArmVmp : Match on catch block at 0xc3 in for 0x149
03-02 17:56:00.046 18512 18512 E ArmVmp : Match on catch block at 0xc3 in for 0x14d
03-02 17:56:00.104 18512 18512 E ArmVmp : Match on catch block at 0xc3 in for 0x149
03-02 17:56:00.108 18512 18512 E ArmVmp : Match on catch block at 0xc3 in for 0x145
03-02 17:56:00.111 18512 18512 E ArmVmp : Match on catch block at 0xc3 in for 0x149
03-02 17:56:00.120 18512 18512 E ArmVmp : Match on catch block at 0xc3 in for 0x145
03-02 17:56:00.125 18512 18512 E ArmVmp : Match on catch block at 0xc3 in for 0x141
03-02 17:56:00.127 18512 18512 E ArmVmp : Match on catch block at 0xc3 in for 0x145
03-02 17:56:00.171 18512 18512 E ArmVmp : Match on catch block at 0xc3 in for 0x141
03-02 17:56:00.175 18512 18512 E ArmVmp : Match on catch block at 0xc3 in for 0x159
03-02 17:56:00.177 18512 18512 E ArmVmp : Match on catch block at 0xc3 in for 0x141
03-02 17:56:00.237 18512 18512 E ArmVmp : Match on catch block at 0xc3 in for 0x159
03-02 17:56:00.244 18512 18512 E ArmVmp : Match on catch block at 0xc3 in for 0x155
03-02 17:56:00.248 18512 18512 E ArmVmp : Match on catch block at 0xc3 in for 0x159
03-02 17:56:00.305 18512 18512 E ArmVmp : Match on catch block at 0xc3 in for 0x155
03-02 17:56:00.312 18512 18512 E ArmVmp : Match on catch block at 0xc3 in for 0x151
03-02 17:56:00.316 18512 18512 E ArmVmp : Match on catch block at 0xc3 in for 0x155
03-02 17:56:00.354 18512 18512 E ArmVmp : Match on catch block at 0xc3 in for 0x151
03-02 17:56:00.359 18512 18512 E ArmVmp : Match on catch block at 0xc3 in for 0x14d
03-02 17:56:00.363 18512 18512 E ArmVmp : Match on catch block at 0xc3 in for 0x151
03-02 17:56:00.421 18512 18512 E ArmVmp : Match on catch block at 0xc3 in for 0x14d
03-02 17:56:00.425 18512 18512 E ArmVmp : Match on catch block at 0xc3 in for 0x149
03-02 17:56:00.428 18512 18512 E ArmVmp : Match on catch block at 0xc3 in for 0x14d
03-02 17:56:00.487 18512 18512 E ArmVmp : Match on catch block at 0xc3 in for 0x149
03-02 17:56:00.493 18512 18512 E ArmVmp : Match on catch block at 0xc3 in for 0x145
03-02 17:56:00.495 18512 18512 E ArmVmp : Match on catch block at 0xc3 in for 0x149
03-02 17:56:00.554 18512 18512 E ArmVmp : Match on catch block at 0xc3 in for 0x145
03-02 17:56:00.559 18512 18512 E ArmVmp : Match on catch block at 0xc3 in for 0x141
03-02 17:56:00.562 18512 18512 E ArmVmp : Match on catch block at 0xc3 in for 0x145
03-02 17:56:00.621 18512 18512 E ArmVmp : Match on catch block at 0xc3 in for 0x141
03-02 17:56:00.627 18512 18512 E ArmVmp : Match on catch block at 0xc3 in for 0x159
03-02 17:56:00.630 18512 18512 E ArmVmp : Match on catch block at 0xc3 in for 0x141
03-02 17:56:00.638 18512 18512 E ArmVmp : Match on catch block at 0xc3 in for 0x159
03-02 17:56:00.642 18512 18512 E ArmVmp : Match on catch block at 0xc3 in for 0x155
03-02 17:56:00.645 18512 18512 E ArmVmp : Match on catch block at 0xc3 in for 0x159
03-02 17:56:00.688 18512 18512 E ArmVmp : Match on catch block at 0xc3 in for 0x155
03-02 17:56:00.693 18512 18512 E ArmVmp : Match on catch block at 0xc3 in for 0x151
03-02 17:56:00.695 18512 18512 E ArmVmp : Match on catch block at 0xc3 in for 0x155
03-02 17:56:00.755 18512 18512 E ArmVmp : Match on catch block at 0xc3 in for 0x151
03-02 17:56:00.760 18512 18512 E ArmVmp : Match on catch block at 0xc3 in for 0x14d
03-02 17:56:00.763 18512 18512 E ArmVmp : Match on catch block at 0xc3 in for 0x151
03-02 17:56:00.821 18512 18512 E ArmVmp : Match on catch block at 0xc3 in for 0x14d
03-02 17:56:00.826 18512 18512 E ArmVmp : Match on catch block at 0xc3 in for 0x149
03-02 17:56:00.829 18512 18512 E ArmVmp : Match on catch block at 0xc3 in for 0x14d
03-02 17:56:00.888 18512 18512 E ArmVmp : Match on catch block at 0xc3 in for 0x149
03-02 17:56:00.893 18512 18512 E ArmVmp : Match on catch block at 0xc3 in for 0x145
03-02 17:56:00.897 18512 18512 E ArmVmp : Match on catch block at 0xc3 in for 0x149
03-02 17:56:00.954 18512 18512 E ArmVmp : Match on catch block at 0xc3 in for 0x145
03-02 17:56:00.958 18512 18512 E ArmVmp : Match on catch block at 0xc3 in for 0x141
03-02 17:56:00.962 18512 18512 E ArmVmp : Match on catch block at 0xc3 in for 0x145
03-02 17:56:01.022 18512 18512 E ArmVmp : Match on catch block at 0xc3 in for 0x141
03-02 17:56:01.028 18512 18512 E ArmVmp : Match on catch block at 0xc3 in for 0x159
03-02 17:56:01.031 18512 18512 E ArmVmp : Match on catch block at 0xc3 in for 0x141
03-02 17:56:01.072 18512 18512 E ArmVmp : Match on catch block at 0xc3 in for 0x159
03-02 17:56:01.078 18512 18512 E ArmVmp : Match on catch block at 0xc3 in for 0x155
03-02 17:56:01.081 18512 18512 E ArmVmp : Match on catch block at 0xc3 in for 0x159
03-02 17:56:01.138 18512 18512 E ArmVmp : Match on catch block at 0xc3 in for 0x155
03-02 17:56:01.144 18512 18512 E ArmVmp : Match on catch block at 0xc3 in for 0x151
03-02 17:56:01.147 18512 18512 E ArmVmp : Match on catch block at 0xc3 in for 0x155
03-02 17:56:01.154 18512 18512 E ArmVmp : Match on catch block at 0xc3 in for 0x151
03-02 17:56:01.159 18512 18512 E ArmVmp : Match on catch block at 0xc3 in for 0x14d
03-02 17:56:01.162 18512 18512 E ArmVmp : Match on catch block at 0xc3 in for 0x151
03-02 17:56:01.204 18512 18512 E ArmVmp : Match on catch block at 0xc3 in for 0x14d
03-02 17:56:01.209 18512 18512 E ArmVmp : Match on catch block at 0xc3 in for 0x149
03-02 17:56:01.211 18512 18512 E ArmVmp : Match on catch block at 0xc3 in for 0x14d
03-02 17:56:01.271 18512 18512 E ArmVmp : Match on catch block at 0xc3 in for 0x149
03-02 17:56:01.275 18512 18512 E ArmVmp : Match on catch block at 0xc3 in for 0x145
03-02 17:56:01.277 18512 18512 E ArmVmp : Match on catch block at 0xc3 in for 0x149
03-02 17:56:01.338 18512 18512 E ArmVmp : Match on catch block at 0xc3 in for 0x145
03-02 17:56:01.343 18512 18512 E ArmVmp : Match on catch block at 0xc3 in for 0x141
03-02 17:56:01.345 18512 18512 E ArmVmp : Match on catch block at 0xc3 in for 0x145
03-02 17:56:01.404 18512 18512 E ArmVmp : Match on catch block at 0xc3 in for 0x141
03-02 17:56:01.409 18512 18512 E ArmVmp : Match on catch block at 0xc3 in for 0x159
03-02 17:56:01.412 18512 18512 E ArmVmp : Match on catch block at 0xc3 in for 0x141
03-02 17:56:01.471 18512 18512 E ArmVmp : Match on catch block at 0xc3 in for 0x159
03-02 17:56:01.477 18512 18512 E ArmVmp : Match on catch block at 0xc3 in for 0x155
03-02 17:56:01.480 18512 18512 E ArmVmp : Match on catch block at 0xc3 in for 0x159
03-02 17:56:01.538 18512 18512 E ArmVmp : Match on catch block at 0xc3 in for 0x155
03-02 17:56:01.544 18512 18512 E ArmVmp : Match on catch block at 0xc3 in for 0x151
03-02 17:56:01.546 18512 18512 E ArmVmp : Match on catch block at 0xc3 in for 0x155
03-02 17:56:01.605 18512 18512 E ArmVmp : Match on catch block at 0xc3 in for 0x151
03-02 17:56:01.611 18512 18512 E ArmVmp : Match on catch block at 0xc3 in for 0x14d
03-02 17:56:01.614 18512 18512 E ArmVmp : Match on catch block at 0xc3 in for 0x151
03-02 17:56:01.672 18512 18512 E ArmVmp : Match on catch block at 0xc3 in for 0x14d
03-02 17:56:01.677 18512 18512 E ArmVmp : Match on catch block at 0xc3 in for 0x149
03-02 17:56:01.680 18512 18512 E ArmVmp : Match on catch block at 0xc3 in for 0x14d
03-02 17:56:01.688 18512 18512 E ArmVmp : Match on catch block at 0xc3 in for 0x149
03-02 17:56:01.694 18512 18512 E ArmVmp : Match on catch block at 0xc3 in for 0x145
03-02 17:56:01.697 18512 18512 E ArmVmp : Match on catch block at 0xc3 in for 0x149
03-02 17:56:01.755 18512 18512 E ArmVmp : Match on catch block at 0xc3 in for 0x149
03-02 17:56:01.760 18512 18512 E ArmVmp : Match on catch block at 0xc3 in for 0x145
03-02 17:56:01.762 18512 18512 E ArmVmp : Match on catch block at 0xc3 in for 0x149
03-02 17:56:01.821 18512 18512 E ArmVmp : Match on catch block at 0xc3 in for 0x145
03-02 17:56:01.826 18512 18512 E ArmVmp : Match on catch block at 0xc3 in for 0x141
03-02 17:56:01.829 18512 18512 E ArmVmp : Match on catch block at 0xc3 in for 0x145
03-02 17:56:01.889 18512 18512 E ArmVmp : Match on catch block at 0xc3 in for 0x141
03-02 17:56:01.895 18512 18512 E ArmVmp : Match on catch block at 0xc3 in for 0x159
03-02 17:56:01.899 18512 18512 E ArmVmp : Match on catch block at 0xc3 in for 0x141
03-02 17:56:01.955 18512 18512 E ArmVmp : Match on catch block at 0xc3 in for 0x159
03-02 17:56:01.960 18512 18512 E ArmVmp : Match on catch block at 0xc3 in for 0x155
03-02 17:56:01.963 18512 18512 E ArmVmp : Match on catch block at 0xc3 in for 0x159
03-02 17:56:02.022 18512 18512 E ArmVmp : Match on catch block at 0xc3 in for 0x155
03-02 17:56:02.028 18512 18512 E ArmVmp : Match on catch block at 0xc3 in for 0x151
03-02 17:56:02.031 18512 18512 E ArmVmp : Match on catch block at 0xc3 in for 0x155
03-02 17:56:02.089 18512 18512 E ArmVmp : Match on catch block at 0xc3 in for 0x151
03-02 17:56:02.094 18512 18512 E ArmVmp : Match on catch block at 0xc3 in for 0x14d
03-02 17:56:02.097 18512 18512 E ArmVmp : Match on catch block at 0xc3 in for 0x151
03-02 17:56:02.156 18512 18512 E ArmVmp : Match on catch block at 0xc3 in for 0x14d
03-02 17:56:02.162 18512 18512 E ArmVmp : Match on catch block at 0xc3 in for 0x149
03-02 17:56:02.166 18512 18512 E ArmVmp : Match on catch block at 0xc3 in for 0x14d
03-02 17:56:02.189 18512 18512 E ArmVmp : Match on catch block at 0xc3 in for 0x149
03-02 17:56:02.196 18512 18512 E ArmVmp : Match on catch block at 0xc3 in for 0x145
03-02 17:56:02.199 18512 18512 E ArmVmp : Match on catch block at 0xc3 in for 0x149
03-02 17:56:02.222 18512 18512 E ArmVmp : Match on catch block at 0xc3 in for 0x145
03-02 17:56:02.228 18512 18512 E ArmVmp : Match on catch block at 0xc3 in for 0x141
03-02 17:56:02.231 18512 18512 E ArmVmp : Match on catch block at 0xc3 in for 0x145
03-02 17:56:02.289 18512 18512 E ArmVmp : Match on catch block at 0xc3 in for 0x141
03-02 17:56:02.296 18512 18512 E ArmVmp : Match on catch block at 0xc3 in for 0x159
03-02 17:56:02.299 18512 18512 E ArmVmp : Match on catch block at 0xc3 in for 0x141
03-02 17:56:02.355 18512 18512 E ArmVmp : Match on catch block at 0xc3 in for 0x159
03-02 17:56:02.361 18512 18512 E ArmVmp : Match on catch block at 0xc3 in for 0x155
03-02 17:56:02.364 18512 18512 E ArmVmp : Match on catch block at 0xc3 in for 0x159
03-02 17:56:02.423 18512 18512 E ArmVmp : Match on catch block at 0xc3 in for 0x155
03-02 17:56:02.428 18512 18512 E ArmVmp : Match on catch block at 0xc3 in for 0x151
03-02 17:56:02.431 18512 18512 E ArmVmp : Match on catch block at 0xc3 in for 0x155
03-02 17:56:02.489 18512 18512 E ArmVmp : Match on catch block at 0xc3 in for 0x151
03-02 17:56:02.494 18512 18512 E ArmVmp : Match on catch block at 0xc3 in for 0x14d
03-02 17:56:02.498 18512 18512 E ArmVmp : Match on catch block at 0xc3 in for 0x151
03-02 17:56:02.539 18512 18512 E ArmVmp : Match on catch block at 0xc3 in for 0x14d
03-02 17:56:02.545 18512 18512 E ArmVmp : Match on catch block at 0xc3 in for 0x149
03-02 17:56:02.548 18512 18512 E ArmVmp : Match on catch block at 0xc3 in for 0x14d
03-02 17:56:02.606 18512 18512 E ArmVmp : Match on catch block at 0xc3 in for 0x149
03-02 17:56:02.612 18512 18512 E ArmVmp : Match on catch block at 0xc3 in for 0x145
03-02 17:56:02.616 18512 18512 E ArmVmp : Match on catch block at 0xc3 in for 0x149
03-02 17:56:02.673 18512 18512 E ArmVmp : Match on catch block at 0xc3 in for 0x145
03-02 17:56:02.680 18512 18512 E ArmVmp : Match on catch block at 0xc3 in for 0x141
03-02 17:56:02.684 18512 18512 E ArmVmp : Match on catch block at 0xc3 in for 0x145
03-02 17:56:02.706 18512 18512 E ArmVmp : Match on catch block at 0xc3 in for 0x141
03-02 17:56:02.712 18512 18512 E ArmVmp : Match on catch block at 0xc3 in for 0x159
03-02 17:56:02.715 18512 18512 E ArmVmp : Match on catch block at 0xc3 in for 0x141
03-02 17:56:02.739 18512 18512 E ArmVmp : Match on catch block at 0xc3 in for 0x159
03-02 17:56:02.744 18512 18512 E ArmVmp : Match on catch block at 0xc3 in for 0x155
03-02 17:56:02.747 18512 18512 E ArmVmp : Match on catch block at 0xc3 in for 0x159
03-02 17:56:02.805 18512 18512 E ArmVmp : Match on catch block at 0xc3 in for 0x155
03-02 17:56:02.810 18512 18512 E ArmVmp : Match on catch block at 0xc3 in for 0x151
03-02 17:56:02.813 18512 18512 E ArmVmp : Match on catch block at 0xc3 in for 0x155
03-02 17:56:02.872 18512 18512 E ArmVmp : Match on catch block at 0xc3 in for 0x151
03-02 17:56:02.877 18512 18512 E ArmVmp : Match on catch block at 0xc3 in for 0x14d
03-02 17:56:02.879 18512 18512 E ArmVmp : Match on catch block at 0xc3 in for 0x151
03-02 17:56:02.939 18512 18512 E ArmVmp : Match on catch block at 0xc3 in for 0x14d
03-02 17:56:02.945 18512 18512 E ArmVmp : Match on catch block at 0xc3 in for 0x149
03-02 17:56:02.950 18512 18512 E ArmVmp : Match on catch block at 0xc3 in for 0x14d
03-02 17:56:03.006 18512 18512 E ArmVmp : Match on catch block at 0xc3 in for 0x149
03-02 17:56:03.012 18512 18512 E ArmVmp : Match on catch block at 0xc3 in for 0x145
03-02 17:56:03.015 18512 18512 E ArmVmp : Match on catch block at 0xc3 in for 0x149
03-02 17:56:03.072 18512 18512 E ArmVmp : Match on catch block at 0xc3 in for 0x145
03-02 17:56:03.079 18512 18512 E ArmVmp : Match on catch block at 0xc3 in for 0x141
03-02 17:56:03.083 18512 18512 E ArmVmp : Match on catch block at 0xc3 in for 0x145
03-02 17:56:03.138 18512 18512 E ArmVmp : Match on catch block at 0xc3 in for 0x141
03-02 17:56:03.143 18512 18512 E ArmVmp : Match on catch block at 0xc3 in for 0x159
03-02 17:56:03.145 18512 18512 E ArmVmp : Match on catch block at 0xc3 in for 0x141
03-02 17:56:03.205 18512 18512 E ArmVmp : Match on catch block at 0xc3 in for 0x159
03-02 17:56:03.209 18512 18512 E ArmVmp : Match on catch block at 0xc3 in for 0x155
03-02 17:56:03.212 18512 18512 E ArmVmp : Match on catch block at 0xc3 in for 0x159
03-02 17:56:03.272 18512 18512 E ArmVmp : Match on catch block at 0xc3 in for 0x155
03-02 17:56:03.276 18512 18512 E ArmVmp : Match on catch block at 0xc3 in for 0x151
03-02 17:56:03.278 18512 18512 E ArmVmp : Match on catch block at 0xc3 in for 0x155
03-02 17:56:03.339 18512 18512 E ArmVmp : Match on catch block at 0xc3 in for 0x151
03-02 17:56:03.344 18512 18512 E ArmVmp : Match on catch block at 0xc3 in for 0x14d
03-02 17:56:03.347 18512 18512 E ArmVmp : Match on catch block at 0xc3 in for 0x151
03-02 17:56:03.389 18512 18512 E ArmVmp : Match on catch block at 0xc3 in for 0x151
03-02 17:56:03.393 18512 18512 E ArmVmp : Match on catch block at 0xc3 in for 0x14d
03-02 17:56:03.396 18512 18512 E ArmVmp : Match on catch block at 0xc3 in for 0x151
03-02 17:56:03.456 18512 18512 E ArmVmp : Match on catch block at 0xc3 in for 0x155
03-02 17:56:03.461 18512 18512 E ArmVmp : Match on catch block at 0xc3 in for 0x151
03-02 17:56:03.464 18512 18512 E ArmVmp : Match on catch block at 0xc3 in for 0x155
03-02 17:56:03.596 18512 18512 E ArmVmp : Match on catch block at 0xc3 in for 0x141
03-02 17:56:03.598 18512 18512 E ArmVmp : Match on catch block at 0xc3 in for 0x159
03-02 17:56:03.600 18512 18512 E ArmVmp : Match on catch block at 0xc3 in for 0x141
03-02 17:56:03.614 18512 18512 E RecyclerView: No adapter attached; skipping layout
03-02 17:56:03.630 18512 18512 E ArmVmp : Match on catch block at 0xc3 in for 0x159
03-02 17:56:03.632 18512 18512 E ArmVmp : Match on catch block at 0xc3 in for 0x155
03-02 17:56:03.634 18512 18512 E ArmVmp : Match on catch block at 0xc3 in for 0x159
03-02 17:56:03.636 18512 18512 E RecyclerView: No adapter attached; skipping layout
03-02 17:56:03.640 18512 18891 E BLASTBufferQueue: [ViewRootImpl@c764a41[PopupWindow:4459d28]#3](f:0,a:2) [graphic] Set mNextTransaction is null, due to the mNumAcquired is: 2
03-02 17:56:03.656 18512 18512 E ArmVmp : Match on catch block at 0xc3 in for 0x155
03-02 17:56:03.658 18512 18512 E ArmVmp : Match on catch block at 0xc3 in for 0x151
03-02 17:56:03.660 18512 18512 E ArmVmp : Match on catch block at 0xc3 in for 0x155
03-02 17:56:03.671 18512 18512 E ArmVmp : Match on catch block at 0xc3 in for 0x151
03-02 17:56:03.675 18512 18512 E ArmVmp : Match on catch block at 0xc3 in for 0x14d
03-02 17:56:03.677 18512 18512 E ArmVmp : Match on catch block at 0xc3 in for 0x151
03-02 17:56:03.692 18512 18512 E ArmVmp : Match on catch block at 0xc3 in for 0x14d
03-02 17:56:03.694 18512 18512 E ArmVmp : Match on catch block at 0xc3 in for 0x149
03-02 17:56:03.696 18512 18512 E ArmVmp : Match on catch block at 0xc3 in for 0x14d
03-02 17:56:03.738 18512 18512 E ArmVmp : Match on catch block at 0xc3 in for 0x149
03-02 17:56:03.742 18512 18512 E ArmVmp : Match on catch block at 0xc3 in for 0x145
03-02 17:56:03.744 18512 18512 E ArmVmp : Match on catch block at 0xc3 in for 0x149
03-02 17:56:03.805 18512 18512 E ArmVmp : Match on catch block at 0xc3 in for 0x145
03-02 17:56:03.808 18512 18512 E ArmVmp : Match on catch block at 0xc3 in for 0x141
03-02 17:56:03.810 18512 18512 E ArmVmp : Match on catch block at 0xc3 in for 0x145
03-02 17:56:03.871 18512 18512 E ArmVmp : Match on catch block at 0xc3 in for 0x141
03-02 17:56:03.877 18512 18512 E ArmVmp : Match on catch block at 0xc3 in for 0x159
03-02 17:56:03.879 18512 18512 E ArmVmp : Match on catch block at 0xc3 in for 0x141
03-02 17:56:03.938 18512 18512 E ArmVmp : Match on catch block at 0xc3 in for 0x159
03-02 17:56:03.942 18512 18512 E ArmVmp : Match on catch block at 0xc3 in for 0x155
03-02 17:56:03.945 18512 18512 E ArmVmp : Match on catch block at 0xc3 in for 0x159
03-02 17:56:03.988 18512 18512 E ArmVmp : Match on catch block at 0xc3 in for 0x155
03-02 17:56:03.992 18512 18512 E ArmVmp : Match on catch block at 0xc3 in for 0x151
03-02 17:56:03.995 18512 18512 E ArmVmp : Match on catch block at 0xc3 in for 0x155
03-02 17:56:04.055 18512 18512 E ArmVmp : Match on catch block at 0xc3 in for 0x151
03-02 17:56:04.058 18512 18512 E ArmVmp : Match on catch block at 0xc3 in for 0x14d
03-02 17:56:04.060 18512 18512 E ArmVmp : Match on catch block at 0xc3 in for 0x151
03-02 17:56:04.088 18512 18512 E ArmVmp : Match on catch block at 0xc3 in for 0x14d
03-02 17:56:04.092 18512 18512 E ArmVmp : Match on catch block at 0xc3 in for 0x149
03-02 17:56:04.094 18512 18512 E ArmVmp : Match on catch block at 0xc3 in for 0x14d
03-02 17:56:04.122 18512 18512 E ArmVmp : Match on catch block at 0xc3 in for 0x149
03-02 17:56:04.128 18512 18512 E ArmVmp : Match on catch block at 0xc3 in for 0x145
03-02 17:56:04.130 18512 18512 E ArmVmp : Match on catch block at 0xc3 in for 0x149
03-02 17:56:04.188 18512 18512 E ArmVmp : Match on catch block at 0xc3 in for 0x145
03-02 17:56:04.192 18512 18512 E ArmVmp : Match on catch block at 0xc3 in for 0x141
03-02 17:56:04.195 18512 18512 E ArmVmp : Match on catch block at 0xc3 in for 0x145
03-02 17:56:04.256 18512 18512 E ArmVmp : Match on catch block at 0xc3 in for 0x141
03-02 17:56:04.261 18512 18512 E ArmVmp : Match on catch block at 0xc3 in for 0x159
03-02 17:56:04.265 18512 18512 E ArmVmp : Match on catch block at 0xc3 in for 0x141
03-02 17:56:04.322 18512 18512 E ArmVmp : Match on catch block at 0xc3 in for 0x159
03-02 17:56:04.325 18512 18512 E ArmVmp : Match on catch block at 0xc3 in for 0x155
03-02 17:56:04.328 18512 18512 E ArmVmp : Match on catch block at 0xc3 in for 0x159
03-02 17:56:04.389 18512 18512 E ArmVmp : Match on catch block at 0xc3 in for 0x155
03-02 17:56:04.394 18512 18512 E ArmVmp : Match on catch block at 0xc3 in for 0x151
03-02 17:56:04.397 18512 18512 E ArmVmp : Match on catch block at 0xc3 in for 0x155
03-02 17:56:04.455 18512 18512 E ArmVmp : Match on catch block at 0xc3 in for 0x151
03-02 17:56:04.458 18512 18512 E ArmVmp : Match on catch block at 0xc3 in for 0x14d
03-02 17:56:04.461 18512 18512 E ArmVmp : Match on catch block at 0xc3 in for 0x151
03-02 17:56:04.522 18512 18512 E ArmVmp : Match on catch block at 0xc3 in for 0x14d
03-02 17:56:04.525 18512 18512 E ArmVmp : Match on catch block at 0xc3 in for 0x149
03-02 17:56:04.528 18512 18512 E ArmVmp : Match on catch block at 0xc3 in for 0x14d
03-02 17:56:04.589 18512 18512 E ArmVmp : Match on catch block at 0xc3 in for 0x149
03-02 17:56:04.595 18512 18512 E ArmVmp : Match on catch block at 0xc3 in for 0x145
03-02 17:56:04.599 18512 18512 E ArmVmp : Match on catch block at 0xc3 in for 0x149
03-02 17:56:04.623 18512 18512 E ArmVmp : Match on catch block at 0xc3 in for 0x145
03-02 17:56:04.629 18512 18512 E ArmVmp : Match on catch block at 0xc3 in for 0x141
03-02 17:56:04.633 18512 18512 E ArmVmp : Match on catch block at 0xc3 in for 0x145
03-02 17:56:04.656 18512 18512 E ArmVmp : Match on catch block at 0xc3 in for 0x141
03-02 17:56:04.661 18512 18512 E ArmVmp : Match on catch block at 0xc3 in for 0x159
03-02 17:56:04.664 18512 18512 E ArmVmp : Match on catch block at 0xc3 in for 0x141
03-02 17:56:04.705 18512 18512 E ArmVmp : Match on catch block at 0xc3 in for 0x159
03-02 17:56:04.708 18512 18512 E ArmVmp : Match on catch block at 0xc3 in for 0x155
03-02 17:56:04.711 18512 18512 E ArmVmp : Match on catch block at 0xc3 in for 0x159
03-02 17:56:04.772 18512 18512 E ArmVmp : Match on catch block at 0xc3 in for 0x155
03-02 17:56:04.777 18512 18512 E ArmVmp : Match on catch block at 0xc3 in for 0x151
03-02 17:56:04.780 18512 18512 E ArmVmp : Match on catch block at 0xc3 in for 0x155
03-02 17:56:04.839 18512 18512 E ArmVmp : Match on catch block at 0xc3 in for 0x151
03-02 17:56:04.842 18512 18512 E ArmVmp : Match on catch block at 0xc3 in for 0x14d
03-02 17:56:04.845 18512 18512 E ArmVmp : Match on catch block at 0xc3 in for 0x151
03-02 17:56:04.906 18512 18512 E ArmVmp : Match on catch block at 0xc3 in for 0x14d
03-02 17:56:04.910 18512 18512 E ArmVmp : Match on catch block at 0xc3 in for 0x149
03-02 17:56:04.913 18512 18512 E ArmVmp : Match on catch block at 0xc3 in for 0x14d
03-02 17:56:04.972 18512 18512 E ArmVmp : Match on catch block at 0xc3 in for 0x149
03-02 17:56:04.976 18512 18512 E ArmVmp : Match on catch block at 0xc3 in for 0x145
03-02 17:56:04.978 18512 18512 E ArmVmp : Match on catch block at 0xc3 in for 0x149
03-02 17:56:05.039 18512 18512 E ArmVmp : Match on catch block at 0xc3 in for 0x145
03-02 17:56:05.043 18512 18512 E ArmVmp : Match on catch block at 0xc3 in for 0x141
03-02 17:56:05.045 18512 18512 E ArmVmp : Match on catch block at 0xc3 in for 0x145
03-02 17:56:05.132 18512 18512 E ArmVmp : Match on catch block at 0x0a in for 0x149
03-02 17:56:05.136 18512 18512 E ArmVmp : Match on catch block at 0x0a in for 0x141
03-02 17:56:05.138 18512 18512 E ArmVmp : Match on catch block at 0x0a in for 0x155
03-02 17:56:05.140 18512 18512 E ArmVmp : Match on catch block at 0x0a in for 0x14d
03-02 17:56:05.145 18512 18512 E ArmVmp : Match on catch block at 0x0a in for 0x145
03-02 17:56:05.149 18512 18512 E ArmVmp : Match on catch block at 0x0a in for 0x159
03-02 17:56:05.150 18512 18512 E ArmVmp : Match on catch block at 0x0a in for 0x151
03-02 17:56:05.152 18512 18512 E ArmVmp : Match on catch block at 0x0a in for 0x149
03-02 17:56:05.155 18512 18512 E ArmVmp : Match on catch block at 0x0a in for 0x141
03-02 17:56:05.157 18512 18512 E ArmVmp : Match on catch block at 0x0a in for 0x155
03-02 17:56:05.159 18512 18512 E ArmVmp : Match on catch block at 0x0a in for 0x14d
03-02 17:56:05.162 18512 18512 E ArmVmp : Match on catch block at 0x0a in for 0x145
03-02 17:56:05.171 18512 18512 E ArmVmp : Match on catch block at 0xc3 in for 0x145
03-02 17:56:05.174 18512 18512 E ArmVmp : Match on catch block at 0xc3 in for 0x141
03-02 17:56:05.177 18512 18512 E ArmVmp : Match on catch block at 0xc3 in for 0x145
03-02 17:56:05.221 18512 18512 E ArmVmp : Match on catch block at 0xc3 in for 0x151
03-02 17:56:05.224 18512 18512 E ArmVmp : Match on catch block at 0xc3 in for 0x14d
03-02 17:56:05.227 18512 18512 E ArmVmp : Match on catch block at 0xc3 in for 0x151
03-02 17:56:05.289 18512 18512 E ArmVmp : Match on catch block at 0xc3 in for 0x14d
03-02 17:56:05.292 18512 18512 E ArmVmp : Match on catch block at 0xc3 in for 0x149
03-02 17:56:05.295 18512 18512 E ArmVmp : Match on catch block at 0xc3 in for 0x14d
03-02 17:56:05.355 18512 18512 E ArmVmp : Match on catch block at 0xc3 in for 0x149
03-02 17:56:05.358 18512 18512 E ArmVmp : Match on catch block at 0xc3 in for 0x145
03-02 17:56:05.360 18512 18512 E ArmVmp : Match on catch block at 0xc3 in for 0x149
03-02 17:56:05.438 18512 18512 E ArmVmp : Match on catch block at 0xc3 in for 0x145
03-02 17:56:05.442 18512 18512 E ArmVmp : Match on catch block at 0xc3 in for 0x141
03-02 17:56:05.444 18512 18512 E ArmVmp : Match on catch block at 0xc3 in for 0x145
03-02 17:56:05.490 18512 18512 E ArmVmp : Match on catch block at 0x0a in for 0x155
03-02 17:56:05.491 18512 18512 E ArmVmp : Match on catch block at 0x0a in for 0x14d
03-02 17:56:05.493 18512 18512 E ArmVmp : Match on catch block at 0x0a in for 0x145
03-02 17:56:05.495 18512 18512 E ArmVmp : Match on catch block at 0x0a in for 0x159
03-02 17:56:05.497 18512 18512 E ArmVmp : Match on catch block at 0x0a in for 0x151
03-02 17:56:05.499 18512 18512 E ArmVmp : Match on catch block at 0x0a in for 0x149
03-02 17:56:05.501 18512 18512 E ArmVmp : Match on catch block at 0x0a in for 0x141
03-02 17:56:05.503 18512 18512 E ArmVmp : Match on catch block at 0x0a in for 0x155
03-02 17:56:05.505 18512 18512 E ArmVmp : Match on catch block at 0x0a in for 0x14d
03-02 17:56:05.506 18512 18512 E ArmVmp : Match on catch block at 0x0a in for 0x145
03-02 17:56:05.508 18512 18512 E ArmVmp : Match on catch block at 0x0a in for 0x159
03-02 17:56:05.509 18512 18512 E ArmVmp : Match on catch block at 0x0a in for 0x151
03-02 17:56:05.523 18512 18512 E ArmVmp : Match on catch block at 0xc3 in for 0x151
03-02 17:56:05.526 18512 18512 E ArmVmp : Match on catch block at 0xc3 in for 0x14d
03-02 17:56:05.528 18512 18512 E ArmVmp : Match on catch block at 0xc3 in for 0x151
03-02 17:56:05.605 18512 18512 E ArmVmp : Match on catch block at 0xc3 in for 0x14d
03-02 17:56:05.608 18512 18512 E ArmVmp : Match on catch block at 0xc3 in for 0x149
03-02 17:56:05.610 18512 18512 E ArmVmp : Match on catch block at 0xc3 in for 0x14d
