03-02 17:48:09.152 11848 11848 E ArmVmp : Match on catch block at 0xc3 in for 0x14d
03-02 17:48:09.191 11848 11848 E ArmVmp : Match on catch block at 0xc3 in for 0x14d
03-02 17:48:09.194 11848 11848 E ArmVmp : Match on catch block at 0xc3 in for 0x149
03-02 17:48:09.195 11848 11848 E ArmVmp : Match on catch block at 0xc3 in for 0x14d
03-02 17:48:09.208 11848 11848 E ArmVmp : Match on catch block at 0xc3 in for 0x149
03-02 17:48:09.210 11848 11848 E ArmVmp : Match on catch block at 0xc3 in for 0x145
03-02 17:48:09.212 11848 11848 E ArmVmp : Match on catch block at 0xc3 in for 0x149
03-02 17:48:09.272 11848 11848 E ArmVmp : Match on catch block at 0xc3 in for 0x14d
03-02 17:48:09.274 11848 11848 E ArmVmp : Match on catch block at 0xc3 in for 0x149
03-02 17:48:09.276 11848 11848 E ArmVmp : Match on catch block at 0xc3 in for 0x14d
03-02 17:48:09.284 11848 11848 E ArmVmp : Match on catch block at 0xc3 in for 0x14d
03-02 17:48:09.286 11848 11848 E ArmVmp : Match on catch block at 0xc3 in for 0x149
03-02 17:48:09.287 11848 11848 E ArmVmp : Match on catch block at 0xc3 in for 0x14d
03-02 17:48:09.316 11848 11848 E ArmVmp : Match on catch block at 0xc3 in for 0x14d
03-02 17:48:09.319 11848 11848 E ArmVmp : Match on catch block at 0xc3 in for 0x149
03-02 17:48:09.320 11848 11848 E ArmVmp : Match on catch block at 0xc3 in for 0x14d
03-02 17:48:11.631 11848 11848 W BottomSheetBehavior: BottomSheetBehavior now supports multiple callbacks. `setBottomSheetCallback()` removes all existing callbacks, including ones set internally by library authors, which may result in unintended behavior. This may change in the future. Please use `addBottomSheetCallback()` and `removeBottomSheetCallback()` instead to set your own callbacks.
03-02 17:48:11.631 11848 11848 W BottomSheetBehavior: BottomSheetBehavior now supports multiple callbacks. `setBottomSheetCallback()` removes all existing callbacks, including ones set internally by library authors, which may result in unintended behavior. This may change in the future. Please use `addBottomSheetCallback()` and `removeBottomSheetCallback()` instead to set your own callbacks.
03-02 17:48:11.651 11848 11848 W BottomSheetBehavior: BottomSheetBehavior now supports multiple callbacks. `setBottomSheetCallback()` removes all existing callbacks, including ones set internally by library authors, which may result in unintended behavior. This may change in the future. Please use `addBottomSheetCallback()` and `removeBottomSheetCallback()` instead to set your own callbacks.
03-02 17:48:11.651 11848 11848 W BottomSheetBehavior: BottomSheetBehavior now supports multiple callbacks. `setBottomSheetCallback()` removes all existing callbacks, including ones set internally by library authors, which may result in unintended behavior. This may change in the future. Please use `addBottomSheetCallback()` and `removeBottomSheetCallback()` instead to set your own callbacks.
03-02 17:48:11.656 11848 11848 E RecyclerView: No adapter attached; skipping layout
03-02 17:48:13.149 11848 11848 W View : requestLayout() improperly called by com.whatsapp.status.ContactStatusThumbnail{7968d99 V.ED..... ......ID 25,17-123,115 #7f0b0646 app:id/contact_photo} during layout: running second layout pass
03-02 17:48:13.149 11848 11848 W View : requestLayout() improperly called by com.whatsapp.status.ContactStatusThumbnail{feb94d3 V.ED..... ......ID 25,17-123,115 #7f0b0646 app:id/contact_photo} during layout: running second layout pass
03-02 17:48:13.149 11848 11848 W View : requestLayout() improperly called by com.whatsapp.status.ContactStatusThumbnail{2e11fd4 V.ED..... ......ID 25,17-123,115 #7f0b0646 app:id/contact_photo} during layout: running second layout pass
03-02 17:48:13.149 11848 11848 W View : requestLayout() improperly called by com.whatsapp.status.ContactStatusThumbnail{62091b1 V.ED..... ......ID 25,17-123,115 #7f0b0646 app:id/contact_photo} during layout: running second layout pass
03-02 17:48:13.149 11848 11848 W View : requestLayout() improperly called by com.whatsapp.status.ContactStatusThumbnail{884921 V.ED..... ......ID 25,17-123,115 #7f0b0646 app:id/contact_photo} during layout: running second layout pass
03-02 17:48:15.008 11848 11848 W BottomSheetBehavior: BottomSheetBehavior now supports multiple callbacks. `setBottomSheetCallback()` removes all existing callbacks, including ones set internally by library authors, which may result in unintended behavior. This may change in the future. Please use `addBottomSheetCallback()` and `removeBottomSheetCallback()` instead to set your own callbacks.
03-02 17:48:15.008 11848 11848 W BottomSheetBehavior: BottomSheetBehavior now supports multiple callbacks. `setBottomSheetCallback()` removes all existing callbacks, including ones set internally by library authors, which may result in unintended behavior. This may change in the future. Please use `addBottomSheetCallback()` and `removeBottomSheetCallback()` instead to set your own callbacks.
03-02 17:48:15.059 11848 11848 W BottomSheetBehavior: BottomSheetBehavior now supports multiple callbacks. `setBottomSheetCallback()` removes all existing callbacks, including ones set internally by library authors, which may result in unintended behavior. This may change in the future. Please use `addBottomSheetCallback()` and `removeBottomSheetCallback()` instead to set your own callbacks.
03-02 17:48:15.059 11848 11848 W BottomSheetBehavior: BottomSheetBehavior now supports multiple callbacks. `setBottomSheetCallback()` removes all existing callbacks, including ones set internally by library authors, which may result in unintended behavior. This may change in the future. Please use `addBottomSheetCallback()` and `removeBottomSheetCallback()` instead to set your own callbacks.
03-02 17:48:15.080 11848 11848 W BottomSheetBehavior: BottomSheetBehavior now supports multiple callbacks. `setBottomSheetCallback()` removes all existing callbacks, including ones set internally by library authors, which may result in unintended behavior. This may change in the future. Please use `addBottomSheetCallback()` and `removeBottomSheetCallback()` instead to set your own callbacks.
03-02 17:48:15.080 11848 11848 W BottomSheetBehavior: BottomSheetBehavior now supports multiple callbacks. `setBottomSheetCallback()` removes all existing callbacks, including ones set internally by library authors, which may result in unintended behavior. This may change in the future. Please use `addBottomSheetCallback()` and `removeBottomSheetCallback()` instead to set your own callbacks.
03-02 17:48:15.197 11848 14639 E ACodec : [OMX.sprd.h264.decoder] setPortMode on output to DynamicANWBuffer failed w/ err -2147483648
03-02 17:48:15.260 11848 14643 W Codec2Client: query -- param skipped: index = 1107298332.
03-02 17:48:15.260 11848 14643 W CCodec : This behavior is subject to change. It is recommended that app developers double check whether the requested max input size is in reasonable range.
03-02 17:48:15.262 11848 14643 W Codec2Client: query -- param skipped: index = 1342179345.
03-02 17:48:15.262 11848 14643 W Codec2Client: query -- param skipped: index = 2415921170.
03-02 17:48:15.262 11848 14643 W Codec2Client: query -- param skipped: index = 1610614798.
03-02 17:48:15.275 11848 14638 W MediaCodec: mapFormat: no mediaType information
03-02 17:48:16.426 11848 14633 W AudioTrack: getTimestamp_l(6177): retrograde timestamp time corrected, 163367479032380 < 163367479202111
03-02 17:48:29.532 11848 14638 W MediaCodec: mapFormat: no mediaType information
03-02 17:48:29.868 11848 14643 W Codec2Client: query -- param skipped: index = 1342179345.
03-02 17:48:29.868 11848 14643 W Codec2Client: query -- param skipped: index = 2415921170.
03-02 17:48:29.868 11848 14643 W Codec2Client: query -- param skipped: index = 1610614798.
03-02 17:48:29.873 11848 14638 E Surface : freeAllBuffers: 8 buffers were freed while being dequeued!
03-02 17:48:29.918 11848 11848 W BottomSheetBehavior: BottomSheetBehavior now supports multiple callbacks. `setBottomSheetCallback()` removes all existing callbacks, including ones set internally by library authors, which may result in unintended behavior. This may change in the future. Please use `addBottomSheetCallback()` and `removeBottomSheetCallback()` instead to set your own callbacks.
03-02 17:48:29.918 11848 11848 W BottomSheetBehavior: BottomSheetBehavior now supports multiple callbacks. `setBottomSheetCallback()` removes all existing callbacks, including ones set internally by library authors, which may result in unintended behavior. This may change in the future. Please use `addBottomSheetCallback()` and `removeBottomSheetCallback()` instead to set your own callbacks.
03-02 17:48:29.924 11848 14799 E ACodec : [OMX.sprd.h264.decoder] setPortMode on output to DynamicANWBuffer failed w/ err -2147483648
03-02 17:48:29.986 11848 14803 W Codec2Client: query -- param skipped: index = 1107298332.
03-02 17:48:29.986 11848 14803 W CCodec : This behavior is subject to change. It is recommended that app developers double check whether the requested max input size is in reasonable range.
03-02 17:48:29.989 11848 14803 W Codec2Client: query -- param skipped: index = 1342179345.
03-02 17:48:29.989 11848 14803 W Codec2Client: query -- param skipped: index = 2415921170.
03-02 17:48:29.989 11848 14803 W Codec2Client: query -- param skipped: index = 1610614798.
03-02 17:48:29.998 11848 14798 W MediaCodec: mapFormat: no mediaType information
03-02 17:48:30.062 11848 14633 W AudioTrack: getTimestamp_l(6178): retrograde timestamp time corrected, 163381123425793 < 163381124816909
03-02 17:48:36.349 11848 14803 W Codec2Client: query -- param skipped: index = 1342179345.
03-02 17:48:36.349 11848 14803 W Codec2Client: query -- param skipped: index = 2415921170.
03-02 17:48:36.349 11848 14803 W Codec2Client: query -- param skipped: index = 1610614798.
03-02 17:48:36.352 11848 14798 E Surface : freeAllBuffers: 8 buffers were freed while being dequeued!
03-02 17:48:36.387 11848 11848 W BottomSheetBehavior: BottomSheetBehavior now supports multiple callbacks. `setBottomSheetCallback()` removes all existing callbacks, including ones set internally by library authors, which may result in unintended behavior. This may change in the future. Please use `addBottomSheetCallback()` and `removeBottomSheetCallback()` instead to set your own callbacks.
03-02 17:48:36.387 11848 11848 W BottomSheetBehavior: BottomSheetBehavior now supports multiple callbacks. `setBottomSheetCallback()` removes all existing callbacks, including ones set internally by library authors, which may result in unintended behavior. This may change in the future. Please use `addBottomSheetCallback()` and `removeBottomSheetCallback()` instead to set your own callbacks.
03-02 17:48:36.396 11848 14817 E ACodec : [OMX.sprd.h264.decoder] setPortMode on output to DynamicANWBuffer failed w/ err -2147483648
03-02 17:48:36.447 11848 14821 W Codec2Client: query -- param skipped: index = 1107298332.
03-02 17:48:36.447 11848 14821 W CCodec : This behavior is subject to change. It is recommended that app developers double check whether the requested max input size is in reasonable range.
03-02 17:48:36.450 11848 14821 W Codec2Client: query -- param skipped: index = 1342179345.
03-02 17:48:36.450 11848 14821 W Codec2Client: query -- param skipped: index = 2415921170.
03-02 17:48:36.450 11848 14821 W Codec2Client: query -- param skipped: index = 1610614798.
03-02 17:48:36.461 11848 14816 W MediaCodec: mapFormat: no mediaType information
03-02 17:48:36.518 11848 14633 W AudioTrack: getTimestamp_l(6179): retrograde timestamp time corrected, 163387580369404 < 163387581433750
03-02 17:48:37.267 11848 14821 W Codec2Client: query -- param skipped: index = 1342179345.
03-02 17:48:37.267 11848 14821 W Codec2Client: query -- param skipped: index = 2415921170.
03-02 17:48:37.267 11848 14821 W Codec2Client: query -- param skipped: index = 1610614798.
03-02 17:48:37.271 11848 14816 E Surface : freeAllBuffers: 8 buffers were freed while being dequeued!
03-02 17:48:37.308 11848 14829 E ACodec : [OMX.sprd.h264.decoder] setPortMode on output to DynamicANWBuffer failed w/ err -2147483648
03-02 17:48:37.354 11848 14833 W Codec2Client: query -- param skipped: index = 1107298332.
03-02 17:48:37.354 11848 14833 W CCodec : This behavior is subject to change. It is recommended that app developers double check whether the requested max input size is in reasonable range.
03-02 17:48:37.357 11848 14833 W Codec2Client: query -- param skipped: index = 1342179345.
03-02 17:48:37.357 11848 14833 W Codec2Client: query -- param skipped: index = 2415921170.
03-02 17:48:37.357 11848 14833 W Codec2Client: query -- param skipped: index = 1610614798.
03-02 17:48:37.367 11848 14828 W MediaCodec: mapFormat: no mediaType information
03-02 17:48:38.573 11848 14833 W Codec2Client: query -- param skipped: index = 1342179345.
03-02 17:48:38.573 11848 14833 W Codec2Client: query -- param skipped: index = 2415921170.
03-02 17:48:38.573 11848 14833 W Codec2Client: query -- param skipped: index = 1610614798.
03-02 17:48:38.576 11848 14828 E Surface : freeAllBuffers: 8 buffers were freed while being dequeued! --------- beginning of main
03-02 17:48:44.774 14922 14922 E com.whatsapp: Not starting debugger since process cannot load the jdwp agent.
03-02 17:48:44.779 14922 14922 E USNET : USNET: appName: com.whatsapp
03-02 17:48:44.972 14922 14922 W System.err: java.lang.ClassNotFoundException: mbmodsd.mbmodsw.ui.views.btn.BtnBK
03-02 17:48:44.972 14922 14922 W System.err: at java.lang.Runtime.nativeLoad(Native Method)
03-02 17:48:44.972 14922 14922 W System.err: at java.lang.Runtime.nativeLoad(Runtime.java:1121)
03-02 17:48:44.972 14922 14922 W System.err: at java.lang.Runtime.loadLibrary0(Runtime.java:1075)
03-02 17:48:44.972 14922 14922 W System.err: at java.lang.Runtime.loadLibrary0(Runtime.java:998)
03-02 17:48:44.972 14922 14922 W System.err: at java.lang.System.loadLibrary(System.java:1661)
03-02 17:48:44.972 14922 14922 W System.err: at arm.EpicVm.<clinit>(Unknown Source:2)
03-02 17:48:44.972 14922 14922 W System.err: at java.lang.Class.newInstance(Native Method)
03-02 17:48:44.972 14922 14922 W System.err: at android.app.AppComponentFactory.instantiateApplication(AppComponentFactory.java:76)
03-02 17:48:44.972 14922 14922 W System.err: at androidx.core.app.CoreComponentFactory.instantiateApplication(Unknown Source:0)
03-02 17:48:44.973 14922 14922 W System.err: at android.app.Instrumentation.newApplication(Instrumentation.java:1177)
03-02 17:48:44.973 14922 14922 W System.err: at android.app.LoadedApk.makeApplication(LoadedApk.java:1457)
03-02 17:48:44.973 14922 14922 W System.err: at android.app.ActivityThread.handleBindApplication(ActivityThread.java:7540)
03-02 17:48:44.973 14922 14922 W System.err: at android.app.ActivityThread.access$1600(ActivityThread.java:315)
03-02 17:48:44.973 14922 14922 W System.err: at android.app.ActivityThread$H.handleMessage(ActivityThread.java:2286)
03-02 17:48:44.973 14922 14922 W System.err: at android.os.Handler.dispatchMessage(Handler.java:106)
03-02 17:48:44.973 14922 14922 W System.err: at android.os.Looper.loopOnce(Looper.java:226)
03-02 17:48:44.973 14922 14922 W System.err: at android.os.Looper.loop(Looper.java:313)
03-02 17:48:44.973 14922 14922 W System.err: at android.app.ActivityThread.main(ActivityThread.java:8751)
03-02 17:48:44.973 14922 14922 W System.err: at java.lang.reflect.Method.invoke(Native Method)
03-02 17:48:44.973 14922 14922 W System.err: at com.android.internal.os.RuntimeInit$MethodAndArgsCaller.run(RuntimeInit.java:571)
03-02 17:48:44.973 14922 14922 W System.err: at com.android.internal.os.ZygoteInit.main(ZygoteInit.java:1135)
03-02 17:48:45.011 14922 14922 E CustomActivityOnCrash: IMPORTANT WARNING! You already have an UncaughtExceptionHandler, are you sure this is correct? If you use a custom UncaughtExceptionHandler, you must initialize it AFTER CustomActivityOnCrash! Installing anyway, but your original handler will not be called.
03-02 17:48:45.070 14922 14948 W LibraryVersion: Failed to get app version for libraryName: firebase-iid
03-02 17:48:45.365 14922 14922 W com.whatsapp: Accessing hidden method Lcom/android/org/conscrypt/OpenSSLSocketImpl;->setUseSessionTickets(Z)V (max- target-q,core-platform-api, reflection, denied)
03-02 17:48:45.366 14922 14922 W com.whatsapp: Accessing hidden method Lcom/android/org/conscrypt/AbstractConscryptSocket;->setUseSessionTickets(Z)V (max- target-q, reflection, denied)
03-02 17:48:45.714 14922 14992 W com.whatsapp: Method void X.2rL.A03(java.lang.Integer) failed lock verification and will run slower.
03-02 17:48:45.714 14922 14992 W com.whatsapp: Common causes for lock verification issues are non-optimized dex code
03-02 17:48:45.714 14922 14992 W com.whatsapp: and incorrect proguard optimizations.
03-02 17:48:53.093 14922 14922 W com.whatsapp: Method void X.0eU.A0h(X.0tK, boolean) failed lock verification and will run slower.
03-02 17:48:53.267 14922 15600 E libc : Access denied finding property "vendor.mali.config"
03-02 17:48:53.272 14922 14922 W com.whatsapp: Method void com.whatsapp.HomeActivity.A6e() failed lock verification and will run slower.
03-02 17:48:53.921 14922 14922 E ArmVmp : Match on catch block at 0x0a in for 0x199
03-02 17:48:53.953 14922 14922 E ArmVmp : Match on catch block at 0x0a in for 0x271
03-02 17:48:53.996 14922 15660 W com.whatsapp: Accessing hidden method Lcom/android/org/conscrypt/ConscryptEngineSocket;->setUseSessionTickets(Z)V (max- target-q,core-platform-api, reflection, denied)
03-02 17:48:53.996 14922 15660 W com.whatsapp: Accessing hidden method Lcom/android/org/conscrypt/OpenSSLSocketImpl;->setUseSessionTickets(Z)V (max- target-q,core-platform-api, reflection, denied)
03-02 17:48:53.996 14922 15660 W com.whatsapp: Accessing hidden method Lcom/android/org/conscrypt/AbstractConscryptSocket;->setUseSessionTickets(Z)V (max- target-q, reflection, denied)
03-02 17:48:53.996 14922 15660 W com.whatsapp: Accessing hidden method Lcom/android/org/conscrypt/ConscryptEngineSocket;->setHostname(Ljava/lang/String;)V (max-target-q,core-platform-api, reflection, denied)
03-02 17:48:53.996 14922 15660 W com.whatsapp: Accessing hidden method Lcom/android/org/conscrypt/OpenSSLSocketImpl;->setHostname(Ljava/lang/String;)V (max-target-q,core-platform-api, reflection, denied)
03-02 17:48:53.996 14922 15660 W com.whatsapp: Accessing hidden method Lcom/android/org/conscrypt/AbstractConscryptSocket;->setHostname(Ljava/lang/ String;)V (max-target-q, reflection, denied)
03-02 17:48:53.996 14922 15660 W com.whatsapp: Accessing hidden method Lcom/android/org/conscrypt/OpenSSLSocketImpl;->setAlpnProtocols([B)V (max-target- q,core-platform-api, reflection, denied)
03-02 17:48:53.996 14922 15660 W com.whatsapp: Accessing hidden method Lcom/android/org/conscrypt/AbstractConscryptSocket;->setAlpnProtocols([B)V (max- target-q, reflection, denied)
03-02 17:48:54.381 14922 15660 W com.whatsapp: Accessing hidden method Lcom/android/org/conscrypt/OpenSSLSocketImpl;->getAlpnSelectedProtocol()[B (max- target-q,core-platform-api, reflection, denied)
03-02 17:48:54.381 14922 15660 W com.whatsapp: Accessing hidden method Lcom/android/org/conscrypt/AbstractConscryptSocket;->getAlpnSelectedProtocol()[B (max-target-q, reflection, denied)
03-02 17:48:55.240 14922 14922 E RecyclerView: No adapter attached; skipping layout
03-02 17:48:55.424 14922 14922 E RecyclerView: No adapter attached; skipping layout
03-02 17:48:55.503 14922 14922 E ArmVmp : Match on catch block at 0x0a in for 0x1a9
03-02 17:48:56.022 14922 15785 W LOTTIE : Animation contains merge paths. Merge paths are only supported on KitKat+ and must be manually enabled by calling enableMergePathsForKitKatAndAbove().
03-02 17:48:56.317 14922 14922 W LOTTIE : Animation contains merge paths but they are disabled.
03-02 17:48:56.820 14922 14922 E ArmVmp : Match on catch block at 0x5b in for 0x105
03-02 17:48:56.902 14922 14930 W com.whatsapp: Cleared Reference was only reachable from finalizer (only reported once)
03-02 17:48:57.672 14922 15905 E RenderScript: Failed loading RS driver: dlopen failed: library "libRSDriverArm.so" not found
03-02 17:48:57.672 14922 15905 E RenderScript: Failed to load runtime libRSDriverArm.so, loading default
03-02 17:48:58.612 14922 14922 E ArmVmp : Match on catch block at 0x0a in for 0x195
03-02 17:48:58.622 14922 14922 E ArmVmp : Match on catch block at 0x0a in for 0x191
03-02 17:49:00.536 14922 14922 E ArmVmp : Match on catch block at 0xc3 in for 0x179
03-02 17:49:00.540 14922 14922 E ArmVmp : Match on catch block at 0xc3 in for 0x179
03-02 17:49:00.544 14922 14922 E ArmVmp : Match on catch block at 0xc3 in for 0x171
03-02 17:49:00.708 14922 14922 E ArmVmp : Match on catch block at 0xc3 in for 0x14d
03-02 17:49:00.713 14922 14922 E ArmVmp : Match on catch block at 0xc3 in for 0x14d
03-02 17:49:00.715 14922 14922 E ArmVmp : Match on catch block at 0xc3 in for 0x151
03-02 17:49:01.023 14922 14922 E ArmVmp : Match on catch block at 0xc3 in for 0x159
03-02 17:49:01.026 14922 14922 E ArmVmp : Match on catch block at 0xc3 in for 0x155
03-02 17:49:01.028 14922 14922 E ArmVmp : Match on catch block at 0xc3 in for 0x159
03-02 17:49:01.071 14922 14922 E ArmVmp : Match on catch block at 0xc3 in for 0x149
03-02 17:49:01.078 14922 14922 E ArmVmp : Match on catch block at 0xc3 in for 0x145
03-02 17:49:01.081 14922 14922 E ArmVmp : Match on catch block at 0xc3 in for 0x149
03-02 17:49:01.266 14922 14922 E ArmVmp : Match on catch block at 0xc3 in for 0x159
03-02 17:49:01.270 14922 14922 E ArmVmp : Match on catch block at 0xc3 in for 0x155
03-02 17:49:01.273 14922 14922 E ArmVmp : Match on catch block at 0xc3 in for 0x159
03-02 17:49:01.767 14922 14922 E ArmVmp : Match on catch block at 0xc3 in for 0x145
03-02 17:49:01.771 14922 14922 E ArmVmp : Match on catch block at 0xc3 in for 0x141
03-02 17:49:01.773 14922 14922 E ArmVmp : Match on catch block at 0xc3 in for 0x145
03-02 17:49:01.851 14922 14922 E ArmVmp : Match on catch block at 0xc3 in for 0x151
03-02 17:49:01.854 14922 14922 E ArmVmp : Match on catch block at 0xc3 in for 0x14d
03-02 17:49:01.857 14922 14922 E ArmVmp : Match on catch block at 0xc3 in for 0x151
03-02 17:49:01.983 14922 14922 E ArmVmp : Match on catch block at 0xc3 in for 0x14d
03-02 17:49:01.987 14922 14922 E ArmVmp : Match on catch block at 0xc3 in for 0x149
03-02 17:49:01.989 14922 14922 E ArmVmp : Match on catch block at 0xc3 in for 0x14d
03-02 17:49:02.001 14922 14922 E RecyclerView: No adapter attached; skipping layout
03-02 17:49:02.017 14922 14922 E ArmVmp : Match on catch block at 0xc3 in for 0x149
03-02 17:49:02.020 14922 14922 E ArmVmp : Match on catch block at 0xc3 in for 0x145
03-02 17:49:02.022 14922 14922 E ArmVmp : Match on catch block at 0xc3 in for 0x149
03-02 17:49:02.025 14922 14922 E RecyclerView: No adapter attached; skipping layout
03-02 17:49:02.033 14922 15600 E BLASTBufferQueue: [ViewRootImpl@c714979[PopupWindow:a0cb640]#3](f:0,a:2) [graphic] Set mNextTransaction is null, due to the mNumAcquired is: 2
03-02 17:49:02.051 14922 14922 E ArmVmp : Match on catch block at 0xc3 in for 0x145
03-02 17:49:02.056 14922 14922 E ArmVmp : Match on catch block at 0xc3 in for 0x141
03-02 17:49:02.057 14922 14922 E ArmVmp : Match on catch block at 0xc3 in for 0x145
03-02 17:49:02.484 14922 14922 E ArmVmp : Match on catch block at 0xc3 in for 0x141
03-02 17:49:02.489 14922 14922 E ArmVmp : Match on catch block at 0xc3 in for 0x159
03-02 17:49:02.493 14922 14922 E ArmVmp : Match on catch block at 0xc3 in for 0x141
03-02 17:49:02.985 14922 14922 E ArmVmp : Match on catch block at 0xc3 in for 0x159
03-02 17:49:02.989 14922 14922 E ArmVmp : Match on catch block at 0xc3 in for 0x155
03-02 17:49:02.992 14922 14922 E ArmVmp : Match on catch block at 0xc3 in for 0x159
03-02 17:49:03.303 14922 14922 E ArmVmp : Match on catch block at 0x0a in for 0x14d
03-02 17:49:03.308 14922 14922 E ArmVmp : Match on catch block at 0x0a in for 0x145
03-02 17:49:03.310 14922 14922 E ArmVmp : Match on catch block at 0x0a in for 0x159
03-02 17:49:03.312 14922 14922 E ArmVmp : Match on catch block at 0x0a in for 0x151
03-02 17:49:03.316 14922 14922 E ArmVmp : Match on catch block at 0x0a in for 0x149
03-02 17:49:03.319 14922 14922 E ArmVmp : Match on catch block at 0x0a in for 0x141
03-02 17:49:03.322 14922 14922 E ArmVmp : Match on catch block at 0x0a in for 0x155
03-02 17:49:03.325 14922 14922 E ArmVmp : Match on catch block at 0x0a in for 0x14d
03-02 17:49:03.328 14922 14922 E ArmVmp : Match on catch block at 0x0a in for 0x145
03-02 17:49:03.330 14922 14922 E ArmVmp : Match on catch block at 0x0a in for 0x159
03-02 17:49:03.333 14922 14922 E ArmVmp : Match on catch block at 0x0a in for 0x151
03-02 17:49:03.335 14922 14922 E ArmVmp : Match on catch block at 0x0a in for 0x149
03-02 17:49:03.485 14922 14922 E ArmVmp : Match on catch block at 0xc3 in for 0x149
03-02 17:49:03.489 14922 14922 E ArmVmp : Match on catch block at 0xc3 in for 0x145
03-02 17:49:03.491 14922 14922 E ArmVmp : Match on catch block at 0xc3 in for 0x149
03-02 17:49:03.604 14922 14922 E ArmVmp : Match on catch block at 0x0a in for 0x159
03-02 17:49:03.608 14922 14922 E ArmVmp : Match on catch block at 0x0a in for 0x151
03-02 17:49:03.612 14922 14922 E ArmVmp : Match on catch block at 0x0a in for 0x149
03-02 17:49:03.615 14922 14922 E ArmVmp : Match on catch block at 0x0a in for 0x141
03-02 17:49:03.619 14922 14922 E ArmVmp : Match on catch block at 0x0a in for 0x155
03-02 17:49:03.622 14922 14922 E ArmVmp : Match on catch block at 0x0a in for 0x14d
03-02 17:49:03.625 14922 14922 E ArmVmp : Match on catch block at 0x0a in for 0x145
03-02 17:49:03.627 14922 14922 E ArmVmp : Match on catch block at 0x0a in for 0x159
03-02 17:49:03.630 14922 14922 E ArmVmp : Match on catch block at 0x0a in for 0x151
03-02 17:49:03.631 14922 14922 E ArmVmp : Match on catch block at 0x0a in for 0x149
03-02 17:49:03.633 14922 14922 E ArmVmp : Match on catch block at 0x0a in for 0x141
03-02 17:49:03.634 14922 14922 E ArmVmp : Match on catch block at 0x0a in for 0x155
03-02 17:49:03.985 14922 14922 E ArmVmp : Match on catch block at 0xc3 in for 0x155
03-02 17:49:03.990 14922 14922 E ArmVmp : Match on catch block at 0xc3 in for 0x151
03-02 17:49:03.992 14922 14922 E ArmVmp : Match on catch block at 0xc3 in for 0x155
03-02 17:49:04.121 14922 14922 E ArmVmp : Match on catch block at 0x0a in for 0x141
03-02 17:49:04.124 14922 14922 E ArmVmp : Match on catch block at 0x0a in for 0x155
03-02 17:49:04.125 14922 14922 E ArmVmp : Match on catch block at 0x0a in for 0x14d
03-02 17:49:04.127 14922 14922 E ArmVmp : Match on catch block at 0x0a in for 0x145
03-02 17:49:04.501 14922 14922 E ArmVmp : Match on catch block at 0xc3 in for 0x145
03-02 17:49:04.505 14922 14922 E ArmVmp : Match on catch block at 0xc3 in for 0x141
03-02 17:49:04.507 14922 14922 E ArmVmp : Match on catch block at 0xc3 in for 0x145
03-02 17:49:04.687 14922 14922 E ArmVmp : Match on catch block at 0x0a in for 0x1a1
03-02 17:49:04.690 14922 14922 E ArmVmp : Match on catch block at 0x0a in for 0x1b5
03-02 17:49:04.693 14922 14922 E ArmVmp : Match on catch block at 0x0a in for 0x1ad
03-02 17:49:04.695 14922 14922 E ArmVmp : Match on catch block at 0x0a in for 0x1a5
03-02 17:49:04.713 14922 14922 E ArmVmp : Match on catch block at 0x0a in for 0x145
03-02 17:49:04.722 14922 14922 E ArmVmp : Match on catch block at 0x0a in for 0x159
03-02 17:49:04.724 14922 14922 E ArmVmp : Match on catch block at 0x0a in for 0x151
03-02 17:49:04.727 14922 14922 E ArmVmp : Match on catch block at 0x0a in for 0x149
03-02 17:49:04.756 14922 14922 E ArmVmp : Match on catch block at 0x0a in for 0x145
03-02 17:49:04.758 14922 14922 E ArmVmp : Match on catch block at 0x0a in for 0x159
03-02 17:49:04.760 14922 14922 E ArmVmp : Match on catch block at 0x0a in for 0x151
03-02 17:49:04.763 14922 14922 E ArmVmp : Match on catch block at 0x0a in for 0x149
03-02 17:49:04.839 14922 14922 E ArmVmp : Match on catch block at 0x0a in for 0x151
03-02 17:49:04.839 14922 14922 E ArmVmp : Match on catch block at 0x0a in for 0x149
03-02 17:49:04.840 14922 14922 E ArmVmp : Match on catch block at 0x0a in for 0x141
03-02 17:49:04.840 14922 14922 E ArmVmp : Match on catch block at 0x0a in for 0x155
03-02 17:49:04.972 14922 14922 E ArmVmp : Match on catch block at 0x0a in for 0x159
03-02 17:49:04.973 14922 14922 E ArmVmp : Match on catch block at 0x0a in for 0x151
03-02 17:49:04.975 14922 14922 E ArmVmp : Match on catch block at 0x0a in for 0x149
03-02 17:49:04.976 14922 14922 E ArmVmp : Match on catch block at 0x0a in for 0x141
03-02 17:49:05.003 14922 14922 E ArmVmp : Match on catch block at 0xc3 in for 0x141
03-02 17:49:05.006 14922 14922 E ArmVmp : Match on catch block at 0xc3 in for 0x159
03-02 17:49:05.009 14922 14922 E ArmVmp : Match on catch block at 0xc3 in for 0x141
03-02 17:49:05.192 14922 14922 E ArmVmp : Match on catch block at 0x0a in for 0x155
03-02 17:49:05.194 14922 14922 E ArmVmp : Match on catch block at 0x0a in for 0x14d
03-02 17:49:05.196 14922 14922 E ArmVmp : Match on catch block at 0x0a in for 0x145
03-02 17:49:05.197 14922 14922 E ArmVmp : Match on catch block at 0x0a in for 0x159
03-02 17:49:05.339 14922 14922 E ArmVmp : Match on catch block at 0x0a in for 0x151
03-02 17:49:05.341 14922 14922 E ArmVmp : Match on catch block at 0x0a in for 0x149
03-02 17:49:05.342 14922 14922 E ArmVmp : Match on catch block at 0x0a in for 0x141
03-02 17:49:05.343 14922 14922 E ArmVmp : Match on catch block at 0x0a in for 0x155
03-02 17:49:05.406 14922 14922 E ArmVmp : Match on catch block at 0x0a in for 0x155
03-02 17:49:05.408 14922 14922 E ArmVmp : Match on catch block at 0x0a in for 0x14d
03-02 17:49:05.410 14922 14922 E ArmVmp : Match on catch block at 0x0a in for 0x145
03-02 17:49:05.411 14922 14922 E ArmVmp : Match on catch block at 0x0a in for 0x159
03-02 17:49:05.503 14922 14922 E ArmVmp : Match on catch block at 0xc3 in for 0x159
03-02 17:49:05.507 14922 14922 E ArmVmp : Match on catch block at 0xc3 in for 0x155
03-02 17:49:05.510 14922 14922 E ArmVmp : Match on catch block at 0xc3 in for 0x159
03-02 17:49:05.572 14922 14922 E ArmVmp : Match on catch block at 0x0a in for 0x14d
03-02 17:49:05.573 14922 14922 E ArmVmp : Match on catch block at 0x0a in for 0x145
03-02 17:49:05.575 14922 14922 E ArmVmp : Match on catch block at 0x0a in for 0x159
03-02 17:49:05.576 14922 14922 E ArmVmp : Match on catch block at 0x0a in for 0x151
03-02 17:49:06.021 14922 14922 E ArmVmp : Match on catch block at 0xc3 in for 0x151
03-02 17:49:06.026 14922 14922 E ArmVmp : Match on catch block at 0xc3 in for 0x14d
03-02 17:49:06.029 14922 14922 E ArmVmp : Match on catch block at 0xc3 in for 0x151
03-02 17:49:06.192 14922 14922 E ArmVmp : Match on catch block at 0x0a in for 0x145
03-02 17:49:06.194 14922 14922 E ArmVmp : Match on catch block at 0x0a in for 0x159
03-02 17:49:06.195 14922 14922 E ArmVmp : Match on catch block at 0x0a in for 0x151
03-02 17:49:06.197 14922 14922 E ArmVmp : Match on catch block at 0x0a in for 0x149
03-02 17:49:06.519 14922 14922 E ArmVmp : Match on catch block at 0xc3 in for 0x149
03-02 17:49:06.522 14922 14922 E ArmVmp : Match on catch block at 0xc3 in for 0x145
03-02 17:49:06.525 14922 14922 E ArmVmp : Match on catch block at 0xc3 in for 0x149
03-02 17:49:06.673 14922 14922 E ArmVmp : Match on catch block at 0x0a in for 0x159
03-02 17:49:06.674 14922 14922 E ArmVmp : Match on catch block at 0x0a in for 0x151
03-02 17:49:06.975 14922 14922 E ArmVmp : Match on catch block at 0x0a in for 0x149
03-02 17:49:06.976 14922 14922 E ArmVmp : Match on catch block at 0x0a in for 0x141
03-02 17:49:06.977 14922 14922 E ArmVmp : Match on catch block at 0x0a in for 0x155
03-02 17:49:06.979 14922 14922 E ArmVmp : Match on catch block at 0x0a in for 0x14d
03-02 17:49:07.024 14922 14922 E ArmVmp : Match on catch block at 0xc3 in for 0x14d
03-02 17:49:07.030 14922 14922 E ArmVmp : Match on catch block at 0xc3 in for 0x149
03-02 17:49:07.033 14922 14922 E ArmVmp : Match on catch block at 0xc3 in for 0x14d
03-02 17:49:07.047 14922 14922 E ArmVmp : Match on catch block at 0x0a in for 0x141
03-02 17:49:07.048 14922 14922 E ArmVmp : Match on catch block at 0x0a in for 0x155
03-02 17:49:07.055 14922 14922 E ArmVmp : Match on catch block at 0x0a in for 0x14d
03-02 17:49:07.056 14922 14922 E ArmVmp : Match on catch block at 0x0a in for 0x145
03-02 17:49:07.157 14922 14922 E ArmVmp : Match on catch block at 0x0a in for 0x159
03-02 17:49:07.159 14922 14922 E ArmVmp : Match on catch block at 0x0a in for 0x151
03-02 17:49:07.160 14922 14922 E ArmVmp : Match on catch block at 0x0a in for 0x149
03-02 17:49:07.161 14922 14922 E ArmVmp : Match on catch block at 0x0a in for 0x141
03-02 17:49:07.309 14922 14922 E ArmVmp : Match on catch block at 0x0a in for 0x159
03-02 17:49:07.310 14922 14922 E ArmVmp : Match on catch block at 0x0a in for 0x151
03-02 17:49:07.312 14922 14922 E ArmVmp : Match on catch block at 0x0a in for 0x149
03-02 17:49:07.313 14922 14922 E ArmVmp : Match on catch block at 0x0a in for 0x141
03-02 17:49:07.474 14922 14922 E ArmVmp : Match on catch block at 0x0a in for 0x159
03-02 17:49:07.475 14922 14922 E ArmVmp : Match on catch block at 0x0a in for 0x151
03-02 17:49:07.476 14922 14922 E ArmVmp : Match on catch block at 0x0a in for 0x149
03-02 17:49:07.478 14922 14922 E ArmVmp : Match on catch block at 0x0a in for 0x141
03-02 17:49:07.522 14922 14922 E ArmVmp : Match on catch block at 0xc3 in for 0x141
03-02 17:49:07.525 14922 14922 E ArmVmp : Match on catch block at 0xc3 in for 0x159
03-02 17:49:07.527 14922 14922 E ArmVmp : Match on catch block at 0xc3 in for 0x141
03-02 17:49:07.547 14922 14922 E ArmVmp : Match on catch block at 0x0a in for 0x151
03-02 17:49:07.549 14922 14922 E ArmVmp : Match on catch block at 0x0a in for 0x149
03-02 17:49:07.557 14922 14922 E ArmVmp : Match on catch block at 0x0a in for 0x141
03-02 17:49:07.559 14922 14922 E ArmVmp : Match on catch block at 0x0a in for 0x155
03-02 17:49:08.021 14922 14922 E ArmVmp : Match on catch block at 0xc3 in for 0x155
03-02 17:49:08.026 14922 14922 E ArmVmp : Match on catch block at 0xc3 in for 0x151
03-02 17:49:08.030 14922 14922 E ArmVmp : Match on catch block at 0xc3 in for 0x155
03-02 17:49:08.504 14922 14922 E ArmVmp : Match on catch block at 0x0a in for 0x1b5
03-02 17:49:08.505 14922 14922 E ArmVmp : Match on catch block at 0x0a in for 0x1ad
03-02 17:49:08.515 14922 14922 E ArmVmp : Match on catch block at 0x0a in for 0x145
03-02 17:49:08.516 14922 14922 E ArmVmp : Match on catch block at 0x0a in for 0x159
03-02 17:49:08.522 14922 14922 E ArmVmp : Match on catch block at 0xc3 in for 0x159
03-02 17:49:08.526 14922 14922 E ArmVmp : Match on catch block at 0xc3 in for 0x155
03-02 17:49:08.530 14922 14922 E ArmVmp : Match on catch block at 0xc3 in for 0x159
03-02 17:49:08.558 14922 14922 E ArmVmp : Match on catch block at 0x0a in for 0x14d
03-02 17:49:08.560 14922 14922 E ArmVmp : Match on catch block at 0x0a in for 0x145
03-02 17:49:08.590 14922 14922 E ArmVmp : Match on catch block at 0x0a in for 0x159
03-02 17:49:08.591 14922 14922 E ArmVmp : Match on catch block at 0x0a in for 0x151
03-02 17:49:08.593 14922 14922 E ArmVmp : Match on catch block at 0x0a in for 0x149
03-02 17:49:08.594 14922 14922 E ArmVmp : Match on catch block at 0x0a in for 0x141
03-02 17:49:09.021 14922 14922 E ArmVmp : Match on catch block at 0xc3 in for 0x141
03-02 17:49:09.026 14922 14922 E ArmVmp : Match on catch block at 0xc3 in for 0x159
03-02 17:49:09.029 14922 14922 E ArmVmp : Match on catch block at 0xc3 in for 0x141
03-02 17:49:09.227 14922 14922 E ArmVmp : Match on catch block at 0x0a in for 0x151
03-02 17:49:09.228 14922 14922 E ArmVmp : Match on catch block at 0x0a in for 0x149
03-02 17:49:09.230 14922 14922 E ArmVmp : Match on catch block at 0x0a in for 0x141
03-02 17:49:09.231 14922 14922 E ArmVmp : Match on catch block at 0x0a in for 0x155
03-02 17:49:09.521 14922 14922 E ArmVmp : Match on catch block at 0xc3 in for 0x155
03-02 17:49:09.526 14922 14922 E ArmVmp : Match on catch block at 0xc3 in for 0x151
03-02 17:49:09.531 14922 14922 E ArmVmp : Match on catch block at 0xc3 in for 0x155
03-02 17:49:09.605 14922 14922 E ArmVmp : Match on catch block at 0x0a in for 0x149
03-02 17:49:09.606 14922 14922 E ArmVmp : Match on catch block at 0x0a in for 0x141
03-02 17:49:09.607 14922 14922 E ArmVmp : Match on catch block at 0x0a in for 0x155
03-02 17:49:09.609 14922 14922 E ArmVmp : Match on catch block at 0x0a in for 0x14d
03-02 17:49:09.774 14922 14922 E ArmVmp : Match on catch block at 0x0a in for 0x145
03-02 17:49:09.775 14922 14922 E ArmVmp : Match on catch block at 0x0a in for 0x159
03-02 17:49:09.777 14922 14922 E ArmVmp : Match on catch block at 0x0a in for 0x151
03-02 17:49:09.778 14922 14922 E ArmVmp : Match on catch block at 0x0a in for 0x149
03-02 17:49:10.021 14922 14922 E ArmVmp : Match on catch block at 0xc3 in for 0x149
03-02 17:49:10.026 14922 14922 E ArmVmp : Match on catch block at 0xc3 in for 0x145
03-02 17:49:10.029 14922 14922 E ArmVmp : Match on catch block at 0xc3 in for 0x149
03-02 17:49:10.171 14922 15671 W MediaPlayer: Use of stream types is deprecated for operations other than volume control
03-02 17:49:10.171 14922 15671 W MediaPlayer: See the documentation of setAudioStreamType() for what to use instead with android.media.AudioAttributes to qualify your playback use case
03-02 17:49:10.237 14922 14922 E ArmVmp : Match on catch block at 0xc3 in for 0x151
03-02 17:49:10.240 14922 14922 E ArmVmp : Match on catch block at 0xc3 in for 0x14d
03-02 17:49:10.241 14922 14922 E ArmVmp : Match on catch block at 0xc3 in for 0x151
03-02 17:49:10.259 14922 14922 E ArmVmp : Match on catch block at 0xc3 in for 0x159
03-02 17:49:10.261 14922 14922 E ArmVmp : Match on catch block at 0xc3 in for 0x155
03-02 17:49:10.263 14922 14922 E ArmVmp : Match on catch block at 0xc3 in for 0x159
03-02 17:49:10.325 14922 14935 W MediaPlayerNative: info/warning (10973, 0)
03-02 17:49:10.520 14922 14922 E ArmVmp : Match on catch block at 0xc3 in for 0x145
03-02 17:49:10.524 14922 14922 E ArmVmp : Match on catch block at 0xc3 in for 0x141
03-02 17:49:10.526 14922 14922 E ArmVmp : Match on catch block at 0xc3 in for 0x145
03-02 17:49:11.021 14922 14922 E ArmVmp : Match on catch block at 0xc3 in for 0x141
03-02 17:49:11.025 14922 14922 E ArmVmp : Match on catch block at 0xc3 in for 0x159
03-02 17:49:11.030 14922 14922 E ArmVmp : Match on catch block at 0xc3 in for 0x141
03-02 17:49:11.521 14922 14922 E ArmVmp : Match on catch block at 0xc3 in for 0x159
03-02 17:49:11.527 14922 14922 E ArmVmp : Match on catch block at 0xc3 in for 0x155
03-02 17:49:11.529 14922 14922 E ArmVmp : Match on catch block at 0xc3 in for 0x159
03-02 17:49:12.022 14922 14922 E ArmVmp : Match on catch block at 0xc3 in for 0x155
03-02 17:49:12.027 14922 14922 E ArmVmp : Match on catch block at 0xc3 in for 0x151
03-02 17:49:12.031 14922 14922 E ArmVmp : Match on catch block at 0xc3 in for 0x155
03-02 17:49:12.524 14922 14922 E ArmVmp : Match on catch block at 0xc3 in for 0x151
03-02 17:49:12.529 14922 14922 E ArmVmp : Match on catch block at 0xc3 in for 0x14d
03-02 17:49:12.531 14922 14922 E ArmVmp : Match on catch block at 0xc3 in for 0x151
03-02 17:49:12.551 14922 14922 E ArmVmp : Match on catch block at 0x0a in for 0x145
03-02 17:49:12.554 14922 14922 E ArmVmp : Match on catch block at 0x0a in for 0x1a9
03-02 17:49:12.559 14922 14922 E ArmVmp : Match on catch block at 0x0a in for 0x149
03-02 17:49:12.560 14922 14922 E ArmVmp : Match on catch block at 0x0a in for 0x141
03-02 17:49:12.560 14922 14922 E ArmVmp : Match on catch block at 0x0a in for 0x155
03-02 17:49:12.561 14922 14922 E ArmVmp : Match on catch block at 0x0a in for 0x14d
03-02 17:49:13.023 14922 14922 E ArmVmp : Match on catch block at 0xc3 in for 0x14d
03-02 17:49:13.028 14922 14922 E ArmVmp : Match on catch block at 0xc3 in for 0x149
03-02 17:49:13.032 14922 14922 E ArmVmp : Match on catch block at 0xc3 in for 0x14d
03-02 17:49:13.378 14922 14922 E ArmVmp : Match on catch block at 0x0a in for 0x141
03-02 17:49:13.380 14922 14922 E ArmVmp : Match on catch block at 0x0a in for 0x155
03-02 17:49:13.381 14922 14922 E ArmVmp : Match on catch block at 0x0a in for 0x14d
03-02 17:49:13.382 14922 14922 E ArmVmp : Match on catch block at 0x0a in for 0x145
03-02 17:49:13.523 14922 14922 E ArmVmp : Match on catch block at 0xc3 in for 0x145
03-02 17:49:13.527 14922 14922 E ArmVmp : Match on catch block at 0xc3 in for 0x141
03-02 17:49:13.529 14922 14922 E ArmVmp : Match on catch block at 0xc3 in for 0x145
03-02 17:49:13.942 14922 14922 E ArmVmp : Match on catch block at 0x0a in for 0x155
03-02 17:49:13.944 14922 14922 E ArmVmp : Match on catch block at 0x0a in for 0x14d
03-02 17:49:13.945 14922 14922 E ArmVmp : Match on catch block at 0x0a in for 0x145
03-02 17:49:13.947 14922 14922 E ArmVmp : Match on catch block at 0x0a in for 0x159
03-02 17:49:14.022 14922 14922 E ArmVmp : Match on catch block at 0xc3 in for 0x159
03-02 17:49:14.026 14922 14922 E ArmVmp : Match on catch block at 0xc3 in for 0x155
03-02 17:49:14.028 14922 14922 E ArmVmp : Match on catch block at 0xc3 in for 0x159
03-02 17:49:14.125 14922 14922 E ArmVmp : Match on catch block at 0x0a in for 0x14d
03-02 17:49:14.127 14922 14922 E ArmVmp : Match on catch block at 0x0a in for 0x145
03-02 17:49:14.128 14922 14922 E ArmVmp : Match on catch block at 0x0a in for 0x159
03-02 17:49:14.129 14922 14922 E ArmVmp : Match on catch block at 0x0a in for 0x151
03-02 17:49:14.494 14922 14922 E ArmVmp : Match on catch block at 0x0a in for 0x149
03-02 17:49:14.495 14922 14922 E ArmVmp : Match on catch block at 0x0a in for 0x141
03-02 17:49:14.497 14922 14922 E ArmVmp : Match on catch block at 0x0a in for 0x155
03-02 17:49:14.498 14922 14922 E ArmVmp : Match on catch block at 0x0a in for 0x14d
03-02 17:49:14.523 14922 14922 E ArmVmp : Match on catch block at 0xc3 in for 0x14d
03-02 17:49:14.528 14922 14922 E ArmVmp : Match on catch block at 0xc3 in for 0x149
03-02 17:49:14.530 14922 14922 E ArmVmp : Match on catch block at 0xc3 in for 0x14d
03-02 17:49:14.724 14922 14922 E ArmVmp : Match on catch block at 0x0a in for 0x141
03-02 17:49:14.726 14922 14922 E ArmVmp : Match on catch block at 0x0a in for 0x155
03-02 17:49:14.727 14922 14922 E ArmVmp : Match on catch block at 0x0a in for 0x14d
03-02 17:49:14.728 14922 14922 E ArmVmp : Match on catch block at 0x0a in for 0x145
03-02 17:49:15.023 14922 14922 E ArmVmp : Match on catch block at 0xc3 in for 0x145
03-02 17:49:15.028 14922 14922 E ArmVmp : Match on catch block at 0xc3 in for 0x141
03-02 17:49:15.032 14922 14922 E ArmVmp : Match on catch block at 0xc3 in for 0x145
03-02 17:49:15.397 14922 14922 E ArmVmp : Match on catch block at 0x0a in for 0x155
03-02 17:49:15.399 14922 14922 E ArmVmp : Match on catch block at 0x0a in for 0x14d
03-02 17:49:15.400 14922 14922 E ArmVmp : Match on catch block at 0x0a in for 0x145
03-02 17:49:15.401 14922 14922 E ArmVmp : Match on catch block at 0x0a in for 0x159
03-02 17:49:15.476 14922 14922 E ArmVmp : Match on catch block at 0x0a in for 0x151
03-02 17:49:15.478 14922 14922 E ArmVmp : Match on catch block at 0x0a in for 0x149
03-02 17:49:15.479 14922 14922 E ArmVmp : Match on catch block at 0x0a in for 0x141
03-02 17:49:15.481 14922 14922 E ArmVmp : Match on catch block at 0x0a in for 0x155
03-02 17:49:15.540 14922 14922 E ArmVmp : Match on catch block at 0xc3 in for 0x155
03-02 17:49:15.544 14922 14922 E ArmVmp : Match on catch block at 0xc3 in for 0x151
03-02 17:49:15.547 14922 14922 E ArmVmp : Match on catch block at 0xc3 in for 0x155
03-02 17:49:16.041 14922 14922 E ArmVmp : Match on catch block at 0xc3 in for 0x151
03-02 17:49:16.044 14922 14922 E ArmVmp : Match on catch block at 0xc3 in for 0x14d
03-02 17:49:16.046 14922 14922 E ArmVmp : Match on catch block at 0xc3 in for 0x151
03-02 17:49:16.066 14922 14922 E ArmVmp : Match on catch block at 0x0a in for 0x145
03-02 17:49:16.068 14922 14922 E ArmVmp : Match on catch block at 0x0a in for 0x159
03-02 17:49:16.074 14922 14922 E ArmVmp : Match on catch block at 0x0a in for 0x151
03-02 17:49:16.075 14922 14922 E ArmVmp : Match on catch block at 0x0a in for 0x149
03-02 17:49:16.540 14922 14922 E ArmVmp : Match on catch block at 0xc3 in for 0x149
03-02 17:49:16.545 14922 14922 E ArmVmp : Match on catch block at 0xc3 in for 0x145
03-02 17:49:16.548 14922 14922 E ArmVmp : Match on catch block at 0xc3 in for 0x149
03-02 17:49:17.041 14922 14922 E ArmVmp : Match on catch block at 0xc3 in for 0x145
03-02 17:49:17.045 14922 14922 E ArmVmp : Match on catch block at 0xc3 in for 0x141
03-02 17:49:17.048 14922 14922 E ArmVmp : Match on catch block at 0xc3 in for 0x145
03-02 17:49:17.112 14922 14922 E ArmVmp : Match on catch block at 0x0a in for 0x155
03-02 17:49:17.114 14922 14922 E ArmVmp : Match on catch block at 0x0a in for 0x14d
03-02 17:49:17.115 14922 14922 E ArmVmp : Match on catch block at 0x0a in for 0x145
03-02 17:49:17.116 14922 14922 E ArmVmp : Match on catch block at 0x0a in for 0x159
03-02 17:49:17.228 14922 14922 E ArmVmp : Match on catch block at 0x0a in for 0x151
03-02 17:49:17.230 14922 14922 E ArmVmp : Match on catch block at 0x0a in for 0x149
03-02 17:49:17.231 14922 14922 E ArmVmp : Match on catch block at 0x0a in for 0x141
03-02 17:49:17.233 14922 14922 E ArmVmp : Match on catch block at 0x0a in for 0x155
03-02 17:49:17.541 14922 14922 E ArmVmp : Match on catch block at 0xc3 in for 0x155
03-02 17:49:17.545 14922 14922 E ArmVmp : Match on catch block at 0xc3 in for 0x151
03-02 17:49:17.549 14922 14922 E ArmVmp : Match on catch block at 0xc3 in for 0x155
03-02 17:49:17.812 14922 14922 E ArmVmp : Match on catch block at 0x0a in for 0x149
03-02 17:49:17.814 14922 14922 E ArmVmp : Match on catch block at 0x0a in for 0x141
03-02 17:49:17.815 14922 14922 E ArmVmp : Match on catch block at 0x0a in for 0x155
03-02 17:49:17.817 14922 14922 E ArmVmp : Match on catch block at 0x0a in for 0x14d
03-02 17:49:18.042 14922 14922 E ArmVmp : Match on catch block at 0xc3 in for 0x14d
03-02 17:49:18.046 14922 14922 E ArmVmp : Match on catch block at 0xc3 in for 0x149
03-02 17:49:18.049 14922 14922 E ArmVmp : Match on catch block at 0xc3 in for 0x14d
03-02 17:49:18.541 14922 14922 E ArmVmp : Match on catch block at 0xc3 in for 0x149
03-02 17:49:18.546 14922 14922 E ArmVmp : Match on catch block at 0xc3 in for 0x145
03-02 17:49:18.549 14922 14922 E ArmVmp : Match on catch block at 0xc3 in for 0x149
03-02 17:49:19.042 14922 14922 E ArmVmp : Match on catch block at 0xc3 in for 0x145
03-02 17:49:19.048 14922 14922 E ArmVmp : Match on catch block at 0xc3 in for 0x141
03-02 17:49:19.052 14922 14922 E ArmVmp : Match on catch block at 0xc3 in for 0x145
03-02 17:49:19.542 14922 14922 E ArmVmp : Match on catch block at 0xc3 in for 0x141
03-02 17:49:19.548 14922 14922 E ArmVmp : Match on catch block at 0xc3 in for 0x159
03-02 17:49:19.552 14922 14922 E ArmVmp : Match on catch block at 0xc3 in for 0x141
03-02 17:49:20.042 14922 14922 E ArmVmp : Match on catch block at 0xc3 in for 0x159
03-02 17:49:20.048 14922 14922 E ArmVmp : Match on catch block at 0xc3 in for 0x155
03-02 17:49:20.052 14922 14922 E ArmVmp : Match on catch block at 0xc3 in for 0x159
03-02 17:49:20.543 14922 14922 E ArmVmp : Match on catch block at 0xc3 in for 0x155
03-02 17:49:20.549 14922 14922 E ArmVmp : Match on catch block at 0xc3 in for 0x151
03-02 17:49:20.554 14922 14922 E ArmVmp : Match on catch block at 0xc3 in for 0x155
03-02 17:49:20.680 14922 14922 E ArmVmp : Match on catch block at 0x0a in for 0x149
03-02 17:49:20.681 14922 14922 E ArmVmp : Match on catch block at 0x0a in for 0x141
03-02 17:49:20.683 14922 14922 E ArmVmp : Match on catch block at 0x0a in for 0x155
03-02 17:49:20.684 14922 14922 E ArmVmp : Match on catch block at 0x0a in for 0x14d
03-02 17:49:21.041 14922 14922 E ArmVmp : Match on catch block at 0xc3 in for 0x14d
03-02 17:49:21.047 14922 14922 E ArmVmp : Match on catch block at 0xc3 in for 0x149
03-02 17:49:21.050 14922 14922 E ArmVmp : Match on catch block at 0xc3 in for 0x14d
03-02 17:49:21.559 14922 14922 E ArmVmp : Match on catch block at 0xc3 in for 0x149
03-02 17:49:21.565 14922 14922 E ArmVmp : Match on catch block at 0xc3 in for 0x145
03-02 17:49:21.569 14922 14922 E ArmVmp : Match on catch block at 0xc3 in for 0x149
03-02 17:49:21.681 14922 14922 E ArmVmp : Match on catch block at 0x0a in for 0x159
03-02 17:49:21.683 14922 14922 E ArmVmp : Match on catch block at 0x0a in for 0x151
03-02 17:49:21.685 14922 14922 E ArmVmp : Match on catch block at 0x0a in for 0x149
03-02 17:49:21.686 14922 14922 E ArmVmp : Match on catch block at 0x0a in for 0x141
03-02 17:49:21.897 14922 14922 E ArmVmp : Match on catch block at 0x0a in for 0x155
03-02 17:49:21.898 14922 14922 E ArmVmp : Match on catch block at 0x0a in for 0x14d
03-02 17:49:21.900 14922 14922 E ArmVmp : Match on catch block at 0x0a in for 0x145
03-02 17:49:21.902 14922 14922 E ArmVmp : Match on catch block at 0x0a in for 0x159
03-02 17:49:22.058 14922 14922 E ArmVmp : Match on catch block at 0xc3 in for 0x159
03-02 17:49:22.062 14922 14922 E ArmVmp : Match on catch block at 0xc3 in for 0x155
03-02 17:49:22.065 14922 14922 E ArmVmp : Match on catch block at 0xc3 in for 0x159
03-02 17:49:22.561 14922 14922 E ArmVmp : Match on catch block at 0xc3 in for 0x155
03-02 17:49:22.568 14922 14922 E ArmVmp : Match on catch block at 0xc3 in for 0x151
03-02 17:49:22.572 14922 14922 E ArmVmp : Match on catch block at 0xc3 in for 0x155
03-02 17:49:23.060 14922 14922 E ArmVmp : Match on catch block at 0xc3 in for 0x151
03-02 17:49:23.066 14922 14922 E ArmVmp : Match on catch block at 0xc3 in for 0x14d
03-02 17:49:23.069 14922 14922 E ArmVmp : Match on catch block at 0xc3 in for 0x151
03-02 17:49:23.560 14922 14922 E ArmVmp : Match on catch block at 0xc3 in for 0x14d
03-02 17:49:23.565 14922 14922 E ArmVmp : Match on catch block at 0xc3 in for 0x149
