03-02 17:39:38.502 8880 8880 W BottomSheetBehavior: BottomSheetBehavior now supports multiple callbacks. `setBottomSheetCallback()` removes all existing callbacks, including ones set internally by library authors, which may result in unintended behavior. This may change in the future. Please use `addBottomSheetCallback()` and `removeBottomSheetCallback()` instead to set your own callbacks.
03-02 17:39:38.502 8880 8880 W BottomSheetBehavior: BottomSheetBehavior now supports multiple callbacks. `setBottomSheetCallback()` removes all existing callbacks, including ones set internally by library authors, which may result in unintended behavior. This may change in the future. Please use `addBottomSheetCallback()` and `removeBottomSheetCallback()` instead to set your own callbacks.
03-02 17:39:38.519 8880 8880 W BottomSheetBehavior: BottomSheetBehavior now supports multiple callbacks. `setBottomSheetCallback()` removes all existing callbacks, including ones set internally by library authors, which may result in unintended behavior. This may change in the future. Please use `addBottomSheetCallback()` and `removeBottomSheetCallback()` instead to set your own callbacks.
03-02 17:39:38.519 8880 8880 W BottomSheetBehavior: BottomSheetBehavior now supports multiple callbacks. `setBottomSheetCallback()` removes all existing callbacks, including ones set internally by library authors, which may result in unintended behavior. This may change in the future. Please use `addBottomSheetCallback()` and `removeBottomSheetCallback()` instead to set your own callbacks.
03-02 17:39:39.481 8880 10329 E ACodec : [OMX.sprd.h264.decoder] setPortMode on output to DynamicANWBuffer failed w/ err -2147483648
03-02 17:39:39.565 8880 10333 W Codec2Client: query -- param skipped: index = 1107298332.
03-02 17:39:39.565 8880 10333 W CCodec : This behavior is subject to change. It is recommended that app developers double check whether the requested max input size is in reasonable range.
03-02 17:39:39.573 8880 10333 W Codec2Client: query -- param skipped: index = 1342179345.
03-02 17:39:39.573 8880 10333 W Codec2Client: query -- param skipped: index = 2415921170.
03-02 17:39:39.573 8880 10333 W Codec2Client: query -- param skipped: index = 1610614798.
03-02 17:39:39.632 8880 10328 W MediaCodec: mapFormat: no mediaType information
03-02 17:39:40.121 8880 10333 W Codec2Client: query -- param skipped: index = 1342179345.
03-02 17:39:40.121 8880 10333 W Codec2Client: query -- param skipped: index = 2415921170.
03-02 17:39:40.121 8880 10333 W Codec2Client: query -- param skipped: index = 1610614798.
03-02 17:39:40.125 8880 10328 E Surface : freeAllBuffers: 8 buffers were freed while being dequeued!
03-02 17:39:40.151 8880 8880 E RecyclerView: No adapter attached; skipping layout
03-02 17:39:40.161 8880 9177 E SQLiteDatabase: Error inserting transferred=0 media_job_uuid=4b32f131-8678-401d-9407-814ba233885e transcoded=0 gif_attribution=0 first_scan_length=0 direct_path=/v/t62.7161- 24/17688426_725157533127710_2323923661764495030_n.enc?ccb=11- 4&oh=01_AdR8uQfgyW6yd0gCVmOMYPltOk_TuEU8RUEeqdiPtyAV0w&oe=660B129B&_nc_sid=5e03e0 thumbnail_height_width_ratio=1.7777778 is_animated_sticker=0 file_hash=YPsxKfoD/c64INe+9qf7TZogWdlgcERC1D+54IH3KP4= file_path=null file_size=0 partial_media_hash=null face_x=0 face_y=0 height=640 trim_to=0 media_key_timestamp=1709420800000 message_url=https://mmg.whatsapp.net/v/t62.7161- 24/17688426_725157533127710_2323923661764495030_n.enc?ccb=11- 4&oh=01_AdR8uQfgyW6yd0gCVmOMYPltOk_TuEU8RUEeqdiPtyAV0w&oe=660B129B&_nc_sid=5e03e0&m ms3=true media_caption=null trim_from=0 mime_type=video/mp4 partial_media_enc_hash=null width=360 original_file_hash=null has_streaming_sidecar=1 autotransfer_retry_enabled=0 media_upload_handle=null message_row_id=307851 multicast_id=null enc_file_hash=F+K6LDa59mv5Pd+omCsh25F8LqmhsTmOXHyYNnufXZ0= mute_video=0 page_count=0 first_scan_sidecar=null suspicious_content=0 file_length=3270133 media_name=null media_duration=22 chat_row_id=87 media_key=[B@4c0acac
03-02 17:39:40.161 8880 9177 E SQLiteDatabase: android.database.sqlite.SQLiteConstraintException: UNIQUE constraint failed: message_media.message_row_id (code 1555 SQLITE_CONSTRAINT_PRIMARYKEY[1555])
03-02 17:39:40.161 8880 9177 E SQLiteDatabase: at android.database.sqlite.SQLiteConnection.nativeExecuteForLastInsertedRowId(Native Method)
03-02 17:39:40.161 8880 9177 E SQLiteDatabase: at android.database.sqlite.SQLiteConnection.executeForLastInsertedRowId(SQLiteConnecti on.java:1232)
03-02 17:39:40.161 8880 9177 E SQLiteDatabase: at android.database.sqlite.SQLiteSession.executeForLastInsertedRowId(SQLiteSession.jav a:790)
03-02 17:39:40.161 8880 9177 E SQLiteDatabase: at android.database.sqlite.SQLiteStatement.executeInsert(SQLiteStatement.java:89)
03-02 17:39:40.161 8880 9177 E SQLiteDatabase: at android.database.sqlite.SQLiteDatabase.insertWithOnConflict(SQLiteDatabase.java:224 4)
03-02 17:39:40.161 8880 9177 E SQLiteDatabase: at android.database.sqlite.SQLiteDatabase.insert(SQLiteDatabase.java:2113)
03-02 17:39:40.161 8880 9177 E SQLiteDatabase: at X.2tm.A08(Unknown Source:6)
03-02 17:39:40.161 8880 9177 E SQLiteDatabase: at X.35Y.A07(Unknown Source:212)
03-02 17:39:40.161 8880 9177 E SQLiteDatabase: at X.3QF.A14(Unknown Source:470)
03-02 17:39:40.161 8880 9177 E SQLiteDatabase: at X.3gU.run(Unknown Source:982)
03-02 17:39:40.161 8880 9177 E SQLiteDatabase: at android.os.Handler.handleCallback(Handler.java:938)
03-02 17:39:40.161 8880 9177 E SQLiteDatabase: at android.os.Handler.dispatchMessage(Handler.java:99)
03-02 17:39:40.161 8880 9177 E SQLiteDatabase: at X.0zq.dispatchMessage(Unknown Source:4)
03-02 17:39:40.161 8880 9177 E SQLiteDatabase: at android.os.Looper.loopOnce(Looper.java:226)
03-02 17:39:40.161 8880 9177 E SQLiteDatabase: at android.os.Looper.loop(Looper.java:313)
03-02 17:39:40.161 8880 9177 E SQLiteDatabase: at android.os.HandlerThread.run(HandlerThread.java:67)
03-02 17:39:40.168 8880 9177 E SQLiteDatabase: Error inserting transferred=0 media_job_uuid=4b32f131-8678-401d-9407-814ba233885e transcoded=0 gif_attribution=0 first_scan_length=0 direct_path=/v/t62.7161- 24/17688426_725157533127710_2323923661764495030_n.enc?ccb=11- 4&oh=01_AdR8uQfgyW6yd0gCVmOMYPltOk_TuEU8RUEeqdiPtyAV0w&oe=660B129B&_nc_sid=5e03e0 thumbnail_height_width_ratio=1.7777778 is_animated_sticker=0 file_hash=YPsxKfoD/c64INe+9qf7TZogWdlgcERC1D+54IH3KP4= file_path=null file_size=0 partial_media_hash=null face_x=0 face_y=0 height=640 trim_to=0 media_key_timestamp=1709420800000 message_url=https://mmg.whatsapp.net/v/t62.7161- 24/17688426_725157533127710_2323923661764495030_n.enc?ccb=11- 4&oh=01_AdR8uQfgyW6yd0gCVmOMYPltOk_TuEU8RUEeqdiPtyAV0w&oe=660B129B&_nc_sid=5e03e0&m ms3=true media_caption=null trim_from=0 mime_type=video/mp4 partial_media_enc_hash=null width=360 original_file_hash=null has_streaming_sidecar=1 autotransfer_retry_enabled=0 media_upload_handle=null message_row_id=307851 multicast_id=null enc_file_hash=F+K6LDa59mv5Pd+omCsh25F8LqmhsTmOXHyYNnufXZ0= mute_video=0 page_count=0 first_scan_sidecar=null suspicious_content=0 file_length=3270133 media_name=null media_duration=22 chat_row_id=87 media_key=[B@4c0acac
03-02 17:39:40.168 8880 9177 E SQLiteDatabase: android.database.sqlite.SQLiteConstraintException: UNIQUE constraint failed: message_media.message_row_id (code 1555 SQLITE_CONSTRAINT_PRIMARYKEY[1555])
03-02 17:39:40.168 8880 9177 E SQLiteDatabase: at android.database.sqlite.SQLiteConnection.nativeExecuteForLastInsertedRowId(Native Method)
03-02 17:39:40.168 8880 9177 E SQLiteDatabase: at android.database.sqlite.SQLiteConnection.executeForLastInsertedRowId(SQLiteConnecti on.java:1232)
03-02 17:39:40.168 8880 9177 E SQLiteDatabase: at android.database.sqlite.SQLiteSession.executeForLastInsertedRowId(SQLiteSession.jav a:790)
03-02 17:39:40.168 8880 9177 E SQLiteDatabase: at android.database.sqlite.SQLiteStatement.executeInsert(SQLiteStatement.java:89)
03-02 17:39:40.168 8880 9177 E SQLiteDatabase: at android.database.sqlite.SQLiteDatabase.insertWithOnConflict(SQLiteDatabase.java:224 4)
03-02 17:39:40.168 8880 9177 E SQLiteDatabase: at android.database.sqlite.SQLiteDatabase.insert(SQLiteDatabase.java:2113)
03-02 17:39:40.168 8880 9177 E SQLiteDatabase: at X.2tm.A08(Unknown Source:6)
03-02 17:39:40.168 8880 9177 E SQLiteDatabase: at X.35Y.A07(Unknown Source:212)
03-02 17:39:40.168 8880 9177 E SQLiteDatabase: at X.3QF.A14(Unknown Source:470)
03-02 17:39:40.168 8880 9177 E SQLiteDatabase: at X.3gU.run(Unknown Source:982)
03-02 17:39:40.168 8880 9177 E SQLiteDatabase: at android.os.Handler.handleCallback(Handler.java:938)
03-02 17:39:40.168 8880 9177 E SQLiteDatabase: at android.os.Handler.dispatchMessage(Handler.java:99)
03-02 17:39:40.168 8880 9177 E SQLiteDatabase: at X.0zq.dispatchMessage(Unknown Source:4)
03-02 17:39:40.168 8880 9177 E SQLiteDatabase: at android.os.Looper.loopOnce(Looper.java:226)
03-02 17:39:40.168 8880 9177 E SQLiteDatabase: at android.os.Looper.loop(Looper.java:313)
03-02 17:39:40.168 8880 9177 E SQLiteDatabase: at android.os.HandlerThread.run(HandlerThread.java:67)
03-02 17:39:40.208 8880 10342 E ACodec : [OMX.sprd.h264.decoder] setPortMode on output to DynamicANWBuffer failed w/ err -2147483648
03-02 17:39:40.323 8880 10346 W Codec2Client: query -- param skipped: index = 1107298332.
03-02 17:39:40.324 8880 10346 W CCodec : This behavior is subject to change. It is recommended that app developers double check whether the requested max input size is in reasonable range.
03-02 17:39:40.328 8880 10346 W Codec2Client: query -- param skipped: index = 1342179345.
03-02 17:39:40.328 8880 10346 W Codec2Client: query -- param skipped: index = 2415921170.
03-02 17:39:40.328 8880 10346 W Codec2Client: query -- param skipped: index = 1610614798.
03-02 17:39:40.355 8880 10340 W MediaCodec: mapFormat: no mediaType information
03-02 17:39:41.651 8880 10346 W Codec2Client: query -- param skipped: index = 1342179345.
03-02 17:39:41.651 8880 10346 W Codec2Client: query -- param skipped: index = 2415921170.
03-02 17:39:41.651 8880 10346 W Codec2Client: query -- param skipped: index = 1610614798.
03-02 17:39:41.656 8880 10340 E Surface : freeAllBuffers: 8 buffers were freed while being dequeued!
03-02 17:39:41.762 8880 9177 E SQLiteDatabase: Error inserting transferred=1 media_job_uuid=45b5559c-5e1c-47de-9071-17411df1df6b transcoded=0 gif_attribution=0 first_scan_length=0 direct_path=/v/t62.7161- 24/40292718_1056902155390509_8395414165584990759_n.enc?ccb=11- 4&oh=01_AdRWz4rSdJ4EFXDb4tOe-KkuPNZUxRRcVA_Ts6lvAR5Rgw&oe=660B1900&_nc_sid=5e03e0 thumbnail_height_width_ratio=1.7777778 is_animated_sticker=0 file_hash=rzaOGE2I+BVt2JSaZRwCiQXaBjx81vCren5gBp/o3fU= file_path=Media/.Statuses/2f0826ec399b4768ba1eda25b71d20c4.mp4 file_size=2036681 partial_media_hash=null face_x=0 face_y=0 height=1024 trim_to=0 media_key_timestamp=1709420840000 message_url=https://mmg.whatsapp.net/v/t62.7161- 24/40292718_1056902155390509_8395414165584990759_n.enc?ccb=11- 4&oh=01_AdRWz4rSdJ4EFXDb4tOe- KkuPNZUxRRcVA_Ts6lvAR5Rgw&oe=660B1900&_nc_sid=5e03e0&mms3=true media_caption=null trim_from=0 mime_type=video/mp4 partial_media_enc_hash=null width=576 original_file_hash=null has_streaming_sidecar=1 autotransfer_retry_enabled=1 media_upload_handle=null message_row_id=307853 multicast_id=null enc_file_hash=HXnU8lH9uMvoV6D+qq6lCMjqfT189kWDoJhdpjr931E= mute_video=0 page_count=0 first_scan_sidecar=null suspicious_content=0 file_length=2036681 media_name=null media_duration=19 chat_row_id=87 media_key=[B@fc5bcb9
03-02 17:39:41.762 8880 9177 E SQLiteDatabase: android.database.sqlite.SQLiteConstraintException: UNIQUE constraint failed: message_media.message_row_id (code 1555 SQLITE_CONSTRAINT_PRIMARYKEY[1555])
03-02 17:39:41.762 8880 9177 E SQLiteDatabase: at android.database.sqlite.SQLiteConnection.nativeExecuteForLastInsertedRowId(Native Method)
03-02 17:39:41.762 8880 9177 E SQLiteDatabase: at android.database.sqlite.SQLiteConnection.executeForLastInsertedRowId(SQLiteConnecti on.java:1232)
03-02 17:39:41.762 8880 9177 E SQLiteDatabase: at android.database.sqlite.SQLiteSession.executeForLastInsertedRowId(SQLiteSession.jav a:790)
03-02 17:39:41.762 8880 9177 E SQLiteDatabase: at android.database.sqlite.SQLiteStatement.executeInsert(SQLiteStatement.java:89)
03-02 17:39:41.762 8880 9177 E SQLiteDatabase: at android.database.sqlite.SQLiteDatabase.insertWithOnConflict(SQLiteDatabase.java:224 4)
03-02 17:39:41.762 8880 9177 E SQLiteDatabase: at android.database.sqlite.SQLiteDatabase.insert(SQLiteDatabase.java:2113)
03-02 17:39:41.762 8880 9177 E SQLiteDatabase: at X.2tm.A08(Unknown Source:6)
03-02 17:39:41.762 8880 9177 E SQLiteDatabase: at X.35Y.A07(Unknown Source:212)
03-02 17:39:41.762 8880 9177 E SQLiteDatabase: at X.3QF.A14(Unknown Source:470)
03-02 17:39:41.762 8880 9177 E SQLiteDatabase: at X.3gU.run(Unknown Source:982)
03-02 17:39:41.762 8880 9177 E SQLiteDatabase: at android.os.Handler.handleCallback(Handler.java:938)
03-02 17:39:41.762 8880 9177 E SQLiteDatabase: at android.os.Handler.dispatchMessage(Handler.java:99)
03-02 17:39:41.762 8880 9177 E SQLiteDatabase: at X.0zq.dispatchMessage(Unknown Source:4)
03-02 17:39:41.762 8880 9177 E SQLiteDatabase: at android.os.Looper.loopOnce(Looper.java:226)
03-02 17:39:41.762 8880 9177 E SQLiteDatabase: at android.os.Looper.loop(Looper.java:313)
03-02 17:39:41.762 8880 9177 E SQLiteDatabase: at android.os.HandlerThread.run(HandlerThread.java:67)
03-02 17:39:41.919 8880 9177 E SQLiteDatabase: Error inserting transferred=0 media_job_uuid=4b32f131-8678-401d-9407-814ba233885e transcoded=0 gif_attribution=0 first_scan_length=0 direct_path=/v/t62.7161- 24/17688426_725157533127710_2323923661764495030_n.enc?ccb=11- 4&oh=01_AdR8uQfgyW6yd0gCVmOMYPltOk_TuEU8RUEeqdiPtyAV0w&oe=660B129B&_nc_sid=5e03e0 thumbnail_height_width_ratio=1.7777778 is_animated_sticker=0 file_hash=YPsxKfoD/c64INe+9qf7TZogWdlgcERC1D+54IH3KP4= file_path=null file_size=0 partial_media_hash=null face_x=0 face_y=0 height=640 trim_to=0 media_key_timestamp=1709420800000 message_url=https://mmg.whatsapp.net/v/t62.7161- 24/17688426_725157533127710_2323923661764495030_n.enc?ccb=11- 4&oh=01_AdR8uQfgyW6yd0gCVmOMYPltOk_TuEU8RUEeqdiPtyAV0w&oe=660B129B&_nc_sid=5e03e0&m ms3=true media_caption=null trim_from=0 mime_type=video/mp4 partial_media_enc_hash=null width=360 original_file_hash=null has_streaming_sidecar=1 autotransfer_retry_enabled=1 media_upload_handle=null message_row_id=307851 multicast_id=null enc_file_hash=F+K6LDa59mv5Pd+omCsh25F8LqmhsTmOXHyYNnufXZ0= mute_video=0 page_count=0 first_scan_sidecar=null suspicious_content=0 file_length=3270133 media_name=null media_duration=22 chat_row_id=87 media_key=[B@4c0acac
03-02 17:39:41.919 8880 9177 E SQLiteDatabase: android.database.sqlite.SQLiteConstraintException: UNIQUE constraint failed: message_media.message_row_id (code 1555 SQLITE_CONSTRAINT_PRIMARYKEY[1555])
03-02 17:39:41.919 8880 9177 E SQLiteDatabase: at android.database.sqlite.SQLiteConnection.nativeExecuteForLastInsertedRowId(Native Method)
03-02 17:39:41.919 8880 9177 E SQLiteDatabase: at android.database.sqlite.SQLiteConnection.executeForLastInsertedRowId(SQLiteConnecti on.java:1232)
03-02 17:39:41.919 8880 9177 E SQLiteDatabase: at android.database.sqlite.SQLiteSession.executeForLastInsertedRowId(SQLiteSession.jav a:790)
03-02 17:39:41.919 8880 9177 E SQLiteDatabase: at android.database.sqlite.SQLiteStatement.executeInsert(SQLiteStatement.java:89)
03-02 17:39:41.919 8880 9177 E SQLiteDatabase: at android.database.sqlite.SQLiteDatabase.insertWithOnConflict(SQLiteDatabase.java:224 4)
03-02 17:39:41.919 8880 9177 E SQLiteDatabase: at android.database.sqlite.SQLiteDatabase.insert(SQLiteDatabase.java:2113)
03-02 17:39:41.919 8880 9177 E SQLiteDatabase: at X.2tm.A08(Unknown Source:6)
03-02 17:39:41.919 8880 9177 E SQLiteDatabase: at X.35Y.A07(Unknown Source:212)
03-02 17:39:41.919 8880 9177 E SQLiteDatabase: at X.3QF.A14(Unknown Source:470)
03-02 17:39:41.919 8880 9177 E SQLiteDatabase: at X.3gU.run(Unknown Source:982)
03-02 17:39:41.919 8880 9177 E SQLiteDatabase: at android.os.Handler.handleCallback(Handler.java:938)
03-02 17:39:41.919 8880 9177 E SQLiteDatabase: at android.os.Handler.dispatchMessage(Handler.java:99)
03-02 17:39:41.919 8880 9177 E SQLiteDatabase: at X.0zq.dispatchMessage(Unknown Source:4)
03-02 17:39:41.919 8880 9177 E SQLiteDatabase: at android.os.Looper.loopOnce(Looper.java:226)
03-02 17:39:41.919 8880 9177 E SQLiteDatabase: at android.os.Looper.loop(Looper.java:313)
03-02 17:39:41.919 8880 9177 E SQLiteDatabase: at android.os.HandlerThread.run(HandlerThread.java:67)
03-02 17:39:43.301 8880 8880 W TabLayout: MODE_SCROLLABLE + GRAVITY_FILL is not supported, GRAVITY_START will be used instead
03-02 17:39:43.388 8880 8880 W BottomSheetBehavior: BottomSheetBehavior now supports multiple callbacks. `setBottomSheetCallback()` removes all existing callbacks, including ones set internally by library authors, which may result in unintended behavior. This may change in the future. Please use `addBottomSheetCallback()` and `removeBottomSheetCallback()` instead to set your own callbacks.
03-02 17:39:43.778 8880 8880 W View : requestLayout() improperly called by androidx.appcompat.view.menu.ActionMenuItemView{76380c0 VFED..CL. ......ID 0,7- 84,91 #7f0b0fe8 app:id/more} during layout: running second layout pass
03-02 17:39:43.778 8880 8880 W View : requestLayout() improperly called by androidx.appcompat.widget.ActionMenuView{b1881f9 V.E...... ......ID 636,0-720,98} during layout: running second layout pass
03-02 17:39:43.778 8880 8880 W View : requestLayout() improperly called by com.whatsapp.WaImageView{67c9e9b VF.D..CL. ......ID 0,0-112,112 #7f0b1814 app:id/shutter} during layout: running second layout pass
03-02 17:39:43.778 8880 8880 W View : requestLayout() improperly called by com.whatsapp.CircularProgressBar{93d82aa V.ED..... ......ID 0,0-112,112 #7f0b14fc app:id/recording_progress} during layout: running second layout pass
03-02 17:39:43.778 8880 8880 W View : requestLayout() improperly called by com.whatsapp.WaImageView{244f238 VF.D..C.. ......ID 0,0-84,84 #7f0b1976 app:id/switch_camera_btn} during layout: running second layout pass
03-02 17:39:43.778 8880 8880 W View : requestLayout() improperly called by com.whatsapp.WaImageView{8786211 VFED..C.. ......ID 0,0-84,84 #7f0b0b0d app:id/gallery_btn} during layout: running second layout pass
03-02 17:39:43.778 8880 8880 W View : requestLayout() improperly called by com.whatsapp.WaImageView{3491f76 VF.D..C.. ......ID 0,0-84,84 #7f0b0a9c app:id/flash_btn} during layout: running second layout pass
03-02 17:39:43.778 8880 8880 W View : requestLayout() improperly called by com.whatsapp.WaImageView{8fc8977 VFED..C.. ......ID 0,0-84,84 #7f0b057f app:id/close_camera_btn} during layout: running second layout pass
03-02 17:39:43.778 8880 8880 W View : requestLayout() improperly called by X.4Ki{2264613 V.ED..... ......ID 0,4-720,88} during layout: running second layout pass
03-02 17:39:43.966 8880 8880 W View : requestLayout() improperly called by com.whatsapp.WaImageView{67c9e9b VF.D..CL. ......ID 304,1136-416,1248 #7f0b1814 app:id/shutter} during layout: running second layout pass
03-02 17:39:43.966 8880 8880 W View : requestLayout() improperly called by com.whatsapp.CircularProgressBar{93d82aa V.ED..... ......ID 304,1136-416,1248 #7f0b14fc app:id/recording_progress} during layout: running second layout pass
03-02 17:39:43.966 8880 8880 W View : requestLayout() improperly called by com.whatsapp.WaImageView{244f238 VF.D..C.. ......ID 620,1148-704,1232 #7f0b1976 app:id/switch_camera_btn} during layout: running second layout pass
03-02 17:39:43.966 8880 8880 W View : requestLayout() improperly called by com.whatsapp.WaImageView{8786211 VFED..C.. ......ID 16,1148-100,1232 #7f0b0b0d app:id/gallery_btn} during layout: running second layout pass
03-02 17:39:43.966 8880 8880 W View : requestLayout() improperly called by com.whatsapp.WaImageView{3491f76 VF.D..C.. ......I. 620,16-704,100 #7f0b0a9c app:id/flash_btn} during layout: running second layout pass
03-02 17:39:43.966 8880 8880 W View : requestLayout() improperly called by com.whatsapp.WaImageView{8fc8977 VFED..C.. ......I. 16,16-100,100 #7f0b057f app:id/close_camera_btn} during layout: running second layout pass
03-02 17:39:53.408 8880 8880 E RecyclerView: No adapter attached; skipping layout
03-02 17:39:53.453 8880 10047 W com.whatsapp: Long monitor contention with owner Optic-Task-Handler-Thread (10384) at void android.hardware.camera2.impl.CameraDeviceImpl.close()(CameraDeviceImpl.java:1400) waiters=0 in void android.hardware.camera2.impl.CameraDeviceImpl$CameraDeviceCallbacks.onCaptureStart ed(android.hardware.camera2.impl.CaptureResultExtras, long) for 373ms
03-02 17:39:53.904 8880 10877 E ACodec : [OMX.sprd.hevc.decoder] setPortMode on output to DynamicANWBuffer failed w/ err -2147483648
03-02 17:39:54.013 8880 10885 E ACodec : [OMX.sprd.h264.decoder] setPortMode on output to DynamicANWBuffer failed w/ err -2147483648
03-02 17:39:54.091 8880 10876 E Surface : freeAllBuffers: 13 buffers were freed while being dequeued!
03-02 17:39:54.095 8880 10890 W Codec2Client: query -- param skipped: index = 1107298332.
03-02 17:39:54.095 8880 10890 W CCodec : This behavior is subject to change. It is recommended that app developers double check whether the requested max input size is in reasonable range.
03-02 17:39:54.103 8880 10876 W MediaCodec: mapFormat: no mediaType information
03-02 17:39:54.103 8880 10890 W Codec2Client: query -- param skipped: index = 1342179345.
03-02 17:39:54.103 8880 10890 W Codec2Client: query -- param skipped: index = 2415921170.
03-02 17:39:54.103 8880 10890 W Codec2Client: query -- param skipped: index = 1610614798.
03-02 17:39:54.181 8880 10890 W Codec2Client: query -- param skipped: index = 1342179345.
03-02 17:39:54.181 8880 10890 W Codec2Client: query -- param skipped: index = 2415921170.
03-02 17:39:54.181 8880 10890 W Codec2Client: query -- param skipped: index = 1610614798.
03-02 17:39:54.187 8880 10890 W Codec2Client: query -- param skipped: index = 1342179345.
03-02 17:39:54.187 8880 10890 W Codec2Client: query -- param skipped: index = 2415921170.
03-02 17:39:54.187 8880 10890 W Codec2Client: query -- param skipped: index = 1610614798.
03-02 17:39:54.192 8880 10890 W Codec2Client: query -- param skipped: index = 1342179345.
03-02 17:39:54.192 8880 10890 W Codec2Client: query -- param skipped: index = 2415921170.
03-02 17:39:54.192 8880 10890 W Codec2Client: query -- param skipped: index = 1610614798.
03-02 17:39:54.216 8880 10884 W MediaCodec: mapFormat: no mediaType information
03-02 17:39:54.670 8880 10884 E Surface : freeAllBuffers: 8 buffers were freed while being dequeued!
03-02 17:40:02.646 8880 11161 E ACodec : [OMX.sprd.h264.decoder] setPortMode on output to DynamicANWBuffer failed w/ err -2147483648
03-02 17:40:02.697 8880 11166 W Codec2Client: query -- param skipped: index = 1107298332.
03-02 17:40:02.697 8880 11166 W CCodec : This behavior is subject to change. It is recommended that app developers double check whether the requested max input size is in reasonable range.
03-02 17:40:02.699 8880 11166 W Codec2Client: query -- param skipped: index = 1342179345.
03-02 17:40:02.699 8880 11166 W Codec2Client: query -- param skipped: index = 2415921170.
03-02 17:40:02.699 8880 11166 W Codec2Client: query -- param skipped: index = 1610614798.
03-02 17:40:02.710 8880 11160 W MediaCodec: mapFormat: no mediaType information
03-02 17:40:02.717 8880 11166 W Codec2Client: query -- param skipped: index = 1342179345.
03-02 17:40:02.717 8880 11166 W Codec2Client: query -- param skipped: index = 2415921170.
03-02 17:40:02.717 8880 11166 W Codec2Client: query -- param skipped: index = 1610614798.
03-02 17:40:02.720 8880 11166 W Codec2Client: query -- param skipped: index = 1342179345.
03-02 17:40:02.720 8880 11166 W Codec2Client: query -- param skipped: index = 2415921170.
03-02 17:40:02.720 8880 11166 W Codec2Client: query -- param skipped: index = 1610614798.
03-02 17:40:02.723 8880 11166 W Codec2Client: query -- param skipped: index = 1342179345.
03-02 17:40:02.723 8880 11166 W Codec2Client: query -- param skipped: index = 2415921170.
03-02 17:40:02.723 8880 11166 W Codec2Client: query -- param skipped: index = 1610614798.
03-02 17:40:02.947 8880 11160 E Surface : freeAllBuffers: 8 buffers were freed while being dequeued! --------- beginning of system
03-02 17:40:14.481 8880 8880 W ViewRootImpl@7871a48[MediaComposerActivity]: Dropping event due to root view being removed:
03-02 17:40:14.481 8880 8880 E ViewRootImpl@7871a48[MediaComposerActivity]: mStopped=false mHasWindowFocus=true mPausedForTransition=false
03-02 17:40:14.481 8880 8880 W InputEventReceiver: Attempted to finish an input event but the input event receiver has already been disposed.
03-02 17:40:14.523 8880 8880 W IInputConnectionWrapper: requestCursorAnchorInfo on inactive InputConnection
03-02 17:40:16.310 8880 10884 W MediaCodec: mapFormat: no mediaType information
03-02 17:40:17.462 8880 10890 W Codec2Client: query -- param skipped: index = 1342179345.
03-02 17:40:17.462 8880 10890 W Codec2Client: query -- param skipped: index = 2415921170.
03-02 17:40:17.462 8880 10890 W Codec2Client: query -- param skipped: index = 1610614798.
03-02 17:40:17.488 8880 10884 W MediaCodec: mapFormat: no mediaType information
03-02 17:40:19.319 8880 11160 E Surface : freeAllBuffers: 8 buffers were freed while being dequeued!
03-02 17:40:19.329 8880 11166 W Codec2Client: query -- param skipped: index = 1342179345.
03-02 17:40:19.329 8880 11166 W Codec2Client: query -- param skipped: index = 2415921170.
03-02 17:40:19.329 8880 11166 W Codec2Client: query -- param skipped: index = 1610614798.
03-02 17:40:19.333 8880 11160 E Surface : freeAllBuffers: 8 buffers were freed while being dequeued!
03-02 17:40:19.873 8880 10876 E Surface : freeAllBuffers: 13 buffers were freed while being dequeued!
03-02 17:40:19.881 8880 10876 E Surface : freeAllBuffers: 13 buffers were freed while being dequeued!
03-02 17:40:19.985 8880 11325 E ACodec : [OMX.sprd.h264.decoder] setPortMode on output to DynamicANWBuffer failed w/ err -2147483648
03-02 17:40:20.028 8880 11330 W Codec2Client: query -- param skipped: index = 1107298332.
03-02 17:40:20.028 8880 11330 W CCodec : This behavior is subject to change. It is recommended that app developers double check whether the requested max input size is in reasonable range.
03-02 17:40:20.031 8880 11330 W Codec2Client: query -- param skipped: index = 1342179345.
03-02 17:40:20.031 8880 11330 W Codec2Client: query -- param skipped: index = 2415921170.
03-02 17:40:20.031 8880 11330 W Codec2Client: query -- param skipped: index = 1610614798.
03-02 17:40:20.039 8880 8880 E RecyclerView: Passed over target position while smooth scrolling.
03-02 17:40:20.043 8880 11330 W Codec2Client: query -- param skipped: index = 1342179345.
03-02 17:40:20.043 8880 11330 W Codec2Client: query -- param skipped: index = 2415921170.
03-02 17:40:20.043 8880 11330 W Codec2Client: query -- param skipped: index = 1610614798.
03-02 17:40:20.048 8880 11330 W Codec2Client: query -- param skipped: index = 1342179345.
03-02 17:40:20.048 8880 11330 W Codec2Client: query -- param skipped: index = 2415921170.
03-02 17:40:20.048 8880 11330 W Codec2Client: query -- param skipped: index = 1610614798.
03-02 17:40:20.051 8880 11330 W Codec2Client: query -- param skipped: index = 1342179345.
03-02 17:40:20.051 8880 11330 W Codec2Client: query -- param skipped: index = 2415921170.
03-02 17:40:20.051 8880 11330 W Codec2Client: query -- param skipped: index = 1610614798.
03-02 17:40:20.054 8880 11324 E Surface : freeAllBuffers: 8 buffers were freed while being dequeued!
03-02 17:40:20.066 8880 11324 W MediaCodec: mapFormat: no mediaType information
03-02 17:40:22.949 8880 11339 E ACodec : [OMX.sprd.h264.decoder] setPortMode on output to DynamicANWBuffer failed w/ err -2147483648
03-02 17:40:23.000 8880 11344 W Codec2Client: query -- param skipped: index = 1107298332.
03-02 17:40:23.000 8880 11344 W CCodec : This behavior is subject to change. It is recommended that app developers double check whether the requested max input size is in reasonable range.
03-02 17:40:23.003 8880 11344 W Codec2Client: query -- param skipped: index = 1342179345.
03-02 17:40:23.003 8880 11344 W Codec2Client: query -- param skipped: index = 2415921170.
03-02 17:40:23.003 8880 11344 W Codec2Client: query -- param skipped: index = 1610614798.
03-02 17:40:23.018 8880 11344 W Codec2Client: query -- param skipped: index = 1342179345.
03-02 17:40:23.018 8880 11344 W Codec2Client: query -- param skipped: index = 2415921170.
03-02 17:40:23.018 8880 11344 W Codec2Client: query -- param skipped: index = 1610614798.
03-02 17:40:23.020 8880 11344 W Codec2Client: query -- param skipped: index = 1342179345.
03-02 17:40:23.020 8880 11344 W Codec2Client: query -- param skipped: index = 2415921170.
03-02 17:40:23.020 8880 11344 W Codec2Client: query -- param skipped: index = 1610614798.
03-02 17:40:23.023 8880 11344 W Codec2Client: query -- param skipped: index = 1342179345.
03-02 17:40:23.023 8880 11344 W Codec2Client: query -- param skipped: index = 2415921170.
03-02 17:40:23.023 8880 11344 W Codec2Client: query -- param skipped: index = 1610614798.
03-02 17:40:23.247 8880 11338 E Surface : freeAllBuffers: 8 buffers were freed while being dequeued!
03-02 17:40:23.249 8880 11338 W MediaCodec: mapFormat: no mediaType information
03-02 17:40:32.001 8880 11330 W Codec2Client: query -- param skipped: index = 1342179345.
03-02 17:40:32.001 8880 11330 W Codec2Client: query -- param skipped: index = 2415921170.
03-02 17:40:32.001 8880 11330 W Codec2Client: query -- param skipped: index = 1610614798.
03-02 17:40:36.557 8880 8880 W ViewRootImpl@f7ad2af[MediaComposerActivity]: Dropping event due to root view being removed:
03-02 17:40:36.557 8880 8880 E ViewRootImpl@f7ad2af[MediaComposerActivity]: mStopped=false mHasWindowFocus=true mPausedForTransition=false
03-02 17:40:36.557 8880 8880 W InputEventReceiver: Attempted to finish an input event but the input event receiver has already been disposed.
03-02 17:40:36.633 8880 8880 W IInputConnectionWrapper: requestCursorAnchorInfo on inactive InputConnection
03-02 17:40:37.406 8880 11405 E ACodec : [OMX.sprd.h264.decoder] setPortMode on output to DynamicANWBuffer failed w/ err -2147483648
03-02 17:40:37.433 8880 10884 E Surface : freeAllBuffers: 8 buffers were freed while being dequeued!
03-02 17:40:37.441 8880 10890 W Codec2Client: query -- param skipped: index = 1342179345.
03-02 17:40:37.441 8880 10890 W Codec2Client: query -- param skipped: index = 2415921170.
03-02 17:40:37.441 8880 10890 W Codec2Client: query -- param skipped: index = 1610614798.
03-02 17:40:37.443 8880 10884 E Surface : freeAllBuffers: 8 buffers were freed while being dequeued!
03-02 17:40:37.461 8880 11410 W Codec2Client: query -- param skipped: index = 1107298332.
03-02 17:40:37.461 8880 11410 W CCodec : This behavior is subject to change. It is recommended that app developers double check whether the requested max input size is in reasonable range.
03-02 17:40:37.463 8880 11410 W Codec2Client: query -- param skipped: index = 1342179345.
03-02 17:40:37.463 8880 11410 W Codec2Client: query -- param skipped: index = 2415921170.
03-02 17:40:37.463 8880 11410 W Codec2Client: query -- param skipped: index = 1610614798.
03-02 17:40:37.506 8880 11410 W Codec2Client: query -- param skipped: index = 1342179345.
03-02 17:40:37.506 8880 11410 W Codec2Client: query -- param skipped: index = 2415921170.
03-02 17:40:37.506 8880 11410 W Codec2Client: query -- param skipped: index = 1610614798.
03-02 17:40:37.511 8880 11410 W Codec2Client: query -- param skipped: index = 1342179345.
03-02 17:40:37.511 8880 11410 W Codec2Client: query -- param skipped: index = 2415921170.
03-02 17:40:37.511 8880 11410 W Codec2Client: query -- param skipped: index = 1610614798.
03-02 17:40:37.514 8880 11410 W Codec2Client: query -- param skipped: index = 1342179345.
03-02 17:40:37.514 8880 11410 W Codec2Client: query -- param skipped: index = 2415921170.
03-02 17:40:37.514 8880 11410 W Codec2Client: query -- param skipped: index = 1610614798.
03-02 17:40:37.783 8880 11404 E Surface : freeAllBuffers: 8 buffers were freed while being dequeued!
03-02 17:40:37.784 8880 11404 W MediaCodec: mapFormat: no mediaType information
03-02 17:40:46.695 8880 11344 W Codec2Client: query -- param skipped: index = 1342179345.
03-02 17:40:46.695 8880 11344 W Codec2Client: query -- param skipped: index = 2415921170.
03-02 17:40:46.695 8880 11344 W Codec2Client: query -- param skipped: index = 1610614798.
03-02 17:40:55.978 8880 11344 W Codec2Client: query -- param skipped: index = 1342179345.
03-02 17:40:55.978 8880 11344 W Codec2Client: query -- param skipped: index = 2415921170.
03-02 17:40:55.978 8880 11344 W Codec2Client: query -- param skipped: index = 1610614798.
03-02 17:40:56.037 8880 8880 W ViewRootImpl@3f3c866[MediaComposerActivity]: Dropping event due to root view being removed:
03-02 17:40:56.037 8880 8880 E ViewRootImpl@3f3c866[MediaComposerActivity]: mStopped=false mHasWindowFocus=true mPausedForTransition=false
03-02 17:40:56.037 8880 8880 W InputEventReceiver: Attempted to finish an input event but the input event receiver has already been disposed.
03-02 17:40:56.088 8880 8880 W IInputConnectionWrapper: requestCursorAnchorInfo on inactive InputConnection
03-02 17:40:56.869 8880 11324 E Surface : freeAllBuffers: 8 buffers were freed while being dequeued!
03-02 17:40:56.875 8880 11330 W Codec2Client: query -- param skipped: index = 1342179345.
03-02 17:40:56.875 8880 11330 W Codec2Client: query -- param skipped: index = 2415921170.
03-02 17:40:56.875 8880 11330 W Codec2Client: query -- param skipped: index = 1610614798.
03-02 17:40:56.878 8880 11324 E Surface : freeAllBuffers: 8 buffers were freed while being dequeued!
03-02 17:41:02.141 8880 8880 W IInputConnectionWrapper: requestCursorAnchorInfo on inactive InputConnection
03-02 17:41:04.483 8880 9177 E SQLiteDatabase: Error inserting transferred=0 media_job_uuid=d76c024a-c1d0-4252-a442-ccaa6b62decc transcoded=1 gif_attribution=0 first_scan_length=0 direct_path=null thumbnail_height_width_ratio=1.7777778 is_animated_sticker=0 file_hash=null file_path=/data/user/0/com.whatsapp/files/.Shared/4b48e18d-e4b6-4ad5-b092- fabc2f02481a.mp4 file_size=1030811 partial_media_hash=null face_x=0 face_y=0 height=0 trim_to=7597 media_key_timestamp=0 message_url=null media_caption=null trim_from=0 mime_type=null partial_media_enc_hash=null width=0 original_file_hash=null has_streaming_sidecar=0 autotransfer_retry_enabled=1 media_upload_handle=null message_row_id=307902 multicast_id=null enc_file_hash=null mute_video=0 page_count=0 first_scan_sidecar=null suspicious_content=0 file_length=1030811 media_name=4b48e18d-e4b6-4ad5-b092-fabc2f02481a.mp4 media_duration=7 chat_row_id=87 media_key=null
03-02 17:41:04.483 8880 9177 E SQLiteDatabase: android.database.sqlite.SQLiteConstraintException: UNIQUE constraint failed: message_media.message_row_id (code 1555 SQLITE_CONSTRAINT_PRIMARYKEY[1555])
03-02 17:41:04.483 8880 9177 E SQLiteDatabase: at android.database.sqlite.SQLiteConnection.nativeExecuteForLastInsertedRowId(Native Method)
03-02 17:41:04.483 8880 9177 E SQLiteDatabase: at android.database.sqlite.SQLiteConnection.executeForLastInsertedRowId(SQLiteConnecti on.java:1232)
03-02 17:41:04.483 8880 9177 E SQLiteDatabase: at android.database.sqlite.SQLiteSession.executeForLastInsertedRowId(SQLiteSession.jav a:790)
03-02 17:41:04.483 8880 9177 E SQLiteDatabase: at android.database.sqlite.SQLiteStatement.executeInsert(SQLiteStatement.java:89)
03-02 17:41:04.483 8880 9177 E SQLiteDatabase: at android.database.sqlite.SQLiteDatabase.insertWithOnConflict(SQLiteDatabase.java:224 4)
03-02 17:41:04.483 8880 9177 E SQLiteDatabase: at android.database.sqlite.SQLiteDatabase.insert(SQLiteDatabase.java:2113)
03-02 17:41:04.483 8880 9177 E SQLiteDatabase: at X.2tm.A08(Unknown Source:6)
03-02 17:41:04.483 8880 9177 E SQLiteDatabase: at X.35Y.A07(Unknown Source:212)
03-02 17:41:04.483 8880 9177 E SQLiteDatabase: at X.3QF.A14(Unknown Source:470)
03-02 17:41:04.483 8880 9177 E SQLiteDatabase: at X.3gU.run(Unknown Source:982)
03-02 17:41:04.483 8880 9177 E SQLiteDatabase: at android.os.Handler.handleCallback(Handler.java:938)
03-02 17:41:04.483 8880 9177 E SQLiteDatabase: at android.os.Handler.dispatchMessage(Handler.java:99)
03-02 17:41:04.483 8880 9177 E SQLiteDatabase: at X.0zq.dispatchMessage(Unknown Source:4)
03-02 17:41:04.483 8880 9177 E SQLiteDatabase: at android.os.Looper.loopOnce(Looper.java:226)
03-02 17:41:04.483 8880 9177 E SQLiteDatabase: at android.os.Looper.loop(Looper.java:313)
03-02 17:41:04.483 8880 9177 E SQLiteDatabase: at android.os.HandlerThread.run(HandlerThread.java:67)
03-02 17:41:04.538 8880 9177 E SQLiteDatabase: Error inserting transferred=0 media_job_uuid=8c8e109b-9de5-47ad-8027-150508ab249a transcoded=1 gif_attribution=0 first_scan_length=0 direct_path=null thumbnail_height_width_ratio=1.7777778 is_animated_sticker=0 file_hash=null file_path=/data/user/0/com.whatsapp/files/.Shared/167174d3-2b93-42f5-9281- 3a2cfc9747b8.mp4 file_size=1160229 partial_media_hash=null face_x=0 face_y=0 height=0 trim_to=13459 media_key_timestamp=0 message_url=null media_caption=null trim_from=0 mime_type=null partial_media_enc_hash=null width=0 original_file_hash=null has_streaming_sidecar=0 autotransfer_retry_enabled=1 media_upload_handle=null message_row_id=307901 multicast_id=null enc_file_hash=null mute_video=0 page_count=0 first_scan_sidecar=null suspicious_content=0 file_length=1160229 media_name=167174d3-2b93-42f5-9281-3a2cfc9747b8.mp4 media_duration=13 chat_row_id=87 media_key=null
03-02 17:41:04.538 8880 9177 E SQLiteDatabase: android.database.sqlite.SQLiteConstraintException: UNIQUE constraint failed: message_media.message_row_id (code 1555 SQLITE_CONSTRAINT_PRIMARYKEY[1555])
03-02 17:41:04.538 8880 9177 E SQLiteDatabase: at android.database.sqlite.SQLiteConnection.nativeExecuteForLastInsertedRowId(Native Method)
03-02 17:41:04.538 8880 9177 E SQLiteDatabase: at android.database.sqlite.SQLiteConnection.executeForLastInsertedRowId(SQLiteConnecti on.java:1232)
03-02 17:41:04.538 8880 9177 E SQLiteDatabase: at android.database.sqlite.SQLiteSession.executeForLastInsertedRowId(SQLiteSession.jav a:790)
03-02 17:41:04.538 8880 9177 E SQLiteDatabase: at android.database.sqlite.SQLiteStatement.executeInsert(SQLiteStatement.java:89)
03-02 17:41:04.538 8880 9177 E SQLiteDatabase: at android.database.sqlite.SQLiteDatabase.insertWithOnConflict(SQLiteDatabase.java:224 4)
03-02 17:41:04.538 8880 9177 E SQLiteDatabase: at android.database.sqlite.SQLiteDatabase.insert(SQLiteDatabase.java:2113)
03-02 17:41:04.538 8880 9177 E SQLiteDatabase: at X.2tm.A08(Unknown Source:6)
03-02 17:41:04.538 8880 9177 E SQLiteDatabase: at X.35Y.A07(Unknown Source:212)
03-02 17:41:04.538 8880 9177 E SQLiteDatabase: at X.3QF.A14(Unknown Source:470)
03-02 17:41:04.538 8880 9177 E SQLiteDatabase: at X.3gU.run(Unknown Source:982)
03-02 17:41:04.538 8880 9177 E SQLiteDatabase: at android.os.Handler.handleCallback(Handler.java:938)
03-02 17:41:04.538 8880 9177 E SQLiteDatabase: at android.os.Handler.dispatchMessage(Handler.java:99)
03-02 17:41:04.538 8880 9177 E SQLiteDatabase: at X.0zq.dispatchMessage(Unknown Source:4)
03-02 17:41:04.538 8880 9177 E SQLiteDatabase: at android.os.Looper.loopOnce(Looper.java:226)
03-02 17:41:04.538 8880 9177 E SQLiteDatabase: at android.os.Looper.loop(Looper.java:313)
03-02 17:41:04.538 8880 9177 E SQLiteDatabase: at android.os.HandlerThread.run(HandlerThread.java:67)
03-02 17:41:04.564 8880 11338 E Surface : freeAllBuffers: 8 buffers were freed while being dequeued!
03-02 17:41:04.571 8880 11344 W Codec2Client: query -- param skipped: index = 1342179345.
03-02 17:41:04.571 8880 11344 W Codec2Client: query -- param skipped: index = 2415921170.
03-02 17:41:04.571 8880 11344 W Codec2Client: query -- param skipped: index = 1610614798.
03-02 17:41:04.574 8880 11338 E Surface : freeAllBuffers: 8 buffers were freed while being dequeued!
03-02 17:41:04.581 8880 11404 E Surface : freeAllBuffers: 8 buffers were freed while being dequeued!
03-02 17:41:04.586 8880 11410 W Codec2Client: query -- param skipped: index = 1342179345.
03-02 17:41:04.586 8880 11410 W Codec2Client: query -- param skipped: index = 2415921170.
03-02 17:41:04.586 8880 11410 W Codec2Client: query -- param skipped: index = 1610614798.
03-02 17:41:04.591 8880 11404 E Surface : freeAllBuffers: 8 buffers were freed while being dequeued!
03-02 17:41:05.062 8880 9177 E SQLiteDatabase: Error inserting transferred=0 media_job_uuid=06cadba2-f900-44bf-b45f-1af23da7def1 transcoded=1 gif_attribution=0 first_scan_length=0 direct_path=null thumbnail_height_width_ratio=1.7777778 is_animated_sticker=0 file_hash=null file_path=/data/user/0/com.whatsapp/files/.Shared/af1db5c0-ec6c-4e93-b432- 443ffe60c6fd.mp4 file_size=2094363 partial_media_hash=null face_x=0 face_y=0 height=0 trim_to=0 media_key_timestamp=0 message_url=null media_caption=null trim_from=0 mime_type=null partial_media_enc_hash=null width=0 original_file_hash=null has_streaming_sidecar=0 autotransfer_retry_enabled=1 media_upload_handle=null message_row_id=307903 multicast_id=null enc_file_hash=null mute_video=0 page_count=0 first_scan_sidecar=null suspicious_content=0 file_length=2094363 media_name=af1db5c0-ec6c-4e93-b432-443ffe60c6fd.mp4 media_duration=8 chat_row_id=87 media_key=null
03-02 17:41:05.062 8880 9177 E SQLiteDatabase: android.database.sqlite.SQLiteConstraintException: UNIQUE constraint failed: message_media.message_row_id (code 1555 SQLITE_CONSTRAINT_PRIMARYKEY[1555])
03-02 17:41:05.062 8880 9177 E SQLiteDatabase: at android.database.sqlite.SQLiteConnection.nativeExecuteForLastInsertedRowId(Native Method)
03-02 17:41:05.062 8880 9177 E SQLiteDatabase: at android.database.sqlite.SQLiteConnection.executeForLastInsertedRowId(SQLiteConnecti on.java:1232)
03-02 17:41:05.062 8880 9177 E SQLiteDatabase: at android.database.sqlite.SQLiteSession.executeForLastInsertedRowId(SQLiteSession.jav a:790)
03-02 17:41:05.062 8880 9177 E SQLiteDatabase: at android.database.sqlite.SQLiteStatement.executeInsert(SQLiteStatement.java:89)
03-02 17:41:05.062 8880 9177 E SQLiteDatabase: at android.database.sqlite.SQLiteDatabase.insertWithOnConflict(SQLiteDatabase.java:224 4)
03-02 17:41:05.062 8880 9177 E SQLiteDatabase: at android.database.sqlite.SQLiteDatabase.insert(SQLiteDatabase.java:2113)
03-02 17:41:05.062 8880 9177 E SQLiteDatabase: at X.2tm.A08(Unknown Source:6)
03-02 17:41:05.062 8880 9177 E SQLiteDatabase: at X.35Y.A07(Unknown Source:212)
03-02 17:41:05.062 8880 9177 E SQLiteDatabase: at X.3QF.A14(Unknown Source:470)
03-02 17:41:05.062 8880 9177 E SQLiteDatabase: at X.3gU.run(Unknown Source:982)
03-02 17:41:05.062 8880 9177 E SQLiteDatabase: at android.os.Handler.handleCallback(Handler.java:938)
03-02 17:41:05.062 8880 9177 E SQLiteDatabase: at android.os.Handler.dispatchMessage(Handler.java:99)
03-02 17:41:05.062 8880 9177 E SQLiteDatabase: at X.0zq.dispatchMessage(Unknown Source:4)
03-02 17:41:05.062 8880 9177 E SQLiteDatabase: at android.os.Looper.loopOnce(Looper.java:226)
03-02 17:41:05.062 8880 9177 E SQLiteDatabase: at android.os.Looper.loop(Looper.java:313)
03-02 17:41:05.062 8880 9177 E SQLiteDatabase: at android.os.HandlerThread.run(HandlerThread.java:67)
03-02 17:41:05.519 8880 9177 E SQLiteDatabase: Error inserting transferred=0 media_job_uuid=048b4e41-6ff0-44cc-bcc5-1b5fcaf73e2c transcoded=1 gif_attribution=0 first_scan_length=0 direct_path=null thumbnail_height_width_ratio=1.7777778 is_animated_sticker=0 file_hash=null file_path=/data/user/0/com.whatsapp/files/.Shared/86f01c4c-13d5-40fd-a198- 1891b12ef0f4.mp4 file_size=2292329 partial_media_hash=null face_x=0 face_y=0 height=0 trim_to=0 media_key_timestamp=0 message_url=null media_caption=null trim_from=0 mime_type=null partial_media_enc_hash=null width=0 original_file_hash=null has_streaming_sidecar=0 autotransfer_retry_enabled=1 media_upload_handle=null message_row_id=307904 multicast_id=null enc_file_hash=null mute_video=0 page_count=0 first_scan_sidecar=null suspicious_content=0 file_length=2292329 media_name=86f01c4c-13d5-40fd-a198-1891b12ef0f4.mp4 media_duration=30 chat_row_id=87 media_key=null
03-02 17:41:05.519 8880 9177 E SQLiteDatabase: android.database.sqlite.SQLiteConstraintException: UNIQUE constraint failed: message_media.message_row_id (code 1555 SQLITE_CONSTRAINT_PRIMARYKEY[1555])
03-02 17:41:05.519 8880 9177 E SQLiteDatabase: at android.database.sqlite.SQLiteConnection.nativeExecuteForLastInsertedRowId(Native Method)
03-02 17:41:05.519 8880 9177 E SQLiteDatabase: at android.database.sqlite.SQLiteConnection.executeForLastInsertedRowId(SQLiteConnecti on.java:1232)
03-02 17:41:05.519 8880 9177 E SQLiteDatabase: at android.database.sqlite.SQLiteSession.executeForLastInsertedRowId(SQLiteSession.jav a:790)
03-02 17:41:05.519 8880 9177 E SQLiteDatabase: at android.database.sqlite.SQLiteStatement.executeInsert(SQLiteStatement.java:89)
03-02 17:41:05.519 8880 9177 E SQLiteDatabase: at android.database.sqlite.SQLiteDatabase.insertWithOnConflict(SQLiteDatabase.java:224 4)
03-02 17:41:05.519 8880 9177 E SQLiteDatabase: at android.database.sqlite.SQLiteDatabase.insert(SQLiteDatabase.java:2113)
03-02 17:41:05.519 8880 9177 E SQLiteDatabase: at X.2tm.A08(Unknown Source:6)
03-02 17:41:05.519 8880 9177 E SQLiteDatabase: at X.35Y.A07(Unknown Source:212)
03-02 17:41:05.519 8880 9177 E SQLiteDatabase: at X.3QF.A14(Unknown Source:470)
03-02 17:41:05.519 8880 9177 E SQLiteDatabase: at X.3gU.run(Unknown Source:982)
03-02 17:41:05.519 8880 9177 E SQLiteDatabase: at android.os.Handler.handleCallback(Handler.java:938)
03-02 17:41:05.519 8880 9177 E SQLiteDatabase: at android.os.Handler.dispatchMessage(Handler.java:99)
03-02 17:41:05.519 8880 9177 E SQLiteDatabase: at X.0zq.dispatchMessage(Unknown Source:4)
03-02 17:41:05.519 8880 9177 E SQLiteDatabase: at android.os.Looper.loopOnce(Looper.java:226)
03-02 17:41:05.519 8880 9177 E SQLiteDatabase: at android.os.Looper.loop(Looper.java:313)
03-02 17:41:05.519 8880 9177 E SQLiteDatabase: at android.os.HandlerThread.run(HandlerThread.java:67)
03-02 17:41:06.294 8880 9177 E SQLiteDatabase: Error inserting transferred=1 media_job_uuid=d76c024a-c1d0-4252-a442-ccaa6b62decc transcoded=1 gif_attribution=0 first_scan_length=0 direct_path=/v/t62.7161- 24/35723763_866518521919441_5770952205568327862_n.enc?ccb=11- 4&oh=01_AdQzOdhdupnl9iMRIjAOWCUE-doG178DLbI8ADQuBHDStQ&oe=660B26C1&_nc_sid=5e03e0 thumbnail_height_width_ratio=1.7777778 is_animated_sticker=0 file_hash=kVV5j9HPDZSuNxgmIzuKaC+DT7G2m4dyzF9h+0k2vCI= file_path=Media/WhatsApp Video/Sent/VID-20240302-WA0353.mp4 file_size=1030811 partial_media_hash=null face_x=0 face_y=0 height=1024 trim_to=7597 media_key_timestamp=1709422863895 message_url=https://mmg.whatsapp.net/v/t62.7161- 24/35723763_866518521919441_5770952205568327862_n.enc?ccb=11- 4&oh=01_AdQzOdhdupnl9iMRIjAOWCUE- doG178DLbI8ADQuBHDStQ&oe=660B26C1&_nc_sid=5e03e0&mms3=true media_caption=null trim_from=0 mime_type=video/mp4 partial_media_enc_hash=null width=576 original_file_hash=null has_streaming_sidecar=1 autotransfer_retry_enabled=0 media_upload_handle=null message_row_id=307902 multicast_id=null enc_file_hash=ST1kRj46KrkKBVO/ZWkT65WskhQuYcqj/wed+fq17qA= mute_video=0 page_count=0 first_scan_sidecar=null suspicious_content=0 file_length=1030811 media_name=4b48e18d-e4b6-4ad5-b092-fabc2f02481a.mp4 media_duration=7 chat_row_id=87 media_key=[B@b20609c
03-02 17:41:06.294 8880 9177 E SQLiteDatabase: android.database.sqlite.SQLiteConstraintException: UNIQUE constraint failed: message_media.message_row_id (code 1555 SQLITE_CONSTRAINT_PRIMARYKEY[1555])
03-02 17:41:06.294 8880 9177 E SQLiteDatabase: at android.database.sqlite.SQLiteConnection.nativeExecuteForLastInsertedRowId(Native Method)
03-02 17:41:06.294 8880 9177 E SQLiteDatabase: at android.database.sqlite.SQLiteConnection.executeForLastInsertedRowId(SQLiteConnecti on.java:1232)
03-02 17:41:06.294 8880 9177 E SQLiteDatabase: at android.database.sqlite.SQLiteSession.executeForLastInsertedRowId(SQLiteSession.jav a:790)
03-02 17:41:06.294 8880 9177 E SQLiteDatabase: at android.database.sqlite.SQLiteStatement.executeInsert(SQLiteStatement.java:89)
03-02 17:41:06.294 8880 9177 E SQLiteDatabase: at android.database.sqlite.SQLiteDatabase.insertWithOnConflict(SQLiteDatabase.java:224 4)
03-02 17:41:06.294 8880 9177 E SQLiteDatabase: at android.database.sqlite.SQLiteDatabase.insert(SQLiteDatabase.java:2113)
03-02 17:41:06.294 8880 9177 E SQLiteDatabase: at X.2tm.A08(Unknown Source:6)
03-02 17:41:06.294 8880 9177 E SQLiteDatabase: at X.35Y.A07(Unknown Source:212)
03-02 17:41:06.294 8880 9177 E SQLiteDatabase: at X.3QF.A14(Unknown Source:470)
03-02 17:41:06.294 8880 9177 E SQLiteDatabase: at X.3gU.run(Unknown Source:982)
03-02 17:41:06.294 8880 9177 E SQLiteDatabase: at android.os.Handler.handleCallback(Handler.java:938)
03-02 17:41:06.294 8880 9177 E SQLiteDatabase: at android.os.Handler.dispatchMessage(Handler.java:99)
03-02 17:41:06.294 8880 9177 E SQLiteDatabase: at X.0zq.dispatchMessage(Unknown Source:4)
03-02 17:41:06.294 8880 9177 E SQLiteDatabase: at android.os.Looper.loopOnce(Looper.java:226)
03-02 17:41:06.294 8880 9177 E SQLiteDatabase: at android.os.Looper.loop(Looper.java:313)
03-02 17:41:06.294 8880 9177 E SQLiteDatabase: at android.os.HandlerThread.run(HandlerThread.java:67)
