04-13 17:37:33.905 5871 5985 E SQLiteDatabase: at android.database.sqlite.SQLiteStatement.executeInsert(SQLiteStatement.java:89)
04-13 17:37:33.905 5871 5985 E SQLiteDatabase: at android.database.sqlite.SQLiteDatabase.insertWithOnConflict(SQLiteDatabase.java:170 2)
04-13 17:37:33.905 5871 5985 E SQLiteDatabase: at android.database.sqlite.SQLiteDatabase.insert(SQLiteDatabase.java:1571)
04-13 17:37:33.905 5871 5985 E SQLiteDatabase: at X.2tm.A08(Unknown Source:6)
04-13 17:37:33.905 5871 5985 E SQLiteDatabase: at X.35Y.A07(Unknown Source:212)
04-13 17:37:33.905 5871 5985 E SQLiteDatabase: at X.3QF.A14(Unknown Source:470)
04-13 17:37:33.905 5871 5985 E SQLiteDatabase: at X.3gU.run(Unknown Source:982)
04-13 17:37:33.905 5871 5985 E SQLiteDatabase: at android.os.Handler.handleCallback(Handler.java:938)
04-13 17:37:33.905 5871 5985 E SQLiteDatabase: at android.os.Handler.dispatchMessage(Handler.java:99)
04-13 17:37:33.905 5871 5985 E SQLiteDatabase: at X.0zq.dispatchMessage(Unknown Source:4)
04-13 17:37:33.905 5871 5985 E SQLiteDatabase: at android.os.Looper.loopOnce(Looper.java:201)
04-13 17:37:33.905 5871 5985 E SQLiteDatabase: at android.os.Looper.loop(Looper.java:288)
04-13 17:37:33.905 5871 5985 E SQLiteDatabase: at android.os.HandlerThread.run(HandlerThread.java:67)
04-13 17:37:33.915 5871 5871 E ArmVmp : Match on catch block at 0xc3 in for 0x759c948025
04-13 17:37:33.918 5871 5871 E ArmVmp : Match on catch block at 0xc3 in for 0x759c948025
04-13 17:37:33.928 5871 5871 E ArmVmp : Match on catch block at 0xc3 in for 0x759c948025
04-13 17:37:33.931 5871 5871 E ArmVmp : Match on catch block at 0xc3 in for 0x759c948025
04-13 17:37:33.941 5871 5871 E ArmVmp : Match on catch block at 0xc3 in for 0x759c948025
04-13 17:37:33.944 5871 5871 E ArmVmp : Match on catch block at 0xc3 in for 0x759c948025
04-13 17:37:33.960 5871 5871 E ArmVmp : Match on catch block at 0xc3 in for 0x759c948025
04-13 17:37:33.963 5871 5871 E ArmVmp : Match on catch block at 0xc3 in for 0x759c948025
04-13 17:37:33.974 5871 5871 E ArmVmp : Match on catch block at 0xc3 in for 0x759c948025
04-13 17:37:33.977 5871 5871 E ArmVmp : Match on catch block at 0xc3 in for 0x759c948025
04-13 17:37:33.991 5871 5871 E ArmVmp : Match on catch block at 0xc3 in for 0x759c948025
04-13 17:37:33.994 5871 5871 E ArmVmp : Match on catch block at 0xc3 in for 0x759c948025
04-13 17:37:34.007 5871 5871 E ArmVmp : Match on catch block at 0xc3 in for 0x759c948025
04-13 17:37:34.011 5871 5871 E ArmVmp : Match on catch block at 0xc3 in for 0x759c948025
04-13 17:37:34.024 5871 5871 E ArmVmp : Match on catch block at 0xc3 in for 0x759c948025
04-13 17:37:34.027 5871 5871 E ArmVmp : Match on catch block at 0xc3 in for 0x759c948025
04-13 17:37:34.041 5871 5871 E ArmVmp : Match on catch block at 0xc3 in for 0x759c948025
04-13 17:37:34.045 5871 5871 E ArmVmp : Match on catch block at 0xc3 in for 0x759c948025
04-13 17:37:34.061 5871 5871 E ArmVmp : Match on catch block at 0xc3 in for 0x759c948025
04-13 17:37:34.064 5871 5871 E ArmVmp : Match on catch block at 0xc3 in for 0x759c948025
04-13 17:37:34.075 5871 5871 E ArmVmp : Match on catch block at 0xc3 in for 0x759c948025
04-13 17:37:34.079 5871 5871 E ArmVmp : Match on catch block at 0xc3 in for 0x759c948025
04-13 17:37:34.092 5871 5871 E ArmVmp : Match on catch block at 0xc3 in for 0x759c948025
04-13 17:37:34.095 5871 5871 E ArmVmp : Match on catch block at 0xc3 in for 0x759c948025
04-13 17:37:34.108 5871 5871 E ArmVmp : Match on catch block at 0xc3 in for 0x759c948025
04-13 17:37:34.111 5871 5871 E ArmVmp : Match on catch block at 0xc3 in for 0x759c948025
04-13 17:37:34.125 5871 5871 E ArmVmp : Match on catch block at 0xc3 in for 0x759c948025
04-13 17:37:34.128 5871 5871 E ArmVmp : Match on catch block at 0xc3 in for 0x759c948025
04-13 17:37:34.142 5871 5871 E ArmVmp : Match on catch block at 0xc3 in for 0x759c948025
04-13 17:37:34.148 5871 5871 E ArmVmp : Match on catch block at 0xc3 in for 0x759c948025
04-13 17:37:34.160 5871 5871 E ArmVmp : Match on catch block at 0xc3 in for 0x759c948025
04-13 17:37:34.164 5871 5871 E ArmVmp : Match on catch block at 0xc3 in for 0x759c948025
04-13 17:37:34.175 5871 5871 E ArmVmp : Match on catch block at 0xc3 in for 0x759c948025
04-13 17:37:34.179 5871 5871 E ArmVmp : Match on catch block at 0xc3 in for 0x759c948025
04-13 17:37:34.191 5871 5871 E ArmVmp : Match on catch block at 0xc3 in for 0x759c948025
04-13 17:37:34.194 5871 5871 E ArmVmp : Match on catch block at 0xc3 in for 0x759c948025
04-13 17:37:34.209 5871 5871 E ArmVmp : Match on catch block at 0xc3 in for 0x759c948025
04-13 17:37:34.212 5871 5871 E ArmVmp : Match on catch block at 0xc3 in for 0x759c948025
04-13 17:37:34.225 5871 5871 E ArmVmp : Match on catch block at 0xc3 in for 0x759c948025
04-13 17:37:34.229 5871 5871 E ArmVmp : Match on catch block at 0xc3 in for 0x759c948025
04-13 17:37:34.242 5871 5871 E ArmVmp : Match on catch block at 0xc3 in for 0x759c948025
04-13 17:37:34.245 5871 5871 E ArmVmp : Match on catch block at 0xc3 in for 0x759c948025
04-13 17:37:34.260 5871 5871 E ArmVmp : Match on catch block at 0xc3 in for 0x759c948025
04-13 17:37:34.263 5871 5871 E ArmVmp : Match on catch block at 0xc3 in for 0x759c948025
04-13 17:37:34.274 5871 5871 E ArmVmp : Match on catch block at 0xc3 in for 0x759c948025
04-13 17:37:34.278 5871 5871 E ArmVmp : Match on catch block at 0xc3 in for 0x759c948025
04-13 17:37:34.292 5871 5871 E ArmVmp : Match on catch block at 0xc3 in for 0x759c948025
04-13 17:37:34.295 5871 5871 E ArmVmp : Match on catch block at 0xc3 in for 0x759c948025
04-13 17:37:34.307 5871 5871 E ArmVmp : Match on catch block at 0xc3 in for 0x759c948025
04-13 17:37:34.310 5871 5871 E ArmVmp : Match on catch block at 0xc3 in for 0x759c948025
04-13 17:37:34.342 5871 5871 E ArmVmp : Match on catch block at 0xc3 in for 0x759c948025
04-13 17:37:34.345 5871 5871 E ArmVmp : Match on catch block at 0xc3 in for 0x759c948025
04-13 17:37:34.358 5871 5871 E ArmVmp : Match on catch block at 0xc3 in for 0x759c948025
04-13 17:37:34.360 5871 5871 E ArmVmp : Match on catch block at 0xc3 in for 0x759c948025
04-13 17:37:34.374 5871 5871 E ArmVmp : Match on catch block at 0xc3 in for 0x759c948025
04-13 17:37:34.378 5871 5871 E ArmVmp : Match on catch block at 0xc3 in for 0x759c948025
04-13 17:37:34.391 5871 5871 E ArmVmp : Match on catch block at 0xc3 in for 0x759c948025
04-13 17:37:34.395 5871 5871 E ArmVmp : Match on catch block at 0xc3 in for 0x759c948025
04-13 17:37:34.407 5871 5871 E ArmVmp : Match on catch block at 0xc3 in for 0x759c948025
04-13 17:37:34.410 5871 5871 E ArmVmp : Match on catch block at 0xc3 in for 0x759c948025
04-13 17:37:34.424 5871 5871 E ArmVmp : Match on catch block at 0xc3 in for 0x759c948025
04-13 17:37:34.428 5871 5871 E ArmVmp : Match on catch block at 0xc3 in for 0x759c948025
04-13 17:37:34.441 5871 5871 E ArmVmp : Match on catch block at 0xc3 in for 0x759c948025
04-13 17:37:34.445 5871 5871 E ArmVmp : Match on catch block at 0xc3 in for 0x759c948025
04-13 17:37:34.458 5871 5871 E ArmVmp : Match on catch block at 0xc3 in for 0x759c948025
04-13 17:37:34.463 5871 5871 E ArmVmp : Match on catch block at 0xc3 in for 0x759c948025
04-13 17:37:34.474 5871 5871 E ArmVmp : Match on catch block at 0xc3 in for 0x759c948025
04-13 17:37:34.478 5871 5871 E ArmVmp : Match on catch block at 0xc3 in for 0x759c948025
04-13 17:37:34.490 5871 5871 E ArmVmp : Match on catch block at 0xc3 in for 0x759c948025
04-13 17:37:34.494 5871 5871 E ArmVmp : Match on catch block at 0xc3 in for 0x759c948025
04-13 17:37:34.511 5871 5871 E ArmVmp : Match on catch block at 0xc3 in for 0x759c948025
04-13 17:37:34.514 5871 5871 E ArmVmp : Match on catch block at 0xc3 in for 0x759c948025
04-13 17:37:34.525 5871 5871 E ArmVmp : Match on catch block at 0xc3 in for 0x759c948025
04-13 17:37:34.528 5871 5871 E ArmVmp : Match on catch block at 0xc3 in for 0x759c948025
04-13 17:37:34.541 5871 5871 E ArmVmp : Match on catch block at 0xc3 in for 0x759c948025
04-13 17:37:34.545 5871 5871 E ArmVmp : Match on catch block at 0xc3 in for 0x759c948025
04-13 17:37:34.558 5871 5871 E ArmVmp : Match on catch block at 0xc3 in for 0x759c948025
04-13 17:37:34.561 5871 5871 E ArmVmp : Match on catch block at 0xc3 in for 0x759c948025
04-13 17:37:34.575 5871 5871 E ArmVmp : Match on catch block at 0xc3 in for 0x759c948025
04-13 17:37:34.578 5871 5871 E ArmVmp : Match on catch block at 0xc3 in for 0x759c948025
04-13 17:37:34.591 5871 5871 E ArmVmp : Match on catch block at 0xc3 in for 0x759c948025
04-13 17:37:34.595 5871 5871 E ArmVmp : Match on catch block at 0xc3 in for 0x759c948025
04-13 17:37:34.608 5871 5871 E ArmVmp : Match on catch block at 0xc3 in for 0x759c948025
04-13 17:37:34.611 5871 5871 E ArmVmp : Match on catch block at 0xc3 in for 0x759c948025
04-13 17:37:34.625 5871 5871 E ArmVmp : Match on catch block at 0xc3 in for 0x759c948025
04-13 17:37:34.628 5871 5871 E ArmVmp : Match on catch block at 0xc3 in for 0x759c948025
04-13 17:37:34.641 5871 5871 E ArmVmp : Match on catch block at 0xc3 in for 0x759c948025
04-13 17:37:34.645 5871 5871 E ArmVmp : Match on catch block at 0xc3 in for 0x759c948025
04-13 17:37:34.658 5871 5871 E ArmVmp : Match on catch block at 0xc3 in for 0x759c948025
04-13 17:37:34.663 5871 5871 E ArmVmp : Match on catch block at 0xc3 in for 0x759c948025
04-13 17:37:34.678 5871 5871 E ArmVmp : Match on catch block at 0xc3 in for 0x759c948025
04-13 17:37:34.681 5871 5871 E ArmVmp : Match on catch block at 0xc3 in for 0x759c948025
04-13 17:37:34.691 5871 5871 E ArmVmp : Match on catch block at 0xc3 in for 0x759c948025
04-13 17:37:34.698 5871 5871 E ArmVmp : Match on catch block at 0xc3 in for 0x759c948025
04-13 17:37:34.708 5871 5871 E ArmVmp : Match on catch block at 0xc3 in for 0x759c948025
04-13 17:37:34.713 5871 5871 E ArmVmp : Match on catch block at 0xc3 in for 0x759c948025
04-13 17:37:34.724 5871 5871 E ArmVmp : Match on catch block at 0xc3 in for 0x759c948025
04-13 17:37:34.729 5871 5871 E ArmVmp : Match on catch block at 0xc3 in for 0x759c948025
04-13 17:37:34.741 5871 5871 E ArmVmp : Match on catch block at 0xc3 in for 0x759c948025
04-13 17:37:34.746 5871 5871 E ArmVmp : Match on catch block at 0xc3 in for 0x759c948025
04-13 17:37:34.757 5871 5871 E ArmVmp : Match on catch block at 0xc3 in for 0x759c948025
04-13 17:37:34.761 5871 5871 E ArmVmp : Match on catch block at 0xc3 in for 0x759c948025
04-13 17:37:34.773 5871 5871 E ArmVmp : Match on catch block at 0xc3 in for 0x759c948025
04-13 17:37:34.783 5871 5871 E ArmVmp : Match on catch block at 0xc3 in for 0x759c948025
04-13 17:37:34.790 5871 5871 E ArmVmp : Match on catch block at 0xc3 in for 0x759c948025
04-13 17:37:34.794 5871 5871 E ArmVmp : Match on catch block at 0xc3 in for 0x759c948025
04-13 17:37:34.815 5871 5871 E ArmVmp : Match on catch block at 0xc3 in for 0x759c948025
04-13 17:37:34.819 5871 5871 E ArmVmp : Match on catch block at 0xc3 in for 0x759c948025
04-13 17:37:34.827 5871 5985 E SQLiteDatabase: Error inserting transferred=1 media_job_uuid=8febe95f-cc51-4dd2-ab23-5f09adc71d01 transcoded=0 gif_attribution=0 first_scan_length=7549 direct_path=/o1/v/t62.7118-24/f1/m269/up-oil-image-91f8d142- 540c-426b-bbe8-70d2e1e1a806?ccb=9- 4&oh=01_ASDgEsQcCdAhHKK0aVTyF7FXoUl5vbWRxbqVWcbj4Dh8jg&oe=6641B17E&_nc_sid=000000 thumbnail_height_width_ratio=1.3555555 is_animated_sticker=0 file_hash=/yEGmMFosg22Qv6p7A5aWLQ2t7EfxExiXBsgQBnG/NE= file_path=/mnt/expand/5d6fb8e1-ca02-4070-8bf2-c0f3d1386f74/user/0/com.mbwhatsapp/ files/ViewOnce/IMG-luxyqqtv.jpg file_size=77034 partial_media_hash=RIbdUvbARnSrNpZhlv/dF5fbdmAVNkOh+u+BsfcOydc= face_x=0 face_y=0 height=981 trim_to=0 media_key_timestamp=1712997220000 message_url=https://mmg.whatsapp.net/o1/v/t62.7118-24/f1/m269/up-oil-image- 91f8d142-540c-426b-bbe8-70d2e1e1a806?ccb=9- 4&oh=01_ASDgEsQcCdAhHKK0aVTyF7FXoUl5vbWRxbqVWcbj4Dh8jg&oe=6641B17E&_nc_sid=000000&m ms3=true media_caption=null trim_from=0 mime_type=image/jpeg partial_media_enc_hash=null width=720 original_file_hash=null has_streaming_sidecar=1 autotransfer_retry_enabled=1 media_upload_handle=null message_row_id=55781 multicast_id=null enc_file_hash=C6cI9eIS/mVet1Wd4I2v2Y+qhu5StGE1J5UBXpzsBJQ= mute_video=0 page_count=0 first_scan_sidecar=[B@1f8df81 suspicious_content=0 file_length=77034 media_name=null media_duration=0 chat_row_id=37 media_key=[B@9d6a826
04-13 17:37:34.827 5871 5985 E SQLiteDatabase: android.database.sqlite.SQLiteConstraintException: UNIQUE constraint failed: message_media.message_row_id (code 1555 SQLITE_CONSTRAINT_PRIMARYKEY)
04-13 17:37:34.827 5871 5985 E SQLiteDatabase: at android.database.sqlite.SQLiteConnection.nativeExecuteForLastInsertedRowId(Native Method)
04-13 17:37:34.827 5871 5985 E SQLiteDatabase: at android.database.sqlite.SQLiteConnection.executeForLastInsertedRowId(SQLiteConnecti on.java:940)
04-13 17:37:34.827 5871 5985 E SQLiteDatabase: at android.database.sqlite.SQLiteSession.executeForLastInsertedRowId(SQLiteSession.jav a:790)
04-13 17:37:34.827 5871 5985 E SQLiteDatabase: at android.database.sqlite.SQLiteStatement.executeInsert(SQLiteStatement.java:89)
04-13 17:37:34.827 5871 5985 E SQLiteDatabase: at android.database.sqlite.SQLiteDatabase.insertWithOnConflict(SQLiteDatabase.java:170 2)
04-13 17:37:34.827 5871 5985 E SQLiteDatabase: at android.database.sqlite.SQLiteDatabase.insert(SQLiteDatabase.java:1571)
04-13 17:37:34.827 5871 5985 E SQLiteDatabase: at X.2tm.A08(Unknown Source:6)
04-13 17:37:34.827 5871 5985 E SQLiteDatabase: at X.35Y.A07(Unknown Source:212)
04-13 17:37:34.827 5871 5985 E SQLiteDatabase: at X.3QF.A14(Unknown Source:470)
04-13 17:37:34.827 5871 5985 E SQLiteDatabase: at X.3gU.run(Unknown Source:982)
04-13 17:37:34.827 5871 5985 E SQLiteDatabase: at android.os.Handler.handleCallback(Handler.java:938)
04-13 17:37:34.827 5871 5985 E SQLiteDatabase: at android.os.Handler.dispatchMessage(Handler.java:99)
04-13 17:37:34.827 5871 5985 E SQLiteDatabase: at X.0zq.dispatchMessage(Unknown Source:4)
04-13 17:37:34.827 5871 5985 E SQLiteDatabase: at android.os.Looper.loopOnce(Looper.java:201)
04-13 17:37:34.827 5871 5985 E SQLiteDatabase: at android.os.Looper.loop(Looper.java:288)
04-13 17:37:34.827 5871 5985 E SQLiteDatabase: at android.os.HandlerThread.run(HandlerThread.java:67)
04-13 17:37:34.831 5871 5871 E ArmVmp : Match on catch block at 0xc3 in for 0x759c948025
04-13 17:37:34.836 5871 5871 E ArmVmp : Match on catch block at 0xc3 in for 0x759c948025
04-13 17:37:34.847 5871 5871 E ArmVmp : Match on catch block at 0xc3 in for 0x759c948025
04-13 17:37:34.852 5871 5871 E ArmVmp : Match on catch block at 0xc3 in for 0x759c948025
04-13 17:37:34.868 5871 5871 E ArmVmp : Match on catch block at 0xc3 in for 0x759c948025
04-13 17:37:34.872 5871 5871 E ArmVmp : Match on catch block at 0xc3 in for 0x759c948025
04-13 17:37:34.892 5871 5871 E ArmVmp : Match on catch block at 0xc3 in for 0x759c948025
04-13 17:37:34.895 5871 5871 E ArmVmp : Match on catch block at 0xc3 in for 0x759c948025
04-13 17:37:34.908 5871 5871 E ArmVmp : Match on catch block at 0xc3 in for 0x759c948025
04-13 17:37:34.911 5871 5871 E ArmVmp : Match on catch block at 0xc3 in for 0x759c948025
04-13 17:37:34.926 5871 5871 E ArmVmp : Match on catch block at 0xc3 in for 0x759c948025
04-13 17:37:34.928 5871 5871 E ArmVmp : Match on catch block at 0xc3 in for 0x759c948025
04-13 17:37:34.941 5871 5871 E ArmVmp : Match on catch block at 0xc3 in for 0x759c948025
04-13 17:37:34.947 5871 5871 E ArmVmp : Match on catch block at 0xc3 in for 0x759c948025
04-13 17:37:34.958 5871 5871 E ArmVmp : Match on catch block at 0xc3 in for 0x759c948025
04-13 17:37:34.961 5871 5871 E ArmVmp : Match on catch block at 0xc3 in for 0x759c948025
04-13 17:37:34.974 5871 5871 E ArmVmp : Match on catch block at 0xc3 in for 0x759c948025
04-13 17:37:34.978 5871 5871 E ArmVmp : Match on catch block at 0xc3 in for 0x759c948025
04-13 17:37:34.992 5871 5871 E ArmVmp : Match on catch block at 0xc3 in for 0x759c948025
04-13 17:37:34.995 5871 5871 E ArmVmp : Match on catch block at 0xc3 in for 0x759c948025
04-13 17:37:35.007 5871 5871 E ArmVmp : Match on catch block at 0xc3 in for 0x759c948025
04-13 17:37:35.012 5871 5871 E ArmVmp : Match on catch block at 0xc3 in for 0x759c948025
04-13 17:37:35.029 5871 5871 E ArmVmp : Match on catch block at 0xc3 in for 0x759c948025
04-13 17:37:35.034 5871 5871 E ArmVmp : Match on catch block at 0xc3 in for 0x759c948025
04-13 17:37:35.042 5871 5871 E ArmVmp : Match on catch block at 0xc3 in for 0x759c948025
04-13 17:37:35.045 5871 5871 E ArmVmp : Match on catch block at 0xc3 in for 0x759c948025
04-13 17:37:35.092 5871 5871 E ArmVmp : Match on catch block at 0xc3 in for 0x759c948025
04-13 17:37:35.095 5871 5871 E ArmVmp : Match on catch block at 0xc3 in for 0x759c948025
04-13 17:37:35.132 5871 5871 E ArmVmp : Match on catch block at 0xc3 in for 0x759c948025
04-13 17:37:35.134 5871 5871 E ArmVmp : Match on catch block at 0xc3 in for 0x759c948025
04-13 17:37:35.156 5871 5871 E ArmVmp : Match on catch block at 0xc3 in for 0x759c948025
04-13 17:37:35.159 5871 5871 E ArmVmp : Match on catch block at 0xc3 in for 0x759c948025
04-13 17:37:35.166 5871 5871 E ArmVmp : Match on catch block at 0xc3 in for 0x759c948025
04-13 17:37:35.169 5871 5871 E ArmVmp : Match on catch block at 0xc3 in for 0x759c948025
04-13 17:37:35.184 5871 5871 E ArmVmp : Match on catch block at 0xc3 in for 0x759c948025
04-13 17:37:35.187 5871 5871 E ArmVmp : Match on catch block at 0xc3 in for 0x759c948025
04-13 17:37:35.194 5871 5871 E ArmVmp : Match on catch block at 0xc3 in for 0x759c948025
04-13 17:37:35.197 5871 5871 E ArmVmp : Match on catch block at 0xc3 in for 0x759c948025
04-13 17:37:35.209 5871 5871 E ArmVmp : Match on catch block at 0xc3 in for 0x759c948025
04-13 17:37:35.213 5871 5871 E ArmVmp : Match on catch block at 0xc3 in for 0x759c948025
04-13 17:37:35.224 5871 5871 E ArmVmp : Match on catch block at 0xc3 in for 0x759c948025
04-13 17:37:35.228 5871 5871 E ArmVmp : Match on catch block at 0xc3 in for 0x759c948025
04-13 17:37:35.241 5871 5871 E ArmVmp : Match on catch block at 0xc3 in for 0x759c948025
04-13 17:37:35.244 5871 5871 E ArmVmp : Match on catch block at 0xc3 in for 0x759c948025
04-13 17:37:35.257 5871 5871 E ArmVmp : Match on catch block at 0xc3 in for 0x759c948025
04-13 17:37:35.260 5871 5871 E ArmVmp : Match on catch block at 0xc3 in for 0x759c948025
04-13 17:37:35.274 5871 5871 E ArmVmp : Match on catch block at 0xc3 in for 0x759c948025
04-13 17:37:35.277 5871 5871 E ArmVmp : Match on catch block at 0xc3 in for 0x759c948025
04-13 17:37:35.291 5871 5871 E ArmVmp : Match on catch block at 0xc3 in for 0x759c948025
04-13 17:37:35.298 5871 5871 E ArmVmp : Match on catch block at 0xc3 in for 0x759c948025
04-13 17:37:35.343 5871 5871 E ArmVmp : Match on catch block at 0xc3 in for 0x759c948025
04-13 17:37:35.345 5871 5871 E ArmVmp : Match on catch block at 0xc3 in for 0x759c948025
04-13 17:37:35.350 5871 5871 E ArmVmp : Match on catch block at 0xc3 in for 0x759c948025
04-13 17:37:35.353 5871 5871 E ArmVmp : Match on catch block at 0xc3 in for 0x759c948025
04-13 17:37:35.362 5871 5985 E SQLiteDatabase: Error inserting transferred=1 media_job_uuid=1aa9955d-eab6-4be9-8c1f-1d1ebf2a04dc transcoded=0 gif_attribution=0 first_scan_length=8272 direct_path=/v/t62.15575- 24/23768070_442745101592305_5399676001146665926_n.enc?ccb=11- 4&oh=01_ASCPGHQPD6eD_b3lc7YSeYTsPtoJnLL5osMijJrVxwBK4w&oe=6641B494&_nc_sid=5e03e0 thumbnail_height_width_ratio=1.0 is_animated_sticker=1 file_hash=anInemSRjvFE0Kz3yp7b2nstugyEBXc4YeOtmgZ2ysc= file_path=Media/MBWhatsApp Stickers/STK-20240413-WA0106.webp file_size=245684 partial_media_hash=null face_x=0 face_y=0 height=64 trim_to=0 media_key_timestamp=1712862952000 message_url=https://mmg.whatsapp.net/v/t62.15575- 24/23768070_442745101592305_5399676001146665926_n.enc?ccb=11- 4&oh=01_ASCPGHQPD6eD_b3lc7YSeYTsPtoJnLL5osMijJrVxwBK4w&oe=6641B494&_nc_sid=5e03e0&m ms3=true media_caption=null trim_from=0 mime_type=image/webp partial_media_enc_hash=null width=64 original_file_hash=null has_streaming_sidecar=0 autotransfer_retry_enabled=1 media_upload_handle=null message_row_id=55789 multicast_id=null enc_file_hash=aOdNxKLSDccun6BGcMlq+/f4RUa/nd7ArjTkFUFjFWI= mute_video=0 page_count=0 first_scan_sidecar=[B@8a4cdda suspicious_content=0 file_length=245684 media_name=null media_duration=0 chat_row_id=37 media_key=[B@580420b
04-13 17:37:35.362 5871 5985 E SQLiteDatabase: android.database.sqlite.SQLiteConstraintException: UNIQUE constraint failed: message_media.message_row_id (code 1555 SQLITE_CONSTRAINT_PRIMARYKEY)
04-13 17:37:35.362 5871 5985 E SQLiteDatabase: at android.database.sqlite.SQLiteConnection.nativeExecuteForLastInsertedRowId(Native Method)
04-13 17:37:35.362 5871 5985 E SQLiteDatabase: at android.database.sqlite.SQLiteConnection.executeForLastInsertedRowId(SQLiteConnecti on.java:940)
04-13 17:37:35.362 5871 5985 E SQLiteDatabase: at android.database.sqlite.SQLiteSession.executeForLastInsertedRowId(SQLiteSession.jav a:790)
04-13 17:37:35.362 5871 5985 E SQLiteDatabase: at android.database.sqlite.SQLiteStatement.executeInsert(SQLiteStatement.java:89)
04-13 17:37:35.362 5871 5985 E SQLiteDatabase: at android.database.sqlite.SQLiteDatabase.insertWithOnConflict(SQLiteDatabase.java:170 2)
04-13 17:37:35.362 5871 5985 E SQLiteDatabase: at android.database.sqlite.SQLiteDatabase.insert(SQLiteDatabase.java:1571)
04-13 17:37:35.362 5871 5985 E SQLiteDatabase: at X.2tm.A08(Unknown Source:6)
04-13 17:37:35.362 5871 5985 E SQLiteDatabase: at X.35Y.A07(Unknown Source:212)
04-13 17:37:35.362 5871 5985 E SQLiteDatabase: at X.3QF.A14(Unknown Source:470)
04-13 17:37:35.362 5871 5985 E SQLiteDatabase: at X.3gU.run(Unknown Source:982)
04-13 17:37:35.362 5871 5985 E SQLiteDatabase: at android.os.Handler.handleCallback(Handler.java:938)
04-13 17:37:35.362 5871 5985 E SQLiteDatabase: at android.os.Handler.dispatchMessage(Handler.java:99)
04-13 17:37:35.362 5871 5985 E SQLiteDatabase: at X.0zq.dispatchMessage(Unknown Source:4)
04-13 17:37:35.362 5871 5985 E SQLiteDatabase: at android.os.Looper.loopOnce(Looper.java:201)
04-13 17:37:35.362 5871 5985 E SQLiteDatabase: at android.os.Looper.loop(Looper.java:288)
04-13 17:37:35.362 5871 5985 E SQLiteDatabase: at android.os.HandlerThread.run(HandlerThread.java:67)
04-13 17:37:35.364 5871 5871 E ArmVmp : Match on catch block at 0xc3 in for 0x759c948025
04-13 17:37:35.367 5871 5871 E ArmVmp : Match on catch block at 0xc3 in for 0x759c948025
04-13 17:37:35.376 5871 5871 E ArmVmp : Match on catch block at 0xc3 in for 0x759c948025
04-13 17:37:35.379 5871 5871 E ArmVmp : Match on catch block at 0xc3 in for 0x759c948025
04-13 17:37:35.391 5871 5871 E ArmVmp : Match on catch block at 0xc3 in for 0x759c948025
04-13 17:37:35.395 5871 5871 E ArmVmp : Match on catch block at 0xc3 in for 0x759c948025
04-13 17:37:35.407 5871 5871 E ArmVmp : Match on catch block at 0xc3 in for 0x759c948025
04-13 17:37:35.410 5871 5871 E ArmVmp : Match on catch block at 0xc3 in for 0x759c948025
04-13 17:37:35.425 5871 5871 E ArmVmp : Match on catch block at 0xc3 in for 0x759c948025
04-13 17:37:35.429 5871 5871 E ArmVmp : Match on catch block at 0xc3 in for 0x759c948025
04-13 17:37:35.451 5871 5871 E ArmVmp : Match on catch block at 0xc3 in for 0x759c948025
04-13 17:37:35.453 5871 5871 E ArmVmp : Match on catch block at 0xc3 in for 0x759c948025
04-13 17:37:35.459 5871 5871 E ArmVmp : Match on catch block at 0xc3 in for 0x759c948025
04-13 17:37:35.465 5871 5871 E ArmVmp : Match on catch block at 0xc3 in for 0x759c948025
04-13 17:37:35.474 5871 5871 E ArmVmp : Match on catch block at 0xc3 in for 0x759c948025
04-13 17:37:35.478 5871 5871 E ArmVmp : Match on catch block at 0xc3 in for 0x759c948025
04-13 17:37:35.490 5871 5871 E ArmVmp : Match on catch block at 0xc3 in for 0x759c948025
04-13 17:37:35.492 5871 5871 E ArmVmp : Match on catch block at 0xc3 in for 0x759c948025
04-13 17:37:35.507 5871 5871 E ArmVmp : Match on catch block at 0xc3 in for 0x759c948025
04-13 17:37:35.509 5871 5871 E ArmVmp : Match on catch block at 0xc3 in for 0x759c948025
04-13 17:37:35.524 5871 5871 E ArmVmp : Match on catch block at 0xc3 in for 0x759c948025
04-13 17:37:35.527 5871 5871 E ArmVmp : Match on catch block at 0xc3 in for 0x759c948025
04-13 17:37:35.540 5871 5871 E ArmVmp : Match on catch block at 0xc3 in for 0x759c948025
04-13 17:37:35.544 5871 5871 E ArmVmp : Match on catch block at 0xc3 in for 0x759c948025
04-13 17:37:35.557 5871 5871 E ArmVmp : Match on catch block at 0xc3 in for 0x759c948025
04-13 17:37:35.560 5871 5871 E ArmVmp : Match on catch block at 0xc3 in for 0x759c948025
04-13 17:37:35.574 5871 5871 E ArmVmp : Match on catch block at 0xc3 in for 0x759c948025
04-13 17:37:35.578 5871 5871 E ArmVmp : Match on catch block at 0xc3 in for 0x759c948025
04-13 17:37:35.590 5871 5871 E ArmVmp : Match on catch block at 0xc3 in for 0x759c948025
04-13 17:37:35.594 5871 5871 E ArmVmp : Match on catch block at 0xc3 in for 0x759c948025
04-13 17:37:35.619 5871 5871 E ArmVmp : Match on catch block at 0xc3 in for 0x759c948025
04-13 17:37:35.624 5871 5871 E ArmVmp : Match on catch block at 0xc3 in for 0x759c948025
04-13 17:37:35.633 5871 5871 E ArmVmp : Match on catch block at 0xc3 in for 0x759c948025
04-13 17:37:35.640 5871 5871 E ArmVmp : Match on catch block at 0xc3 in for 0x759c948025
04-13 17:37:35.659 5871 5871 E ArmVmp : Match on catch block at 0xc3 in for 0x759c948025
04-13 17:37:35.663 5871 5871 E ArmVmp : Match on catch block at 0xc3 in for 0x759c948025
04-13 17:37:35.674 5871 5871 E ArmVmp : Match on catch block at 0xc3 in for 0x759c948025
04-13 17:37:35.677 5871 5871 E ArmVmp : Match on catch block at 0xc3 in for 0x759c948025
04-13 17:37:35.700 5871 5871 E ArmVmp : Match on catch block at 0xc3 in for 0x759c948025
04-13 17:37:35.704 5871 5871 E ArmVmp : Match on catch block at 0xc3 in for 0x759c948025
04-13 17:37:35.711 5871 5871 E ArmVmp : Match on catch block at 0xc3 in for 0x759c948025
04-13 17:37:35.714 5871 5871 E ArmVmp : Match on catch block at 0xc3 in for 0x759c948025
04-13 17:37:35.724 5871 5871 E ArmVmp : Match on catch block at 0xc3 in for 0x759c948025
04-13 17:37:35.728 5871 5871 E ArmVmp : Match on catch block at 0xc3 in for 0x759c948025
04-13 17:37:35.740 5871 5871 E ArmVmp : Match on catch block at 0xc3 in for 0x759c948025
04-13 17:37:35.745 5871 5871 E ArmVmp : Match on catch block at 0xc3 in for 0x759c948025
04-13 17:37:35.757 5871 5871 E ArmVmp : Match on catch block at 0xc3 in for 0x759c948025
04-13 17:37:35.764 5871 5871 E ArmVmp : Match on catch block at 0xc3 in for 0x759c948025
04-13 17:37:35.774 5871 5871 E ArmVmp : Match on catch block at 0xc3 in for 0x759c948025
04-13 17:37:35.778 5871 5871 E ArmVmp : Match on catch block at 0xc3 in for 0x759c948025
04-13 17:37:35.791 5871 5871 E ArmVmp : Match on catch block at 0xc3 in for 0x759c948025
04-13 17:37:35.795 5871 5871 E ArmVmp : Match on catch block at 0xc3 in for 0x759c948025
04-13 17:37:35.807 5871 5871 E ArmVmp : Match on catch block at 0xc3 in for 0x759c948025
04-13 17:37:35.811 5871 5871 E ArmVmp : Match on catch block at 0xc3 in for 0x759c948025
04-13 17:37:35.824 5871 5871 E ArmVmp : Match on catch block at 0xc3 in for 0x759c948025
04-13 17:37:35.828 5871 5871 E ArmVmp : Match on catch block at 0xc3 in for 0x759c948025
04-13 17:37:35.841 5871 5871 E ArmVmp : Match on catch block at 0xc3 in for 0x759c948025
04-13 17:37:35.845 5871 5871 E ArmVmp : Match on catch block at 0xc3 in for 0x759c948025
04-13 17:37:35.857 5871 5871 E ArmVmp : Match on catch block at 0xc3 in for 0x759c948025
04-13 17:37:35.862 5871 5871 E ArmVmp : Match on catch block at 0xc3 in for 0x759c948025
04-13 17:37:35.874 5871 5871 E ArmVmp : Match on catch block at 0xc3 in for 0x759c948025
04-13 17:37:35.877 5871 5871 E ArmVmp : Match on catch block at 0xc3 in for 0x759c948025
04-13 17:37:35.891 5871 5871 E ArmVmp : Match on catch block at 0xc3 in for 0x759c948025
04-13 17:37:35.894 5871 5871 E ArmVmp : Match on catch block at 0xc3 in for 0x759c948025
04-13 17:37:35.907 5871 5871 E ArmVmp : Match on catch block at 0xc3 in for 0x759c948025
04-13 17:37:35.911 5871 5871 E ArmVmp : Match on catch block at 0xc3 in for 0x759c948025
04-13 17:37:35.924 5871 5871 E ArmVmp : Match on catch block at 0xc3 in for 0x759c948025
04-13 17:37:35.928 5871 5871 E ArmVmp : Match on catch block at 0xc3 in for 0x759c948025
04-13 17:37:35.941 5871 5871 E ArmVmp : Match on catch block at 0xc3 in for 0x759c948025
04-13 17:37:35.947 5871 5871 E ArmVmp : Match on catch block at 0xc3 in for 0x759c948025
04-13 17:37:35.969 5871 5871 E ArmVmp : Match on catch block at 0xc3 in for 0x759c948025
04-13 17:37:35.975 5871 5871 E ArmVmp : Match on catch block at 0xc3 in for 0x759c948025
04-13 17:37:35.981 5871 5985 E SQLiteDatabase: Error inserting transferred=1 media_job_uuid=dbb75f6f-eb31-4f43-bc8a-3704cd0aa1c7 transcoded=0 gif_attribution=0 first_scan_length=0 direct_path=/v/t62.15575- 24/382287894_336924032296912_3037559313628629887_n.enc?ccb=11- 4&oh=01_Q5AaIGRva7VpablltZcHOCf27SRo5jzaAIxNAXvasiTQnpie&oe=6641D03C&_nc_sid=5e03e0 thumbnail_height_width_ratio=1.0 is_animated_sticker=0 file_hash=PNL7azW5C/FLlR450p5ID9XT4T51k3KobLFhd6q+QHU= file_path=Media/MBWhatsApp Stickers/STK-20240413-WA0107.webp file_size=46862 partial_media_hash=null face_x=0 face_y=0 height=64 trim_to=0 media_key_timestamp=1712805200000 message_url=https://mmg.whatsapp.net/v/t62.15575- 24/382287894_336924032296912_3037559313628629887_n.enc?ccb=11- 4&oh=01_Q5AaIGRva7VpablltZcHOCf27SRo5jzaAIxNAXvasiTQnpie&oe=6641D03C&_nc_sid=5e03e0 &mms3=true media_caption=null trim_from=0 mime_type=image/webp partial_media_enc_hash=null width=64 original_file_hash=null has_streaming_sidecar=0 autotransfer_retry_enabled=1 media_upload_handle=null message_row_id=55793 multicast_id=null enc_file_hash=8xlsJtY8PSbVX4IH6wyxrbOWfK6JqHeM6zMfN+njrWs= mute_video=0 page_count=0 first_scan_sidecar=null suspicious_content=0 file_length=46862 media_name=null media_duration=0 chat_row_id=37 media_key=[B@379d3a1
04-13 17:37:35.981 5871 5985 E SQLiteDatabase: android.database.sqlite.SQLiteConstraintException: UNIQUE constraint failed: message_media.message_row_id (code 1555 SQLITE_CONSTRAINT_PRIMARYKEY)
04-13 17:37:35.981 5871 5985 E SQLiteDatabase: at android.database.sqlite.SQLiteConnection.nativeExecuteForLastInsertedRowId(Native Method)
04-13 17:37:35.981 5871 5985 E SQLiteDatabase: at android.database.sqlite.SQLiteConnection.executeForLastInsertedRowId(SQLiteConnecti on.java:940)
04-13 17:37:35.981 5871 5985 E SQLiteDatabase: at android.database.sqlite.SQLiteSession.executeForLastInsertedRowId(SQLiteSession.jav a:790)
04-13 17:37:35.981 5871 5985 E SQLiteDatabase: at android.database.sqlite.SQLiteStatement.executeInsert(SQLiteStatement.java:89)
04-13 17:37:35.981 5871 5985 E SQLiteDatabase: at android.database.sqlite.SQLiteDatabase.insertWithOnConflict(SQLiteDatabase.java:170 2)
04-13 17:37:35.981 5871 5985 E SQLiteDatabase: at android.database.sqlite.SQLiteDatabase.insert(SQLiteDatabase.java:1571)
04-13 17:37:35.981 5871 5985 E SQLiteDatabase: at X.2tm.A08(Unknown Source:6)
04-13 17:37:35.981 5871 5985 E SQLiteDatabase: at X.35Y.A07(Unknown Source:212)
04-13 17:37:35.981 5871 5985 E SQLiteDatabase: at X.3QF.A14(Unknown Source:470)
04-13 17:37:35.981 5871 5985 E SQLiteDatabase: at X.3gU.run(Unknown Source:982)
04-13 17:37:35.981 5871 5985 E SQLiteDatabase: at android.os.Handler.handleCallback(Handler.java:938)
04-13 17:37:35.981 5871 5985 E SQLiteDatabase: at android.os.Handler.dispatchMessage(Handler.java:99)
04-13 17:37:35.981 5871 5985 E SQLiteDatabase: at X.0zq.dispatchMessage(Unknown Source:4)
04-13 17:37:35.981 5871 5985 E SQLiteDatabase: at android.os.Looper.loopOnce(Looper.java:201)
04-13 17:37:35.981 5871 5985 E SQLiteDatabase: at android.os.Looper.loop(Looper.java:288)
04-13 17:37:35.981 5871 5985 E SQLiteDatabase: at android.os.HandlerThread.run(HandlerThread.java:67)
04-13 17:37:35.993 5871 5871 E ArmVmp : Match on catch block at 0xc3 in for 0x759c948025
04-13 17:37:35.997 5871 5871 E ArmVmp : Match on catch block at 0xc3 in for 0x759c948025
04-13 17:37:36.012 5871 5871 E ArmVmp : Match on catch block at 0xc3 in for 0x759c948025
04-13 17:37:36.015 5871 5871 E ArmVmp : Match on catch block at 0xc3 in for 0x759c948025
04-13 17:37:36.047 5871 5871 E ArmVmp : Match on catch block at 0xc3 in for 0x759c948025
04-13 17:37:36.060 5871 5871 E ArmVmp : Match on catch block at 0xc3 in for 0x759c948025
04-13 17:37:36.072 5871 5871 E ArmVmp : Match on catch block at 0xc3 in for 0x759c948025
04-13 17:37:36.076 5871 5871 E ArmVmp : Match on catch block at 0xc3 in for 0x759c948025
04-13 17:37:36.088 5871 5871 E ArmVmp : Match on catch block at 0xc3 in for 0x759c948025
04-13 17:37:36.092 5871 5871 E ArmVmp : Match on catch block at 0xc3 in for 0x759c948025
04-13 17:37:36.097 5871 5871 E ArmVmp : Match on catch block at 0xc3 in for 0x759c948025
04-13 17:37:36.100 5871 5871 E ArmVmp : Match on catch block at 0xc3 in for 0x759c948025
04-13 17:37:36.108 5871 5871 E ArmVmp : Match on catch block at 0xc3 in for 0x759c948025
04-13 17:37:36.113 5871 5871 E ArmVmp : Match on catch block at 0xc3 in for 0x759c948025
04-13 17:37:36.123 5871 5871 E ArmVmp : Match on catch block at 0xc3 in for 0x759c948025
04-13 17:37:36.127 5871 5871 E ArmVmp : Match on catch block at 0xc3 in for 0x759c948025
04-13 17:37:36.140 5871 5871 E ArmVmp : Match on catch block at 0xc3 in for 0x759c948025
04-13 17:37:36.144 5871 5871 E ArmVmp : Match on catch block at 0xc3 in for 0x759c948025
04-13 17:37:36.156 5871 5871 E ArmVmp : Match on catch block at 0xc3 in for 0x759c948025
04-13 17:37:36.160 5871 5871 E ArmVmp : Match on catch block at 0xc3 in for 0x759c948025
04-13 17:37:36.174 5871 5871 E ArmVmp : Match on catch block at 0xc3 in for 0x759c948025
04-13 17:37:36.177 5871 5871 E ArmVmp : Match on catch block at 0xc3 in for 0x759c948025
04-13 17:37:36.190 5871 5871 E ArmVmp : Match on catch block at 0xc3 in for 0x759c948025
04-13 17:37:36.193 5871 5871 E ArmVmp : Match on catch block at 0xc3 in for 0x759c948025
04-13 17:37:36.207 5871 5871 E ArmVmp : Match on catch block at 0xc3 in for 0x759c948025
04-13 17:37:36.210 5871 5871 E ArmVmp : Match on catch block at 0xc3 in for 0x759c948025
04-13 17:37:36.223 5871 5871 E ArmVmp : Match on catch block at 0xc3 in for 0x759c948025
04-13 17:37:36.227 5871 5871 E ArmVmp : Match on catch block at 0xc3 in for 0x759c948025
04-13 17:37:36.240 5871 5871 E ArmVmp : Match on catch block at 0xc3 in for 0x759c948025
04-13 17:37:36.246 5871 5871 E ArmVmp : Match on catch block at 0xc3 in for 0x759c948025
04-13 17:37:36.257 5871 5871 E ArmVmp : Match on catch block at 0xc3 in for 0x759c948025
04-13 17:37:36.261 5871 5871 E ArmVmp : Match on catch block at 0xc3 in for 0x759c948025
04-13 17:37:36.274 5871 5871 E ArmVmp : Match on catch block at 0xc3 in for 0x759c948025
04-13 17:37:36.278 5871 5871 E ArmVmp : Match on catch block at 0xc3 in for 0x759c948025
04-13 17:37:36.291 5871 5871 E ArmVmp : Match on catch block at 0xc3 in for 0x759c948025
04-13 17:37:36.296 5871 5871 E ArmVmp : Match on catch block at 0xc3 in for 0x759c948025
04-13 17:37:36.307 5871 5871 E ArmVmp : Match on catch block at 0xc3 in for 0x759c948025
04-13 17:37:36.313 5871 5871 E ArmVmp : Match on catch block at 0xc3 in for 0x759c948025
04-13 17:37:36.324 5871 5871 E ArmVmp : Match on catch block at 0xc3 in for 0x759c948025
04-13 17:37:36.329 5871 5871 E ArmVmp : Match on catch block at 0xc3 in for 0x759c948025
04-13 17:37:36.343 5871 5871 E ArmVmp : Match on catch block at 0xc3 in for 0x759c948025
04-13 17:37:36.347 5871 5871 E ArmVmp : Match on catch block at 0xc3 in for 0x759c948025
04-13 17:37:36.357 5871 5871 E ArmVmp : Match on catch block at 0xc3 in for 0x759c948025
04-13 17:37:36.360 5871 5871 E ArmVmp : Match on catch block at 0xc3 in for 0x759c948025
04-13 17:37:36.374 5871 5871 E ArmVmp : Match on catch block at 0xc3 in for 0x759c948025
04-13 17:37:36.379 5871 5871 E ArmVmp : Match on catch block at 0xc3 in for 0x759c948025
04-13 17:37:36.390 5871 5871 E ArmVmp : Match on catch block at 0xc3 in for 0x759c948025
04-13 17:37:36.394 5871 5871 E ArmVmp : Match on catch block at 0xc3 in for 0x759c948025
04-13 17:37:36.407 5871 5871 E ArmVmp : Match on catch block at 0xc3 in for 0x759c948025
04-13 17:37:36.411 5871 5871 E ArmVmp : Match on catch block at 0xc3 in for 0x759c948025
04-13 17:37:36.428 5871 5871 E ArmVmp : Match on catch block at 0xc3 in for 0x759c948025
04-13 17:37:36.433 5871 5871 E ArmVmp : Match on catch block at 0xc3 in for 0x759c948025
04-13 17:37:36.440 5871 5871 E ArmVmp : Match on catch block at 0xc3 in for 0x759c948025
04-13 17:37:36.445 5871 5871 E ArmVmp : Match on catch block at 0xc3 in for 0x759c948025
04-13 17:37:36.457 5871 5871 E ArmVmp : Match on catch block at 0xc3 in for 0x759c948025
04-13 17:37:36.463 5871 5871 E ArmVmp : Match on catch block at 0xc3 in for 0x759c948025
04-13 17:37:36.474 5871 5871 E ArmVmp : Match on catch block at 0xc3 in for 0x759c948025
04-13 17:37:36.477 5871 5871 E ArmVmp : Match on catch block at 0xc3 in for 0x759c948025
04-13 17:37:36.491 5871 5871 E ArmVmp : Match on catch block at 0xc3 in for 0x759c948025
04-13 17:37:36.495 5871 5871 E ArmVmp : Match on catch block at 0xc3 in for 0x759c948025
04-13 17:37:36.510 5871 5871 E ArmVmp : Match on catch block at 0xc3 in for 0x759c948025
04-13 17:37:36.518 5871 5871 E ArmVmp : Match on catch block at 0xc3 in for 0x759c948025
04-13 17:37:36.529 5871 5871 E ArmVmp : Match on catch block at 0xc3 in for 0x759c948025
04-13 17:37:36.534 5871 5871 E ArmVmp : Match on catch block at 0xc3 in for 0x759c948025
04-13 17:37:36.540 5871 5871 E ArmVmp : Match on catch block at 0xc3 in for 0x759c948025
04-13 17:37:36.543 5871 5871 E ArmVmp : Match on catch block at 0xc3 in for 0x759c948025
04-13 17:37:36.556 5871 5871 E ArmVmp : Match on catch block at 0xc3 in for 0x759c948025
04-13 17:37:36.561 5871 5871 E ArmVmp : Match on catch block at 0xc3 in for 0x759c948025
04-13 17:37:36.574 5871 5871 E ArmVmp : Match on catch block at 0xc3 in for 0x759c948025
04-13 17:37:36.576 5871 5871 E ArmVmp : Match on catch block at 0xc3 in for 0x759c948025
04-13 17:37:36.591 5871 5871 E ArmVmp : Match on catch block at 0xc3 in for 0x759c948025
04-13 17:37:36.595 5871 5871 E ArmVmp : Match on catch block at 0xc3 in for 0x759c948025
04-13 17:37:36.611 5871 5871 E ArmVmp : Match on catch block at 0xc3 in for 0x759c948025
04-13 17:37:36.615 5871 5871 E ArmVmp : Match on catch block at 0xc3 in for 0x759c948025
04-13 17:37:36.624 5871 5871 E ArmVmp : Match on catch block at 0xc3 in for 0x759c948025
04-13 17:37:36.628 5871 5871 E ArmVmp : Match on catch block at 0xc3 in for 0x759c948025
04-13 17:37:36.640 5871 5871 E ArmVmp : Match on catch block at 0xc3 in for 0x759c948025
04-13 17:37:36.644 5871 5871 E ArmVmp : Match on catch block at 0xc3 in for 0x759c948025
04-13 17:37:36.657 5871 5871 E ArmVmp : Match on catch block at 0xc3 in for 0x759c948025
04-13 17:37:36.660 5871 5871 E ArmVmp : Match on catch block at 0xc3 in for 0x759c948025
04-13 17:37:36.674 5871 5871 E ArmVmp : Match on catch block at 0xc3 in for 0x759c948025
04-13 17:37:36.677 5871 5871 E ArmVmp : Match on catch block at 0xc3 in for 0x759c948025
04-13 17:37:36.690 5871 5871 E ArmVmp : Match on catch block at 0xc3 in for 0x759c948025
04-13 17:37:36.693 5871 5871 E ArmVmp : Match on catch block at 0xc3 in for 0x759c948025
04-13 17:37:36.707 5871 5871 E ArmVmp : Match on catch block at 0xc3 in for 0x759c948025
04-13 17:37:36.710 5871 5871 E ArmVmp : Match on catch block at 0xc3 in for 0x759c948025
04-13 17:37:36.724 5871 5871 E ArmVmp : Match on catch block at 0xc3 in for 0x759c948025
04-13 17:37:36.726 5871 5871 E ArmVmp : Match on catch block at 0xc3 in for 0x759c948025
04-13 17:37:36.740 5871 5871 E ArmVmp : Match on catch block at 0xc3 in for 0x759c948025
04-13 17:37:36.745 5871 5871 E ArmVmp : Match on catch block at 0xc3 in for 0x759c948025
04-13 17:37:36.756 5871 5871 E ArmVmp : Match on catch block at 0xc3 in for 0x759c948025
04-13 17:37:36.759 5871 5871 E ArmVmp : Match on catch block at 0xc3 in for 0x759c948025
04-13 17:37:36.773 5871 5871 E ArmVmp : Match on catch block at 0xc3 in for 0x759c948025
04-13 17:37:36.777 5871 5871 E ArmVmp : Match on catch block at 0xc3 in for 0x759c948025
04-13 17:37:36.790 5871 5871 E ArmVmp : Match on catch block at 0xc3 in for 0x759c948025
04-13 17:37:36.794 5871 5871 E ArmVmp : Match on catch block at 0xc3 in for 0x759c948025
04-13 17:37:36.806 5871 5871 E ArmVmp : Match on catch block at 0xc3 in for 0x759c948025
04-13 17:37:36.810 5871 5871 E ArmVmp : Match on catch block at 0xc3 in for 0x759c948025
04-13 17:37:36.823 5871 5871 E ArmVmp : Match on catch block at 0xc3 in for 0x759c948025
04-13 17:37:36.827 5871 5871 E ArmVmp : Match on catch block at 0xc3 in for 0x759c948025
04-13 17:37:36.840 5871 5871 E ArmVmp : Match on catch block at 0xc3 in for 0x759c948025
04-13 17:37:36.843 5871 5871 E ArmVmp : Match on catch block at 0xc3 in for 0x759c948025
04-13 17:37:36.856 5871 5871 E ArmVmp : Match on catch block at 0xc3 in for 0x759c948025
04-13 17:37:36.860 5871 5871 E ArmVmp : Match on catch block at 0xc3 in for 0x759c948025
04-13 17:37:36.873 5871 5871 E ArmVmp : Match on catch block at 0xc3 in for 0x759c948025
04-13 17:37:36.877 5871 5871 E ArmVmp : Match on catch block at 0xc3 in for 0x759c948025
04-13 17:37:36.890 5871 5871 E ArmVmp : Match on catch block at 0xc3 in for 0x759c948025
04-13 17:37:36.894 5871 5871 E ArmVmp : Match on catch block at 0xc3 in for 0x759c948025
04-13 17:37:36.907 5871 5871 E ArmVmp : Match on catch block at 0xc3 in for 0x759c948025
04-13 17:37:36.910 5871 5871 E ArmVmp : Match on catch block at 0xc3 in for 0x759c948025
04-13 17:37:36.923 5871 5871 E ArmVmp : Match on catch block at 0xc3 in for 0x759c948025
04-13 17:37:36.927 5871 5871 E ArmVmp : Match on catch block at 0xc3 in for 0x759c948025
04-13 17:37:36.945 5871 5985 E SQLiteDatabase: Error inserting transferred=1 media_job_uuid=547c9e70-dc3c-4929-95d3-802e2a039cc3 transcoded=0 gif_attribution=0 first_scan_length=0 direct_path=/v/t62.15575- 24/382287894_336924032296912_3037559313628629887_n.enc?ccb=11- 4&oh=01_Q5AaIGRva7VpablltZcHOCf27SRo5jzaAIxNAXvasiTQnpie&oe=6641D03C&_nc_sid=5e03e0 thumbnail_height_width_ratio=1.0 is_animated_sticker=0 file_hash=PNL7azW5C/FLlR450p5ID9XT4T51k3KobLFhd6q+QHU= file_path=Media/MBWhatsApp Stickers/STK-20240413-WA0107.webp file_size=46862 partial_media_hash=null face_x=0 face_y=0 height=64 trim_to=0 media_key_timestamp=1712805200000 message_url=https://mmg.whatsapp.net/v/t62.15575- 24/382287894_336924032296912_3037559313628629887_n.enc?ccb=11- 4&oh=01_Q5AaIGRva7VpablltZcHOCf27SRo5jzaAIxNAXvasiTQnpie&oe=6641D03C&_nc_sid=5e03e0 &mms3=true media_caption=null trim_from=0 mime_type=image/webp partial_media_enc_hash=null width=64 original_file_hash=null has_streaming_sidecar=0 autotransfer_retry_enabled=1 media_upload_handle=null message_row_id=55794 multicast_id=null enc_file_hash=8xlsJtY8PSbVX4IH6wyxrbOWfK6JqHeM6zMfN+njrWs= mute_video=0 page_count=0 first_scan_sidecar=null suspicious_content=0 file_length=46862 media_name=null media_duration=0 chat_row_id=37 media_key=[B@ec26cf
04-13 17:37:36.945 5871 5985 E SQLiteDatabase: android.database.sqlite.SQLiteConstraintException: UNIQUE constraint failed: message_media.message_row_id (code 1555 SQLITE_CONSTRAINT_PRIMARYKEY)
04-13 17:37:36.945 5871 5985 E SQLiteDatabase: at android.database.sqlite.SQLiteConnection.nativeExecuteForLastInsertedRowId(Native Method)
04-13 17:37:36.945 5871 5985 E SQLiteDatabase: at android.database.sqlite.SQLiteConnection.executeForLastInsertedRowId(SQLiteConnecti on.java:940)
04-13 17:37:36.945 5871 5985 E SQLiteDatabase: at android.database.sqlite.SQLiteSession.executeForLastInsertedRowId(SQLiteSession.jav a:790)
04-13 17:37:36.945 5871 5985 E SQLiteDatabase: at android.database.sqlite.SQLiteStatement.executeInsert(SQLiteStatement.java:89)
04-13 17:37:36.945 5871 5985 E SQLiteDatabase: at android.database.sqlite.SQLiteDatabase.insertWithOnConflict(SQLiteDatabase.java:170 2)
04-13 17:37:36.945 5871 5985 E SQLiteDatabase: at android.database.sqlite.SQLiteDatabase.insert(SQLiteDatabase.java:1571)
04-13 17:37:36.945 5871 5985 E SQLiteDatabase: at X.2tm.A08(Unknown Source:6)
04-13 17:37:36.945 5871 5985 E SQLiteDatabase: at X.35Y.A07(Unknown Source:212)
04-13 17:37:36.945 5871 5985 E SQLiteDatabase: at X.3QF.A14(Unknown Source:470)
04-13 17:37:36.945 5871 5985 E SQLiteDatabase: at X.3gU.run(Unknown Source:982)
04-13 17:37:36.945 5871 5985 E SQLiteDatabase: at android.os.Handler.handleCallback(Handler.java:938)
04-13 17:37:36.945 5871 5985 E SQLiteDatabase: at android.os.Handler.dispatchMessage(Handler.java:99)
04-13 17:37:36.945 5871 5985 E SQLiteDatabase: at X.0zq.dispatchMessage(Unknown Source:4)
04-13 17:37:36.945 5871 5985 E SQLiteDatabase: at android.os.Looper.loopOnce(Looper.java:201)
04-13 17:37:36.945 5871 5985 E SQLiteDatabase: at android.os.Looper.loop(Looper.java:288)
04-13 17:37:36.945 5871 5985 E SQLiteDatabase: at android.os.HandlerThread.run(HandlerThread.java:67)
04-13 17:37:36.950 5871 5871 E ArmVmp : Match on catch block at 0xc3 in for 0x759c948025
04-13 17:37:36.950 5871 5985 E SQLiteDatabase: Error inserting transferred=1 media_job_uuid=f198b62a-9f39-4f78-8a11-6810d2804909 transcoded=0 gif_attribution=0 first_scan_length=0 direct_path=/v/t62.7114- 24/29540627_972670921044131_2127260789478516745_n.enc?ccb=11- 4&oh=01_ASDi_CoBhDF6byqPHpyuGFVCiqJnmPO_H2xAAQU-ipN8QQ&oe=6641B925&_nc_sid=5e03e0 thumbnail_height_width_ratio=0.0 is_animated_sticker=0 file_hash=xpged/Nllp84RCYaGMQYR6G23gznPMVBwSvpAUXzyl8= file_path=Media/MBWhatsApp Audio/AUD-20240413-WA0108.mp3 file_size=978389 partial_media_hash=null face_x=0 face_y=0 height=0 trim_to=0 media_key_timestamp=1712997321000 message_url=https://mmg.whatsapp.net/v/t62.7114- 24/29540627_972670921044131_2127260789478516745_n.enc?ccb=11- 4&oh=01_ASDi_CoBhDF6byqPHpyuGFVCiqJnmPO_H2xAAQU- ipN8QQ&oe=6641B925&_nc_sid=5e03e0&mms3=true media_caption=null trim_from=0 mime_type=audio/mpeg partial_media_enc_hash=null width=0 original_file_hash=null has_streaming_sidecar=0 autotransfer_retry_enabled=1 media_upload_handle=null message_row_id=55788 multicast_id=null enc_file_hash=cI8pIzWyNdpxyOMrcbMdVtkodzWSDMg0CJJwEPb54yg= mute_video=0 page_count=0 first_scan_sidecar=null suspicious_content=0 file_length=978389 media_name=null media_duration=61 chat_row_id=37 media_key=[B@d8e9c3a
04-13 17:37:36.950 5871 5985 E SQLiteDatabase: android.database.sqlite.SQLiteConstraintException: UNIQUE constraint failed: message_media.message_row_id (code 1555 SQLITE_CONSTRAINT_PRIMARYKEY)
04-13 17:37:36.950 5871 5985 E SQLiteDatabase: at android.database.sqlite.SQLiteConnection.nativeExecuteForLastInsertedRowId(Native Method)
04-13 17:37:36.950 5871 5985 E SQLiteDatabase: at android.database.sqlite.SQLiteConnection.executeForLastInsertedRowId(SQLiteConnecti on.java:940)
04-13 17:37:36.950 5871 5985 E SQLiteDatabase: at android.database.sqlite.SQLiteSession.executeForLastInsertedRowId(SQLiteSession.jav a:790)
04-13 17:37:36.950 5871 5985 E SQLiteDatabase: at android.database.sqlite.SQLiteStatement.executeInsert(SQLiteStatement.java:89)
04-13 17:37:36.950 5871 5985 E SQLiteDatabase: at android.database.sqlite.SQLiteDatabase.insertWithOnConflict(SQLiteDatabase.java:170 2)
04-13 17:37:36.950 5871 5985 E SQLiteDatabase: at android.database.sqlite.SQLiteDatabase.insert(SQLiteDatabase.java:1571)
04-13 17:37:36.950 5871 5985 E SQLiteDatabase: at X.2tm.A08(Unknown Source:6)
04-13 17:37:36.950 5871 5985 E SQLiteDatabase: at X.35Y.A07(Unknown Source:212)
04-13 17:37:36.950 5871 5985 E SQLiteDatabase: at X.3QF.A14(Unknown Source:470)
04-13 17:37:36.950 5871 5985 E SQLiteDatabase: at X.3gU.run(Unknown Source:982)
04-13 17:37:36.950 5871 5985 E SQLiteDatabase: at android.os.Handler.handleCallback(Handler.java:938)
04-13 17:37:36.950 5871 5985 E SQLiteDatabase: at android.os.Handler.dispatchMessage(Handler.java:99)
04-13 17:37:36.950 5871 5985 E SQLiteDatabase: at X.0zq.dispatchMessage(Unknown Source:4)
04-13 17:37:36.950 5871 5985 E SQLiteDatabase: at android.os.Looper.loopOnce(Looper.java:201)
04-13 17:37:36.950 5871 5985 E SQLiteDatabase: at android.os.Looper.loop(Looper.java:288)
04-13 17:37:36.950 5871 5985 E SQLiteDatabase: at android.os.HandlerThread.run(HandlerThread.java:67)
04-13 17:37:36.953 5871 5871 E ArmVmp : Match on catch block at 0xc3 in for 0x759c948025
04-13 17:37:36.973 5871 5871 E ArmVmp : Match on catch block at 0xc3 in for 0x759c948025
04-13 17:37:36.977 5871 5871 E ArmVmp : Match on catch block at 0xc3 in for 0x759c948025
04-13 17:37:36.989 5871 5871 E ArmVmp : Match on catch block at 0xc3 in for 0x759c948025
04-13 17:37:36.992 5871 5871 E ArmVmp : Match on catch block at 0xc3 in for 0x759c948025
04-13 17:37:37.014 5871 5871 E ArmVmp : Match on catch block at 0xc3 in for 0x759c948025
04-13 17:37:37.016 5871 5871 E ArmVmp : Match on catch block at 0xc3 in for 0x759c948025
04-13 17:37:37.024 5871 5871 E ArmVmp : Match on catch block at 0xc3 in for 0x759c948025
04-13 17:37:37.056 5871 5871 E ArmVmp : Match on catch block at 0xc3 in for 0x759c948025
04-13 17:37:37.064 5871 5871 E ArmVmp : Match on catch block at 0xc3 in for 0x759c948025
04-13 17:37:37.097 5871 5871 E ArmVmp : Match on catch block at 0xc3 in for 0x759c948025
04-13 17:37:37.101 5871 5871 E ArmVmp : Match on catch block at 0xc3 in for 0x759c948025
04-13 17:37:37.133 5871 5871 E ArmVmp : Match on catch block at 0xc3 in for 0x759c948025
04-13 17:37:37.149 5871 5871 E ArmVmp : Match on catch block at 0xc3 in for 0x759c948025
04-13 17:37:37.181 5871 5871 E ArmVmp : Match on catch block at 0xc3 in for 0x759c948025
04-13 17:37:37.187 5871 5871 E ArmVmp : Match on catch block at 0xc3 in for 0x759c948025
04-13 17:37:37.219 5871 5871 E ArmVmp : Match on catch block at 0xc3 in for 0x759c948025
