04-13 20:10:05.185 29843 29910 W com.mbwhatsapp: Accessing hidden method Lcom/android/org/conscrypt/AbstractConscryptSocket;->setHostname(Ljava/lang/ String;)V (max-target-q, reflection, denied)
04-13 20:10:05.185 29843 29910 W com.mbwhatsapp: Accessing hidden method Lcom/android/org/conscrypt/OpenSSLSocketImpl;->setAlpnProtocols([B)V (max-target- q,core-platform-api, reflection, denied)
04-13 20:10:05.185 29843 29910 W com.mbwhatsapp: Accessing hidden method Lcom/android/org/conscrypt/AbstractConscryptSocket;->setAlpnProtocols([B)V (max- target-q, reflection, denied)
04-13 20:10:05.231 29843 29843 W CheckTime: App running slow: Executing com.mbwhatsapp.yo.WidgetProvider scheduleReceive took 509ms
04-13 20:10:05.621 29843 29907 W libc : Access denied finding property "vendor.mali.config"
04-13 20:10:06.370 29843 29910 W com.mbwhatsapp: Accessing hidden method Lcom/android/org/conscrypt/OpenSSLSocketImpl;->getAlpnSelectedProtocol()[B (max- target-q,core-platform-api, reflection, denied)
04-13 20:10:06.370 29843 29910 W com.mbwhatsapp: Accessing hidden method Lcom/android/org/conscrypt/AbstractConscryptSocket;->getAlpnSelectedProtocol()[B (max-target-q, reflection, denied)
04-13 20:10:06.811 29843 29843 E RecyclerView: No adapter attached; skipping layout
04-13 20:10:07.652 29843 29843 E RecyclerView: No adapter attached; skipping layout
04-13 20:10:07.676 29843 29843 E ArmVmp : Match on catch block at 0x0a in for 0x759c948035
04-13 20:10:08.040 29843 29966 W LOTTIE : Animation contains merge paths. Merge paths are only supported on KitKat+ and must be manually enabled by calling enableMergePathsForKitKatAndAbove().
04-13 20:10:09.116 29843 29843 W LOTTIE : Animation contains merge paths but they are disabled.
04-13 20:10:09.515 29843 29852 W com.mbwhatsapp: Cleared Reference was only reachable from finalizer (only reported once)
04-13 20:10:11.153 29843 29843 E ArmVmp : Match on catch block at 0x5b in for 0x759c94801d
04-13 20:10:11.193 29843 29843 E ArmVmp : Match on catch block at 0x5b in for 0x759c94801d
04-13 20:10:11.212 29843 29843 E ArmVmp : Match on catch block at 0x5b in for 0x759c94801d
04-13 20:10:11.216 29843 29843 W pool-5-thread-1: type=1400 audit(0.0:95986): avc: granted { execute } for path="/mnt/expand/5d6fb8e1-ca02-4070-8bf2-c0f3d1386f74/user/0/com.mbwhatsapp/ files/decompressed/libs.spk.zst/libgifimage.so" dev="dm-32" ino=48378 scontext=u:r:untrusted_app:s0:c67,c257,c512,c768 tcontext=u:object_r:app_data_file:s0:c67,c257,c512,c768 tclass=file app=com.mbwhatsapp
04-13 20:10:11.221 29843 29843 E ArmVmp : Match on catch block at 0x5b in for 0x759c94801d
04-13 20:10:11.256 29843 29843 E ArmVmp : Match on catch block at 0x5b in for 0x759c94801d
04-13 20:10:11.931 29843 29919 W SQLiteLog: (28) double-quoted string literal: ""
04-13 20:10:12.678 29843 29861 W LibraryVersion: Failed to get app version for libraryName: firebase-iid
04-13 20:10:15.013 29843 29915 E ArmVmp : No matching catch block at 0x07
04-13 20:10:15.013 29843 29915 E ArmVmp : Match on catch block at 0x02 in for 0x75980ffe05
04-13 20:10:15.014 29843 29915 W System.err: java.net.UnknownHostException: Unable to resolve host "pastebin.com": No address associated with hostname
04-13 20:10:15.020 29843 29915 W System.err: at java.net.Inet6AddressImpl.lookupHostByName(Inet6AddressImpl.java:156)
04-13 20:10:15.020 29843 29915 W System.err: at java.net.Inet6AddressImpl.lookupAllHostAddr(Inet6AddressImpl.java:103)
04-13 20:10:15.020 29843 29915 W System.err: at java.net.InetAddress.getAllByName(InetAddress.java:1152)
04-13 20:10:15.020 29843 29915 W System.err: at com.android.okhttp.Dns$1.lookup(Dns.java:41)
04-13 20:10:15.020 29843 29915 W System.err: at com.android.okhttp.internal.http.RouteSelector.resetNextInetSocketAddress(RouteSele ctor.java:178)
04-13 20:10:15.020 29843 29915 W System.err: at com.android.okhttp.internal.http.RouteSelector.nextProxy(RouteSelector.java:144)
04-13 20:10:15.020 29843 29915 W System.err: at com.android.okhttp.internal.http.RouteSelector.next(RouteSelector.java:86)
04-13 20:10:15.021 29843 29915 W System.err: at com.android.okhttp.internal.http.StreamAllocation.findConnection(StreamAllocation.j ava:176)
04-13 20:10:15.021 29843 29915 W System.err: at com.android.okhttp.internal.http.StreamAllocation.findHealthyConnection(StreamAlloc ation.java:128)
04-13 20:10:15.021 29843 29915 W System.err: at com.android.okhttp.internal.http.StreamAllocation.newStream(StreamAllocation.java:9 7)
04-13 20:10:15.021 29843 29915 W System.err: at com.android.okhttp.internal.http.HttpEngine.connect(HttpEngine.java:289)
04-13 20:10:15.021 29843 29915 W System.err: at com.android.okhttp.internal.http.HttpEngine.sendRequest(HttpEngine.java:232)
04-13 20:10:15.021 29843 29915 W System.err: at com.android.okhttp.internal.huc.HttpURLConnectionImpl.execute(HttpURLConnectionImpl .java:465)
04-13 20:10:15.021 29843 29915 W System.err: at com.android.okhttp.internal.huc.HttpURLConnectionImpl.getResponse(HttpURLConnection Impl.java:411)
04-13 20:10:15.021 29843 29915 W System.err: at com.android.okhttp.internal.huc.HttpURLConnectionImpl.getInputStream(HttpURLConnect ionImpl.java:248)
04-13 20:10:15.021 29843 29915 W System.err: at com.android.okhttp.internal.huc.DelegatingHttpsURLConnection.getInputStream(Delegat ingHttpsURLConnection.java:211)
04-13 20:10:15.021 29843 29915 W System.err: at com.android.okhttp.internal.huc.HttpsURLConnectionImpl.getInputStream(HttpsURLConne ctionImpl.java:30)
04-13 20:10:15.021 29843 29915 W System.err: at java.net.URL.openStream(URL.java:1072)
04-13 20:10:15.021 29843 29915 W System.err: at mbmodsd.mbmodsw.mbdialog.MBDialogMan.loadJsonFromUrl(Native Method)
04-13 20:10:15.021 29843 29915 W System.err: at mbmodsd.mbmodsw.mbdialog.MBDialogMan.access$000(Native Method)
04-13 20:10:15.021 29843 29915 W System.err: at mbmodsd.mbmodsw.mbdialog.MBDialogMan$FetchJsonTask.doInBackground(Native Method)
04-13 20:10:15.021 29843 29915 W System.err: at mbmodsd.mbmodsw.mbdialog.MBDialogMan$FetchJsonTask.doInBackground(Native Method)
04-13 20:10:15.022 29843 29915 W System.err: at android.os.AsyncTask$3.call(AsyncTask.java:394)
04-13 20:10:15.022 29843 29915 W System.err: at java.util.concurrent.FutureTask.run(FutureTask.java:264)
04-13 20:10:15.022 29843 29915 W System.err: at android.os.AsyncTask$SerialExecutor$1.run(AsyncTask.java:305)
04-13 20:10:15.022 29843 29915 W System.err: at java.util.concurrent.ThreadPoolExecutor.runWorker(ThreadPoolExecutor.java:1145)
04-13 20:10:15.022 29843 29915 W System.err: at java.util.concurrent.ThreadPoolExecutor$Worker.run(ThreadPoolExecutor.java:644)
04-13 20:10:15.022 29843 29915 W System.err: at java.lang.Thread.run(Thread.java:1012)
04-13 20:10:15.022 29843 29915 W System.err: Caused by: android.system.GaiException: android_getaddrinfo failed: EAI_NODATA (No address associated with hostname)
04-13 20:10:15.022 29843 29915 W System.err: at libcore.io.Linux.android_getaddrinfo(Native Method)
04-13 20:10:15.022 29843 29915 W System.err: at libcore.io.ForwardingOs.android_getaddrinfo(ForwardingOs.java:133)
04-13 20:10:15.022 29843 29915 W System.err: at libcore.io.BlockGuardOs.android_getaddrinfo(BlockGuardOs.java:222)
04-13 20:10:15.022 29843 29915 W System.err: at libcore.io.ForwardingOs.android_getaddrinfo(ForwardingOs.java:133)
04-13 20:10:15.022 29843 29915 W System.err: at java.net.Inet6AddressImpl.lookupHostByName(Inet6AddressImpl.java:135)
04-13 20:10:15.023 29843 29915 W System.err: ... 27 more
04-13 20:10:16.279 29843 29891 E SQLiteDatabase: Error inserting transferred=1 media_job_uuid=83182b46-1033-4a2e-a9d0-7be91c88e313 transcoded=0 gif_attribution=0 first_scan_length=0 direct_path=/o1/v/t62.7118-24/f1/m233/up-oil-image-c142540b- c8e6-40eb-b188-10a3a89b9590?ccb=9-4&oh=01_Q5AaICN4ZX9p9- ADVTdUPxA6jta6tqqOn0joMhAlmIrxu-PD&oe=6641DB49&_nc_sid=000000 thumbnail_height_width_ratio=0.625 is_animated_sticker=0 file_hash=USGqgFk0tRAQpwq18+MI2Ce9oPS1qkfjeTi5xd5FUQk= file_path=Media/MBWhatsApp Images/IMG-20240413-WA0224.jpg file_size=0 partial_media_hash=null face_x=0 face_y=0 height=500 trim_to=0 media_key_timestamp=1713008175000 message_url=https://mmg.whatsapp.net/o1/v/t62.7118-24/f1/m233/up-oil-image- c142540b-c8e6-40eb-b188-10a3a89b9590?ccb=9-4&oh=01_Q5AaICN4ZX9p9- ADVTdUPxA6jta6tqqOn0joMhAlmIrxu-PD&oe=6641DB49&_nc_sid=000000&mms3=true media_caption=null trim_from=0 mime_type=image/jpeg partial_media_enc_hash=null width=800 original_file_hash=null has_streaming_sidecar=0 autotransfer_retry_enabled=1 media_upload_handle=null message_row_id=57920 multicast_id=null enc_file_hash=zuFQXXebh92cKNxY7LIQNm3Q9aMCAqOVvg0u0/IMVHY= mute_video=0 page_count=0 first_scan_sidecar=null suspicious_content=0 file_length=68040 media_name=null media_duration=0 chat_row_id=37 media_key=[B@adc1303
04-13 20:10:16.279 29843 29891 E SQLiteDatabase: android.database.sqlite.SQLiteConstraintException: UNIQUE constraint failed: message_media.message_row_id (code 1555 SQLITE_CONSTRAINT_PRIMARYKEY)
04-13 20:10:16.279 29843 29891 E SQLiteDatabase: at android.database.sqlite.SQLiteConnection.nativeExecuteForLastInsertedRowId(Native Method)
04-13 20:10:16.279 29843 29891 E SQLiteDatabase: at android.database.sqlite.SQLiteConnection.executeForLastInsertedRowId(SQLiteConnecti on.java:940)
04-13 20:10:16.279 29843 29891 E SQLiteDatabase: at android.database.sqlite.SQLiteSession.executeForLastInsertedRowId(SQLiteSession.jav a:790)
04-13 20:10:16.279 29843 29891 E SQLiteDatabase: at android.database.sqlite.SQLiteStatement.executeInsert(SQLiteStatement.java:89)
04-13 20:10:16.279 29843 29891 E SQLiteDatabase: at android.database.sqlite.SQLiteDatabase.insertWithOnConflict(SQLiteDatabase.java:170 2)
04-13 20:10:16.279 29843 29891 E SQLiteDatabase: at android.database.sqlite.SQLiteDatabase.insert(SQLiteDatabase.java:1571)
04-13 20:10:16.279 29843 29891 E SQLiteDatabase: at X.2tm.A08(Unknown Source:6)
04-13 20:10:16.279 29843 29891 E SQLiteDatabase: at X.35Y.A07(Unknown Source:212)
04-13 20:10:16.279 29843 29891 E SQLiteDatabase: at X.3QF.A14(Unknown Source:470)
04-13 20:10:16.279 29843 29891 E SQLiteDatabase: at X.3gU.run(Unknown Source:982)
04-13 20:10:16.279 29843 29891 E SQLiteDatabase: at android.os.Handler.handleCallback(Handler.java:938)
04-13 20:10:16.279 29843 29891 E SQLiteDatabase: at android.os.Handler.dispatchMessage(Handler.java:99)
04-13 20:10:16.279 29843 29891 E SQLiteDatabase: at X.0zq.dispatchMessage(Unknown Source:4)
04-13 20:10:16.279 29843 29891 E SQLiteDatabase: at android.os.Looper.loopOnce(Looper.java:201)
04-13 20:10:16.279 29843 29891 E SQLiteDatabase: at android.os.Looper.loop(Looper.java:288)
04-13 20:10:16.279 29843 29891 E SQLiteDatabase: at android.os.HandlerThread.run(HandlerThread.java:67)
04-13 20:10:18.916 29843 29843 W com.mbwhatsapp: type=1400 audit(0.0:95988): avc: granted { execute } for comm=4D65646961446F776E6C6F61642023 path="/mnt/expand/5d6fb8e1-ca02-4070-8bf2-c0f3d1386f74/user/0/com.mbwhatsapp/ files/decompressed/libs.spk.zst/libstatic-webp.so" dev="dm-32" ino=56579 scontext=u:r:untrusted_app:s0:c67,c257,c512,c768 tcontext=u:object_r:app_data_file:s0:c67,c257,c512,c768 tclass=file app=com.mbwhatsapp
04-13 20:10:19.300 29843 29891 E SQLiteDatabase: Error inserting transferred=1 media_job_uuid=471c4a4c-ffb0-49c8-b87c-7080449cf7d4 transcoded=0 gif_attribution=0 first_scan_length=0 direct_path=/v/t62.15575- 24/32692960_1527238391156023_5560792385838613601_n.enc?ccb=11- 4&oh=01_Q5AaIJoAuoyBeXJC4W9OKIx2sMTMieAQwAH9GGt-HJTY3_i8&oe=6641CCD5&_nc_sid=5e03e0 thumbnail_height_width_ratio=1.0 is_animated_sticker=0 file_hash=yYUfcLSCLgo0Lt6lrN7ghiw02IEeN8ZKw3sumnYqY08= file_path=Media/MBWhatsApp Stickers/STK-20240413-WA0228.webp file_size=48058 partial_media_hash=null face_x=0 face_y=0 height=64 trim_to=0 media_key_timestamp=1712984228000 message_url=https://mmg.whatsapp.net/v/t62.15575- 24/32692960_1527238391156023_5560792385838613601_n.enc?ccb=11- 4&oh=01_Q5AaIJoAuoyBeXJC4W9OKIx2sMTMieAQwAH9GGt- HJTY3_i8&oe=6641CCD5&_nc_sid=5e03e0&mms3=true media_caption=null trim_from=0 mime_type=image/webp partial_media_enc_hash=null width=64 original_file_hash=null has_streaming_sidecar=0 autotransfer_retry_enabled=1 media_upload_handle=null message_row_id=57932 multicast_id=null enc_file_hash=Q3Z/L5/mWJ93QIj4nQQCB4oGKzTdywaJoBbjJNfFbXs= mute_video=0 page_count=0 first_scan_sidecar=null suspicious_content=0 file_length=48058 media_name=null media_duration=0 chat_row_id=500 media_key=[B@edc38c3
04-13 20:10:19.300 29843 29891 E SQLiteDatabase: android.database.sqlite.SQLiteConstraintException: UNIQUE constraint failed: message_media.message_row_id (code 1555 SQLITE_CONSTRAINT_PRIMARYKEY)
04-13 20:10:19.300 29843 29891 E SQLiteDatabase: at android.database.sqlite.SQLiteConnection.nativeExecuteForLastInsertedRowId(Native Method)
04-13 20:10:19.300 29843 29891 E SQLiteDatabase: at android.database.sqlite.SQLiteConnection.executeForLastInsertedRowId(SQLiteConnecti on.java:940)
04-13 20:10:19.300 29843 29891 E SQLiteDatabase: at android.database.sqlite.SQLiteSession.executeForLastInsertedRowId(SQLiteSession.jav a:790)
04-13 20:10:19.300 29843 29891 E SQLiteDatabase: at android.database.sqlite.SQLiteStatement.executeInsert(SQLiteStatement.java:89)
04-13 20:10:19.300 29843 29891 E SQLiteDatabase: at android.database.sqlite.SQLiteDatabase.insertWithOnConflict(SQLiteDatabase.java:170 2)
04-13 20:10:19.300 29843 29891 E SQLiteDatabase: at android.database.sqlite.SQLiteDatabase.insert(SQLiteDatabase.java:1571)
04-13 20:10:19.300 29843 29891 E SQLiteDatabase: at X.2tm.A08(Unknown Source:6)
04-13 20:10:19.300 29843 29891 E SQLiteDatabase: at X.35Y.A07(Unknown Source:212)
04-13 20:10:19.300 29843 29891 E SQLiteDatabase: at X.3QF.A14(Unknown Source:470)
04-13 20:10:19.300 29843 29891 E SQLiteDatabase: at X.3gU.run(Unknown Source:982)
04-13 20:10:19.300 29843 29891 E SQLiteDatabase: at android.os.Handler.handleCallback(Handler.java:938)
04-13 20:10:19.300 29843 29891 E SQLiteDatabase: at android.os.Handler.dispatchMessage(Handler.java:99)
04-13 20:10:19.300 29843 29891 E SQLiteDatabase: at X.0zq.dispatchMessage(Unknown Source:4)
04-13 20:10:19.300 29843 29891 E SQLiteDatabase: at android.os.Looper.loopOnce(Looper.java:201)
04-13 20:10:19.300 29843 29891 E SQLiteDatabase: at android.os.Looper.loop(Looper.java:288)
04-13 20:10:19.300 29843 29891 E SQLiteDatabase: at android.os.HandlerThread.run(HandlerThread.java:67)
04-13 20:10:21.129 29843 29891 E SQLiteDatabase: Error inserting transferred=1 media_job_uuid=a3853268-57cd-4882-8574-9c9ef97d54ec transcoded=0 gif_attribution=0 first_scan_length=14685 direct_path=/o1/v/t62.7118-24/f1/m231/up-oil-image- e5fb479e-ce4f-4b88-b3b1-714175cb319b?ccb=9-4&oh=01_ASBUf- ysXs9O6RvSywfwRorRMostmvxqxT6YRDzVuwbbPw&oe=6641F22E&_nc_sid=000000 thumbnail_height_width_ratio=1.8 is_animated_sticker=0 file_hash=scRoq8g57lD7Qw9PlNVTAuxyVVQfa6Fhs6bUv4Zyb6c= file_path=/mnt/expand/5d6fb8e1-ca02-4070-8bf2-c0f3d1386f74/user/0/com.mbwhatsapp/ files/ViewOnce/IMG-luy477mj.jpg file_size=131736 partial_media_hash=DVZWMV5Vj5d/eb3CGQpD+g5XBdvi6gJj91lV11QbP9M= face_x=706 face_y=240 height=1600 trim_to=0 media_key_timestamp=1713008492000 message_url=https://mmg.whatsapp.net/o1/v/t62.7118-24/f1/m231/up-oil-image- e5fb479e-ce4f-4b88-b3b1-714175cb319b?ccb=9-4&oh=01_ASBUf- ysXs9O6RvSywfwRorRMostmvxqxT6YRDzVuwbbPw&oe=6641F22E&_nc_sid=000000&mms3=true media_caption=null trim_from=0 mime_type=image/jpeg partial_media_enc_hash=null width=900 original_file_hash=null has_streaming_sidecar=1 autotransfer_retry_enabled=1 media_upload_handle=null message_row_id=57948 multicast_id=null enc_file_hash=qWmSuNE1JooH/KwaawRJjbqm12rl+fmimwIOB1ChNQ0= mute_video=0 page_count=0 first_scan_sidecar=[B@3242423 suspicious_content=0 file_length=131736 media_name=null media_duration=0 chat_row_id=500 media_key=[B@f783d20
04-13 20:10:21.129 29843 29891 E SQLiteDatabase: android.database.sqlite.SQLiteConstraintException: UNIQUE constraint failed: message_media.message_row_id (code 1555 SQLITE_CONSTRAINT_PRIMARYKEY)
04-13 20:10:21.129 29843 29891 E SQLiteDatabase: at android.database.sqlite.SQLiteConnection.nativeExecuteForLastInsertedRowId(Native Method)
04-13 20:10:21.129 29843 29891 E SQLiteDatabase: at android.database.sqlite.SQLiteConnection.executeForLastInsertedRowId(SQLiteConnecti on.java:940)
04-13 20:10:21.129 29843 29891 E SQLiteDatabase: at android.database.sqlite.SQLiteSession.executeForLastInsertedRowId(SQLiteSession.jav a:790)
04-13 20:10:21.129 29843 29891 E SQLiteDatabase: at android.database.sqlite.SQLiteStatement.executeInsert(SQLiteStatement.java:89)
04-13 20:10:21.129 29843 29891 E SQLiteDatabase: at android.database.sqlite.SQLiteDatabase.insertWithOnConflict(SQLiteDatabase.java:170 2)
04-13 20:10:21.129 29843 29891 E SQLiteDatabase: at android.database.sqlite.SQLiteDatabase.insert(SQLiteDatabase.java:1571)
04-13 20:10:21.129 29843 29891 E SQLiteDatabase: at X.2tm.A08(Unknown Source:6)
04-13 20:10:21.129 29843 29891 E SQLiteDatabase: at X.35Y.A07(Unknown Source:212)
04-13 20:10:21.129 29843 29891 E SQLiteDatabase: at X.3QF.A14(Unknown Source:470)
04-13 20:10:21.129 29843 29891 E SQLiteDatabase: at X.3gU.run(Unknown Source:982)
04-13 20:10:21.129 29843 29891 E SQLiteDatabase: at android.os.Handler.handleCallback(Handler.java:938)
04-13 20:10:21.129 29843 29891 E SQLiteDatabase: at android.os.Handler.dispatchMessage(Handler.java:99)
04-13 20:10:21.129 29843 29891 E SQLiteDatabase: at X.0zq.dispatchMessage(Unknown Source:4)
04-13 20:10:21.129 29843 29891 E SQLiteDatabase: at android.os.Looper.loopOnce(Looper.java:201)
04-13 20:10:21.129 29843 29891 E SQLiteDatabase: at android.os.Looper.loop(Looper.java:288)
04-13 20:10:21.129 29843 29891 E SQLiteDatabase: at android.os.HandlerThread.run(HandlerThread.java:67)
04-13 20:10:25.342 29843 29891 E SQLiteDatabase: Error inserting transferred=1 media_job_uuid=9f1a42d3-d12a-4d3f-8020-1c103488e612 transcoded=0 gif_attribution=0 first_scan_length=0 direct_path=/m1/v/t24/An_dqOjIlcisUPtCyPXJ9LWGV9GCE6AfHaBDimAmmZukWkFwEjZeaIEHygmij hdkaXCOohOqYhpXq2H3bd2qOmwUs2C0g6LhtN_z4BtHlhFvyPCpYwP1vvVwzXh1ZpjNsUGB?ccb=10- 5&oh=01_ASCMcAqsTXSuRvvztngjkv_aW4ea9x_xWRlAN2FAOiFoWQ&oe=6641E14A&_nc_sid=5e03e0 thumbnail_height_width_ratio=1.7560976 is_animated_sticker=0 file_hash=rNo9+qxXJK91seZRw9KquYzQqniUWUm+w6hms+Xu8qk= file_path=Media/MBWhatsApp Video/VID-20240413-WA0229 file_size=219147 partial_media_hash=null face_x=0 face_y=0 height=1024 trim_to=0 media_key_timestamp=0 message_url=null media_caption=null trim_from=0 mime_type=video/mp4 partial_media_enc_hash=null width=576 original_file_hash=null has_streaming_sidecar=0 autotransfer_retry_enabled=1 media_upload_handle=null message_row_id=57924 multicast_id=null enc_file_hash=null mute_video=0 page_count=0 first_scan_sidecar=null suspicious_content=0 file_length=219147 media_name=null media_duration=22 chat_row_id=40 media_key=null
04-13 20:10:25.342 29843 29891 E SQLiteDatabase: android.database.sqlite.SQLiteConstraintException: UNIQUE constraint failed: message_media.message_row_id (code 1555 SQLITE_CONSTRAINT_PRIMARYKEY)
04-13 20:10:25.342 29843 29891 E SQLiteDatabase: at android.database.sqlite.SQLiteConnection.nativeExecuteForLastInsertedRowId(Native Method)
04-13 20:10:25.342 29843 29891 E SQLiteDatabase: at android.database.sqlite.SQLiteConnection.executeForLastInsertedRowId(SQLiteConnecti on.java:940)
04-13 20:10:25.342 29843 29891 E SQLiteDatabase: at android.database.sqlite.SQLiteSession.executeForLastInsertedRowId(SQLiteSession.jav a:790)
04-13 20:10:25.342 29843 29891 E SQLiteDatabase: at android.database.sqlite.SQLiteStatement.executeInsert(SQLiteStatement.java:89)
04-13 20:10:25.342 29843 29891 E SQLiteDatabase: at android.database.sqlite.SQLiteDatabase.insertWithOnConflict(SQLiteDatabase.java:170 2)
04-13 20:10:25.342 29843 29891 E SQLiteDatabase: at android.database.sqlite.SQLiteDatabase.insert(SQLiteDatabase.java:1571)
04-13 20:10:25.342 29843 29891 E SQLiteDatabase: at X.2tm.A08(Unknown Source:6)
04-13 20:10:25.342 29843 29891 E SQLiteDatabase: at X.35Y.A07(Unknown Source:212)
04-13 20:10:25.342 29843 29891 E SQLiteDatabase: at X.3QF.A14(Unknown Source:470)
04-13 20:10:25.342 29843 29891 E SQLiteDatabase: at X.3gU.run(Unknown Source:982)
04-13 20:10:25.342 29843 29891 E SQLiteDatabase: at android.os.Handler.handleCallback(Handler.java:938)
04-13 20:10:25.342 29843 29891 E SQLiteDatabase: at android.os.Handler.dispatchMessage(Handler.java:99)
04-13 20:10:25.342 29843 29891 E SQLiteDatabase: at X.0zq.dispatchMessage(Unknown Source:4)
04-13 20:10:25.342 29843 29891 E SQLiteDatabase: at android.os.Looper.loopOnce(Looper.java:201)
04-13 20:10:25.342 29843 29891 E SQLiteDatabase: at android.os.Looper.loop(Looper.java:288)
04-13 20:10:25.342 29843 29891 E SQLiteDatabase: at android.os.HandlerThread.run(HandlerThread.java:67)
04-13 20:10:30.256 29843 30055 E RenderScript: Failed loading RS driver: dlopen failed: library "libRSDriverArm.so" not found
04-13 20:10:30.256 29843 30055 E RenderScript: Failed to load runtime libRSDriverArm.so, loading default
04-13 20:10:30.751 29843 29843 E ArmVmp : Match on catch block at 0x0a in for 0x759c948035
04-13 20:10:30.758 29843 29843 E ArmVmp : Match on catch block at 0x0a in for 0x759c948035
04-13 20:10:31.056 29843 29890 E SQLiteDatabase: Error inserting transferred=0 media_job_uuid=null transcoded=0 gif_attribution=0 first_scan_length=4840 direct_path=/m1/v/t24/An87WBPSqlcnszDI1CXGafKu9UhuDGBEJvD9_u5n261Nfnh1bEjEb8INo9X_U U578DgQd9b5f-7PGdajRGAKaW-OafjCIBmQYmZCmrz9jsIfibkfLzjLbXKVYHRsjS-ojr689g?ccb=10- 5&oh=01_ASBdLSeLh86Qf7CLVa5IqaFp3c41JE6mT-l6B6z3Cd_9ww&oe=664136DE&_nc_sid=5e03e0 thumbnail_height_width_ratio=0.0 is_animated_sticker=1 file_hash=tjqcIh3BGxoHJGMYOfG4AUazbPeWlesNq1UZs/nx3PM= file_path=null file_size=0 partial_media_hash=null face_x=0 face_y=0 height=64 trim_to=0 media_key_timestamp=0 message_url=null media_caption=null trim_from=0 mime_type=image/webp partial_media_enc_hash=null width=64 original_file_hash=null has_streaming_sidecar=0 autotransfer_retry_enabled=0 media_upload_handle=null message_row_id=52880 multicast_id=null enc_file_hash=null mute_video=0 page_count=0 first_scan_sidecar=[B@92ff384 suspicious_content=0 file_length=281242 media_name=null media_duration=0 chat_row_id=43 media_key=null
04-13 20:10:31.056 29843 29890 E SQLiteDatabase: android.database.sqlite.SQLiteConstraintException: UNIQUE constraint failed: message_media.message_row_id (code 1555 SQLITE_CONSTRAINT_PRIMARYKEY)
04-13 20:10:31.056 29843 29890 E SQLiteDatabase: at android.database.sqlite.SQLiteConnection.nativeExecuteForLastInsertedRowId(Native Method)
04-13 20:10:31.056 29843 29890 E SQLiteDatabase: at android.database.sqlite.SQLiteConnection.executeForLastInsertedRowId(SQLiteConnecti on.java:940)
04-13 20:10:31.056 29843 29890 E SQLiteDatabase: at android.database.sqlite.SQLiteSession.executeForLastInsertedRowId(SQLiteSession.jav a:790)
04-13 20:10:31.056 29843 29890 E SQLiteDatabase: at android.database.sqlite.SQLiteStatement.executeInsert(SQLiteStatement.java:89)
04-13 20:10:31.056 29843 29890 E SQLiteDatabase: at android.database.sqlite.SQLiteDatabase.insertWithOnConflict(SQLiteDatabase.java:170 2)
04-13 20:10:31.056 29843 29890 E SQLiteDatabase: at android.database.sqlite.SQLiteDatabase.insert(SQLiteDatabase.java:1571)
04-13 20:10:31.056 29843 29890 E SQLiteDatabase: at X.2tm.A08(Unknown Source:6)
04-13 20:10:31.056 29843 29890 E SQLiteDatabase: at X.35Y.A07(Unknown Source:212)
04-13 20:10:31.056 29843 29890 E SQLiteDatabase: at X.3QF.A14(Unknown Source:470)
04-13 20:10:31.056 29843 29890 E SQLiteDatabase: at X.2rh.A03(Unknown Source:289)
04-13 20:10:31.056 29843 29890 E SQLiteDatabase: at X.2oU.A02(Unknown Source:113)
04-13 20:10:31.056 29843 29890 E SQLiteDatabase: at X.6rm.Aph(Unknown Source:53)
04-13 20:10:31.056 29843 29890 E SQLiteDatabase: at X.2oU.A01(Unknown Source:216)
04-13 20:10:31.056 29843 29890 E SQLiteDatabase: at X.4Dg.A04(Unknown Source:166)
04-13 20:10:31.056 29843 29890 E SQLiteDatabase: at X.4Dg.BVm(Unknown Source:1260)
04-13 20:10:31.056 29843 29890 E SQLiteDatabase: at X.32T.A05(Unknown Source:30)
04-13 20:10:31.056 29843 29890 E SQLiteDatabase: at X.103.handleMessage(Unknown Source:482)
04-13 20:10:31.056 29843 29890 E SQLiteDatabase: at android.os.Handler.dispatchMessage(Handler.java:106)
04-13 20:10:31.056 29843 29890 E SQLiteDatabase: at android.os.Looper.loopOnce(Looper.java:201)
04-13 20:10:31.056 29843 29890 E SQLiteDatabase: at android.os.Looper.loop(Looper.java:288)
04-13 20:10:31.056 29843 29890 E SQLiteDatabase: at android.os.HandlerThread.run(HandlerThread.java:67)
04-13 20:10:31.072 29843 29843 W View : requestLayout() improperly called by X.4rg{97ac3f0 V.E....L. ......ID 0,-349-720,256} during layout: running second layout pass
04-13 20:10:31.072 29843 29843 W View : requestLayout() improperly called by android.widget.LinearLayout{c98bd69 V.E...... ......ID 25,2-695,557 #7f0b0e50 app:id/main_layout} during layout: running second layout pass
04-13 20:10:31.072 29843 29843 W View : requestLayout() improperly called by com.mbwhatsapp.conversation.conversationrow.ConversationRowImage$RowImageView{ef4d3 ee VFED..CL. ......ID 7,7-663,548 #7f0b0c84 app:id/image} during layout: running second layout pass
04-13 20:10:31.080 29843 29843 E ArmVmp : Match on catch block at 0xc3 in for 0x759c948021
04-13 20:10:31.103 29843 29843 E ArmVmp : Match on catch block at 0xc3 in for 0x759c948021
04-13 20:10:31.105 29843 29843 E ArmVmp : Match on catch block at 0xc3 in for 0x759c948021
04-13 20:10:32.263 29843 29843 E ArmVmp : Match on catch block at 0xc3 in for 0x759c948025
04-13 20:10:32.265 29843 29843 E ArmVmp : Match on catch block at 0xc3 in for 0x759c948025
04-13 20:10:32.267 29843 29843 E ArmVmp : Match on catch block at 0xc3 in for 0x759c948025
04-13 20:10:32.319 29843 29843 W View : requestLayout() improperly called by X.4rg{97ac3f0 V.E....L. .......D 0,-349-720,256} during second layout pass: posting in next frame
04-13 20:10:32.320 29843 29843 W View : requestLayout() improperly called by android.widget.LinearLayout{c98bd69 V.E...... .......D 25,2-695,557 #7f0b0e50 app:id/main_layout} during second layout pass: posting in next frame
04-13 20:10:32.367 29843 29843 E ArmVmp : Match on catch block at 0xc3 in for 0x759c948025
04-13 20:10:32.369 29843 29843 E ArmVmp : Match on catch block at 0xc3 in for 0x759c948025
04-13 20:10:32.371 29843 29843 E ArmVmp : Match on catch block at 0xc3 in for 0x759c948025
04-13 20:10:32.523 29843 29843 E ArmVmp : Match on catch block at 0xc3 in for 0x759c948025
04-13 20:10:32.526 29843 29843 E ArmVmp : Match on catch block at 0xc3 in for 0x759c948025
04-13 20:10:32.528 29843 29843 E ArmVmp : Match on catch block at 0xc3 in for 0x759c948025
04-13 20:10:32.554 29843 29843 E ArmVmp : Match on catch block at 0xc3 in for 0x759c948025
04-13 20:10:32.558 29843 29843 E ArmVmp : Match on catch block at 0xc3 in for 0x759c948025
04-13 20:10:32.563 29843 29843 E ArmVmp : Match on catch block at 0xc3 in for 0x759c948025
04-13 20:10:32.603 29843 29843 E ArmVmp : Match on catch block at 0xc3 in for 0x759c948025
04-13 20:10:32.606 29843 29843 E ArmVmp : Match on catch block at 0xc3 in for 0x759c948025
04-13 20:10:32.607 29843 29843 E ArmVmp : Match on catch block at 0xc3 in for 0x759c948025
04-13 20:10:32.619 29843 29843 E ArmVmp : Match on catch block at 0xc3 in for 0x759c948025
04-13 20:10:32.622 29843 29843 E ArmVmp : Match on catch block at 0xc3 in for 0x759c948025
04-13 20:10:32.624 29843 29843 E ArmVmp : Match on catch block at 0xc3 in for 0x759c948025
04-13 20:10:32.634 29843 29843 E ArmVmp : Match on catch block at 0xc3 in for 0x759c948025
04-13 20:10:32.637 29843 29843 E ArmVmp : Match on catch block at 0xc3 in for 0x759c948025
04-13 20:10:32.639 29843 29843 E ArmVmp : Match on catch block at 0xc3 in for 0x759c948025
04-13 20:10:32.643 29843 29843 E ArmVmp : Match on catch block at 0xc3 in for 0x759c948025
04-13 20:10:32.646 29843 29843 E ArmVmp : Match on catch block at 0xc3 in for 0x759c948025
04-13 20:10:32.648 29843 29843 E ArmVmp : Match on catch block at 0xc3 in for 0x759c948025
04-13 20:10:32.658 29843 29843 E ArmVmp : Match on catch block at 0xc3 in for 0x759c948025
04-13 20:10:32.661 29843 29843 E ArmVmp : Match on catch block at 0xc3 in for 0x759c948025
04-13 20:10:32.662 29843 29843 E ArmVmp : Match on catch block at 0xc3 in for 0x759c948025
04-13 20:10:32.675 29843 29843 E ArmVmp : Match on catch block at 0xc3 in for 0x759c948025
04-13 20:10:32.679 29843 29843 E ArmVmp : Match on catch block at 0xc3 in for 0x759c948025
04-13 20:10:32.680 29843 29843 E ArmVmp : Match on catch block at 0xc3 in for 0x759c948025
04-13 20:10:32.691 29843 29843 E ArmVmp : Match on catch block at 0xc3 in for 0x759c948025
04-13 20:10:32.696 29843 29843 E ArmVmp : Match on catch block at 0xc3 in for 0x759c948025
04-13 20:10:32.698 29843 29843 E ArmVmp : Match on catch block at 0xc3 in for 0x759c948025
04-13 20:10:32.708 29843 29843 E ArmVmp : Match on catch block at 0xc3 in for 0x759c948025
04-13 20:10:32.713 29843 29843 E ArmVmp : Match on catch block at 0xc3 in for 0x759c948025
04-13 20:10:32.715 29843 29843 E ArmVmp : Match on catch block at 0xc3 in for 0x759c948025
04-13 20:10:32.725 29843 29843 E ArmVmp : Match on catch block at 0xc3 in for 0x759c948025
04-13 20:10:32.728 29843 29843 E ArmVmp : Match on catch block at 0xc3 in for 0x759c948025
04-13 20:10:32.730 29843 29843 E ArmVmp : Match on catch block at 0xc3 in for 0x759c948025
04-13 20:10:32.742 29843 29843 E ArmVmp : Match on catch block at 0xc3 in for 0x759c948025
04-13 20:10:32.745 29843 29843 E ArmVmp : Match on catch block at 0xc3 in for 0x759c948025
04-13 20:10:32.747 29843 29843 E ArmVmp : Match on catch block at 0xc3 in for 0x759c948025
04-13 20:10:32.758 29843 29843 E ArmVmp : Match on catch block at 0xc3 in for 0x759c948025
04-13 20:10:32.761 29843 29891 E SQLiteDatabase: Error inserting transferred=0 media_job_uuid=f230c01c-e6c7-4441-96f1-30957d163567 transcoded=0 gif_attribution=0 first_scan_length=0 direct_path=/m1/v/t24/An_rKa7nR4e0-1K3FQpq_peKtpq-VtO-j4- DsmSYhRT4HPphy- RV8oCj4KIXfSmT1A_FgZX5UFAM9CPn48708CTzZWxjZqYi83eTVVO2ps6OhLEk4xVnGm8jbkRRlQTyYg? ccb=10- 5&oh=01_ASDTjuwJskN4xjPURvjVJxxGw6EctSXA12uBpI6n2ZUL0g&oe=664010FA&_nc_sid=5e03e0 thumbnail_height_width_ratio=1.2413793 is_animated_sticker=0 file_hash=dk8SySGicSWSttJYMUhOwk2alJeWsENe87qnf8vmLEE= file_path=null file_size=0 partial_media_hash=null face_x=0 face_y=0 height=903 trim_to=0 media_key_timestamp=0 message_url=null media_caption=null trim_from=0 mime_type=image/jpeg partial_media_enc_hash=null width=736 original_file_hash=null has_streaming_sidecar=0 autotransfer_retry_enabled=1 media_upload_handle=null message_row_id=44733 multicast_id=null enc_file_hash=null mute_video=0 page_count=0 first_scan_sidecar=null suspicious_content=0 file_length=75355 media_name=null media_duration=0 chat_row_id=43 media_key=null
04-13 20:10:32.761 29843 29891 E SQLiteDatabase: android.database.sqlite.SQLiteConstraintException: UNIQUE constraint failed: message_media.message_row_id (code 1555 SQLITE_CONSTRAINT_PRIMARYKEY)
04-13 20:10:32.761 29843 29891 E SQLiteDatabase: at android.database.sqlite.SQLiteConnection.nativeExecuteForLastInsertedRowId(Native Method)
04-13 20:10:32.761 29843 29891 E SQLiteDatabase: at android.database.sqlite.SQLiteConnection.executeForLastInsertedRowId(SQLiteConnecti on.java:940)
04-13 20:10:32.761 29843 29891 E SQLiteDatabase: at android.database.sqlite.SQLiteSession.executeForLastInsertedRowId(SQLiteSession.jav a:790)
04-13 20:10:32.761 29843 29891 E SQLiteDatabase: at android.database.sqlite.SQLiteStatement.executeInsert(SQLiteStatement.java:89)
04-13 20:10:32.761 29843 29891 E SQLiteDatabase: at android.database.sqlite.SQLiteDatabase.insertWithOnConflict(SQLiteDatabase.java:170 2)
04-13 20:10:32.761 29843 29891 E SQLiteDatabase: at android.database.sqlite.SQLiteDatabase.insert(SQLiteDatabase.java:1571)
04-13 20:10:32.761 29843 29891 E SQLiteDatabase: at X.2tm.A08(Unknown Source:6)
04-13 20:10:32.761 29843 29891 E SQLiteDatabase: at X.35Y.A07(Unknown Source:212)
04-13 20:10:32.761 29843 29891 E SQLiteDatabase: at X.3QF.A14(Unknown Source:470)
04-13 20:10:32.761 29843 29891 E SQLiteDatabase: at X.31e.A03(Unknown Source:174)
04-13 20:10:32.761 29843 29891 E SQLiteDatabase: at X.3g7.run(Unknown Source:1017)
04-13 20:10:32.761 29843 29891 E SQLiteDatabase: at android.os.Handler.handleCallback(Handler.java:938)
04-13 20:10:32.761 29843 29891 E SQLiteDatabase: at android.os.Handler.dispatchMessage(Handler.java:99)
04-13 20:10:32.761 29843 29891 E SQLiteDatabase: at X.0zq.dispatchMessage(Unknown Source:4)
04-13 20:10:32.761 29843 29891 E SQLiteDatabase: at android.os.Looper.loopOnce(Looper.java:201)
04-13 20:10:32.761 29843 29891 E SQLiteDatabase: at android.os.Looper.loop(Looper.java:288)
04-13 20:10:32.761 29843 29891 E SQLiteDatabase: at android.os.HandlerThread.run(HandlerThread.java:67)
04-13 20:10:32.764 29843 29843 E ArmVmp : Match on catch block at 0xc3 in for 0x759c948025
04-13 20:10:32.766 29843 29843 E ArmVmp : Match on catch block at 0xc3 in for 0x759c948025
04-13 20:10:32.775 29843 29843 E ArmVmp : Match on catch block at 0xc3 in for 0x759c948025
04-13 20:10:32.778 29843 29843 E ArmVmp : Match on catch block at 0xc3 in for 0x759c948025
04-13 20:10:32.780 29843 29843 E ArmVmp : Match on catch block at 0xc3 in for 0x759c948025
04-13 20:10:32.792 29843 29843 E ArmVmp : Match on catch block at 0xc3 in for 0x759c948025
04-13 20:10:32.794 29843 29843 E ArmVmp : Match on catch block at 0xc3 in for 0x759c948025
04-13 20:10:32.796 29843 29843 E ArmVmp : Match on catch block at 0xc3 in for 0x759c948025
04-13 20:10:32.808 29843 29843 E ArmVmp : Match on catch block at 0xc3 in for 0x759c948025
04-13 20:10:32.813 29843 29843 E ArmVmp : Match on catch block at 0xc3 in for 0x759c948025
04-13 20:10:32.814 29843 29843 E ArmVmp : Match on catch block at 0xc3 in for 0x759c948025
04-13 20:10:32.826 29843 29843 E ArmVmp : Match on catch block at 0xc3 in for 0x759c948025
04-13 20:10:32.829 29843 29843 E ArmVmp : Match on catch block at 0xc3 in for 0x759c948025
04-13 20:10:32.832 29843 29843 E ArmVmp : Match on catch block at 0xc3 in for 0x759c948025
04-13 20:10:32.842 29843 29843 E ArmVmp : Match on catch block at 0xc3 in for 0x759c948025
04-13 20:10:32.844 29843 29843 E ArmVmp : Match on catch block at 0xc3 in for 0x759c948025
04-13 20:10:32.846 29843 29843 E ArmVmp : Match on catch block at 0xc3 in for 0x759c948025
04-13 20:10:32.858 29843 29843 E ArmVmp : Match on catch block at 0xc3 in for 0x759c948025
04-13 20:10:32.861 29843 29843 E ArmVmp : Match on catch block at 0xc3 in for 0x759c948025
04-13 20:10:32.863 29843 29843 E ArmVmp : Match on catch block at 0xc3 in for 0x759c948025
04-13 20:10:32.875 29843 29843 E ArmVmp : Match on catch block at 0xc3 in for 0x759c948025
04-13 20:10:32.878 29843 29843 E ArmVmp : Match on catch block at 0xc3 in for 0x759c948025
04-13 20:10:32.880 29843 29843 E ArmVmp : Match on catch block at 0xc3 in for 0x759c948025
04-13 20:10:32.892 29843 29843 E ArmVmp : Match on catch block at 0xc3 in for 0x759c948025
04-13 20:10:32.896 29843 29843 E ArmVmp : Match on catch block at 0xc3 in for 0x759c948025
04-13 20:10:32.898 29843 29843 E ArmVmp : Match on catch block at 0xc3 in for 0x759c948025
04-13 20:10:32.908 29843 29843 E ArmVmp : Match on catch block at 0xc3 in for 0x759c948025
04-13 20:10:32.911 29843 29843 E ArmVmp : Match on catch block at 0xc3 in for 0x759c948025
04-13 20:10:32.913 29843 29843 E ArmVmp : Match on catch block at 0xc3 in for 0x759c948025
04-13 20:10:32.926 29843 29843 E ArmVmp : Match on catch block at 0xc3 in for 0x759c948025
04-13 20:10:32.929 29843 29843 E ArmVmp : Match on catch block at 0xc3 in for 0x759c948025
04-13 20:10:32.932 29843 29843 E ArmVmp : Match on catch block at 0xc3 in for 0x759c948025
04-13 20:10:32.942 29843 29843 E ArmVmp : Match on catch block at 0xc3 in for 0x759c948025
04-13 20:10:32.945 29843 29843 E ArmVmp : Match on catch block at 0xc3 in for 0x759c948025
04-13 20:10:32.947 29843 29843 E ArmVmp : Match on catch block at 0xc3 in for 0x759c948025
04-13 20:10:32.958 29843 29843 E ArmVmp : Match on catch block at 0xc3 in for 0x759c948025
04-13 20:10:32.962 29843 29843 E ArmVmp : Match on catch block at 0xc3 in for 0x759c948025
04-13 20:10:32.964 29843 29843 E ArmVmp : Match on catch block at 0xc3 in for 0x759c948025
04-13 20:10:33.002 29843 29843 E ArmVmp : Match on catch block at 0xc3 in for 0x759c948025
04-13 20:10:33.004 29843 29843 E ArmVmp : Match on catch block at 0xc3 in for 0x759c948025
04-13 20:10:33.006 29843 29843 E ArmVmp : Match on catch block at 0xc3 in for 0x759c948025
04-13 20:10:33.015 29843 29843 E ArmVmp : Match on catch block at 0xc3 in for 0x759c948025
04-13 20:10:33.017 29843 29843 E ArmVmp : Match on catch block at 0xc3 in for 0x759c948025
04-13 20:10:33.019 29843 29843 E ArmVmp : Match on catch block at 0xc3 in for 0x759c948025
04-13 20:10:33.030 29843 29843 E ArmVmp : Match on catch block at 0xc3 in for 0x759c948025
04-13 20:10:33.033 29843 29843 E ArmVmp : Match on catch block at 0xc3 in for 0x759c948025
04-13 20:10:33.034 29843 29843 E ArmVmp : Match on catch block at 0xc3 in for 0x759c948025
04-13 20:10:33.047 29843 29843 E ArmVmp : Match on catch block at 0xc3 in for 0x759c948025
04-13 20:10:33.049 29843 29843 E ArmVmp : Match on catch block at 0xc3 in for 0x759c948025
04-13 20:10:33.051 29843 29843 E ArmVmp : Match on catch block at 0xc3 in for 0x759c948025
04-13 20:10:33.058 29843 29843 E ArmVmp : Match on catch block at 0xc3 in for 0x759c948025
04-13 20:10:33.061 29843 29843 E ArmVmp : Match on catch block at 0xc3 in for 0x759c948025
04-13 20:10:33.063 29843 29843 E ArmVmp : Match on catch block at 0xc3 in for 0x759c948025
04-13 20:10:33.075 29843 29843 E ArmVmp : Match on catch block at 0xc3 in for 0x759c948025
04-13 20:10:33.079 29843 29843 E ArmVmp : Match on catch block at 0xc3 in for 0x759c948025
04-13 20:10:33.080 29843 29843 E ArmVmp : Match on catch block at 0xc3 in for 0x759c948025
04-13 20:10:33.091 29843 29843 E ArmVmp : Match on catch block at 0xc3 in for 0x759c948025
04-13 20:10:33.094 29843 29843 E ArmVmp : Match on catch block at 0xc3 in for 0x759c948025
04-13 20:10:33.097 29843 29843 E ArmVmp : Match on catch block at 0xc3 in for 0x759c948025
04-13 20:10:33.108 29843 29843 E ArmVmp : Match on catch block at 0xc3 in for 0x759c948025
04-13 20:10:33.111 29843 29843 E ArmVmp : Match on catch block at 0xc3 in for 0x759c948025
04-13 20:10:33.113 29843 29843 E ArmVmp : Match on catch block at 0xc3 in for 0x759c948025
04-13 20:10:33.129 29843 29843 E ArmVmp : Match on catch block at 0xc3 in for 0x759c948025
04-13 20:10:33.131 29843 29843 E ArmVmp : Match on catch block at 0xc3 in for 0x759c948025
04-13 20:10:33.135 29843 29843 E ArmVmp : Match on catch block at 0xc3 in for 0x759c948025
04-13 20:10:33.141 29843 29843 E ArmVmp : Match on catch block at 0xc3 in for 0x759c948025
04-13 20:10:33.145 29843 29843 E ArmVmp : Match on catch block at 0xc3 in for 0x759c948025
04-13 20:10:33.148 29843 29843 E ArmVmp : Match on catch block at 0xc3 in for 0x759c948025
04-13 20:10:33.158 29843 29843 E ArmVmp : Match on catch block at 0xc3 in for 0x759c948025
04-13 20:10:33.162 29843 29843 E ArmVmp : Match on catch block at 0xc3 in for 0x759c948025
04-13 20:10:33.164 29843 29843 E ArmVmp : Match on catch block at 0xc3 in for 0x759c948025
04-13 20:10:33.175 29843 29843 E ArmVmp : Match on catch block at 0xc3 in for 0x759c948025
04-13 20:10:33.180 29843 29843 E ArmVmp : Match on catch block at 0xc3 in for 0x759c948025
04-13 20:10:33.183 29843 29843 E ArmVmp : Match on catch block at 0xc3 in for 0x759c948025
04-13 20:10:33.192 29843 29843 E ArmVmp : Match on catch block at 0xc3 in for 0x759c948025
04-13 20:10:33.197 29843 29843 E ArmVmp : Match on catch block at 0xc3 in for 0x759c948025
04-13 20:10:33.199 29843 29843 E ArmVmp : Match on catch block at 0xc3 in for 0x759c948025
04-13 20:10:33.208 29843 29843 E ArmVmp : Match on catch block at 0xc3 in for 0x759c948025
04-13 20:10:33.212 29843 29843 E ArmVmp : Match on catch block at 0xc3 in for 0x759c948025
04-13 20:10:33.214 29843 29843 E ArmVmp : Match on catch block at 0xc3 in for 0x759c948025
04-13 20:10:33.225 29843 29843 E ArmVmp : Match on catch block at 0xc3 in for 0x759c948025
04-13 20:10:33.228 29843 29843 E ArmVmp : Match on catch block at 0xc3 in for 0x759c948025
04-13 20:10:33.231 29843 29843 E ArmVmp : Match on catch block at 0xc3 in for 0x759c948025
04-13 20:10:33.242 29843 29843 E ArmVmp : Match on catch block at 0xc3 in for 0x759c948025
04-13 20:10:33.247 29843 29843 E ArmVmp : Match on catch block at 0xc3 in for 0x759c948025
04-13 20:10:33.249 29843 29843 E ArmVmp : Match on catch block at 0xc3 in for 0x759c948025
04-13 20:10:33.259 29843 29843 E ArmVmp : Match on catch block at 0xc3 in for 0x759c948025
04-13 20:10:33.262 29843 29843 E ArmVmp : Match on catch block at 0xc3 in for 0x759c948025
04-13 20:10:33.265 29843 29843 E ArmVmp : Match on catch block at 0xc3 in for 0x759c948025
04-13 20:10:33.275 29843 29843 E ArmVmp : Match on catch block at 0xc3 in for 0x759c948025
04-13 20:10:33.279 29843 29843 E ArmVmp : Match on catch block at 0xc3 in for 0x759c948025
04-13 20:10:33.281 29843 29843 E ArmVmp : Match on catch block at 0xc3 in for 0x759c948025
04-13 20:10:33.292 29843 29843 E ArmVmp : Match on catch block at 0xc3 in for 0x759c948025
04-13 20:10:33.295 29843 29843 E ArmVmp : Match on catch block at 0xc3 in for 0x759c948025
04-13 20:10:33.297 29843 29843 E ArmVmp : Match on catch block at 0xc3 in for 0x759c948025
04-13 20:10:33.308 29843 29843 E ArmVmp : Match on catch block at 0xc3 in for 0x759c948025
04-13 20:10:33.311 29843 29843 E ArmVmp : Match on catch block at 0xc3 in for 0x759c948025
04-13 20:10:33.313 29843 29843 E ArmVmp : Match on catch block at 0xc3 in for 0x759c948025
04-13 20:10:33.325 29843 29843 E ArmVmp : Match on catch block at 0xc3 in for 0x759c948025
04-13 20:10:33.328 29843 29843 E ArmVmp : Match on catch block at 0xc3 in for 0x759c948025
04-13 20:10:33.331 29843 29843 E ArmVmp : Match on catch block at 0xc3 in for 0x759c948025
04-13 20:10:33.342 29843 29843 E ArmVmp : Match on catch block at 0xc3 in for 0x759c948025
04-13 20:10:33.344 29843 29843 E ArmVmp : Match on catch block at 0xc3 in for 0x759c948025
04-13 20:10:33.348 29843 29843 E ArmVmp : Match on catch block at 0xc3 in for 0x759c948025
04-13 20:10:33.358 29843 29843 E ArmVmp : Match on catch block at 0xc3 in for 0x759c948025
04-13 20:10:33.362 29843 29843 E ArmVmp : Match on catch block at 0xc3 in for 0x759c948025
04-13 20:10:33.364 29843 29843 E ArmVmp : Match on catch block at 0xc3 in for 0x759c948025
04-13 20:10:33.375 29843 29843 E ArmVmp : Match on catch block at 0xc3 in for 0x759c948025
04-13 20:10:33.379 29843 29843 E ArmVmp : Match on catch block at 0xc3 in for 0x759c948025
04-13 20:10:33.381 29843 29843 E ArmVmp : Match on catch block at 0xc3 in for 0x759c948025
04-13 20:10:33.392 29843 29843 E ArmVmp : Match on catch block at 0xc3 in for 0x759c948025
04-13 20:10:33.395 29843 29843 E ArmVmp : Match on catch block at 0xc3 in for 0x759c948025
04-13 20:10:33.397 29843 29843 E ArmVmp : Match on catch block at 0xc3 in for 0x759c948025
04-13 20:10:33.408 29843 29843 E ArmVmp : Match on catch block at 0xc3 in for 0x759c948025
04-13 20:10:33.410 29843 29843 E ArmVmp : Match on catch block at 0xc3 in for 0x759c948025
04-13 20:10:33.412 29843 29843 E ArmVmp : Match on catch block at 0xc3 in for 0x759c948025
04-13 20:10:33.424 29843 29843 E ArmVmp : Match on catch block at 0xc3 in for 0x759c948025
04-13 20:10:33.427 29843 29843 E ArmVmp : Match on catch block at 0xc3 in for 0x759c948025
04-13 20:10:33.429 29843 29843 E ArmVmp : Match on catch block at 0xc3 in for 0x759c948025
04-13 20:10:33.441 29843 29843 E ArmVmp : Match on catch block at 0xc3 in for 0x759c948025
04-13 20:10:33.443 29843 29843 E ArmVmp : Match on catch block at 0xc3 in for 0x759c948025
04-13 20:10:33.445 29843 29843 E ArmVmp : Match on catch block at 0xc3 in for 0x759c948025
04-13 20:10:33.458 29843 29843 E ArmVmp : Match on catch block at 0xc3 in for 0x759c948025
04-13 20:10:33.460 29843 29843 E ArmVmp : Match on catch block at 0xc3 in for 0x759c948025
04-13 20:10:33.462 29843 29843 E ArmVmp : Match on catch block at 0xc3 in for 0x759c948025
04-13 20:10:33.474 29843 29843 E ArmVmp : Match on catch block at 0xc3 in for 0x759c948025
04-13 20:10:33.477 29843 29843 E ArmVmp : Match on catch block at 0xc3 in for 0x759c948025
04-13 20:10:33.480 29843 29843 E ArmVmp : Match on catch block at 0xc3 in for 0x759c948025
04-13 20:10:33.491 29843 29843 E ArmVmp : Match on catch block at 0xc3 in for 0x759c948025
04-13 20:10:33.494 29843 29843 E ArmVmp : Match on catch block at 0xc3 in for 0x759c948025
04-13 20:10:33.497 29843 29843 E ArmVmp : Match on catch block at 0xc3 in for 0x759c948025
04-13 20:10:33.508 29843 29843 E ArmVmp : Match on catch block at 0xc3 in for 0x759c948025
04-13 20:10:33.510 29843 29843 E ArmVmp : Match on catch block at 0xc3 in for 0x759c948025
04-13 20:10:33.512 29843 29843 E ArmVmp : Match on catch block at 0xc3 in for 0x759c948025
04-13 20:10:33.525 29843 29843 E ArmVmp : Match on catch block at 0xc3 in for 0x759c948025
04-13 20:10:33.527 29843 29843 E ArmVmp : Match on catch block at 0xc3 in for 0x759c948025
04-13 20:10:33.529 29843 29843 E ArmVmp : Match on catch block at 0xc3 in for 0x759c948025
04-13 20:10:33.541 29843 29843 E ArmVmp : Match on catch block at 0xc3 in for 0x759c948025
04-13 20:10:33.545 29843 29843 E ArmVmp : Match on catch block at 0xc3 in for 0x759c948025
04-13 20:10:33.548 29843 29843 E ArmVmp : Match on catch block at 0xc3 in for 0x759c948025
04-13 20:10:33.558 29843 29843 E ArmVmp : Match on catch block at 0xc3 in for 0x759c948025
04-13 20:10:33.563 29843 29843 E ArmVmp : Match on catch block at 0xc3 in for 0x759c948025
04-13 20:10:33.566 29843 29843 E ArmVmp : Match on catch block at 0xc3 in for 0x759c948025
04-13 20:10:33.575 29843 29843 E ArmVmp : Match on catch block at 0xc3 in for 0x759c948025
04-13 20:10:33.580 29843 29843 E ArmVmp : Match on catch block at 0xc3 in for 0x759c948025
04-13 20:10:33.584 29843 29843 E ArmVmp : Match on catch block at 0xc3 in for 0x759c948025
04-13 20:10:33.592 29843 29843 E ArmVmp : Match on catch block at 0xc3 in for 0x759c948025
04-13 20:10:33.598 29843 29843 E ArmVmp : Match on catch block at 0xc3 in for 0x759c948025
04-13 20:10:33.601 29843 29843 E ArmVmp : Match on catch block at 0xc3 in for 0x759c948025
04-13 20:10:33.610 29843 29843 E ArmVmp : Match on catch block at 0xc3 in for 0x759c948025
04-13 20:10:33.614 29843 29843 E ArmVmp : Match on catch block at 0xc3 in for 0x759c948025
04-13 20:10:33.616 29843 29843 E ArmVmp : Match on catch block at 0xc3 in for 0x759c948025
04-13 20:10:33.624 29843 29843 E ArmVmp : Match on catch block at 0xc3 in for 0x759c948025
04-13 20:10:33.630 29843 29843 E ArmVmp : Match on catch block at 0xc3 in for 0x759c948025
04-13 20:10:33.633 29843 29843 E ArmVmp : Match on catch block at 0xc3 in for 0x759c948025
04-13 20:10:33.641 29843 29843 E ArmVmp : Match on catch block at 0xc3 in for 0x759c948025
04-13 20:10:33.644 29843 29843 E ArmVmp : Match on catch block at 0xc3 in for 0x759c948025
04-13 20:10:33.647 29843 29843 E ArmVmp : Match on catch block at 0xc3 in for 0x759c948025
04-13 20:10:33.658 29843 29843 E ArmVmp : Match on catch block at 0xc3 in for 0x759c948025
04-13 20:10:33.661 29843 29843 E ArmVmp : Match on catch block at 0xc3 in for 0x759c948025
04-13 20:10:33.663 29843 29843 E ArmVmp : Match on catch block at 0xc3 in for 0x759c948025
04-13 20:10:33.674 29843 29843 E ArmVmp : Match on catch block at 0xc3 in for 0x759c948025
04-13 20:10:33.679 29843 29843 E ArmVmp : Match on catch block at 0xc3 in for 0x759c948025
04-13 20:10:33.685 29843 29843 E ArmVmp : Match on catch block at 0xc3 in for 0x759c948025
04-13 20:10:33.692 29843 29843 E ArmVmp : Match on catch block at 0xc3 in for 0x759c948025
04-13 20:10:33.695 29843 29843 E ArmVmp : Match on catch block at 0xc3 in for 0x759c948025
04-13 20:10:33.697 29843 29843 E ArmVmp : Match on catch block at 0xc3 in for 0x759c948025
04-13 20:10:33.708 29843 29843 E ArmVmp : Match on catch block at 0xc3 in for 0x759c948025
04-13 20:10:33.714 29843 29843 E ArmVmp : Match on catch block at 0xc3 in for 0x759c948025
04-13 20:10:33.716 29843 29843 E ArmVmp : Match on catch block at 0xc3 in for 0x759c948025
04-13 20:10:33.740 29843 29843 E ArmVmp : Match on catch block at 0xc3 in for 0x759c948025
04-13 20:10:33.743 29843 29843 E ArmVmp : Match on catch block at 0xc3 in for 0x759c948025
04-13 20:10:33.746 29843 29843 E ArmVmp : Match on catch block at 0xc3 in for 0x759c948025
04-13 20:10:33.773 29843 29843 E ArmVmp : Match on catch block at 0xc3 in for 0x759c948025
04-13 20:10:33.777 29843 29843 E ArmVmp : Match on catch block at 0xc3 in for 0x759c948025
04-13 20:10:33.780 29843 29843 E ArmVmp : Match on catch block at 0xc3 in for 0x759c948025
04-13 20:10:33.813 29843 29843 E ArmVmp : Match on catch block at 0xc3 in for 0x759c948025
04-13 20:10:33.816 29843 29843 E ArmVmp : Match on catch block at 0xc3 in for 0x759c948025
04-13 20:10:33.818 29843 29843 E ArmVmp : Match on catch block at 0xc3 in for 0x759c948025
04-13 20:10:35.416 29843 29843 E ArmVmp : Match on catch block at 0xc3 in for 0x759c948025
04-13 20:10:35.419 29843 29843 E ArmVmp : Match on catch block at 0xc3 in for 0x759c948025
04-13 20:10:35.422 29843 29843 E ArmVmp : Match on catch block at 0xc3 in for 0x759c948025
