04-13 17:36:55.428 5871 5871 E ArmVmp : Match on catch block at 0xc3 in for 0x759c948025
04-13 17:36:55.428 5871 5871 E ArmVmp : Match on catch block at 0xc3 in for 0x759c948025
04-13 17:36:55.431 5871 5871 E ArmVmp : Match on catch block at 0xc3 in for 0x759c948025
04-13 17:36:55.431 5871 5871 E ArmVmp : Match on catch block at 0xc3 in for 0x759c948025
04-13 17:36:55.436 5871 5871 E ArmVmp : Match on catch block at 0xc3 in for 0x759c948025
04-13 17:36:55.436 5871 5871 E ArmVmp : Match on catch block at 0xc3 in for 0x759c948025
04-13 17:36:55.472 5871 5871 W View : requestLayout() improperly called by X.4rg{5033dad V.E....L. .......D 0,742-720,1153} during second layout pass: posting in next frame
04-13 17:36:55.472 5871 5871 W View : requestLayout() improperly called by android.widget.LinearLayout{ffa28e2 V.E...... .......D 177,2-695,402 #7f0b0e50 app:id/main_layout} during second layout pass: posting in next frame
04-13 17:36:55.472 5871 5871 W View : requestLayout() improperly called by X.4rg{5033dad V.E....L. .......D 0,742-720,1153} during second layout pass: posting in next frame
04-13 17:36:55.472 5871 5871 W View : requestLayout() improperly called by android.widget.LinearLayout{ffa28e2 V.E...... .......D 177,2-695,402 #7f0b0e50 app:id/main_layout} during second layout pass: posting in next frame
04-13 17:36:55.572 5871 5871 E ArmVmp : Match on catch block at 0xc3 in for 0x759c948025
04-13 17:36:55.572 5871 5871 E ArmVmp : Match on catch block at 0xc3 in for 0x759c948025
04-13 17:36:55.577 5871 5871 E ArmVmp : Match on catch block at 0xc3 in for 0x759c948025
04-13 17:36:55.577 5871 5871 E ArmVmp : Match on catch block at 0xc3 in for 0x759c948025
04-13 17:36:55.579 5871 5871 E ArmVmp : Match on catch block at 0xc3 in for 0x759c948025
04-13 17:36:55.579 5871 5871 E ArmVmp : Match on catch block at 0xc3 in for 0x759c948025
04-13 17:36:55.608 5871 5871 E ArmVmp : Match on catch block at 0xc3 in for 0x759c948025
04-13 17:36:55.608 5871 5871 E ArmVmp : Match on catch block at 0xc3 in for 0x759c948025
04-13 17:36:55.611 5871 5871 E ArmVmp : Match on catch block at 0xc3 in for 0x759c948025
04-13 17:36:55.611 5871 5871 E ArmVmp : Match on catch block at 0xc3 in for 0x759c948025
04-13 17:36:55.615 5871 5871 E ArmVmp : Match on catch block at 0xc3 in for 0x759c948025
04-13 17:36:55.615 5871 5871 E ArmVmp : Match on catch block at 0xc3 in for 0x759c948025
04-13 17:36:55.627 5871 5871 E ArmVmp : Match on catch block at 0xc3 in for 0x759c948025
04-13 17:36:55.627 5871 5871 E ArmVmp : Match on catch block at 0xc3 in for 0x759c948025
04-13 17:36:55.629 5871 5871 E ArmVmp : Match on catch block at 0xc3 in for 0x759c948025
04-13 17:36:55.629 5871 5871 E ArmVmp : Match on catch block at 0xc3 in for 0x759c948025
04-13 17:36:55.631 5871 5871 E ArmVmp : Match on catch block at 0xc3 in for 0x759c948025
04-13 17:36:55.631 5871 5871 E ArmVmp : Match on catch block at 0xc3 in for 0x759c948025
04-13 17:36:55.944 5871 5918 W LibraryVersion: Failed to get app version for libraryName: firebase-iid
04-13 17:36:55.944 5871 5918 W LibraryVersion: Failed to get app version for libraryName: firebase-iid
04-13 17:36:56.934 5871 5871 W CheckTime: App running slow: Executing com.google.firebase.iid.FirebaseInstanceIdReceiver scheduleReceive took 1320ms
04-13 17:36:56.936 5871 5871 E ArmVmp : Match on catch block at 0xc3 in for 0x759c948025
04-13 17:36:56.934 5871 5871 W CheckTime: App running slow: Executing com.google.firebase.iid.FirebaseInstanceIdReceiver scheduleReceive took 1320ms
04-13 17:36:56.936 5871 5871 E ArmVmp : Match on catch block at 0xc3 in for 0x759c948025
04-13 17:36:56.938 5871 5871 E ArmVmp : Match on catch block at 0xc3 in for 0x759c948025
04-13 17:36:56.938 5871 5871 E ArmVmp : Match on catch block at 0xc3 in for 0x759c948025
04-13 17:36:56.945 5871 5871 E ArmVmp : Match on catch block at 0xc3 in for 0x759c948025
04-13 17:36:56.945 5871 5871 E ArmVmp : Match on catch block at 0xc3 in for 0x759c948025
04-13 17:36:57.029 5871 5871 E ArmVmp : Match on catch block at 0xc3 in for 0x759c948025
04-13 17:36:57.029 5871 5871 E ArmVmp : Match on catch block at 0xc3 in for 0x759c948025
04-13 17:36:57.034 5871 5871 E ArmVmp : Match on catch block at 0xc3 in for 0x759c948025
04-13 17:36:57.034 5871 5871 E ArmVmp : Match on catch block at 0xc3 in for 0x759c948025
04-13 17:36:57.036 5871 5871 E ArmVmp : Match on catch block at 0xc3 in for 0x759c948025
04-13 17:36:57.036 5871 5871 E ArmVmp : Match on catch block at 0xc3 in for 0x759c948025
04-13 17:36:57.421 5871 5871 W CheckTime: App running slow: Executing com.google.firebase.iid.FirebaseInstanceIdReceiver scheduleReceive took 390ms
04-13 17:36:57.423 5871 5871 E ArmVmp : Match on catch block at 0xc3 in for 0x759c948025
04-13 17:36:57.421 5871 5871 W CheckTime: App running slow: Executing com.google.firebase.iid.FirebaseInstanceIdReceiver scheduleReceive took 390ms
04-13 17:36:57.423 5871 5871 E ArmVmp : Match on catch block at 0xc3 in for 0x759c948025
04-13 17:36:57.428 5871 5871 E ArmVmp : Match on catch block at 0xc3 in for 0x759c948025
04-13 17:36:57.428 5871 5871 E ArmVmp : Match on catch block at 0xc3 in for 0x759c948025
04-13 17:36:57.431 5871 5871 E ArmVmp : Match on catch block at 0xc3 in for 0x759c948025
04-13 17:36:57.431 5871 5871 E ArmVmp : Match on catch block at 0xc3 in for 0x759c948025
04-13 17:36:57.541 5871 5871 W TabLayout: MODE_SCROLLABLE + GRAVITY_FILL is not supported, GRAVITY_START will be used instead
04-13 17:36:57.541 5871 5871 W TabLayout: MODE_SCROLLABLE + GRAVITY_FILL is not supported, GRAVITY_START will be used instead
04-13 17:36:57.644 5871 5871 W BottomSheetBehavior: BottomSheetBehavior now supports multiple callbacks. `setBottomSheetCallback()` removes all existing callbacks, including ones set internally by library authors, which may result in unintended behavior. This may change in the future. Please use `addBottomSheetCallback()` and `removeBottomSheetCallback()` instead to set your own callbacks.
04-13 17:36:57.644 5871 5871 W BottomSheetBehavior: BottomSheetBehavior now supports multiple callbacks. `setBottomSheetCallback()` removes all existing callbacks, including ones set internally by library authors, which may result in unintended behavior. This may change in the future. Please use `addBottomSheetCallback()` and `removeBottomSheetCallback()` instead to set your own callbacks.
04-13 17:36:57.750 5871 5871 E ArmVmp : Match on catch block at 0xc3 in for 0x759c948025
04-13 17:36:57.750 5871 5871 E ArmVmp : Match on catch block at 0xc3 in for 0x759c948025
04-13 17:36:57.755 5871 5871 E ArmVmp : Match on catch block at 0xc3 in for 0x759c948025
04-13 17:36:57.755 5871 5871 E ArmVmp : Match on catch block at 0xc3 in for 0x759c948025
04-13 17:36:57.758 5871 5871 E ArmVmp : Match on catch block at 0xc3 in for 0x759c948025
04-13 17:36:57.758 5871 5871 E ArmVmp : Match on catch block at 0xc3 in for 0x759c948025
04-13 17:36:57.926 5871 5871 W View : requestLayout() improperly called by androidx.appcompat.view.menu.ActionMenuItemView{e5b394f VFED..CL. ......ID 0,6- 82,88 #7f0b0fe8 app:id/more} during layout: running second layout pass
04-13 17:36:57.926 5871 5871 W View : requestLayout() improperly called by androidx.appcompat.widget.ActionMenuView{a67a8dc V.E...... ......ID 638,0-720,95} during layout: running second layout pass
04-13 17:36:57.926 5871 5871 W View : requestLayout() improperly called by com.mbwhatsapp.WaImageView{9be1de5 VF.D..CL. ......ID 0,0-109,109 #7f0b1814 app:id/shutter} during layout: running second layout pass
04-13 17:36:57.926 5871 5871 W View : requestLayout() improperly called by com.mbwhatsapp.CircularProgressBar{72cb0ba V.ED..... ......ID 0,0-109,109 #7f0b14fc app:id/recording_progress} during layout: running second layout pass
04-13 17:36:57.926 5871 5871 W View : requestLayout() improperly called by com.mbwhatsapp.WaImageView{5bc1b6b VF.D..C.. ......ID 0,0-82,82 #7f0b1976 app:id/switch_camera_btn} during layout: running second layout pass
04-13 17:36:57.926 5871 5871 W View : requestLayout() improperly called by com.mbwhatsapp.WaImageView{13476c8 VFED..C.. ......ID 0,0-82,82 #7f0b0b0d app:id/gallery_btn} during layout: running second layout pass
04-13 17:36:57.926 5871 5871 W View : requestLayout() improperly called by com.mbwhatsapp.WaImageView{637b361 VF.D..C.. ......ID 0,0-82,82 #7f0b0a9c app:id/flash_btn} during layout: running second layout pass
04-13 17:36:57.926 5871 5871 W View : requestLayout() improperly called by com.mbwhatsapp.WaImageView{c651e86 VFED..C.. ......ID 0,0-82,82 #7f0b057f app:id/close_camera_btn} during layout: running second layout pass
04-13 17:36:57.926 5871 5871 W View : requestLayout() improperly called by X.4Ki{7ff0347 V.ED..... ......ID 0,3-720,85} during layout: running second layout pass
04-13 17:36:57.926 5871 5871 W View : requestLayout() improperly called by androidx.appcompat.view.menu.ActionMenuItemView{e5b394f VFED..CL. ......ID 0,6- 82,88 #7f0b0fe8 app:id/more} during layout: running second layout pass
04-13 17:36:57.926 5871 5871 W View : requestLayout() improperly called by androidx.appcompat.widget.ActionMenuView{a67a8dc V.E...... ......ID 638,0-720,95} during layout: running second layout pass
04-13 17:36:57.926 5871 5871 W View : requestLayout() improperly called by com.mbwhatsapp.WaImageView{9be1de5 VF.D..CL. ......ID 0,0-109,109 #7f0b1814 app:id/shutter} during layout: running second layout pass
04-13 17:36:57.926 5871 5871 W View : requestLayout() improperly called by com.mbwhatsapp.CircularProgressBar{72cb0ba V.ED..... ......ID 0,0-109,109 #7f0b14fc app:id/recording_progress} during layout: running second layout pass
04-13 17:36:57.926 5871 5871 W View : requestLayout() improperly called by com.mbwhatsapp.WaImageView{5bc1b6b VF.D..C.. ......ID 0,0-82,82 #7f0b1976 app:id/switch_camera_btn} during layout: running second layout pass
04-13 17:36:57.926 5871 5871 W View : requestLayout() improperly called by com.mbwhatsapp.WaImageView{13476c8 VFED..C.. ......ID 0,0-82,82 #7f0b0b0d app:id/gallery_btn} during layout: running second layout pass
04-13 17:36:57.926 5871 5871 W View : requestLayout() improperly called by com.mbwhatsapp.WaImageView{637b361 VF.D..C.. ......ID 0,0-82,82 #7f0b0a9c app:id/flash_btn} during layout: running second layout pass
04-13 17:36:57.926 5871 5871 W View : requestLayout() improperly called by com.mbwhatsapp.WaImageView{c651e86 VFED..C.. ......ID 0,0-82,82 #7f0b057f app:id/close_camera_btn} during layout: running second layout pass
04-13 17:36:57.926 5871 5871 W View : requestLayout() improperly called by X.4Ki{7ff0347 V.ED..... ......ID 0,3-720,85} during layout: running second layout pass
04-13 17:36:57.970 5871 5871 E ArmVmp : Match on catch block at 0xc3 in for 0x759c948025
04-13 17:36:57.970 5871 5871 E ArmVmp : Match on catch block at 0xc3 in for 0x759c948025
04-13 17:36:57.974 5871 5871 E ArmVmp : Match on catch block at 0xc3 in for 0x759c948025
04-13 17:36:57.976 5871 5871 E ArmVmp : Match on catch block at 0xc3 in for 0x759c948025
04-13 17:36:57.974 5871 5871 E ArmVmp : Match on catch block at 0xc3 in for 0x759c948025
04-13 17:36:57.976 5871 5871 E ArmVmp : Match on catch block at 0xc3 in for 0x759c948025
04-13 17:36:58.071 5871 5871 W View : requestLayout() improperly called by com.mbwhatsapp.WaImageView{9be1de5 VF.D..CL. ......ID 305,1147-414,1256 #7f0b1814 app:id/shutter} during layout: running second layout pass
04-13 17:36:58.072 5871 5871 W View : requestLayout() improperly called by com.mbwhatsapp.CircularProgressBar{72cb0ba V.ED..... ......ID 305,1147-414,1256 #7f0b14fc app:id/recording_progress} during layout: running second layout pass
04-13 17:36:58.072 5871 5871 W View : requestLayout() improperly called by com.mbwhatsapp.WaImageView{5bc1b6b VF.D..C.. ......ID 626,1162-708,1244 #7f0b1976 app:id/switch_camera_btn} during layout: running second layout pass
04-13 17:36:58.072 5871 5871 W View : requestLayout() improperly called by com.mbwhatsapp.WaImageView{13476c8 VFED..C.. ......ID 12,1162-94,1244 #7f0b0b0d app:id/gallery_btn} during layout: running second layout pass
04-13 17:36:58.072 5871 5871 W View : requestLayout() improperly called by com.mbwhatsapp.WaImageView{637b361 VF.D..C.. ......ID 626,12-708,94 #7f0b0a9c app:id/flash_btn} during layout: running second layout pass
04-13 17:36:58.072 5871 5871 W View : requestLayout() improperly called by com.mbwhatsapp.WaImageView{c651e86 VFED..C.. ......I. 12,12-94,94 #7f0b057f app:id/close_camera_btn} during layout: running second layout pass
04-13 17:36:58.071 5871 5871 W View : requestLayout() improperly called by com.mbwhatsapp.WaImageView{9be1de5 VF.D..CL. ......ID 305,1147-414,1256 #7f0b1814 app:id/shutter} during layout: running second layout pass
04-13 17:36:58.072 5871 5871 W View : requestLayout() improperly called by com.mbwhatsapp.CircularProgressBar{72cb0ba V.ED..... ......ID 305,1147-414,1256 #7f0b14fc app:id/recording_progress} during layout: running second layout pass
04-13 17:36:58.072 5871 5871 W View : requestLayout() improperly called by com.mbwhatsapp.WaImageView{5bc1b6b VF.D..C.. ......ID 626,1162-708,1244 #7f0b1976 app:id/switch_camera_btn} during layout: running second layout pass
04-13 17:36:58.072 5871 5871 W View : requestLayout() improperly called by com.mbwhatsapp.WaImageView{13476c8 VFED..C.. ......ID 12,1162-94,1244 #7f0b0b0d app:id/gallery_btn} during layout: running second layout pass
04-13 17:36:58.072 5871 5871 W View : requestLayout() improperly called by com.mbwhatsapp.WaImageView{637b361 VF.D..C.. ......ID 626,12-708,94 #7f0b0a9c app:id/flash_btn} during layout: running second layout pass
04-13 17:36:58.072 5871 5871 W View : requestLayout() improperly called by com.mbwhatsapp.WaImageView{c651e86 VFED..C.. ......I. 12,12-94,94 #7f0b057f app:id/close_camera_btn} during layout: running second layout pass
04-13 17:36:58.103 5871 5871 E ArmVmp : Match on catch block at 0xc3 in for 0x759c948025
04-13 17:36:58.103 5871 5871 E ArmVmp : Match on catch block at 0xc3 in for 0x759c948025
04-13 17:36:58.129 5871 5871 E ArmVmp : Match on catch block at 0xc3 in for 0x759c948025
04-13 17:36:58.129 5871 5871 E ArmVmp : Match on catch block at 0xc3 in for 0x759c948025
04-13 17:36:58.135 5871 5871 E ArmVmp : Match on catch block at 0xc3 in for 0x759c948025
04-13 17:36:58.135 5871 5871 E ArmVmp : Match on catch block at 0xc3 in for 0x759c948025
04-13 17:36:58.247 5871 5871 E ArmVmp : Match on catch block at 0xc3 in for 0x759c948025
04-13 17:36:58.247 5871 5871 E ArmVmp : Match on catch block at 0xc3 in for 0x759c948025
04-13 17:36:58.255 5871 5871 E ArmVmp : Match on catch block at 0xc3 in for 0x759c948025
04-13 17:36:58.255 5871 5871 E ArmVmp : Match on catch block at 0xc3 in for 0x759c948025
04-13 17:36:58.261 5871 5871 E ArmVmp : Match on catch block at 0xc3 in for 0x759c948025
04-13 17:36:58.261 5871 5871 E ArmVmp : Match on catch block at 0xc3 in for 0x759c948025
04-13 17:36:58.294 5871 5871 E ArmVmp : Match on catch block at 0xc3 in for 0x759c948025
04-13 17:36:58.294 5871 5871 E ArmVmp : Match on catch block at 0xc3 in for 0x759c948025
04-13 17:36:58.299 5871 5871 E ArmVmp : Match on catch block at 0xc3 in for 0x759c948025
04-13 17:36:58.299 5871 5871 E ArmVmp : Match on catch block at 0xc3 in for 0x759c948025
04-13 17:36:58.303 5871 5871 E ArmVmp : Match on catch block at 0xc3 in for 0x759c948025
04-13 17:36:58.303 5871 5871 E ArmVmp : Match on catch block at 0xc3 in for 0x759c948025
04-13 17:36:59.541 5871 6064 E ArmVmp : No matching catch block at 0x07
04-13 17:36:59.541 5871 6064 E ArmVmp : No matching catch block at 0x07
04-13 17:36:59.644 5871 5871 W pool-11-thread-: type=1400 audit(0.0:76663): avc: granted { execute } for path="/mnt/expand/5d6fb8e1-ca02-4070-8bf2-c0f3d1386f74/user/0/com.mbwhatsapp/ files/decompressed/libs.spk.zst/libgifimage.so" dev="dm-32" ino=48378 scontext=u:r:untrusted_app:s0:c67,c257,c512,c768 tcontext=u:object_r:app_data_file:s0:c67,c257,c512,c768 tclass=file app=com.mbwhatsapp
04-13 17:36:59.644 5871 5871 W pool-11-thread-: type=1400 audit(0.0:76663): avc: granted { execute } for path="/mnt/expand/5d6fb8e1-ca02-4070-8bf2-c0f3d1386f74/user/0/com.mbwhatsapp/ files/decompressed/libs.spk.zst/libgifimage.so" dev="dm-32" ino=48378 scontext=u:r:untrusted_app:s0:c67,c257,c512,c768 tcontext=u:object_r:app_data_file:s0:c67,c257,c512,c768 tclass=file app=com.mbwhatsapp
04-13 17:36:59.673 5871 6064 E ArmVmp : Match on catch block at 0x02 in for 0x75980fc805
04-13 17:36:59.673 5871 6064 E ArmVmp : Match on catch block at 0x02 in for 0x75980fc805
04-13 17:36:59.676 5871 6064 W System.err: java.net.UnknownHostException: Unable to resolve host "pastebin.com": No address associated with hostname
04-13 17:36:59.676 5871 6064 W System.err: java.net.UnknownHostException: Unable to resolve host "pastebin.com": No address associated with hostname
04-13 17:36:59.899 5871 6064 W System.err: at java.net.Inet6AddressImpl.lookupHostByName(Inet6AddressImpl.java:156)
04-13 17:36:59.899 5871 6064 W System.err: at java.net.Inet6AddressImpl.lookupAllHostAddr(Inet6AddressImpl.java:103)
04-13 17:36:59.899 5871 6064 W System.err: at java.net.InetAddress.getAllByName(InetAddress.java:1152)
04-13 17:36:59.899 5871 6064 W System.err: at com.android.okhttp.Dns$1.lookup(Dns.java:41)
04-13 17:36:59.899 5871 6064 W System.err: at com.android.okhttp.internal.http.RouteSelector.resetNextInetSocketAddress(RouteSele ctor.java:178)
04-13 17:36:59.899 5871 6064 W System.err: at com.android.okhttp.internal.http.RouteSelector.nextProxy(RouteSelector.java:144)
04-13 17:36:59.899 5871 6064 W System.err: at com.android.okhttp.internal.http.RouteSelector.next(RouteSelector.java:86)
04-13 17:36:59.899 5871 6064 W System.err: at com.android.okhttp.internal.http.StreamAllocation.findConnection(StreamAllocation.j ava:176)
04-13 17:36:59.900 5871 6064 W System.err: at com.android.okhttp.internal.http.StreamAllocation.findHealthyConnection(StreamAlloc ation.java:128)
04-13 17:36:59.900 5871 6064 W System.err: at com.android.okhttp.internal.http.StreamAllocation.newStream(StreamAllocation.java:9 7)
04-13 17:36:59.900 5871 6064 W System.err: at com.android.okhttp.internal.http.HttpEngine.connect(HttpEngine.java:289)
04-13 17:36:59.899 5871 6064 W System.err: at java.net.Inet6AddressImpl.lookupHostByName(Inet6AddressImpl.java:156)
04-13 17:36:59.900 5871 6064 W System.err: at com.android.okhttp.internal.http.HttpEngine.sendRequest(HttpEngine.java:232)
04-13 17:36:59.899 5871 6064 W System.err: at java.net.Inet6AddressImpl.lookupAllHostAddr(Inet6AddressImpl.java:103)
04-13 17:36:59.900 5871 6064 W System.err: at com.android.okhttp.internal.huc.HttpURLConnectionImpl.execute(HttpURLConnectionImpl .java:465)
04-13 17:36:59.899 5871 6064 W System.err: at java.net.InetAddress.getAllByName(InetAddress.java:1152)
04-13 17:36:59.900 5871 6064 W System.err: at com.android.okhttp.internal.huc.HttpURLConnectionImpl.getResponse(HttpURLConnection Impl.java:411)
04-13 17:36:59.899 5871 6064 W System.err: at com.android.okhttp.Dns$1.lookup(Dns.java:41)
04-13 17:36:59.900 5871 6064 W System.err: at com.android.okhttp.internal.huc.HttpURLConnectionImpl.getInputStream(HttpURLConnect ionImpl.java:248)
04-13 17:36:59.899 5871 6064 W System.err: at com.android.okhttp.internal.http.RouteSelector.resetNextInetSocketAddress(RouteSele ctor.java:178)
04-13 17:36:59.900 5871 6064 W System.err: at com.android.okhttp.internal.huc.DelegatingHttpsURLConnection.getInputStream(Delegat ingHttpsURLConnection.java:211)
04-13 17:36:59.899 5871 6064 W System.err: at com.android.okhttp.internal.http.RouteSelector.nextProxy(RouteSelector.java:144)
04-13 17:36:59.899 5871 6064 W System.err: at com.android.okhttp.internal.http.RouteSelector.next(RouteSelector.java:86)
04-13 17:36:59.899 5871 6064 W System.err: at com.android.okhttp.internal.http.StreamAllocation.findConnection(StreamAllocation.j ava:176)
04-13 17:36:59.900 5871 6064 W System.err: at com.android.okhttp.internal.http.StreamAllocation.findHealthyConnection(StreamAlloc ation.java:128)
04-13 17:36:59.900 5871 6064 W System.err: at com.android.okhttp.internal.http.StreamAllocation.newStream(StreamAllocation.java:9 7)
04-13 17:36:59.900 5871 6064 W System.err: at com.android.okhttp.internal.http.HttpEngine.connect(HttpEngine.java:289)
04-13 17:36:59.900 5871 6064 W System.err: at com.android.okhttp.internal.http.HttpEngine.sendRequest(HttpEngine.java:232)
04-13 17:36:59.900 5871 6064 W System.err: at com.android.okhttp.internal.huc.HttpURLConnectionImpl.execute(HttpURLConnectionImpl .java:465)
04-13 17:36:59.900 5871 6064 W System.err: at com.android.okhttp.internal.huc.HttpURLConnectionImpl.getResponse(HttpURLConnection Impl.java:411)
04-13 17:36:59.900 5871 6064 W System.err: at com.android.okhttp.internal.huc.HttpURLConnectionImpl.getInputStream(HttpURLConnect ionImpl.java:248)
04-13 17:36:59.900 5871 6064 W System.err: at com.android.okhttp.internal.huc.DelegatingHttpsURLConnection.getInputStream(Delegat ingHttpsURLConnection.java:211)
04-13 17:36:59.900 5871 6064 W System.err: at com.android.okhttp.internal.huc.HttpsURLConnectionImpl.getInputStream(HttpsURLConne ctionImpl.java:30)
04-13 17:36:59.900 5871 6064 W System.err: at java.net.URL.openStream(URL.java:1072)
04-13 17:36:59.900 5871 6064 W System.err: at mbmodsd.mbmodsw.mbdialog.MBDialogMan.loadJsonFromUrl(Native Method)
04-13 17:36:59.900 5871 6064 W System.err: at mbmodsd.mbmodsw.mbdialog.MBDialogMan.access$000(Native Method)
04-13 17:36:59.901 5871 6064 W System.err: at mbmodsd.mbmodsw.mbdialog.MBDialogMan$FetchJsonTask.doInBackground(Native Method)
04-13 17:36:59.901 5871 6064 W System.err: at mbmodsd.mbmodsw.mbdialog.MBDialogMan$FetchJsonTask.doInBackground(Native Method)
04-13 17:36:59.901 5871 6064 W System.err: at android.os.AsyncTask$3.call(AsyncTask.java:394)
04-13 17:36:59.901 5871 6064 W System.err: at java.util.concurrent.FutureTask.run(FutureTask.java:264)
04-13 17:36:59.901 5871 6064 W System.err: at android.os.AsyncTask$SerialExecutor$1.run(AsyncTask.java:305)
04-13 17:36:59.901 5871 6064 W System.err: at java.util.concurrent.ThreadPoolExecutor.runWorker(ThreadPoolExecutor.java:1145)
04-13 17:36:59.901 5871 6064 W System.err: at java.util.concurrent.ThreadPoolExecutor$Worker.run(ThreadPoolExecutor.java:644)
04-13 17:36:59.901 5871 6064 W System.err: at java.lang.Thread.run(Thread.java:1012)
04-13 17:36:59.901 5871 6064 W System.err: Caused by: android.system.GaiException: android_getaddrinfo failed: EAI_NODATA (No address associated with hostname)
04-13 17:36:59.902 5871 6064 W System.err: at libcore.io.Linux.android_getaddrinfo(Native Method)
04-13 17:36:59.902 5871 6064 W System.err: at libcore.io.ForwardingOs.android_getaddrinfo(ForwardingOs.java:133)
04-13 17:36:59.902 5871 6064 W System.err: at libcore.io.BlockGuardOs.android_getaddrinfo(BlockGuardOs.java:222)
04-13 17:36:59.902 5871 6064 W System.err: at libcore.io.ForwardingOs.android_getaddrinfo(ForwardingOs.java:133)
04-13 17:36:59.902 5871 6064 W System.err: at java.net.Inet6AddressImpl.lookupHostByName(Inet6AddressImpl.java:135)
04-13 17:36:59.902 5871 6064 W System.err: ... 27 more
04-13 17:36:59.900 5871 6064 W System.err: at com.android.okhttp.internal.huc.HttpsURLConnectionImpl.getInputStream(HttpsURLConne ctionImpl.java:30)
04-13 17:36:59.900 5871 6064 W System.err: at java.net.URL.openStream(URL.java:1072)
04-13 17:36:59.900 5871 6064 W System.err: at mbmodsd.mbmodsw.mbdialog.MBDialogMan.loadJsonFromUrl(Native Method)
04-13 17:36:59.900 5871 6064 W System.err: at mbmodsd.mbmodsw.mbdialog.MBDialogMan.access$000(Native Method)
04-13 17:36:59.901 5871 6064 W System.err: at mbmodsd.mbmodsw.mbdialog.MBDialogMan$FetchJsonTask.doInBackground(Native Method)
04-13 17:36:59.901 5871 6064 W System.err: at mbmodsd.mbmodsw.mbdialog.MBDialogMan$FetchJsonTask.doInBackground(Native Method)
04-13 17:36:59.901 5871 6064 W System.err: at android.os.AsyncTask$3.call(AsyncTask.java:394)
04-13 17:36:59.901 5871 6064 W System.err: at java.util.concurrent.FutureTask.run(FutureTask.java:264)
04-13 17:36:59.901 5871 6064 W System.err: at android.os.AsyncTask$SerialExecutor$1.run(AsyncTask.java:305)
04-13 17:36:59.901 5871 6064 W System.err: at java.util.concurrent.ThreadPoolExecutor.runWorker(ThreadPoolExecutor.java:1145)
04-13 17:36:59.901 5871 6064 W System.err: at java.util.concurrent.ThreadPoolExecutor$Worker.run(ThreadPoolExecutor.java:644)
04-13 17:36:59.901 5871 6064 W System.err: at java.lang.Thread.run(Thread.java:1012)
04-13 17:36:59.901 5871 6064 W System.err: Caused by: android.system.GaiException: android_getaddrinfo failed: EAI_NODATA (No address associated with hostname)
04-13 17:36:59.902 5871 6064 W System.err: at libcore.io.Linux.android_getaddrinfo(Native Method)
04-13 17:36:59.902 5871 6064 W System.err: at libcore.io.ForwardingOs.android_getaddrinfo(ForwardingOs.java:133)
04-13 17:36:59.902 5871 6064 W System.err: at libcore.io.BlockGuardOs.android_getaddrinfo(BlockGuardOs.java:222)
04-13 17:36:59.902 5871 6064 W System.err: at libcore.io.ForwardingOs.android_getaddrinfo(ForwardingOs.java:133)
04-13 17:36:59.902 5871 6064 W System.err: at java.net.Inet6AddressImpl.lookupHostByName(Inet6AddressImpl.java:135)
04-13 17:36:59.902 5871 6064 W System.err: ... 27 more
04-13 17:37:00.096 5871 5871 W Optic-Task-Hand: type=1400 audit(0.0:76664): avc: denied { getattr } for name="/" dev="dmabuf" ino=1 scontext=u:r:untrusted_app:s0:c67,c257,c512,c768 tcontext=u:object_r:unlabeled:s0 tclass=filesystem permissive=0 app=com.mbwhatsapp
04-13 17:37:00.096 5871 5871 W Optic-Task-Hand: type=1400 audit(0.0:76664): avc: denied { getattr } for name="/" dev="dmabuf" ino=1 scontext=u:r:untrusted_app:s0:c67,c257,c512,c768 tcontext=u:object_r:unlabeled:s0 tclass=filesystem permissive=0 app=com.mbwhatsapp
04-13 17:37:00.116 5871 5871 W Optic-Task-Hand: type=1400 audit(0.0:76665): avc: denied { getattr } for name="/" dev="dmabuf" ino=1 scontext=u:r:untrusted_app:s0:c67,c257,c512,c768 tcontext=u:object_r:unlabeled:s0 tclass=filesystem permissive=0 app=com.mbwhatsapp
04-13 17:37:00.116 5871 5871 W Optic-Task-Hand: type=1400 audit(0.0:76665): avc: denied { getattr } for name="/" dev="dmabuf" ino=1 scontext=u:r:untrusted_app:s0:c67,c257,c512,c768 tcontext=u:object_r:unlabeled:s0 tclass=filesystem permissive=0 app=com.mbwhatsapp
04-13 17:37:00.136 5871 5871 W Optic-Task-Hand: type=1400 audit(0.0:76666): avc: denied { getattr } for name="/" dev="dmabuf" ino=1 scontext=u:r:untrusted_app:s0:c67,c257,c512,c768 tcontext=u:object_r:unlabeled:s0 tclass=filesystem permissive=0 app=com.mbwhatsapp
04-13 17:37:00.136 5871 5871 W Optic-Task-Hand: type=1400 audit(0.0:76666): avc: denied { getattr } for name="/" dev="dmabuf" ino=1 scontext=u:r:untrusted_app:s0:c67,c257,c512,c768 tcontext=u:object_r:unlabeled:s0 tclass=filesystem permissive=0 app=com.mbwhatsapp
04-13 17:37:00.176 5871 5871 W Optic-Task-Hand: type=1400 audit(0.0:76667): avc: denied { getattr } for name="/" dev="dmabuf" ino=1 scontext=u:r:untrusted_app:s0:c67,c257,c512,c768 tcontext=u:object_r:unlabeled:s0 tclass=filesystem permissive=0 app=com.mbwhatsapp
04-13 17:37:00.176 5871 5871 W Optic-Task-Hand: type=1400 audit(0.0:76667): avc: denied { getattr } for name="/" dev="dmabuf" ino=1 scontext=u:r:untrusted_app:s0:c67,c257,c512,c768 tcontext=u:object_r:unlabeled:s0 tclass=filesystem permissive=0 app=com.mbwhatsapp
04-13 17:37:00.228 5871 5871 W Optic-Task-Hand: type=1400 audit(0.0:76668): avc: denied { getattr } for name="/" dev="dmabuf" ino=1 scontext=u:r:untrusted_app:s0:c67,c257,c512,c768 tcontext=u:object_r:unlabeled:s0 tclass=filesystem permissive=0 app=com.mbwhatsapp
04-13 17:37:00.228 5871 5871 W Optic-Task-Hand: type=1400 audit(0.0:76668): avc: denied { getattr } for name="/" dev="dmabuf" ino=1 scontext=u:r:untrusted_app:s0:c67,c257,c512,c768 tcontext=u:object_r:unlabeled:s0 tclass=filesystem permissive=0 app=com.mbwhatsapp
04-13 17:37:00.256 5871 5871 W Optic-Task-Hand: type=1400 audit(0.0:76669): avc: denied { getattr } for name="/" dev="dmabuf" ino=1 scontext=u:r:untrusted_app:s0:c67,c257,c512,c768 tcontext=u:object_r:unlabeled:s0 tclass=filesystem permissive=0 app=com.mbwhatsapp
04-13 17:37:00.256 5871 5871 W Optic-Task-Hand: type=1400 audit(0.0:76669): avc: denied { getattr } for name="/" dev="dmabuf" ino=1 scontext=u:r:untrusted_app:s0:c67,c257,c512,c768 tcontext=u:object_r:unlabeled:s0 tclass=filesystem permissive=0 app=com.mbwhatsapp
04-13 17:37:00.383 5871 6001 E FrameEvents: updateAcquireFence: Did not find frame.
04-13 17:37:00.383 5871 6001 E FrameEvents: updateAcquireFence: Did not find frame.
04-13 17:37:01.846 5871 5871 W CheckTime: App running slow: Executing instantiate service took 338ms
04-13 17:37:03.728 5871 5871 W BottomSheetBehavior: BottomSheetBehavior now supports multiple callbacks. `setBottomSheetCallback()` removes all existing callbacks, including ones set internally by library authors, which may result in unintended behavior. This may change in the future. Please use `addBottomSheetCallback()` and `removeBottomSheetCallback()` instead to set your own callbacks.
04-13 17:37:03.947 5871 5871 E RecyclerView: No adapter attached; skipping layout
04-13 17:37:03.955 5871 5871 E RecyclerView: No adapter attached; skipping layout
04-13 17:37:04.923 5871 5883 W System : A resource failed to call close.
04-13 17:37:06.320 5871 5871 W com.mbwhatsapp: type=1400 audit(0.0:76672): avc: granted { execute } for comm=4D65646961446F776E6C6F61642023 path="/mnt/expand/5d6fb8e1-ca02-4070-8bf2-c0f3d1386f74/user/0/com.mbwhatsapp/ files/decompressed/libs.spk.zst/libstatic-webp.so" dev="dm-32" ino=56579 scontext=u:r:untrusted_app:s0:c67,c257,c512,c768 tcontext=u:object_r:app_data_file:s0:c67,c257,c512,c768 tclass=file app=com.mbwhatsapp --------- beginning of system
04-13 17:37:08.670 5871 5871 W ViewRootImpl[MediaComposerActivity]: Dropping event (paused for transition):MotionEvent { action=ACTION_DOWN, actionButton=0, id[0]=0, x[0]=76.0, y[0]=1164.0, toolType[0]=TOOL_TYPE_FINGER, buttonState=0, classification=NONE, metaState=0, flags=0x0, edgeFlags=0x0, pointerCount=1, historySize=0, eventTime=54450548, downTime=54450548, deviceId=4, source=0x1002, displayId=0, eventId=804409994 }
04-13 17:37:08.737 5871 5871 W ViewRootImpl[MediaComposerActivity]: Cancelling event (paused for transition):MotionEvent { action=ACTION_CANCEL, actionButton=0, id[0]=0, x[0]=76.0, y[0]=1164.0, toolType[0]=TOOL_TYPE_FINGER, buttonState=0, classification=NONE, metaState=0, flags=0x0, edgeFlags=0x0, pointerCount=1, historySize=0, eventTime=54450616, downTime=54450548, deviceId=4, source=0x1002, displayId=0, eventId=971464690 }
04-13 17:37:08.737 5871 5871 W ViewRootImpl[MediaComposerActivity]: Cancelling event (paused for transition):MotionEvent { action=ACTION_CANCEL, actionButton=0, id[0]=0, x[0]=76.0, y[0]=1164.0, toolType[0]=TOOL_TYPE_FINGER, buttonState=0, classification=NONE, metaState=0, flags=0x0, edgeFlags=0x0, pointerCount=1, historySize=0, eventTime=54450616, downTime=54450548, deviceId=4, source=0x1002, displayId=0, eventId=971464690 }
04-13 17:37:08.737 5871 5871 W ViewRootImpl[MediaComposerActivity]: Cancelling event (paused for transition):MotionEvent { action=ACTION_CANCEL, actionButton=0, id[0]=0, x[0]=76.0, y[0]=1164.0, toolType[0]=TOOL_TYPE_FINGER, buttonState=0, classification=NONE, metaState=0, flags=0x0, edgeFlags=0x0, pointerCount=1, historySize=0, eventTime=54450616, downTime=54450548, deviceId=4, source=0x1002, displayId=0, eventId=971464690 }
04-13 17:37:08.737 5871 5871 W ViewRootImpl[MediaComposerActivity]: Cancelling event (paused for transition):MotionEvent { action=ACTION_CANCEL, actionButton=0, id[0]=0, x[0]=76.0, y[0]=1164.0, toolType[0]=TOOL_TYPE_FINGER, buttonState=0, classification=NONE, metaState=0, flags=0x0, edgeFlags=0x0, pointerCount=1, historySize=0, eventTime=54450616, downTime=54450548, deviceId=4, source=0x1002, displayId=0, eventId=971464690 }
04-13 17:37:10.625 5871 5985 E SQLiteDatabase: Error inserting transferred=1 media_job_uuid=397a3a9b-eb7e-4935-9cd3-12acd4544308 transcoded=0 gif_attribution=0 first_scan_length=0 direct_path=/v/t62.15575- 24/35083204_942874540550715_5206924332801696253_n.enc?ccb=11-4&oh=01_ASB- fZO_ts_TQeeCG7VkxI5qyBK2do8GehAdVJHKYjDveA&oe=6641A669&_nc_sid=5e03e0 thumbnail_height_width_ratio=1.0 is_animated_sticker=0 file_hash=1A9xCdCIu5cIde3RXH0T7AZWIZ5uldWjZkY0YIVswsg= file_path=Media/MBWhatsApp Stickers/STK-20240413-WA0095.webp file_size=27430 partial_media_hash=null face_x=0 face_y=0 height=64 trim_to=0 media_key_timestamp=1712995097000 message_url=https://mmg.whatsapp.net/v/t62.15575- 24/35083204_942874540550715_5206924332801696253_n.enc?ccb=11-4&oh=01_ASB- fZO_ts_TQeeCG7VkxI5qyBK2do8GehAdVJHKYjDveA&oe=6641A669&_nc_sid=5e03e0&mms3=true media_caption=null trim_from=0 mime_type=image/webp partial_media_enc_hash=null width=64 original_file_hash=null has_streaming_sidecar=0 autotransfer_retry_enabled=1 media_upload_handle=null message_row_id=55570 multicast_id=null enc_file_hash=Qw8bsfEOeODVVLZij3nwkAdyAflizx8y+oAvSmsTQFA= mute_video=0 page_count=0 first_scan_sidecar=null suspicious_content=0 file_length=27430 media_name=null media_duration=0 chat_row_id=386 media_key=[B@61dc4bf
04-13 17:37:10.625 5871 5985 E SQLiteDatabase: android.database.sqlite.SQLiteConstraintException: UNIQUE constraint failed: message_media.message_row_id (code 1555 SQLITE_CONSTRAINT_PRIMARYKEY)
04-13 17:37:10.625 5871 5985 E SQLiteDatabase: at android.database.sqlite.SQLiteConnection.nativeExecuteForLastInsertedRowId(Native Method)
04-13 17:37:10.625 5871 5985 E SQLiteDatabase: at android.database.sqlite.SQLiteConnection.executeForLastInsertedRowId(SQLiteConnecti on.java:940)
04-13 17:37:10.625 5871 5985 E SQLiteDatabase: at android.database.sqlite.SQLiteSession.executeForLastInsertedRowId(SQLiteSession.jav a:790)
04-13 17:37:10.625 5871 5985 E SQLiteDatabase: at android.database.sqlite.SQLiteStatement.executeInsert(SQLiteStatement.java:89)
04-13 17:37:10.625 5871 5985 E SQLiteDatabase: at android.database.sqlite.SQLiteDatabase.insertWithOnConflict(SQLiteDatabase.java:170 2)
04-13 17:37:10.625 5871 5985 E SQLiteDatabase: at android.database.sqlite.SQLiteDatabase.insert(SQLiteDatabase.java:1571)
04-13 17:37:10.625 5871 5985 E SQLiteDatabase: at X.2tm.A08(Unknown Source:6)
04-13 17:37:10.625 5871 5985 E SQLiteDatabase: at X.35Y.A07(Unknown Source:212)
04-13 17:37:10.625 5871 5985 E SQLiteDatabase: at X.3QF.A14(Unknown Source:470)
04-13 17:37:10.625 5871 5985 E SQLiteDatabase: at X.3gU.run(Unknown Source:982)
04-13 17:37:10.625 5871 5985 E SQLiteDatabase: at android.os.Handler.handleCallback(Handler.java:938)
04-13 17:37:10.625 5871 5985 E SQLiteDatabase: at android.os.Handler.dispatchMessage(Handler.java:99)
04-13 17:37:10.625 5871 5985 E SQLiteDatabase: at X.0zq.dispatchMessage(Unknown Source:4)
04-13 17:37:10.625 5871 5985 E SQLiteDatabase: at android.os.Looper.loopOnce(Looper.java:201)
04-13 17:37:10.625 5871 5985 E SQLiteDatabase: at android.os.Looper.loop(Looper.java:288)
04-13 17:37:10.625 5871 5985 E SQLiteDatabase: at android.os.HandlerThread.run(HandlerThread.java:67)
04-13 17:37:10.825 5871 5883 W System : A resource failed to call close.
04-13 17:37:13.189 5871 5985 E SQLiteDatabase: Error inserting transferred=1 media_job_uuid=bdd21d4e-5370-4018-a745-4f3e1da6f6f5 transcoded=0 gif_attribution=0 first_scan_length=0 direct_path=/v/t62.15575- 24/32412612_329617920133780_6315145718397933542_n.enc?ccb=11- 4&oh=01_ASBnUMKlGE4WjBR3PygkpUMMsCCvGtJWBbvPFSn6Cw6QXg&oe=6641AB4E&_nc_sid=5e03e0 thumbnail_height_width_ratio=1.0 is_animated_sticker=0 file_hash=eClAl8po92i3+uxfDCK5UCZmxPAaZ+aOQFPvhlhIcgg= file_path=Media/MBWhatsApp Stickers/STK-20240412-WA0206.webp file_size=0 partial_media_hash=null face_x=0 face_y=0 height=64 trim_to=0 media_key_timestamp=1712928250000 message_url=https://mmg.whatsapp.net/v/t62.15575- 24/32412612_329617920133780_6315145718397933542_n.enc?ccb=11- 4&oh=01_ASBnUMKlGE4WjBR3PygkpUMMsCCvGtJWBbvPFSn6Cw6QXg&oe=6641AB4E&_nc_sid=5e03e0&m ms3=true media_caption=null trim_from=0 mime_type=image/webp partial_media_enc_hash=null width=64 original_file_hash=null has_streaming_sidecar=0 autotransfer_retry_enabled=1 media_upload_handle=null message_row_id=55601 multicast_id=null enc_file_hash=di/XCA+Pn4Oab6htsMhPDqz/9vqj7R95Ws9VKysrHzc= mute_video=0 page_count=0 first_scan_sidecar=null suspicious_content=0 file_length=14106 media_name=null media_duration=0 chat_row_id=37 media_key=[B@c76d463
04-13 17:37:13.189 5871 5985 E SQLiteDatabase: android.database.sqlite.SQLiteConstraintException: UNIQUE constraint failed: message_media.message_row_id (code 1555 SQLITE_CONSTRAINT_PRIMARYKEY)
04-13 17:37:13.189 5871 5985 E SQLiteDatabase: at android.database.sqlite.SQLiteConnection.nativeExecuteForLastInsertedRowId(Native Method)
04-13 17:37:13.189 5871 5985 E SQLiteDatabase: at android.database.sqlite.SQLiteConnection.executeForLastInsertedRowId(SQLiteConnecti on.java:940)
04-13 17:37:13.189 5871 5985 E SQLiteDatabase: at android.database.sqlite.SQLiteSession.executeForLastInsertedRowId(SQLiteSession.jav a:790)
04-13 17:37:13.189 5871 5985 E SQLiteDatabase: at android.database.sqlite.SQLiteStatement.executeInsert(SQLiteStatement.java:89)
04-13 17:37:13.189 5871 5985 E SQLiteDatabase: at android.database.sqlite.SQLiteDatabase.insertWithOnConflict(SQLiteDatabase.java:170 2)
04-13 17:37:13.189 5871 5985 E SQLiteDatabase: at android.database.sqlite.SQLiteDatabase.insert(SQLiteDatabase.java:1571)
04-13 17:37:13.189 5871 5985 E SQLiteDatabase: at X.2tm.A08(Unknown Source:6)
04-13 17:37:13.189 5871 5985 E SQLiteDatabase: at X.35Y.A07(Unknown Source:212)
04-13 17:37:13.189 5871 5985 E SQLiteDatabase: at X.3QF.A14(Unknown Source:470)
04-13 17:37:13.189 5871 5985 E SQLiteDatabase: at X.3gU.run(Unknown Source:982)
04-13 17:37:13.189 5871 5985 E SQLiteDatabase: at android.os.Handler.handleCallback(Handler.java:938)
04-13 17:37:13.189 5871 5985 E SQLiteDatabase: at android.os.Handler.dispatchMessage(Handler.java:99)
04-13 17:37:13.189 5871 5985 E SQLiteDatabase: at X.0zq.dispatchMessage(Unknown Source:4)
04-13 17:37:13.189 5871 5985 E SQLiteDatabase: at android.os.Looper.loopOnce(Looper.java:201)
04-13 17:37:13.189 5871 5985 E SQLiteDatabase: at android.os.Looper.loop(Looper.java:288)
04-13 17:37:13.189 5871 5985 E SQLiteDatabase: at android.os.HandlerThread.run(HandlerThread.java:67)
04-13 17:37:14.843 5871 5871 W Bitmap : Called getWidth() on a recycle()'d bitmap! This is undefined behavior!
04-13 17:37:14.843 5871 5871 W Bitmap : Called getHeight() on a recycle()'d bitmap! This is undefined behavior!
04-13 17:37:14.843 5871 5871 W Bitmap : Called getWidth() on a recycle()'d bitmap! This is undefined behavior!
04-13 17:37:14.843 5871 5871 W Bitmap : Called getHeight() on a recycle()'d bitmap! This is undefined behavior!
04-13 17:37:14.843 5871 5871 W Bitmap : Called getWidth() on a recycle()'d bitmap! This is undefined behavior!
04-13 17:37:14.843 5871 5871 W Bitmap : Called getHeight() on a recycle()'d bitmap! This is undefined behavior!
04-13 17:37:15.873 5871 5985 E SQLiteDatabase: Error inserting transferred=1 media_job_uuid=d0165a1a-7371-4b9b-8d83-ef84c306ae04 transcoded=0 gif_attribution=0 first_scan_length=5943 direct_path=/o1/v/t62.7118-24/f1/m233/up-oil-image-36eacf4c- 24a8-4a50-bcb4-fb24887d3d38?ccb=9- 4&oh=01_ASA8UmVfbYIsczb6AOIYkL__Orw7uxqQrZrs5tZgUa_vuQ&oe=6641A337&_nc_sid=000000 thumbnail_height_width_ratio=0.44444445 is_animated_sticker=0 file_hash=d6hNIEnfLj80GU+I/ahSx6qvqRGEeLQXIM7AVpyzEls= file_path=/mnt/expand/5d6fb8e1-ca02-4070-8bf2-c0f3d1386f74/user/0/com.mbwhatsapp/ files/ViewOnce/IMG-luxyqc66.jpg file_size=41626 partial_media_hash=NiimYFmfH5ABVedOwES86j5q9YwqPHdks42GxRWmq3I= face_x=0 face_y=0 height=576 trim_to=0 media_key_timestamp=1712996101000 message_url=https://mmg.whatsapp.net/o1/v/t62.7118-24/f1/m233/up-oil-image- 36eacf4c-24a8-4a50-bcb4-fb24887d3d38?ccb=9- 4&oh=01_ASA8UmVfbYIsczb6AOIYkL__Orw7uxqQrZrs5tZgUa_vuQ&oe=6641A337&_nc_sid=000000&m ms3=true media_caption=null trim_from=0 mime_type=image/jpeg partial_media_enc_hash=null width=1280 original_file_hash=null has_streaming_sidecar=1 autotransfer_retry_enabled=1 media_upload_handle=null message_row_id=55615 multicast_id=null enc_file_hash=4X3DjmxgMfSgMJkINB4+1ldc415CW5Ap0Q223kRyCe8= mute_video=0 page_count=0 first_scan_sidecar=[B@3bf6562 suspicious_content=0 file_length=41626 media_name=null media_duration=0 chat_row_id=500 media_key=[B@52e36f3
04-13 17:37:15.873 5871 5985 E SQLiteDatabase: android.database.sqlite.SQLiteConstraintException: UNIQUE constraint failed: message_media.message_row_id (code 1555 SQLITE_CONSTRAINT_PRIMARYKEY)
04-13 17:37:15.873 5871 5985 E SQLiteDatabase: at android.database.sqlite.SQLiteConnection.nativeExecuteForLastInsertedRowId(Native Method)
04-13 17:37:15.873 5871 5985 E SQLiteDatabase: at android.database.sqlite.SQLiteConnection.executeForLastInsertedRowId(SQLiteConnecti on.java:940)
04-13 17:37:15.873 5871 5985 E SQLiteDatabase: at android.database.sqlite.SQLiteSession.executeForLastInsertedRowId(SQLiteSession.jav a:790)
04-13 17:37:15.873 5871 5985 E SQLiteDatabase: at android.database.sqlite.SQLiteStatement.executeInsert(SQLiteStatement.java:89)
04-13 17:37:15.873 5871 5985 E SQLiteDatabase: at android.database.sqlite.SQLiteDatabase.insertWithOnConflict(SQLiteDatabase.java:170 2)
04-13 17:37:15.873 5871 5985 E SQLiteDatabase: at android.database.sqlite.SQLiteDatabase.insert(SQLiteDatabase.java:1571)
04-13 17:37:15.873 5871 5985 E SQLiteDatabase: at X.2tm.A08(Unknown Source:6)
04-13 17:37:15.873 5871 5985 E SQLiteDatabase: at X.35Y.A07(Unknown Source:212)
04-13 17:37:15.873 5871 5985 E SQLiteDatabase: at X.3QF.A14(Unknown Source:470)
04-13 17:37:15.873 5871 5985 E SQLiteDatabase: at X.3gU.run(Unknown Source:982)
04-13 17:37:15.873 5871 5985 E SQLiteDatabase: at android.os.Handler.handleCallback(Handler.java:938)
04-13 17:37:15.873 5871 5985 E SQLiteDatabase: at android.os.Handler.dispatchMessage(Handler.java:99)
04-13 17:37:15.873 5871 5985 E SQLiteDatabase: at X.0zq.dispatchMessage(Unknown Source:4)
04-13 17:37:15.873 5871 5985 E SQLiteDatabase: at android.os.Looper.loopOnce(Looper.java:201)
04-13 17:37:15.873 5871 5985 E SQLiteDatabase: at android.os.Looper.loop(Looper.java:288)
04-13 17:37:15.873 5871 5985 E SQLiteDatabase: at android.os.HandlerThread.run(HandlerThread.java:67)
04-13 17:37:15.877 5871 5871 E ArmVmp : Match on catch block at 0x0a in for 0x759c948035
04-13 17:37:15.881 5871 5871 E ArmVmp : Match on catch block at 0x0a in for 0x759c948035
04-13 17:37:15.980 5871 5985 E SQLiteDatabase: Error inserting transferred=0 media_job_uuid=e17f70c4-069d-48fe-91c6-984fc56061ee transcoded=1 gif_attribution=0 first_scan_length=0 direct_path=null thumbnail_height_width_ratio=0.75 is_animated_sticker=0 file_hash=null file_path=/mnt/expand/5d6fb8e1-ca02-4070-8bf2- c0f3d1386f74/user/0/com.mbwhatsapp/files/.Shared/915fc677-972d-48ff-bb78- 242cdf7eaf89.jpg file_size=33386 partial_media_hash=null face_x=0 face_y=0 height=543 trim_to=0 media_key_timestamp=0 message_url=null media_caption=null trim_from=0 mime_type=null partial_media_enc_hash=null width=720 original_file_hash=TcX3v6w0xxVoV7xvzKkTyCOv3mAiaYyiK9GkP4bp1aQ= has_streaming_sidecar=0 autotransfer_retry_enabled=1 media_upload_handle=null message_row_id=55636 multicast_id=null enc_file_hash=null mute_video=0 page_count=0 first_scan_sidecar=null suspicious_content=0 file_length=33386 media_name=915fc677- 972d-48ff-bb78-242cdf7eaf89.jpg media_duration=0 chat_row_id=572 media_key=null
04-13 17:37:15.980 5871 5985 E SQLiteDatabase: android.database.sqlite.SQLiteConstraintException: UNIQUE constraint failed: message_media.message_row_id (code 1555 SQLITE_CONSTRAINT_PRIMARYKEY)
04-13 17:37:15.980 5871 5985 E SQLiteDatabase: at android.database.sqlite.SQLiteConnection.nativeExecuteForLastInsertedRowId(Native Method)
04-13 17:37:15.980 5871 5985 E SQLiteDatabase: at android.database.sqlite.SQLiteConnection.executeForLastInsertedRowId(SQLiteConnecti on.java:940)
04-13 17:37:15.980 5871 5985 E SQLiteDatabase: at android.database.sqlite.SQLiteSession.executeForLastInsertedRowId(SQLiteSession.jav a:790)
04-13 17:37:15.980 5871 5985 E SQLiteDatabase: at android.database.sqlite.SQLiteStatement.executeInsert(SQLiteStatement.java:89)
04-13 17:37:15.980 5871 5985 E SQLiteDatabase: at android.database.sqlite.SQLiteDatabase.insertWithOnConflict(SQLiteDatabase.java:170 2)
04-13 17:37:15.980 5871 5985 E SQLiteDatabase: at android.database.sqlite.SQLiteDatabase.insert(SQLiteDatabase.java:1571)
04-13 17:37:15.980 5871 5985 E SQLiteDatabase: at X.2tm.A08(Unknown Source:6)
04-13 17:37:15.980 5871 5985 E SQLiteDatabase: at X.35Y.A07(Unknown Source:212)
04-13 17:37:15.980 5871 5985 E SQLiteDatabase: at X.3QF.A14(Unknown Source:470)
04-13 17:37:15.980 5871 5985 E SQLiteDatabase: at X.3gU.run(Unknown Source:982)
04-13 17:37:15.980 5871 5985 E SQLiteDatabase: at android.os.Handler.handleCallback(Handler.java:938)
04-13 17:37:15.980 5871 5985 E SQLiteDatabase: at android.os.Handler.dispatchMessage(Handler.java:99)
04-13 17:37:15.980 5871 5985 E SQLiteDatabase: at X.0zq.dispatchMessage(Unknown Source:4)
04-13 17:37:15.980 5871 5985 E SQLiteDatabase: at android.os.Looper.loopOnce(Looper.java:201)
04-13 17:37:15.980 5871 5985 E SQLiteDatabase: at android.os.Looper.loop(Looper.java:288)
04-13 17:37:15.980 5871 5985 E SQLiteDatabase: at android.os.HandlerThread.run(HandlerThread.java:67)
04-13 17:37:16.027 5871 6869 W ziparchive: Unable to open '/data/user_de/0/com.google.android.gms/app_chimera/m/000001ee/DynamiteLoader.dm': No such file or directory
04-13 17:37:16.027 5871 6869 W ziparchive: Unable to open '/data/user_de/0/com.google.android.gms/app_chimera/m/000001ee/DynamiteLoader.dm': No such file or directory
04-13 17:37:16.055 5871 5871 E ArmVmp : Match on catch block at 0xc3 in for 0x759c948025
04-13 17:37:16.060 5871 6869 W System : ClassLoader referenced unknown path:
04-13 17:37:16.073 5871 6869 W ziparchive: Unable to open '/data/user_de/0/com.google.android.gms/app_chimera/m/000001ed/CronetDynamite.dm': No such file or directory
04-13 17:37:16.073 5871 6869 W ziparchive: Unable to open '/data/user_de/0/com.google.android.gms/app_chimera/m/000001ed/CronetDynamite.dm': No such file or directory
04-13 17:37:16.074 5871 5871 E ArmVmp : Match on catch block at 0xc3 in for 0x759c948025
04-13 17:37:16.141 5871 5871 E ArmVmp : Match on catch block at 0xc3 in for 0x759c948025
04-13 17:37:16.145 5871 5871 E ArmVmp : Match on catch block at 0xc3 in for 0x759c948025
04-13 17:37:16.207 5871 5871 E ArmVmp : Match on catch block at 0xc3 in for 0x759c948025
04-13 17:37:16.210 5871 5871 E ArmVmp : Match on catch block at 0xc3 in for 0x759c948025
04-13 17:37:16.244 5871 5871 E ArmVmp : Match on catch block at 0xc3 in for 0x759c948025
04-13 17:37:16.248 5871 5871 E ArmVmp : Match on catch block at 0xc3 in for 0x759c948025
04-13 17:37:16.266 5871 5871 E ArmVmp : Match on catch block at 0xc3 in for 0x759c948025
04-13 17:37:16.269 5871 5871 E ArmVmp : Match on catch block at 0xc3 in for 0x759c948025
04-13 17:37:16.283 5871 5871 E ArmVmp : Match on catch block at 0xc3 in for 0x759c948025
04-13 17:37:16.285 5871 5871 E ArmVmp : Match on catch block at 0xc3 in for 0x759c948025
04-13 17:37:16.299 5871 5871 E ArmVmp : Match on catch block at 0xc3 in for 0x759c948025
04-13 17:37:16.301 5871 5871 E ArmVmp : Match on catch block at 0xc3 in for 0x759c948025
04-13 17:37:16.333 5871 5871 E ArmVmp : Match on catch block at 0xc3 in for 0x759c948025
04-13 17:37:16.335 5871 5871 E ArmVmp : Match on catch block at 0xc3 in for 0x759c948025
04-13 17:37:16.349 5871 5871 E ArmVmp : Match on catch block at 0xc3 in for 0x759c948025
04-13 17:37:16.352 5871 5871 E ArmVmp : Match on catch block at 0xc3 in for 0x759c948025
04-13 17:37:16.547 5871 5871 W BottomSheetBehavior: BottomSheetBehavior now supports multiple callbacks. `setBottomSheetCallback()` removes all existing callbacks, including ones set internally by library authors, which may result in unintended behavior. This may change in the future. Please use `addBottomSheetCallback()` and `removeBottomSheetCallback()` instead to set your own callbacks.
04-13 17:37:16.715 5871 5871 E ArmVmp : Match on catch block at 0xc3 in for 0x759c948025
04-13 17:37:16.719 5871 5871 E ArmVmp : Match on catch block at 0xc3 in for 0x759c948025
04-13 17:37:16.731 5871 5871 E ArmVmp : Match on catch block at 0xc3 in for 0x759c948025
04-13 17:37:16.734 5871 5871 E ArmVmp : Match on catch block at 0xc3 in for 0x759c948025
04-13 17:37:16.748 5871 5871 E ArmVmp : Match on catch block at 0xc3 in for 0x759c948025
04-13 17:37:16.750 5871 5871 E ArmVmp : Match on catch block at 0xc3 in for 0x759c948025
04-13 17:37:16.804 5871 5871 E ArmVmp : Match on catch block at 0xc3 in for 0x759c948025
04-13 17:37:16.808 5871 5871 E ArmVmp : Match on catch block at 0xc3 in for 0x759c948025
04-13 17:37:16.815 5871 5871 E ArmVmp : Match on catch block at 0xc3 in for 0x759c948025
04-13 17:37:16.820 5871 5871 E ArmVmp : Match on catch block at 0xc3 in for 0x759c948025
04-13 17:37:16.831 5871 5871 E ArmVmp : Match on catch block at 0xc3 in for 0x759c948025
04-13 17:37:16.834 5871 5871 E ArmVmp : Match on catch block at 0xc3 in for 0x759c948025
04-13 17:37:16.862 5871 5871 E ArmVmp : Match on catch block at 0xc3 in for 0x759c948025
04-13 17:37:16.864 5871 5871 E ArmVmp : Match on catch block at 0xc3 in for 0x759c948025
04-13 17:37:16.887 5871 5871 E ArmVmp : Match on catch block at 0xc3 in for 0x759c948025
04-13 17:37:16.893 5871 5871 E ArmVmp : Match on catch block at 0xc3 in for 0x759c948025
04-13 17:37:16.985 5871 5871 E ArmVmp : Match on catch block at 0xc3 in for 0x759c948025
04-13 17:37:16.988 5871 5871 E ArmVmp : Match on catch block at 0xc3 in for 0x759c948025
04-13 17:37:16.998 5871 6874 E chromium: [0413/173716.997840:ERROR:cronet_context.cc(158)] Invalid QUIC hint host: .whatsapp.com
