05-28 16:05:53.998 32371 1825 V IJKMEDIA: stream 0, sample 282, dts 9366667
05-28 16:05:53.998 32371 1825 V IJKMEDIA: stream 1, sample 391, dts 9079002
05-28 16:05:53.998 32371 1825 V IJKMEDIA: stream 0, sample 283, dts 9400000
05-28 16:05:53.998 32371 1825 V IJKMEDIA: stream 1, sample 391, dts 9079002
05-28 16:05:53.998 32371 1825 V IJKMEDIA: stream 0, sample 284, dts 9433333
05-28 16:05:53.998 32371 1825 V IJKMEDIA: stream 1, sample 391, dts 9079002
05-28 16:05:53.998 32371 1825 V IJKMEDIA: stream 0, sample 285, dts 9466667
05-28 16:05:53.998 32371 1825 V IJKMEDIA: stream 1, sample 391, dts 9079002
05-28 16:05:53.998 32371 1825 V IJKMEDIA: stream 0, sample 285, dts 9466667
05-28 16:05:53.998 32371 1825 V IJKMEDIA: stream 1, sample 392, dts 9102222
05-28 16:05:53.998 32371 1825 V IJKMEDIA: stream 0, sample 285, dts 9466667
05-28 16:05:53.998 32371 1825 V IJKMEDIA: stream 1, sample 393, dts 9125442
05-28 16:05:53.998 32371 1825 V IJKMEDIA: stream 0, sample 285, dts 9466667
05-28 16:05:53.998 32371 1825 V IJKMEDIA: stream 1, sample 394, dts 9148662
05-28 16:05:53.998 32371 1825 V IJKMEDIA: stream 0, sample 285, dts 9466667
05-28 16:05:53.998 32371 1825 V IJKMEDIA: stream 1, sample 395, dts 9171882
05-28 16:05:53.998 32371 1825 V IJKMEDIA: stream 0, sample 285, dts 9466667
05-28 16:05:53.998 32371 1825 V IJKMEDIA: stream 1, sample 396, dts 9195102
05-28 16:05:53.998 32371 1825 V IJKMEDIA: stream 0, sample 285, dts 9466667
05-28 16:05:53.998 32371 1825 V IJKMEDIA: stream 1, sample 397, dts 9218322
05-28 16:05:53.998 32371 1825 V IJKMEDIA: stream 0, sample 285, dts 9466667
05-28 16:05:53.998 32371 1825 V IJKMEDIA: stream 1, sample 398, dts 9241542
05-28 16:05:53.998 32371 1825 V IJKMEDIA: stream 0, sample 285, dts 9466667
05-28 16:05:53.998 32371 1825 V IJKMEDIA: stream 1, sample 399, dts 9264762
05-28 16:05:53.998 32371 1825 V IJKMEDIA: stream 0, sample 285, dts 9466667
05-28 16:05:53.998 32371 1825 V IJKMEDIA: stream 1, sample 400, dts 9287982
05-28 16:05:53.998 32371 1825 V IJKMEDIA: stream 0, sample 285, dts 9466667
05-28 16:05:53.998 32371 1825 V IJKMEDIA: stream 1, sample 401, dts 9311202
05-28 16:05:53.998 32371 1825 V IJKMEDIA: stream 0, sample 285, dts 9466667
05-28 16:05:53.998 32371 1825 V IJKMEDIA: stream 1, sample 402, dts 9334422
05-28 16:05:53.998 32371 1825 V IJKMEDIA: stream 0, sample 285, dts 9466667
05-28 16:05:53.998 32371 1825 V IJKMEDIA: stream 1, sample 403, dts 9357642
05-28 16:05:53.998 32371 1825 V IJKMEDIA: stream 0, sample 285, dts 9466667
05-28 16:05:53.998 32371 1825 V IJKMEDIA: stream 1, sample 404, dts 9380862
05-28 16:05:53.998 32371 1825 V IJKMEDIA: stream 0, sample 285, dts 9466667
05-28 16:05:53.998 32371 1825 V IJKMEDIA: stream 1, sample 405, dts 9404082
05-28 16:05:53.998 32371 1825 V IJKMEDIA: stream 0, sample 285, dts 9466667
05-28 16:05:53.998 32371 1825 V IJKMEDIA: stream 1, sample 406, dts 9427302
05-28 16:05:53.998 32371 1825 V IJKMEDIA: stream 0, sample 285, dts 9466667
05-28 16:05:53.998 32371 1825 V IJKMEDIA: stream 1, sample 407, dts 9450522
05-28 16:05:53.998 32371 1825 V IJKMEDIA: stream 0, sample 285, dts 9466667
05-28 16:05:53.998 32371 1825 V IJKMEDIA: stream 1, sample 408, dts 9473741
05-28 16:05:53.998 32371 1825 V IJKMEDIA: stream 0, sample 285, dts 9466667
05-28 16:05:53.998 32371 1825 V IJKMEDIA: stream 1, sample 409, dts 9496961
05-28 16:05:53.998 32371 1825 V IJKMEDIA: stream 0, sample 285, dts 9466667
05-28 16:05:53.998 32371 1825 V IJKMEDIA: stream 1, sample 410, dts 9520181
05-28 16:05:53.998 32371 1825 V IJKMEDIA: stream 0, sample 285, dts 9466667
05-28 16:05:53.998 32371 1825 V IJKMEDIA: stream 1, sample 411, dts 9543401
05-28 16:05:53.998 32371 1825 V IJKMEDIA: stream 0, sample 286, dts 9500000
05-28 16:05:53.998 32371 1825 V IJKMEDIA: stream 1, sample 411, dts 9543401
05-28 16:05:53.999 32371 1825 V IJKMEDIA: stream 0, sample 287, dts 9533333
05-28 16:05:53.999 32371 1825 V IJKMEDIA: stream 1, sample 411, dts 9543401
05-28 16:05:53.999 32371 1825 V IJKMEDIA: stream 0, sample 288, dts 9566667
05-28 16:05:53.999 32371 1825 V IJKMEDIA: stream 1, sample 411, dts 9543401
05-28 16:05:53.999 32371 1825 V IJKMEDIA: stream 0, sample 289, dts 9600000
05-28 16:05:53.999 32371 1825 V IJKMEDIA: stream 1, sample 411, dts 9543401
05-28 16:05:53.999 32371 1825 V IJKMEDIA: stream 0, sample 290, dts 9633333
05-28 16:05:53.999 32371 1825 V IJKMEDIA: stream 1, sample 411, dts 9543401
05-28 16:05:53.999 32371 1825 V IJKMEDIA: stream 0, sample 291, dts 9666667
05-28 16:05:53.999 32371 1825 V IJKMEDIA: stream 1, sample 411, dts 9543401
05-28 16:05:53.999 32371 1825 V IJKMEDIA: stream 0, sample 292, dts 9700000
05-28 16:05:53.999 32371 1825 V IJKMEDIA: stream 1, sample 411, dts 9543401
05-28 16:05:53.999 32371 1825 V IJKMEDIA: stream 0, sample 293, dts 9733333
05-28 16:05:53.999 32371 1825 V IJKMEDIA: stream 1, sample 411, dts 9543401
05-28 16:05:53.999 32371 1825 V IJKMEDIA: stream 0, sample 294, dts 9766667
05-28 16:05:53.999 32371 1825 V IJKMEDIA: stream 1, sample 411, dts 9543401
05-28 16:05:53.999 32371 1825 V IJKMEDIA: stream 0, sample 295, dts 9800000
05-28 16:05:53.999 32371 1825 V IJKMEDIA: stream 1, sample 411, dts 9543401
05-28 16:05:53.999 32371 1825 V IJKMEDIA: stream 0, sample 296, dts 9833333
05-28 16:05:53.999 32371 1825 V IJKMEDIA: stream 1, sample 411, dts 9543401
05-28 16:05:53.999 32371 1825 V IJKMEDIA: stream 0, sample 297, dts 9866667
05-28 16:05:53.999 32371 1825 V IJKMEDIA: stream 1, sample 411, dts 9543401
05-28 16:05:53.999 32371 1825 V IJKMEDIA: stream 0, sample 298, dts 9900000
05-28 16:05:53.999 32371 1825 V IJKMEDIA: stream 1, sample 411, dts 9543401
05-28 16:05:53.999 32371 1895 D IJKMEDIA: Video: first frame decoded
05-28 16:05:53.999 32371 1815 D IJKMEDIA: FFP_MSG_VIDEO_DECODED_START:
05-28 16:05:53.999 32371 1825 V IJKMEDIA: stream 0, sample 299, dts 9933333
05-28 16:05:53.999 32371 1825 V IJKMEDIA: stream 1, sample 411, dts 9543401
05-28 16:05:53.999 32371 1825 V IJKMEDIA: stream 0, sample 299, dts 9933333
05-28 16:05:53.999 32371 1825 V IJKMEDIA: stream 1, sample 412, dts 9566621
05-28 16:05:53.999 32371 1825 V IJKMEDIA: stream 0, sample 299, dts 9933333
05-28 16:05:53.999 32371 1825 V IJKMEDIA: stream 1, sample 413, dts 9589841
05-28 16:05:54.000 32371 1844 D IJKMEDIA: nal_unit_type: 1, nal_ref_idc: 2
05-28 16:05:54.000 32371 1815 D IJKMEDIA: FFP_MSG_VIDEO_SIZE_CHANGED: 1280, 590
05-28 16:05:54.000 32371 1895 D IJKMEDIA: SDL_VoutFFmpeg_CreateOverlay(w=1280,
h=590, fmt=RV32(0x32335652, dp=0x9df8d740)
05-28 16:05:54.000 32371 1825 V IJKMEDIA: stream 0, sample 299, dts 9933333
05-28 16:05:54.000 32371 1829 I AudioTrack: AudioTrack::setVolume L:0.000000
R:0.000000 and the pakage is com.sosomod.freegame
05-28 16:05:54.000 32371 1825 V IJKMEDIA: stream 1, sample 414, dts 9613061
05-28 16:05:54.000 32371 1825 V IJKMEDIA: stream 0, sample 299, dts 9933333
05-28 16:05:54.000 32371 1825 V IJKMEDIA: stream 1, sample 415, dts 9636281
05-28 16:05:54.000 32371 1825 V IJKMEDIA: stream 0, sample 299, dts 9933333
05-28 16:05:54.000 32371 1829 D IJKMEDIA: Using fltp internally between filters
05-28 16:05:54.000 32371 1829 D IJKMEDIA: avcodec/Audio: first frame decoded
05-28 16:05:54.000 32371 1825 V IJKMEDIA: stream 1, sample 416, dts 9659501
05-28 16:05:54.000 32371 1815 D IJKMEDIA: FFP_MSG_AUDIO_DECODED_START:
05-28 16:05:54.000 32371 1825 V IJKMEDIA: stream 0, sample 299, dts 9933333
05-28 16:05:54.000 32371 1825 V IJKMEDIA: stream 1, sample 417, dts 9682721
05-28 16:05:54.001 32371 1825 V IJKMEDIA: stream 0, sample 299, dts 9933333
05-28 16:05:54.001 32371 1815 D IJKMEDIA: FFP_MSG_AUDIO_RENDERING_START:
05-28 16:05:54.001 32371 1825 V IJKMEDIA: stream 1, sample 418, dts 9705941
05-28 16:05:54.001 32371 1825 V IJKMEDIA: stream 0, sample 299, dts 9933333
05-28 16:05:54.001 32371 1825 V IJKMEDIA: stream 1, sample 419, dts 9729161
05-28 16:05:54.001 32371 1825 V IJKMEDIA: stream 0, sample 299, dts 9933333
05-28 16:05:54.001 32371 1825 V IJKMEDIA: stream 1, sample 420, dts 9752381
05-28 16:05:54.001 32371 1825 V IJKMEDIA: stream 0, sample 299, dts 9933333
05-28 16:05:54.001 32371 1825 V IJKMEDIA: stream 1, sample 421, dts 9775601
05-28 16:05:54.001 32371 1825 V IJKMEDIA: stream 0, sample 299, dts 9933333
05-28 16:05:54.001 32371 1825 V IJKMEDIA: stream 1, sample 422, dts 9798821
05-28 16:05:54.001 32371 1825 V IJKMEDIA: stream 0, sample 299, dts 9933333
05-28 16:05:54.001 32371 1825 V IJKMEDIA: stream 1, sample 423, dts 9822041
05-28 16:05:54.001 32371 1825 V IJKMEDIA: stream 0, sample 299, dts 9933333
05-28 16:05:54.001 32371 1825 V IJKMEDIA: stream 1, sample 424, dts 9845261
05-28 16:05:54.001 32371 1825 V IJKMEDIA: stream 0, sample 299, dts 9933333
05-28 16:05:54.001 32371 1825 V IJKMEDIA: stream 1, sample 425, dts 9868481
05-28 16:05:54.001 32371 1825 V IJKMEDIA: stream 0, sample 299, dts 9933333
05-28 16:05:54.001 32371 1825 V IJKMEDIA: stream 1, sample 426, dts 9891701
05-28 16:05:54.001 32371 1825 V IJKMEDIA: stream 0, sample 299, dts 9933333
05-28 16:05:54.001 32371 1825 V IJKMEDIA: stream 1, sample 427, dts 9914921
05-28 16:05:54.001 32371 1825 V IJKMEDIA: stream 0, sample 299, dts 9933333
05-28 16:05:54.001 32371 1825 V IJKMEDIA: stream 1, sample 428, dts 9938141
05-28 16:05:54.001 32371 1825 V IJKMEDIA: stream 0, sample 299, dts 9933333
05-28 16:05:54.001 32371 1825 V IJKMEDIA: stream 1, sample 429, dts 9961361
05-28 16:05:54.001 32371 1825 V IJKMEDIA: stream 0, sample 299, dts 9933333
05-28 16:05:54.001 32371 1825 V IJKMEDIA: stream 1, sample 430, dts 9984580
05-28 16:05:54.001 32371 1825 V IJKMEDIA: stream 0, sample 299, dts 9933333
05-28 16:05:54.001 32371 1825 V IJKMEDIA: stream 1, sample 431, dts 10007800
05-28 16:05:54.001 32371 1825 V IJKMEDIA: stream 0, sample 300, dts 9966667
05-28 16:05:54.002 32371 1825 V IJKMEDIA: stream 1, sample 431, dts 10007800
05-28 16:05:54.002 32371 1825 V IJKMEDIA: stream 0, sample 301, dts 10000000
05-28 16:05:54.002 32371 1825 V IJKMEDIA: stream 1, sample 431, dts 10007800
05-28 16:05:54.002 32371 1825 V IJKMEDIA: stream 0, sample 302, dts 10033333
05-28 16:05:54.002 32371 1825 V IJKMEDIA: stream 1, sample 431, dts 10007800
05-28 16:05:54.002 32371 1825 V IJKMEDIA: stream 0, sample 303, dts 10066667
05-28 16:05:54.002 32371 1825 V IJKMEDIA: stream 1, sample 431, dts 10007800
05-28 16:05:54.002 32371 1825 V IJKMEDIA: stream 1, sample 431, dts 10007800
05-28 16:05:54.002 32371 1825 V IJKMEDIA: stream 0, sample 305, dts 10133333
05-28 16:05:54.002 32371 1825 V IJKMEDIA: stream 1, sample 431, dts 10007800
05-28 16:05:54.002 32371 1825 V IJKMEDIA: stream 0, sample 306, dts 10166667
05-28 16:05:54.002 32371 1825 V IJKMEDIA: stream 1, sample 431, dts 10007800
05-28 16:05:54.002 32371 1825 V IJKMEDIA: stream 0, sample 307, dts 10200000
05-28 16:05:54.002 32371 1825 V IJKMEDIA: stream 1, sample 431, dts 10007800
05-28 16:05:54.002 32371 1825 V IJKMEDIA: stream 0, sample 308, dts 10233333
05-28 16:05:54.002 32371 1825 V IJKMEDIA: stream 1, sample 431, dts 10007800
05-28 16:05:54.002 32371 1825 V IJKMEDIA: stream 0, sample 309, dts 10266667
05-28 16:05:54.002 32371 1825 V IJKMEDIA: stream 1, sample 431, dts 10007800
05-28 16:05:54.002 32371 1825 V IJKMEDIA: stream 0, sample 310, dts 10300000
05-28 16:05:54.002 32371 1825 V IJKMEDIA: stream 1, sample 431, dts 10007800
05-28 16:05:54.003 32371 1825 V IJKMEDIA: stream 0, sample 311, dts 10333333
05-28 16:05:54.003 32371 1825 V IJKMEDIA: stream 1, sample 431, dts 10007800
05-28 16:05:54.003 32371 1825 V IJKMEDIA: stream 0, sample 312, dts 10366667
05-28 16:05:54.003 32371 1825 V IJKMEDIA: stream 1, sample 431, dts 10007800
05-28 16:05:54.003 32371 1825 V IJKMEDIA: stream 0, sample 313, dts 10400000
05-28 16:05:54.003 32371 1825 V IJKMEDIA: stream 1, sample 431, dts 10007800
05-28 16:05:54.003 32371 1825 V IJKMEDIA: stream 0, sample 313, dts 10400000
05-28 16:05:54.003 32371 1825 V IJKMEDIA: stream 1, sample 432, dts 10031020
05-28 16:05:54.003 32371 1825 V IJKMEDIA: stream 0, sample 313, dts 10400000
05-28 16:05:54.003 32371 1825 V IJKMEDIA: stream 1, sample 433, dts 10054240
05-28 16:05:54.003 32371 1825 V IJKMEDIA: stream 0, sample 313, dts 10400000
05-28 16:05:54.003 32371 1825 V IJKMEDIA: stream 1, sample 434, dts 10077460
05-28 16:05:54.003 32371 1825 V IJKMEDIA: stream 0, sample 313, dts 10400000
05-28 16:05:54.003 32371 1825 V IJKMEDIA: stream 1, sample 435, dts 10100680
05-28 16:05:54.003 32371 1825 V IJKMEDIA: stream 0, sample 313, dts 10400000
05-28 16:05:54.003 32371 1825 V IJKMEDIA: stream 1, sample 436, dts 10123900
05-28 16:05:54.003 32371 1825 V IJKMEDIA: stream 0, sample 313, dts 10400000
05-28 16:05:54.003 32371 1825 V IJKMEDIA: stream 1, sample 437, dts 10147120
05-28 16:05:54.003 32371 1825 V IJKMEDIA: stream 0, sample 313, dts 10400000
05-28 16:05:54.003 32371 1825 V IJKMEDIA: stream 1, sample 438, dts 10170340
05-28 16:05:54.003 32371 1825 V IJKMEDIA: stream 0, sample 313, dts 10400000
05-28 16:05:54.003 32371 1825 V IJKMEDIA: stream 1, sample 439, dts 10193560
05-28 16:05:54.003 32371 1825 V IJKMEDIA: stream 0, sample 313, dts 10400000
05-28 16:05:54.003 32371 1825 V IJKMEDIA: stream 1, sample 440, dts 10216780
05-28 16:05:54.003 32371 1825 V IJKMEDIA: stream 0, sample 313, dts 10400000
05-28 16:05:54.003 32371 1825 V IJKMEDIA: stream 1, sample 441, dts 10240000
05-28 16:05:54.003 32371 1825 V IJKMEDIA: stream 0, sample 313, dts 10400000
05-28 16:05:54.003 32371 1825 V IJKMEDIA: stream 1, sample 442, dts 10263220
05-28 16:05:54.003 32371 1825 V IJKMEDIA: stream 0, sample 313, dts 10400000
05-28 16:05:54.003 32371 1825 V IJKMEDIA: stream 1, sample 443, dts 10286440
05-28 16:05:54.003 32371 1825 V IJKMEDIA: stream 0, sample 313, dts 10400000
05-28 16:05:54.003 32371 1825 V IJKMEDIA: stream 1, sample 444, dts 10309660
05-28 16:05:54.003 32371 1825 V IJKMEDIA: stream 0, sample 313, dts 10400000
05-28 16:05:54.003 32371 1825 V IJKMEDIA: stream 1, sample 445, dts 10332880
05-28 16:05:54.003 32371 1825 V IJKMEDIA: stream 0, sample 313, dts 10400000
05-28 16:05:54.003 32371 1825 V IJKMEDIA: stream 1, sample 446, dts 10356100
05-28 16:05:54.003 32371 1825 V IJKMEDIA: stream 0, sample 313, dts 10400000
05-28 16:05:54.003 32371 1825 V IJKMEDIA: stream 1, sample 447, dts 10379320
05-28 16:05:54.003 32371 1825 V IJKMEDIA: stream 0, sample 313, dts 10400000
05-28 16:05:54.003 32371 1825 V IJKMEDIA: stream 1, sample 448, dts 10402540
05-28 16:05:54.003 32371 1825 V IJKMEDIA: stream 0, sample 313, dts 10400000
05-28 16:05:54.003 32371 1825 V IJKMEDIA: stream 1, sample 449, dts 10425760
05-28 16:05:54.004 32371 1825 V IJKMEDIA: stream 0, sample 313, dts 10400000
05-28 16:05:54.004 32371 1825 V IJKMEDIA: stream 1, sample 450, dts 10448980
05-28 16:05:54.004 32371 1825 V IJKMEDIA: stream 0, sample 313, dts 10400000
05-28 16:05:54.004 32371 1825 V IJKMEDIA: stream 1, sample 451, dts 10472200
05-28 16:05:54.004 32371 1825 V IJKMEDIA: stream 0, sample 314, dts 10433333
05-28 16:05:54.004 32371 1825 V IJKMEDIA: stream 1, sample 451, dts 10472200
05-28 16:05:54.004 32371 1825 V IJKMEDIA: stream 0, sample 315, dts 10466667
05-28 16:05:54.004 32371 1825 V IJKMEDIA: stream 1, sample 451, dts 10472200
05-28 16:05:54.004 32371 1825 V IJKMEDIA: stream 0, sample 316, dts 10500000
05-28 16:05:54.004 32371 1825 V IJKMEDIA: stream 1, sample 451, dts 10472200
05-28 16:05:54.004 32371 1825 V IJKMEDIA: stream 0, sample 317, dts 10533333
05-28 16:05:54.004 32371 1825 V IJKMEDIA: stream 1, sample 451, dts 10472200
05-28 16:05:54.004 32371 1825 V IJKMEDIA: stream 0, sample 318, dts 10566667
05-28 16:05:54.004 32371 1825 V IJKMEDIA: stream 1, sample 451, dts 10472200
05-28 16:05:54.004 32371 1825 V IJKMEDIA: stream 0, sample 319, dts 10600000
05-28 16:05:54.004 32371 1825 V IJKMEDIA: stream 1, sample 451, dts 10472200
05-28 16:05:54.004 32371 1825 V IJKMEDIA: stream 0, sample 320, dts 10633333
05-28 16:05:54.004 32371 1825 V IJKMEDIA: stream 1, sample 451, dts 10472200
05-28 16:05:54.004 32371 1825 V IJKMEDIA: stream 0, sample 321, dts 10666667
05-28 16:05:54.004 32371 1825 V IJKMEDIA: stream 1, sample 451, dts 10472200
05-28 16:05:54.004 32371 1825 V IJKMEDIA: stream 0, sample 322, dts 10700000
05-28 16:05:54.004 32371 1825 V IJKMEDIA: stream 1, sample 451, dts 10472200
05-28 16:05:54.004 32371 1825 V IJKMEDIA: stream 0, sample 323, dts 10733333
05-28 16:05:54.005 32371 1825 V IJKMEDIA: stream 1, sample 451, dts 10472200
05-28 16:05:54.005 32371 1825 V IJKMEDIA: stream 0, sample 324, dts 10766667
05-28 16:05:54.005 32371 1825 V IJKMEDIA: stream 1, sample 451, dts 10472200
05-28 16:05:54.005 32371 1825 V IJKMEDIA: stream 0, sample 325, dts 10800000
05-28 16:05:54.005 32371 1825 V IJKMEDIA: stream 1, sample 451, dts 10472200
05-28 16:05:54.005 32371 1825 V IJKMEDIA: stream 0, sample 326, dts 10833333
05-28 16:05:54.005 32371 1825 V IJKMEDIA: stream 1, sample 451, dts 10472200
05-28 16:05:54.005 32371 1825 V IJKMEDIA: stream 0, sample 327, dts 10866667
05-28 16:05:54.005 32371 1825 V IJKMEDIA: stream 1, sample 451, dts 10472200
05-28 16:05:54.005 32371 1847 D IJKMEDIA: nal_unit_type: 1, nal_ref_idc: 0
05-28 16:05:54.005 32371 1895 D IJKMEDIA: SDL_VoutFFmpeg_CreateOverlay(w=1280,
h=590, fmt=RV32(0x32335652, dp=0x9df8d740)
05-28 16:05:54.005 32371 1815 D IJKMEDIA: FFP_MSG_VIDEO_SIZE_CHANGED: 1280, 590
05-28 16:05:54.005 32371 1825 V IJKMEDIA: stream 0, sample 327, dts 10866667
05-28 16:05:54.005 32371 1825 V IJKMEDIA: stream 1, sample 452, dts 10495420
05-28 16:05:54.005 32371 1825 V IJKMEDIA: stream 0, sample 327, dts 10866667
05-28 16:05:54.005 32371 1825 V IJKMEDIA: stream 1, sample 453, dts 10518639
05-28 16:05:54.005 32371 1825 V IJKMEDIA: stream 0, sample 327, dts 10866667
05-28 16:05:54.005 32371 1825 V IJKMEDIA: stream 1, sample 454, dts 10541859
05-28 16:05:54.005 32371 1825 V IJKMEDIA: stream 0, sample 327, dts 10866667
05-28 16:05:54.005 32371 1825 V IJKMEDIA: stream 1, sample 455, dts 10565079
05-28 16:05:54.005 32371 1825 V IJKMEDIA: stream 0, sample 327, dts 10866667
05-28 16:05:54.005 32371 1825 V IJKMEDIA: stream 1, sample 456, dts 10588299
05-28 16:05:54.005 32371 1825 V IJKMEDIA: stream 0, sample 327, dts 10866667
05-28 16:05:54.005 32371 1825 V IJKMEDIA: stream 1, sample 457, dts 10611519
05-28 16:05:54.005 32371 1825 V IJKMEDIA: stream 0, sample 327, dts 10866667
05-28 16:05:54.005 32371 1825 V IJKMEDIA: stream 1, sample 458, dts 10634739
05-28 16:05:54.005 32371 1825 V IJKMEDIA: stream 0, sample 327, dts 10866667
05-28 16:05:54.005 32371 1825 V IJKMEDIA: stream 1, sample 459, dts 10657959
05-28 16:05:54.005 32371 1825 V IJKMEDIA: stream 0, sample 327, dts 10866667
05-28 16:05:54.005 32371 1825 V IJKMEDIA: stream 1, sample 460, dts 10681179
05-28 16:05:54.005 32371 1825 V IJKMEDIA: stream 0, sample 327, dts 10866667
05-28 16:05:54.005 32371 1825 V IJKMEDIA: stream 1, sample 461, dts 10704399
05-28 16:05:54.005 32371 1825 V IJKMEDIA: stream 0, sample 327, dts 10866667
05-28 16:05:54.005 32371 1825 V IJKMEDIA: stream 1, sample 462, dts 10727619
05-28 16:05:54.005 32371 1825 V IJKMEDIA: stream 0, sample 327, dts 10866667
05-28 16:05:54.005 32371 1825 V IJKMEDIA: stream 1, sample 463, dts 10750839
05-28 16:05:54.005 32371 1825 V IJKMEDIA: stream 0, sample 327, dts 10866667
05-28 16:05:54.005 32371 1825 V IJKMEDIA: stream 1, sample 464, dts 10774059
05-28 16:05:54.005 32371 1825 V IJKMEDIA: stream 0, sample 327, dts 10866667
05-28 16:05:54.005 32371 1825 V IJKMEDIA: stream 1, sample 465, dts 10797279
05-28 16:05:54.005 32371 1825 V IJKMEDIA: stream 0, sample 327, dts 10866667
05-28 16:05:54.005 32371 1825 V IJKMEDIA: stream 1, sample 466, dts 10820499
05-28 16:05:54.005 32371 1825 V IJKMEDIA: stream 0, sample 327, dts 10866667
05-28 16:05:54.005 32371 1825 V IJKMEDIA: stream 1, sample 467, dts 10843719
05-28 16:05:54.005 32371 1825 V IJKMEDIA: stream 0, sample 327, dts 10866667
05-28 16:05:54.005 32371 1825 V IJKMEDIA: stream 1, sample 468, dts 10866939
05-28 16:05:54.005 32371 1825 V IJKMEDIA: stream 0, sample 327, dts 10866667
05-28 16:05:54.005 32371 1825 V IJKMEDIA: stream 1, sample 469, dts 10890159
05-28 16:05:54.005 32371 1825 V IJKMEDIA: stream 0, sample 327, dts 10866667
05-28 16:05:54.005 32371 1825 V IJKMEDIA: stream 1, sample 470, dts 10913379
05-28 16:05:54.005 32371 1825 V IJKMEDIA: stream 0, sample 327, dts 10866667
05-28 16:05:54.005 32371 1825 V IJKMEDIA: stream 1, sample 471, dts 10936599
05-28 16:05:54.005 32371 1825 V IJKMEDIA: stream 0, sample 328, dts 10900000
05-28 16:05:54.005 32371 1825 V IJKMEDIA: stream 1, sample 471, dts 10936599
05-28 16:05:54.005 32371 1825 V IJKMEDIA: stream 0, sample 329, dts 10933333
05-28 16:05:54.005 32371 1825 V IJKMEDIA: stream 1, sample 471, dts 10936599
05-28 16:05:54.006 32371 1825 V IJKMEDIA: stream 0, sample 330, dts 10966667
05-28 16:05:54.006 32371 1825 V IJKMEDIA: stream 1, sample 471, dts 10936599
05-28 16:05:54.006 32371 1825 V IJKMEDIA: stream 0, sample 331, dts 11000000
05-28 16:05:54.006 32371 1825 V IJKMEDIA: stream 1, sample 471, dts 10936599
05-28 16:05:54.006 32371 1825 V IJKMEDIA: stream 0, sample 332, dts 11033333
05-28 16:05:54.006 32371 1825 V IJKMEDIA: stream 1, sample 471, dts 10936599
05-28 16:05:54.006 32371 1825 V IJKMEDIA: stream 0, sample 333, dts 11066667
05-28 16:05:54.006 32371 1825 V IJKMEDIA: stream 1, sample 471, dts 10936599
05-28 16:05:54.006 32371 1825 V IJKMEDIA: stream 0, sample 334, dts 11100000
05-28 16:05:54.006 32371 1825 V IJKMEDIA: stream 1, sample 471, dts 10936599
05-28 16:05:54.006 32371 1825 V IJKMEDIA: stream 0, sample 335, dts 11133333
05-28 16:05:54.006 32371 1825 V IJKMEDIA: stream 1, sample 471, dts 10936599
05-28 16:05:54.006 32371 1825 V IJKMEDIA: stream 0, sample 336, dts 11166667
05-28 16:05:54.006 32371 1825 V IJKMEDIA: stream 1, sample 471, dts 10936599
05-28 16:05:54.006 32371 1825 V IJKMEDIA: stream 0, sample 337, dts 11200000
05-28 16:05:54.006 32371 1825 V IJKMEDIA: stream 1, sample 471, dts 10936599
05-28 16:05:54.006 32371 1825 V IJKMEDIA: stream 0, sample 338, dts 11233333
05-28 16:05:54.006 32371 1825 V IJKMEDIA: stream 1, sample 471, dts 10936599
05-28 16:05:54.006 32371 1825 V IJKMEDIA: stream 0, sample 339, dts 11266667
05-28 16:05:54.006 32371 1825 V IJKMEDIA: stream 1, sample 471, dts 10936599
05-28 16:05:54.006 32371 1825 V IJKMEDIA: stream 0, sample 340, dts 11300000
05-28 16:05:54.006 32371 1825 V IJKMEDIA: stream 1, sample 471, dts 10936599
05-28 16:05:54.006 32371 1825 V IJKMEDIA: stream 0, sample 341, dts 11333333
05-28 16:05:54.006 32371 1825 V IJKMEDIA: stream 1, sample 471, dts 10936599
05-28 16:05:54.006 32371 1825 V IJKMEDIA: stream 0, sample 341, dts 11333333
05-28 16:05:54.006 32371 1825 V IJKMEDIA: stream 1, sample 472, dts 10959819
05-28 16:05:54.006 32371 1825 V IJKMEDIA: stream 0, sample 341, dts 11333333
05-28 16:05:54.006 32371 1825 V IJKMEDIA: stream 1, sample 473, dts 10983039
05-28 16:05:54.006 32371 1825 V IJKMEDIA: stream 0, sample 341, dts 11333333
05-28 16:05:54.006 32371 1825 V IJKMEDIA: stream 1, sample 474, dts 11006259
05-28 16:05:54.006 32371 1825 V IJKMEDIA: stream 0, sample 341, dts 11333333
05-28 16:05:54.006 32371 1825 V IJKMEDIA: stream 1, sample 475, dts 11029478
05-28 16:05:54.006 32371 1825 V IJKMEDIA: stream 0, sample 341, dts 11333333
05-28 16:05:54.006 32371 1825 V IJKMEDIA: stream 1, sample 476, dts 11052698
05-28 16:05:54.006 32371 1825 V IJKMEDIA: stream 0, sample 341, dts 11333333
05-28 16:05:54.006 32371 1825 V IJKMEDIA: stream 1, sample 477, dts 11075918
05-28 16:05:54.006 32371 1825 V IJKMEDIA: stream 0, sample 341, dts 11333333
05-28 16:05:54.006 32371 1825 V IJKMEDIA: stream 1, sample 478, dts 11099138
05-28 16:05:54.006 32371 1825 V IJKMEDIA: stream 0, sample 341, dts 11333333
05-28 16:05:54.006 32371 1825 V IJKMEDIA: stream 1, sample 479, dts 11122358
05-28 16:05:54.006 32371 1825 V IJKMEDIA: stream 0, sample 341, dts 11333333
05-28 16:05:54.006 32371 1825 V IJKMEDIA: stream 1, sample 480, dts 11145578
05-28 16:05:54.006 32371 1825 V IJKMEDIA: stream 0, sample 341, dts 11333333
05-28 16:05:54.006 32371 1825 V IJKMEDIA: stream 1, sample 481, dts 11168798
05-28 16:05:54.006 32371 1825 V IJKMEDIA: stream 0, sample 341, dts 11333333
05-28 16:05:54.006 32371 1825 V IJKMEDIA: stream 1, sample 482, dts 11192018
05-28 16:05:54.006 32371 1825 V IJKMEDIA: stream 0, sample 341, dts 11333333
05-28 16:05:54.006 32371 1825 V IJKMEDIA: stream 1, sample 483, dts 11215238
05-28 16:05:54.006 32371 1825 V IJKMEDIA: stream 0, sample 341, dts 11333333
05-28 16:05:54.006 32371 1825 V IJKMEDIA: stream 1, sample 484, dts 11238458
05-28 16:05:54.006 32371 1825 V IJKMEDIA: stream 0, sample 341, dts 11333333
05-28 16:05:54.006 32371 1825 V IJKMEDIA: stream 1, sample 485, dts 11261678
05-28 16:05:54.006 32371 1825 V IJKMEDIA: stream 0, sample 341, dts 11333333
05-28 16:05:54.006 32371 1825 V IJKMEDIA: stream 1, sample 486, dts 11284898
05-28 16:05:54.006 32371 1825 V IJKMEDIA: stream 0, sample 341, dts 11333333
05-28 16:05:54.006 32371 1825 V IJKMEDIA: stream 1, sample 487, dts 11308118
05-28 16:05:54.006 32371 1825 V IJKMEDIA: stream 0, sample 341, dts 11333333
05-28 16:05:54.006 32371 1825 V IJKMEDIA: stream 1, sample 488, dts 11331338
05-28 16:05:54.006 32371 1825 V IJKMEDIA: stream 0, sample 341, dts 11333333
05-28 16:05:54.006 32371 1825 V IJKMEDIA: stream 1, sample 489, dts 11354558
05-28 16:05:54.006 32371 1825 V IJKMEDIA: stream 0, sample 341, dts 11333333
05-28 16:05:54.006 32371 1825 V IJKMEDIA: stream 1, sample 490, dts 11377778
05-28 16:05:54.006 32371 1825 V IJKMEDIA: stream 0, sample 341, dts 11333333
05-28 16:05:54.006 32371 1825 V IJKMEDIA: stream 1, sample 491, dts 11400998
05-28 16:05:54.007 32371 1825 V IJKMEDIA: stream 0, sample 342, dts 11366667
05-28 16:05:54.007 32371 1825 V IJKMEDIA: stream 1, sample 491, dts 11400998
05-28 16:05:54.007 32371 1825 V IJKMEDIA: stream 0, sample 343, dts 11400000
05-28 16:05:54.007 32371 1825 V IJKMEDIA: stream 1, sample 491, dts 11400998
05-28 16:05:54.007 32371 1825 V IJKMEDIA: stream 0, sample 344, dts 11433333
05-28 16:05:54.007 32371 1825 V IJKMEDIA: stream 1, sample 491, dts 11400998
05-28 16:05:54.007 32371 1825 V IJKMEDIA: stream 0, sample 345, dts 11466667
05-28 16:05:54.007 32371 1825 V IJKMEDIA: stream 1, sample 491, dts 11400998
05-28 16:05:54.007 32371 1825 V IJKMEDIA: stream 0, sample 346, dts 11500000
05-28 16:05:54.007 32371 1825 V IJKMEDIA: stream 1, sample 491, dts 11400998
05-28 16:05:54.007 32371 1825 V IJKMEDIA: stream 0, sample 347, dts 11533333
05-28 16:05:54.007 32371 1825 V IJKMEDIA: stream 1, sample 491, dts 11400998
05-28 16:05:54.007 32371 1823 W IJKMEDIA: func_display_overlay_l: NULL
native_window
05-28 16:05:54.007 32371 1825 V IJKMEDIA: stream 0, sample 348, dts 11566667
05-28 16:05:54.007 32371 1825 V IJKMEDIA: stream 1, sample 491, dts 11400998
05-28 16:05:54.007 32371 1825 V IJKMEDIA: stream 0, sample 349, dts 11600000
05-28 16:05:54.007 32371 1825 V IJKMEDIA: stream 1, sample 491, dts 11400998
05-28 16:05:54.007 32371 1815 D IJKMEDIA: FFP_MSG_VIDEO_RENDERING_START:
05-28 16:05:54.007 32371 1825 V IJKMEDIA: stream 0, sample 350, dts 11633333
05-28 16:05:54.007 32371 1825 V IJKMEDIA: stream 1, sample 491, dts 11400998
05-28 16:05:54.007 32371 1825 V IJKMEDIA: stream 0, sample 351, dts 11666667
05-28 16:05:54.007 32371 1825 V IJKMEDIA: stream 1, sample 491, dts 11400998
05-28 16:05:54.007 32371 1825 V IJKMEDIA: stream 0, sample 352, dts 11700000
05-28 16:05:54.007 32371 1825 V IJKMEDIA: stream 1, sample 491, dts 11400998
05-28 16:05:54.007 32371 1825 V IJKMEDIA: stream 0, sample 353, dts 11733333
05-28 16:05:54.007 32371 1825 V IJKMEDIA: stream 1, sample 491, dts 11400998
05-28 16:05:54.007 32371 1825 V IJKMEDIA: stream 0, sample 354, dts 11766667
05-28 16:05:54.007 32371 1825 V IJKMEDIA: stream 1, sample 491, dts 11400998
05-28 16:05:54.007 32371 1825 V IJKMEDIA: stream 0, sample 355, dts 11800000
05-28 16:05:54.007 32371 1825 V IJKMEDIA: stream 1, sample 491, dts 11400998
05-28 16:05:54.007 32371 1825 V IJKMEDIA: stream 0, sample 355, dts 11800000
05-28 16:05:54.007 32371 1825 V IJKMEDIA: stream 1, sample 492, dts 11424218
05-28 16:05:54.007 32371 1825 V IJKMEDIA: stream 0, sample 355, dts 11800000
05-28 16:05:54.007 32371 1825 V IJKMEDIA: stream 1, sample 493, dts 11447438
05-28 16:05:54.007 32371 1825 V IJKMEDIA: stream 0, sample 355, dts 11800000
05-28 16:05:54.007 32371 1825 V IJKMEDIA: stream 1, sample 494, dts 11470658
05-28 16:05:54.007 32371 1825 V IJKMEDIA: stream 0, sample 355, dts 11800000
05-28 16:05:54.007 32371 1825 V IJKMEDIA: stream 1, sample 495, dts 11493878
05-28 16:05:54.007 32371 1825 V IJKMEDIA: stream 0, sample 355, dts 11800000
05-28 16:05:54.007 32371 1825 V IJKMEDIA: stream 1, sample 496, dts 11517098
05-28 16:05:54.007 32371 1825 V IJKMEDIA: stream 0, sample 355, dts 11800000
05-28 16:05:54.007 32371 1825 V IJKMEDIA: stream 1, sample 497, dts 11540317
05-28 16:05:54.007 32371 1825 V IJKMEDIA: stream 0, sample 355, dts 11800000
05-28 16:05:54.007 32371 1825 V IJKMEDIA: stream 1, sample 498, dts 11563537
05-28 16:05:54.008 32371 1825 V IJKMEDIA: stream 0, sample 355, dts 11800000
05-28 16:05:54.008 32371 1825 V IJKMEDIA: stream 1, sample 499, dts 11586757
05-28 16:05:54.008 32371 1825 V IJKMEDIA: stream 0, sample 355, dts 11800000
05-28 16:05:54.008 32371 1825 V IJKMEDIA: stream 1, sample 500, dts 11609977
05-28 16:05:54.008 32371 1825 V IJKMEDIA: stream 0, sample 355, dts 11800000
05-28 16:05:54.008 32371 1825 V IJKMEDIA: stream 1, sample 501, dts 11633197
05-28 16:05:54.008 32371 1825 V IJKMEDIA: stream 0, sample 355, dts 11800000
05-28 16:05:54.008 32371 1825 V IJKMEDIA: stream 1, sample 502, dts 11656417
05-28 16:05:54.008 32371 1825 V IJKMEDIA: stream 0, sample 355, dts 11800000
05-28 16:05:54.008 32371 1825 V IJKMEDIA: stream 1, sample 503, dts 11679637
05-28 16:05:54.008 32371 1825 V IJKMEDIA: stream 0, sample 355, dts 11800000
05-28 16:05:54.008 32371 1825 V IJKMEDIA: stream 1, sample 504, dts 11702857
05-28 16:05:54.008 32371 1825 V IJKMEDIA: stream 0, sample 355, dts 11800000
05-28 16:05:54.008 32371 1825 V IJKMEDIA: stream 1, sample 505, dts 11726077
05-28 16:05:54.008 32371 1825 V IJKMEDIA: stream 0, sample 355, dts 11800000
05-28 16:05:54.008 32371 1825 V IJKMEDIA: stream 1, sample 506, dts 11749297
05-28 16:05:54.008 32371 1825 V IJKMEDIA: stream 0, sample 355, dts 11800000
05-28 16:05:54.008 32371 1825 V IJKMEDIA: stream 1, sample 507, dts 11772517
05-28 16:05:54.008 32371 1825 V IJKMEDIA: stream 0, sample 355, dts 11800000
05-28 16:05:54.008 32371 1825 V IJKMEDIA: stream 1, sample 508, dts 11795737
05-28 16:05:54.008 32371 1825 V IJKMEDIA: stream 0, sample 355, dts 11800000
05-28 16:05:54.008 32371 1825 V IJKMEDIA: stream 1, sample 509, dts 11818957
05-28 16:05:54.008 32371 1825 V IJKMEDIA: stream 0, sample 355, dts 11800000
05-28 16:05:54.008 32371 1825 V IJKMEDIA: stream 1, sample 510, dts 11842177
05-28 16:05:54.008 32371 1825 V IJKMEDIA: stream 0, sample 355, dts 11800000
05-28 16:05:54.008 32371 1825 V IJKMEDIA: stream 1, sample 511, dts 11865397
05-28 16:05:54.008 32371 1825 V IJKMEDIA: stream 0, sample 356, dts 11833333
05-28 16:05:54.008 32371 1825 V IJKMEDIA: stream 1, sample 511, dts 11865397
05-28 16:05:54.008 32371 1825 V IJKMEDIA: stream 0, sample 357, dts 11866667
05-28 16:05:54.008 32371 1825 V IJKMEDIA: stream 1, sample 511, dts 11865397
05-28 16:05:54.008 32371 1825 V IJKMEDIA: stream 0, sample 358, dts 11900000
05-28 16:05:54.008 32371 1825 V IJKMEDIA: stream 1, sample 511, dts 11865397
05-28 16:05:54.008 32371 1825 V IJKMEDIA: stream 0, sample 359, dts 11933333
05-28 16:05:54.008 32371 1825 V IJKMEDIA: stream 1, sample 511, dts 11865397
05-28 16:05:54.008 32371 1825 V IJKMEDIA: stream 0, sample 360, dts 11966667
05-28 16:05:54.008 32371 1825 V IJKMEDIA: stream 1, sample 511, dts 11865397
05-28 16:05:54.008 32371 1825 V IJKMEDIA: stream 0, sample 361, dts 12000000
05-28 16:05:54.008 32371 1825 V IJKMEDIA: stream 1, sample 511, dts 11865397
05-28 16:05:54.008 32371 1825 V IJKMEDIA: stream 0, sample 362, dts 12033333
05-28 16:05:54.008 32371 1825 V IJKMEDIA: stream 1, sample 511, dts 11865397
05-28 16:05:54.008 32371 1825 V IJKMEDIA: stream 0, sample 363, dts 12066667
05-28 16:05:54.008 32371 1825 V IJKMEDIA: stream 1, sample 511, dts 11865397
05-28 16:05:54.008 32371 1825 V IJKMEDIA: stream 0, sample 364, dts 12100000
05-28 16:05:54.008 32371 1825 V IJKMEDIA: stream 1, sample 511, dts 11865397
05-28 16:05:54.009 32371 1825 V IJKMEDIA: stream 0, sample 365, dts 12133333
05-28 16:05:54.009 32371 1825 V IJKMEDIA: stream 1, sample 511, dts 11865397
05-28 16:05:54.009 32371 1825 V IJKMEDIA: stream 0, sample 366, dts 12166667
05-28 16:05:54.009 32371 1825 V IJKMEDIA: stream 1, sample 511, dts 11865397
05-28 16:05:54.009 32371 1825 V IJKMEDIA: stream 0, sample 367, dts 12200000
05-28 16:05:54.009 32371 1825 V IJKMEDIA: stream 1, sample 511, dts 11865397
05-28 16:05:54.009 32371 1825 V IJKMEDIA: stream 0, sample 368, dts 12233333
05-28 16:05:54.009 32371 1825 V IJKMEDIA: stream 1, sample 511, dts 11865397
05-28 16:05:54.009 32371 1825 V IJKMEDIA: stream 0, sample 369, dts 12266667
05-28 16:05:54.009 32371 1825 V IJKMEDIA: stream 1, sample 511, dts 11865397
05-28 16:05:54.009 32371 1825 V IJKMEDIA: stream 0, sample 369, dts 12266667
05-28 16:05:54.009 32371 1825 V IJKMEDIA: stream 1, sample 512, dts 11888617
05-28 16:05:54.009 32371 1825 V IJKMEDIA: stream 0, sample 369, dts 12266667
05-28 16:05:54.009 32371 1825 V IJKMEDIA: stream 1, sample 513, dts 11911837
05-28 16:05:54.009 32371 1825 V IJKMEDIA: stream 0, sample 369, dts 12266667
05-28 16:05:54.009 32371 1825 V IJKMEDIA: stream 1, sample 514, dts 11935057
05-28 16:05:54.009 32371 1825 V IJKMEDIA: stream 0, sample 369, dts 12266667
05-28 16:05:54.009 32371 1825 V IJKMEDIA: stream 1, sample 515, dts 11958277
05-28 16:05:54.009 32371 1825 V IJKMEDIA: stream 0, sample 369, dts 12266667
05-28 16:05:54.009 32371 1825 V IJKMEDIA: stream 1, sample 516, dts 11981497
05-28 16:05:54.009 32371 1825 V IJKMEDIA: stream 0, sample 369, dts 12266667
05-28 16:05:54.009 32371 1825 V IJKMEDIA: stream 1, sample 517, dts 12004717
05-28 16:05:54.009 32371 1825 V IJKMEDIA: stream 0, sample 369, dts 12266667
05-28 16:05:54.009 32371 1825 V IJKMEDIA: stream 1, sample 518, dts 12027937
05-28 16:05:54.009 32371 1825 V IJKMEDIA: stream 0, sample 369, dts 12266667
05-28 16:05:54.009 32371 1825 V IJKMEDIA: stream 1, sample 519, dts 12051156
05-28 16:05:54.009 32371 1825 V IJKMEDIA: stream 0, sample 369, dts 12266667
05-28 16:05:54.009 32371 1825 V IJKMEDIA: stream 1, sample 520, dts 12074376
05-28 16:05:54.009 32371 1825 V IJKMEDIA: stream 0, sample 369, dts 12266667
05-28 16:05:54.009 32371 1825 V IJKMEDIA: stream 1, sample 521, dts 12097596
05-28 16:05:54.009 32371 1825 V IJKMEDIA: stream 0, sample 369, dts 12266667
05-28 16:05:54.009 32371 1825 V IJKMEDIA: stream 1, sample 522, dts 12120816
05-28 16:05:54.009 32371 1825 V IJKMEDIA: stream 0, sample 369, dts 12266667
05-28 16:05:54.009 32371 1825 V IJKMEDIA: stream 1, sample 523, dts 12144036
05-28 16:05:54.009 32371 1825 V IJKMEDIA: stream 0, sample 369, dts 12266667
05-28 16:05:54.009 32371 1825 V IJKMEDIA: stream 1, sample 524, dts 12167256
05-28 16:05:54.009 32371 1825 V IJKMEDIA: stream 0, sample 369, dts 12266667
05-28 16:05:54.009 32371 1825 V IJKMEDIA: stream 1, sample 525, dts 12190476
05-28 16:05:54.009 32371 1825 V IJKMEDIA: stream 0, sample 369, dts 12266667
05-28 16:05:54.009 32371 1825 V IJKMEDIA: stream 1, sample 526, dts 12213696
05-28 16:05:54.009 32371 1825 V IJKMEDIA: stream 0, sample 369, dts 12266667
05-28 16:05:54.009 32371 1825 V IJKMEDIA: stream 1, sample 527, dts 12236916
05-28 16:05:54.009 32371 1825 V IJKMEDIA: stream 0, sample 369, dts 12266667
05-28 16:05:54.009 32371 1825 V IJKMEDIA: stream 1, sample 528, dts 12260136
05-28 16:05:54.009 32371 1825 V IJKMEDIA: stream 0, sample 369, dts 12266667
05-28 16:05:54.009 32371 1825 V IJKMEDIA: stream 1, sample 529, dts 12283356
05-28 16:05:54.009 32371 1825 V IJKMEDIA: stream 0, sample 369, dts 12266667
05-28 16:05:54.009 32371 1825 V IJKMEDIA: stream 1, sample 530, dts 12306576
05-28 16:05:54.009 32371 1825 V IJKMEDIA: stream 0, sample 369, dts 12266667
05-28 16:05:54.009 32371 1825 V IJKMEDIA: stream 1, sample 531, dts 12329796
05-28 16:05:54.009 32371 1825 V IJKMEDIA: stream 0, sample 370, dts 12300000
05-28 16:05:54.009 32371 1825 V IJKMEDIA: stream 1, sample 531, dts 12329796
05-28 16:05:54.009 32371 1825 V IJKMEDIA: stream 0, sample 371, dts 12333333
05-28 16:05:54.009 32371 1825 V IJKMEDIA: stream 1, sample 531, dts 12329796
05-28 16:05:54.009 32371 1825 V IJKMEDIA: stream 0, sample 372, dts 12366667
05-28 16:05:54.009 32371 1825 V IJKMEDIA: stream 1, sample 531, dts 12329796
05-28 16:05:54.009 32371 1825 V IJKMEDIA: stream 0, sample 373, dts 12400000
05-28 16:05:54.009 32371 1825 V IJKMEDIA: stream 1, sample 531, dts 12329796
05-28 16:05:54.009 32371 1825 V IJKMEDIA: stream 0, sample 374, dts 12433333
05-28 16:05:54.009 32371 1825 V IJKMEDIA: stream 1, sample 531, dts 12329796
05-28 16:05:54.009 32371 1825 V IJKMEDIA: stream 0, sample 375, dts 12466667
05-28 16:05:54.009 32371 1825 V IJKMEDIA: stream 1, sample 531, dts 12329796
05-28 16:05:54.010 32371 1825 V IJKMEDIA: stream 0, sample 376, dts 12500000
05-28 16:05:54.010 32371 1825 V IJKMEDIA: stream 1, sample 531, dts 12329796
05-28 16:05:54.010 32371 1825 V IJKMEDIA: stream 0, sample 377, dts 12533333
05-28 16:05:54.010 32371 1825 V IJKMEDIA: stream 1, sample 531, dts 12329796
05-28 16:05:54.010 32371 1825 V IJKMEDIA: stream 0, sample 378, dts 12566667
05-28 16:05:54.010 32371 1825 V IJKMEDIA: stream 1, sample 531, dts 12329796
05-28 16:05:54.010 32371 1825 V IJKMEDIA: stream 0, sample 379, dts 12600000
05-28 16:05:54.010 32371 1825 V IJKMEDIA: stream 1, sample 531, dts 12329796
05-28 16:05:54.010 32371 1825 V IJKMEDIA: stream 0, sample 380, dts 12633333
05-28 16:05:54.010 32371 1825 V IJKMEDIA: stream 1, sample 531, dts 12329796
05-28 16:05:54.010 32371 1825 V IJKMEDIA: stream 0, sample 381, dts 12666667
05-28 16:05:54.010 32371 1825 V IJKMEDIA: stream 1, sample 531, dts 12329796
05-28 16:05:54.010 32371 1825 V IJKMEDIA: stream 0, sample 382, dts 12700000
05-28 16:05:54.010 32371 1825 V IJKMEDIA: stream 1, sample 531, dts 12329796
05-28 16:05:54.010 32371 1825 V IJKMEDIA: stream 0, sample 383, dts 12733333
05-28 16:05:54.010 32371 1825 V IJKMEDIA: stream 1, sample 531, dts 12329796
05-28 16:05:54.010 32371 1825 V IJKMEDIA: stream 0, sample 383, dts 12733333
05-28 16:05:54.010 32371 1825 V IJKMEDIA: stream 1, sample 532, dts 12353016
05-28 16:05:54.010 32371 1825 V IJKMEDIA: stream 0, sample 383, dts 12733333
05-28 16:05:54.010 32371 1825 V IJKMEDIA: stream 1, sample 533, dts 12376236
05-28 16:05:54.010 32371 1825 V IJKMEDIA: stream 0, sample 383, dts 12733333
05-28 16:05:54.010 32371 1825 V IJKMEDIA: stream 1, sample 534, dts 12399456
05-28 16:05:54.010 32371 1825 V IJKMEDIA: stream 0, sample 383, dts 12733333
05-28 16:05:54.010 32371 1825 V IJKMEDIA: stream 1, sample 535, dts 12422676
05-28 16:05:54.010 32371 1825 V IJKMEDIA: stream 0, sample 383, dts 12733333
05-28 16:05:54.010 32371 1825 V IJKMEDIA: stream 1, sample 536, dts 12445896
05-28 16:05:54.010 32371 1825 V IJKMEDIA: stream 0, sample 383, dts 12733333
05-28 16:05:54.010 32371 1825 V IJKMEDIA: stream 1, sample 537, dts 12469116
05-28 16:05:54.010 32371 1825 V IJKMEDIA: stream 0, sample 383, dts 12733333
05-28 16:05:54.010 32371 1857 D IJKMEDIA: nal_unit_type: 1, nal_ref_idc: 0
05-28 16:05:54.011 32371 1825 V IJKMEDIA: stream 1, sample 538, dts 12492336
05-28 16:05:54.011 32371 1825 V IJKMEDIA: stream 0, sample 383, dts 12733333
05-28 16:05:54.011 32371 1825 V IJKMEDIA: stream 1, sample 539, dts 12515556
05-28 16:05:54.011 32371 1825 V IJKMEDIA: stream 0, sample 383, dts 12733333
05-28 16:05:54.011 32371 1825 V IJKMEDIA: stream 1, sample 540, dts 12538776
05-28 16:05:54.011 32371 1825 V IJKMEDIA: stream 0, sample 383, dts 12733333
05-28 16:05:54.011 32371 1825 V IJKMEDIA: stream 1, sample 541, dts 12561995
05-28 16:05:54.011 32371 1825 V IJKMEDIA: stream 0, sample 383, dts 12733333
05-28 16:05:54.011 32371 1825 V IJKMEDIA: stream 1, sample 542, dts 12585215
05-28 16:05:54.011 32371 1825 V IJKMEDIA: stream 0, sample 383, dts 12733333
05-28 16:05:54.011 32371 1825 V IJKMEDIA: stream 1, sample 543, dts 12608435
05-28 16:05:54.011 32371 1825 V IJKMEDIA: stream 0, sample 383, dts 12733333
05-28 16:05:54.011 32371 1825 V IJKMEDIA: stream 1, sample 544, dts 12631655
05-28 16:05:54.011 32371 1825 V IJKMEDIA: stream 0, sample 383, dts 12733333
05-28 16:05:54.011 32371 1825 V IJKMEDIA: stream 1, sample 545, dts 12654875
05-28 16:05:54.011 32371 1825 V IJKMEDIA: stream 0, sample 383, dts 12733333
05-28 16:05:54.011 32371 1825 V IJKMEDIA: stream 1, sample 546, dts 12678095
05-28 16:05:54.011 32371 1825 V IJKMEDIA: stream 0, sample 383, dts 12733333
05-28 16:05:54.011 32371 1825 V IJKMEDIA: stream 1, sample 547, dts 12701315
05-28 16:05:54.011 32371 1825 V IJKMEDIA: stream 0, sample 383, dts 12733333
05-28 16:05:54.011 32371 1825 V IJKMEDIA: stream 1, sample 548, dts 12724535
05-28 16:05:54.011 32371 1825 V IJKMEDIA: stream 0, sample 383, dts 12733333
05-28 16:05:54.011 32371 1825 V IJKMEDIA: stream 1, sample 549, dts 12747755
05-28 16:05:54.011 32371 1825 V IJKMEDIA: stream 0, sample 383, dts 12733333
05-28 16:05:54.011 32371 1825 V IJKMEDIA: stream 1, sample 550, dts 12770975
05-28 16:05:54.011 32371 1825 V IJKMEDIA: stream 0, sample 383, dts 12733333
05-28 16:05:54.011 32371 1825 V IJKMEDIA: stream 1, sample 551, dts 12794195
05-28 16:05:54.011 32371 1825 V IJKMEDIA: stream 0, sample 384, dts 12766667
05-28 16:05:54.011 32371 1825 V IJKMEDIA: stream 1, sample 551, dts 12794195
05-28 16:05:54.011 32371 1825 V IJKMEDIA: stream 0, sample 385, dts 12800000
05-28 16:05:54.011 32371 1825 V IJKMEDIA: stream 1, sample 551, dts 12794195
05-28 16:05:54.011 32371 1825 V IJKMEDIA: stream 0, sample 386, dts 12833333
05-28 16:05:54.011 32371 1825 V IJKMEDIA: stream 1, sample 551, dts 12794195
05-28 16:05:54.012 32371 1825 V IJKMEDIA: stream 0, sample 387, dts 12866667
05-28 16:05:54.012 32371 1825 V IJKMEDIA: stream 1, sample 551, dts 12794195
05-28 16:05:54.012 32371 1825 V IJKMEDIA: stream 0, sample 388, dts 12900000
05-28 16:05:54.012 32371 1825 V IJKMEDIA: stream 1, sample 551, dts 12794195
05-28 16:05:54.012 32371 1825 V IJKMEDIA: stream 0, sample 389, dts 12933333
05-28 16:05:54.012 32371 1825 V IJKMEDIA: stream 1, sample 551, dts 12794195
05-28 16:05:54.012 32371 1825 V IJKMEDIA: stream 0, sample 390, dts 12966667
05-28 16:05:54.012 32371 1825 V IJKMEDIA: stream 1, sample 551, dts 12794195
05-28 16:05:54.012 32371 1825 V IJKMEDIA: stream 0, sample 391, dts 13000000
05-28 16:05:54.012 32371 1825 V IJKMEDIA: stream 1, sample 551, dts 12794195
05-28 16:05:54.012 32371 1825 V IJKMEDIA: stream 0, sample 392, dts 13033333
05-28 16:05:54.012 32371 1825 V IJKMEDIA: stream 1, sample 551, dts 12794195
05-28 16:05:54.012 32371 1825 V IJKMEDIA: stream 0, sample 393, dts 13066667
05-28 16:05:54.012 32371 1825 V IJKMEDIA: stream 1, sample 551, dts 12794195
05-28 16:05:54.012 32371 1825 V IJKMEDIA: stream 0, sample 394, dts 13100000
05-28 16:05:54.012 32371 1825 V IJKMEDIA: stream 1, sample 551, dts 12794195
05-28 16:05:54.012 32371 1825 V IJKMEDIA: stream 0, sample 395, dts 13133333
05-28 16:05:54.012 32371 1825 V IJKMEDIA: stream 1, sample 551, dts 12794195
05-28 16:05:54.012 32371 1825 V IJKMEDIA: stream 0, sample 396, dts 13166667
05-28 16:05:54.012 32371 1825 V IJKMEDIA: stream 1, sample 551, dts 12794195
05-28 16:05:54.012 32371 1825 V IJKMEDIA: stream 0, sample 397, dts 13200000
05-28 16:05:54.012 32371 1825 V IJKMEDIA: stream 1, sample 551, dts 12794195
05-28 16:05:54.012 32371 1825 V IJKMEDIA: stream 0, sample 397, dts 13200000
05-28 16:05:54.012 32371 1825 V IJKMEDIA: stream 1, sample 552, dts 12817415
05-28 16:05:54.012 32371 1825 V IJKMEDIA: stream 0, sample 397, dts 13200000
05-28 16:05:54.012 32371 1825 V IJKMEDIA: stream 1, sample 553, dts 12840635
05-28 16:05:54.012 32371 1825 V IJKMEDIA: stream 0, sample 397, dts 13200000
05-28 16:05:54.012 32371 1825 V IJKMEDIA: stream 1, sample 554, dts 12863855
05-28 16:05:54.012 32371 1825 V IJKMEDIA: stream 0, sample 397, dts 13200000
05-28 16:05:54.012 32371 1825 V IJKMEDIA: stream 1, sample 555, dts 12887075
05-28 16:05:54.012 32371 1825 V IJKMEDIA: stream 0, sample 397, dts 13200000
05-28 16:05:54.012 32371 1825 V IJKMEDIA: stream 1, sample 556, dts 12910295
05-28 16:05:54.012 32371 1825 V IJKMEDIA: stream 0, sample 397, dts 13200000
05-28 16:05:54.012 32371 1825 V IJKMEDIA: stream 1, sample 557, dts 12933515
05-28 16:05:54.012 32371 1825 V IJKMEDIA: stream 0, sample 397, dts 13200000
05-28 16:05:54.012 32371 32371 W tv.danmaku.ijk.media.player.IjkMediaPlayer:
setScreenOnWhilePlaying(true) is ineffective for Surface
05-28 16:05:54.012 32371 32371 D IJKMEDIA: IjkMediaPlayer_setVideoSurface
05-28 16:05:54.012 32371 32371 D IJKMEDIA:
ijkmp_set_android_surface(surface=0xff853438)
05-28 16:05:54.012 32371 32371 D IJKMEDIA: ffpipeline_set_surface()
05-28 16:05:54.012 32371 32371 D IJKMEDIA:
ijkmp_set_android_surface(surface=0xff853438)=void
05-28 16:05:54.014 32371 1825 V IJKMEDIA: stream 1, sample 558, dts 12956735
05-28 16:05:54.014 32371 1825 V IJKMEDIA: stream 0, sample 397, dts 13200000
05-28 16:05:54.014 32371 1825 V IJKMEDIA: stream 1, sample 559, dts 12979955
05-28 16:05:54.014 32371 1825 V IJKMEDIA: stream 0, sample 397, dts 13200000
05-28 16:05:54.014 32371 1825 V IJKMEDIA: stream 1, sample 560, dts 13003175
05-28 16:05:54.014 32371 1825 V IJKMEDIA: stream 0, sample 397, dts 13200000
05-28 16:05:54.014 32371 1825 V IJKMEDIA: stream 1, sample 561, dts 13026395
05-28 16:05:54.014 32371 1825 V IJKMEDIA: stream 0, sample 397, dts 13200000
05-28 16:05:54.014 32371 1825 V IJKMEDIA: stream 1, sample 562, dts 13049615
05-28 16:05:54.014 32371 1825 V IJKMEDIA: stream 0, sample 397, dts 13200000
05-28 16:05:54.014 32371 1825 V IJKMEDIA: stream 1, sample 563, dts 13072834
05-28 16:05:54.014 32371 1825 V IJKMEDIA: stream 0, sample 397, dts 13200000
05-28 16:05:54.014 32371 1825 V IJKMEDIA: stream 1, sample 564, dts 13096054
05-28 16:05:54.014 32371 1825 V IJKMEDIA: stream 0, sample 397, dts 13200000
05-28 16:05:54.014 32371 1825 V IJKMEDIA: stream 1, sample 565, dts 13119274
05-28 16:05:54.014 32371 1825 V IJKMEDIA: stream 0, sample 397, dts 13200000
05-28 16:05:54.014 32371 1825 V IJKMEDIA: stream 1, sample 566, dts 13142494
05-28 16:05:54.014 32371 1825 V IJKMEDIA: stream 0, sample 397, dts 13200000
05-28 16:05:54.014 32371 1825 V IJKMEDIA: stream 1, sample 567, dts 13165714
05-28 16:05:54.014 32371 1825 V IJKMEDIA: stream 0, sample 397, dts 13200000
05-28 16:05:54.014 32371 1825 V IJKMEDIA: stream 1, sample 568, dts 13188934
05-28 16:05:54.014 32371 1825 V IJKMEDIA: stream 0, sample 397, dts 13200000
05-28 16:05:54.014 32371 1825 V IJKMEDIA: stream 1, sample 569, dts 13212154
05-28 16:05:54.014 32371 1825 V IJKMEDIA: stream 0, sample 397, dts 13200000
05-28 16:05:54.014 32371 1825 V IJKMEDIA: stream 1, sample 570, dts 13235374
05-28 16:05:54.014 32371 1825 V IJKMEDIA: stream 0, sample 397, dts 13200000
05-28 16:05:54.014 32371 1825 V IJKMEDIA: stream 1, sample 571, dts 13258594
05-28 16:05:54.014 32371 1825 V IJKMEDIA: stream 0, sample 398, dts 13233333
05-28 16:05:54.014 32371 1825 V IJKMEDIA: stream 1, sample 571, dts 13258594
05-28 16:05:54.014 32371 1825 V IJKMEDIA: stream 0, sample 399, dts 13266667
05-28 16:05:54.014 32371 1825 V IJKMEDIA: stream 1, sample 571, dts 13258594
05-28 16:05:54.014 32371 1825 V IJKMEDIA: stream 0, sample 400, dts 13300000
05-28 16:05:54.014 32371 1825 V IJKMEDIA: stream 1, sample 571, dts 13258594
05-28 16:05:54.014 32371 1825 V IJKMEDIA: stream 0, sample 401, dts 13333333
05-28 16:05:54.014 32371 1825 V IJKMEDIA: stream 1, sample 571, dts 13258594
05-28 16:05:54.014 32371 1825 V IJKMEDIA: stream 0, sample 402, dts 13366667
05-28 16:05:54.014 32371 1825 V IJKMEDIA: stream 1, sample 571, dts 13258594
05-28 16:05:54.014 32371 1825 V IJKMEDIA: stream 0, sample 403, dts 13400000
05-28 16:05:54.014 32371 1825 V IJKMEDIA: stream 1, sample 571, dts 13258594
05-28 16:05:54.015 32371 1825 V IJKMEDIA: stream 0, sample 404, dts 13433333
05-28 16:05:54.015 32371 1825 V IJKMEDIA: stream 1, sample 571, dts 13258594
05-28 16:05:54.015 32371 1825 V IJKMEDIA: stream 0, sample 405, dts 13466667
05-28 16:05:54.015 32371 1825 V IJKMEDIA: stream 1, sample 571, dts 13258594
05-28 16:05:54.015 32371 1825 V IJKMEDIA: stream 0, sample 406, dts 13500000
05-28 16:05:54.015 32371 1825 V IJKMEDIA: stream 1, sample 571, dts 13258594
05-28 16:05:54.015 32371 1825 V IJKMEDIA: stream 0, sample 407, dts 13533333
05-28 16:05:54.015 32371 1825 V IJKMEDIA: stream 1, sample 571, dts 13258594
05-28 16:05:54.015 32371 1825 V IJKMEDIA: stream 0, sample 408, dts 13566667
05-28 16:05:54.015 32371 1825 V IJKMEDIA: stream 1, sample 571, dts 13258594
05-28 16:05:54.015 32371 1825 V IJKMEDIA: stream 0, sample 409, dts 13600000
05-28 16:05:54.015 32371 1825 V IJKMEDIA: stream 1, sample 571, dts 13258594
05-28 16:05:54.015 32371 1825 V IJKMEDIA: stream 0, sample 410, dts 13633333
05-28 16:05:54.015 32371 1825 V IJKMEDIA: stream 1, sample 571, dts 13258594
05-28 16:05:54.015 32371 1825 V IJKMEDIA: stream 0, sample 411, dts 13666667
05-28 16:05:54.015 32371 1825 V IJKMEDIA: stream 1, sample 571, dts 13258594
05-28 16:05:54.015 32371 1825 V IJKMEDIA: stream 0, sample 411, dts 13666667
05-28 16:05:54.015 32371 1825 V IJKMEDIA: stream 1, sample 572, dts 13281814
05-28 16:05:54.015 32371 1825 V IJKMEDIA: stream 0, sample 411, dts 13666667
05-28 16:05:54.015 32371 1825 V IJKMEDIA: stream 1, sample 573, dts 13305034
05-28 16:05:54.015 32371 1825 V IJKMEDIA: stream 0, sample 411, dts 13666667
05-28 16:05:54.015 32371 1825 V IJKMEDIA: stream 1, sample 574, dts 13328254
05-28 16:05:54.015 32371 1825 V IJKMEDIA: stream 0, sample 411, dts 13666667
05-28 16:05:54.015 32371 1825 V IJKMEDIA: stream 1, sample 575, dts 13351474
