05-28 16:05:54.073 32371 1825 V IJKMEDIA: stream 1, sample 1571, dts 36478549
05-28 16:05:54.073 32371 1825 V IJKMEDIA: stream 0, sample 1107, dts 36866667
05-28 16:05:54.073 32371 1825 V IJKMEDIA: stream 1, sample 1571, dts 36478549
05-28 16:05:54.073 32371 1825 V IJKMEDIA: stream 0, sample 1108, dts 36900000
05-28 16:05:54.073 32371 1825 V IJKMEDIA: stream 1, sample 1571, dts 36478549
05-28 16:05:54.073 32371 1825 V IJKMEDIA: stream 0, sample 1109, dts 36933333
05-28 16:05:54.073 32371 1825 V IJKMEDIA: stream 1, sample 1571, dts 36478549
05-28 16:05:54.073 32371 1825 V IJKMEDIA: stream 0, sample 1109, dts 36933333
05-28 16:05:54.073 32371 1825 V IJKMEDIA: stream 1, sample 1572, dts 36501769
05-28 16:05:54.073 32371 1825 V IJKMEDIA: stream 0, sample 1109, dts 36933333
05-28 16:05:54.073 32371 1825 V IJKMEDIA: stream 1, sample 1573, dts 36524989
05-28 16:05:54.074 32371 1825 V IJKMEDIA: stream 0, sample 1109, dts 36933333
05-28 16:05:54.074 32371 1825 V IJKMEDIA: stream 1, sample 1574, dts 36548209
05-28 16:05:54.074 32371 1825 V IJKMEDIA: stream 0, sample 1109, dts 36933333
05-28 16:05:54.074 32371 1825 V IJKMEDIA: stream 1, sample 1575, dts 36571429
05-28 16:05:54.074 32371 1825 V IJKMEDIA: stream 0, sample 1109, dts 36933333
05-28 16:05:54.074 32371 1825 V IJKMEDIA: stream 1, sample 1576, dts 36594649
05-28 16:05:54.074 32371 1825 V IJKMEDIA: stream 0, sample 1109, dts 36933333
05-28 16:05:54.074 32371 1825 V IJKMEDIA: stream 1, sample 1577, dts 36617868
05-28 16:05:54.074 32371 1825 V IJKMEDIA: stream 0, sample 1109, dts 36933333
05-28 16:05:54.074 32371 1825 V IJKMEDIA: stream 1, sample 1578, dts 36641088
05-28 16:05:54.074 32371 1825 V IJKMEDIA: stream 0, sample 1109, dts 36933333
05-28 16:05:54.074 32371 1825 V IJKMEDIA: stream 1, sample 1579, dts 36664308
05-28 16:05:54.074 32371 1825 V IJKMEDIA: stream 0, sample 1109, dts 36933333
05-28 16:05:54.074 32371 1825 V IJKMEDIA: stream 1, sample 1580, dts 36687528
05-28 16:05:54.074 32371 1823 D IJKMEDIA: ANativeWindow_setBuffersGeometry:
w=1210, h=558, f=#(0x1) => w=1280, h=590, f=RV32(0x32335652)
05-28 16:05:54.074 32371 1825 V IJKMEDIA: stream 0, sample 1109, dts 36933333
05-28 16:05:54.074 32371 1825 V IJKMEDIA: stream 1, sample 1581, dts 36710748
05-28 16:05:54.074 32371 1825 V IJKMEDIA: stream 0, sample 1109, dts 36933333
05-28 16:05:54.074 32371 1825 V IJKMEDIA: stream 1, sample 1582, dts 36733968
05-28 16:05:54.074 32371 1825 V IJKMEDIA: stream 0, sample 1109, dts 36933333
05-28 16:05:54.074 32371 1825 V IJKMEDIA: stream 1, sample 1583, dts 36757188
05-28 16:05:54.074 32371 1825 V IJKMEDIA: stream 0, sample 1109, dts 36933333
05-28 16:05:54.074 32371 1825 V IJKMEDIA: stream 1, sample 1584, dts 36780408
05-28 16:05:54.074 32371 1825 V IJKMEDIA: stream 0, sample 1109, dts 36933333
05-28 16:05:54.074 32371 1825 V IJKMEDIA: stream 1, sample 1585, dts 36803628
05-28 16:05:54.074 32371 1825 V IJKMEDIA: stream 0, sample 1109, dts 36933333
05-28 16:05:54.074 32371 1825 V IJKMEDIA: stream 1, sample 1586, dts 36826848
05-28 16:05:54.074 32371 1825 V IJKMEDIA: stream 0, sample 1109, dts 36933333
05-28 16:05:54.074 32371 1825 V IJKMEDIA: stream 1, sample 1587, dts 36850068
05-28 16:05:54.074 32371 1825 V IJKMEDIA: stream 0, sample 1109, dts 36933333
05-28 16:05:54.074 32371 1825 V IJKMEDIA: stream 1, sample 1588, dts 36873288
05-28 16:05:54.074 32371 1825 V IJKMEDIA: stream 0, sample 1109, dts 36933333
05-28 16:05:54.074 32371 1825 V IJKMEDIA: stream 1, sample 1589, dts 36896508
05-28 16:05:54.074 32371 1825 V IJKMEDIA: stream 0, sample 1109, dts 36933333
05-28 16:05:54.074 32371 1825 V IJKMEDIA: stream 1, sample 1590, dts 36919728
05-28 16:05:54.074 32371 1825 V IJKMEDIA: stream 0, sample 1109, dts 36933333
05-28 16:05:54.074 32371 1825 V IJKMEDIA: stream 1, sample 1591, dts 36942948
05-28 16:05:54.074 32371 1825 V IJKMEDIA: stream 0, sample 1110, dts 36966667
05-28 16:05:54.074 32371 1825 V IJKMEDIA: stream 1, sample 1591, dts 36942948
05-28 16:05:54.074 32371 1825 V IJKMEDIA: stream 0, sample 1111, dts 37000000
05-28 16:05:54.074 32371 1825 V IJKMEDIA: stream 1, sample 1591, dts 36942948
05-28 16:05:54.074 32371 1825 V IJKMEDIA: stream 0, sample 1112, dts 37033333
05-28 16:05:54.074 32371 1825 V IJKMEDIA: stream 1, sample 1591, dts 36942948
05-28 16:05:54.074 32371 1825 V IJKMEDIA: stream 0, sample 1113, dts 37066667
05-28 16:05:54.074 32371 1825 V IJKMEDIA: stream 1, sample 1591, dts 36942948
05-28 16:05:54.074 32371 1825 V IJKMEDIA: stream 0, sample 1114, dts 37100000
05-28 16:05:54.074 32371 1825 V IJKMEDIA: stream 1, sample 1591, dts 36942948
05-28 16:05:54.074 32371 1825 V IJKMEDIA: stream 0, sample 1115, dts 37133333
05-28 16:05:54.074 32371 1825 V IJKMEDIA: stream 1, sample 1591, dts 36942948
05-28 16:05:54.074 32371 1825 V IJKMEDIA: stream 0, sample 1116, dts 37166667
05-28 16:05:54.074 32371 1825 V IJKMEDIA: stream 1, sample 1591, dts 36942948
05-28 16:05:54.074 32371 1825 V IJKMEDIA: stream 0, sample 1117, dts 37200000
05-28 16:05:54.074 32371 1825 V IJKMEDIA: stream 1, sample 1591, dts 36942948
05-28 16:05:54.074 32371 1825 V IJKMEDIA: stream 0, sample 1118, dts 37233333
05-28 16:05:54.074 32371 1825 V IJKMEDIA: stream 1, sample 1591, dts 36942948
05-28 16:05:54.074 32371 1825 V IJKMEDIA: stream 0, sample 1119, dts 37266667
05-28 16:05:54.074 32371 1825 V IJKMEDIA: stream 1, sample 1591, dts 36942948
05-28 16:05:54.074 32371 1825 V IJKMEDIA: stream 0, sample 1120, dts 37300000
05-28 16:05:54.074 32371 1825 V IJKMEDIA: stream 1, sample 1591, dts 36942948
05-28 16:05:54.075 32371 1825 V IJKMEDIA: stream 0, sample 1121, dts 37333333
05-28 16:05:54.075 32371 1825 V IJKMEDIA: stream 1, sample 1591, dts 36942948
05-28 16:05:54.075 32371 1825 V IJKMEDIA: stream 0, sample 1122, dts 37366667
05-28 16:05:54.075 32371 1825 V IJKMEDIA: stream 1, sample 1591, dts 36942948
05-28 16:05:54.075 32371 1825 V IJKMEDIA: stream 0, sample 1122, dts 37366667
05-28 16:05:54.075 32371 1825 V IJKMEDIA: stream 1, sample 1592, dts 36966168
05-28 16:05:54.075 32371 1825 V IJKMEDIA: stream 0, sample 1122, dts 37366667
05-28 16:05:54.075 32371 1825 V IJKMEDIA: stream 1, sample 1593, dts 36989388
05-28 16:05:54.075 32371 1825 V IJKMEDIA: stream 0, sample 1122, dts 37366667
05-28 16:05:54.075 32371 1825 V IJKMEDIA: stream 1, sample 1594, dts 37012608
05-28 16:05:54.075 32371 1825 V IJKMEDIA: stream 0, sample 1122, dts 37366667
05-28 16:05:54.075 32371 1825 V IJKMEDIA: stream 1, sample 1595, dts 37035828
05-28 16:05:54.075 32371 1825 V IJKMEDIA: stream 0, sample 1122, dts 37366667
05-28 16:05:54.075 32371 1825 V IJKMEDIA: stream 1, sample 1596, dts 37059048
05-28 16:05:54.075 32371 1825 V IJKMEDIA: stream 0, sample 1122, dts 37366667
05-28 16:05:54.075 32371 1825 V IJKMEDIA: stream 1, sample 1597, dts 37082268
05-28 16:05:54.075 32371 1825 V IJKMEDIA: stream 0, sample 1122, dts 37366667
05-28 16:05:54.075 32371 1825 V IJKMEDIA: stream 1, sample 1598, dts 37105488
05-28 16:05:54.075 32371 1825 V IJKMEDIA: stream 0, sample 1122, dts 37366667
05-28 16:05:54.075 32371 1825 V IJKMEDIA: stream 1, sample 1599, dts 37128707
05-28 16:05:54.075 32371 1825 V IJKMEDIA: stream 0, sample 1122, dts 37366667
05-28 16:05:54.075 32371 1825 V IJKMEDIA: stream 1, sample 1600, dts 37151927
05-28 16:05:54.075 32371 1825 V IJKMEDIA: stream 0, sample 1122, dts 37366667
05-28 16:05:54.075 32371 1825 V IJKMEDIA: stream 1, sample 1601, dts 37175147
05-28 16:05:54.075 32371 1825 V IJKMEDIA: stream 0, sample 1122, dts 37366667
05-28 16:05:54.075 32371 1825 V IJKMEDIA: stream 1, sample 1602, dts 37198367
05-28 16:05:54.075 32371 1825 V IJKMEDIA: stream 0, sample 1122, dts 37366667
05-28 16:05:54.075 32371 1825 V IJKMEDIA: stream 1, sample 1603, dts 37221587
05-28 16:05:54.075 32371 1825 V IJKMEDIA: stream 0, sample 1122, dts 37366667
05-28 16:05:54.075 32371 1825 V IJKMEDIA: stream 1, sample 1604, dts 37244807
05-28 16:05:54.075 32371 1825 V IJKMEDIA: stream 0, sample 1122, dts 37366667
05-28 16:05:54.075 32371 1825 V IJKMEDIA: stream 1, sample 1605, dts 37268027
05-28 16:05:54.075 32371 1825 V IJKMEDIA: stream 0, sample 1122, dts 37366667
05-28 16:05:54.075 32371 1825 V IJKMEDIA: stream 1, sample 1606, dts 37291247
05-28 16:05:54.075 32371 1825 V IJKMEDIA: stream 0, sample 1122, dts 37366667
05-28 16:05:54.075 32371 1825 V IJKMEDIA: stream 1, sample 1607, dts 37314467
05-28 16:05:54.075 32371 1825 V IJKMEDIA: stream 0, sample 1122, dts 37366667
05-28 16:05:54.075 32371 1825 V IJKMEDIA: stream 1, sample 1608, dts 37337687
05-28 16:05:54.075 32371 1825 V IJKMEDIA: stream 0, sample 1122, dts 37366667
05-28 16:05:54.075 32371 1825 V IJKMEDIA: stream 1, sample 1609, dts 37360907
05-28 16:05:54.075 32371 1825 V IJKMEDIA: stream 0, sample 1122, dts 37366667
05-28 16:05:54.075 32371 1825 V IJKMEDIA: stream 1, sample 1610, dts 37384127
05-28 16:05:54.075 32371 1825 V IJKMEDIA: stream 0, sample 1122, dts 37366667
05-28 16:05:54.075 32371 1825 V IJKMEDIA: stream 1, sample 1611, dts 37407347
05-28 16:05:54.075 32371 1825 V IJKMEDIA: stream 0, sample 1123, dts 37400000
05-28 16:05:54.075 32371 1825 V IJKMEDIA: stream 1, sample 1611, dts 37407347
05-28 16:05:54.075 32371 1825 V IJKMEDIA: stream 0, sample 1124, dts 37433333
05-28 16:05:54.075 32371 1825 V IJKMEDIA: stream 1, sample 1611, dts 37407347
05-28 16:05:54.075 32371 1825 V IJKMEDIA: stream 0, sample 1125, dts 37466667
05-28 16:05:54.075 32371 1825 V IJKMEDIA: stream 1, sample 1611, dts 37407347
05-28 16:05:54.075 32371 1825 V IJKMEDIA: stream 0, sample 1126, dts 37500000
05-28 16:05:54.075 32371 1825 V IJKMEDIA: stream 1, sample 1611, dts 37407347
05-28 16:05:54.075 32371 1825 V IJKMEDIA: stream 0, sample 1127, dts 37533333
05-28 16:05:54.075 32371 1825 V IJKMEDIA: stream 1, sample 1611, dts 37407347
05-28 16:05:54.075 32371 1825 V IJKMEDIA: stream 0, sample 1128, dts 37566667
05-28 16:05:54.075 32371 1825 V IJKMEDIA: stream 1, sample 1611, dts 37407347
05-28 16:05:54.075 32371 1825 V IJKMEDIA: stream 0, sample 1129, dts 37600000
05-28 16:05:54.075 32371 1825 V IJKMEDIA: stream 1, sample 1611, dts 37407347
05-28 16:05:54.075 32371 1825 V IJKMEDIA: stream 1, sample 1611, dts 37407347
05-28 16:05:54.075 32371 1825 V IJKMEDIA: stream 1, sample 1612, dts 37430567
05-28 16:05:54.075 32371 1825 V IJKMEDIA: stream 1, sample 1613, dts 37453787
05-28 16:05:54.075 32371 1825 V IJKMEDIA: stream 1, sample 1614, dts 37477007
05-28 16:05:54.075 32371 1825 V IJKMEDIA: stream 1, sample 1615, dts 37500227
05-28 16:05:54.075 32371 1825 V IJKMEDIA: stream 1, sample 1616, dts 37523447
05-28 16:05:54.075 32371 1825 V IJKMEDIA: stream 1, sample 1617, dts 37546667
05-28 16:05:54.075 32371 1825 V IJKMEDIA: stream 1, sample 1618, dts 37569887
05-28 16:05:54.075 32371 1825 V IJKMEDIA: stream 1, sample 1619, dts 37593107
05-28 16:05:54.075 32371 1825 V IJKMEDIA: stream 1, sample 1620, dts 37616327
05-28 16:05:54.075 32371 1825 V IJKMEDIA: stream 1, sample 1621, dts 37639546
05-28 16:05:54.075 32371 1825 V IJKMEDIA: stream 1, sample 1622, dts 37662766
05-28 16:05:54.077 32371 1861 D IJKMEDIA: nal_unit_type: 1, nal_ref_idc: 2
05-28 16:05:54.145 32371 1862 D IJKMEDIA: nal_unit_type: 1, nal_ref_idc: 0
05-28 16:05:54.215 32371 1878 D IJKMEDIA: nal_unit_type: 1, nal_ref_idc: 0
05-28 16:05:54.280 32371 1883 D IJKMEDIA: nal_unit_type: 1, nal_ref_idc: 2
05-28 16:05:54.297 32371 32371 D MIUIInput: [KeyEvent] ViewRootImpl windowName
'com.sosomod.freegame/com.bz.sosomod.game.GameDetailActivity', KeyEvent
{ action=ACTION_DOWN, keyCode=KEYCODE_BACK, scanCode=0, metaState=0, flags=0x48,
repeatCount=0, eventTime=4521049, downTime=4521049, deviceId=-1, source=0x101,
displayId=0 }, phoneEventTime=16:05:54.284
05-28 16:05:54.348 32371 1892 D IJKMEDIA: nal_unit_type: 1, nal_ref_idc: 2
05-28 16:05:54.373 32371 32371 D MIUIInput: [KeyEvent] ViewRootImpl windowName
'com.sosomod.freegame/com.bz.sosomod.game.GameDetailActivity', KeyEvent
{ action=ACTION_UP, keyCode=KEYCODE_BACK, scanCode=0, metaState=0, flags=0x48,
repeatCount=0, eventTime=4521130, downTime=4521049, deviceId=-1, source=0x101,
displayId=0 }, phoneEventTime=16:05:54.364
05-28 16:05:54.381 32371 1837 D IJKMEDIA: nal_unit_type: 1, nal_ref_idc: 2
05-28 16:05:54.402 32371 32371 D IJKMEDIA: ijkmp_pause()
05-28 16:05:54.402 32371 32371 D IJKMEDIA: ijkmp_pause()=0
05-28 16:05:54.402 32371 1815 D IJKMEDIA: ijkmp_get_msg: FFP_REQ_PAUSE
05-28 16:05:54.406 32371 1829 D AudioTrack: pause(sessionID=1121)
05-28 16:05:54.406 32371 1829 D AudioTrack: pause(230): prior state:STATE_ACTIVE
05-28 16:05:54.442 32371 32371 E topActivity:
com.bz.sosomod.search.GameSearchActivity
05-28 16:05:54.446 32371 32371 D DecorView[]: onWindowFocusChanged hasWindowFocus
false
05-28 16:05:54.571 32371 32387 D BLASTBufferQueue: releaseBufferCallback
ReleaseCallbackId: bufferId:139032386338988 framenumber:1
05-28 16:05:54.586 32371 32371 D DecorView[]: onWindowFocusChanged hasWindowFocus
true
05-28 16:05:54.595 32371 32371 I HandWritingStubImpl: refreshLastKeyboardType: 1
05-28 16:05:54.595 32371 32371 I HandWritingStubImpl: getCurrentKeyboardType: 1
05-28 16:05:54.903 32371 32371 D IJKMEDIA: IjkMediaPlayer_setVideoSurface
05-28 16:05:54.903 32371 32371 D IJKMEDIA: ijkmp_set_android_surface(surface=0x0)
05-28 16:05:54.903 32371 32371 D IJKMEDIA: ffpipeline_set_surface()
05-28 16:05:54.903 32371 32371 D IJKMEDIA:
ijkmp_set_android_surface(surface=0x0)=void
05-28 16:05:54.925 32371 32371 D IJKMEDIA: IjkMediaPlayer_release
05-28 16:05:54.925 32371 32371 D IJKMEDIA: ijkmp_set_android_surface(surface=0x0)
05-28 16:05:54.925 32371 32371 D IJKMEDIA: ffpipeline_set_surface()
05-28 16:05:54.925 32371 32371 D IJKMEDIA:
ijkmp_set_android_surface(surface=0x0)=void
05-28 16:05:54.925 32371 32371 D IJKMEDIA: ijkmp_shutdown_l()
05-28 16:05:54.925 32371 32371 D IJKMEDIA: wait for read_tid
05-28 16:05:54.925 32371 1815 D IJKMEDIA: message_loop exit
05-28 16:05:54.925 32371 1815 I IJKMEDIA: SDL_JNI_DetachThreadEnv: [1815]
05-28 16:05:54.925 32371 1823 I IJKMEDIA: SDL_JNI_DetachThreadEnv: [1823]
05-28 16:05:54.960 32371 1825 I IJKMEDIA: SDL_JNI_DetachThreadEnv: [1825]
05-28 16:05:54.963 32371 1831 I IJKMEDIA: SDL_JNI_DetachThreadEnv: [1831]
05-28 16:05:54.965 32371 1829 D AudioTrack: stop(sessionID=1121)
05-28 16:05:54.965 32371 1829 D AudioTrack: stop(230): prior state:STATE_PAUSED
05-28 16:05:54.966 32371 1829 D AudioTrack: stop(230): called with 17728 frames
delivered
05-28 16:05:54.968 32371 1829 D AudioTrack: [audioTrackData][ending](f:0 m:0 s:0
k:0) : pid 32371 uid 10355 sessionId 1121 sr 44100 ch 2 fmt 1
05-28 16:05:54.968 32371 1829 D AudioTrack: ~AudioTrack(sessionID=1121)
05-28 16:05:54.968 32371 1829 D AudioTrack: stop(sessionID=1121)
05-28 16:05:54.968 32371 1829 D AudioTrack: stop(230): prior state:STATE_STOPPED
05-28 16:05:54.972 32371 1829 I IJKMEDIA: SDL_JNI_DetachThreadEnv: [1829]
05-28 16:05:54.973 32371 1895 I IJKMEDIA: convert image convert_frame_count = 0
05-28 16:05:54.973 32371 1895 I IJKMEDIA: SDL_JNI_DetachThreadEnv: [1895]
05-28 16:05:54.985 32371 32371 D IJKMEDIA: Statistics: 9531341 bytes read, 0 seeks
05-28 16:05:54.985 32371 32371 D IJKMEDIA: wait for video_refresh_tid
05-28 16:05:54.986 32371 32371 E IJKMEDIA: SDL_Overlay(ffmpeg):
overlay_free_l(0xe6135900)
05-28 16:05:54.986 32371 32371 E IJKMEDIA: SDL_Overlay(ffmpeg):
overlay_free_l(0xe6135a40)
05-28 16:05:54.986 32371 32371 E IJKMEDIA: SDL_Overlay(ffmpeg):
overlay_free_l(0xe6135ac0)
05-28 16:05:54.987 32371 32371 D IJKMEDIA: ijkmp_shutdown_l()=void
05-28 16:05:54.987 32371 32371 D IJKMEDIA: ijkmp_dec_ref(): ref=0
05-28 16:05:54.987 32371 32371 D IJKMEDIA: ijkmp_shutdown_l()
05-28 16:05:54.987 32371 32371 D IJKMEDIA: ijkmp_shutdown_l()=void
05-28 16:05:55.241 32371 32371 D MiuiMultiWindowAdapter:
MiuiMultiWindowAdapter::getFreeformVideoWhiteListInSystem::LIST_ABOUT_SUPPORT_LANDS
CAPE_VIDEO = [com.hunantv.imgo.activity, com.tencent.qqlive, com.qiyi.video,
com.hunantv.imgo.activity.inter, com.tencent.qqlivei18n, com.iqiyi.i18n,
tv.danmaku.bili]
05-28 16:05:55.246 32371 32371 D DecorView[]: getWindowModeFromSystem windowmode
is 1
05-28 16:05:55.334 32371 32371 E topActivity:
com.bz.sosomod.game.GameDetailActivity
05-28 16:05:55.339 32371 32371 D DecorView[]: getWindowModeFromSystem windowmode
is 1
05-28 16:05:55.339 32371 32371 D DecorView[]: updateDecorCaptionStatus windowMode
is 1
05-28 16:05:55.339 32371 32371 D DecorView[]: updateDecorCaptionStatus
displayWindowDecor is false
05-28 16:05:55.348 32371 553 E osomod.freegam: No package ID ff found for ID
0xffffffff.
05-28 16:05:55.348 32371 32371 W Glide : Load failed for null with size [0x0]
05-28 16:05:55.348 32371 32371 W Glide : class d.c.a.m.p.q: Received null model
05-28 16:05:55.349 32371 553 W ResourceLoader: Received invalid resource id: -1
05-28 16:05:55.349 32371 553 W ResourceLoader:
android.content.res.Resources$NotFoundException: Unable to find resource ID
#0xffffffff
05-28 16:05:55.349 32371 553 W ResourceLoader: at
android.content.res.ResourcesImpl.getResourcePackageName(ResourcesImpl.java:292)
05-28 16:05:55.349 32371 553 W ResourceLoader: at
android.content.res.Resources.getResourcePackageName(Resources.java:2351)
05-28 16:05:55.349 32371 553 W ResourceLoader: at
d.c.a.m.q.s.d(ResourceLoader.java:2)
05-28 16:05:55.349 32371 553 W ResourceLoader: at
d.c.a.m.q.s.c(ResourceLoader.java:1)
05-28 16:05:55.349 32371 553 W ResourceLoader: at
d.c.a.m.q.s.b(ResourceLoader.java:1)
05-28 16:05:55.349 32371 553 W ResourceLoader: at
d.c.a.m.p.g.g(DecodeHelper.java:7)
05-28 16:05:55.349 32371 553 W ResourceLoader: at
d.c.a.m.p.g.c(DecodeHelper.java:4)
05-28 16:05:55.349 32371 553 W ResourceLoader: at
d.c.a.m.p.w.b(ResourceCacheGenerator.java:1)
05-28 16:05:55.349 32371 553 W ResourceLoader: at
d.c.a.m.p.h.y(DecodeJob.java:4)
05-28 16:05:55.349 32371 553 W ResourceLoader: at
d.c.a.m.p.h.A(DecodeJob.java:7)
05-28 16:05:55.349 32371 553 W ResourceLoader: at
d.c.a.m.p.h.run(DecodeJob.java:7)
05-28 16:05:55.349 32371 553 W ResourceLoader: at
java.util.concurrent.ThreadPoolExecutor.runWorker(ThreadPoolExecutor.java:1137)
05-28 16:05:55.349 32371 553 W ResourceLoader: at
java.util.concurrent.ThreadPoolExecutor$Worker.run(ThreadPoolExecutor.java:637)
05-28 16:05:55.349 32371 553 W ResourceLoader: at
java.lang.Thread.run(Thread.java:1012)
05-28 16:05:55.349 32371 553 W ResourceLoader: at
d.c.a.m.p.c0.a$b$a.run(GlideExecutor.java:6)
05-28 16:05:55.349 32371 553 E osomod.freegam: No package ID ff found for ID
0xffffffff.
05-28 16:05:55.349 32371 553 W ResourceLoader: Received invalid resource id: -1
05-28 16:05:55.349 32371 553 W ResourceLoader:
android.content.res.Resources$NotFoundException: Unable to find resource ID
#0xffffffff
05-28 16:05:55.349 32371 553 W ResourceLoader: at
android.content.res.ResourcesImpl.getResourcePackageName(ResourcesImpl.java:292)
05-28 16:05:55.349 32371 553 W ResourceLoader: at
android.content.res.Resources.getResourcePackageName(Resources.java:2351)
05-28 16:05:55.349 32371 553 W ResourceLoader: at
d.c.a.m.q.s.d(ResourceLoader.java:2)
05-28 16:05:55.349 32371 553 W ResourceLoader: at
d.c.a.m.q.s.c(ResourceLoader.java:1)
05-28 16:05:55.349 32371 553 W ResourceLoader: at
d.c.a.m.q.s.b(ResourceLoader.java:1)
05-28 16:05:55.349 32371 553 W ResourceLoader: at
d.c.a.m.p.g.g(DecodeHelper.java:7)
05-28 16:05:55.349 32371 553 W ResourceLoader: at
d.c.a.m.p.g.c(DecodeHelper.java:4)
05-28 16:05:55.349 32371 553 W ResourceLoader: at
d.c.a.m.p.w.b(ResourceCacheGenerator.java:1)
05-28 16:05:55.349 32371 553 W ResourceLoader: at
d.c.a.m.p.h.y(DecodeJob.java:4)
05-28 16:05:55.349 32371 553 W ResourceLoader: at
d.c.a.m.p.h.A(DecodeJob.java:7)
05-28 16:05:55.349 32371 553 W ResourceLoader: at
d.c.a.m.p.h.run(DecodeJob.java:7)
05-28 16:05:55.349 32371 553 W ResourceLoader: at
java.util.concurrent.ThreadPoolExecutor.runWorker(ThreadPoolExecutor.java:1137)
05-28 16:05:55.349 32371 553 W ResourceLoader: at
java.util.concurrent.ThreadPoolExecutor$Worker.run(ThreadPoolExecutor.java:637)
05-28 16:05:55.349 32371 553 W ResourceLoader: at
java.lang.Thread.run(Thread.java:1012)
05-28 16:05:55.349 32371 553 W ResourceLoader: at
d.c.a.m.p.c0.a$b$a.run(GlideExecutor.java:6)
05-28 16:05:55.349 32371 553 E osomod.freegam: No package ID ff found for ID
0xffffffff.
05-28 16:05:55.349 32371 553 W ResourceLoader: Received invalid resource id: -1
05-28 16:05:55.349 32371 553 W ResourceLoader:
android.content.res.Resources$NotFoundException: Unable to find resource ID
#0xffffffff
05-28 16:05:55.349 32371 553 W ResourceLoader: at
android.content.res.ResourcesImpl.getResourcePackageName(ResourcesImpl.java:292)
05-28 16:05:55.349 32371 553 W ResourceLoader: at
android.content.res.Resources.getResourcePackageName(Resources.java:2351)
05-28 16:05:55.349 32371 553 W ResourceLoader: at
d.c.a.m.q.s.d(ResourceLoader.java:2)
05-28 16:05:55.349 32371 553 W ResourceLoader: at
d.c.a.m.q.s.c(ResourceLoader.java:1)
05-28 16:05:55.349 32371 553 W ResourceLoader: at
d.c.a.m.q.s.b(ResourceLoader.java:1)
05-28 16:05:55.349 32371 553 W ResourceLoader: at
d.c.a.m.p.g.g(DecodeHelper.java:7)
05-28 16:05:55.349 32371 553 W ResourceLoader: at
d.c.a.m.p.g.c(DecodeHelper.java:4)
05-28 16:05:55.349 32371 553 W ResourceLoader: at
d.c.a.m.p.w.b(ResourceCacheGenerator.java:1)
05-28 16:05:55.349 32371 553 W ResourceLoader: at
d.c.a.m.p.h.y(DecodeJob.java:4)
05-28 16:05:55.349 32371 553 W ResourceLoader: at
d.c.a.m.p.h.A(DecodeJob.java:7)
05-28 16:05:55.349 32371 553 W ResourceLoader: at
d.c.a.m.p.h.run(DecodeJob.java:7)
05-28 16:05:55.349 32371 553 W ResourceLoader: at
java.util.concurrent.ThreadPoolExecutor.runWorker(ThreadPoolExecutor.java:1137)
05-28 16:05:55.349 32371 553 W ResourceLoader: at
java.util.concurrent.ThreadPoolExecutor$Worker.run(ThreadPoolExecutor.java:637)
05-28 16:05:55.349 32371 553 W ResourceLoader: at
java.lang.Thread.run(Thread.java:1012)
05-28 16:05:55.349 32371 553 W ResourceLoader: at
d.c.a.m.p.c0.a$b$a.run(GlideExecutor.java:6)
05-28 16:05:55.349 32371 553 E osomod.freegam: No package ID ff found for ID
0xffffffff.
05-28 16:05:55.350 32371 553 W ResourceLoader: Received invalid resource id: -1
05-28 16:05:55.350 32371 553 W ResourceLoader:
android.content.res.Resources$NotFoundException: Unable to find resource ID
#0xffffffff
05-28 16:05:55.350 32371 553 W ResourceLoader: at
android.content.res.ResourcesImpl.getResourcePackageName(ResourcesImpl.java:292)
05-28 16:05:55.350 32371 553 W ResourceLoader: at
android.content.res.Resources.getResourcePackageName(Resources.java:2351)
05-28 16:05:55.350 32371 553 W ResourceLoader: at
d.c.a.m.q.s.d(ResourceLoader.java:2)
05-28 16:05:55.350 32371 553 W ResourceLoader: at
d.c.a.m.q.s.c(ResourceLoader.java:1)
05-28 16:05:55.350 32371 553 W ResourceLoader: at
d.c.a.m.q.s.b(ResourceLoader.java:1)
05-28 16:05:55.350 32371 553 W ResourceLoader: at
d.c.a.m.p.g.g(DecodeHelper.java:7)
05-28 16:05:55.350 32371 553 W ResourceLoader: at
d.c.a.m.p.g.c(DecodeHelper.java:4)
05-28 16:05:55.350 32371 553 W ResourceLoader: at
d.c.a.m.p.w.b(ResourceCacheGenerator.java:1)
05-28 16:05:55.350 32371 553 W ResourceLoader: at
d.c.a.m.p.h.y(DecodeJob.java:4)
05-28 16:05:55.350 32371 553 W ResourceLoader: at
d.c.a.m.p.h.A(DecodeJob.java:7)
05-28 16:05:55.350 32371 553 W ResourceLoader: at
d.c.a.m.p.h.run(DecodeJob.java:7)
05-28 16:05:55.350 32371 553 W ResourceLoader: at
java.util.concurrent.ThreadPoolExecutor.runWorker(ThreadPoolExecutor.java:1137)
05-28 16:05:55.350 32371 553 W ResourceLoader: at
java.util.concurrent.ThreadPoolExecutor$Worker.run(ThreadPoolExecutor.java:637)
05-28 16:05:55.350 32371 553 W ResourceLoader: at
java.lang.Thread.run(Thread.java:1012)
05-28 16:05:55.350 32371 553 W ResourceLoader: at
d.c.a.m.p.c0.a$b$a.run(GlideExecutor.java:6)
05-28 16:05:55.350 32371 553 E osomod.freegam: No package ID ff found for ID
0xffffffff.
05-28 16:05:55.350 32371 553 W ResourceLoader: Received invalid resource id: -1
05-28 16:05:55.350 32371 553 W ResourceLoader:
android.content.res.Resources$NotFoundException: Unable to find resource ID
#0xffffffff
05-28 16:05:55.350 32371 553 W ResourceLoader: at
android.content.res.ResourcesImpl.getResourcePackageName(ResourcesImpl.java:292)
05-28 16:05:55.350 32371 553 W ResourceLoader: at
android.content.res.Resources.getResourcePackageName(Resources.java:2351)
05-28 16:05:55.350 32371 553 W ResourceLoader: at
d.c.a.m.q.s.d(ResourceLoader.java:2)
05-28 16:05:55.350 32371 553 W ResourceLoader: at
d.c.a.m.q.s.c(ResourceLoader.java:1)
05-28 16:05:55.350 32371 553 W ResourceLoader: at
d.c.a.m.q.s.b(ResourceLoader.java:1)
05-28 16:05:55.350 32371 553 W ResourceLoader: at
d.c.a.m.p.g.g(DecodeHelper.java:7)
05-28 16:05:55.350 32371 553 W ResourceLoader: at
d.c.a.m.p.g.c(DecodeHelper.java:4)
05-28 16:05:55.350 32371 553 W ResourceLoader: at
d.c.a.m.p.w.b(ResourceCacheGenerator.java:1)
05-28 16:05:55.350 32371 553 W ResourceLoader: at
d.c.a.m.p.h.y(DecodeJob.java:4)
05-28 16:05:55.350 32371 553 W ResourceLoader: at
d.c.a.m.p.h.A(DecodeJob.java:7)
05-28 16:05:55.350 32371 553 W ResourceLoader: at
d.c.a.m.p.h.run(DecodeJob.java:7)
05-28 16:05:55.350 32371 553 W ResourceLoader: at
java.util.concurrent.ThreadPoolExecutor.runWorker(ThreadPoolExecutor.java:1137)
05-28 16:05:55.350 32371 553 W ResourceLoader: at
java.util.concurrent.ThreadPoolExecutor$Worker.run(ThreadPoolExecutor.java:637)
05-28 16:05:55.350 32371 553 W ResourceLoader: at
java.lang.Thread.run(Thread.java:1012)
05-28 16:05:55.350 32371 553 W ResourceLoader: at
d.c.a.m.p.c0.a$b$a.run(GlideExecutor.java:6)
05-28 16:05:55.352 32371 553 E osomod.freegam: No package ID ff found for ID
0xffffffff.
05-28 16:05:55.352 32371 553 W ResourceLoader: Received invalid resource id: -1
05-28 16:05:55.352 32371 553 W ResourceLoader:
android.content.res.Resources$NotFoundException: Unable to find resource ID
#0xffffffff
05-28 16:05:55.352 32371 553 W ResourceLoader: at
android.content.res.ResourcesImpl.getResourcePackageName(ResourcesImpl.java:292)
05-28 16:05:55.352 32371 553 W ResourceLoader: at
android.content.res.Resources.getResourcePackageName(Resources.java:2351)
05-28 16:05:55.352 32371 553 W ResourceLoader: at
d.c.a.m.q.s.d(ResourceLoader.java:2)
05-28 16:05:55.352 32371 553 W ResourceLoader: at
d.c.a.m.q.s.c(ResourceLoader.java:1)
05-28 16:05:55.352 32371 553 W ResourceLoader: at
d.c.a.m.q.s.b(ResourceLoader.java:1)
05-28 16:05:55.352 32371 553 W ResourceLoader: at
d.c.a.m.p.g.g(DecodeHelper.java:7)
05-28 16:05:55.352 32371 553 W ResourceLoader: at
d.c.a.m.p.g.c(DecodeHelper.java:4)
05-28 16:05:55.352 32371 553 W ResourceLoader: at
d.c.a.m.p.w.b(ResourceCacheGenerator.java:1)
05-28 16:05:55.352 32371 553 W ResourceLoader: at
d.c.a.m.p.h.y(DecodeJob.java:4)
05-28 16:05:55.352 32371 553 W ResourceLoader: at
d.c.a.m.p.h.A(DecodeJob.java:7)
05-28 16:05:55.352 32371 553 W ResourceLoader: at
d.c.a.m.p.h.run(DecodeJob.java:7)
05-28 16:05:55.352 32371 553 W ResourceLoader: at
java.util.concurrent.ThreadPoolExecutor.runWorker(ThreadPoolExecutor.java:1137)
05-28 16:05:55.352 32371 553 W ResourceLoader: at
java.util.concurrent.ThreadPoolExecutor$Worker.run(ThreadPoolExecutor.java:637)
05-28 16:05:55.352 32371 553 W ResourceLoader: at
java.lang.Thread.run(Thread.java:1012)
05-28 16:05:55.352 32371 553 W ResourceLoader: at
d.c.a.m.p.c0.a$b$a.run(GlideExecutor.java:6)
05-28 16:05:55.352 32371 553 E osomod.freegam: No package ID ff found for ID
0xffffffff.
05-28 16:05:55.352 32371 553 W ResourceLoader: Received invalid resource id: -1
05-28 16:05:55.352 32371 553 W ResourceLoader:
android.content.res.Resources$NotFoundException: Unable to find resource ID
#0xffffffff
05-28 16:05:55.352 32371 553 W ResourceLoader: at
android.content.res.ResourcesImpl.getResourcePackageName(ResourcesImpl.java:292)
05-28 16:05:55.352 32371 553 W ResourceLoader: at
android.content.res.Resources.getResourcePackageName(Resources.java:2351)
05-28 16:05:55.352 32371 553 W ResourceLoader: at
d.c.a.m.q.s.d(ResourceLoader.java:2)
05-28 16:05:55.352 32371 553 W ResourceLoader: at
d.c.a.m.q.s.c(ResourceLoader.java:1)
05-28 16:05:55.352 32371 553 W ResourceLoader: at
d.c.a.m.q.s.b(ResourceLoader.java:1)
05-28 16:05:55.352 32371 553 W ResourceLoader: at
d.c.a.m.p.g.g(DecodeHelper.java:7)
05-28 16:05:55.352 32371 553 W ResourceLoader: at
d.c.a.m.p.g.c(DecodeHelper.java:4)
05-28 16:05:55.352 32371 553 W ResourceLoader: at
d.c.a.m.p.w.b(ResourceCacheGenerator.java:1)
05-28 16:05:55.352 32371 553 W ResourceLoader: at
d.c.a.m.p.h.y(DecodeJob.java:4)
05-28 16:05:55.352 32371 553 W ResourceLoader: at
d.c.a.m.p.h.A(DecodeJob.java:7)
05-28 16:05:55.352 32371 553 W ResourceLoader: at
d.c.a.m.p.h.run(DecodeJob.java:7)
05-28 16:05:55.352 32371 553 W ResourceLoader: at
java.util.concurrent.ThreadPoolExecutor.runWorker(ThreadPoolExecutor.java:1137)
05-28 16:05:55.352 32371 553 W ResourceLoader: at
java.util.concurrent.ThreadPoolExecutor$Worker.run(ThreadPoolExecutor.java:637)
05-28 16:05:55.352 32371 553 W ResourceLoader: at
java.lang.Thread.run(Thread.java:1012)
05-28 16:05:55.352 32371 553 W ResourceLoader: at
d.c.a.m.p.c0.a$b$a.run(GlideExecutor.java:6)
05-28 16:05:55.352 32371 553 E osomod.freegam: No package ID ff found for ID
0xffffffff.
05-28 16:05:55.352 32371 553 W ResourceLoader: Received invalid resource id: -1
05-28 16:05:55.352 32371 553 W ResourceLoader:
android.content.res.Resources$NotFoundException: Unable to find resource ID
#0xffffffff
05-28 16:05:55.352 32371 553 W ResourceLoader: at
android.content.res.ResourcesImpl.getResourcePackageName(ResourcesImpl.java:292)
05-28 16:05:55.352 32371 553 W ResourceLoader: at
android.content.res.Resources.getResourcePackageName(Resources.java:2351)
05-28 16:05:55.352 32371 553 W ResourceLoader: at
d.c.a.m.q.s.d(ResourceLoader.java:2)
05-28 16:05:55.352 32371 553 W ResourceLoader: at
d.c.a.m.q.s.c(ResourceLoader.java:1)
05-28 16:05:55.352 32371 553 W ResourceLoader: at
d.c.a.m.q.s.b(ResourceLoader.java:1)
05-28 16:05:55.352 32371 553 W ResourceLoader: at
d.c.a.m.p.g.g(DecodeHelper.java:7)
05-28 16:05:55.352 32371 553 W ResourceLoader: at
d.c.a.m.p.g.c(DecodeHelper.java:4)
05-28 16:05:55.352 32371 553 W ResourceLoader: at
d.c.a.m.p.w.b(ResourceCacheGenerator.java:1)
05-28 16:05:55.352 32371 553 W ResourceLoader: at
d.c.a.m.p.h.y(DecodeJob.java:4)
05-28 16:05:55.352 32371 553 W ResourceLoader: at
d.c.a.m.p.h.A(DecodeJob.java:7)
05-28 16:05:55.352 32371 553 W ResourceLoader: at
d.c.a.m.p.h.run(DecodeJob.java:7)
05-28 16:05:55.352 32371 553 W ResourceLoader: at
java.util.concurrent.ThreadPoolExecutor.runWorker(ThreadPoolExecutor.java:1137)
05-28 16:05:55.352 32371 553 W ResourceLoader: at
java.util.concurrent.ThreadPoolExecutor$Worker.run(ThreadPoolExecutor.java:637)
05-28 16:05:55.352 32371 553 W ResourceLoader: at
java.lang.Thread.run(Thread.java:1012)
05-28 16:05:55.352 32371 553 W ResourceLoader: at
d.c.a.m.p.c0.a$b$a.run(GlideExecutor.java:6)
05-28 16:05:55.375 32371 32371 W RecyclerView: No adapter attached; skipping layout
05-28 16:05:55.400 32371 32371 D DecorView[]: onWindowFocusChanged hasWindowFocus
false
05-28 16:05:55.401 32371 32371 W Glide : Load failed for null with size [0x0]
05-28 16:05:55.401 32371 32371 W Glide : class d.c.a.m.p.q: Received null model
05-28 16:05:55.407 32371 32371 W Glide : Load failed for -1 with size [206x206]
05-28 16:05:55.407 32371 32371 W Glide : class d.c.a.m.p.q: Failed to load
resource
05-28 16:05:55.408 32371 32371 W Glide : Load failed for -1 with size [83x83]
05-28 16:05:55.408 32371 32371 W Glide : class d.c.a.m.p.q: Failed to load
resource
05-28 16:05:55.415 32371 446 D BLASTBufferQueue: releaseBufferCallback
ReleaseCallbackId: bufferId:139032386338992 framenumber:1
05-28 16:05:55.423 32371 32371 D DecorView[]: onWindowFocusChanged hasWindowFocus
true
05-28 16:05:55.425 32371 32371 I HandWritingStubImpl: refreshLastKeyboardType: 1
05-28 16:05:55.425 32371 32371 I HandWritingStubImpl: getCurrentKeyboardType: 1
05-28 16:05:55.432 32371 32389 D BLASTBufferQueue: releaseBufferCallback
ReleaseCallbackId: bufferId:139032386338991 framenumber:2
05-28 16:05:55.455 32371 32371 E ThemeUtils: View class
androidx.appcompat.widget.AppCompatTextView is an AppCompat widget that can only be
used with a Theme.AppCompat theme (or descendant).
05-28 16:05:55.455 32371 32371 E ThemeUtils: View class
androidx.appcompat.widget.AppCompatTextView is an AppCompat widget that can only be
used with a Theme.AppCompat theme (or descendant).
05-28 16:05:55.458 32371 32371 E ThemeUtils: View class
androidx.appcompat.widget.AppCompatTextView is an AppCompat widget that can only be
used with a Theme.AppCompat theme (or descendant).
05-28 16:05:55.459 32371 32371 E ThemeUtils: View class
androidx.appcompat.widget.AppCompatTextView is an AppCompat widget that can only be
used with a Theme.AppCompat theme (or descendant).
05-28 16:05:55.797 32371 32371 W Looper : PerfMonitor doFrame : time=356ms
vsyncFrame=0 latency=2ms procState=-1 historyMsgCount=2
05-28 16:05:55.802 32371 32371 I Choreographer: Skipped 42 frames! The application
may be doing too much work on its main thread.
05-28 16:05:55.851 32371 32371 W Looper : PerfMonitor doFrame : time=49ms
vsyncFrame=0 latency=353ms procState=-1 historyMsgCount=5 (msgIndex=1 wall=356ms
seq=3903 running=316ms runnable=4ms late=2ms
h=android.view.Choreographer$FrameHandler
c=android.view.Choreographer$FrameDisplayEventReceiver)
05-28 16:05:55.859 32371 32389 D BLASTBufferQueue: releaseBufferCallback
ReleaseCallbackId: bufferId:139032386338988 framenumber:9
05-28 16:05:55.946 32371 32371 W AudioManager: Use of stream types is deprecated
for operations other than volume control
05-28 16:05:55.946 32371 32371 W AudioManager: See the documentation of
requestAudioFocus() for what to use instead with android.media.AudioAttributes to
qualify your playback use case
05-28 16:05:55.973 32371 32371 D IJKMEDIA: IjkMediaPlayer_native_setup
05-28 16:05:55.974 32371 32371 I IJKMEDIA: av_version_info: ff4.0--ijk0.8.8--
20210205--001
05-28 16:05:55.974 32371 32371 I IJKMEDIA: ijk_version_info: k0.8.8-32-ge99d640e
05-28 16:05:55.974 32371 32371 D IJKMEDIA: ffpipeline_create_from_android()
05-28 16:05:55.974 32371 32371 D IJKMEDIA: ijkmp_set_inject_opaque(0x58d6)
05-28 16:05:55.974 32371 32371 D IJKMEDIA: ijkmp_set_inject_opaque()=void
05-28 16:05:55.974 32371 32371 D IJKMEDIA: ijkmp_set_ijkio_inject_opaque(0x58d6)
05-28 16:05:55.975 32371 32371 D IJKMEDIA: ijkmp_set_ijkio_inject_opaque()=void
05-28 16:05:55.975 32371 32371 D IJKMEDIA:
ijkmp_android_set_mediacodec_select_callback()
05-28 16:05:55.975 32371 32371 D IJKMEDIA:
ffpipeline_set_mediacodec_select_callback
05-28 16:05:55.975 32371 32371 D IJKMEDIA:
ijkmp_android_set_mediacodec_select_callback()=void
05-28 16:05:55.976 32371 32371 D IJKMEDIA: IjkMediaPlayer_setDataSourceAndHeaders
05-28 16:05:55.976 32371 32371 V IJKMEDIA: setDataSource: path
/data/user/0/com.sosomod.freegame/cache/video-cache/98ddbd5d872080a5394b3702d3d3961
f.mp4
05-28 16:05:55.976 32371 32371 D IJKMEDIA:
ijkmp_set_data_source(url="/data/user/0/com.sosomod.freegame/cache/video-cache/
98ddbd5d872080a5394b3702d3d3961f.mp4")
05-28 16:05:55.976 32371 32371 D IJKMEDIA:
ijkmp_set_data_source(url="/data/user/0/com.sosomod.freegame/cache/video-cache/
98ddbd5d872080a5394b3702d3d3961f.mp4")=0
05-28 16:05:55.976 32371 32371 D IJKMEDIA: IjkMediaPlayer_setOptionLong
05-28 16:05:55.976 32371 32371 D IJKMEDIA: IjkMediaPlayer_setLoopCount
05-28 16:05:55.977 32371 32371 D IJKMEDIA: IjkMediaPlayer_native_setLogLevel(1)
05-28 16:05:55.977 32371 32371 D IJKMEDIA: moncleanup
05-28 16:05:55.977 32371 32371 D IJKMEDIA: IjkMediaPlayer_setVolume
05-28 16:05:55.977 32371 32371 D IJKMEDIA: ijkmp_android_set_volume(0.000000,
0.000000)
05-28 16:05:55.977 32371 32371 D IJKMEDIA: ffpipeline_set_volume
05-28 16:05:55.977 32371 32371 D IJKMEDIA: ijkmp_android_set_volume(0.000000,
0.000000)=void
05-28 16:05:55.977 32371 32371 W tv.danmaku.ijk.media.player.IjkMediaPlayer:
setScreenOnWhilePlaying(true) is ineffective without a SurfaceHolder
05-28 16:05:55.977 32371 32371 D IJKMEDIA: IjkMediaPlayer_prepareAsync
05-28 16:05:55.977 32371 32371 D IJKMEDIA: ijkmp_prepare_async()
05-28 16:05:55.977 32371 32371 I IJKMEDIA: ===== versions =====
05-28 16:05:55.977 32371 32371 I IJKMEDIA: ijkplayer : k0.8.8-32-ge99d640e
05-28 16:05:55.977 32371 32371 I IJKMEDIA: FFmpeg : ff4.0--ijk0.8.8--
20210205--001
05-28 16:05:55.977 32371 32371 I IJKMEDIA: libavutil : 56.14.100
05-28 16:05:55.977 32371 32371 I IJKMEDIA: libavcodec : 58.18.100
05-28 16:05:55.977 32371 32371 I IJKMEDIA: libavformat : 58.12.100
05-28 16:05:55.977 32371 32371 I IJKMEDIA: libswscale : 5.1.100
05-28 16:05:55.977 32371 32371 I IJKMEDIA: libswresample: 3.1.100
05-28 16:05:55.977 32371 32371 I IJKMEDIA: ===== options =====
05-28 16:05:55.977 32371 32371 I IJKMEDIA: player-opts : loop
= 1
05-28 16:05:55.977 32371 32371 I IJKMEDIA: format-opts : ijkapplication
= 0xce79d940
05-28 16:05:55.977 32371 32371 I IJKMEDIA: format-opts : ijkiomanager
= 0x997e0280
05-28 16:05:55.977 32371 32371 I IJKMEDIA: ===================
05-28 16:05:55.978 32371 1966 I IJKMEDIA: SDL_RunThread: [1966] ff_msg_loop
05-28 16:05:55.978 32371 1966 D IJKMEDIA: message_loop
05-28 16:05:55.978 32371 1966 D IJKMEDIA: FFP_MSG_FLUSH:
05-28 16:05:55.979 32371 1967 I IJKMEDIA: SDL_RunThread: [1967] ff_vout
05-28 16:05:55.979 32371 32371 D IJKMEDIA: ijkmp_prepare_async()=0
05-28 16:05:55.979 32371 1969 I IJKMEDIA: SDL_RunThread: [1969] ff_read
05-28 16:05:55.979 32371 1969 D IJKMEDIA: Opening
'/data/user/0/com.sosomod.freegame/cache/video-cache/98ddbd5d872080a5394b3702d3d396
1f.mp4' for reading
05-28 16:05:55.980 32371 1969 D IJKMEDIA: Setting default whitelist 'file,crypto'
05-28 16:05:55.980 32371 1969 V IJKMEDIA: Probing mov,mp4,m4a,3gp,3g2,mj2
score:100 size:2048
05-28 16:05:55.980 32371 1969 D IJKMEDIA: Format mov,mp4,m4a,3gp,3g2,mj2 probed
with size=2048 and score=100
05-28 16:05:55.980 32371 1969 V IJKMEDIA: type:'ftyp' parent:'root' sz: 24 8
9531341
05-28 16:05:55.980 32371 1969 D IJKMEDIA: ISO: File Type Major Brand: mp42
05-28 16:05:55.980 32371 1969 V IJKMEDIA: type:'moov' parent:'root' sz: 19948 32
9531341
05-28 16:05:55.980 32371 1969 V IJKMEDIA: type:'mvhd' parent:'moov' sz: 108 8
19940
05-28 16:05:55.980 32371 1969 V IJKMEDIA: time scale = 15360
05-28 16:05:55.980 32371 1969 V IJKMEDIA: type:'trak' parent:'moov' sz: 12381 116
19940
05-28 16:05:55.980 32371 1969 V IJKMEDIA: type:'tkhd' parent:'trak' sz: 92 8 12373
05-28 16:05:55.980 32371 1969 V IJKMEDIA: type:'edts' parent:'trak' sz: 36 100
12373
05-28 16:05:55.980 32371 1969 V IJKMEDIA: type:'elst' parent:'edts' sz: 28 8 28
05-28 16:05:55.980 32371 1969 V IJKMEDIA: track[0].edit_count = 1
05-28 16:05:55.980 32371 1969 V IJKMEDIA: duration=578560 time=512 rate=1.000000
05-28 16:05:55.980 32371 1969 V IJKMEDIA: type:'mdia' parent:'trak' sz: 12245 136
12373
05-28 16:05:55.980 32371 1969 V IJKMEDIA: type:'mdhd' parent:'mdia' sz: 32 8 12237
05-28 16:05:55.980 32371 1969 V IJKMEDIA: type:'hdlr' parent:'mdia' sz: 95 40
12237
05-28 16:05:55.980 32371 1969 V IJKMEDIA: ctype=[0][0][0][0]
05-28 16:05:55.980 32371 1969 V IJKMEDIA: stype=vide
05-28 16:05:55.980 32371 1969 V IJKMEDIA: type:'minf' parent:'mdia' sz: 12110 135
12237
05-28 16:05:55.980 32371 1969 V IJKMEDIA: type:'dinf' parent:'minf' sz: 36 8 12102
05-28 16:05:55.980 32371 1969 V IJKMEDIA: type:'dref' parent:'dinf' sz: 28 8 28
05-28 16:05:55.980 32371 1969 D IJKMEDIA: Unknown dref type 0x206c7275 size 12
05-28 16:05:55.980 32371 1969 V IJKMEDIA: type:'stbl' parent:'minf' sz: 12046 44
12102
05-28 16:05:55.980 32371 1969 V IJKMEDIA: type:'stsd' parent:'stbl' sz: 154 8
12038
05-28 16:05:55.980 32371 1969 V IJKMEDIA: size=138 4CC=avc1 codec_type=0
05-28 16:05:55.980 32371 1969 V IJKMEDIA: type:'avcC' parent:'stsd' sz: 52 8 52
05-28 16:05:55.980 32371 1969 V IJKMEDIA: type:'stts' parent:'stbl' sz: 24 162
12038
05-28 16:05:55.980 32371 1969 V IJKMEDIA: track[0].stts.entries = 1
05-28 16:05:55.980 32371 1969 V IJKMEDIA: sample_count=1130, sample_duration=512
05-28 16:05:55.980 32371 1969 V IJKMEDIA: type:'stsc' parent:'stbl' sz: 64 186
12038
05-28 16:05:55.980 32371 1969 V IJKMEDIA: track[0].stsc.entries = 4
05-28 16:05:55.980 32371 1969 V IJKMEDIA: type:'stco' parent:'stbl' sz: 340 250
12038
05-28 16:05:55.980 32371 1969 V IJKMEDIA: type:'stsz' parent:'stbl' sz: 4540 590
12038
05-28 16:05:55.980 32371 1969 V IJKMEDIA: sample_size = 0 sample_count = 1130
05-28 16:05:55.981 32371 1969 V IJKMEDIA: type:'stss' parent:'stbl' sz: 44 5130
12038
05-28 16:05:55.981 32371 1969 V IJKMEDIA: keyframe_count = 7
05-28 16:05:55.981 32371 1969 V IJKMEDIA: type:'ctts' parent:'stbl' sz: 6872 5174
12038
05-28 16:05:55.981 32371 1969 V IJKMEDIA: track[0].ctts.entries = 857
05-28 16:05:55.981 32371 1969 V IJKMEDIA: count=7, duration=512
05-28 16:05:55.981 32371 1969 V IJKMEDIA: count=1, duration=1536
05-28 16:05:55.981 32371 1969 V IJKMEDIA: count=2, duration=0
05-28 16:05:55.981 32371 1969 V IJKMEDIA: count=1, duration=1536
05-28 16:05:55.981 32371 1969 V IJKMEDIA: count=2, duration=0
05-28 16:05:55.981 32371 1969 V IJKMEDIA: count=1, duration=1536
05-28 16:05:55.981 32371 1969 V IJKMEDIA: count=2, duration=0
05-28 16:05:55.981 32371 1969 V IJKMEDIA: count=4, duration=512
05-28 16:05:55.981 32371 1969 V IJKMEDIA: count=1, duration=1024
05-28 16:05:55.981 32371 1969 V IJKMEDIA: count=1, duration=0
05-28 16:05:55.981 32371 1969 V IJKMEDIA: count=6, duration=512
05-28 16:05:55.981 32371 1969 V IJKMEDIA: count=1, duration=1024
05-28 16:05:55.981 32371 1969 V IJKMEDIA: count=1, duration=0
05-28 16:05:55.981 32371 1969 V IJKMEDIA: count=1, duration=1536
05-28 16:05:55.981 32371 1969 V IJKMEDIA: count=2, duration=0
05-28 16:05:55.981 32371 1969 V IJKMEDIA: count=1, duration=1536
05-28 16:05:55.981 32371 1969 V IJKMEDIA: count=2, duration=0
05-28 16:05:55.981 32371 1969 V IJKMEDIA: count=1, duration=1024
05-28 16:05:55.981 32371 1969 V IJKMEDIA: count=1, duration=0
05-28 16:05:55.981 32371 1969 V IJKMEDIA: count=1, duration=1536
05-28 16:05:55.981 32371 1969 V IJKMEDIA: count=2, duration=0
05-28 16:05:55.981 32371 1969 V IJKMEDIA: count=1, duration=1536
05-28 16:05:55.981 32371 1969 V IJKMEDIA: count=2, duration=0
05-28 16:05:55.981 32371 1969 V IJKMEDIA: count=1, duration=1536
05-28 16:05:55.981 32371 1969 V IJKMEDIA: count=2, duration=0
05-28 16:05:55.981 32371 1969 V IJKMEDIA: count=1, duration=1536
05-28 16:05:55.981 32371 1969 V IJKMEDIA: count=2, duration=0
05-28 16:05:55.981 32371 1969 V IJKMEDIA: count=1, duration=1536
05-28 16:05:55.981 32371 1969 V IJKMEDIA: count=2, duration=0
05-28 16:05:55.981 32371 1969 V IJKMEDIA: count=1, duration=1024
05-28 16:05:55.981 32371 1969 V IJKMEDIA: count=1, duration=0
05-28 16:05:55.981 32371 1969 V IJKMEDIA: count=1, duration=512
05-28 16:05:55.981 32371 1969 V IJKMEDIA: count=1, duration=1024
05-28 16:05:55.981 32371 1969 V IJKMEDIA: count=1, duration=0
05-28 16:05:55.981 32371 1969 V IJKMEDIA: count=1, duration=1024
05-28 16:05:55.981 32371 1969 V IJKMEDIA: count=1, duration=0
05-28 16:05:55.981 32371 1969 V IJKMEDIA: count=1, duration=1536
05-28 16:05:55.981 32371 1969 V IJKMEDIA: count=2, duration=0
05-28 16:05:55.981 32371 1969 V IJKMEDIA: count=1, duration=1536
05-28 16:05:55.981 32371 1969 V IJKMEDIA: count=2, duration=0
05-28 16:05:55.981 32371 1969 V IJKMEDIA: count=1, duration=1024
05-28 16:05:55.981 32371 1969 V IJKMEDIA: count=1, duration=0
05-28 16:05:55.981 32371 1969 V IJKMEDIA: count=1, duration=1536
05-28 16:05:55.981 32371 1969 V IJKMEDIA: count=2, duration=0
05-28 16:05:55.981 32371 1969 V IJKMEDIA: count=1, duration=1536
05-28 16:05:55.981 32371 1969 V IJKMEDIA: count=2, duration=0
05-28 16:05:55.981 32371 1969 V IJKMEDIA: count=1, duration=1536
05-28 16:05:55.981 32371 1969 V IJKMEDIA: count=2, duration=0
05-28 16:05:55.981 32371 1969 V IJKMEDIA: count=1, duration=1024
05-28 16:05:55.981 32371 1969 V IJKMEDIA: count=1, duration=0
05-28 16:05:55.981 32371 1969 V IJKMEDIA: count=1, duration=1024
05-28 16:05:55.981 32371 1969 V IJKMEDIA: count=1, duration=0
05-28 16:05:55.981 32371 1969 V IJKMEDIA: count=1, duration=1024
05-28 16:05:55.981 32371 1969 V IJKMEDIA: count=1, duration=0
05-28 16:05:55.981 32371 1969 V IJKMEDIA: count=1, duration=512
05-28 16:05:55.981 32371 1969 V IJKMEDIA: count=1, duration=1536
05-28 16:05:55.981 32371 1969 V IJKMEDIA: count=2, duration=0
05-28 16:05:55.981 32371 1969 V IJKMEDIA: count=1, duration=1536
05-28 16:05:55.981 32371 1969 V IJKMEDIA: count=2, duration=0
05-28 16:05:55.981 32371 1969 V IJKMEDIA: count=1, duration=1536
05-28 16:05:55.981 32371 1969 V IJKMEDIA: count=2, duration=0
05-28 16:05:55.981 32371 1969 V IJKMEDIA: count=1, duration=1024
05-28 16:05:55.981 32371 1969 V IJKMEDIA: count=1, duration=0
05-28 16:05:55.981 32371 1969 V IJKMEDIA: count=1, duration=1024
05-28 16:05:55.981 32371 1969 V IJKMEDIA: count=1, duration=0
05-28 16:05:55.981 32371 1969 V IJKMEDIA: count=1, duration=1536
05-28 16:05:55.981 32371 1969 V IJKMEDIA: count=2, duration=0
05-28 16:05:55.981 32371 1969 V IJKMEDIA: count=1, duration=1024
05-28 16:05:55.981 32371 1969 V IJKMEDIA: count=1, duration=0
05-28 16:05:55.981 32371 1969 V IJKMEDIA: count=1, duration=1536
05-28 16:05:55.981 32371 1969 V IJKMEDIA: count=2, duration=0
05-28 16:05:55.981 32371 1969 V IJKMEDIA: count=1, duration=1536
05-28 16:05:55.981 32371 1969 V IJKMEDIA: count=2, duration=0
05-28 16:05:55.981 32371 1969 V IJKMEDIA: count=1, duration=1024
05-28 16:05:55.981 32371 1969 V IJKMEDIA: count=1, duration=0
05-28 16:05:55.981 32371 1969 V IJKMEDIA: count=1, duration=1536
05-28 16:05:55.981 32371 1969 V IJKMEDIA: count=2, duration=0
05-28 16:05:55.981 32371 1969 V IJKMEDIA: count=1, duration=1024
05-28 16:05:55.981 32371 1969 V IJKMEDIA: count=1, duration=0
05-28 16:05:55.981 32371 1969 V IJKMEDIA: count=1, duration=512
05-28 16:05:55.981 32371 1969 V IJKMEDIA: count=1, duration=1024
05-28 16:05:55.981 32371 1969 V IJKMEDIA: count=1, duration=0
05-28 16:05:55.981 32371 1969 V IJKMEDIA: count=1, duration=1024
05-28 16:05:55.981 32371 1969 V IJKMEDIA: count=1, duration=0
05-28 16:05:55.981 32371 1969 V IJKMEDIA: count=1, duration=1024
05-28 16:05:55.981 32371 1969 V IJKMEDIA: count=1, duration=0
05-28 16:05:55.981 32371 1969 V IJKMEDIA: count=1, duration=1024
05-28 16:05:55.981 32371 1969 V IJKMEDIA: count=1, duration=0
05-28 16:05:55.981 32371 1969 V IJKMEDIA: count=1, duration=1024
05-28 16:05:55.981 32371 1969 V IJKMEDIA: count=1, duration=0
05-28 16:05:55.981 32371 1969 V IJKMEDIA: count=1, duration=1536
05-28 16:05:55.981 32371 1969 V IJKMEDIA: count=2, duration=0
05-28 16:05:55.981 32371 1969 V IJKMEDIA: count=1, duration=1024
05-28 16:05:55.981 32371 1969 V IJKMEDIA: count=1, duration=0
05-28 16:05:55.981 32371 1969 V IJKMEDIA: count=1, duration=1536
05-28 16:05:55.981 32371 1969 V IJKMEDIA: count=2, duration=0
05-28 16:05:55.981 32371 1969 V IJKMEDIA: count=1, duration=1536
05-28 16:05:55.981 32371 1969 V IJKMEDIA: count=2, duration=0
05-28 16:05:55.981 32371 1969 V IJKMEDIA: count=1, duration=1024
05-28 16:05:55.981 32371 1969 V IJKMEDIA: count=1, duration=0
05-28 16:05:55.981 32371 1969 V IJKMEDIA: count=1, duration=1536
05-28 16:05:55.981 32371 1969 V IJKMEDIA: count=2, duration=0
05-28 16:05:55.981 32371 1969 V IJKMEDIA: count=1, duration=1536
05-28 16:05:55.981 32371 1969 V IJKMEDIA: count=2, duration=0
05-28 16:05:55.981 32371 1969 V IJKMEDIA: count=1, duration=1536
05-28 16:05:55.981 32371 1969 V IJKMEDIA: count=2, duration=0
05-28 16:05:55.981 32371 1969 V IJKMEDIA: count=1, duration=1024
05-28 16:05:55.981 32371 1969 V IJKMEDIA: count=1, duration=0
05-28 16:05:55.981 32371 1969 V IJKMEDIA: count=1, duration=1536
05-28 16:05:55.981 32371 1969 V IJKMEDIA: count=2, duration=0
05-28 16:05:55.981 32371 1969 V IJKMEDIA: count=1, duration=1536
05-28 16:05:55.981 32371 1969 V IJKMEDIA: count=2, duration=0
05-28 16:05:55.981 32371 1969 V IJKMEDIA: count=1, duration=1536
05-28 16:05:55.981 32371 1969 V IJKMEDIA: count=2, duration=0
05-28 16:05:55.981 32371 1969 V IJKMEDIA: count=1, duration=1024
05-28 16:05:55.981 32371 1969 V IJKMEDIA: count=1, duration=0
05-28 16:05:55.981 32371 1969 V IJKMEDIA: count=1, duration=1024
05-28 16:05:55.981 32371 1969 V IJKMEDIA: count=1, duration=0
05-28 16:05:55.981 32371 1969 V IJKMEDIA: count=1, duration=1536
05-28 16:05:55.981 32371 1969 V IJKMEDIA: count=2, duration=0
05-28 16:05:55.981 32371 1969 V IJKMEDIA: count=1, duration=1024
05-28 16:05:55.981 32371 1969 V IJKMEDIA: count=1, duration=0
05-28 16:05:55.981 32371 1969 V IJKMEDIA: count=1, duration=1536
05-28 16:05:55.981 32371 1969 V IJKMEDIA: count=2, duration=0
05-28 16:05:55.981 32371 1969 V IJKMEDIA: count=1, duration=1024
05-28 16:05:55.981 32371 1969 V IJKMEDIA: count=1, duration=0
05-28 16:05:55.981 32371 1969 V IJKMEDIA: count=1, duration=1024
05-28 16:05:55.981 32371 1969 V IJKMEDIA: count=1, duration=0
05-28 16:05:55.981 32371 1969 V IJKMEDIA: count=1, duration=1536
05-28 16:05:55.981 32371 1969 V IJKMEDIA: count=2, duration=0
05-28 16:05:55.981 32371 1969 V IJKMEDIA: count=1, duration=1536
05-28 16:05:55.981 32371 1969 V IJKMEDIA: count=2, duration=0
05-28 16:05:55.981 32371 1969 V IJKMEDIA: count=1, duration=1024
05-28 16:05:55.981 32371 1969 V IJKMEDIA: count=1, duration=0
05-28 16:05:55.981 32371 1969 V IJKMEDIA: count=7, duration=512
05-28 16:05:55.981 32371 1969 V IJKMEDIA: count=1, duration=1024
05-28 16:05:55.981 32371 1969 V IJKMEDIA: count=1, duration=0
05-28 16:05:55.981 32371 1969 V IJKMEDIA: count=1, duration=1536
05-28 16:05:55.981 32371 1969 V IJKMEDIA: count=2, duration=0
05-28 16:05:55.981 32371 1969 V IJKMEDIA: count=1, duration=1536
05-28 16:05:55.981 32371 1969 V IJKMEDIA: count=2, duration=0
05-28 16:05:55.981 32371 1969 V IJKMEDIA: count=1, duration=1536
05-28 16:05:55.981 32371 1969 V IJKMEDIA: count=2, duration=0
05-28 16:05:55.981 32371 1969 V IJKMEDIA: count=1, duration=1024
05-28 16:05:55.981 32371 1969 V IJKMEDIA: count=1, duration=0
05-28 16:05:55.981 32371 1969 V IJKMEDIA: count=2, duration=512
05-28 16:05:55.981 32371 1969 V IJKMEDIA: count=1, duration=1536
