05-28 16:05:56.074 32371 1969 V IJKMEDIA: stream 1, sample 189, dts 4388571
05-28 16:05:56.074 32371 1969 V IJKMEDIA: stream 0, sample 143, dts 4733333
05-28 16:05:56.074 32371 1969 V IJKMEDIA: stream 1, sample 189, dts 4388571
05-28 16:05:56.074 32371 1969 V IJKMEDIA: stream 0, sample 144, dts 4766667
05-28 16:05:56.074 32371 1969 V IJKMEDIA: stream 1, sample 189, dts 4388571
05-28 16:05:56.074 32371 1969 V IJKMEDIA: stream 0, sample 145, dts 4800000
05-28 16:05:56.074 32371 1969 V IJKMEDIA: stream 1, sample 189, dts 4388571
05-28 16:05:56.074 32371 1969 V IJKMEDIA: stream 0, sample 145, dts 4800000
05-28 16:05:56.074 32371 1969 V IJKMEDIA: stream 1, sample 190, dts 4411791
05-28 16:05:56.074 32371 1969 V IJKMEDIA: stream 0, sample 145, dts 4800000
05-28 16:05:56.074 32371 1969 V IJKMEDIA: stream 1, sample 191, dts 4435011
05-28 16:05:56.074 32371 1969 V IJKMEDIA: stream 0, sample 145, dts 4800000
05-28 16:05:56.074 32371 1969 V IJKMEDIA: stream 1, sample 192, dts 4458231
05-28 16:05:56.074 32371 1969 V IJKMEDIA: stream 0, sample 145, dts 4800000
05-28 16:05:56.074 32371 1969 V IJKMEDIA: stream 1, sample 193, dts 4481451
05-28 16:05:56.074 32371 1969 V IJKMEDIA: stream 0, sample 145, dts 4800000
05-28 16:05:56.074 32371 1969 V IJKMEDIA: stream 1, sample 194, dts 4504671
05-28 16:05:56.074 32371 1969 V IJKMEDIA: stream 0, sample 145, dts 4800000
05-28 16:05:56.074 32371 1969 V IJKMEDIA: stream 1, sample 195, dts 4527891
05-28 16:05:56.074 32371 1969 V IJKMEDIA: stream 0, sample 145, dts 4800000
05-28 16:05:56.074 32371 1969 V IJKMEDIA: stream 1, sample 196, dts 4551111
05-28 16:05:56.075 32371 1969 V IJKMEDIA: stream 0, sample 145, dts 4800000
05-28 16:05:56.075 32371 1969 V IJKMEDIA: stream 1, sample 197, dts 4574331
05-28 16:05:56.075 32371 1969 V IJKMEDIA: stream 0, sample 145, dts 4800000
05-28 16:05:56.075 32371 1969 V IJKMEDIA: stream 1, sample 198, dts 4597551
05-28 16:05:56.075 32371 1969 V IJKMEDIA: stream 0, sample 145, dts 4800000
05-28 16:05:56.075 32371 1969 V IJKMEDIA: stream 1, sample 199, dts 4620771
05-28 16:05:56.075 32371 1969 V IJKMEDIA: stream 0, sample 145, dts 4800000
05-28 16:05:56.075 32371 1969 V IJKMEDIA: stream 1, sample 200, dts 4643991
05-28 16:05:56.075 32371 1969 V IJKMEDIA: stream 0, sample 145, dts 4800000
05-28 16:05:56.075 32371 1969 V IJKMEDIA: stream 1, sample 201, dts 4667211
05-28 16:05:56.075 32371 1969 V IJKMEDIA: stream 0, sample 145, dts 4800000
05-28 16:05:56.075 32371 1969 V IJKMEDIA: stream 1, sample 202, dts 4690431
05-28 16:05:56.075 32371 1969 V IJKMEDIA: stream 0, sample 145, dts 4800000
05-28 16:05:56.075 32371 1969 V IJKMEDIA: stream 1, sample 203, dts 4713651
05-28 16:05:56.075 32371 1969 V IJKMEDIA: stream 0, sample 145, dts 4800000
05-28 16:05:56.075 32371 1969 V IJKMEDIA: stream 1, sample 204, dts 4736871
05-28 16:05:56.075 32371 1969 V IJKMEDIA: stream 0, sample 145, dts 4800000
05-28 16:05:56.075 32371 1969 V IJKMEDIA: stream 1, sample 205, dts 4760091
05-28 16:05:56.075 32371 1969 V IJKMEDIA: stream 0, sample 145, dts 4800000
05-28 16:05:56.075 32371 1969 V IJKMEDIA: stream 1, sample 206, dts 4783311
05-28 16:05:56.075 32371 1969 V IJKMEDIA: stream 0, sample 145, dts 4800000
05-28 16:05:56.075 32371 1969 V IJKMEDIA: stream 1, sample 207, dts 4806531
05-28 16:05:56.075 32371 1969 V IJKMEDIA: stream 0, sample 145, dts 4800000
05-28 16:05:56.075 32371 1969 V IJKMEDIA: stream 1, sample 208, dts 4829751
05-28 16:05:56.075 32371 1969 V IJKMEDIA: stream 0, sample 145, dts 4800000
05-28 16:05:56.075 32371 1969 V IJKMEDIA: stream 1, sample 209, dts 4852971
05-28 16:05:56.075 32371 1969 V IJKMEDIA: stream 0, sample 145, dts 4800000
05-28 16:05:56.075 32371 1969 V IJKMEDIA: stream 1, sample 210, dts 4876190
05-28 16:05:56.075 32371 1969 V IJKMEDIA: stream 0, sample 146, dts 4833333
05-28 16:05:56.075 32371 1969 V IJKMEDIA: stream 1, sample 210, dts 4876190
05-28 16:05:56.075 32371 1969 V IJKMEDIA: stream 0, sample 147, dts 4866667
05-28 16:05:56.075 32371 1969 V IJKMEDIA: stream 1, sample 210, dts 4876190
05-28 16:05:56.075 32371 1969 V IJKMEDIA: stream 0, sample 148, dts 4900000
05-28 16:05:56.075 32371 1969 V IJKMEDIA: stream 1, sample 210, dts 4876190
05-28 16:05:56.075 32371 32371 D IJKMEDIA: IjkMediaPlayer_start
05-28 16:05:56.075 32371 32371 D IJKMEDIA: ijkmp_start()
05-28 16:05:56.075 32371 1969 V IJKMEDIA: stream 0, sample 149, dts 4933333
05-28 16:05:56.075 32371 1969 V IJKMEDIA: stream 1, sample 210, dts 4876190
05-28 16:05:56.075 32371 32371 D IJKMEDIA: ijkmp_start()=0
05-28 16:05:56.075 32371 1969 V IJKMEDIA: stream 0, sample 150, dts 4966667
05-28 16:05:56.075 32371 1969 V IJKMEDIA: stream 1, sample 210, dts 4876190
05-28 16:05:56.075 32371 1969 V IJKMEDIA: stream 0, sample 151, dts 5000000
05-28 16:05:56.075 32371 1969 V IJKMEDIA: stream 1, sample 210, dts 4876190
05-28 16:05:56.075 32371 1969 V IJKMEDIA: stream 0, sample 152, dts 5033333
05-28 16:05:56.075 32371 1969 V IJKMEDIA: stream 1, sample 210, dts 4876190
05-28 16:05:56.075 32371 1969 V IJKMEDIA: stream 0, sample 153, dts 5066667
05-28 16:05:56.075 32371 1969 V IJKMEDIA: stream 1, sample 210, dts 4876190
05-28 16:05:56.075 32371 1969 V IJKMEDIA: stream 0, sample 154, dts 5100000
05-28 16:05:56.075 32371 1969 V IJKMEDIA: stream 1, sample 210, dts 4876190
05-28 16:05:56.075 32371 1969 V IJKMEDIA: stream 0, sample 155, dts 5133333
05-28 16:05:56.075 32371 1969 V IJKMEDIA: stream 1, sample 210, dts 4876190
05-28 16:05:56.075 32371 1969 V IJKMEDIA: stream 0, sample 156, dts 5166667
05-28 16:05:56.075 32371 1969 V IJKMEDIA: stream 1, sample 210, dts 4876190
05-28 16:05:56.075 32371 1969 V IJKMEDIA: stream 0, sample 157, dts 5200000
05-28 16:05:56.075 32371 1969 V IJKMEDIA: stream 1, sample 210, dts 4876190
05-28 16:05:56.075 32371 1969 V IJKMEDIA: stream 0, sample 158, dts 5233333
05-28 16:05:56.075 32371 1969 V IJKMEDIA: stream 1, sample 210, dts 4876190
05-28 16:05:56.076 32371 1969 V IJKMEDIA: stream 0, sample 159, dts 5266667
05-28 16:05:56.076 32371 1969 V IJKMEDIA: stream 1, sample 210, dts 4876190
05-28 16:05:56.076 32371 1969 V IJKMEDIA: stream 0, sample 159, dts 5266667
05-28 16:05:56.076 32371 1969 V IJKMEDIA: stream 1, sample 211, dts 4899410
05-28 16:05:56.076 32371 1969 V IJKMEDIA: stream 0, sample 159, dts 5266667
05-28 16:05:56.076 32371 1969 V IJKMEDIA: stream 1, sample 212, dts 4922630
05-28 16:05:56.076 32371 1969 V IJKMEDIA: stream 0, sample 159, dts 5266667
05-28 16:05:56.076 32371 1969 V IJKMEDIA: stream 1, sample 213, dts 4945850
05-28 16:05:56.076 32371 1969 V IJKMEDIA: stream 0, sample 159, dts 5266667
05-28 16:05:56.076 32371 1969 V IJKMEDIA: stream 1, sample 214, dts 4969070
05-28 16:05:56.076 32371 1969 V IJKMEDIA: stream 0, sample 159, dts 5266667
05-28 16:05:56.076 32371 1969 V IJKMEDIA: stream 1, sample 215, dts 4992290
05-28 16:05:56.076 32371 1969 V IJKMEDIA: stream 0, sample 159, dts 5266667
05-28 16:05:56.076 32371 1969 V IJKMEDIA: stream 1, sample 216, dts 5015510
05-28 16:05:56.076 32371 1969 V IJKMEDIA: stream 0, sample 159, dts 5266667
05-28 16:05:56.076 32371 1969 V IJKMEDIA: stream 1, sample 217, dts 5038730
05-28 16:05:56.076 32371 1969 V IJKMEDIA: stream 0, sample 159, dts 5266667
05-28 16:05:56.076 32371 1969 V IJKMEDIA: stream 1, sample 218, dts 5061950
05-28 16:05:56.076 32371 1969 V IJKMEDIA: stream 0, sample 159, dts 5266667
05-28 16:05:56.076 32371 1969 V IJKMEDIA: stream 1, sample 219, dts 5085170
05-28 16:05:56.076 32371 1969 V IJKMEDIA: stream 0, sample 159, dts 5266667
05-28 16:05:56.076 32371 1969 V IJKMEDIA: stream 1, sample 220, dts 5108390
05-28 16:05:56.076 32371 1969 V IJKMEDIA: stream 0, sample 159, dts 5266667
05-28 16:05:56.076 32371 1969 V IJKMEDIA: stream 1, sample 221, dts 5131610
05-28 16:05:56.076 32371 1969 V IJKMEDIA: stream 0, sample 159, dts 5266667
05-28 16:05:56.076 32371 1969 V IJKMEDIA: stream 1, sample 222, dts 5154830
05-28 16:05:56.076 32371 1969 V IJKMEDIA: stream 0, sample 159, dts 5266667
05-28 16:05:56.076 32371 1969 V IJKMEDIA: stream 1, sample 223, dts 5178050
05-28 16:05:56.076 32371 1969 V IJKMEDIA: stream 0, sample 159, dts 5266667
05-28 16:05:56.076 32371 1969 V IJKMEDIA: stream 1, sample 224, dts 5201270
05-28 16:05:56.076 32371 1969 V IJKMEDIA: stream 0, sample 159, dts 5266667
05-28 16:05:56.076 32371 1969 V IJKMEDIA: stream 1, sample 225, dts 5224490
05-28 16:05:56.076 32371 1969 V IJKMEDIA: stream 0, sample 159, dts 5266667
05-28 16:05:56.076 32371 1969 V IJKMEDIA: stream 1, sample 226, dts 5247710
05-28 16:05:56.076 32371 1969 V IJKMEDIA: stream 0, sample 159, dts 5266667
05-28 16:05:56.076 32371 1969 V IJKMEDIA: stream 1, sample 227, dts 5270930
05-28 16:05:56.076 32371 1969 V IJKMEDIA: stream 0, sample 159, dts 5266667
05-28 16:05:56.076 32371 1969 V IJKMEDIA: stream 1, sample 228, dts 5294150
05-28 16:05:56.076 32371 1969 V IJKMEDIA: stream 0, sample 159, dts 5266667
05-28 16:05:56.076 32371 1969 V IJKMEDIA: stream 1, sample 229, dts 5317370
05-28 16:05:56.076 32371 1969 V IJKMEDIA: stream 0, sample 159, dts 5266667
05-28 16:05:56.076 32371 1969 V IJKMEDIA: stream 1, sample 230, dts 5340590
05-28 16:05:56.076 32371 1969 V IJKMEDIA: stream 0, sample 159, dts 5266667
05-28 16:05:56.076 32371 1969 V IJKMEDIA: stream 1, sample 231, dts 5363810
05-28 16:05:56.076 32371 1969 V IJKMEDIA: stream 0, sample 160, dts 5300000
05-28 16:05:56.076 32371 1969 V IJKMEDIA: stream 1, sample 231, dts 5363810
05-28 16:05:56.076 32371 1969 V IJKMEDIA: stream 0, sample 161, dts 5333333
05-28 16:05:56.076 32371 1969 V IJKMEDIA: stream 1, sample 231, dts 5363810
05-28 16:05:56.076 32371 1969 V IJKMEDIA: stream 0, sample 162, dts 5366667
05-28 16:05:56.076 32371 1969 V IJKMEDIA: stream 1, sample 231, dts 5363810
05-28 16:05:56.076 32371 1969 V IJKMEDIA: stream 0, sample 163, dts 5400000
05-28 16:05:56.076 32371 1969 V IJKMEDIA: stream 1, sample 231, dts 5363810
05-28 16:05:56.076 32371 1969 V IJKMEDIA: stream 0, sample 164, dts 5433333
05-28 16:05:56.076 32371 1969 V IJKMEDIA: stream 1, sample 231, dts 5363810
05-28 16:05:56.076 32371 1969 V IJKMEDIA: stream 0, sample 165, dts 5466667
05-28 16:05:56.076 32371 1969 V IJKMEDIA: stream 1, sample 231, dts 5363810
05-28 16:05:56.076 32371 1969 V IJKMEDIA: stream 0, sample 166, dts 5500000
05-28 16:05:56.076 32371 1969 V IJKMEDIA: stream 1, sample 231, dts 5363810
05-28 16:05:56.076 32371 1969 V IJKMEDIA: stream 0, sample 167, dts 5533333
05-28 16:05:56.076 32371 1969 V IJKMEDIA: stream 1, sample 231, dts 5363810
05-28 16:05:56.076 32371 1966 D IJKMEDIA: ijkmp_get_msg: FFP_REQ_START
05-28 16:05:56.076 32371 1966 D IJKMEDIA: ijkmp_get_msg: FFP_REQ_START: start on
fly
05-28 16:05:56.076 32371 1969 V IJKMEDIA: stream 0, sample 168, dts 5566667
05-28 16:05:56.076 32371 1969 V IJKMEDIA: stream 1, sample 231, dts 5363810
05-28 16:05:56.076 32371 1969 V IJKMEDIA: stream 0, sample 169, dts 5600000
05-28 16:05:56.076 32371 1969 V IJKMEDIA: stream 1, sample 231, dts 5363810
05-28 16:05:56.076 32371 1969 V IJKMEDIA: stream 0, sample 170, dts 5633333
05-28 16:05:56.076 32371 1969 V IJKMEDIA: stream 1, sample 231, dts 5363810
05-28 16:05:56.077 32371 1969 V IJKMEDIA: stream 0, sample 171, dts 5666667
05-28 16:05:56.077 32371 1969 V IJKMEDIA: stream 1, sample 231, dts 5363810
05-28 16:05:56.077 32371 1969 V IJKMEDIA: stream 0, sample 172, dts 5700000
05-28 16:05:56.077 32371 1969 V IJKMEDIA: stream 1, sample 231, dts 5363810
05-28 16:05:56.077 32371 1969 V IJKMEDIA: stream 0, sample 173, dts 5733333
05-28 16:05:56.077 32371 1969 V IJKMEDIA: stream 1, sample 231, dts 5363810
05-28 16:05:56.077 32371 1969 V IJKMEDIA: stream 0, sample 173, dts 5733333
05-28 16:05:56.077 32371 1969 V IJKMEDIA: stream 1, sample 232, dts 5387029
05-28 16:05:56.077 32371 1969 V IJKMEDIA: stream 0, sample 173, dts 5733333
05-28 16:05:56.077 32371 1969 V IJKMEDIA: stream 1, sample 233, dts 5410249
05-28 16:05:56.077 32371 1969 V IJKMEDIA: stream 0, sample 173, dts 5733333
05-28 16:05:56.077 32371 1969 V IJKMEDIA: stream 1, sample 234, dts 5433469
05-28 16:05:56.077 32371 1969 V IJKMEDIA: stream 0, sample 173, dts 5733333
05-28 16:05:56.077 32371 1969 V IJKMEDIA: stream 1, sample 235, dts 5456689
05-28 16:05:56.077 32371 1969 V IJKMEDIA: stream 0, sample 173, dts 5733333
05-28 16:05:56.077 32371 1969 V IJKMEDIA: stream 1, sample 236, dts 5479909
05-28 16:05:56.077 32371 1969 V IJKMEDIA: stream 0, sample 173, dts 5733333
05-28 16:05:56.077 32371 1969 V IJKMEDIA: stream 1, sample 237, dts 5503129
05-28 16:05:56.077 32371 1969 V IJKMEDIA: stream 0, sample 173, dts 5733333
05-28 16:05:56.077 32371 1969 V IJKMEDIA: stream 1, sample 238, dts 5526349
05-28 16:05:56.077 32371 1969 V IJKMEDIA: stream 0, sample 173, dts 5733333
05-28 16:05:56.077 32371 1969 V IJKMEDIA: stream 1, sample 239, dts 5549569
05-28 16:05:56.077 32371 1969 V IJKMEDIA: stream 0, sample 173, dts 5733333
05-28 16:05:56.077 32371 1969 V IJKMEDIA: stream 1, sample 240, dts 5572789
05-28 16:05:56.077 32371 1969 V IJKMEDIA: stream 0, sample 173, dts 5733333
05-28 16:05:56.077 32371 1969 V IJKMEDIA: stream 1, sample 241, dts 5596009
05-28 16:05:56.077 32371 1969 V IJKMEDIA: stream 0, sample 173, dts 5733333
05-28 16:05:56.077 32371 1969 V IJKMEDIA: stream 1, sample 242, dts 5619229
05-28 16:05:56.077 32371 1969 V IJKMEDIA: stream 0, sample 173, dts 5733333
05-28 16:05:56.077 32371 1969 V IJKMEDIA: stream 1, sample 243, dts 5642449
05-28 16:05:56.077 32371 1969 V IJKMEDIA: stream 0, sample 173, dts 5733333
05-28 16:05:56.077 32371 1969 V IJKMEDIA: stream 1, sample 244, dts 5665669
05-28 16:05:56.077 32371 1969 V IJKMEDIA: stream 0, sample 173, dts 5733333
05-28 16:05:56.077 32371 1969 V IJKMEDIA: stream 1, sample 245, dts 5688889
05-28 16:05:56.077 32371 1969 V IJKMEDIA: stream 0, sample 173, dts 5733333
05-28 16:05:56.077 32371 1969 V IJKMEDIA: stream 1, sample 246, dts 5712109
05-28 16:05:56.077 32371 1969 V IJKMEDIA: stream 0, sample 173, dts 5733333
05-28 16:05:56.077 32371 1969 V IJKMEDIA: stream 1, sample 247, dts 5735329
05-28 16:05:56.077 32371 1969 V IJKMEDIA: stream 0, sample 173, dts 5733333
05-28 16:05:56.077 32371 1969 V IJKMEDIA: stream 1, sample 248, dts 5758549
05-28 16:05:56.077 32371 1969 V IJKMEDIA: stream 0, sample 173, dts 5733333
05-28 16:05:56.077 32371 1969 V IJKMEDIA: stream 1, sample 249, dts 5781769
05-28 16:05:56.077 32371 1969 V IJKMEDIA: stream 0, sample 173, dts 5733333
05-28 16:05:56.077 32371 1969 V IJKMEDIA: stream 1, sample 250, dts 5804989
05-28 16:05:56.077 32371 1969 V IJKMEDIA: stream 0, sample 173, dts 5733333
05-28 16:05:56.077 32371 1969 V IJKMEDIA: stream 1, sample 251, dts 5828209
05-28 16:05:56.077 32371 1969 V IJKMEDIA: stream 0, sample 174, dts 5766667
05-28 16:05:56.077 32371 1969 V IJKMEDIA: stream 1, sample 251, dts 5828209
05-28 16:05:56.077 32371 1969 V IJKMEDIA: stream 0, sample 175, dts 5800000
05-28 16:05:56.077 32371 1969 V IJKMEDIA: stream 1, sample 251, dts 5828209
05-28 16:05:56.077 32371 1969 V IJKMEDIA: stream 0, sample 176, dts 5833333
05-28 16:05:56.077 32371 1969 V IJKMEDIA: stream 1, sample 251, dts 5828209
05-28 16:05:56.077 32371 1969 V IJKMEDIA: stream 0, sample 177, dts 5866667
05-28 16:05:56.077 32371 1969 V IJKMEDIA: stream 1, sample 251, dts 5828209
05-28 16:05:56.077 32371 1969 V IJKMEDIA: stream 0, sample 178, dts 5900000
05-28 16:05:56.077 32371 1969 V IJKMEDIA: stream 1, sample 251, dts 5828209
05-28 16:05:56.077 32371 1969 V IJKMEDIA: stream 0, sample 179, dts 5933333
05-28 16:05:56.077 32371 1969 V IJKMEDIA: stream 1, sample 251, dts 5828209
05-28 16:05:56.077 32371 1969 V IJKMEDIA: stream 0, sample 180, dts 5966667
05-28 16:05:56.077 32371 1969 V IJKMEDIA: stream 1, sample 251, dts 5828209
05-28 16:05:56.077 32371 1969 V IJKMEDIA: stream 0, sample 181, dts 6000000
05-28 16:05:56.077 32371 1969 V IJKMEDIA: stream 1, sample 251, dts 5828209
05-28 16:05:56.078 32371 1969 V IJKMEDIA: stream 0, sample 182, dts 6033333
05-28 16:05:56.078 32371 1969 V IJKMEDIA: stream 1, sample 251, dts 5828209
05-28 16:05:56.078 32371 1969 V IJKMEDIA: stream 0, sample 183, dts 6066667
05-28 16:05:56.078 32371 1969 V IJKMEDIA: stream 1, sample 251, dts 5828209
05-28 16:05:56.078 32371 1969 V IJKMEDIA: stream 0, sample 184, dts 6100000
05-28 16:05:56.078 32371 1969 V IJKMEDIA: stream 1, sample 251, dts 5828209
05-28 16:05:56.078 32371 1969 V IJKMEDIA: stream 0, sample 185, dts 6133333
05-28 16:05:56.078 32371 1969 V IJKMEDIA: stream 1, sample 251, dts 5828209
05-28 16:05:56.078 32371 1969 V IJKMEDIA: stream 0, sample 186, dts 6166667
05-28 16:05:56.078 32371 1969 V IJKMEDIA: stream 1, sample 251, dts 5828209
05-28 16:05:56.078 32371 2004 D IJKMEDIA: nal_unit_type: 1, nal_ref_idc: 2
05-28 16:05:56.078 32371 1969 V IJKMEDIA: stream 0, sample 187, dts 6200000
05-28 16:05:56.078 32371 1969 V IJKMEDIA: stream 1, sample 251, dts 5828209
05-28 16:05:56.078 32371 1969 V IJKMEDIA: stream 0, sample 187, dts 6200000
05-28 16:05:56.078 32371 1969 V IJKMEDIA: stream 1, sample 252, dts 5851429
05-28 16:05:56.078 32371 1969 V IJKMEDIA: stream 0, sample 187, dts 6200000
05-28 16:05:56.078 32371 1969 V IJKMEDIA: stream 1, sample 253, dts 5874649
05-28 16:05:56.078 32371 1969 V IJKMEDIA: stream 0, sample 187, dts 6200000
05-28 16:05:56.078 32371 1969 V IJKMEDIA: stream 1, sample 254, dts 5897868
05-28 16:05:56.078 32371 1969 V IJKMEDIA: stream 0, sample 187, dts 6200000
05-28 16:05:56.078 32371 1969 V IJKMEDIA: stream 1, sample 255, dts 5921088
05-28 16:05:56.078 32371 1969 V IJKMEDIA: stream 0, sample 187, dts 6200000
05-28 16:05:56.078 32371 1969 V IJKMEDIA: stream 1, sample 256, dts 5944308
05-28 16:05:56.078 32371 1969 V IJKMEDIA: stream 0, sample 187, dts 6200000
05-28 16:05:56.078 32371 1969 V IJKMEDIA: stream 1, sample 257, dts 5967528
05-28 16:05:56.078 32371 1969 V IJKMEDIA: stream 0, sample 187, dts 6200000
05-28 16:05:56.078 32371 1969 V IJKMEDIA: stream 1, sample 258, dts 5990748
05-28 16:05:56.079 32371 1969 V IJKMEDIA: stream 0, sample 187, dts 6200000
05-28 16:05:56.079 32371 1969 V IJKMEDIA: stream 1, sample 259, dts 6013968
05-28 16:05:56.079 32371 1969 V IJKMEDIA: stream 0, sample 187, dts 6200000
05-28 16:05:56.079 32371 1969 V IJKMEDIA: stream 1, sample 260, dts 6037188
05-28 16:05:56.079 32371 1969 V IJKMEDIA: stream 0, sample 187, dts 6200000
05-28 16:05:56.079 32371 1969 V IJKMEDIA: stream 1, sample 261, dts 6060408
05-28 16:05:56.079 32371 1969 V IJKMEDIA: stream 0, sample 187, dts 6200000
05-28 16:05:56.079 32371 1969 V IJKMEDIA: stream 1, sample 262, dts 6083628
05-28 16:05:56.079 32371 1969 V IJKMEDIA: stream 0, sample 187, dts 6200000
05-28 16:05:56.079 32371 1969 V IJKMEDIA: stream 1, sample 263, dts 6106848
05-28 16:05:56.079 32371 1969 V IJKMEDIA: stream 0, sample 187, dts 6200000
05-28 16:05:56.079 32371 1969 V IJKMEDIA: stream 1, sample 264, dts 6130068
05-28 16:05:56.079 32371 1969 V IJKMEDIA: stream 0, sample 187, dts 6200000
05-28 16:05:56.079 32371 1969 V IJKMEDIA: stream 1, sample 265, dts 6153288
05-28 16:05:56.079 32371 1969 V IJKMEDIA: stream 0, sample 187, dts 6200000
05-28 16:05:56.079 32371 1969 V IJKMEDIA: stream 1, sample 266, dts 6176508
05-28 16:05:56.079 32371 1969 V IJKMEDIA: stream 0, sample 187, dts 6200000
05-28 16:05:56.079 32371 1969 V IJKMEDIA: stream 1, sample 267, dts 6199728
05-28 16:05:56.079 32371 1969 V IJKMEDIA: stream 0, sample 187, dts 6200000
05-28 16:05:56.079 32371 1969 V IJKMEDIA: stream 1, sample 268, dts 6222948
05-28 16:05:56.079 32371 1969 V IJKMEDIA: stream 0, sample 187, dts 6200000
05-28 16:05:56.079 32371 1969 V IJKMEDIA: stream 1, sample 269, dts 6246168
05-28 16:05:56.079 32371 1969 V IJKMEDIA: stream 0, sample 187, dts 6200000
05-28 16:05:56.079 32371 1969 V IJKMEDIA: stream 1, sample 270, dts 6269388
05-28 16:05:56.079 32371 1969 V IJKMEDIA: stream 0, sample 187, dts 6200000
05-28 16:05:56.079 32371 1969 V IJKMEDIA: stream 1, sample 271, dts 6292608
05-28 16:05:56.079 32371 1969 V IJKMEDIA: stream 0, sample 188, dts 6233333
05-28 16:05:56.079 32371 1969 V IJKMEDIA: stream 1, sample 271, dts 6292608
05-28 16:05:56.079 32371 1969 V IJKMEDIA: stream 0, sample 189, dts 6266667
05-28 16:05:56.079 32371 1969 V IJKMEDIA: stream 1, sample 271, dts 6292608
05-28 16:05:56.079 32371 1969 V IJKMEDIA: stream 0, sample 190, dts 6300000
05-28 16:05:56.079 32371 1969 V IJKMEDIA: stream 1, sample 271, dts 6292608
05-28 16:05:56.079 32371 1969 V IJKMEDIA: stream 0, sample 191, dts 6333333
05-28 16:05:56.079 32371 1969 V IJKMEDIA: stream 1, sample 271, dts 6292608
05-28 16:05:56.079 32371 1969 V IJKMEDIA: stream 0, sample 192, dts 6366667
05-28 16:05:56.079 32371 1969 V IJKMEDIA: stream 1, sample 271, dts 6292608
05-28 16:05:56.079 32371 1969 V IJKMEDIA: stream 0, sample 193, dts 6400000
05-28 16:05:56.079 32371 1969 V IJKMEDIA: stream 1, sample 271, dts 6292608
05-28 16:05:56.079 32371 1969 V IJKMEDIA: stream 0, sample 194, dts 6433333
05-28 16:05:56.079 32371 1969 V IJKMEDIA: stream 1, sample 271, dts 6292608
05-28 16:05:56.080 32371 1969 V IJKMEDIA: stream 0, sample 195, dts 6466667
05-28 16:05:56.080 32371 1969 V IJKMEDIA: stream 1, sample 271, dts 6292608
05-28 16:05:56.080 32371 1969 V IJKMEDIA: stream 0, sample 196, dts 6500000
05-28 16:05:56.080 32371 1969 V IJKMEDIA: stream 1, sample 271, dts 6292608
05-28 16:05:56.080 32371 1969 V IJKMEDIA: stream 0, sample 197, dts 6533333
05-28 16:05:56.080 32371 1969 V IJKMEDIA: stream 1, sample 271, dts 6292608
05-28 16:05:56.080 32371 1969 V IJKMEDIA: stream 0, sample 198, dts 6566667
05-28 16:05:56.080 32371 1969 V IJKMEDIA: stream 1, sample 271, dts 6292608
05-28 16:05:56.080 32371 1969 V IJKMEDIA: stream 0, sample 199, dts 6600000
05-28 16:05:56.080 32371 1969 V IJKMEDIA: stream 1, sample 271, dts 6292608
05-28 16:05:56.080 32371 1969 V IJKMEDIA: stream 0, sample 200, dts 6633333
05-28 16:05:56.080 32371 1969 V IJKMEDIA: stream 1, sample 271, dts 6292608
05-28 16:05:56.080 32371 1969 V IJKMEDIA: stream 0, sample 201, dts 6666667
05-28 16:05:56.080 32371 1969 V IJKMEDIA: stream 1, sample 271, dts 6292608
05-28 16:05:56.080 32371 1969 V IJKMEDIA: stream 0, sample 201, dts 6666667
05-28 16:05:56.080 32371 1969 V IJKMEDIA: stream 1, sample 272, dts 6315828
05-28 16:05:56.080 32371 1969 V IJKMEDIA: stream 0, sample 201, dts 6666667
05-28 16:05:56.080 32371 1969 V IJKMEDIA: stream 1, sample 273, dts 6339048
05-28 16:05:56.080 32371 1969 V IJKMEDIA: stream 0, sample 201, dts 6666667
05-28 16:05:56.080 32371 1969 V IJKMEDIA: stream 1, sample 274, dts 6362268
05-28 16:05:56.080 32371 1969 V IJKMEDIA: stream 0, sample 201, dts 6666667
05-28 16:05:56.080 32371 1969 V IJKMEDIA: stream 1, sample 275, dts 6385488
05-28 16:05:56.080 32371 1969 V IJKMEDIA: stream 0, sample 201, dts 6666667
05-28 16:05:56.080 32371 1969 V IJKMEDIA: stream 1, sample 276, dts 6408707
05-28 16:05:56.080 32371 1969 V IJKMEDIA: stream 0, sample 201, dts 6666667
05-28 16:05:56.080 32371 1969 V IJKMEDIA: stream 1, sample 277, dts 6431927
05-28 16:05:56.080 32371 1969 V IJKMEDIA: stream 0, sample 201, dts 6666667
05-28 16:05:56.080 32371 1969 V IJKMEDIA: stream 1, sample 278, dts 6455147
05-28 16:05:56.080 32371 1969 V IJKMEDIA: stream 0, sample 201, dts 6666667
05-28 16:05:56.080 32371 1969 V IJKMEDIA: stream 1, sample 279, dts 6478367
05-28 16:05:56.080 32371 1969 V IJKMEDIA: stream 0, sample 201, dts 6666667
05-28 16:05:56.080 32371 1969 V IJKMEDIA: stream 1, sample 280, dts 6501587
05-28 16:05:56.080 32371 1969 V IJKMEDIA: stream 0, sample 201, dts 6666667
05-28 16:05:56.080 32371 1969 V IJKMEDIA: stream 1, sample 281, dts 6524807
05-28 16:05:56.080 32371 1969 V IJKMEDIA: stream 0, sample 201, dts 6666667
05-28 16:05:56.080 32371 1969 V IJKMEDIA: stream 1, sample 282, dts 6548027
05-28 16:05:56.080 32371 1969 V IJKMEDIA: stream 0, sample 201, dts 6666667
05-28 16:05:56.080 32371 1969 V IJKMEDIA: stream 1, sample 283, dts 6571247
05-28 16:05:56.080 32371 1969 V IJKMEDIA: stream 0, sample 201, dts 6666667
05-28 16:05:56.080 32371 1969 V IJKMEDIA: stream 1, sample 284, dts 6594467
05-28 16:05:56.080 32371 1969 V IJKMEDIA: stream 0, sample 201, dts 6666667
05-28 16:05:56.080 32371 1969 V IJKMEDIA: stream 1, sample 285, dts 6617687
05-28 16:05:56.080 32371 1969 V IJKMEDIA: stream 0, sample 201, dts 6666667
05-28 16:05:56.080 32371 1969 V IJKMEDIA: stream 1, sample 286, dts 6640907
05-28 16:05:56.080 32371 1969 V IJKMEDIA: stream 0, sample 201, dts 6666667
05-28 16:05:56.080 32371 1969 V IJKMEDIA: stream 1, sample 287, dts 6664127
05-28 16:05:56.080 32371 1969 V IJKMEDIA: stream 0, sample 201, dts 6666667
05-28 16:05:56.080 32371 1969 V IJKMEDIA: stream 1, sample 288, dts 6687347
05-28 16:05:56.080 32371 1969 V IJKMEDIA: stream 0, sample 201, dts 6666667
05-28 16:05:56.080 32371 1969 V IJKMEDIA: stream 1, sample 289, dts 6710567
05-28 16:05:56.080 32371 1969 V IJKMEDIA: stream 0, sample 201, dts 6666667
05-28 16:05:56.080 32371 1969 V IJKMEDIA: stream 1, sample 290, dts 6733787
05-28 16:05:56.080 32371 1969 V IJKMEDIA: stream 0, sample 201, dts 6666667
05-28 16:05:56.080 32371 1969 V IJKMEDIA: stream 1, sample 291, dts 6757007
05-28 16:05:56.080 32371 1969 V IJKMEDIA: stream 0, sample 202, dts 6700000
05-28 16:05:56.080 32371 1969 V IJKMEDIA: stream 1, sample 291, dts 6757007
05-28 16:05:56.080 32371 1969 V IJKMEDIA: stream 0, sample 203, dts 6733333
05-28 16:05:56.080 32371 1969 V IJKMEDIA: stream 1, sample 291, dts 6757007
05-28 16:05:56.080 32371 1969 V IJKMEDIA: stream 0, sample 204, dts 6766667
05-28 16:05:56.080 32371 1969 V IJKMEDIA: stream 1, sample 291, dts 6757007
05-28 16:05:56.081 32371 1969 V IJKMEDIA: stream 0, sample 205, dts 6800000
05-28 16:05:56.081 32371 1969 V IJKMEDIA: stream 1, sample 291, dts 6757007
05-28 16:05:56.081 32371 1969 V IJKMEDIA: stream 0, sample 206, dts 6833333
05-28 16:05:56.081 32371 1969 V IJKMEDIA: stream 1, sample 291, dts 6757007
05-28 16:05:56.081 32371 1969 V IJKMEDIA: stream 0, sample 207, dts 6866667
05-28 16:05:56.081 32371 1969 V IJKMEDIA: stream 1, sample 291, dts 6757007
05-28 16:05:56.081 32371 1969 V IJKMEDIA: stream 0, sample 208, dts 6900000
05-28 16:05:56.081 32371 1969 V IJKMEDIA: stream 1, sample 291, dts 6757007
05-28 16:05:56.081 32371 1969 V IJKMEDIA: stream 0, sample 209, dts 6933333
05-28 16:05:56.081 32371 1969 V IJKMEDIA: stream 1, sample 291, dts 6757007
05-28 16:05:56.081 32371 1969 V IJKMEDIA: stream 0, sample 210, dts 6966667
05-28 16:05:56.081 32371 1969 V IJKMEDIA: stream 1, sample 291, dts 6757007
05-28 16:05:56.081 32371 1969 V IJKMEDIA: stream 0, sample 211, dts 7000000
05-28 16:05:56.081 32371 1969 V IJKMEDIA: stream 1, sample 291, dts 6757007
05-28 16:05:56.081 32371 1969 V IJKMEDIA: stream 0, sample 212, dts 7033333
05-28 16:05:56.081 32371 1969 V IJKMEDIA: stream 1, sample 291, dts 6757007
05-28 16:05:56.081 32371 1969 V IJKMEDIA: stream 0, sample 213, dts 7066667
05-28 16:05:56.081 32371 1969 V IJKMEDIA: stream 1, sample 291, dts 6757007
05-28 16:05:56.081 32371 1969 V IJKMEDIA: stream 0, sample 214, dts 7100000
05-28 16:05:56.081 32371 1969 V IJKMEDIA: stream 1, sample 291, dts 6757007
05-28 16:05:56.081 32371 1969 V IJKMEDIA: stream 0, sample 215, dts 7133333
05-28 16:05:56.081 32371 1969 V IJKMEDIA: stream 1, sample 291, dts 6757007
05-28 16:05:56.081 32371 1969 V IJKMEDIA: stream 0, sample 215, dts 7133333
05-28 16:05:56.081 32371 1969 V IJKMEDIA: stream 1, sample 292, dts 6780227
05-28 16:05:56.081 32371 1969 V IJKMEDIA: stream 0, sample 215, dts 7133333
05-28 16:05:56.081 32371 1969 V IJKMEDIA: stream 1, sample 293, dts 6803447
05-28 16:05:56.081 32371 1969 V IJKMEDIA: stream 0, sample 215, dts 7133333
05-28 16:05:56.081 32371 1969 V IJKMEDIA: stream 1, sample 294, dts 6826667
05-28 16:05:56.081 32371 1969 V IJKMEDIA: stream 0, sample 215, dts 7133333
05-28 16:05:56.081 32371 1969 V IJKMEDIA: stream 1, sample 295, dts 6849887
05-28 16:05:56.081 32371 1969 V IJKMEDIA: stream 0, sample 215, dts 7133333
05-28 16:05:56.081 32371 1969 V IJKMEDIA: stream 1, sample 296, dts 6873107
05-28 16:05:56.081 32371 1969 V IJKMEDIA: stream 0, sample 215, dts 7133333
05-28 16:05:56.081 32371 1969 V IJKMEDIA: stream 1, sample 297, dts 6896327
05-28 16:05:56.081 32371 1969 V IJKMEDIA: stream 0, sample 215, dts 7133333
05-28 16:05:56.081 32371 1969 V IJKMEDIA: stream 1, sample 298, dts 6919546
05-28 16:05:56.081 32371 1969 V IJKMEDIA: stream 0, sample 215, dts 7133333
05-28 16:05:56.081 32371 1969 V IJKMEDIA: stream 1, sample 299, dts 6942766
05-28 16:05:56.081 32371 1969 V IJKMEDIA: stream 0, sample 215, dts 7133333
05-28 16:05:56.081 32371 1969 V IJKMEDIA: stream 1, sample 300, dts 6965986
05-28 16:05:56.081 32371 1969 V IJKMEDIA: stream 0, sample 215, dts 7133333
05-28 16:05:56.081 32371 1969 V IJKMEDIA: stream 1, sample 301, dts 6989206
05-28 16:05:56.081 32371 1969 V IJKMEDIA: stream 0, sample 215, dts 7133333
05-28 16:05:56.081 32371 1969 V IJKMEDIA: stream 1, sample 302, dts 7012426
05-28 16:05:56.081 32371 1969 V IJKMEDIA: stream 0, sample 215, dts 7133333
05-28 16:05:56.081 32371 1969 V IJKMEDIA: stream 1, sample 303, dts 7035646
05-28 16:05:56.081 32371 1969 V IJKMEDIA: stream 0, sample 215, dts 7133333
05-28 16:05:56.081 32371 1969 V IJKMEDIA: stream 1, sample 304, dts 7058866
05-28 16:05:56.081 32371 1969 V IJKMEDIA: stream 0, sample 215, dts 7133333
05-28 16:05:56.081 32371 1969 V IJKMEDIA: stream 1, sample 305, dts 7082086
05-28 16:05:56.081 32371 1969 V IJKMEDIA: stream 0, sample 215, dts 7133333
05-28 16:05:56.081 32371 1969 V IJKMEDIA: stream 1, sample 306, dts 7105306
05-28 16:05:56.081 32371 1969 V IJKMEDIA: stream 0, sample 215, dts 7133333
05-28 16:05:56.081 32371 1969 V IJKMEDIA: stream 1, sample 307, dts 7128526
05-28 16:05:56.081 32371 1969 V IJKMEDIA: stream 0, sample 215, dts 7133333
05-28 16:05:56.081 32371 1969 V IJKMEDIA: stream 1, sample 308, dts 7151746
05-28 16:05:56.081 32371 1969 V IJKMEDIA: stream 0, sample 215, dts 7133333
05-28 16:05:56.082 32371 1969 V IJKMEDIA: stream 1, sample 309, dts 7174966
05-28 16:05:56.082 32371 1969 V IJKMEDIA: stream 0, sample 215, dts 7133333
05-28 16:05:56.082 32371 1969 V IJKMEDIA: stream 1, sample 310, dts 7198186
05-28 16:05:56.082 32371 1969 V IJKMEDIA: stream 0, sample 215, dts 7133333
05-28 16:05:56.082 32371 1969 V IJKMEDIA: stream 1, sample 311, dts 7221406
05-28 16:05:56.082 32371 1969 V IJKMEDIA: stream 0, sample 216, dts 7166667
05-28 16:05:56.082 32371 1969 V IJKMEDIA: stream 1, sample 311, dts 7221406
05-28 16:05:56.082 32371 1969 V IJKMEDIA: stream 0, sample 217, dts 7200000
05-28 16:05:56.082 32371 1969 V IJKMEDIA: stream 1, sample 311, dts 7221406
05-28 16:05:56.082 32371 1969 V IJKMEDIA: stream 0, sample 218, dts 7233333
05-28 16:05:56.082 32371 1969 V IJKMEDIA: stream 1, sample 311, dts 7221406
05-28 16:05:56.082 32371 1969 V IJKMEDIA: stream 0, sample 219, dts 7266667
05-28 16:05:56.082 32371 1969 V IJKMEDIA: stream 1, sample 311, dts 7221406
05-28 16:05:56.082 32371 1969 V IJKMEDIA: stream 0, sample 220, dts 7300000
05-28 16:05:56.082 32371 1969 V IJKMEDIA: stream 1, sample 311, dts 7221406
05-28 16:05:56.082 32371 2017 D IJKMEDIA: nal_unit_type: 1, nal_ref_idc: 2
05-28 16:05:56.082 32371 1969 V IJKMEDIA: stream 0, sample 221, dts 7333333
05-28 16:05:56.082 32371 1969 V IJKMEDIA: stream 1, sample 311, dts 7221406
05-28 16:05:56.082 32371 1969 V IJKMEDIA: stream 0, sample 222, dts 7366667
05-28 16:05:56.082 32371 1969 V IJKMEDIA: stream 1, sample 311, dts 7221406
05-28 16:05:56.082 32371 1969 V IJKMEDIA: stream 0, sample 223, dts 7400000
05-28 16:05:56.082 32371 1969 V IJKMEDIA: stream 1, sample 311, dts 7221406
05-28 16:05:56.082 32371 32371 W tv.danmaku.ijk.media.player.IjkMediaPlayer:
setScreenOnWhilePlaying(true) is ineffective for Surface
05-28 16:05:56.082 32371 32371 D IJKMEDIA: IjkMediaPlayer_setVideoSurface
05-28 16:05:56.082 32371 32371 D IJKMEDIA:
ijkmp_set_android_surface(surface=0xff853438)
05-28 16:05:56.082 32371 1969 V IJKMEDIA: stream 0, sample 224, dts 7433333
05-28 16:05:56.082 32371 32371 D IJKMEDIA: ffpipeline_set_surface()
05-28 16:05:56.082 32371 1969 V IJKMEDIA: stream 1, sample 311, dts 7221406
05-28 16:05:56.082 32371 32371 D IJKMEDIA:
ijkmp_set_android_surface(surface=0xff853438)=void
05-28 16:05:56.083 32371 1969 V IJKMEDIA: stream 0, sample 225, dts 7466667
05-28 16:05:56.083 32371 1969 V IJKMEDIA: stream 1, sample 311, dts 7221406
05-28 16:05:56.083 32371 1969 V IJKMEDIA: stream 0, sample 226, dts 7500000
05-28 16:05:56.083 32371 1969 V IJKMEDIA: stream 1, sample 311, dts 7221406
05-28 16:05:56.083 32371 1969 V IJKMEDIA: stream 0, sample 227, dts 7533333
05-28 16:05:56.083 32371 1969 V IJKMEDIA: stream 1, sample 311, dts 7221406
05-28 16:05:56.083 32371 1969 V IJKMEDIA: stream 0, sample 228, dts 7566667
05-28 16:05:56.083 32371 1969 V IJKMEDIA: stream 1, sample 311, dts 7221406
05-28 16:05:56.083 32371 1969 V IJKMEDIA: stream 0, sample 229, dts 7600000
05-28 16:05:56.083 32371 1969 V IJKMEDIA: stream 1, sample 311, dts 7221406
05-28 16:05:56.083 32371 1969 V IJKMEDIA: stream 0, sample 229, dts 7600000
05-28 16:05:56.083 32371 1969 V IJKMEDIA: stream 1, sample 312, dts 7244626
05-28 16:05:56.083 32371 1969 V IJKMEDIA: stream 0, sample 229, dts 7600000
05-28 16:05:56.083 32371 1969 V IJKMEDIA: stream 1, sample 313, dts 7267846
05-28 16:05:56.083 32371 1969 V IJKMEDIA: stream 0, sample 229, dts 7600000
05-28 16:05:56.083 32371 1969 V IJKMEDIA: stream 1, sample 314, dts 7291066
05-28 16:05:56.083 32371 1969 V IJKMEDIA: stream 0, sample 229, dts 7600000
05-28 16:05:56.083 32371 1969 V IJKMEDIA: stream 1, sample 315, dts 7314286
05-28 16:05:56.083 32371 1969 V IJKMEDIA: stream 0, sample 229, dts 7600000
05-28 16:05:56.083 32371 1969 V IJKMEDIA: stream 1, sample 316, dts 7337506
05-28 16:05:56.083 32371 1969 V IJKMEDIA: stream 0, sample 229, dts 7600000
05-28 16:05:56.083 32371 1969 V IJKMEDIA: stream 1, sample 317, dts 7360726
05-28 16:05:56.083 32371 1969 V IJKMEDIA: stream 0, sample 229, dts 7600000
05-28 16:05:56.083 32371 1969 V IJKMEDIA: stream 1, sample 318, dts 7383946
05-28 16:05:56.083 32371 1969 V IJKMEDIA: stream 0, sample 229, dts 7600000
05-28 16:05:56.083 32371 1969 V IJKMEDIA: stream 1, sample 319, dts 7407166
05-28 16:05:56.083 32371 1969 V IJKMEDIA: stream 0, sample 229, dts 7600000
05-28 16:05:56.083 32371 1969 V IJKMEDIA: stream 1, sample 320, dts 7430385
05-28 16:05:56.083 32371 1969 V IJKMEDIA: stream 0, sample 229, dts 7600000
05-28 16:05:56.083 32371 1969 V IJKMEDIA: stream 1, sample 321, dts 7453605
05-28 16:05:56.083 32371 1969 V IJKMEDIA: stream 0, sample 229, dts 7600000
05-28 16:05:56.083 32371 1969 V IJKMEDIA: stream 1, sample 322, dts 7476825
05-28 16:05:56.083 32371 1969 V IJKMEDIA: stream 0, sample 229, dts 7600000
05-28 16:05:56.083 32371 1969 V IJKMEDIA: stream 1, sample 323, dts 7500045
05-28 16:05:56.083 32371 1969 V IJKMEDIA: stream 0, sample 229, dts 7600000
05-28 16:05:56.083 32371 1969 V IJKMEDIA: stream 1, sample 324, dts 7523265
05-28 16:05:56.083 32371 1969 V IJKMEDIA: stream 0, sample 229, dts 7600000
05-28 16:05:56.083 32371 1969 V IJKMEDIA: stream 1, sample 325, dts 7546485
05-28 16:05:56.083 32371 1969 V IJKMEDIA: stream 0, sample 229, dts 7600000
05-28 16:05:56.083 32371 1969 V IJKMEDIA: stream 1, sample 326, dts 7569705
05-28 16:05:56.083 32371 1969 V IJKMEDIA: stream 0, sample 229, dts 7600000
05-28 16:05:56.083 32371 1969 V IJKMEDIA: stream 1, sample 327, dts 7592925
05-28 16:05:56.083 32371 1969 V IJKMEDIA: stream 0, sample 229, dts 7600000
05-28 16:05:56.083 32371 1969 V IJKMEDIA: stream 1, sample 328, dts 7616145
05-28 16:05:56.083 32371 1969 V IJKMEDIA: stream 0, sample 229, dts 7600000
05-28 16:05:56.083 32371 1969 V IJKMEDIA: stream 1, sample 329, dts 7639365
05-28 16:05:56.083 32371 1969 V IJKMEDIA: stream 0, sample 229, dts 7600000
05-28 16:05:56.083 32371 1969 V IJKMEDIA: stream 1, sample 330, dts 7662585
05-28 16:05:56.083 32371 1969 V IJKMEDIA: stream 0, sample 229, dts 7600000
05-28 16:05:56.083 32371 1969 V IJKMEDIA: stream 1, sample 331, dts 7685805
05-28 16:05:56.083 32371 1969 V IJKMEDIA: stream 0, sample 230, dts 7633333
05-28 16:05:56.083 32371 1969 V IJKMEDIA: stream 1, sample 331, dts 7685805
05-28 16:05:56.083 32371 1969 V IJKMEDIA: stream 0, sample 231, dts 7666667
05-28 16:05:56.083 32371 1969 V IJKMEDIA: stream 1, sample 331, dts 7685805
05-28 16:05:56.083 32371 1969 V IJKMEDIA: stream 0, sample 232, dts 7700000
05-28 16:05:56.084 32371 1969 V IJKMEDIA: stream 1, sample 331, dts 7685805
05-28 16:05:56.084 32371 1969 V IJKMEDIA: stream 0, sample 233, dts 7733333
05-28 16:05:56.084 32371 1969 V IJKMEDIA: stream 1, sample 331, dts 7685805
05-28 16:05:56.084 32371 1969 V IJKMEDIA: stream 0, sample 234, dts 7766667
05-28 16:05:56.084 32371 1969 V IJKMEDIA: stream 1, sample 331, dts 7685805
05-28 16:05:56.084 32371 1969 V IJKMEDIA: stream 0, sample 235, dts 7800000
05-28 16:05:56.084 32371 1969 V IJKMEDIA: stream 1, sample 331, dts 7685805
05-28 16:05:56.084 32371 1969 V IJKMEDIA: stream 0, sample 236, dts 7833333
05-28 16:05:56.084 32371 1969 V IJKMEDIA: stream 1, sample 331, dts 7685805
05-28 16:05:56.084 32371 1969 V IJKMEDIA: stream 0, sample 237, dts 7866667
05-28 16:05:56.084 32371 1969 V IJKMEDIA: stream 1, sample 331, dts 7685805
05-28 16:05:56.084 32371 1969 V IJKMEDIA: stream 0, sample 238, dts 7900000
05-28 16:05:56.084 32371 1969 V IJKMEDIA: stream 1, sample 331, dts 7685805
05-28 16:05:56.084 32371 1969 V IJKMEDIA: stream 0, sample 239, dts 7933333
05-28 16:05:56.084 32371 1969 V IJKMEDIA: stream 1, sample 331, dts 7685805
05-28 16:05:56.084 32371 1969 V IJKMEDIA: stream 0, sample 240, dts 7966667
05-28 16:05:56.084 32371 1969 V IJKMEDIA: stream 1, sample 331, dts 7685805
05-28 16:05:56.084 32371 1969 V IJKMEDIA: stream 0, sample 241, dts 8000000
05-28 16:05:56.084 32371 1969 V IJKMEDIA: stream 1, sample 331, dts 7685805
05-28 16:05:56.084 32371 1969 V IJKMEDIA: stream 0, sample 242, dts 8033333
05-28 16:05:56.084 32371 1969 V IJKMEDIA: stream 1, sample 331, dts 7685805
05-28 16:05:56.084 32371 1969 V IJKMEDIA: stream 0, sample 243, dts 8066667
05-28 16:05:56.084 32371 1969 V IJKMEDIA: stream 1, sample 331, dts 7685805
05-28 16:05:56.084 32371 1969 V IJKMEDIA: stream 0, sample 243, dts 8066667
05-28 16:05:56.084 32371 1969 V IJKMEDIA: stream 1, sample 332, dts 7709025
05-28 16:05:56.084 32371 1969 V IJKMEDIA: stream 0, sample 243, dts 8066667
05-28 16:05:56.084 32371 1969 V IJKMEDIA: stream 1, sample 333, dts 7732245
05-28 16:05:56.084 32371 1969 V IJKMEDIA: stream 0, sample 243, dts 8066667
05-28 16:05:56.084 32371 1969 V IJKMEDIA: stream 1, sample 334, dts 7755465
05-28 16:05:56.084 32371 1969 V IJKMEDIA: stream 0, sample 243, dts 8066667
05-28 16:05:56.084 32371 1969 V IJKMEDIA: stream 1, sample 335, dts 7778685
05-28 16:05:56.084 32371 1969 V IJKMEDIA: stream 0, sample 243, dts 8066667
05-28 16:05:56.084 32371 1969 V IJKMEDIA: stream 1, sample 336, dts 7801905
05-28 16:05:56.084 32371 1969 V IJKMEDIA: stream 0, sample 243, dts 8066667
05-28 16:05:56.084 32371 1969 V IJKMEDIA: stream 1, sample 337, dts 7825125
05-28 16:05:56.084 32371 1969 V IJKMEDIA: stream 0, sample 243, dts 8066667
05-28 16:05:56.084 32371 1969 V IJKMEDIA: stream 1, sample 338, dts 7848345
05-28 16:05:56.084 32371 1969 V IJKMEDIA: stream 0, sample 243, dts 8066667
05-28 16:05:56.084 32371 1969 V IJKMEDIA: stream 1, sample 339, dts 7871565
05-28 16:05:56.084 32371 1969 V IJKMEDIA: stream 0, sample 243, dts 8066667
05-28 16:05:56.084 32371 1969 V IJKMEDIA: stream 1, sample 340, dts 7894785
05-28 16:05:56.084 32371 1969 V IJKMEDIA: stream 0, sample 243, dts 8066667
05-28 16:05:56.084 32371 1969 V IJKMEDIA: stream 1, sample 341, dts 7918005
05-28 16:05:56.084 32371 1969 V IJKMEDIA: stream 0, sample 243, dts 8066667
05-28 16:05:56.084 32371 1969 V IJKMEDIA: stream 1, sample 342, dts 7941224
05-28 16:05:56.084 32371 1969 V IJKMEDIA: stream 0, sample 243, dts 8066667
05-28 16:05:56.084 32371 1969 V IJKMEDIA: stream 1, sample 343, dts 7964444
05-28 16:05:56.084 32371 1969 V IJKMEDIA: stream 0, sample 243, dts 8066667
05-28 16:05:56.084 32371 1969 V IJKMEDIA: stream 1, sample 344, dts 7987664
05-28 16:05:56.084 32371 1969 V IJKMEDIA: stream 0, sample 243, dts 8066667
05-28 16:05:56.084 32371 1969 V IJKMEDIA: stream 1, sample 345, dts 8010884
05-28 16:05:56.084 32371 1969 V IJKMEDIA: stream 0, sample 243, dts 8066667
05-28 16:05:56.084 32371 1969 V IJKMEDIA: stream 1, sample 346, dts 8034104
05-28 16:05:56.084 32371 1969 V IJKMEDIA: stream 0, sample 243, dts 8066667
05-28 16:05:56.084 32371 1969 V IJKMEDIA: stream 1, sample 347, dts 8057324
05-28 16:05:56.084 32371 1969 V IJKMEDIA: stream 0, sample 243, dts 8066667
05-28 16:05:56.084 32371 1969 V IJKMEDIA: stream 1, sample 348, dts 8080544
05-28 16:05:56.084 32371 1969 V IJKMEDIA: stream 0, sample 243, dts 8066667
05-28 16:05:56.084 32371 1969 V IJKMEDIA: stream 1, sample 349, dts 8103764
05-28 16:05:56.084 32371 1969 V IJKMEDIA: stream 0, sample 243, dts 8066667
05-28 16:05:56.084 32371 1969 V IJKMEDIA: stream 1, sample 350, dts 8126984
05-28 16:05:56.084 32371 1969 V IJKMEDIA: stream 0, sample 243, dts 8066667
05-28 16:05:56.084 32371 1969 V IJKMEDIA: stream 1, sample 351, dts 8150204
05-28 16:05:56.084 32371 1969 V IJKMEDIA: stream 0, sample 244, dts 8100000
05-28 16:05:56.084 32371 1969 V IJKMEDIA: stream 1, sample 351, dts 8150204
05-28 16:05:56.084 32371 1969 V IJKMEDIA: stream 0, sample 245, dts 8133333
05-28 16:05:56.084 32371 1969 V IJKMEDIA: stream 1, sample 351, dts 8150204
05-28 16:05:56.084 32371 2021 D IJKMEDIA: nal_unit_type: 1, nal_ref_idc: 2
05-28 16:05:56.084 32371 1969 V IJKMEDIA: stream 0, sample 246, dts 8166667
05-28 16:05:56.084 32371 1969 V IJKMEDIA: stream 1, sample 351, dts 8150204
05-28 16:05:56.084 32371 1969 V IJKMEDIA: stream 0, sample 247, dts 8200000
05-28 16:05:56.084 32371 1969 V IJKMEDIA: stream 1, sample 351, dts 8150204
05-28 16:05:56.084 32371 1969 V IJKMEDIA: stream 0, sample 248, dts 8233333
05-28 16:05:56.084 32371 1969 V IJKMEDIA: stream 1, sample 351, dts 8150204
05-28 16:05:56.084 32371 1969 V IJKMEDIA: stream 0, sample 249, dts 8266667
05-28 16:05:56.084 32371 1969 V IJKMEDIA: stream 1, sample 351, dts 8150204
05-28 16:05:56.084 32371 1969 V IJKMEDIA: stream 0, sample 250, dts 8300000
05-28 16:05:56.084 32371 1969 V IJKMEDIA: stream 1, sample 351, dts 8150204
05-28 16:05:56.085 32371 1969 V IJKMEDIA: stream 0, sample 251, dts 8333333
05-28 16:05:56.085 32371 1969 V IJKMEDIA: stream 1, sample 351, dts 8150204
05-28 16:05:56.085 32371 1969 V IJKMEDIA: stream 0, sample 252, dts 8366667
05-28 16:05:56.085 32371 1969 V IJKMEDIA: stream 1, sample 351, dts 8150204
05-28 16:05:56.085 32371 1969 V IJKMEDIA: stream 0, sample 253, dts 8400000
05-28 16:05:56.085 32371 1969 V IJKMEDIA: stream 1, sample 351, dts 8150204
05-28 16:05:56.085 32371 1969 V IJKMEDIA: stream 0, sample 254, dts 8433333
05-28 16:05:56.085 32371 1969 V IJKMEDIA: stream 1, sample 351, dts 8150204
05-28 16:05:56.085 32371 1969 V IJKMEDIA: stream 0, sample 255, dts 8466667
05-28 16:05:56.085 32371 1969 V IJKMEDIA: stream 1, sample 351, dts 8150204
05-28 16:05:56.085 32371 1969 V IJKMEDIA: stream 0, sample 256, dts 8500000
05-28 16:05:56.085 32371 1969 V IJKMEDIA: stream 1, sample 351, dts 8150204
05-28 16:05:56.085 32371 1969 V IJKMEDIA: stream 0, sample 257, dts 8533333
05-28 16:05:56.085 32371 1969 V IJKMEDIA: stream 1, sample 351, dts 8150204
05-28 16:05:56.085 32371 1969 V IJKMEDIA: stream 0, sample 257, dts 8533333
05-28 16:05:56.085 32371 1969 V IJKMEDIA: stream 1, sample 352, dts 8173424
05-28 16:05:56.085 32371 1969 V IJKMEDIA: stream 0, sample 257, dts 8533333
05-28 16:05:56.085 32371 1969 V IJKMEDIA: stream 1, sample 353, dts 8196644
05-28 16:05:56.085 32371 1969 V IJKMEDIA: stream 0, sample 257, dts 8533333
05-28 16:05:56.085 32371 1969 V IJKMEDIA: stream 1, sample 354, dts 8219864
05-28 16:05:56.085 32371 1969 V IJKMEDIA: stream 0, sample 257, dts 8533333
05-28 16:05:56.085 32371 1969 V IJKMEDIA: stream 1, sample 355, dts 8243084
05-28 16:05:56.085 32371 1969 V IJKMEDIA: stream 0, sample 257, dts 8533333
05-28 16:05:56.085 32371 1969 V IJKMEDIA: stream 1, sample 356, dts 8266304
05-28 16:05:56.085 32371 1969 V IJKMEDIA: stream 0, sample 257, dts 8533333
05-28 16:05:56.085 32371 1969 V IJKMEDIA: stream 1, sample 357, dts 8289524
05-28 16:05:56.085 32371 1969 V IJKMEDIA: stream 0, sample 257, dts 8533333
05-28 16:05:56.085 32371 1969 V IJKMEDIA: stream 1, sample 358, dts 8312744
05-28 16:05:56.085 32371 1969 V IJKMEDIA: stream 0, sample 257, dts 8533333
05-28 16:05:56.085 32371 1969 V IJKMEDIA: stream 1, sample 359, dts 8335964
05-28 16:05:56.085 32371 1969 V IJKMEDIA: stream 0, sample 257, dts 8533333
05-28 16:05:56.085 32371 1969 V IJKMEDIA: stream 1, sample 360, dts 8359184
05-28 16:05:56.085 32371 1969 V IJKMEDIA: stream 0, sample 257, dts 8533333
05-28 16:05:56.085 32371 1969 V IJKMEDIA: stream 1, sample 361, dts 8382404
05-28 16:05:56.085 32371 1969 V IJKMEDIA: stream 0, sample 257, dts 8533333
05-28 16:05:56.085 32371 1969 V IJKMEDIA: stream 1, sample 362, dts 8405624
05-28 16:05:56.085 32371 1969 V IJKMEDIA: stream 0, sample 257, dts 8533333
05-28 16:05:56.085 32371 1969 V IJKMEDIA: stream 1, sample 363, dts 8428844
05-28 16:05:56.085 32371 1969 V IJKMEDIA: stream 0, sample 257, dts 8533333
05-28 16:05:56.085 32371 1969 V IJKMEDIA: stream 1, sample 364, dts 8452063
05-28 16:05:56.085 32371 1969 V IJKMEDIA: stream 0, sample 257, dts 8533333
05-28 16:05:56.085 32371 1969 V IJKMEDIA: stream 1, sample 365, dts 8475283
05-28 16:05:56.085 32371 1969 V IJKMEDIA: stream 0, sample 257, dts 8533333
05-28 16:05:56.085 32371 1969 V IJKMEDIA: stream 1, sample 366, dts 8498503
05-28 16:05:56.085 32371 1969 V IJKMEDIA: stream 0, sample 257, dts 8533333
05-28 16:05:56.085 32371 1969 V IJKMEDIA: stream 1, sample 367, dts 8521723
05-28 16:05:56.085 32371 1969 V IJKMEDIA: stream 0, sample 257, dts 8533333
05-28 16:05:56.085 32371 1969 V IJKMEDIA: stream 1, sample 368, dts 8544943
05-28 16:05:56.085 32371 1969 V IJKMEDIA: stream 0, sample 257, dts 8533333
05-28 16:05:56.085 32371 1969 V IJKMEDIA: stream 1, sample 369, dts 8568163
05-28 16:05:56.085 32371 1969 V IJKMEDIA: stream 0, sample 257, dts 8533333
05-28 16:05:56.085 32371 1969 V IJKMEDIA: stream 1, sample 370, dts 8591383
05-28 16:05:56.085 32371 1969 V IJKMEDIA: stream 0, sample 257, dts 8533333
05-28 16:05:56.085 32371 1969 V IJKMEDIA: stream 1, sample 371, dts 8614603
05-28 16:05:56.085 32371 1969 V IJKMEDIA: stream 0, sample 258, dts 8566667
05-28 16:05:56.085 32371 1969 V IJKMEDIA: stream 1, sample 371, dts 8614603
05-28 16:05:56.085 32371 1969 V IJKMEDIA: stream 0, sample 259, dts 8600000
05-28 16:05:56.085 32371 1969 V IJKMEDIA: stream 1, sample 371, dts 8614603
05-28 16:05:56.085 32371 1969 V IJKMEDIA: stream 0, sample 260, dts 8633333
05-28 16:05:56.085 32371 1969 V IJKMEDIA: stream 1, sample 371, dts 8614603
05-28 16:05:56.085 32371 1969 V IJKMEDIA: stream 0, sample 261, dts 8666667
05-28 16:05:56.085 32371 1969 V IJKMEDIA: stream 1, sample 371, dts 8614603
05-28 16:05:56.085 32371 1969 V IJKMEDIA: stream 0, sample 262, dts 8700000
05-28 16:05:56.085 32371 1969 V IJKMEDIA: stream 1, sample 371, dts 8614603
05-28 16:05:56.085 32371 1969 V IJKMEDIA: stream 0, sample 263, dts 8733333
05-28 16:05:56.085 32371 1969 V IJKMEDIA: stream 1, sample 371, dts 8614603
05-28 16:05:56.085 32371 1969 V IJKMEDIA: stream 0, sample 264, dts 8766667
05-28 16:05:56.085 32371 1969 V IJKMEDIA: stream 1, sample 371, dts 8614603
05-28 16:05:56.085 32371 1969 V IJKMEDIA: stream 0, sample 265, dts 8800000
05-28 16:05:56.085 32371 1969 V IJKMEDIA: stream 1, sample 371, dts 8614603
05-28 16:05:56.085 32371 1969 V IJKMEDIA: stream 0, sample 266, dts 8833333
05-28 16:05:56.085 32371 1969 V IJKMEDIA: stream 1, sample 371, dts 8614603
05-28 16:05:56.085 32371 1969 V IJKMEDIA: stream 0, sample 267, dts 8866667
05-28 16:05:56.085 32371 1969 V IJKMEDIA: stream 1, sample 371, dts 8614603
05-28 16:05:56.086 32371 1969 V IJKMEDIA: stream 0, sample 268, dts 8900000
05-28 16:05:56.086 32371 1969 V IJKMEDIA: stream 1, sample 371, dts 8614603
05-28 16:05:56.086 32371 1969 V IJKMEDIA: stream 0, sample 269, dts 8933333
05-28 16:05:56.086 32371 1969 V IJKMEDIA: stream 1, sample 371, dts 8614603
05-28 16:05:56.086 32371 1969 V IJKMEDIA: stream 0, sample 270, dts 8966667
05-28 16:05:56.086 32371 1969 V IJKMEDIA: stream 1, sample 371, dts 8614603
05-28 16:05:56.086 32371 1969 V IJKMEDIA: stream 0, sample 271, dts 9000000
05-28 16:05:56.086 32371 1969 V IJKMEDIA: stream 1, sample 371, dts 8614603
05-28 16:05:56.086 32371 1969 V IJKMEDIA: stream 0, sample 271, dts 9000000
05-28 16:05:56.086 32371 1969 V IJKMEDIA: stream 1, sample 372, dts 8637823
05-28 16:05:56.086 32371 1969 V IJKMEDIA: stream 0, sample 271, dts 9000000
05-28 16:05:56.086 32371 1969 V IJKMEDIA: stream 1, sample 373, dts 8661043
05-28 16:05:56.086 32371 1969 V IJKMEDIA: stream 0, sample 271, dts 9000000
05-28 16:05:56.086 32371 1969 V IJKMEDIA: stream 1, sample 374, dts 8684263
05-28 16:05:56.086 32371 1969 V IJKMEDIA: stream 0, sample 271, dts 9000000
05-28 16:05:56.086 32371 1969 V IJKMEDIA: stream 1, sample 375, dts 8707483
05-28 16:05:56.086 32371 1969 V IJKMEDIA: stream 0, sample 271, dts 9000000
05-28 16:05:56.086 32371 1969 V IJKMEDIA: stream 1, sample 376, dts 8730703
05-28 16:05:56.086 32371 1969 V IJKMEDIA: stream 0, sample 271, dts 9000000
05-28 16:05:56.086 32371 1969 V IJKMEDIA: stream 1, sample 377, dts 8753923
05-28 16:05:56.086 32371 1969 V IJKMEDIA: stream 0, sample 271, dts 9000000
05-28 16:05:56.086 32371 1969 V IJKMEDIA: stream 1, sample 378, dts 8777143
05-28 16:05:56.086 32371 1969 V IJKMEDIA: stream 0, sample 271, dts 9000000
05-28 16:05:56.086 32371 1969 V IJKMEDIA: stream 1, sample 379, dts 8800363
05-28 16:05:56.086 32371 1969 V IJKMEDIA: stream 0, sample 271, dts 9000000
05-28 16:05:56.086 32371 1969 V IJKMEDIA: stream 1, sample 380, dts 8823583
05-28 16:05:56.086 32371 1969 V IJKMEDIA: stream 0, sample 271, dts 9000000
05-28 16:05:56.086 32371 1969 V IJKMEDIA: stream 1, sample 381, dts 8846803
05-28 16:05:56.086 32371 1969 V IJKMEDIA: stream 0, sample 271, dts 9000000
