05-28 16:05:56.110 32371 1969 V IJKMEDIA: stream 1, sample 759, dts 17623946
05-28 16:05:56.110 32371 1969 V IJKMEDIA: stream 0, sample 537, dts 17866667
05-28 16:05:56.110 32371 1969 V IJKMEDIA: stream 1, sample 760, dts 17647166
05-28 16:05:56.110 32371 1969 V IJKMEDIA: stream 0, sample 537, dts 17866667
05-28 16:05:56.110 32371 1969 V IJKMEDIA: stream 1, sample 761, dts 17670385
05-28 16:05:56.110 32371 1969 V IJKMEDIA: stream 0, sample 537, dts 17866667
05-28 16:05:56.110 32371 1969 V IJKMEDIA: stream 1, sample 762, dts 17693605
05-28 16:05:56.110 32371 1969 V IJKMEDIA: stream 0, sample 537, dts 17866667
05-28 16:05:56.110 32371 1969 V IJKMEDIA: stream 1, sample 763, dts 17716825
05-28 16:05:56.110 32371 1969 V IJKMEDIA: stream 0, sample 537, dts 17866667
05-28 16:05:56.110 32371 1969 V IJKMEDIA: stream 1, sample 764, dts 17740045
05-28 16:05:56.110 32371 1969 V IJKMEDIA: stream 0, sample 537, dts 17866667
05-28 16:05:56.110 32371 1969 V IJKMEDIA: stream 1, sample 765, dts 17763265
05-28 16:05:56.110 32371 1969 V IJKMEDIA: stream 0, sample 537, dts 17866667
05-28 16:05:56.110 32371 1969 V IJKMEDIA: stream 1, sample 766, dts 17786485
05-28 16:05:56.110 32371 1969 D IJKMEDIA: ffp_toggle_buffering_l: end
05-28 16:05:56.111 32371 2038 D IJKMEDIA: SDL_VoutFFmpeg_CreateOverlay(w=1280,
h=590, fmt=RV32(0x32335652, dp=0xcd9b1aa0)
05-28 16:05:56.111 32371 1966 D IJKMEDIA: FFP_MSG_VIDEO_SIZE_CHANGED: 1280, 590
05-28 16:05:56.111 32371 1985 D IJKMEDIA: nal_unit_type: 1, nal_ref_idc: 0
05-28 16:05:56.111 32371 1966 D IJKMEDIA: FFP_MSG_BUFFERING_END:
05-28 16:05:56.111 32371 1969 V IJKMEDIA: stream 0, sample 537, dts 17866667
05-28 16:05:56.111 32371 1971 D AudioTrack: start(231): prior state:STATE_PAUSED
05-28 16:05:56.111 32371 1967 D IJKMEDIA: ANativeWindow_setBuffersGeometry:
w=1210, h=558, f=#(0x1) => w=1280, h=590, f=RV32(0x32335652)
05-28 16:05:56.111 32371 1969 V IJKMEDIA: stream 1, sample 767, dts 17809705
05-28 16:05:56.111 32371 1969 V IJKMEDIA: stream 0, sample 537, dts 17866667
05-28 16:05:56.111 32371 1969 V IJKMEDIA: stream 1, sample 768, dts 17832925
05-28 16:05:56.111 32371 1969 V IJKMEDIA: stream 0, sample 537, dts 17866667
05-28 16:05:56.111 32371 1969 V IJKMEDIA: stream 1, sample 769, dts 17856145
05-28 16:05:56.111 32371 1969 V IJKMEDIA: stream 0, sample 537, dts 17866667
05-28 16:05:56.111 32371 1969 V IJKMEDIA: stream 1, sample 770, dts 17879365
05-28 16:05:56.111 32371 1969 V IJKMEDIA: stream 0, sample 537, dts 17866667
05-28 16:05:56.111 32371 1969 V IJKMEDIA: stream 1, sample 771, dts 17902585
05-28 16:05:56.111 32371 1969 V IJKMEDIA: stream 0, sample 538, dts 17900000
05-28 16:05:56.111 32371 1969 V IJKMEDIA: stream 1, sample 771, dts 17902585
05-28 16:05:56.111 32371 1969 V IJKMEDIA: stream 0, sample 539, dts 17933333
05-28 16:05:56.111 32371 1969 V IJKMEDIA: stream 1, sample 771, dts 17902585
05-28 16:05:56.111 32371 1969 V IJKMEDIA: stream 0, sample 540, dts 17966667
05-28 16:05:56.111 32371 1969 V IJKMEDIA: stream 1, sample 771, dts 17902585
05-28 16:05:56.112 32371 1969 V IJKMEDIA: stream 0, sample 541, dts 18000000
05-28 16:05:56.112 32371 1969 V IJKMEDIA: stream 1, sample 771, dts 17902585
05-28 16:05:56.112 32371 1969 V IJKMEDIA: stream 0, sample 542, dts 18033333
05-28 16:05:56.112 32371 1969 V IJKMEDIA: stream 1, sample 771, dts 17902585
05-28 16:05:56.112 32371 1969 V IJKMEDIA: stream 0, sample 543, dts 18066667
05-28 16:05:56.112 32371 1969 V IJKMEDIA: stream 1, sample 771, dts 17902585
05-28 16:05:56.112 32371 1969 V IJKMEDIA: stream 0, sample 544, dts 18100000
05-28 16:05:56.112 32371 1969 V IJKMEDIA: stream 1, sample 771, dts 17902585
05-28 16:05:56.112 32371 1969 V IJKMEDIA: stream 0, sample 545, dts 18133333
05-28 16:05:56.112 32371 1969 V IJKMEDIA: stream 1, sample 771, dts 17902585
05-28 16:05:56.112 32371 1969 V IJKMEDIA: stream 0, sample 546, dts 18166667
05-28 16:05:56.112 32371 1969 V IJKMEDIA: stream 1, sample 771, dts 17902585
05-28 16:05:56.112 32371 1969 V IJKMEDIA: stream 0, sample 547, dts 18200000
05-28 16:05:56.112 32371 1969 V IJKMEDIA: stream 1, sample 771, dts 17902585
05-28 16:05:56.112 32371 1969 V IJKMEDIA: stream 0, sample 548, dts 18233333
05-28 16:05:56.112 32371 1969 V IJKMEDIA: stream 1, sample 771, dts 17902585
05-28 16:05:56.112 32371 1969 V IJKMEDIA: stream 0, sample 549, dts 18266667
05-28 16:05:56.112 32371 1969 V IJKMEDIA: stream 1, sample 771, dts 17902585
05-28 16:05:56.112 32371 1969 V IJKMEDIA: stream 0, sample 550, dts 18300000
05-28 16:05:56.112 32371 1969 V IJKMEDIA: stream 1, sample 771, dts 17902585
05-28 16:05:56.112 32371 1969 V IJKMEDIA: stream 0, sample 551, dts 18333333
05-28 16:05:56.112 32371 1969 V IJKMEDIA: stream 1, sample 771, dts 17902585
05-28 16:05:56.112 32371 1969 V IJKMEDIA: stream 0, sample 551, dts 18333333
05-28 16:05:56.112 32371 1969 V IJKMEDIA: stream 1, sample 772, dts 17925805
05-28 16:05:56.112 32371 1969 V IJKMEDIA: stream 0, sample 551, dts 18333333
05-28 16:05:56.112 32371 1969 V IJKMEDIA: stream 1, sample 773, dts 17949025
05-28 16:05:56.113 32371 1969 V IJKMEDIA: stream 0, sample 551, dts 18333333
05-28 16:05:56.113 32371 1969 V IJKMEDIA: stream 1, sample 774, dts 17972245
05-28 16:05:56.113 32371 1969 V IJKMEDIA: stream 0, sample 551, dts 18333333
05-28 16:05:56.113 32371 1969 V IJKMEDIA: stream 1, sample 775, dts 17995465
05-28 16:05:56.113 32371 1969 V IJKMEDIA: stream 0, sample 551, dts 18333333
05-28 16:05:56.113 32371 1969 V IJKMEDIA: stream 1, sample 776, dts 18018685
05-28 16:05:56.113 32371 1969 V IJKMEDIA: stream 0, sample 551, dts 18333333
05-28 16:05:56.113 32371 1969 V IJKMEDIA: stream 1, sample 777, dts 18041905
05-28 16:05:56.113 32371 1969 V IJKMEDIA: stream 0, sample 551, dts 18333333
05-28 16:05:56.113 32371 1969 V IJKMEDIA: stream 1, sample 778, dts 18065125
05-28 16:05:56.113 32371 1969 V IJKMEDIA: stream 0, sample 551, dts 18333333
05-28 16:05:56.113 32371 1969 V IJKMEDIA: stream 1, sample 779, dts 18088345
05-28 16:05:56.113 32371 1969 V IJKMEDIA: stream 0, sample 551, dts 18333333
05-28 16:05:56.113 32371 1969 V IJKMEDIA: stream 1, sample 780, dts 18111565
05-28 16:05:56.113 32371 1969 V IJKMEDIA: stream 0, sample 551, dts 18333333
05-28 16:05:56.113 32371 1969 V IJKMEDIA: stream 1, sample 781, dts 18134785
05-28 16:05:56.113 32371 1969 V IJKMEDIA: stream 0, sample 551, dts 18333333
05-28 16:05:56.113 32371 1969 V IJKMEDIA: stream 1, sample 782, dts 18158005
05-28 16:05:56.113 32371 1969 V IJKMEDIA: stream 0, sample 551, dts 18333333
05-28 16:05:56.113 32371 1969 V IJKMEDIA: stream 1, sample 783, dts 18181224
05-28 16:05:56.113 32371 1969 V IJKMEDIA: stream 0, sample 551, dts 18333333
05-28 16:05:56.113 32371 1969 V IJKMEDIA: stream 1, sample 784, dts 18204444
05-28 16:05:56.113 32371 1969 V IJKMEDIA: stream 0, sample 551, dts 18333333
05-28 16:05:56.113 32371 1969 V IJKMEDIA: stream 1, sample 785, dts 18227664
05-28 16:05:56.113 32371 1969 V IJKMEDIA: stream 0, sample 551, dts 18333333
05-28 16:05:56.113 32371 1969 V IJKMEDIA: stream 1, sample 786, dts 18250884
05-28 16:05:56.113 32371 1969 V IJKMEDIA: stream 0, sample 551, dts 18333333
05-28 16:05:56.113 32371 1969 V IJKMEDIA: stream 1, sample 787, dts 18274104
05-28 16:05:56.113 32371 1969 V IJKMEDIA: stream 0, sample 551, dts 18333333
05-28 16:05:56.113 32371 1969 V IJKMEDIA: stream 1, sample 788, dts 18297324
05-28 16:05:56.113 32371 1969 V IJKMEDIA: stream 0, sample 551, dts 18333333
05-28 16:05:56.113 32371 1969 V IJKMEDIA: stream 1, sample 789, dts 18320544
05-28 16:05:56.113 32371 1969 V IJKMEDIA: stream 0, sample 551, dts 18333333
05-28 16:05:56.113 32371 1969 V IJKMEDIA: stream 1, sample 790, dts 18343764
05-28 16:05:56.113 32371 1969 V IJKMEDIA: stream 0, sample 551, dts 18333333
05-28 16:05:56.113 32371 1969 V IJKMEDIA: stream 1, sample 791, dts 18366984
05-28 16:05:56.113 32371 1969 V IJKMEDIA: stream 0, sample 552, dts 18366667
05-28 16:05:56.113 32371 1969 V IJKMEDIA: stream 1, sample 791, dts 18366984
05-28 16:05:56.114 32371 1966 D IJKMEDIA: FFP_MSG_VIDEO_RENDERING_START:
05-28 16:05:56.114 32371 1969 V IJKMEDIA: stream 0, sample 553, dts 18400000
05-28 16:05:56.114 32371 1969 V IJKMEDIA: stream 1, sample 791, dts 18366984
05-28 16:05:56.114 32371 1969 V IJKMEDIA: stream 0, sample 554, dts 18433333
05-28 16:05:56.114 32371 1969 V IJKMEDIA: stream 1, sample 791, dts 18366984
05-28 16:05:56.114 32371 1969 V IJKMEDIA: stream 0, sample 555, dts 18466667
05-28 16:05:56.114 32371 1969 V IJKMEDIA: stream 1, sample 791, dts 18366984
05-28 16:05:56.114 32371 1969 V IJKMEDIA: stream 0, sample 556, dts 18500000
05-28 16:05:56.114 32371 1969 V IJKMEDIA: stream 1, sample 791, dts 18366984
05-28 16:05:56.114 32371 1969 V IJKMEDIA: stream 0, sample 557, dts 18533333
05-28 16:05:56.114 32371 1969 V IJKMEDIA: stream 1, sample 791, dts 18366984
05-28 16:05:56.114 32371 1969 V IJKMEDIA: stream 0, sample 558, dts 18566667
05-28 16:05:56.114 32371 1969 V IJKMEDIA: stream 1, sample 791, dts 18366984
05-28 16:05:56.114 32371 1969 V IJKMEDIA: stream 0, sample 559, dts 18600000
05-28 16:05:56.114 32371 1969 V IJKMEDIA: stream 1, sample 791, dts 18366984
05-28 16:05:56.114 32371 1969 V IJKMEDIA: stream 0, sample 560, dts 18633333
05-28 16:05:56.114 32371 1969 V IJKMEDIA: stream 1, sample 791, dts 18366984
05-28 16:05:56.114 32371 1969 V IJKMEDIA: stream 0, sample 561, dts 18666667
05-28 16:05:56.114 32371 1969 V IJKMEDIA: stream 1, sample 791, dts 18366984
05-28 16:05:56.114 32371 1969 V IJKMEDIA: stream 0, sample 562, dts 18700000
05-28 16:05:56.114 32371 1969 V IJKMEDIA: stream 1, sample 791, dts 18366984
05-28 16:05:56.114 32371 1969 V IJKMEDIA: stream 0, sample 563, dts 18733333
05-28 16:05:56.114 32371 1969 V IJKMEDIA: stream 1, sample 791, dts 18366984
05-28 16:05:56.114 32371 1969 V IJKMEDIA: stream 0, sample 564, dts 18766667
05-28 16:05:56.114 32371 1969 V IJKMEDIA: stream 1, sample 791, dts 18366984
05-28 16:05:56.114 32371 1969 V IJKMEDIA: stream 0, sample 565, dts 18800000
05-28 16:05:56.114 32371 1969 V IJKMEDIA: stream 1, sample 791, dts 18366984
05-28 16:05:56.114 32371 1969 V IJKMEDIA: stream 0, sample 565, dts 18800000
05-28 16:05:56.114 32371 1969 V IJKMEDIA: stream 1, sample 792, dts 18390204
05-28 16:05:56.114 32371 1969 V IJKMEDIA: stream 0, sample 565, dts 18800000
05-28 16:05:56.114 32371 1969 V IJKMEDIA: stream 1, sample 793, dts 18413424
05-28 16:05:56.114 32371 1969 V IJKMEDIA: stream 0, sample 565, dts 18800000
05-28 16:05:56.114 32371 1969 V IJKMEDIA: stream 1, sample 794, dts 18436644
05-28 16:05:56.114 32371 1969 V IJKMEDIA: stream 0, sample 565, dts 18800000
05-28 16:05:56.114 32371 1969 V IJKMEDIA: stream 1, sample 795, dts 18459864
05-28 16:05:56.114 32371 1969 V IJKMEDIA: stream 0, sample 565, dts 18800000
05-28 16:05:56.114 32371 1969 V IJKMEDIA: stream 1, sample 796, dts 18483084
05-28 16:05:56.115 32371 1969 V IJKMEDIA: stream 0, sample 565, dts 18800000
05-28 16:05:56.115 32371 1969 V IJKMEDIA: stream 1, sample 797, dts 18506304
05-28 16:05:56.115 32371 1969 V IJKMEDIA: stream 0, sample 565, dts 18800000
05-28 16:05:56.115 32371 1969 V IJKMEDIA: stream 1, sample 798, dts 18529524
05-28 16:05:56.115 32371 1969 V IJKMEDIA: stream 0, sample 565, dts 18800000
05-28 16:05:56.115 32371 1969 V IJKMEDIA: stream 1, sample 799, dts 18552744
05-28 16:05:56.115 32371 1969 V IJKMEDIA: stream 0, sample 565, dts 18800000
05-28 16:05:56.115 32371 1969 V IJKMEDIA: stream 1, sample 800, dts 18575964
05-28 16:05:56.115 32371 1969 V IJKMEDIA: stream 0, sample 565, dts 18800000
05-28 16:05:56.115 32371 1969 V IJKMEDIA: stream 1, sample 801, dts 18599184
05-28 16:05:56.115 32371 1969 V IJKMEDIA: stream 0, sample 565, dts 18800000
05-28 16:05:56.115 32371 1969 V IJKMEDIA: stream 1, sample 802, dts 18622404
05-28 16:05:56.115 32371 1969 V IJKMEDIA: stream 0, sample 565, dts 18800000
05-28 16:05:56.115 32371 1969 V IJKMEDIA: stream 1, sample 803, dts 18645624
05-28 16:05:56.115 32371 1969 V IJKMEDIA: stream 0, sample 565, dts 18800000
05-28 16:05:56.115 32371 1969 V IJKMEDIA: stream 1, sample 804, dts 18668844
05-28 16:05:56.115 32371 1969 V IJKMEDIA: stream 0, sample 565, dts 18800000
05-28 16:05:56.115 32371 1969 V IJKMEDIA: stream 1, sample 805, dts 18692063
05-28 16:05:56.115 32371 1969 V IJKMEDIA: stream 0, sample 565, dts 18800000
05-28 16:05:56.115 32371 1969 V IJKMEDIA: stream 1, sample 806, dts 18715283
05-28 16:05:56.115 32371 1969 V IJKMEDIA: stream 0, sample 565, dts 18800000
05-28 16:05:56.115 32371 1969 V IJKMEDIA: stream 1, sample 807, dts 18738503
05-28 16:05:56.115 32371 1969 V IJKMEDIA: stream 0, sample 565, dts 18800000
05-28 16:05:56.115 32371 1969 V IJKMEDIA: stream 1, sample 808, dts 18761723
05-28 16:05:56.115 32371 1969 V IJKMEDIA: stream 0, sample 565, dts 18800000
05-28 16:05:56.115 32371 1969 V IJKMEDIA: stream 1, sample 809, dts 18784943
05-28 16:05:56.115 32371 1969 V IJKMEDIA: stream 0, sample 565, dts 18800000
05-28 16:05:56.115 32371 1969 V IJKMEDIA: stream 1, sample 810, dts 18808163
05-28 16:05:56.115 32371 1969 V IJKMEDIA: stream 0, sample 565, dts 18800000
05-28 16:05:56.115 32371 1969 V IJKMEDIA: stream 1, sample 811, dts 18831383
05-28 16:05:56.115 32371 1969 V IJKMEDIA: stream 0, sample 566, dts 18833333
05-28 16:05:56.115 32371 1969 V IJKMEDIA: stream 1, sample 811, dts 18831383
05-28 16:05:56.115 32371 1969 V IJKMEDIA: stream 0, sample 567, dts 18866667
05-28 16:05:56.115 32371 1969 V IJKMEDIA: stream 1, sample 811, dts 18831383
05-28 16:05:56.115 32371 1969 V IJKMEDIA: stream 0, sample 568, dts 18900000
05-28 16:05:56.115 32371 1969 V IJKMEDIA: stream 1, sample 811, dts 18831383
05-28 16:05:56.115 32371 1969 V IJKMEDIA: stream 0, sample 569, dts 18933333
05-28 16:05:56.115 32371 1969 V IJKMEDIA: stream 1, sample 811, dts 18831383
05-28 16:05:56.115 32371 1969 V IJKMEDIA: stream 0, sample 570, dts 18966667
05-28 16:05:56.115 32371 1969 V IJKMEDIA: stream 1, sample 811, dts 18831383
05-28 16:05:56.115 32371 1969 V IJKMEDIA: stream 0, sample 571, dts 19000000
05-28 16:05:56.115 32371 1969 V IJKMEDIA: stream 1, sample 811, dts 18831383
05-28 16:05:56.115 32371 1969 V IJKMEDIA: stream 0, sample 572, dts 19033333
05-28 16:05:56.115 32371 1969 V IJKMEDIA: stream 1, sample 811, dts 18831383
05-28 16:05:56.115 32371 1969 V IJKMEDIA: stream 0, sample 573, dts 19066667
05-28 16:05:56.115 32371 1969 V IJKMEDIA: stream 1, sample 811, dts 18831383
05-28 16:05:56.115 32371 1969 V IJKMEDIA: stream 0, sample 574, dts 19100000
05-28 16:05:56.115 32371 1969 V IJKMEDIA: stream 1, sample 811, dts 18831383
05-28 16:05:56.115 32371 1969 V IJKMEDIA: stream 0, sample 575, dts 19133333
05-28 16:05:56.115 32371 1969 V IJKMEDIA: stream 1, sample 811, dts 18831383
05-28 16:05:56.115 32371 1969 V IJKMEDIA: stream 0, sample 576, dts 19166667
05-28 16:05:56.115 32371 1969 V IJKMEDIA: stream 1, sample 811, dts 18831383
05-28 16:05:56.115 32371 1969 V IJKMEDIA: stream 0, sample 577, dts 19200000
05-28 16:05:56.115 32371 1969 V IJKMEDIA: stream 1, sample 811, dts 18831383
05-28 16:05:56.115 32371 1969 V IJKMEDIA: stream 0, sample 578, dts 19233333
05-28 16:05:56.115 32371 1969 V IJKMEDIA: stream 1, sample 811, dts 18831383
05-28 16:05:56.115 32371 1969 V IJKMEDIA: stream 0, sample 579, dts 19266667
05-28 16:05:56.115 32371 1969 V IJKMEDIA: stream 1, sample 811, dts 18831383
05-28 16:05:56.115 32371 1969 V IJKMEDIA: stream 0, sample 579, dts 19266667
05-28 16:05:56.115 32371 1969 V IJKMEDIA: stream 1, sample 812, dts 18854603
05-28 16:05:56.115 32371 1969 V IJKMEDIA: stream 0, sample 579, dts 19266667
05-28 16:05:56.115 32371 1969 V IJKMEDIA: stream 1, sample 813, dts 18877823
05-28 16:05:56.115 32371 1969 V IJKMEDIA: stream 0, sample 579, dts 19266667
05-28 16:05:56.115 32371 1969 V IJKMEDIA: stream 1, sample 814, dts 18901043
05-28 16:05:56.116 32371 1969 V IJKMEDIA: stream 0, sample 579, dts 19266667
05-28 16:05:56.116 32371 1969 V IJKMEDIA: stream 1, sample 815, dts 18924263
05-28 16:05:56.116 32371 1969 V IJKMEDIA: stream 0, sample 579, dts 19266667
05-28 16:05:56.116 32371 1969 V IJKMEDIA: stream 1, sample 816, dts 18947483
05-28 16:05:56.116 32371 1969 V IJKMEDIA: stream 0, sample 579, dts 19266667
05-28 16:05:56.116 32371 1969 V IJKMEDIA: stream 1, sample 817, dts 18970703
05-28 16:05:56.116 32371 1969 V IJKMEDIA: stream 0, sample 579, dts 19266667
05-28 16:05:56.116 32371 1969 V IJKMEDIA: stream 1, sample 818, dts 18993923
05-28 16:05:56.116 32371 1969 V IJKMEDIA: stream 0, sample 579, dts 19266667
05-28 16:05:56.116 32371 1969 V IJKMEDIA: stream 1, sample 819, dts 19017143
05-28 16:05:56.116 32371 2004 D IJKMEDIA: nal_unit_type: 1, nal_ref_idc: 0
05-28 16:05:56.116 32371 1969 V IJKMEDIA: stream 0, sample 579, dts 19266667
05-28 16:05:56.116 32371 1969 V IJKMEDIA: stream 1, sample 820, dts 19040363
05-28 16:05:56.116 32371 1969 V IJKMEDIA: stream 0, sample 579, dts 19266667
05-28 16:05:56.116 32371 1969 V IJKMEDIA: stream 1, sample 821, dts 19063583
05-28 16:05:56.116 32371 1969 V IJKMEDIA: stream 0, sample 579, dts 19266667
05-28 16:05:56.116 32371 1969 V IJKMEDIA: stream 1, sample 822, dts 19086803
05-28 16:05:56.116 32371 1969 V IJKMEDIA: stream 0, sample 579, dts 19266667
05-28 16:05:56.116 32371 1969 V IJKMEDIA: stream 1, sample 823, dts 19110023
05-28 16:05:56.116 32371 1969 V IJKMEDIA: stream 0, sample 579, dts 19266667
05-28 16:05:56.116 32371 1969 V IJKMEDIA: stream 1, sample 824, dts 19133243
05-28 16:05:56.116 32371 1969 V IJKMEDIA: stream 0, sample 579, dts 19266667
05-28 16:05:56.116 32371 32371 I tv.danmaku.ijk.media.player.IjkMediaPlayer: Info:
MEDIA_INFO_VIDEO_RENDERING_START
05-28 16:05:56.116 32371 1969 V IJKMEDIA: stream 1, sample 825, dts 19156463
05-28 16:05:56.116 32371 1969 V IJKMEDIA: stream 0, sample 579, dts 19266667
05-28 16:05:56.116 32371 1969 V IJKMEDIA: stream 1, sample 826, dts 19179683
05-28 16:05:56.116 32371 1969 V IJKMEDIA: stream 0, sample 579, dts 19266667
05-28 16:05:56.116 32371 1969 V IJKMEDIA: stream 1, sample 827, dts 19202902
05-28 16:05:56.116 32371 1969 V IJKMEDIA: stream 0, sample 579, dts 19266667
05-28 16:05:56.116 32371 1969 V IJKMEDIA: stream 1, sample 828, dts 19226122
05-28 16:05:56.116 32371 1969 V IJKMEDIA: stream 0, sample 579, dts 19266667
05-28 16:05:56.116 32371 1969 V IJKMEDIA: stream 1, sample 829, dts 19249342
05-28 16:05:56.116 32371 1969 V IJKMEDIA: stream 0, sample 579, dts 19266667
05-28 16:05:56.116 32371 1969 V IJKMEDIA: stream 1, sample 830, dts 19272562
05-28 16:05:56.116 32371 1969 V IJKMEDIA: stream 0, sample 579, dts 19266667
05-28 16:05:56.116 32371 1969 V IJKMEDIA: stream 1, sample 831, dts 19295782
05-28 16:05:56.116 32371 1969 V IJKMEDIA: stream 0, sample 580, dts 19300000
05-28 16:05:56.116 32371 1969 V IJKMEDIA: stream 1, sample 831, dts 19295782
05-28 16:05:56.116 32371 1969 V IJKMEDIA: stream 0, sample 581, dts 19333333
05-28 16:05:56.116 32371 1969 V IJKMEDIA: stream 1, sample 831, dts 19295782
05-28 16:05:56.116 32371 1969 V IJKMEDIA: stream 0, sample 582, dts 19366667
05-28 16:05:56.116 32371 1969 V IJKMEDIA: stream 1, sample 831, dts 19295782
05-28 16:05:56.116 32371 1969 V IJKMEDIA: stream 0, sample 583, dts 19400000
05-28 16:05:56.116 32371 1969 V IJKMEDIA: stream 1, sample 831, dts 19295782
05-28 16:05:56.116 32371 1969 V IJKMEDIA: stream 0, sample 584, dts 19433333
05-28 16:05:56.117 32371 1969 V IJKMEDIA: stream 1, sample 831, dts 19295782
05-28 16:05:56.117 32371 1969 V IJKMEDIA: stream 0, sample 585, dts 19466667
05-28 16:05:56.117 32371 1969 V IJKMEDIA: stream 1, sample 831, dts 19295782
05-28 16:05:56.117 32371 1969 V IJKMEDIA: stream 0, sample 586, dts 19500000
05-28 16:05:56.117 32371 1969 V IJKMEDIA: stream 1, sample 831, dts 19295782
05-28 16:05:56.117 32371 1969 V IJKMEDIA: stream 0, sample 587, dts 19533333
05-28 16:05:56.117 32371 1969 V IJKMEDIA: stream 1, sample 831, dts 19295782
05-28 16:05:56.117 32371 1969 V IJKMEDIA: stream 0, sample 588, dts 19566667
05-28 16:05:56.117 32371 1969 V IJKMEDIA: stream 1, sample 831, dts 19295782
05-28 16:05:56.117 32371 1969 V IJKMEDIA: stream 0, sample 589, dts 19600000
05-28 16:05:56.117 32371 1969 V IJKMEDIA: stream 1, sample 831, dts 19295782
05-28 16:05:56.117 32371 1969 V IJKMEDIA: stream 0, sample 590, dts 19633333
05-28 16:05:56.117 32371 1969 V IJKMEDIA: stream 1, sample 831, dts 19295782
05-28 16:05:56.117 32371 1969 V IJKMEDIA: stream 0, sample 591, dts 19666667
05-28 16:05:56.117 32371 1969 V IJKMEDIA: stream 1, sample 831, dts 19295782
05-28 16:05:56.117 32371 1969 V IJKMEDIA: stream 0, sample 592, dts 19700000
05-28 16:05:56.117 32371 1969 V IJKMEDIA: stream 1, sample 831, dts 19295782
05-28 16:05:56.117 32371 1969 V IJKMEDIA: stream 0, sample 593, dts 19733333
05-28 16:05:56.117 32371 1969 V IJKMEDIA: stream 1, sample 831, dts 19295782
05-28 16:05:56.117 32371 1969 V IJKMEDIA: stream 0, sample 593, dts 19733333
05-28 16:05:56.117 32371 1969 V IJKMEDIA: stream 1, sample 832, dts 19319002
05-28 16:05:56.117 32371 1969 V IJKMEDIA: stream 0, sample 593, dts 19733333
05-28 16:05:56.117 32371 1969 V IJKMEDIA: stream 1, sample 833, dts 19342222
05-28 16:05:56.117 32371 1969 V IJKMEDIA: stream 0, sample 593, dts 19733333
05-28 16:05:56.117 32371 1969 V IJKMEDIA: stream 1, sample 834, dts 19365442
05-28 16:05:56.117 32371 1969 V IJKMEDIA: stream 0, sample 593, dts 19733333
05-28 16:05:56.117 32371 1969 V IJKMEDIA: stream 1, sample 835, dts 19388662
05-28 16:05:56.117 32371 1969 V IJKMEDIA: stream 0, sample 593, dts 19733333
05-28 16:05:56.117 32371 1969 V IJKMEDIA: stream 1, sample 836, dts 19411882
05-28 16:05:56.117 32371 1969 V IJKMEDIA: stream 0, sample 593, dts 19733333
05-28 16:05:56.117 32371 1969 V IJKMEDIA: stream 1, sample 837, dts 19435102
05-28 16:05:56.117 32371 1969 V IJKMEDIA: stream 0, sample 593, dts 19733333
05-28 16:05:56.117 32371 1969 V IJKMEDIA: stream 1, sample 838, dts 19458322
05-28 16:05:56.117 32371 1969 V IJKMEDIA: stream 0, sample 593, dts 19733333
05-28 16:05:56.117 32371 1969 V IJKMEDIA: stream 1, sample 839, dts 19481542
05-28 16:05:56.117 32371 1969 V IJKMEDIA: stream 0, sample 593, dts 19733333
05-28 16:05:56.117 32371 1969 V IJKMEDIA: stream 1, sample 840, dts 19504762
05-28 16:05:56.117 32371 1969 V IJKMEDIA: stream 0, sample 593, dts 19733333
05-28 16:05:56.117 32371 1969 V IJKMEDIA: stream 1, sample 841, dts 19527982
05-28 16:05:56.117 32371 1969 V IJKMEDIA: stream 0, sample 593, dts 19733333
05-28 16:05:56.117 32371 1969 V IJKMEDIA: stream 1, sample 842, dts 19551202
05-28 16:05:56.117 32371 1969 V IJKMEDIA: stream 0, sample 593, dts 19733333
05-28 16:05:56.117 32371 1969 V IJKMEDIA: stream 1, sample 843, dts 19574422
05-28 16:05:56.117 32371 1969 V IJKMEDIA: stream 0, sample 593, dts 19733333
05-28 16:05:56.117 32371 1969 V IJKMEDIA: stream 1, sample 844, dts 19597642
05-28 16:05:56.117 32371 1969 V IJKMEDIA: stream 0, sample 593, dts 19733333
05-28 16:05:56.117 32371 1969 V IJKMEDIA: stream 1, sample 845, dts 19620862
05-28 16:05:56.117 32371 1969 V IJKMEDIA: stream 0, sample 593, dts 19733333
05-28 16:05:56.117 32371 1969 V IJKMEDIA: stream 1, sample 846, dts 19644082
05-28 16:05:56.117 32371 1969 V IJKMEDIA: stream 0, sample 593, dts 19733333
05-28 16:05:56.117 32371 1969 V IJKMEDIA: stream 1, sample 847, dts 19667302
05-28 16:05:56.117 32371 1969 V IJKMEDIA: stream 0, sample 593, dts 19733333
05-28 16:05:56.117 32371 1969 V IJKMEDIA: stream 1, sample 848, dts 19690522
05-28 16:05:56.117 32371 1969 V IJKMEDIA: stream 0, sample 593, dts 19733333
05-28 16:05:56.117 32371 1969 V IJKMEDIA: stream 1, sample 849, dts 19713741
05-28 16:05:56.117 32371 1969 V IJKMEDIA: stream 0, sample 593, dts 19733333
05-28 16:05:56.117 32371 1969 V IJKMEDIA: stream 1, sample 850, dts 19736961
05-28 16:05:56.117 32371 1969 V IJKMEDIA: stream 0, sample 593, dts 19733333
05-28 16:05:56.117 32371 1969 V IJKMEDIA: stream 1, sample 851, dts 19760181
05-28 16:05:56.117 32371 1969 V IJKMEDIA: stream 0, sample 594, dts 19766667
05-28 16:05:56.117 32371 1969 V IJKMEDIA: stream 1, sample 851, dts 19760181
05-28 16:05:56.117 32371 1969 V IJKMEDIA: stream 0, sample 595, dts 19800000
05-28 16:05:56.117 32371 1969 V IJKMEDIA: stream 1, sample 851, dts 19760181
05-28 16:05:56.117 32371 1969 V IJKMEDIA: stream 0, sample 596, dts 19833333
05-28 16:05:56.117 32371 1969 V IJKMEDIA: stream 1, sample 851, dts 19760181
05-28 16:05:56.117 32371 1969 V IJKMEDIA: stream 0, sample 597, dts 19866667
05-28 16:05:56.117 32371 1969 V IJKMEDIA: stream 1, sample 851, dts 19760181
05-28 16:05:56.117 32371 1969 V IJKMEDIA: stream 0, sample 598, dts 19900000
05-28 16:05:56.117 32371 1969 V IJKMEDIA: stream 1, sample 851, dts 19760181
05-28 16:05:56.117 32371 1969 V IJKMEDIA: stream 0, sample 599, dts 19933333
05-28 16:05:56.117 32371 1969 V IJKMEDIA: stream 1, sample 851, dts 19760181
05-28 16:05:56.117 32371 1969 V IJKMEDIA: stream 0, sample 600, dts 19966667
05-28 16:05:56.117 32371 1969 V IJKMEDIA: stream 1, sample 851, dts 19760181
05-28 16:05:56.117 32371 1969 V IJKMEDIA: stream 0, sample 601, dts 20000000
05-28 16:05:56.117 32371 1969 V IJKMEDIA: stream 1, sample 851, dts 19760181
05-28 16:05:56.117 32371 1969 V IJKMEDIA: stream 0, sample 602, dts 20033333
05-28 16:05:56.117 32371 1969 V IJKMEDIA: stream 1, sample 851, dts 19760181
05-28 16:05:56.118 32371 1969 V IJKMEDIA: stream 0, sample 603, dts 20066667
05-28 16:05:56.118 32371 1969 V IJKMEDIA: stream 1, sample 851, dts 19760181
05-28 16:05:56.118 32371 1969 V IJKMEDIA: stream 0, sample 604, dts 20100000
05-28 16:05:56.118 32371 1969 V IJKMEDIA: stream 1, sample 851, dts 19760181
05-28 16:05:56.118 32371 1969 V IJKMEDIA: stream 0, sample 605, dts 20133333
05-28 16:05:56.118 32371 1969 V IJKMEDIA: stream 1, sample 851, dts 19760181
05-28 16:05:56.118 32371 1969 V IJKMEDIA: stream 0, sample 606, dts 20166667
05-28 16:05:56.118 32371 1969 V IJKMEDIA: stream 1, sample 851, dts 19760181
05-28 16:05:56.118 32371 1969 V IJKMEDIA: stream 0, sample 607, dts 20200000
05-28 16:05:56.118 32371 1969 V IJKMEDIA: stream 1, sample 851, dts 19760181
05-28 16:05:56.118 32371 1969 V IJKMEDIA: stream 0, sample 607, dts 20200000
05-28 16:05:56.118 32371 1969 V IJKMEDIA: stream 1, sample 852, dts 19783401
05-28 16:05:56.118 32371 1969 V IJKMEDIA: stream 0, sample 607, dts 20200000
05-28 16:05:56.118 32371 1969 V IJKMEDIA: stream 1, sample 853, dts 19806621
05-28 16:05:56.118 32371 1969 V IJKMEDIA: stream 0, sample 607, dts 20200000
05-28 16:05:56.118 32371 1969 V IJKMEDIA: stream 1, sample 854, dts 19829841
05-28 16:05:56.118 32371 1969 V IJKMEDIA: stream 0, sample 607, dts 20200000
05-28 16:05:56.118 32371 1969 V IJKMEDIA: stream 1, sample 855, dts 19853061
05-28 16:05:56.118 32371 1969 V IJKMEDIA: stream 0, sample 607, dts 20200000
05-28 16:05:56.118 32371 1969 V IJKMEDIA: stream 1, sample 856, dts 19876281
05-28 16:05:56.118 32371 1969 V IJKMEDIA: stream 0, sample 607, dts 20200000
05-28 16:05:56.118 32371 1969 V IJKMEDIA: stream 1, sample 857, dts 19899501
05-28 16:05:56.118 32371 1969 V IJKMEDIA: stream 0, sample 607, dts 20200000
05-28 16:05:56.118 32371 1969 V IJKMEDIA: stream 1, sample 858, dts 19922721
05-28 16:05:56.118 32371 1969 V IJKMEDIA: stream 0, sample 607, dts 20200000
05-28 16:05:56.118 32371 1969 V IJKMEDIA: stream 1, sample 859, dts 19945941
05-28 16:05:56.118 32371 1969 V IJKMEDIA: stream 0, sample 607, dts 20200000
05-28 16:05:56.118 32371 1969 V IJKMEDIA: stream 1, sample 860, dts 19969161
05-28 16:05:56.118 32371 1969 V IJKMEDIA: stream 0, sample 607, dts 20200000
05-28 16:05:56.118 32371 1969 V IJKMEDIA: stream 1, sample 861, dts 19992381
05-28 16:05:56.118 32371 1969 V IJKMEDIA: stream 0, sample 607, dts 20200000
05-28 16:05:56.118 32371 1969 V IJKMEDIA: stream 1, sample 862, dts 20015601
05-28 16:05:56.118 32371 1969 V IJKMEDIA: stream 0, sample 607, dts 20200000
05-28 16:05:56.118 32371 1969 V IJKMEDIA: stream 1, sample 863, dts 20038821
05-28 16:05:56.118 32371 1969 V IJKMEDIA: stream 0, sample 607, dts 20200000
05-28 16:05:56.118 32371 1969 V IJKMEDIA: stream 1, sample 864, dts 20062041
05-28 16:05:56.118 32371 1969 V IJKMEDIA: stream 0, sample 607, dts 20200000
05-28 16:05:56.118 32371 1969 V IJKMEDIA: stream 1, sample 865, dts 20085261
05-28 16:05:56.118 32371 1969 V IJKMEDIA: stream 0, sample 607, dts 20200000
05-28 16:05:56.118 32371 1969 V IJKMEDIA: stream 1, sample 866, dts 20108481
05-28 16:05:56.118 32371 1969 V IJKMEDIA: stream 0, sample 607, dts 20200000
05-28 16:05:56.118 32371 1969 V IJKMEDIA: stream 1, sample 867, dts 20131701
05-28 16:05:56.118 32371 1969 V IJKMEDIA: stream 0, sample 607, dts 20200000
05-28 16:05:56.118 32371 1969 V IJKMEDIA: stream 1, sample 868, dts 20154921
05-28 16:05:56.118 32371 1969 V IJKMEDIA: stream 0, sample 607, dts 20200000
05-28 16:05:56.118 32371 1969 V IJKMEDIA: stream 1, sample 869, dts 20178141
05-28 16:05:56.118 32371 1969 V IJKMEDIA: stream 0, sample 607, dts 20200000
05-28 16:05:56.118 32371 1969 V IJKMEDIA: stream 1, sample 870, dts 20201361
05-28 16:05:56.118 32371 1969 V IJKMEDIA: stream 0, sample 607, dts 20200000
05-28 16:05:56.118 32371 1969 V IJKMEDIA: stream 1, sample 871, dts 20224580
05-28 16:05:56.118 32371 1969 V IJKMEDIA: stream 0, sample 608, dts 20233333
05-28 16:05:56.118 32371 1969 V IJKMEDIA: stream 1, sample 871, dts 20224580
05-28 16:05:56.118 32371 1969 V IJKMEDIA: stream 0, sample 609, dts 20266667
05-28 16:05:56.118 32371 1969 V IJKMEDIA: stream 1, sample 871, dts 20224580
05-28 16:05:56.118 32371 1969 V IJKMEDIA: stream 0, sample 610, dts 20300000
05-28 16:05:56.118 32371 1969 V IJKMEDIA: stream 1, sample 871, dts 20224580
05-28 16:05:56.118 32371 1969 V IJKMEDIA: stream 0, sample 611, dts 20333333
05-28 16:05:56.118 32371 1969 V IJKMEDIA: stream 1, sample 871, dts 20224580
05-28 16:05:56.118 32371 1969 V IJKMEDIA: stream 0, sample 612, dts 20366667
05-28 16:05:56.118 32371 1969 V IJKMEDIA: stream 1, sample 871, dts 20224580
05-28 16:05:56.118 32371 1969 V IJKMEDIA: stream 0, sample 613, dts 20400000
05-28 16:05:56.118 32371 1969 V IJKMEDIA: stream 1, sample 871, dts 20224580
05-28 16:05:56.118 32371 1969 V IJKMEDIA: stream 0, sample 614, dts 20433333
05-28 16:05:56.118 32371 1969 V IJKMEDIA: stream 1, sample 871, dts 20224580
05-28 16:05:56.118 32371 1969 V IJKMEDIA: stream 0, sample 615, dts 20466667
05-28 16:05:56.118 32371 1969 V IJKMEDIA: stream 1, sample 871, dts 20224580
05-28 16:05:56.118 32371 1969 V IJKMEDIA: stream 0, sample 616, dts 20500000
05-28 16:05:56.118 32371 1969 V IJKMEDIA: stream 1, sample 871, dts 20224580
05-28 16:05:56.119 32371 1969 V IJKMEDIA: stream 0, sample 617, dts 20533333
05-28 16:05:56.119 32371 1969 V IJKMEDIA: stream 1, sample 871, dts 20224580
05-28 16:05:56.119 32371 1969 V IJKMEDIA: stream 0, sample 618, dts 20566667
05-28 16:05:56.119 32371 1969 V IJKMEDIA: stream 1, sample 871, dts 20224580
05-28 16:05:56.119 32371 1969 V IJKMEDIA: stream 0, sample 619, dts 20600000
05-28 16:05:56.119 32371 1969 V IJKMEDIA: stream 1, sample 871, dts 20224580
05-28 16:05:56.119 32371 1969 V IJKMEDIA: stream 0, sample 620, dts 20633333
05-28 16:05:56.119 32371 1969 V IJKMEDIA: stream 1, sample 871, dts 20224580
05-28 16:05:56.119 32371 1969 V IJKMEDIA: stream 0, sample 621, dts 20666667
05-28 16:05:56.119 32371 1969 V IJKMEDIA: stream 1, sample 871, dts 20224580
05-28 16:05:56.119 32371 1969 V IJKMEDIA: stream 0, sample 621, dts 20666667
05-28 16:05:56.119 32371 1969 V IJKMEDIA: stream 1, sample 872, dts 20247800
05-28 16:05:56.119 32371 1969 V IJKMEDIA: stream 0, sample 621, dts 20666667
05-28 16:05:56.119 32371 1969 V IJKMEDIA: stream 1, sample 873, dts 20271020
05-28 16:05:56.119 32371 1969 V IJKMEDIA: stream 0, sample 621, dts 20666667
05-28 16:05:56.119 32371 1969 V IJKMEDIA: stream 1, sample 874, dts 20294240
05-28 16:05:56.119 32371 1969 V IJKMEDIA: stream 0, sample 621, dts 20666667
05-28 16:05:56.119 32371 1969 V IJKMEDIA: stream 1, sample 875, dts 20317460
05-28 16:05:56.119 32371 1969 V IJKMEDIA: stream 0, sample 621, dts 20666667
05-28 16:05:56.119 32371 1969 V IJKMEDIA: stream 1, sample 876, dts 20340680
05-28 16:05:56.119 32371 1969 V IJKMEDIA: stream 0, sample 621, dts 20666667
05-28 16:05:56.119 32371 1969 V IJKMEDIA: stream 1, sample 877, dts 20363900
05-28 16:05:56.119 32371 1969 V IJKMEDIA: stream 0, sample 621, dts 20666667
05-28 16:05:56.119 32371 1969 V IJKMEDIA: stream 1, sample 878, dts 20387120
05-28 16:05:56.119 32371 1969 V IJKMEDIA: stream 0, sample 621, dts 20666667
05-28 16:05:56.119 32371 1969 V IJKMEDIA: stream 1, sample 879, dts 20410340
05-28 16:05:56.119 32371 1969 V IJKMEDIA: stream 0, sample 621, dts 20666667
05-28 16:05:56.119 32371 1969 V IJKMEDIA: stream 1, sample 880, dts 20433560
05-28 16:05:56.119 32371 1969 V IJKMEDIA: stream 0, sample 621, dts 20666667
05-28 16:05:56.119 32371 1969 V IJKMEDIA: stream 1, sample 881, dts 20456780
05-28 16:05:56.119 32371 1969 V IJKMEDIA: stream 0, sample 621, dts 20666667
05-28 16:05:56.119 32371 1969 V IJKMEDIA: stream 1, sample 882, dts 20480000
05-28 16:05:56.119 32371 1969 V IJKMEDIA: stream 0, sample 621, dts 20666667
05-28 16:05:56.119 32371 1969 V IJKMEDIA: stream 1, sample 883, dts 20503220
05-28 16:05:56.119 32371 1969 V IJKMEDIA: stream 0, sample 621, dts 20666667
05-28 16:05:56.119 32371 1969 V IJKMEDIA: stream 1, sample 884, dts 20526440
05-28 16:05:56.119 32371 1969 V IJKMEDIA: stream 0, sample 621, dts 20666667
05-28 16:05:56.119 32371 1969 V IJKMEDIA: stream 1, sample 885, dts 20549660
05-28 16:05:56.119 32371 1969 V IJKMEDIA: stream 0, sample 621, dts 20666667
05-28 16:05:56.119 32371 1969 V IJKMEDIA: stream 1, sample 886, dts 20572880
05-28 16:05:56.119 32371 1969 V IJKMEDIA: stream 0, sample 621, dts 20666667
05-28 16:05:56.119 32371 1969 V IJKMEDIA: stream 1, sample 887, dts 20596100
05-28 16:05:56.119 32371 1969 V IJKMEDIA: stream 0, sample 621, dts 20666667
05-28 16:05:56.119 32371 1969 V IJKMEDIA: stream 1, sample 888, dts 20619320
05-28 16:05:56.119 32371 1969 V IJKMEDIA: stream 0, sample 621, dts 20666667
05-28 16:05:56.119 32371 1969 V IJKMEDIA: stream 1, sample 889, dts 20642540
05-28 16:05:56.119 32371 1969 V IJKMEDIA: stream 0, sample 621, dts 20666667
05-28 16:05:56.119 32371 1969 V IJKMEDIA: stream 1, sample 890, dts 20665760
05-28 16:05:56.119 32371 1969 V IJKMEDIA: stream 0, sample 621, dts 20666667
05-28 16:05:56.119 32371 1969 V IJKMEDIA: stream 1, sample 891, dts 20688980
05-28 16:05:56.119 32371 1969 V IJKMEDIA: stream 0, sample 622, dts 20700000
05-28 16:05:56.119 32371 1969 V IJKMEDIA: stream 1, sample 891, dts 20688980
05-28 16:05:56.119 32371 1969 V IJKMEDIA: stream 0, sample 623, dts 20733333
05-28 16:05:56.119 32371 1969 V IJKMEDIA: stream 1, sample 891, dts 20688980
05-28 16:05:56.119 32371 1969 V IJKMEDIA: stream 0, sample 624, dts 20766667
05-28 16:05:56.119 32371 1969 V IJKMEDIA: stream 1, sample 891, dts 20688980
05-28 16:05:56.119 32371 1969 V IJKMEDIA: stream 0, sample 625, dts 20800000
05-28 16:05:56.119 32371 1969 V IJKMEDIA: stream 1, sample 891, dts 20688980
05-28 16:05:56.119 32371 1969 V IJKMEDIA: stream 0, sample 626, dts 20833333
05-28 16:05:56.119 32371 1969 V IJKMEDIA: stream 1, sample 891, dts 20688980
05-28 16:05:56.119 32371 1969 V IJKMEDIA: stream 0, sample 627, dts 20866667
05-28 16:05:56.119 32371 1969 V IJKMEDIA: stream 1, sample 891, dts 20688980
05-28 16:05:56.119 32371 1969 V IJKMEDIA: stream 0, sample 628, dts 20900000
05-28 16:05:56.119 32371 1969 V IJKMEDIA: stream 1, sample 891, dts 20688980
05-28 16:05:56.119 32371 1969 V IJKMEDIA: stream 0, sample 629, dts 20933333
05-28 16:05:56.119 32371 1969 V IJKMEDIA: stream 1, sample 891, dts 20688980
05-28 16:05:56.119 32371 1969 V IJKMEDIA: stream 0, sample 630, dts 20966667
05-28 16:05:56.119 32371 1969 V IJKMEDIA: stream 1, sample 891, dts 20688980
05-28 16:05:56.119 32371 1969 V IJKMEDIA: stream 0, sample 631, dts 21000000
05-28 16:05:56.119 32371 1969 V IJKMEDIA: stream 1, sample 891, dts 20688980
05-28 16:05:56.119 32371 1969 V IJKMEDIA: stream 0, sample 632, dts 21033333
05-28 16:05:56.119 32371 1969 V IJKMEDIA: stream 1, sample 891, dts 20688980
05-28 16:05:56.119 32371 1969 V IJKMEDIA: stream 0, sample 633, dts 21066667
05-28 16:05:56.119 32371 1969 V IJKMEDIA: stream 1, sample 891, dts 20688980
05-28 16:05:56.119 32371 1969 V IJKMEDIA: stream 0, sample 634, dts 21100000
05-28 16:05:56.119 32371 1969 V IJKMEDIA: stream 1, sample 891, dts 20688980
05-28 16:05:56.119 32371 1969 V IJKMEDIA: stream 0, sample 635, dts 21133333
05-28 16:05:56.119 32371 1969 V IJKMEDIA: stream 1, sample 891, dts 20688980
05-28 16:05:56.120 32371 1969 V IJKMEDIA: stream 0, sample 635, dts 21133333
05-28 16:05:56.120 32371 1969 V IJKMEDIA: stream 1, sample 892, dts 20712200
05-28 16:05:56.120 32371 1969 V IJKMEDIA: stream 0, sample 635, dts 21133333
05-28 16:05:56.120 32371 1969 V IJKMEDIA: stream 1, sample 893, dts 20735420
05-28 16:05:56.120 32371 1969 V IJKMEDIA: stream 0, sample 635, dts 21133333
05-28 16:05:56.120 32371 1969 V IJKMEDIA: stream 1, sample 894, dts 20758639
05-28 16:05:56.120 32371 1969 V IJKMEDIA: stream 0, sample 635, dts 21133333
05-28 16:05:56.120 32371 1969 V IJKMEDIA: stream 1, sample 895, dts 20781859
05-28 16:05:56.120 32371 1969 V IJKMEDIA: stream 0, sample 635, dts 21133333
05-28 16:05:56.120 32371 1969 V IJKMEDIA: stream 1, sample 896, dts 20805079
05-28 16:05:56.120 32371 1969 V IJKMEDIA: stream 0, sample 635, dts 21133333
05-28 16:05:56.120 32371 1969 V IJKMEDIA: stream 1, sample 897, dts 20828299
05-28 16:05:56.120 32371 1969 V IJKMEDIA: stream 0, sample 635, dts 21133333
05-28 16:05:56.120 32371 1969 V IJKMEDIA: stream 1, sample 898, dts 20851519
05-28 16:05:56.120 32371 1969 V IJKMEDIA: stream 0, sample 635, dts 21133333
05-28 16:05:56.120 32371 1969 V IJKMEDIA: stream 1, sample 899, dts 20874739
05-28 16:05:56.120 32371 1969 V IJKMEDIA: stream 0, sample 635, dts 21133333
05-28 16:05:56.120 32371 1969 V IJKMEDIA: stream 1, sample 900, dts 20897959
05-28 16:05:56.120 32371 1969 V IJKMEDIA: stream 0, sample 635, dts 21133333
05-28 16:05:56.120 32371 1969 V IJKMEDIA: stream 1, sample 901, dts 20921179
05-28 16:05:56.120 32371 1969 V IJKMEDIA: stream 0, sample 635, dts 21133333
05-28 16:05:56.120 32371 1969 V IJKMEDIA: stream 1, sample 902, dts 20944399
05-28 16:05:56.120 32371 1969 V IJKMEDIA: stream 0, sample 635, dts 21133333
05-28 16:05:56.120 32371 1969 V IJKMEDIA: stream 1, sample 903, dts 20967619
05-28 16:05:56.120 32371 1969 V IJKMEDIA: stream 0, sample 635, dts 21133333
05-28 16:05:56.120 32371 1969 V IJKMEDIA: stream 1, sample 904, dts 20990839
05-28 16:05:56.120 32371 1969 V IJKMEDIA: stream 0, sample 635, dts 21133333
05-28 16:05:56.120 32371 1969 V IJKMEDIA: stream 1, sample 905, dts 21014059
05-28 16:05:56.120 32371 1969 V IJKMEDIA: stream 0, sample 635, dts 21133333
05-28 16:05:56.120 32371 1969 V IJKMEDIA: stream 1, sample 906, dts 21037279
05-28 16:05:56.120 32371 1969 V IJKMEDIA: stream 0, sample 635, dts 21133333
05-28 16:05:56.120 32371 1969 V IJKMEDIA: stream 1, sample 907, dts 21060499
05-28 16:05:56.120 32371 1969 V IJKMEDIA: stream 0, sample 635, dts 21133333
05-28 16:05:56.120 32371 1969 V IJKMEDIA: stream 1, sample 908, dts 21083719
05-28 16:05:56.120 32371 1969 V IJKMEDIA: stream 0, sample 635, dts 21133333
05-28 16:05:56.120 32371 1969 V IJKMEDIA: stream 1, sample 909, dts 21106939
05-28 16:05:56.120 32371 1969 V IJKMEDIA: stream 0, sample 635, dts 21133333
05-28 16:05:56.120 32371 1969 V IJKMEDIA: stream 1, sample 910, dts 21130159
05-28 16:05:56.120 32371 1969 V IJKMEDIA: stream 0, sample 635, dts 21133333
05-28 16:05:56.120 32371 1969 V IJKMEDIA: stream 1, sample 911, dts 21153379
05-28 16:05:56.120 32371 1969 V IJKMEDIA: stream 0, sample 636, dts 21166667
05-28 16:05:56.120 32371 1969 V IJKMEDIA: stream 1, sample 911, dts 21153379
05-28 16:05:56.120 32371 1969 V IJKMEDIA: stream 0, sample 637, dts 21200000
05-28 16:05:56.120 32371 1969 V IJKMEDIA: stream 1, sample 911, dts 21153379
05-28 16:05:56.120 32371 1969 V IJKMEDIA: stream 0, sample 638, dts 21233333
05-28 16:05:56.120 32371 1969 V IJKMEDIA: stream 1, sample 911, dts 21153379
05-28 16:05:56.120 32371 1969 V IJKMEDIA: stream 0, sample 639, dts 21266667
05-28 16:05:56.120 32371 1969 V IJKMEDIA: stream 1, sample 911, dts 21153379
05-28 16:05:56.120 32371 1969 V IJKMEDIA: stream 0, sample 640, dts 21300000
05-28 16:05:56.120 32371 1969 V IJKMEDIA: stream 1, sample 911, dts 21153379
05-28 16:05:56.120 32371 1969 V IJKMEDIA: stream 0, sample 641, dts 21333333
05-28 16:05:56.120 32371 1969 V IJKMEDIA: stream 1, sample 911, dts 21153379
05-28 16:05:56.120 32371 1969 V IJKMEDIA: stream 0, sample 642, dts 21366667
05-28 16:05:56.120 32371 1969 V IJKMEDIA: stream 1, sample 911, dts 21153379
05-28 16:05:56.120 32371 1969 V IJKMEDIA: stream 0, sample 643, dts 21400000
05-28 16:05:56.120 32371 1969 V IJKMEDIA: stream 1, sample 911, dts 21153379
05-28 16:05:56.120 32371 1969 V IJKMEDIA: stream 0, sample 644, dts 21433333
05-28 16:05:56.120 32371 1969 V IJKMEDIA: stream 1, sample 911, dts 21153379
05-28 16:05:56.120 32371 1969 V IJKMEDIA: stream 0, sample 645, dts 21466667
05-28 16:05:56.120 32371 1969 V IJKMEDIA: stream 1, sample 911, dts 21153379
05-28 16:05:56.120 32371 1969 V IJKMEDIA: stream 0, sample 646, dts 21500000
05-28 16:05:56.120 32371 1969 V IJKMEDIA: stream 1, sample 911, dts 21153379
05-28 16:05:56.120 32371 1969 V IJKMEDIA: stream 0, sample 647, dts 21533333
05-28 16:05:56.120 32371 1969 V IJKMEDIA: stream 1, sample 911, dts 21153379
05-28 16:05:56.120 32371 1969 V IJKMEDIA: stream 0, sample 648, dts 21566667
05-28 16:05:56.120 32371 1969 V IJKMEDIA: stream 1, sample 911, dts 21153379
05-28 16:05:56.120 32371 1969 V IJKMEDIA: stream 0, sample 649, dts 21600000
05-28 16:05:56.120 32371 1969 V IJKMEDIA: stream 1, sample 911, dts 21153379
05-28 16:05:56.120 32371 1969 V IJKMEDIA: stream 0, sample 649, dts 21600000
05-28 16:05:56.120 32371 1969 V IJKMEDIA: stream 1, sample 912, dts 21176599
05-28 16:05:56.120 32371 1969 V IJKMEDIA: stream 0, sample 649, dts 21600000
05-28 16:05:56.120 32371 1969 V IJKMEDIA: stream 1, sample 913, dts 21199819
05-28 16:05:56.120 32371 1969 V IJKMEDIA: stream 0, sample 649, dts 21600000
05-28 16:05:56.120 32371 1969 V IJKMEDIA: stream 1, sample 914, dts 21223039
05-28 16:05:56.121 32371 1969 V IJKMEDIA: stream 0, sample 649, dts 21600000
05-28 16:05:56.121 32371 1969 V IJKMEDIA: stream 1, sample 915, dts 21246259
05-28 16:05:56.121 32371 1969 V IJKMEDIA: stream 0, sample 649, dts 21600000
05-28 16:05:56.121 32371 1969 V IJKMEDIA: stream 1, sample 916, dts 21269478
05-28 16:05:56.121 32371 1969 V IJKMEDIA: stream 0, sample 649, dts 21600000
05-28 16:05:56.121 32371 1969 V IJKMEDIA: stream 1, sample 917, dts 21292698
05-28 16:05:56.121 32371 1969 V IJKMEDIA: stream 0, sample 649, dts 21600000
05-28 16:05:56.121 32371 1969 V IJKMEDIA: stream 1, sample 918, dts 21315918
05-28 16:05:56.121 32371 1969 V IJKMEDIA: stream 0, sample 649, dts 21600000
05-28 16:05:56.121 32371 1969 V IJKMEDIA: stream 1, sample 919, dts 21339138
05-28 16:05:56.121 32371 1969 V IJKMEDIA: stream 0, sample 649, dts 21600000
05-28 16:05:56.121 32371 1969 V IJKMEDIA: stream 1, sample 920, dts 21362358
05-28 16:05:56.121 32371 1969 V IJKMEDIA: stream 0, sample 649, dts 21600000
05-28 16:05:56.121 32371 1969 V IJKMEDIA: stream 1, sample 921, dts 21385578
05-28 16:05:56.121 32371 1969 V IJKMEDIA: stream 0, sample 649, dts 21600000
05-28 16:05:56.121 32371 1969 V IJKMEDIA: stream 1, sample 922, dts 21408798
05-28 16:05:56.121 32371 1969 V IJKMEDIA: stream 0, sample 649, dts 21600000
05-28 16:05:56.121 32371 1969 V IJKMEDIA: stream 1, sample 923, dts 21432018
05-28 16:05:56.121 32371 1969 V IJKMEDIA: stream 0, sample 649, dts 21600000
05-28 16:05:56.121 32371 1969 V IJKMEDIA: stream 1, sample 924, dts 21455238
05-28 16:05:56.121 32371 1969 V IJKMEDIA: stream 0, sample 649, dts 21600000
05-28 16:05:56.121 32371 1969 V IJKMEDIA: stream 1, sample 925, dts 21478458
05-28 16:05:56.121 32371 1969 V IJKMEDIA: stream 0, sample 649, dts 21600000
05-28 16:05:56.121 32371 1969 V IJKMEDIA: stream 1, sample 926, dts 21501678
05-28 16:05:56.121 32371 1969 V IJKMEDIA: stream 0, sample 649, dts 21600000
05-28 16:05:56.121 32371 1969 V IJKMEDIA: stream 1, sample 927, dts 21524898
05-28 16:05:56.121 32371 1969 V IJKMEDIA: stream 0, sample 649, dts 21600000
05-28 16:05:56.121 32371 1969 V IJKMEDIA: stream 1, sample 928, dts 21548118
05-28 16:05:56.121 32371 1969 V IJKMEDIA: stream 0, sample 649, dts 21600000
05-28 16:05:56.121 32371 1969 V IJKMEDIA: stream 1, sample 929, dts 21571338
05-28 16:05:56.121 32371 1969 V IJKMEDIA: stream 0, sample 649, dts 21600000
05-28 16:05:56.121 32371 1969 V IJKMEDIA: stream 1, sample 930, dts 21594558
05-28 16:05:56.121 32371 1969 V IJKMEDIA: stream 0, sample 649, dts 21600000
05-28 16:05:56.121 32371 1969 V IJKMEDIA: stream 1, sample 931, dts 21617778
05-28 16:05:56.121 32371 1969 V IJKMEDIA: stream 0, sample 650, dts 21633333
05-28 16:05:56.121 32371 1969 V IJKMEDIA: stream 1, sample 931, dts 21617778
05-28 16:05:56.121 32371 1969 V IJKMEDIA: stream 0, sample 651, dts 21666667
05-28 16:05:56.121 32371 1969 V IJKMEDIA: stream 1, sample 931, dts 21617778
05-28 16:05:56.121 32371 1969 V IJKMEDIA: stream 0, sample 652, dts 21700000
05-28 16:05:56.121 32371 1969 V IJKMEDIA: stream 1, sample 931, dts 21617778
05-28 16:05:56.121 32371 1969 V IJKMEDIA: stream 0, sample 653, dts 21733333
05-28 16:05:56.121 32371 1969 V IJKMEDIA: stream 1, sample 931, dts 21617778
05-28 16:05:56.121 32371 1969 V IJKMEDIA: stream 0, sample 654, dts 21766667
05-28 16:05:56.121 32371 1969 V IJKMEDIA: stream 1, sample 931, dts 21617778
05-28 16:05:56.121 32371 1969 V IJKMEDIA: stream 0, sample 655, dts 21800000
05-28 16:05:56.121 32371 1969 V IJKMEDIA: stream 1, sample 931, dts 21617778
05-28 16:05:56.121 32371 1969 V IJKMEDIA: stream 0, sample 656, dts 21833333
05-28 16:05:56.121 32371 1969 V IJKMEDIA: stream 1, sample 931, dts 21617778
05-28 16:05:56.121 32371 1969 V IJKMEDIA: stream 0, sample 657, dts 21866667
05-28 16:05:56.121 32371 1969 V IJKMEDIA: stream 1, sample 931, dts 21617778
05-28 16:05:56.121 32371 1969 V IJKMEDIA: stream 0, sample 658, dts 21900000
05-28 16:05:56.121 32371 1969 V IJKMEDIA: stream 1, sample 931, dts 21617778
05-28 16:05:56.121 32371 1969 V IJKMEDIA: stream 0, sample 659, dts 21933333
05-28 16:05:56.121 32371 1969 V IJKMEDIA: stream 1, sample 931, dts 21617778
05-28 16:05:56.121 32371 1969 V IJKMEDIA: stream 0, sample 660, dts 21966667
05-28 16:05:56.121 32371 1969 V IJKMEDIA: stream 1, sample 931, dts 21617778
05-28 16:05:56.121 32371 1969 V IJKMEDIA: stream 0, sample 661, dts 22000000
05-28 16:05:56.121 32371 1969 V IJKMEDIA: stream 1, sample 931, dts 21617778
05-28 16:05:56.121 32371 1969 V IJKMEDIA: stream 0, sample 662, dts 22033333
05-28 16:05:56.121 32371 1969 V IJKMEDIA: stream 1, sample 931, dts 21617778
05-28 16:05:56.121 32371 1969 V IJKMEDIA: stream 0, sample 663, dts 22066667
05-28 16:05:56.121 32371 1969 V IJKMEDIA: stream 1, sample 931, dts 21617778
05-28 16:05:56.121 32371 1969 V IJKMEDIA: stream 0, sample 663, dts 22066667
05-28 16:05:56.121 32371 1969 V IJKMEDIA: stream 1, sample 932, dts 21640998
05-28 16:05:56.121 32371 1969 V IJKMEDIA: stream 0, sample 663, dts 22066667
05-28 16:05:56.121 32371 1969 V IJKMEDIA: stream 1, sample 933, dts 21664218
05-28 16:05:56.121 32371 1969 V IJKMEDIA: stream 0, sample 663, dts 22066667
05-28 16:05:56.122 32371 1969 V IJKMEDIA: stream 1, sample 934, dts 21687438
05-28 16:05:56.122 32371 1969 V IJKMEDIA: stream 0, sample 663, dts 22066667
05-28 16:05:56.122 32371 1969 V IJKMEDIA: stream 1, sample 935, dts 21710658
05-28 16:05:56.122 32371 1969 V IJKMEDIA: stream 0, sample 663, dts 22066667
05-28 16:05:56.122 32371 1969 V IJKMEDIA: stream 1, sample 936, dts 21733878
05-28 16:05:56.122 32371 1969 V IJKMEDIA: stream 0, sample 663, dts 22066667
05-28 16:05:56.122 32371 1969 V IJKMEDIA: stream 1, sample 937, dts 21757098
05-28 16:05:56.122 32371 1969 V IJKMEDIA: stream 0, sample 663, dts 22066667
05-28 16:05:56.122 32371 1969 V IJKMEDIA: stream 1, sample 938, dts 21780317
05-28 16:05:56.122 32371 1969 V IJKMEDIA: stream 0, sample 663, dts 22066667
05-28 16:05:56.122 32371 1969 V IJKMEDIA: stream 1, sample 939, dts 21803537
05-28 16:05:56.122 32371 1969 V IJKMEDIA: stream 0, sample 663, dts 22066667
05-28 16:05:56.122 32371 1969 V IJKMEDIA: stream 1, sample 940, dts 21826757
05-28 16:05:56.122 32371 1969 V IJKMEDIA: stream 0, sample 663, dts 22066667
05-28 16:05:56.122 32371 1969 V IJKMEDIA: stream 1, sample 941, dts 21849977
05-28 16:05:56.122 32371 1971 I AudioTrack: AudioTrack::setVolume L:0.000000
R:0.000000 and the pakage is com.sosomod.freegame
05-28 16:05:56.122 32371 1969 V IJKMEDIA: stream 0, sample 663, dts 22066667
05-28 16:05:56.122 32371 1969 V IJKMEDIA: stream 1, sample 942, dts 21873197
05-28 16:05:56.122 32371 1969 V IJKMEDIA: stream 0, sample 663, dts 22066667
05-28 16:05:56.122 32371 1969 V IJKMEDIA: stream 1, sample 943, dts 21896417
05-28 16:05:56.122 32371 1969 V IJKMEDIA: stream 0, sample 663, dts 22066667
05-28 16:05:56.122 32371 1969 V IJKMEDIA: stream 1, sample 944, dts 21919637
05-28 16:05:56.122 32371 1971 D IJKMEDIA: Using fltp internally between filters
05-28 16:05:56.122 32371 1969 V IJKMEDIA: stream 0, sample 663, dts 22066667
05-28 16:05:56.122 32371 1969 V IJKMEDIA: stream 1, sample 945, dts 21942857
05-28 16:05:56.122 32371 1969 V IJKMEDIA: stream 0, sample 663, dts 22066667
05-28 16:05:56.122 32371 1969 V IJKMEDIA: stream 1, sample 946, dts 21966077
05-28 16:05:56.122 32371 1969 V IJKMEDIA: stream 0, sample 663, dts 22066667
05-28 16:05:56.122 32371 1969 V IJKMEDIA: stream 1, sample 947, dts 21989297
05-28 16:05:56.122 32371 1969 V IJKMEDIA: stream 0, sample 663, dts 22066667
05-28 16:05:56.122 32371 1971 D IJKMEDIA: avcodec/Audio: first frame decoded
05-28 16:05:56.122 32371 1969 V IJKMEDIA: stream 1, sample 948, dts 22012517
05-28 16:05:56.122 32371 1969 V IJKMEDIA: stream 0, sample 663, dts 22066667
05-28 16:05:56.122 32371 1969 V IJKMEDIA: stream 1, sample 949, dts 22035737
05-28 16:05:56.122 32371 1969 V IJKMEDIA: stream 0, sample 663, dts 22066667
