05-28 16:05:52.757 32371 553 W ResourceLoader: at
d.c.a.m.p.h.A(DecodeJob.java:7)
05-28 16:05:52.757 32371 553 W ResourceLoader: at
d.c.a.m.p.h.run(DecodeJob.java:7)
05-28 16:05:52.757 32371 553 W ResourceLoader: at
java.util.concurrent.ThreadPoolExecutor.runWorker(ThreadPoolExecutor.java:1137)
05-28 16:05:52.757 32371 553 W ResourceLoader: at
java.util.concurrent.ThreadPoolExecutor$Worker.run(ThreadPoolExecutor.java:637)
05-28 16:05:52.757 32371 553 W ResourceLoader: at
java.lang.Thread.run(Thread.java:1012)
05-28 16:05:52.757 32371 553 W ResourceLoader: at
d.c.a.m.p.c0.a$b$a.run(GlideExecutor.java:6)
05-28 16:05:52.757 32371 553 E osomod.freegam: No package ID ff found for ID
0xffffffff.
05-28 16:05:52.757 32371 553 W ResourceLoader: Received invalid resource id: -1
05-28 16:05:52.757 32371 553 W ResourceLoader:
android.content.res.Resources$NotFoundException: Unable to find resource ID
#0xffffffff
05-28 16:05:52.757 32371 553 W ResourceLoader: at
android.content.res.ResourcesImpl.getResourcePackageName(ResourcesImpl.java:292)
05-28 16:05:52.757 32371 553 W ResourceLoader: at
android.content.res.Resources.getResourcePackageName(Resources.java:2351)
05-28 16:05:52.757 32371 553 W ResourceLoader: at
d.c.a.m.q.s.d(ResourceLoader.java:2)
05-28 16:05:52.757 32371 553 W ResourceLoader: at
d.c.a.m.q.s.c(ResourceLoader.java:1)
05-28 16:05:52.757 32371 553 W ResourceLoader: at
d.c.a.m.q.s.b(ResourceLoader.java:1)
05-28 16:05:52.757 32371 553 W ResourceLoader: at
d.c.a.m.p.g.g(DecodeHelper.java:7)
05-28 16:05:52.757 32371 553 W ResourceLoader: at
d.c.a.m.p.g.c(DecodeHelper.java:4)
05-28 16:05:52.757 32371 553 W ResourceLoader: at
d.c.a.m.p.w.b(ResourceCacheGenerator.java:1)
05-28 16:05:52.757 32371 553 W ResourceLoader: at
d.c.a.m.p.h.y(DecodeJob.java:4)
05-28 16:05:52.757 32371 553 W ResourceLoader: at
d.c.a.m.p.h.A(DecodeJob.java:7)
05-28 16:05:52.757 32371 553 W ResourceLoader: at
d.c.a.m.p.h.run(DecodeJob.java:7)
05-28 16:05:52.757 32371 553 W ResourceLoader: at
java.util.concurrent.ThreadPoolExecutor.runWorker(ThreadPoolExecutor.java:1137)
05-28 16:05:52.757 32371 553 W ResourceLoader: at
java.util.concurrent.ThreadPoolExecutor$Worker.run(ThreadPoolExecutor.java:637)
05-28 16:05:52.757 32371 553 W ResourceLoader: at
java.lang.Thread.run(Thread.java:1012)
05-28 16:05:52.757 32371 553 W ResourceLoader: at
d.c.a.m.p.c0.a$b$a.run(GlideExecutor.java:6)
05-28 16:05:52.757 32371 553 E osomod.freegam: No package ID ff found for ID
0xffffffff.
05-28 16:05:52.757 32371 553 W ResourceLoader: Received invalid resource id: -1
05-28 16:05:52.757 32371 553 W ResourceLoader:
android.content.res.Resources$NotFoundException: Unable to find resource ID
#0xffffffff
05-28 16:05:52.757 32371 553 W ResourceLoader: at
android.content.res.ResourcesImpl.getResourcePackageName(ResourcesImpl.java:292)
05-28 16:05:52.757 32371 553 W ResourceLoader: at
android.content.res.Resources.getResourcePackageName(Resources.java:2351)
05-28 16:05:52.757 32371 553 W ResourceLoader: at
d.c.a.m.q.s.d(ResourceLoader.java:2)
05-28 16:05:52.757 32371 553 W ResourceLoader: at
d.c.a.m.q.s.c(ResourceLoader.java:1)
05-28 16:05:52.757 32371 553 W ResourceLoader: at
d.c.a.m.q.s.b(ResourceLoader.java:1)
05-28 16:05:52.757 32371 553 W ResourceLoader: at
d.c.a.m.p.g.g(DecodeHelper.java:7)
05-28 16:05:52.757 32371 553 W ResourceLoader: at
d.c.a.m.p.g.c(DecodeHelper.java:4)
05-28 16:05:52.757 32371 553 W ResourceLoader: at
d.c.a.m.p.w.b(ResourceCacheGenerator.java:1)
05-28 16:05:52.757 32371 553 W ResourceLoader: at
d.c.a.m.p.h.y(DecodeJob.java:4)
05-28 16:05:52.757 32371 553 W ResourceLoader: at
d.c.a.m.p.h.A(DecodeJob.java:7)
05-28 16:05:52.757 32371 553 W ResourceLoader: at
d.c.a.m.p.h.run(DecodeJob.java:7)
05-28 16:05:52.757 32371 553 W ResourceLoader: at
java.util.concurrent.ThreadPoolExecutor.runWorker(ThreadPoolExecutor.java:1137)
05-28 16:05:52.757 32371 553 W ResourceLoader: at
java.util.concurrent.ThreadPoolExecutor$Worker.run(ThreadPoolExecutor.java:637)
05-28 16:05:52.757 32371 553 W ResourceLoader: at
java.lang.Thread.run(Thread.java:1012)
05-28 16:05:52.757 32371 553 W ResourceLoader: at
d.c.a.m.p.c0.a$b$a.run(GlideExecutor.java:6)
05-28 16:05:52.758 32371 553 E osomod.freegam: No package ID ff found for ID
0xffffffff.
05-28 16:05:52.758 32371 553 W ResourceLoader: Received invalid resource id: -1
05-28 16:05:52.758 32371 553 W ResourceLoader:
android.content.res.Resources$NotFoundException: Unable to find resource ID
#0xffffffff
05-28 16:05:52.758 32371 553 W ResourceLoader: at
android.content.res.ResourcesImpl.getResourcePackageName(ResourcesImpl.java:292)
05-28 16:05:52.758 32371 553 W ResourceLoader: at
android.content.res.Resources.getResourcePackageName(Resources.java:2351)
05-28 16:05:52.758 32371 553 W ResourceLoader: at
d.c.a.m.q.s.d(ResourceLoader.java:2)
05-28 16:05:52.758 32371 553 W ResourceLoader: at
d.c.a.m.q.s.c(ResourceLoader.java:1)
05-28 16:05:52.758 32371 553 W ResourceLoader: at
d.c.a.m.q.s.b(ResourceLoader.java:1)
05-28 16:05:52.758 32371 553 W ResourceLoader: at
d.c.a.m.p.g.g(DecodeHelper.java:7)
05-28 16:05:52.758 32371 553 W ResourceLoader: at
d.c.a.m.p.g.c(DecodeHelper.java:4)
05-28 16:05:52.758 32371 553 W ResourceLoader: at
d.c.a.m.p.w.b(ResourceCacheGenerator.java:1)
05-28 16:05:52.758 32371 553 W ResourceLoader: at
d.c.a.m.p.h.y(DecodeJob.java:4)
05-28 16:05:52.758 32371 553 W ResourceLoader: at
d.c.a.m.p.h.A(DecodeJob.java:7)
05-28 16:05:52.758 32371 553 W ResourceLoader: at
d.c.a.m.p.h.run(DecodeJob.java:7)
05-28 16:05:52.758 32371 553 W ResourceLoader: at
java.util.concurrent.ThreadPoolExecutor.runWorker(ThreadPoolExecutor.java:1137)
05-28 16:05:52.758 32371 553 W ResourceLoader: at
java.util.concurrent.ThreadPoolExecutor$Worker.run(ThreadPoolExecutor.java:637)
05-28 16:05:52.758 32371 553 W ResourceLoader: at
java.lang.Thread.run(Thread.java:1012)
05-28 16:05:52.758 32371 553 W ResourceLoader: at
d.c.a.m.p.c0.a$b$a.run(GlideExecutor.java:6)
05-28 16:05:52.758 32371 553 E osomod.freegam: No package ID ff found for ID
0xffffffff.
05-28 16:05:52.758 32371 553 W ResourceLoader: Received invalid resource id: -1
05-28 16:05:52.758 32371 553 W ResourceLoader:
android.content.res.Resources$NotFoundException: Unable to find resource ID
#0xffffffff
05-28 16:05:52.758 32371 553 W ResourceLoader: at
android.content.res.ResourcesImpl.getResourcePackageName(ResourcesImpl.java:292)
05-28 16:05:52.758 32371 553 W ResourceLoader: at
android.content.res.Resources.getResourcePackageName(Resources.java:2351)
05-28 16:05:52.758 32371 553 W ResourceLoader: at
d.c.a.m.q.s.d(ResourceLoader.java:2)
05-28 16:05:52.758 32371 553 W ResourceLoader: at
d.c.a.m.q.s.c(ResourceLoader.java:1)
05-28 16:05:52.758 32371 553 W ResourceLoader: at
d.c.a.m.q.s.b(ResourceLoader.java:1)
05-28 16:05:52.758 32371 553 W ResourceLoader: at
d.c.a.m.p.g.g(DecodeHelper.java:7)
05-28 16:05:52.758 32371 553 W ResourceLoader: at
d.c.a.m.p.g.c(DecodeHelper.java:4)
05-28 16:05:52.758 32371 553 W ResourceLoader: at
d.c.a.m.p.w.b(ResourceCacheGenerator.java:1)
05-28 16:05:52.758 32371 553 W ResourceLoader: at
d.c.a.m.p.h.y(DecodeJob.java:4)
05-28 16:05:52.758 32371 553 W ResourceLoader: at
d.c.a.m.p.h.A(DecodeJob.java:7)
05-28 16:05:52.758 32371 553 W ResourceLoader: at
d.c.a.m.p.h.run(DecodeJob.java:7)
05-28 16:05:52.758 32371 553 W ResourceLoader: at
java.util.concurrent.ThreadPoolExecutor.runWorker(ThreadPoolExecutor.java:1137)
05-28 16:05:52.758 32371 553 W ResourceLoader: at
java.util.concurrent.ThreadPoolExecutor$Worker.run(ThreadPoolExecutor.java:637)
05-28 16:05:52.758 32371 553 W ResourceLoader: at
java.lang.Thread.run(Thread.java:1012)
05-28 16:05:52.758 32371 553 W ResourceLoader: at
d.c.a.m.p.c0.a$b$a.run(GlideExecutor.java:6)
05-28 16:05:52.758 32371 553 E osomod.freegam: No package ID ff found for ID
0xffffffff.
05-28 16:05:52.759 32371 553 W ResourceLoader: Received invalid resource id: -1
05-28 16:05:52.759 32371 553 W ResourceLoader:
android.content.res.Resources$NotFoundException: Unable to find resource ID
#0xffffffff
05-28 16:05:52.759 32371 553 W ResourceLoader: at
android.content.res.ResourcesImpl.getResourcePackageName(ResourcesImpl.java:292)
05-28 16:05:52.759 32371 553 W ResourceLoader: at
android.content.res.Resources.getResourcePackageName(Resources.java:2351)
05-28 16:05:52.759 32371 553 W ResourceLoader: at
d.c.a.m.q.s.d(ResourceLoader.java:2)
05-28 16:05:52.759 32371 553 W ResourceLoader: at
d.c.a.m.q.s.c(ResourceLoader.java:1)
05-28 16:05:52.759 32371 553 W ResourceLoader: at
d.c.a.m.q.s.b(ResourceLoader.java:1)
05-28 16:05:52.759 32371 553 W ResourceLoader: at
d.c.a.m.p.g.g(DecodeHelper.java:7)
05-28 16:05:52.759 32371 553 W ResourceLoader: at
d.c.a.m.p.g.c(DecodeHelper.java:4)
05-28 16:05:52.759 32371 553 W ResourceLoader: at
d.c.a.m.p.w.b(ResourceCacheGenerator.java:1)
05-28 16:05:52.759 32371 553 W ResourceLoader: at
d.c.a.m.p.h.y(DecodeJob.java:4)
05-28 16:05:52.759 32371 553 W ResourceLoader: at
d.c.a.m.p.h.A(DecodeJob.java:7)
05-28 16:05:52.759 32371 553 W ResourceLoader: at
d.c.a.m.p.h.run(DecodeJob.java:7)
05-28 16:05:52.759 32371 553 W ResourceLoader: at
java.util.concurrent.ThreadPoolExecutor.runWorker(ThreadPoolExecutor.java:1137)
05-28 16:05:52.759 32371 553 W ResourceLoader: at
java.util.concurrent.ThreadPoolExecutor$Worker.run(ThreadPoolExecutor.java:637)
05-28 16:05:52.759 32371 553 W ResourceLoader: at
java.lang.Thread.run(Thread.java:1012)
05-28 16:05:52.759 32371 553 W ResourceLoader: at
d.c.a.m.p.c0.a$b$a.run(GlideExecutor.java:6)
05-28 16:05:52.759 32371 553 E osomod.freegam: No package ID ff found for ID
0xffffffff.
05-28 16:05:52.759 32371 553 W ResourceLoader: Received invalid resource id: -1
05-28 16:05:52.759 32371 553 W ResourceLoader:
android.content.res.Resources$NotFoundException: Unable to find resource ID
#0xffffffff
05-28 16:05:52.759 32371 553 W ResourceLoader: at
android.content.res.ResourcesImpl.getResourcePackageName(ResourcesImpl.java:292)
05-28 16:05:52.759 32371 553 W ResourceLoader: at
android.content.res.Resources.getResourcePackageName(Resources.java:2351)
05-28 16:05:52.759 32371 553 W ResourceLoader: at
d.c.a.m.q.s.d(ResourceLoader.java:2)
05-28 16:05:52.759 32371 553 W ResourceLoader: at
d.c.a.m.q.s.c(ResourceLoader.java:1)
05-28 16:05:52.759 32371 553 W ResourceLoader: at
d.c.a.m.q.s.b(ResourceLoader.java:1)
05-28 16:05:52.759 32371 553 W ResourceLoader: at
d.c.a.m.p.g.g(DecodeHelper.java:7)
05-28 16:05:52.759 32371 553 W ResourceLoader: at
d.c.a.m.p.g.c(DecodeHelper.java:4)
05-28 16:05:52.759 32371 553 W ResourceLoader: at
d.c.a.m.p.w.b(ResourceCacheGenerator.java:1)
05-28 16:05:52.759 32371 553 W ResourceLoader: at
d.c.a.m.p.h.y(DecodeJob.java:4)
05-28 16:05:52.759 32371 553 W ResourceLoader: at
d.c.a.m.p.h.A(DecodeJob.java:7)
05-28 16:05:52.759 32371 553 W ResourceLoader: at
d.c.a.m.p.h.run(DecodeJob.java:7)
05-28 16:05:52.759 32371 553 W ResourceLoader: at
java.util.concurrent.ThreadPoolExecutor.runWorker(ThreadPoolExecutor.java:1137)
05-28 16:05:52.759 32371 553 W ResourceLoader: at
java.util.concurrent.ThreadPoolExecutor$Worker.run(ThreadPoolExecutor.java:637)
05-28 16:05:52.759 32371 553 W ResourceLoader: at
java.lang.Thread.run(Thread.java:1012)
05-28 16:05:52.759 32371 553 W ResourceLoader: at
d.c.a.m.p.c0.a$b$a.run(GlideExecutor.java:6)
05-28 16:05:52.759 32371 553 E osomod.freegam: No package ID ff found for ID
0xffffffff.
05-28 16:05:52.759 32371 553 W ResourceLoader: Received invalid resource id: -1
05-28 16:05:52.759 32371 553 W ResourceLoader:
android.content.res.Resources$NotFoundException: Unable to find resource ID
#0xffffffff
05-28 16:05:52.759 32371 553 W ResourceLoader: at
android.content.res.ResourcesImpl.getResourcePackageName(ResourcesImpl.java:292)
05-28 16:05:52.759 32371 553 W ResourceLoader: at
android.content.res.Resources.getResourcePackageName(Resources.java:2351)
05-28 16:05:52.759 32371 553 W ResourceLoader: at
d.c.a.m.q.s.d(ResourceLoader.java:2)
05-28 16:05:52.759 32371 553 W ResourceLoader: at
d.c.a.m.q.s.c(ResourceLoader.java:1)
05-28 16:05:52.759 32371 553 W ResourceLoader: at
d.c.a.m.q.s.b(ResourceLoader.java:1)
05-28 16:05:52.759 32371 553 W ResourceLoader: at
d.c.a.m.p.g.g(DecodeHelper.java:7)
05-28 16:05:52.759 32371 553 W ResourceLoader: at
d.c.a.m.p.g.c(DecodeHelper.java:4)
05-28 16:05:52.759 32371 553 W ResourceLoader: at
d.c.a.m.p.w.b(ResourceCacheGenerator.java:1)
05-28 16:05:52.759 32371 553 W ResourceLoader: at
d.c.a.m.p.h.y(DecodeJob.java:4)
05-28 16:05:52.759 32371 553 W ResourceLoader: at
d.c.a.m.p.h.A(DecodeJob.java:7)
05-28 16:05:52.759 32371 553 W ResourceLoader: at
d.c.a.m.p.h.run(DecodeJob.java:7)
05-28 16:05:52.759 32371 553 W ResourceLoader: at
java.util.concurrent.ThreadPoolExecutor.runWorker(ThreadPoolExecutor.java:1137)
05-28 16:05:52.759 32371 553 W ResourceLoader: at
java.util.concurrent.ThreadPoolExecutor$Worker.run(ThreadPoolExecutor.java:637)
05-28 16:05:52.759 32371 553 W ResourceLoader: at
java.lang.Thread.run(Thread.java:1012)
05-28 16:05:52.759 32371 553 W ResourceLoader: at
d.c.a.m.p.c0.a$b$a.run(GlideExecutor.java:6)
05-28 16:05:52.778 32371 32371 W RecyclerView: No adapter attached; skipping layout
05-28 16:05:52.795 32371 32371 D DecorView[]: onWindowFocusChanged hasWindowFocus
false
05-28 16:05:52.796 32371 32371 W Glide : Load failed for null with size [0x0]
05-28 16:05:52.796 32371 32371 W Glide : class d.c.a.m.p.q: Received null model
05-28 16:05:52.799 32371 32371 W Glide : Load failed for -1 with size [206x206]
05-28 16:05:52.799 32371 32371 W Glide : class d.c.a.m.p.q: Failed to load
resource
05-28 16:05:52.799 32371 32371 W Glide : Load failed for -1 with size [83x83]
05-28 16:05:52.799 32371 32371 W Glide : class d.c.a.m.p.q: Failed to load
resource
05-28 16:05:52.809 32371 32400 D BLASTBufferQueue: releaseBufferCallback
ReleaseCallbackId: bufferId:139032386338982 framenumber:1
05-28 16:05:52.815 32371 32371 D DecorView[]: onWindowFocusChanged hasWindowFocus
true
05-28 16:05:52.816 32371 32371 I HandWritingStubImpl: refreshLastKeyboardType: 1
05-28 16:05:52.816 32371 32371 I HandWritingStubImpl: getCurrentKeyboardType: 1
05-28 16:05:52.817 32371 32400 D BLASTBufferQueue: releaseBufferCallback
ReleaseCallbackId: bufferId:139032386338981 framenumber:2
05-28 16:05:52.825 32371 32400 D BLASTBufferQueue: releaseBufferCallback
ReleaseCallbackId: bufferId:139032386338980 framenumber:3
05-28 16:05:53.123 32371 32371 E ThemeUtils: View class
androidx.appcompat.widget.AppCompatTextView is an AppCompat widget that can only be
used with a Theme.AppCompat theme (or descendant).
05-28 16:05:53.124 32371 32371 E ThemeUtils: View class
androidx.appcompat.widget.AppCompatTextView is an AppCompat widget that can only be
used with a Theme.AppCompat theme (or descendant).
05-28 16:05:53.128 32371 32371 E ThemeUtils: View class
androidx.appcompat.widget.AppCompatTextView is an AppCompat widget that can only be
used with a Theme.AppCompat theme (or descendant).
05-28 16:05:53.128 32371 32371 E ThemeUtils: View class
androidx.appcompat.widget.AppCompatTextView is an AppCompat widget that can only be
used with a Theme.AppCompat theme (or descendant).
05-28 16:05:53.277 32371 32389 D BLASTBufferQueue: releaseBufferCallback
ReleaseCallbackId: bufferId:139032386338978 framenumber:37
05-28 16:05:53.319 32371 32389 D BLASTBufferQueue: releaseBufferCallback
ReleaseCallbackId: bufferId:139032386338977 framenumber:38
05-28 16:05:53.601 32371 32383 W System : A resource failed to call destroy.
05-28 16:05:53.601 32371 32383 W System : A resource failed to call destroy.
05-28 16:05:53.601 32371 32383 W System : A resource failed to call destroy.
05-28 16:05:53.608 32371 32371 I Choreographer: Skipped 31 frames! The application
may be doing too much work on its main thread.
05-28 16:05:53.777 32371 32371 W AudioManager: Use of stream types is deprecated
for operations other than volume control
05-28 16:05:53.777 32371 32371 W AudioManager: See the documentation of
requestAudioFocus() for what to use instead with android.media.AudioAttributes to
qualify your playback use case
05-28 16:05:53.829 32371 32371 D J4A : J4ALoader: OK:
'android.os.Build$VERSION' loaded
05-28 16:05:53.829 32371 32371 D J4A : J4ALoader: OK: 'android.os.Build' loaded
05-28 16:05:53.829 32371 32371 D J4A : J4ALoader: OK: 'java.nio.Buffer' loaded
05-28 16:05:53.829 32371 32371 D J4A : J4ALoader: OK: 'java.nio.ByteBuffer'
loaded
05-28 16:05:53.829 32371 32371 D J4A : J4ALoader: OK: 'java.util.ArrayList'
loaded
05-28 16:05:53.829 32371 32371 I J4A : API-Level: 31
05-28 16:05:53.829 32371 32371 D J4A : J4ALoader: OK:
'android.media.AudioTrack' loaded
05-28 16:05:53.829 32371 32371 D J4A : J4ALoader: OK:
'android.media.MediaCodec$BufferInfo' loaded
05-28 16:05:53.829 32371 32371 D J4A : J4ALoader: OK:
'android.media.MediaCodec' loaded
05-28 16:05:53.829 32371 32371 D J4A : J4ALoader: OK:
'android.media.MediaFormat' loaded
05-28 16:05:53.829 32371 32371 D J4A : J4ALoader: OK:
'android.media.PlaybackParams' loaded
05-28 16:05:53.829 32371 32371 D J4A : J4ALoader: OK: 'android.os.Bundle'
loaded
05-28 16:05:53.829 32371 32371 D J4A : J4ALoader: OK:
'tv.danmaku.ijk.media.player.misc.IMediaDataSource' loaded
05-28 16:05:53.829 32371 32371 D J4A : J4ALoader: OK:
'tv.danmaku.ijk.media.player.misc.IAndroidIO' loaded
05-28 16:05:53.829 32371 32371 D J4A : J4ALoader: OK:
'tv.danmaku.ijk.media.player.IjkMediaPlayer' loaded
05-28 16:05:53.833 32371 32371 D IJKMEDIA: ijkmediaplayer version : k0.8.8-32-
ge99d640e
05-28 16:05:53.851 32371 32371 D IJKMEDIA: IjkMediaPlayer_native_init
05-28 16:05:53.851 32371 32371 D IJKMEDIA: IjkMediaPlayer_native_setup
05-28 16:05:53.851 32371 32371 I IJKMEDIA: av_version_info: ff4.0--ijk0.8.8--
20210205--001
05-28 16:05:53.851 32371 32371 I IJKMEDIA: ijk_version_info: k0.8.8-32-ge99d640e
05-28 16:05:53.852 32371 32371 D IJKMEDIA: ffpipeline_create_from_android()
05-28 16:05:53.852 32371 32371 D IJKMEDIA: ijkmp_set_inject_opaque(0x57ce)
05-28 16:05:53.852 32371 32371 D IJKMEDIA: ijkmp_set_inject_opaque()=void
05-28 16:05:53.852 32371 32371 D IJKMEDIA: ijkmp_set_ijkio_inject_opaque(0x57ce)
05-28 16:05:53.852 32371 32371 D IJKMEDIA: ijkmp_set_ijkio_inject_opaque()=void
05-28 16:05:53.852 32371 32371 D IJKMEDIA:
ijkmp_android_set_mediacodec_select_callback()
05-28 16:05:53.852 32371 32371 D IJKMEDIA:
ffpipeline_set_mediacodec_select_callback
05-28 16:05:53.852 32371 32371 D IJKMEDIA:
ijkmp_android_set_mediacodec_select_callback()=void
05-28 16:05:53.867 32371 1812 E HttpProxyCacheDebuger: ****** injectCustomHeaders
****** :0
05-28 16:05:53.874 32371 1812 I HttpProxyCacheDebuger: Ping response: `ping ok`,
pinged? true
05-28 16:05:53.875 32371 1813 I HttpProxyCacheDebuger: Opened connections: 0
05-28 16:05:53.875 32371 32371 I HttpProxyCacheDebuger: Proxy cache server started.
Is it alive? true
05-28 16:05:53.879 32371 32371 D IJKMEDIA: IjkMediaPlayer_setDataSourceAndHeaders
05-28 16:05:53.879 32371 32371 V IJKMEDIA: setDataSource: path
/data/user/0/com.sosomod.freegame/cache/video-cache/98ddbd5d872080a5394b3702d3d3961
f.mp4
05-28 16:05:53.879 32371 32371 D IJKMEDIA:
ijkmp_set_data_source(url="/data/user/0/com.sosomod.freegame/cache/video-cache/
98ddbd5d872080a5394b3702d3d3961f.mp4")
05-28 16:05:53.879 32371 32371 D IJKMEDIA:
ijkmp_set_data_source(url="/data/user/0/com.sosomod.freegame/cache/video-cache/
98ddbd5d872080a5394b3702d3d3961f.mp4")=0
05-28 16:05:53.879 32371 32371 D IJKMEDIA: IjkMediaPlayer_setOptionLong
05-28 16:05:53.879 32371 32371 D IJKMEDIA: IjkMediaPlayer_setLoopCount
05-28 16:05:53.879 32371 32371 D IJKMEDIA: IjkMediaPlayer_native_setLogLevel(1)
05-28 16:05:53.879 32371 32371 D IJKMEDIA: moncleanup
05-28 16:05:53.879 32371 32371 D IJKMEDIA: IjkMediaPlayer_setVolume
05-28 16:05:53.879 32371 32371 D IJKMEDIA: ijkmp_android_set_volume(0.000000,
0.000000)
05-28 16:05:53.879 32371 32371 D IJKMEDIA: ffpipeline_set_volume
05-28 16:05:53.879 32371 32371 D IJKMEDIA: ijkmp_android_set_volume(0.000000,
0.000000)=void
05-28 16:05:53.880 32371 32371 W tv.danmaku.ijk.media.player.IjkMediaPlayer:
setScreenOnWhilePlaying(true) is ineffective without a SurfaceHolder
05-28 16:05:53.880 32371 32371 D IJKMEDIA: IjkMediaPlayer_prepareAsync
05-28 16:05:53.880 32371 32371 D IJKMEDIA: ijkmp_prepare_async()
05-28 16:05:53.880 32371 32371 I IJKMEDIA: ===== versions =====
05-28 16:05:53.880 32371 32371 I IJKMEDIA: ijkplayer : k0.8.8-32-ge99d640e
05-28 16:05:53.880 32371 32371 I IJKMEDIA: FFmpeg : ff4.0--ijk0.8.8--
20210205--001
05-28 16:05:53.880 32371 32371 I IJKMEDIA: libavutil : 56.14.100
05-28 16:05:53.880 32371 32371 I IJKMEDIA: libavcodec : 58.18.100
05-28 16:05:53.880 32371 32371 I IJKMEDIA: libavformat : 58.12.100
05-28 16:05:53.880 32371 1815 I IJKMEDIA: SDL_RunThread: [1815] ff_msg_loop
05-28 16:05:53.880 32371 32371 I IJKMEDIA: libswscale : 5.1.100
05-28 16:05:53.880 32371 1815 D IJKMEDIA: message_loop
05-28 16:05:53.880 32371 32371 I IJKMEDIA: libswresample: 3.1.100
05-28 16:05:53.881 32371 32371 I IJKMEDIA: ===== options =====
05-28 16:05:53.881 32371 32371 I IJKMEDIA: player-opts : loop
= 1
05-28 16:05:53.881 32371 32371 I IJKMEDIA: format-opts : ijkapplication
= 0x9f5fe630
05-28 16:05:53.881 32371 32371 I IJKMEDIA: format-opts : ijkiomanager
= 0x96b3d180
05-28 16:05:53.881 32371 32371 I IJKMEDIA: ===================
05-28 16:05:53.881 32371 1815 D IJKMEDIA: FFP_MSG_FLUSH:
05-28 16:05:53.882 32371 32371 D IJKMEDIA: ijkmp_prepare_async()=0
05-28 16:05:53.882 32371 1825 I IJKMEDIA: SDL_RunThread: [1825] ff_read
05-28 16:05:53.882 32371 1823 I IJKMEDIA: SDL_RunThread: [1823] ff_vout
05-28 16:05:53.882 32371 1825 D IJKMEDIA: Opening
'/data/user/0/com.sosomod.freegame/cache/video-cache/98ddbd5d872080a5394b3702d3d396
1f.mp4' for reading
05-28 16:05:53.882 32371 1825 D IJKMEDIA: Setting default whitelist 'file,crypto'
05-28 16:05:53.883 32371 1825 V IJKMEDIA: Probing mov,mp4,m4a,3gp,3g2,mj2
score:100 size:2048
05-28 16:05:53.883 32371 1825 D IJKMEDIA: Format mov,mp4,m4a,3gp,3g2,mj2 probed
with size=2048 and score=100
05-28 16:05:53.884 32371 1825 V IJKMEDIA: type:'ftyp' parent:'root' sz: 24 8
9531341
05-28 16:05:53.884 32371 1825 D IJKMEDIA: ISO: File Type Major Brand: mp42
05-28 16:05:53.884 32371 1825 V IJKMEDIA: type:'moov' parent:'root' sz: 19948 32
9531341
05-28 16:05:53.884 32371 1825 V IJKMEDIA: type:'mvhd' parent:'moov' sz: 108 8
19940
05-28 16:05:53.884 32371 1825 V IJKMEDIA: time scale = 15360
05-28 16:05:53.884 32371 1825 V IJKMEDIA: type:'trak' parent:'moov' sz: 12381 116
19940
05-28 16:05:53.884 32371 1825 V IJKMEDIA: type:'tkhd' parent:'trak' sz: 92 8 12373
05-28 16:05:53.884 32371 1825 V IJKMEDIA: type:'edts' parent:'trak' sz: 36 100
12373
05-28 16:05:53.885 32371 1825 V IJKMEDIA: type:'elst' parent:'edts' sz: 28 8 28
05-28 16:05:53.885 32371 1825 V IJKMEDIA: track[0].edit_count = 1
05-28 16:05:53.885 32371 1825 V IJKMEDIA: duration=578560 time=512 rate=1.000000
05-28 16:05:53.885 32371 1825 V IJKMEDIA: type:'mdia' parent:'trak' sz: 12245 136
12373
05-28 16:05:53.885 32371 1825 V IJKMEDIA: type:'mdhd' parent:'mdia' sz: 32 8 12237
05-28 16:05:53.885 32371 1825 V IJKMEDIA: type:'hdlr' parent:'mdia' sz: 95 40
12237
05-28 16:05:53.885 32371 1825 V IJKMEDIA: ctype=[0][0][0][0]
05-28 16:05:53.885 32371 1825 V IJKMEDIA: stype=vide
05-28 16:05:53.885 32371 1825 V IJKMEDIA: type:'minf' parent:'mdia' sz: 12110 135
12237
05-28 16:05:53.885 32371 1825 V IJKMEDIA: type:'dinf' parent:'minf' sz: 36 8 12102
05-28 16:05:53.885 32371 1825 V IJKMEDIA: type:'dref' parent:'dinf' sz: 28 8 28
05-28 16:05:53.885 32371 1825 D IJKMEDIA: Unknown dref type 0x206c7275 size 12
05-28 16:05:53.885 32371 1825 V IJKMEDIA: type:'stbl' parent:'minf' sz: 12046 44
12102
05-28 16:05:53.885 32371 1825 V IJKMEDIA: type:'stsd' parent:'stbl' sz: 154 8
12038
05-28 16:05:53.885 32371 1825 V IJKMEDIA: size=138 4CC=avc1 codec_type=0
05-28 16:05:53.885 32371 1825 V IJKMEDIA: type:'avcC' parent:'stsd' sz: 52 8 52
05-28 16:05:53.885 32371 1825 V IJKMEDIA: type:'stts' parent:'stbl' sz: 24 162
12038
05-28 16:05:53.885 32371 1825 V IJKMEDIA: track[0].stts.entries = 1
05-28 16:05:53.885 32371 1825 V IJKMEDIA: sample_count=1130, sample_duration=512
05-28 16:05:53.885 32371 1825 V IJKMEDIA: type:'stsc' parent:'stbl' sz: 64 186
12038
05-28 16:05:53.885 32371 1825 V IJKMEDIA: track[0].stsc.entries = 4
05-28 16:05:53.885 32371 1825 V IJKMEDIA: type:'stco' parent:'stbl' sz: 340 250
12038
05-28 16:05:53.885 32371 1825 V IJKMEDIA: type:'stsz' parent:'stbl' sz: 4540 590
12038
05-28 16:05:53.885 32371 1825 V IJKMEDIA: sample_size = 0 sample_count = 1130
05-28 16:05:53.885 32371 1825 V IJKMEDIA: type:'stss' parent:'stbl' sz: 44 5130
12038
05-28 16:05:53.885 32371 1825 V IJKMEDIA: keyframe_count = 7
05-28 16:05:53.885 32371 1825 V IJKMEDIA: type:'ctts' parent:'stbl' sz: 6872 5174
12038
05-28 16:05:53.885 32371 1825 V IJKMEDIA: track[0].ctts.entries = 857
05-28 16:05:53.885 32371 1825 V IJKMEDIA: count=7, duration=512
05-28 16:05:53.885 32371 1825 V IJKMEDIA: count=1, duration=1536
05-28 16:05:53.885 32371 1825 V IJKMEDIA: count=2, duration=0
05-28 16:05:53.885 32371 1825 V IJKMEDIA: count=1, duration=1536
05-28 16:05:53.885 32371 1825 V IJKMEDIA: count=2, duration=0
05-28 16:05:53.885 32371 1825 V IJKMEDIA: count=1, duration=1536
05-28 16:05:53.885 32371 1825 V IJKMEDIA: count=2, duration=0
05-28 16:05:53.885 32371 1825 V IJKMEDIA: count=4, duration=512
05-28 16:05:53.885 32371 1825 V IJKMEDIA: count=1, duration=1024
05-28 16:05:53.885 32371 1825 V IJKMEDIA: count=1, duration=0
05-28 16:05:53.885 32371 1825 V IJKMEDIA: count=6, duration=512
05-28 16:05:53.885 32371 1825 V IJKMEDIA: count=1, duration=1024
05-28 16:05:53.885 32371 1825 V IJKMEDIA: count=1, duration=0
05-28 16:05:53.885 32371 1825 V IJKMEDIA: count=1, duration=1536
05-28 16:05:53.885 32371 1825 V IJKMEDIA: count=2, duration=0
05-28 16:05:53.885 32371 1825 V IJKMEDIA: count=1, duration=1536
05-28 16:05:53.885 32371 1825 V IJKMEDIA: count=2, duration=0
05-28 16:05:53.885 32371 1825 V IJKMEDIA: count=1, duration=1024
05-28 16:05:53.885 32371 1825 V IJKMEDIA: count=1, duration=0
05-28 16:05:53.885 32371 1825 V IJKMEDIA: count=1, duration=1536
05-28 16:05:53.885 32371 1825 V IJKMEDIA: count=2, duration=0
05-28 16:05:53.885 32371 1825 V IJKMEDIA: count=1, duration=1536
05-28 16:05:53.885 32371 1825 V IJKMEDIA: count=2, duration=0
05-28 16:05:53.885 32371 1825 V IJKMEDIA: count=1, duration=1536
05-28 16:05:53.885 32371 1825 V IJKMEDIA: count=2, duration=0
05-28 16:05:53.885 32371 1825 V IJKMEDIA: count=1, duration=1536
05-28 16:05:53.885 32371 1825 V IJKMEDIA: count=2, duration=0
05-28 16:05:53.885 32371 1825 V IJKMEDIA: count=1, duration=1536
05-28 16:05:53.885 32371 1825 V IJKMEDIA: count=2, duration=0
05-28 16:05:53.885 32371 1825 V IJKMEDIA: count=1, duration=1024
05-28 16:05:53.885 32371 1825 V IJKMEDIA: count=1, duration=0
05-28 16:05:53.885 32371 1825 V IJKMEDIA: count=1, duration=512
05-28 16:05:53.885 32371 1825 V IJKMEDIA: count=1, duration=1024
05-28 16:05:53.885 32371 1825 V IJKMEDIA: count=1, duration=0
05-28 16:05:53.885 32371 1825 V IJKMEDIA: count=1, duration=1024
05-28 16:05:53.885 32371 1825 V IJKMEDIA: count=1, duration=0
05-28 16:05:53.885 32371 1825 V IJKMEDIA: count=1, duration=1536
05-28 16:05:53.885 32371 1825 V IJKMEDIA: count=2, duration=0
05-28 16:05:53.885 32371 1825 V IJKMEDIA: count=1, duration=1536
05-28 16:05:53.885 32371 1825 V IJKMEDIA: count=2, duration=0
05-28 16:05:53.885 32371 1825 V IJKMEDIA: count=1, duration=1024
05-28 16:05:53.885 32371 1825 V IJKMEDIA: count=1, duration=0
05-28 16:05:53.885 32371 1825 V IJKMEDIA: count=1, duration=1536
05-28 16:05:53.885 32371 1825 V IJKMEDIA: count=2, duration=0
05-28 16:05:53.885 32371 1825 V IJKMEDIA: count=1, duration=1536
05-28 16:05:53.885 32371 1825 V IJKMEDIA: count=2, duration=0
05-28 16:05:53.885 32371 1825 V IJKMEDIA: count=1, duration=1536
05-28 16:05:53.885 32371 1825 V IJKMEDIA: count=2, duration=0
05-28 16:05:53.885 32371 1825 V IJKMEDIA: count=1, duration=1024
05-28 16:05:53.885 32371 1825 V IJKMEDIA: count=1, duration=0
05-28 16:05:53.885 32371 1825 V IJKMEDIA: count=1, duration=1024
05-28 16:05:53.885 32371 1825 V IJKMEDIA: count=1, duration=0
05-28 16:05:53.885 32371 1825 V IJKMEDIA: count=1, duration=1024
05-28 16:05:53.885 32371 1825 V IJKMEDIA: count=1, duration=0
05-28 16:05:53.885 32371 1825 V IJKMEDIA: count=1, duration=512
05-28 16:05:53.885 32371 1825 V IJKMEDIA: count=1, duration=1536
05-28 16:05:53.885 32371 1825 V IJKMEDIA: count=2, duration=0
05-28 16:05:53.885 32371 1825 V IJKMEDIA: count=1, duration=1536
05-28 16:05:53.885 32371 1825 V IJKMEDIA: count=2, duration=0
05-28 16:05:53.885 32371 1825 V IJKMEDIA: count=1, duration=1536
05-28 16:05:53.885 32371 1825 V IJKMEDIA: count=2, duration=0
05-28 16:05:53.885 32371 1825 V IJKMEDIA: count=1, duration=1024
05-28 16:05:53.885 32371 1825 V IJKMEDIA: count=1, duration=0
05-28 16:05:53.885 32371 1825 V IJKMEDIA: count=1, duration=1024
05-28 16:05:53.885 32371 1825 V IJKMEDIA: count=1, duration=0
05-28 16:05:53.885 32371 1825 V IJKMEDIA: count=1, duration=1536
05-28 16:05:53.885 32371 1825 V IJKMEDIA: count=2, duration=0
05-28 16:05:53.885 32371 1825 V IJKMEDIA: count=1, duration=1024
05-28 16:05:53.885 32371 1825 V IJKMEDIA: count=1, duration=0
05-28 16:05:53.885 32371 1825 V IJKMEDIA: count=1, duration=1536
05-28 16:05:53.885 32371 1825 V IJKMEDIA: count=2, duration=0
05-28 16:05:53.885 32371 1825 V IJKMEDIA: count=1, duration=1536
05-28 16:05:53.885 32371 1825 V IJKMEDIA: count=2, duration=0
05-28 16:05:53.885 32371 1825 V IJKMEDIA: count=1, duration=1024
05-28 16:05:53.885 32371 1825 V IJKMEDIA: count=1, duration=0
05-28 16:05:53.885 32371 1825 V IJKMEDIA: count=1, duration=1536
05-28 16:05:53.886 32371 1825 V IJKMEDIA: count=2, duration=0
05-28 16:05:53.886 32371 1825 V IJKMEDIA: count=1, duration=1024
05-28 16:05:53.886 32371 1825 V IJKMEDIA: count=1, duration=0
05-28 16:05:53.886 32371 1825 V IJKMEDIA: count=1, duration=512
05-28 16:05:53.886 32371 1825 V IJKMEDIA: count=1, duration=1024
05-28 16:05:53.886 32371 1825 V IJKMEDIA: count=1, duration=0
05-28 16:05:53.886 32371 1825 V IJKMEDIA: count=1, duration=1024
05-28 16:05:53.886 32371 1825 V IJKMEDIA: count=1, duration=0
05-28 16:05:53.886 32371 1825 V IJKMEDIA: count=1, duration=1024
05-28 16:05:53.886 32371 1825 V IJKMEDIA: count=1, duration=0
05-28 16:05:53.886 32371 1825 V IJKMEDIA: count=1, duration=1024
05-28 16:05:53.886 32371 1825 V IJKMEDIA: count=1, duration=0
05-28 16:05:53.886 32371 1825 V IJKMEDIA: count=1, duration=1024
05-28 16:05:53.886 32371 1825 V IJKMEDIA: count=1, duration=0
05-28 16:05:53.886 32371 1825 V IJKMEDIA: count=1, duration=1536
05-28 16:05:53.886 32371 1825 V IJKMEDIA: count=2, duration=0
05-28 16:05:53.886 32371 1825 V IJKMEDIA: count=1, duration=1024
05-28 16:05:53.886 32371 1825 V IJKMEDIA: count=1, duration=0
05-28 16:05:53.886 32371 1825 V IJKMEDIA: count=1, duration=1536
05-28 16:05:53.886 32371 1825 V IJKMEDIA: count=2, duration=0
05-28 16:05:53.886 32371 1825 V IJKMEDIA: count=1, duration=1536
05-28 16:05:53.886 32371 1825 V IJKMEDIA: count=2, duration=0
05-28 16:05:53.886 32371 1825 V IJKMEDIA: count=1, duration=1024
05-28 16:05:53.886 32371 1825 V IJKMEDIA: count=1, duration=0
05-28 16:05:53.886 32371 1825 V IJKMEDIA: count=1, duration=1536
05-28 16:05:53.886 32371 1825 V IJKMEDIA: count=2, duration=0
05-28 16:05:53.886 32371 1825 V IJKMEDIA: count=1, duration=1536
05-28 16:05:53.886 32371 1825 V IJKMEDIA: count=2, duration=0
05-28 16:05:53.886 32371 1825 V IJKMEDIA: count=1, duration=1536
05-28 16:05:53.886 32371 1825 V IJKMEDIA: count=2, duration=0
05-28 16:05:53.886 32371 1825 V IJKMEDIA: count=1, duration=1024
05-28 16:05:53.886 32371 1825 V IJKMEDIA: count=1, duration=0
05-28 16:05:53.886 32371 1825 V IJKMEDIA: count=1, duration=1536
05-28 16:05:53.886 32371 1825 V IJKMEDIA: count=2, duration=0
05-28 16:05:53.886 32371 1825 V IJKMEDIA: count=1, duration=1536
05-28 16:05:53.886 32371 1825 V IJKMEDIA: count=2, duration=0
05-28 16:05:53.886 32371 1825 V IJKMEDIA: count=1, duration=1536
05-28 16:05:53.886 32371 1825 V IJKMEDIA: count=2, duration=0
05-28 16:05:53.886 32371 1825 V IJKMEDIA: count=1, duration=1024
05-28 16:05:53.886 32371 1825 V IJKMEDIA: count=1, duration=0
05-28 16:05:53.886 32371 1825 V IJKMEDIA: count=1, duration=1024
05-28 16:05:53.886 32371 1825 V IJKMEDIA: count=1, duration=0
05-28 16:05:53.886 32371 1825 V IJKMEDIA: count=1, duration=1536
05-28 16:05:53.886 32371 1825 V IJKMEDIA: count=2, duration=0
05-28 16:05:53.886 32371 1825 V IJKMEDIA: count=1, duration=1024
05-28 16:05:53.886 32371 1825 V IJKMEDIA: count=1, duration=0
05-28 16:05:53.886 32371 1825 V IJKMEDIA: count=1, duration=1536
05-28 16:05:53.886 32371 1825 V IJKMEDIA: count=2, duration=0
05-28 16:05:53.886 32371 1825 V IJKMEDIA: count=1, duration=1024
05-28 16:05:53.886 32371 1825 V IJKMEDIA: count=1, duration=0
05-28 16:05:53.886 32371 1825 V IJKMEDIA: count=1, duration=1024
05-28 16:05:53.886 32371 1825 V IJKMEDIA: count=1, duration=0
05-28 16:05:53.886 32371 1825 V IJKMEDIA: count=1, duration=1536
05-28 16:05:53.886 32371 1825 V IJKMEDIA: count=2, duration=0
05-28 16:05:53.886 32371 1825 V IJKMEDIA: count=1, duration=1536
05-28 16:05:53.886 32371 1825 V IJKMEDIA: count=2, duration=0
05-28 16:05:53.886 32371 1825 V IJKMEDIA: count=1, duration=1024
05-28 16:05:53.886 32371 1825 V IJKMEDIA: count=1, duration=0
05-28 16:05:53.886 32371 1825 V IJKMEDIA: count=7, duration=512
05-28 16:05:53.886 32371 1825 V IJKMEDIA: count=1, duration=1024
05-28 16:05:53.886 32371 1825 V IJKMEDIA: count=1, duration=0
05-28 16:05:53.886 32371 1825 V IJKMEDIA: count=1, duration=1536
05-28 16:05:53.886 32371 1825 V IJKMEDIA: count=2, duration=0
05-28 16:05:53.886 32371 1825 V IJKMEDIA: count=1, duration=1536
05-28 16:05:53.886 32371 1825 V IJKMEDIA: count=2, duration=0
05-28 16:05:53.886 32371 1825 V IJKMEDIA: count=1, duration=1536
05-28 16:05:53.886 32371 1825 V IJKMEDIA: count=2, duration=0
05-28 16:05:53.886 32371 1825 V IJKMEDIA: count=1, duration=1024
05-28 16:05:53.886 32371 1825 V IJKMEDIA: count=1, duration=0
05-28 16:05:53.886 32371 1825 V IJKMEDIA: count=2, duration=512
05-28 16:05:53.886 32371 1825 V IJKMEDIA: count=1, duration=1536
05-28 16:05:53.886 32371 1825 V IJKMEDIA: count=2, duration=0
05-28 16:05:53.886 32371 1825 V IJKMEDIA: count=1, duration=1536
05-28 16:05:53.886 32371 1825 V IJKMEDIA: count=2, duration=0
05-28 16:05:53.886 32371 1825 V IJKMEDIA: count=1, duration=1536
05-28 16:05:53.886 32371 1825 V IJKMEDIA: count=2, duration=0
05-28 16:05:53.886 32371 1825 V IJKMEDIA: count=1, duration=1536
05-28 16:05:53.886 32371 1825 V IJKMEDIA: count=2, duration=0
05-28 16:05:53.886 32371 1825 V IJKMEDIA: count=1, duration=512
05-28 16:05:53.886 32371 1825 V IJKMEDIA: count=1, duration=1024
05-28 16:05:53.886 32371 1825 V IJKMEDIA: count=1, duration=0
05-28 16:05:53.886 32371 1825 V IJKMEDIA: count=1, duration=1024
05-28 16:05:53.886 32371 1825 V IJKMEDIA: count=1, duration=0
05-28 16:05:53.886 32371 1825 V IJKMEDIA: count=5, duration=512
05-28 16:05:53.886 32371 1825 V IJKMEDIA: count=1, duration=1024
05-28 16:05:53.886 32371 1825 V IJKMEDIA: count=1, duration=0
05-28 16:05:53.886 32371 1825 V IJKMEDIA: count=1, duration=512
05-28 16:05:53.886 32371 1825 V IJKMEDIA: count=1, duration=1536
05-28 16:05:53.886 32371 1825 V IJKMEDIA: count=2, duration=0
05-28 16:05:53.886 32371 1825 V IJKMEDIA: count=1, duration=1536
05-28 16:05:53.886 32371 1825 V IJKMEDIA: count=2, duration=0
05-28 16:05:53.886 32371 1825 V IJKMEDIA: count=1, duration=1536
05-28 16:05:53.886 32371 1825 V IJKMEDIA: count=2, duration=0
05-28 16:05:53.886 32371 1825 V IJKMEDIA: count=1, duration=1536
05-28 16:05:53.886 32371 1825 V IJKMEDIA: count=2, duration=0
05-28 16:05:53.886 32371 1825 V IJKMEDIA: count=1, duration=512
05-28 16:05:53.886 32371 1825 V IJKMEDIA: count=1, duration=1536
05-28 16:05:53.886 32371 1825 V IJKMEDIA: count=2, duration=0
05-28 16:05:53.886 32371 1825 V IJKMEDIA: count=1, duration=1536
05-28 16:05:53.886 32371 1825 V IJKMEDIA: count=2, duration=0
05-28 16:05:53.886 32371 1825 V IJKMEDIA: count=1, duration=1536
05-28 16:05:53.886 32371 1825 V IJKMEDIA: count=2, duration=0
05-28 16:05:53.886 32371 1825 V IJKMEDIA: count=2, duration=512
05-28 16:05:53.888 32371 1825 V IJKMEDIA: count=1, duration=1024
05-28 16:05:53.888 32371 1825 V IJKMEDIA: count=1, duration=0
05-28 16:05:53.888 32371 1825 V IJKMEDIA: count=1, duration=1536
05-28 16:05:53.888 32371 1825 V IJKMEDIA: count=2, duration=0
05-28 16:05:53.888 32371 1825 V IJKMEDIA: count=1, duration=1536
05-28 16:05:53.888 32371 1825 V IJKMEDIA: count=2, duration=0
05-28 16:05:53.888 32371 1825 V IJKMEDIA: count=1, duration=1536
05-28 16:05:53.888 32371 1825 V IJKMEDIA: count=2, duration=0
05-28 16:05:53.888 32371 1825 V IJKMEDIA: count=1, duration=1536
05-28 16:05:53.888 32371 1825 V IJKMEDIA: count=2, duration=0
05-28 16:05:53.888 32371 1825 V IJKMEDIA: count=1, duration=1536
05-28 16:05:53.888 32371 1825 V IJKMEDIA: count=2, duration=0
05-28 16:05:53.888 32371 1825 V IJKMEDIA: count=1, duration=1536
05-28 16:05:53.888 32371 1825 V IJKMEDIA: count=2, duration=0
05-28 16:05:53.888 32371 1825 V IJKMEDIA: count=1, duration=1536
05-28 16:05:53.888 32371 1825 V IJKMEDIA: count=2, duration=0
05-28 16:05:53.888 32371 1825 V IJKMEDIA: count=1, duration=1536
05-28 16:05:53.888 32371 1825 V IJKMEDIA: count=2, duration=0
05-28 16:05:53.888 32371 1825 V IJKMEDIA: count=1, duration=1536
05-28 16:05:53.888 32371 1825 V IJKMEDIA: count=2, duration=0
05-28 16:05:53.888 32371 1825 V IJKMEDIA: count=1, duration=1024
05-28 16:05:53.888 32371 1825 V IJKMEDIA: count=1, duration=0
05-28 16:05:53.888 32371 1825 V IJKMEDIA: count=1, duration=1536
05-28 16:05:53.888 32371 1825 V IJKMEDIA: count=2, duration=0
05-28 16:05:53.888 32371 1825 V IJKMEDIA: count=1, duration=1536
05-28 16:05:53.888 32371 1825 V IJKMEDIA: count=2, duration=0
05-28 16:05:53.888 32371 1825 V IJKMEDIA: count=1, duration=1024
05-28 16:05:53.888 32371 1825 V IJKMEDIA: count=1, duration=0
05-28 16:05:53.888 32371 1825 V IJKMEDIA: count=1, duration=1024
05-28 16:05:53.888 32371 1825 V IJKMEDIA: count=1, duration=0
05-28 16:05:53.888 32371 1825 V IJKMEDIA: count=1, duration=1024
05-28 16:05:53.888 32371 1825 V IJKMEDIA: count=1, duration=0
05-28 16:05:53.888 32371 1825 V IJKMEDIA: count=2, duration=512
05-28 16:05:53.888 32371 1825 V IJKMEDIA: count=1, duration=1024
05-28 16:05:53.888 32371 1825 V IJKMEDIA: count=1, duration=0
05-28 16:05:53.888 32371 1825 V IJKMEDIA: count=1, duration=512
05-28 16:05:53.888 32371 1825 V IJKMEDIA: count=1, duration=1536
05-28 16:05:53.888 32371 1825 V IJKMEDIA: count=2, duration=0
05-28 16:05:53.888 32371 1825 V IJKMEDIA: count=1, duration=1024
05-28 16:05:53.888 32371 1825 V IJKMEDIA: count=1, duration=0
05-28 16:05:53.888 32371 1825 V IJKMEDIA: count=1, duration=1536
05-28 16:05:53.888 32371 1825 V IJKMEDIA: count=2, duration=0
05-28 16:05:53.888 32371 1825 V IJKMEDIA: count=1, duration=1536
05-28 16:05:53.888 32371 1825 V IJKMEDIA: count=2, duration=0
05-28 16:05:53.888 32371 1825 V IJKMEDIA: count=1, duration=1024
05-28 16:05:53.888 32371 1825 V IJKMEDIA: count=1, duration=0
05-28 16:05:53.888 32371 1825 V IJKMEDIA: count=1, duration=1024
05-28 16:05:53.888 32371 1825 V IJKMEDIA: count=1, duration=0
05-28 16:05:53.888 32371 1825 V IJKMEDIA: count=1, duration=1536
05-28 16:05:53.888 32371 1825 V IJKMEDIA: count=2, duration=0
05-28 16:05:53.888 32371 1825 V IJKMEDIA: count=1, duration=1536
05-28 16:05:53.888 32371 1825 V IJKMEDIA: count=2, duration=0
05-28 16:05:53.888 32371 1825 V IJKMEDIA: count=1, duration=1536
05-28 16:05:53.888 32371 1825 V IJKMEDIA: count=2, duration=0
05-28 16:05:53.888 32371 1825 V IJKMEDIA: count=1, duration=1536
05-28 16:05:53.888 32371 1825 V IJKMEDIA: count=2, duration=0
05-28 16:05:53.888 32371 1825 V IJKMEDIA: count=1, duration=1024
05-28 16:05:53.888 32371 1825 V IJKMEDIA: count=1, duration=0
05-28 16:05:53.888 32371 1825 V IJKMEDIA: count=1, duration=1536
05-28 16:05:53.888 32371 1825 V IJKMEDIA: count=2, duration=0
05-28 16:05:53.888 32371 1825 V IJKMEDIA: count=1, duration=1536
05-28 16:05:53.888 32371 1825 V IJKMEDIA: count=2, duration=0
05-28 16:05:53.888 32371 1825 V IJKMEDIA: count=1, duration=512
05-28 16:05:53.888 32371 1825 V IJKMEDIA: count=1, duration=1024
05-28 16:05:53.888 32371 1825 V IJKMEDIA: count=1, duration=0
05-28 16:05:53.888 32371 1825 V IJKMEDIA: count=1, duration=1024
05-28 16:05:53.888 32371 1825 V IJKMEDIA: count=1, duration=0
05-28 16:05:53.888 32371 1825 V IJKMEDIA: count=1, duration=1536
05-28 16:05:53.888 32371 1825 V IJKMEDIA: count=2, duration=0
05-28 16:05:53.888 32371 1825 V IJKMEDIA: count=1, duration=1024
05-28 16:05:53.888 32371 1825 V IJKMEDIA: count=1, duration=0
05-28 16:05:53.888 32371 1825 V IJKMEDIA: count=1, duration=1024
05-28 16:05:53.888 32371 1825 V IJKMEDIA: count=1, duration=0
05-28 16:05:53.888 32371 1825 V IJKMEDIA: count=1, duration=1024
05-28 16:05:53.888 32371 1825 V IJKMEDIA: count=1, duration=0
05-28 16:05:53.888 32371 1825 V IJKMEDIA: count=1, duration=1536
05-28 16:05:53.888 32371 1825 V IJKMEDIA: count=2, duration=0
05-28 16:05:53.888 32371 1825 V IJKMEDIA: count=1, duration=1024
05-28 16:05:53.888 32371 1825 V IJKMEDIA: count=1, duration=0
05-28 16:05:53.888 32371 1825 V IJKMEDIA: count=1, duration=1536
05-28 16:05:53.888 32371 1825 V IJKMEDIA: count=2, duration=0
05-28 16:05:53.888 32371 1825 V IJKMEDIA: count=1, duration=1536
05-28 16:05:53.888 32371 1825 V IJKMEDIA: count=2, duration=0
05-28 16:05:53.888 32371 1825 V IJKMEDIA: count=1, duration=1024
05-28 16:05:53.888 32371 1825 V IJKMEDIA: count=1, duration=0
05-28 16:05:53.888 32371 1825 V IJKMEDIA: count=1, duration=1024
05-28 16:05:53.888 32371 1825 V IJKMEDIA: count=1, duration=0
05-28 16:05:53.888 32371 1825 V IJKMEDIA: count=1, duration=1536
05-28 16:05:53.888 32371 1825 V IJKMEDIA: count=2, duration=0
05-28 16:05:53.888 32371 1825 V IJKMEDIA: count=1, duration=1024
05-28 16:05:53.888 32371 1825 V IJKMEDIA: count=1, duration=0
05-28 16:05:53.888 32371 1825 V IJKMEDIA: count=1, duration=1536
05-28 16:05:53.888 32371 1825 V IJKMEDIA: count=2, duration=0
05-28 16:05:53.888 32371 1825 V IJKMEDIA: count=2, duration=512
05-28 16:05:53.888 32371 1825 V IJKMEDIA: count=1, duration=1024
05-28 16:05:53.888 32371 1825 V IJKMEDIA: count=1, duration=0
05-28 16:05:53.888 32371 1825 V IJKMEDIA: count=1, duration=1536
05-28 16:05:53.888 32371 1825 V IJKMEDIA: count=2, duration=0
05-28 16:05:53.888 32371 1825 V IJKMEDIA: count=1, duration=1536
05-28 16:05:53.888 32371 1825 V IJKMEDIA: count=2, duration=0
05-28 16:05:53.888 32371 1825 V IJKMEDIA: count=1, duration=1536
05-28 16:05:53.888 32371 1825 V IJKMEDIA: count=2, duration=0
05-28 16:05:53.888 32371 1825 V IJKMEDIA: count=1, duration=1536
05-28 16:05:53.888 32371 1825 V IJKMEDIA: count=2, duration=0
05-28 16:05:53.888 32371 1825 V IJKMEDIA: count=1, duration=1536
05-28 16:05:53.888 32371 1825 V IJKMEDIA: count=2, duration=0
05-28 16:05:53.888 32371 1825 V IJKMEDIA: count=1, duration=1536
05-28 16:05:53.888 32371 1825 V IJKMEDIA: count=2, duration=0
05-28 16:05:53.888 32371 1825 V IJKMEDIA: count=1, duration=1536
05-28 16:05:53.888 32371 1825 V IJKMEDIA: count=2, duration=0
05-28 16:05:53.888 32371 1825 V IJKMEDIA: count=1, duration=1536
05-28 16:05:53.888 32371 1825 V IJKMEDIA: count=2, duration=0
05-28 16:05:53.888 32371 1825 V IJKMEDIA: count=1, duration=1536
05-28 16:05:53.888 32371 1825 V IJKMEDIA: count=2, duration=0
05-28 16:05:53.888 32371 1825 V IJKMEDIA: count=1, duration=1024
05-28 16:05:53.888 32371 1825 V IJKMEDIA: count=1, duration=0
05-28 16:05:53.888 32371 1825 V IJKMEDIA: count=1, duration=1536
05-28 16:05:53.888 32371 1825 V IJKMEDIA: count=2, duration=0
05-28 16:05:53.888 32371 1825 V IJKMEDIA: count=1, duration=1536
05-28 16:05:53.888 32371 1825 V IJKMEDIA: count=2, duration=0
05-28 16:05:53.888 32371 1825 V IJKMEDIA: count=1, duration=1024
05-28 16:05:53.888 32371 1825 V IJKMEDIA: count=1, duration=0
05-28 16:05:53.888 32371 1825 V IJKMEDIA: count=1, duration=1024
05-28 16:05:53.888 32371 1825 V IJKMEDIA: count=1, duration=0
05-28 16:05:53.888 32371 1825 V IJKMEDIA: count=1, duration=1536
05-28 16:05:53.888 32371 1825 V IJKMEDIA: count=2, duration=0
05-28 16:05:53.888 32371 1825 V IJKMEDIA: count=1, duration=1536
05-28 16:05:53.888 32371 1825 V IJKMEDIA: count=2, duration=0
05-28 16:05:53.888 32371 1825 V IJKMEDIA: count=1, duration=1024
05-28 16:05:53.888 32371 1825 V IJKMEDIA: count=1, duration=0
05-28 16:05:53.888 32371 1825 V IJKMEDIA: count=1, duration=1024
05-28 16:05:53.888 32371 1825 V IJKMEDIA: count=1, duration=0
05-28 16:05:53.888 32371 1825 V IJKMEDIA: count=1, duration=1024
05-28 16:05:53.888 32371 1825 V IJKMEDIA: count=1, duration=0
05-28 16:05:53.888 32371 1825 V IJKMEDIA: count=1, duration=1536
05-28 16:05:53.888 32371 1825 V IJKMEDIA: count=2, duration=0
05-28 16:05:53.888 32371 1825 V IJKMEDIA: count=1, duration=1536
05-28 16:05:53.888 32371 1825 V IJKMEDIA: count=2, duration=0
05-28 16:05:53.888 32371 1825 V IJKMEDIA: count=1, duration=1024
05-28 16:05:53.888 32371 1825 V IJKMEDIA: count=1, duration=0
05-28 16:05:53.888 32371 1825 V IJKMEDIA: count=1, duration=1536
05-28 16:05:53.888 32371 1825 V IJKMEDIA: count=2, duration=0
05-28 16:05:53.888 32371 1825 V IJKMEDIA: count=1, duration=512
05-28 16:05:53.888 32371 1825 V IJKMEDIA: count=1, duration=1024
05-28 16:05:53.888 32371 1825 V IJKMEDIA: count=1, duration=0
05-28 16:05:53.888 32371 1825 V IJKMEDIA: count=1, duration=1024
05-28 16:05:53.888 32371 1825 V IJKMEDIA: count=1, duration=0
05-28 16:05:53.888 32371 1825 V IJKMEDIA: count=1, duration=1024
05-28 16:05:53.889 32371 1825 V IJKMEDIA: count=1, duration=0
05-28 16:05:53.889 32371 1825 V IJKMEDIA: count=1, duration=1024
05-28 16:05:53.889 32371 1825 V IJKMEDIA: count=1, duration=0
05-28 16:05:53.889 32371 1825 V IJKMEDIA: count=1, duration=512
05-28 16:05:53.889 32371 1825 V IJKMEDIA: count=1, duration=1024
05-28 16:05:53.889 32371 1825 V IJKMEDIA: count=1, duration=0
05-28 16:05:53.889 32371 1825 V IJKMEDIA: count=2, duration=512
05-28 16:05:53.889 32371 1825 V IJKMEDIA: count=1, duration=1536
05-28 16:05:53.889 32371 1825 V IJKMEDIA: count=2, duration=0
05-28 16:05:53.889 32371 1825 V IJKMEDIA: count=1, duration=1536
05-28 16:05:53.889 32371 1825 V IJKMEDIA: count=2, duration=0
05-28 16:05:53.889 32371 1825 V IJKMEDIA: count=1, duration=1024
05-28 16:05:53.889 32371 1825 V IJKMEDIA: count=1, duration=0
05-28 16:05:53.889 32371 1825 V IJKMEDIA: count=1, duration=1536
05-28 16:05:53.889 32371 1825 V IJKMEDIA: count=2, duration=0
05-28 16:05:53.889 32371 1825 V IJKMEDIA: count=1, duration=1536
05-28 16:05:53.889 32371 1825 V IJKMEDIA: count=2, duration=0
05-28 16:05:53.889 32371 1825 V IJKMEDIA: count=1, duration=1536
05-28 16:05:53.889 32371 1825 V IJKMEDIA: count=2, duration=0
05-28 16:05:53.889 32371 1825 V IJKMEDIA: count=1, duration=1536
05-28 16:05:53.889 32371 1825 V IJKMEDIA: count=2, duration=0
05-28 16:05:53.889 32371 1825 V IJKMEDIA: count=1, duration=1024
05-28 16:05:53.889 32371 1825 V IJKMEDIA: count=1, duration=0
05-28 16:05:53.889 32371 1825 V IJKMEDIA: count=1, duration=512
05-28 16:05:53.889 32371 1825 V IJKMEDIA: count=1, duration=1536
05-28 16:05:53.889 32371 1825 V IJKMEDIA: count=2, duration=0
05-28 16:05:53.889 32371 1825 V IJKMEDIA: count=1, duration=1024
05-28 16:05:53.889 32371 1825 V IJKMEDIA: count=1, duration=0
05-28 16:05:53.889 32371 1825 V IJKMEDIA: count=1, duration=512
05-28 16:05:53.889 32371 1825 V IJKMEDIA: count=1, duration=1536
05-28 16:05:53.889 32371 1825 V IJKMEDIA: count=2, duration=0
05-28 16:05:53.889 32371 1825 V IJKMEDIA: count=1, duration=1536
05-28 16:05:53.889 32371 1825 V IJKMEDIA: count=2, duration=0
05-28 16:05:53.889 32371 1825 V IJKMEDIA: count=1, duration=1536
05-28 16:05:53.889 32371 1825 V IJKMEDIA: count=2, duration=0
05-28 16:05:53.889 32371 1825 V IJKMEDIA: count=1, duration=1024
05-28 16:05:53.889 32371 1825 V IJKMEDIA: count=1, duration=0
05-28 16:05:53.889 32371 1825 V IJKMEDIA: count=1, duration=1536
05-28 16:05:53.889 32371 1825 V IJKMEDIA: count=2, duration=0
05-28 16:05:53.889 32371 1825 V IJKMEDIA: count=1, duration=1536
05-28 16:05:53.889 32371 1825 V IJKMEDIA: count=2, duration=0
05-28 16:05:53.889 32371 1825 V IJKMEDIA: count=1, duration=1024
05-28 16:05:53.889 32371 1825 V IJKMEDIA: count=1, duration=0
05-28 16:05:53.889 32371 1825 V IJKMEDIA: count=1, duration=1024
05-28 16:05:53.889 32371 1825 V IJKMEDIA: count=1, duration=0
05-28 16:05:53.889 32371 1825 V IJKMEDIA: count=1, duration=1024
05-28 16:05:53.889 32371 1825 V IJKMEDIA: count=1, duration=0
05-28 16:05:53.889 32371 1825 V IJKMEDIA: count=1, duration=1536
05-28 16:05:53.889 32371 1825 V IJKMEDIA: count=2, duration=0
05-28 16:05:53.889 32371 1825 V IJKMEDIA: count=1, duration=512
05-28 16:05:53.889 32371 1825 V IJKMEDIA: count=1, duration=1024
05-28 16:05:53.889 32371 1825 V IJKMEDIA: count=1, duration=0
05-28 16:05:53.889 32371 1825 V IJKMEDIA: count=1, duration=1536
05-28 16:05:53.889 32371 1825 V IJKMEDIA: count=2, duration=0
05-28 16:05:53.889 32371 1825 V IJKMEDIA: count=1, duration=1024
05-28 16:05:53.889 32371 1825 V IJKMEDIA: count=1, duration=0
05-28 16:05:53.889 32371 1825 V IJKMEDIA: count=1, duration=1024
05-28 16:05:53.889 32371 1825 V IJKMEDIA: count=1, duration=0
05-28 16:05:53.889 32371 1825 V IJKMEDIA: count=1, duration=1024
05-28 16:05:53.889 32371 1825 V IJKMEDIA: count=1, duration=0
05-28 16:05:53.889 32371 1825 V IJKMEDIA: count=1, duration=1024
05-28 16:05:53.889 32371 1825 V IJKMEDIA: count=1, duration=0
05-28 16:05:53.889 32371 1825 V IJKMEDIA: count=1, duration=1024
05-28 16:05:53.889 32371 1825 V IJKMEDIA: count=1, duration=0
05-28 16:05:53.889 32371 1825 V IJKMEDIA: count=1, duration=1536
05-28 16:05:53.889 32371 1825 V IJKMEDIA: count=2, duration=0
05-28 16:05:53.889 32371 1825 V IJKMEDIA: count=1, duration=1024
05-28 16:05:53.889 32371 1825 V IJKMEDIA: count=1, duration=0
05-28 16:05:53.889 32371 1825 V IJKMEDIA: count=1, duration=512
