for what to use instead with android.media.AudioAttributes to qualify your playback
use case
05-28 16:05:56.056 32371 1969 I IJKMEDIA: SDL_Android_AudioTrack_new_from_spec:
init volume as 1.000000/(0.000000,1.000000)
05-28 16:05:56.057 32371 1969 I AudioTrack: AudioTrack::setVolume L:1.000000
R:1.000000 and the pakage is com.sosomod.freegame
05-28 16:05:56.057 32371 1969 I IJKMEDIA: audio_session_id = 1129
05-28 16:05:56.058 32371 1969 I IJKMEDIA: AudioCodec: avcodec, aac
05-28 16:05:56.058 32371 1976 I IJKMEDIA: SDL_RunThread: [1976] ff_audio_dec
05-28 16:05:56.058 32371 1969 D IJKMEDIA: nal_unit_type: 7, nal_ref_idc: 3
05-28 16:05:56.058 32371 1971 I IJKMEDIA: SDL_RunThread: [1971] ff_aout_android
05-28 16:05:56.058 32371 1969 D IJKMEDIA: nal_unit_type: 8, nal_ref_idc: 3
05-28 16:05:56.060 32371 1969 I IJKMEDIA: VideoCodec: avcodec, h264
05-28 16:05:56.060 32371 1969 W IJKMEDIA: fps: 30.000000 (normal)
05-28 16:05:56.060 32371 1969 W IJKMEDIA: fps: 30.000000 (normal)
05-28 16:05:56.060 32371 1966 D IJKMEDIA: FFP_MSG_COMPONENT_OPEN:
05-28 16:05:56.061 32371 1966 D IJKMEDIA: FFP_MSG_VIDEO_SIZE_CHANGED: 1280, 590
05-28 16:05:56.061 32371 1969 V IJKMEDIA: stream 0, sample 15, dts 466667
05-28 16:05:56.061 32371 1966 D IJKMEDIA: FFP_MSG_SAR_CHANGED: 1, 1
05-28 16:05:56.061 32371 1966 D IJKMEDIA: ijkmp_get_msg: FFP_MSG_PREPARED
05-28 16:05:56.062 32371 1969 V IJKMEDIA: stream 1, sample 1, dts 23220
05-28 16:05:56.062 32371 1971 D AudioTrack: start(231): prior state:STATE_STOPPED
05-28 16:05:56.062 32371 1969 V IJKMEDIA: stream 0, sample 15, dts 466667
05-28 16:05:56.062 32371 1969 V IJKMEDIA: stream 1, sample 2, dts 46440
05-28 16:05:56.062 32371 1969 V IJKMEDIA: stream 0, sample 15, dts 466667
05-28 16:05:56.062 32371 1969 V IJKMEDIA: stream 1, sample 3, dts 69660
05-28 16:05:56.062 32371 1969 V IJKMEDIA: stream 0, sample 15, dts 466667
05-28 16:05:56.062 32371 1969 V IJKMEDIA: stream 1, sample 4, dts 92880
05-28 16:05:56.062 32371 1969 V IJKMEDIA: stream 0, sample 15, dts 466667
05-28 16:05:56.062 32371 1969 V IJKMEDIA: stream 1, sample 5, dts 116100
05-28 16:05:56.062 32371 1969 V IJKMEDIA: stream 0, sample 15, dts 466667
05-28 16:05:56.062 32371 1969 V IJKMEDIA: stream 1, sample 6, dts 139320
05-28 16:05:56.062 32371 1969 V IJKMEDIA: stream 0, sample 15, dts 466667
05-28 16:05:56.062 32371 1969 V IJKMEDIA: stream 1, sample 7, dts 162540
05-28 16:05:56.062 32371 1969 V IJKMEDIA: stream 0, sample 15, dts 466667
05-28 16:05:56.062 32371 1969 V IJKMEDIA: stream 1, sample 8, dts 185760
05-28 16:05:56.062 32371 1969 V IJKMEDIA: stream 0, sample 15, dts 466667
05-28 16:05:56.062 32371 1969 V IJKMEDIA: stream 1, sample 9, dts 208980
05-28 16:05:56.062 32371 1969 V IJKMEDIA: stream 0, sample 15, dts 466667
05-28 16:05:56.062 32371 1969 V IJKMEDIA: stream 1, sample 10, dts 232200
05-28 16:05:56.062 32371 1969 V IJKMEDIA: stream 0, sample 15, dts 466667
05-28 16:05:56.062 32371 1969 V IJKMEDIA: stream 1, sample 11, dts 255420
05-28 16:05:56.062 32371 1969 V IJKMEDIA: stream 0, sample 15, dts 466667
05-28 16:05:56.062 32371 1969 V IJKMEDIA: stream 1, sample 12, dts 278639
05-28 16:05:56.062 32371 1969 V IJKMEDIA: stream 0, sample 15, dts 466667
05-28 16:05:56.062 32371 1969 V IJKMEDIA: stream 1, sample 13, dts 301859
05-28 16:05:56.062 32371 1969 V IJKMEDIA: stream 0, sample 15, dts 466667
05-28 16:05:56.062 32371 1969 V IJKMEDIA: stream 1, sample 14, dts 325079
05-28 16:05:56.062 32371 1969 V IJKMEDIA: stream 0, sample 15, dts 466667
05-28 16:05:56.062 32371 1969 V IJKMEDIA: stream 1, sample 15, dts 348299
05-28 16:05:56.062 32371 1969 V IJKMEDIA: stream 0, sample 15, dts 466667
05-28 16:05:56.062 32371 1969 V IJKMEDIA: stream 1, sample 16, dts 371519
05-28 16:05:56.062 32371 1969 V IJKMEDIA: stream 0, sample 15, dts 466667
05-28 16:05:56.062 32371 1969 V IJKMEDIA: stream 1, sample 17, dts 394739
05-28 16:05:56.062 32371 1969 V IJKMEDIA: stream 0, sample 15, dts 466667
05-28 16:05:56.062 32371 1969 V IJKMEDIA: stream 1, sample 18, dts 417959
05-28 16:05:56.062 32371 1969 V IJKMEDIA: stream 0, sample 15, dts 466667
05-28 16:05:56.062 32371 1969 V IJKMEDIA: stream 1, sample 19, dts 441179
05-28 16:05:56.062 32371 1969 V IJKMEDIA: stream 0, sample 15, dts 466667
05-28 16:05:56.062 32371 1969 V IJKMEDIA: stream 1, sample 20, dts 464399
05-28 16:05:56.062 32371 1969 V IJKMEDIA: stream 0, sample 15, dts 466667
05-28 16:05:56.062 32371 1969 V IJKMEDIA: stream 1, sample 21, dts 487619
05-28 16:05:56.062 32371 1969 V IJKMEDIA: stream 0, sample 16, dts 500000
05-28 16:05:56.062 32371 1969 V IJKMEDIA: stream 1, sample 21, dts 487619
05-28 16:05:56.062 32371 1969 V IJKMEDIA: stream 0, sample 17, dts 533333
05-28 16:05:56.062 32371 1969 V IJKMEDIA: stream 1, sample 21, dts 487619
05-28 16:05:56.062 32371 1969 V IJKMEDIA: stream 0, sample 18, dts 566667
05-28 16:05:56.062 32371 1969 V IJKMEDIA: stream 1, sample 21, dts 487619
05-28 16:05:56.062 32371 1969 V IJKMEDIA: stream 0, sample 19, dts 600000
05-28 16:05:56.062 32371 1969 V IJKMEDIA: stream 1, sample 21, dts 487619
05-28 16:05:56.062 32371 1976 D IJKMEDIA: ffp_toggle_buffering_l: start
05-28 16:05:56.063 32371 1966 D IJKMEDIA: FFP_MSG_PREPARED:
05-28 16:05:56.063 32371 1966 D IJKMEDIA: FFP_MSG_BUFFERING_START:
05-28 16:05:56.063 32371 1969 V IJKMEDIA: stream 0, sample 20, dts 633333
05-28 16:05:56.063 32371 1969 V IJKMEDIA: stream 1, sample 21, dts 487619
05-28 16:05:56.063 32371 1969 V IJKMEDIA: stream 0, sample 21, dts 666667
05-28 16:05:56.063 32371 1969 V IJKMEDIA: stream 1, sample 21, dts 487619
05-28 16:05:56.063 32371 1969 V IJKMEDIA: stream 0, sample 22, dts 700000
05-28 16:05:56.063 32371 1969 V IJKMEDIA: stream 1, sample 21, dts 487619
05-28 16:05:56.063 32371 1969 V IJKMEDIA: stream 0, sample 23, dts 733333
05-28 16:05:56.063 32371 1969 V IJKMEDIA: stream 1, sample 21, dts 487619
05-28 16:05:56.063 32371 1969 V IJKMEDIA: stream 0, sample 24, dts 766667
05-28 16:05:56.063 32371 1969 V IJKMEDIA: stream 1, sample 21, dts 487619
05-28 16:05:56.063 32371 1969 V IJKMEDIA: stream 0, sample 25, dts 800000
05-28 16:05:56.063 32371 1969 V IJKMEDIA: stream 1, sample 21, dts 487619
05-28 16:05:56.063 32371 1969 V IJKMEDIA: stream 0, sample 26, dts 833333
05-28 16:05:56.063 32371 1969 V IJKMEDIA: stream 1, sample 21, dts 487619
05-28 16:05:56.063 32371 1969 V IJKMEDIA: stream 0, sample 27, dts 866667
05-28 16:05:56.063 32371 1969 V IJKMEDIA: stream 1, sample 21, dts 487619
05-28 16:05:56.063 32371 1969 V IJKMEDIA: stream 0, sample 28, dts 900000
05-28 16:05:56.063 32371 1969 V IJKMEDIA: stream 1, sample 21, dts 487619
05-28 16:05:56.063 32371 1969 V IJKMEDIA: stream 0, sample 29, dts 933333
05-28 16:05:56.063 32371 1969 V IJKMEDIA: stream 1, sample 21, dts 487619
05-28 16:05:56.064 32371 1969 V IJKMEDIA: stream 0, sample 30, dts 966667
05-28 16:05:56.064 32371 1969 V IJKMEDIA: stream 1, sample 21, dts 487619
05-28 16:05:56.064 32371 1969 V IJKMEDIA: stream 0, sample 30, dts 966667
05-28 16:05:56.064 32371 1969 V IJKMEDIA: stream 1, sample 22, dts 510839
05-28 16:05:56.064 32371 1969 V IJKMEDIA: stream 0, sample 30, dts 966667
05-28 16:05:56.064 32371 1969 V IJKMEDIA: stream 1, sample 23, dts 534059
05-28 16:05:56.064 32371 1969 V IJKMEDIA: stream 0, sample 30, dts 966667
05-28 16:05:56.064 32371 1969 V IJKMEDIA: stream 1, sample 24, dts 557279
05-28 16:05:56.064 32371 1969 V IJKMEDIA: stream 0, sample 30, dts 966667
05-28 16:05:56.064 32371 1969 V IJKMEDIA: stream 1, sample 25, dts 580499
05-28 16:05:56.064 32371 1969 V IJKMEDIA: stream 0, sample 30, dts 966667
05-28 16:05:56.064 32371 1969 V IJKMEDIA: stream 1, sample 26, dts 603719
05-28 16:05:56.064 32371 1969 V IJKMEDIA: stream 0, sample 30, dts 966667
05-28 16:05:56.064 32371 1969 V IJKMEDIA: stream 1, sample 27, dts 626939
05-28 16:05:56.064 32371 1969 V IJKMEDIA: stream 0, sample 30, dts 966667
05-28 16:05:56.064 32371 1969 V IJKMEDIA: stream 1, sample 28, dts 650159
05-28 16:05:56.064 32371 1969 V IJKMEDIA: stream 0, sample 30, dts 966667
05-28 16:05:56.064 32371 1969 V IJKMEDIA: stream 1, sample 29, dts 673379
05-28 16:05:56.064 32371 1969 V IJKMEDIA: stream 0, sample 30, dts 966667
05-28 16:05:56.064 32371 1969 V IJKMEDIA: stream 1, sample 30, dts 696599
05-28 16:05:56.064 32371 1969 V IJKMEDIA: stream 0, sample 30, dts 966667
05-28 16:05:56.064 32371 1969 V IJKMEDIA: stream 1, sample 31, dts 719819
05-28 16:05:56.064 32371 1969 V IJKMEDIA: stream 0, sample 30, dts 966667
05-28 16:05:56.064 32371 1969 V IJKMEDIA: stream 1, sample 32, dts 743039
05-28 16:05:56.064 32371 1969 V IJKMEDIA: stream 0, sample 30, dts 966667
05-28 16:05:56.064 32371 1969 V IJKMEDIA: stream 1, sample 33, dts 766259
05-28 16:05:56.064 32371 1969 V IJKMEDIA: stream 0, sample 30, dts 966667
05-28 16:05:56.064 32371 1969 V IJKMEDIA: stream 1, sample 34, dts 789478
05-28 16:05:56.064 32371 1969 V IJKMEDIA: stream 0, sample 30, dts 966667
05-28 16:05:56.064 32371 1969 V IJKMEDIA: stream 1, sample 35, dts 812698
05-28 16:05:56.064 32371 1969 V IJKMEDIA: stream 0, sample 30, dts 966667
05-28 16:05:56.064 32371 32371 D IJKMEDIA: IjkMediaPlayer_setVolume
05-28 16:05:56.064 32371 32371 D IJKMEDIA: ijkmp_android_set_volume(0.000000,
0.000000)
05-28 16:05:56.064 32371 32371 D IJKMEDIA: ffpipeline_set_volume
05-28 16:05:56.064 32371 32371 D IJKMEDIA: ijkmp_android_set_volume(0.000000,
0.000000)=void
05-28 16:05:56.064 32371 1969 V IJKMEDIA: stream 1, sample 36, dts 835918
05-28 16:05:56.064 32371 1969 V IJKMEDIA: stream 0, sample 30, dts 966667
05-28 16:05:56.064 32371 1969 V IJKMEDIA: stream 1, sample 37, dts 859138
05-28 16:05:56.064 32371 1969 V IJKMEDIA: stream 0, sample 30, dts 966667
05-28 16:05:56.064 32371 1969 V IJKMEDIA: stream 1, sample 38, dts 882358
05-28 16:05:56.064 32371 1969 V IJKMEDIA: stream 0, sample 30, dts 966667
05-28 16:05:56.064 32371 1969 V IJKMEDIA: stream 1, sample 39, dts 905578
05-28 16:05:56.064 32371 1969 V IJKMEDIA: stream 0, sample 30, dts 966667
05-28 16:05:56.064 32371 1969 V IJKMEDIA: stream 1, sample 40, dts 928798
05-28 16:05:56.064 32371 1969 V IJKMEDIA: stream 0, sample 30, dts 966667
05-28 16:05:56.064 32371 1969 V IJKMEDIA: stream 1, sample 41, dts 952018
05-28 16:05:56.064 32371 1969 V IJKMEDIA: stream 0, sample 30, dts 966667
05-28 16:05:56.064 32371 1969 V IJKMEDIA: stream 1, sample 42, dts 975238
05-28 16:05:56.064 32371 1969 V IJKMEDIA: stream 0, sample 31, dts 1000000
05-28 16:05:56.064 32371 1969 V IJKMEDIA: stream 1, sample 42, dts 975238
05-28 16:05:56.064 32371 1969 V IJKMEDIA: stream 0, sample 32, dts 1033333
05-28 16:05:56.064 32371 1969 V IJKMEDIA: stream 1, sample 42, dts 975238
05-28 16:05:56.064 32371 1969 V IJKMEDIA: stream 0, sample 33, dts 1066667
05-28 16:05:56.064 32371 1969 V IJKMEDIA: stream 1, sample 42, dts 975238
05-28 16:05:56.064 32371 1969 V IJKMEDIA: stream 0, sample 34, dts 1100000
05-28 16:05:56.064 32371 1969 V IJKMEDIA: stream 1, sample 42, dts 975238
05-28 16:05:56.064 32371 1969 V IJKMEDIA: stream 0, sample 35, dts 1133333
05-28 16:05:56.064 32371 1969 V IJKMEDIA: stream 1, sample 42, dts 975238
05-28 16:05:56.064 32371 1969 V IJKMEDIA: stream 0, sample 36, dts 1166667
05-28 16:05:56.064 32371 1969 V IJKMEDIA: stream 1, sample 42, dts 975238
05-28 16:05:56.064 32371 2038 I IJKMEDIA: SDL_RunThread: [2038] ff_video_dec
05-28 16:05:56.065 32371 1969 V IJKMEDIA: stream 0, sample 37, dts 1200000
05-28 16:05:56.065 32371 1969 V IJKMEDIA: stream 1, sample 42, dts 975238
05-28 16:05:56.065 32371 1969 V IJKMEDIA: stream 0, sample 38, dts 1233333
05-28 16:05:56.065 32371 1969 V IJKMEDIA: stream 1, sample 42, dts 975238
05-28 16:05:56.065 32371 1966 D IJKMEDIA: FFP_MSG_VIDEO_ROTATION_CHANGED: 0
05-28 16:05:56.065 32371 1969 V IJKMEDIA: stream 0, sample 39, dts 1266667
05-28 16:05:56.065 32371 1969 V IJKMEDIA: stream 1, sample 42, dts 975238
05-28 16:05:56.065 32371 1969 V IJKMEDIA: stream 0, sample 40, dts 1300000
05-28 16:05:56.065 32371 1969 V IJKMEDIA: stream 1, sample 42, dts 975238
05-28 16:05:56.065 32371 1969 V IJKMEDIA: stream 0, sample 41, dts 1333333
05-28 16:05:56.065 32371 1969 V IJKMEDIA: stream 1, sample 42, dts 975238
05-28 16:05:56.065 32371 1969 V IJKMEDIA: stream 0, sample 42, dts 1366667
05-28 16:05:56.065 32371 1969 V IJKMEDIA: stream 1, sample 42, dts 975238
05-28 16:05:56.065 32371 1969 V IJKMEDIA: stream 0, sample 43, dts 1400000
05-28 16:05:56.065 32371 1969 V IJKMEDIA: stream 1, sample 42, dts 975238
05-28 16:05:56.065 32371 1969 V IJKMEDIA: stream 0, sample 44, dts 1433333
05-28 16:05:56.065 32371 1969 V IJKMEDIA: stream 1, sample 42, dts 975238
05-28 16:05:56.065 32371 1969 V IJKMEDIA: stream 0, sample 45, dts 1466667
05-28 16:05:56.065 32371 1969 V IJKMEDIA: stream 1, sample 42, dts 975238
05-28 16:05:56.065 32371 1969 V IJKMEDIA: stream 0, sample 45, dts 1466667
05-28 16:05:56.065 32371 1969 V IJKMEDIA: stream 1, sample 43, dts 998458
05-28 16:05:56.065 32371 1969 V IJKMEDIA: stream 0, sample 45, dts 1466667
05-28 16:05:56.065 32371 1969 V IJKMEDIA: stream 1, sample 44, dts 1021678
05-28 16:05:56.065 32371 1969 V IJKMEDIA: stream 0, sample 45, dts 1466667
05-28 16:05:56.065 32371 1969 V IJKMEDIA: stream 1, sample 45, dts 1044898
05-28 16:05:56.065 32371 1969 V IJKMEDIA: stream 0, sample 45, dts 1466667
05-28 16:05:56.065 32371 1969 V IJKMEDIA: stream 1, sample 46, dts 1068118
05-28 16:05:56.065 32371 1969 V IJKMEDIA: stream 0, sample 45, dts 1466667
05-28 16:05:56.065 32371 1969 V IJKMEDIA: stream 1, sample 47, dts 1091338
05-28 16:05:56.065 32371 1969 V IJKMEDIA: stream 0, sample 45, dts 1466667
05-28 16:05:56.065 32371 1969 V IJKMEDIA: stream 1, sample 48, dts 1114558
05-28 16:05:56.065 32371 1969 V IJKMEDIA: stream 0, sample 45, dts 1466667
05-28 16:05:56.065 32371 1977 D IJKMEDIA: nal_unit_type: 6, nal_ref_idc: 0
05-28 16:05:56.065 32371 1977 D IJKMEDIA: nal_unit_type: 5, nal_ref_idc: 3
05-28 16:05:56.065 32371 1969 V IJKMEDIA: stream 1, sample 49, dts 1137778
05-28 16:05:56.065 32371 1969 V IJKMEDIA: stream 0, sample 45, dts 1466667
05-28 16:05:56.065 32371 1969 V IJKMEDIA: stream 1, sample 50, dts 1160998
05-28 16:05:56.065 32371 1969 V IJKMEDIA: stream 0, sample 45, dts 1466667
05-28 16:05:56.065 32371 1969 V IJKMEDIA: stream 1, sample 51, dts 1184218
05-28 16:05:56.065 32371 1969 V IJKMEDIA: stream 0, sample 45, dts 1466667
05-28 16:05:56.065 32371 1969 V IJKMEDIA: stream 1, sample 52, dts 1207438
05-28 16:05:56.065 32371 1969 V IJKMEDIA: stream 0, sample 45, dts 1466667
05-28 16:05:56.065 32371 1969 V IJKMEDIA: stream 1, sample 53, dts 1230658
05-28 16:05:56.065 32371 1969 V IJKMEDIA: stream 0, sample 45, dts 1466667
05-28 16:05:56.065 32371 1969 V IJKMEDIA: stream 1, sample 54, dts 1253878
05-28 16:05:56.065 32371 1969 V IJKMEDIA: stream 0, sample 45, dts 1466667
05-28 16:05:56.065 32371 1969 V IJKMEDIA: stream 1, sample 55, dts 1277098
05-28 16:05:56.065 32371 1969 V IJKMEDIA: stream 0, sample 45, dts 1466667
05-28 16:05:56.065 32371 1969 V IJKMEDIA: stream 1, sample 56, dts 1300317
05-28 16:05:56.065 32371 1969 V IJKMEDIA: stream 0, sample 45, dts 1466667
05-28 16:05:56.065 32371 1969 V IJKMEDIA: stream 1, sample 57, dts 1323537
05-28 16:05:56.065 32371 1969 V IJKMEDIA: stream 0, sample 45, dts 1466667
05-28 16:05:56.066 32371 1969 V IJKMEDIA: stream 1, sample 58, dts 1346757
05-28 16:05:56.066 32371 1969 V IJKMEDIA: stream 0, sample 45, dts 1466667
05-28 16:05:56.066 32371 1977 D IJKMEDIA: Format yuv420p chosen by get_format().
05-28 16:05:56.066 32371 1977 I IJKMEDIA: Reinit context to 1280x592, pix_fmt:
yuv420p
05-28 16:05:56.066 32371 1969 V IJKMEDIA: stream 1, sample 59, dts 1369977
05-28 16:05:56.066 32371 1969 V IJKMEDIA: stream 0, sample 45, dts 1466667
05-28 16:05:56.066 32371 1969 V IJKMEDIA: stream 1, sample 60, dts 1393197
05-28 16:05:56.066 32371 1969 V IJKMEDIA: stream 0, sample 45, dts 1466667
05-28 16:05:56.066 32371 1969 V IJKMEDIA: stream 1, sample 61, dts 1416417
05-28 16:05:56.066 32371 1969 V IJKMEDIA: stream 0, sample 45, dts 1466667
05-28 16:05:56.066 32371 1969 V IJKMEDIA: stream 1, sample 62, dts 1439637
05-28 16:05:56.066 32371 1969 V IJKMEDIA: stream 0, sample 45, dts 1466667
05-28 16:05:56.066 32371 1969 V IJKMEDIA: stream 1, sample 63, dts 1462857
05-28 16:05:56.066 32371 1969 V IJKMEDIA: stream 0, sample 46, dts 1500000
05-28 16:05:56.066 32371 1969 V IJKMEDIA: stream 1, sample 63, dts 1462857
05-28 16:05:56.066 32371 1969 V IJKMEDIA: stream 0, sample 47, dts 1533333
05-28 16:05:56.066 32371 1969 V IJKMEDIA: stream 1, sample 63, dts 1462857
05-28 16:05:56.066 32371 1969 V IJKMEDIA: stream 0, sample 48, dts 1566667
05-28 16:05:56.066 32371 1969 V IJKMEDIA: stream 1, sample 63, dts 1462857
05-28 16:05:56.066 32371 1969 V IJKMEDIA: stream 0, sample 49, dts 1600000
05-28 16:05:56.066 32371 1969 V IJKMEDIA: stream 1, sample 63, dts 1462857
05-28 16:05:56.066 32371 1969 V IJKMEDIA: stream 0, sample 50, dts 1633333
05-28 16:05:56.066 32371 1969 V IJKMEDIA: stream 1, sample 63, dts 1462857
05-28 16:05:56.066 32371 1969 V IJKMEDIA: stream 0, sample 51, dts 1666667
05-28 16:05:56.066 32371 1969 V IJKMEDIA: stream 1, sample 63, dts 1462857
05-28 16:05:56.066 32371 1969 V IJKMEDIA: stream 0, sample 52, dts 1700000
05-28 16:05:56.066 32371 1969 V IJKMEDIA: stream 1, sample 63, dts 1462857
05-28 16:05:56.066 32371 1969 V IJKMEDIA: stream 0, sample 53, dts 1733333
05-28 16:05:56.066 32371 1969 V IJKMEDIA: stream 1, sample 63, dts 1462857
05-28 16:05:56.066 32371 1969 V IJKMEDIA: stream 0, sample 54, dts 1766667
05-28 16:05:56.066 32371 1969 V IJKMEDIA: stream 1, sample 63, dts 1462857
05-28 16:05:56.066 32371 1969 V IJKMEDIA: stream 0, sample 55, dts 1800000
05-28 16:05:56.066 32371 1969 V IJKMEDIA: stream 1, sample 63, dts 1462857
05-28 16:05:56.067 32371 1969 V IJKMEDIA: stream 0, sample 56, dts 1833333
05-28 16:05:56.067 32371 1969 V IJKMEDIA: stream 1, sample 63, dts 1462857
05-28 16:05:56.067 32371 1969 V IJKMEDIA: stream 0, sample 57, dts 1866667
05-28 16:05:56.067 32371 1969 V IJKMEDIA: stream 1, sample 63, dts 1462857
05-28 16:05:56.067 32371 1969 V IJKMEDIA: stream 0, sample 58, dts 1900000
05-28 16:05:56.067 32371 1969 V IJKMEDIA: stream 1, sample 63, dts 1462857
05-28 16:05:56.067 32371 1969 V IJKMEDIA: stream 0, sample 59, dts 1933333
05-28 16:05:56.067 32371 1969 V IJKMEDIA: stream 1, sample 63, dts 1462857
05-28 16:05:56.067 32371 1969 V IJKMEDIA: stream 0, sample 60, dts 1966667
05-28 16:05:56.067 32371 1969 V IJKMEDIA: stream 1, sample 63, dts 1462857
05-28 16:05:56.067 32371 1969 V IJKMEDIA: stream 0, sample 60, dts 1966667
05-28 16:05:56.067 32371 1969 V IJKMEDIA: stream 1, sample 64, dts 1486077
05-28 16:05:56.067 32371 1969 V IJKMEDIA: stream 0, sample 60, dts 1966667
05-28 16:05:56.067 32371 1969 V IJKMEDIA: stream 1, sample 65, dts 1509297
05-28 16:05:56.067 32371 1969 V IJKMEDIA: stream 0, sample 60, dts 1966667
05-28 16:05:56.067 32371 1969 V IJKMEDIA: stream 1, sample 66, dts 1532517
05-28 16:05:56.067 32371 1969 V IJKMEDIA: stream 0, sample 60, dts 1966667
05-28 16:05:56.067 32371 1969 V IJKMEDIA: stream 1, sample 67, dts 1555737
05-28 16:05:56.067 32371 1969 V IJKMEDIA: stream 0, sample 60, dts 1966667
05-28 16:05:56.067 32371 1969 V IJKMEDIA: stream 1, sample 68, dts 1578957
05-28 16:05:56.067 32371 1969 V IJKMEDIA: stream 0, sample 60, dts 1966667
05-28 16:05:56.067 32371 1969 V IJKMEDIA: stream 1, sample 69, dts 1602177
05-28 16:05:56.067 32371 1969 V IJKMEDIA: stream 0, sample 60, dts 1966667
05-28 16:05:56.067 32371 1969 V IJKMEDIA: stream 1, sample 70, dts 1625397
05-28 16:05:56.067 32371 1969 V IJKMEDIA: stream 0, sample 60, dts 1966667
05-28 16:05:56.067 32371 1969 V IJKMEDIA: stream 1, sample 71, dts 1648617
05-28 16:05:56.067 32371 1969 V IJKMEDIA: stream 0, sample 60, dts 1966667
05-28 16:05:56.067 32371 1969 V IJKMEDIA: stream 1, sample 72, dts 1671837
05-28 16:05:56.067 32371 1969 V IJKMEDIA: stream 0, sample 60, dts 1966667
05-28 16:05:56.067 32371 1969 V IJKMEDIA: stream 1, sample 73, dts 1695057
05-28 16:05:56.067 32371 1969 V IJKMEDIA: stream 0, sample 60, dts 1966667
05-28 16:05:56.067 32371 1969 V IJKMEDIA: stream 1, sample 74, dts 1718277
05-28 16:05:56.067 32371 1969 V IJKMEDIA: stream 0, sample 60, dts 1966667
05-28 16:05:56.067 32371 1969 V IJKMEDIA: stream 1, sample 75, dts 1741497
05-28 16:05:56.067 32371 1969 V IJKMEDIA: stream 0, sample 60, dts 1966667
05-28 16:05:56.067 32371 1969 V IJKMEDIA: stream 1, sample 76, dts 1764717
05-28 16:05:56.067 32371 1969 V IJKMEDIA: stream 0, sample 60, dts 1966667
05-28 16:05:56.067 32371 1969 V IJKMEDIA: stream 1, sample 77, dts 1787937
05-28 16:05:56.067 32371 1969 V IJKMEDIA: stream 0, sample 60, dts 1966667
05-28 16:05:56.067 32371 1969 V IJKMEDIA: stream 1, sample 78, dts 1811156
05-28 16:05:56.067 32371 1969 V IJKMEDIA: stream 0, sample 60, dts 1966667
05-28 16:05:56.067 32371 1969 V IJKMEDIA: stream 1, sample 79, dts 1834376
05-28 16:05:56.067 32371 1969 V IJKMEDIA: stream 0, sample 60, dts 1966667
05-28 16:05:56.067 32371 1969 V IJKMEDIA: stream 1, sample 80, dts 1857596
05-28 16:05:56.067 32371 1969 V IJKMEDIA: stream 0, sample 60, dts 1966667
05-28 16:05:56.067 32371 1969 V IJKMEDIA: stream 1, sample 81, dts 1880816
05-28 16:05:56.067 32371 1969 V IJKMEDIA: stream 0, sample 60, dts 1966667
05-28 16:05:56.067 32371 1969 V IJKMEDIA: stream 1, sample 82, dts 1904036
05-28 16:05:56.067 32371 1969 V IJKMEDIA: stream 0, sample 60, dts 1966667
05-28 16:05:56.067 32371 1969 V IJKMEDIA: stream 1, sample 83, dts 1927256
05-28 16:05:56.067 32371 1969 V IJKMEDIA: stream 0, sample 60, dts 1966667
05-28 16:05:56.067 32371 1969 V IJKMEDIA: stream 1, sample 84, dts 1950476
05-28 16:05:56.067 32371 1969 V IJKMEDIA: stream 0, sample 61, dts 2000000
05-28 16:05:56.067 32371 1969 V IJKMEDIA: stream 1, sample 84, dts 1950476
05-28 16:05:56.067 32371 1969 V IJKMEDIA: stream 0, sample 62, dts 2033333
05-28 16:05:56.067 32371 1969 V IJKMEDIA: stream 1, sample 84, dts 1950476
05-28 16:05:56.067 32371 1969 V IJKMEDIA: stream 0, sample 63, dts 2066667
05-28 16:05:56.067 32371 1969 V IJKMEDIA: stream 1, sample 84, dts 1950476
05-28 16:05:56.067 32371 1969 V IJKMEDIA: stream 0, sample 64, dts 2100000
05-28 16:05:56.067 32371 1969 V IJKMEDIA: stream 1, sample 84, dts 1950476
05-28 16:05:56.067 32371 1969 V IJKMEDIA: stream 0, sample 65, dts 2133333
05-28 16:05:56.067 32371 1969 V IJKMEDIA: stream 1, sample 84, dts 1950476
05-28 16:05:56.067 32371 1969 V IJKMEDIA: stream 0, sample 66, dts 2166667
05-28 16:05:56.067 32371 1969 V IJKMEDIA: stream 1, sample 84, dts 1950476
05-28 16:05:56.067 32371 1969 V IJKMEDIA: stream 0, sample 67, dts 2200000
05-28 16:05:56.067 32371 1969 V IJKMEDIA: stream 1, sample 84, dts 1950476
05-28 16:05:56.067 32371 1969 V IJKMEDIA: stream 0, sample 68, dts 2233333
05-28 16:05:56.067 32371 1969 V IJKMEDIA: stream 1, sample 84, dts 1950476
05-28 16:05:56.068 32371 1969 V IJKMEDIA: stream 0, sample 69, dts 2266667
05-28 16:05:56.068 32371 1969 V IJKMEDIA: stream 1, sample 84, dts 1950476
05-28 16:05:56.068 32371 1969 V IJKMEDIA: stream 0, sample 70, dts 2300000
05-28 16:05:56.068 32371 1969 V IJKMEDIA: stream 1, sample 84, dts 1950476
05-28 16:05:56.068 32371 1969 V IJKMEDIA: stream 0, sample 71, dts 2333333
05-28 16:05:56.068 32371 1969 V IJKMEDIA: stream 1, sample 84, dts 1950476
05-28 16:05:56.068 32371 1969 V IJKMEDIA: stream 0, sample 72, dts 2366667
05-28 16:05:56.068 32371 1969 V IJKMEDIA: stream 1, sample 84, dts 1950476
05-28 16:05:56.068 32371 1969 V IJKMEDIA: stream 0, sample 73, dts 2400000
05-28 16:05:56.068 32371 1969 V IJKMEDIA: stream 1, sample 84, dts 1950476
05-28 16:05:56.068 32371 1969 V IJKMEDIA: stream 0, sample 74, dts 2433333
05-28 16:05:56.068 32371 1969 V IJKMEDIA: stream 1, sample 84, dts 1950476
05-28 16:05:56.068 32371 1969 V IJKMEDIA: stream 0, sample 75, dts 2466667
05-28 16:05:56.068 32371 1969 V IJKMEDIA: stream 1, sample 84, dts 1950476
05-28 16:05:56.068 32371 1969 V IJKMEDIA: stream 0, sample 75, dts 2466667
05-28 16:05:56.068 32371 1969 V IJKMEDIA: stream 1, sample 85, dts 1973696
05-28 16:05:56.068 32371 1969 V IJKMEDIA: stream 0, sample 75, dts 2466667
05-28 16:05:56.068 32371 1969 V IJKMEDIA: stream 1, sample 86, dts 1996916
05-28 16:05:56.068 32371 1969 V IJKMEDIA: stream 0, sample 75, dts 2466667
05-28 16:05:56.068 32371 1969 V IJKMEDIA: stream 1, sample 87, dts 2020136
05-28 16:05:56.068 32371 1969 V IJKMEDIA: stream 0, sample 75, dts 2466667
05-28 16:05:56.068 32371 1969 V IJKMEDIA: stream 1, sample 88, dts 2043356
05-28 16:05:56.068 32371 1969 V IJKMEDIA: stream 0, sample 75, dts 2466667
05-28 16:05:56.068 32371 1969 V IJKMEDIA: stream 1, sample 89, dts 2066576
05-28 16:05:56.068 32371 1969 V IJKMEDIA: stream 0, sample 75, dts 2466667
05-28 16:05:56.068 32371 1969 V IJKMEDIA: stream 1, sample 90, dts 2089796
05-28 16:05:56.068 32371 1969 V IJKMEDIA: stream 0, sample 75, dts 2466667
05-28 16:05:56.068 32371 1969 V IJKMEDIA: stream 1, sample 91, dts 2113016
05-28 16:05:56.068 32371 1969 V IJKMEDIA: stream 0, sample 75, dts 2466667
05-28 16:05:56.068 32371 1969 V IJKMEDIA: stream 1, sample 92, dts 2136236
05-28 16:05:56.068 32371 1969 V IJKMEDIA: stream 0, sample 75, dts 2466667
05-28 16:05:56.068 32371 1969 V IJKMEDIA: stream 1, sample 93, dts 2159456
05-28 16:05:56.068 32371 1969 V IJKMEDIA: stream 0, sample 75, dts 2466667
05-28 16:05:56.068 32371 1969 V IJKMEDIA: stream 1, sample 94, dts 2182676
05-28 16:05:56.068 32371 1969 V IJKMEDIA: stream 0, sample 75, dts 2466667
05-28 16:05:56.068 32371 1969 V IJKMEDIA: stream 1, sample 95, dts 2205896
05-28 16:05:56.068 32371 1969 V IJKMEDIA: stream 0, sample 75, dts 2466667
05-28 16:05:56.068 32371 1969 V IJKMEDIA: stream 1, sample 96, dts 2229116
05-28 16:05:56.068 32371 1969 V IJKMEDIA: stream 0, sample 75, dts 2466667
05-28 16:05:56.068 32371 1969 V IJKMEDIA: stream 1, sample 97, dts 2252336
05-28 16:05:56.068 32371 1969 V IJKMEDIA: stream 0, sample 75, dts 2466667
05-28 16:05:56.068 32371 1969 V IJKMEDIA: stream 1, sample 98, dts 2275556
05-28 16:05:56.068 32371 1969 V IJKMEDIA: stream 0, sample 75, dts 2466667
05-28 16:05:56.068 32371 1969 V IJKMEDIA: stream 1, sample 99, dts 2298776
05-28 16:05:56.068 32371 1969 V IJKMEDIA: stream 0, sample 75, dts 2466667
05-28 16:05:56.068 32371 1969 V IJKMEDIA: stream 1, sample 100, dts 2321995
05-28 16:05:56.068 32371 1969 V IJKMEDIA: stream 0, sample 75, dts 2466667
05-28 16:05:56.068 32371 1969 V IJKMEDIA: stream 1, sample 101, dts 2345215
05-28 16:05:56.068 32371 1977 D IJKMEDIA: no picture
05-28 16:05:56.068 32371 1969 V IJKMEDIA: stream 0, sample 75, dts 2466667
05-28 16:05:56.068 32371 1969 V IJKMEDIA: stream 1, sample 102, dts 2368435
05-28 16:05:56.068 32371 1969 V IJKMEDIA: stream 0, sample 75, dts 2466667
05-28 16:05:56.068 32371 1969 V IJKMEDIA: stream 1, sample 103, dts 2391655
05-28 16:05:56.068 32371 1969 V IJKMEDIA: stream 0, sample 75, dts 2466667
05-28 16:05:56.068 32371 1969 V IJKMEDIA: stream 1, sample 104, dts 2414875
05-28 16:05:56.068 32371 1969 V IJKMEDIA: stream 0, sample 75, dts 2466667
05-28 16:05:56.068 32371 1969 V IJKMEDIA: stream 1, sample 105, dts 2438095
05-28 16:05:56.069 32371 1969 V IJKMEDIA: stream 0, sample 76, dts 2500000
05-28 16:05:56.069 32371 1969 V IJKMEDIA: stream 1, sample 105, dts 2438095
05-28 16:05:56.069 32371 1969 V IJKMEDIA: stream 0, sample 77, dts 2533333
05-28 16:05:56.069 32371 1969 V IJKMEDIA: stream 1, sample 105, dts 2438095
05-28 16:05:56.069 32371 1969 V IJKMEDIA: stream 0, sample 78, dts 2566667
05-28 16:05:56.069 32371 1969 V IJKMEDIA: stream 1, sample 105, dts 2438095
05-28 16:05:56.069 32371 1969 V IJKMEDIA: stream 0, sample 79, dts 2600000
05-28 16:05:56.069 32371 1969 V IJKMEDIA: stream 1, sample 105, dts 2438095
05-28 16:05:56.069 32371 1969 V IJKMEDIA: stream 0, sample 80, dts 2633333
05-28 16:05:56.069 32371 1969 V IJKMEDIA: stream 1, sample 105, dts 2438095
05-28 16:05:56.069 32371 1969 V IJKMEDIA: stream 0, sample 81, dts 2666667
05-28 16:05:56.069 32371 1969 V IJKMEDIA: stream 1, sample 105, dts 2438095
05-28 16:05:56.069 32371 1969 V IJKMEDIA: stream 0, sample 82, dts 2700000
05-28 16:05:56.069 32371 1969 V IJKMEDIA: stream 1, sample 105, dts 2438095
05-28 16:05:56.069 32371 1969 V IJKMEDIA: stream 0, sample 83, dts 2733333
05-28 16:05:56.069 32371 1969 V IJKMEDIA: stream 1, sample 105, dts 2438095
05-28 16:05:56.069 32371 1969 V IJKMEDIA: stream 0, sample 84, dts 2766667
05-28 16:05:56.069 32371 1969 V IJKMEDIA: stream 1, sample 105, dts 2438095
05-28 16:05:56.069 32371 1969 V IJKMEDIA: stream 0, sample 85, dts 2800000
05-28 16:05:56.069 32371 1969 V IJKMEDIA: stream 1, sample 105, dts 2438095
05-28 16:05:56.069 32371 1969 V IJKMEDIA: stream 0, sample 86, dts 2833333
05-28 16:05:56.069 32371 1969 V IJKMEDIA: stream 1, sample 105, dts 2438095
05-28 16:05:56.069 32371 1969 V IJKMEDIA: stream 0, sample 87, dts 2866667
05-28 16:05:56.069 32371 1969 V IJKMEDIA: stream 1, sample 105, dts 2438095
05-28 16:05:56.069 32371 1969 V IJKMEDIA: stream 0, sample 88, dts 2900000
05-28 16:05:56.069 32371 1969 V IJKMEDIA: stream 1, sample 105, dts 2438095
05-28 16:05:56.069 32371 1969 V IJKMEDIA: stream 0, sample 89, dts 2933333
05-28 16:05:56.069 32371 1969 V IJKMEDIA: stream 1, sample 105, dts 2438095
05-28 16:05:56.069 32371 1969 V IJKMEDIA: stream 0, sample 89, dts 2933333
05-28 16:05:56.069 32371 1969 V IJKMEDIA: stream 1, sample 106, dts 2461315
05-28 16:05:56.069 32371 1969 V IJKMEDIA: stream 0, sample 89, dts 2933333
05-28 16:05:56.069 32371 1969 V IJKMEDIA: stream 1, sample 107, dts 2484535
05-28 16:05:56.069 32371 1969 V IJKMEDIA: stream 0, sample 89, dts 2933333
05-28 16:05:56.069 32371 1969 V IJKMEDIA: stream 1, sample 108, dts 2507755
05-28 16:05:56.069 32371 1969 V IJKMEDIA: stream 0, sample 89, dts 2933333
05-28 16:05:56.069 32371 1969 V IJKMEDIA: stream 1, sample 109, dts 2530975
05-28 16:05:56.069 32371 1969 V IJKMEDIA: stream 0, sample 89, dts 2933333
05-28 16:05:56.069 32371 1969 V IJKMEDIA: stream 1, sample 110, dts 2554195
05-28 16:05:56.069 32371 1969 V IJKMEDIA: stream 0, sample 89, dts 2933333
05-28 16:05:56.069 32371 1969 V IJKMEDIA: stream 1, sample 111, dts 2577415
05-28 16:05:56.069 32371 1969 V IJKMEDIA: stream 0, sample 89, dts 2933333
05-28 16:05:56.069 32371 1969 V IJKMEDIA: stream 1, sample 112, dts 2600635
05-28 16:05:56.069 32371 1969 V IJKMEDIA: stream 0, sample 89, dts 2933333
05-28 16:05:56.069 32371 1969 V IJKMEDIA: stream 1, sample 113, dts 2623855
05-28 16:05:56.069 32371 1969 V IJKMEDIA: stream 0, sample 89, dts 2933333
05-28 16:05:56.069 32371 1969 V IJKMEDIA: stream 1, sample 114, dts 2647075
05-28 16:05:56.069 32371 1969 V IJKMEDIA: stream 0, sample 89, dts 2933333
05-28 16:05:56.069 32371 1969 V IJKMEDIA: stream 1, sample 115, dts 2670295
05-28 16:05:56.069 32371 1969 V IJKMEDIA: stream 0, sample 89, dts 2933333
05-28 16:05:56.069 32371 1969 V IJKMEDIA: stream 1, sample 116, dts 2693515
05-28 16:05:56.069 32371 1969 V IJKMEDIA: stream 0, sample 89, dts 2933333
05-28 16:05:56.069 32371 1969 V IJKMEDIA: stream 1, sample 117, dts 2716735
05-28 16:05:56.069 32371 1969 V IJKMEDIA: stream 0, sample 89, dts 2933333
05-28 16:05:56.069 32371 1969 V IJKMEDIA: stream 1, sample 118, dts 2739955
05-28 16:05:56.069 32371 1969 V IJKMEDIA: stream 0, sample 89, dts 2933333
05-28 16:05:56.069 32371 1969 V IJKMEDIA: stream 1, sample 119, dts 2763175
05-28 16:05:56.069 32371 1969 V IJKMEDIA: stream 0, sample 89, dts 2933333
05-28 16:05:56.069 32371 1969 V IJKMEDIA: stream 1, sample 120, dts 2786395
05-28 16:05:56.069 32371 1969 V IJKMEDIA: stream 0, sample 89, dts 2933333
05-28 16:05:56.069 32371 1969 V IJKMEDIA: stream 1, sample 121, dts 2809615
05-28 16:05:56.069 32371 1969 V IJKMEDIA: stream 0, sample 89, dts 2933333
05-28 16:05:56.069 32371 1969 V IJKMEDIA: stream 1, sample 122, dts 2832834
05-28 16:05:56.069 32371 1969 V IJKMEDIA: stream 0, sample 89, dts 2933333
05-28 16:05:56.069 32371 1969 V IJKMEDIA: stream 1, sample 123, dts 2856054
05-28 16:05:56.069 32371 1969 V IJKMEDIA: stream 0, sample 89, dts 2933333
05-28 16:05:56.069 32371 1969 V IJKMEDIA: stream 1, sample 124, dts 2879274
05-28 16:05:56.069 32371 1969 V IJKMEDIA: stream 0, sample 89, dts 2933333
05-28 16:05:56.069 32371 1969 V IJKMEDIA: stream 1, sample 125, dts 2902494
05-28 16:05:56.069 32371 1969 V IJKMEDIA: stream 0, sample 89, dts 2933333
05-28 16:05:56.069 32371 1969 V IJKMEDIA: stream 1, sample 126, dts 2925714
05-28 16:05:56.069 32371 1969 V IJKMEDIA: stream 0, sample 90, dts 2966667
05-28 16:05:56.069 32371 1969 V IJKMEDIA: stream 1, sample 126, dts 2925714
05-28 16:05:56.069 32371 1969 V IJKMEDIA: stream 0, sample 91, dts 3000000
05-28 16:05:56.070 32371 1969 V IJKMEDIA: stream 1, sample 126, dts 2925714
05-28 16:05:56.070 32371 1969 V IJKMEDIA: stream 0, sample 92, dts 3033333
05-28 16:05:56.070 32371 1969 V IJKMEDIA: stream 1, sample 126, dts 2925714
05-28 16:05:56.070 32371 1969 V IJKMEDIA: stream 0, sample 93, dts 3066667
05-28 16:05:56.070 32371 1969 V IJKMEDIA: stream 1, sample 126, dts 2925714
05-28 16:05:56.070 32371 1969 V IJKMEDIA: stream 0, sample 94, dts 3100000
05-28 16:05:56.070 32371 1969 V IJKMEDIA: stream 1, sample 126, dts 2925714
05-28 16:05:56.070 32371 1969 V IJKMEDIA: stream 0, sample 95, dts 3133333
05-28 16:05:56.070 32371 1969 V IJKMEDIA: stream 1, sample 126, dts 2925714
05-28 16:05:56.070 32371 1969 V IJKMEDIA: stream 0, sample 96, dts 3166667
05-28 16:05:56.070 32371 1969 V IJKMEDIA: stream 1, sample 126, dts 2925714
05-28 16:05:56.070 32371 1969 V IJKMEDIA: stream 0, sample 97, dts 3200000
05-28 16:05:56.070 32371 1969 V IJKMEDIA: stream 1, sample 126, dts 2925714
05-28 16:05:56.070 32371 1969 V IJKMEDIA: stream 0, sample 98, dts 3233333
05-28 16:05:56.070 32371 1969 V IJKMEDIA: stream 1, sample 126, dts 2925714
05-28 16:05:56.070 32371 1969 V IJKMEDIA: stream 0, sample 99, dts 3266667
05-28 16:05:56.070 32371 1969 V IJKMEDIA: stream 1, sample 126, dts 2925714
05-28 16:05:56.070 32371 1969 V IJKMEDIA: stream 0, sample 100, dts 3300000
05-28 16:05:56.070 32371 1969 V IJKMEDIA: stream 1, sample 126, dts 2925714
05-28 16:05:56.070 32371 1969 V IJKMEDIA: stream 0, sample 101, dts 3333333
05-28 16:05:56.070 32371 1969 V IJKMEDIA: stream 1, sample 126, dts 2925714
05-28 16:05:56.070 32371 1969 V IJKMEDIA: stream 0, sample 102, dts 3366667
05-28 16:05:56.070 32371 1969 V IJKMEDIA: stream 1, sample 126, dts 2925714
05-28 16:05:56.070 32371 1969 V IJKMEDIA: stream 0, sample 103, dts 3400000
05-28 16:05:56.071 32371 1969 V IJKMEDIA: stream 1, sample 126, dts 2925714
05-28 16:05:56.071 32371 1969 V IJKMEDIA: stream 0, sample 103, dts 3400000
05-28 16:05:56.071 32371 1969 V IJKMEDIA: stream 1, sample 127, dts 2948934
05-28 16:05:56.071 32371 1969 V IJKMEDIA: stream 0, sample 103, dts 3400000
05-28 16:05:56.071 32371 1969 V IJKMEDIA: stream 1, sample 128, dts 2972154
05-28 16:05:56.071 32371 1969 V IJKMEDIA: stream 0, sample 103, dts 3400000
05-28 16:05:56.071 32371 1969 V IJKMEDIA: stream 1, sample 129, dts 2995374
05-28 16:05:56.071 32371 1969 V IJKMEDIA: stream 0, sample 103, dts 3400000
05-28 16:05:56.071 32371 1969 V IJKMEDIA: stream 1, sample 130, dts 3018594
05-28 16:05:56.071 32371 1969 V IJKMEDIA: stream 0, sample 103, dts 3400000
05-28 16:05:56.071 32371 1969 V IJKMEDIA: stream 1, sample 131, dts 3041814
05-28 16:05:56.071 32371 1969 V IJKMEDIA: stream 0, sample 103, dts 3400000
05-28 16:05:56.071 32371 1969 V IJKMEDIA: stream 1, sample 132, dts 3065034
05-28 16:05:56.071 32371 1969 V IJKMEDIA: stream 0, sample 103, dts 3400000
05-28 16:05:56.071 32371 1969 V IJKMEDIA: stream 1, sample 133, dts 3088254
05-28 16:05:56.071 32371 1969 V IJKMEDIA: stream 0, sample 103, dts 3400000
05-28 16:05:56.071 32371 1969 V IJKMEDIA: stream 1, sample 134, dts 3111474
05-28 16:05:56.071 32371 1969 V IJKMEDIA: stream 0, sample 103, dts 3400000
05-28 16:05:56.071 32371 1969 V IJKMEDIA: stream 1, sample 135, dts 3134694
05-28 16:05:56.071 32371 1969 V IJKMEDIA: stream 0, sample 103, dts 3400000
05-28 16:05:56.071 32371 1969 V IJKMEDIA: stream 1, sample 136, dts 3157914
05-28 16:05:56.071 32371 1969 V IJKMEDIA: stream 0, sample 103, dts 3400000
05-28 16:05:56.071 32371 1969 V IJKMEDIA: stream 1, sample 137, dts 3181134
05-28 16:05:56.071 32371 1969 V IJKMEDIA: stream 0, sample 103, dts 3400000
05-28 16:05:56.071 32371 1969 V IJKMEDIA: stream 1, sample 138, dts 3204354
05-28 16:05:56.071 32371 1969 V IJKMEDIA: stream 0, sample 103, dts 3400000
05-28 16:05:56.071 32371 1969 V IJKMEDIA: stream 1, sample 139, dts 3227574
05-28 16:05:56.071 32371 1969 V IJKMEDIA: stream 0, sample 103, dts 3400000
05-28 16:05:56.071 32371 1969 V IJKMEDIA: stream 1, sample 140, dts 3250794
05-28 16:05:56.071 32371 1969 V IJKMEDIA: stream 0, sample 103, dts 3400000
05-28 16:05:56.071 32371 1969 V IJKMEDIA: stream 1, sample 141, dts 3274014
05-28 16:05:56.071 32371 1969 V IJKMEDIA: stream 0, sample 103, dts 3400000
05-28 16:05:56.071 32371 1969 V IJKMEDIA: stream 1, sample 142, dts 3297234
05-28 16:05:56.071 32371 1969 V IJKMEDIA: stream 0, sample 103, dts 3400000
05-28 16:05:56.071 32371 1969 V IJKMEDIA: stream 1, sample 143, dts 3320454
05-28 16:05:56.071 32371 1969 V IJKMEDIA: stream 0, sample 103, dts 3400000
05-28 16:05:56.071 32371 1969 V IJKMEDIA: stream 1, sample 144, dts 3343673
05-28 16:05:56.071 32371 1969 V IJKMEDIA: stream 0, sample 103, dts 3400000
05-28 16:05:56.071 32371 1969 V IJKMEDIA: stream 1, sample 145, dts 3366893
05-28 16:05:56.071 32371 1969 V IJKMEDIA: stream 0, sample 103, dts 3400000
05-28 16:05:56.071 32371 1969 V IJKMEDIA: stream 1, sample 146, dts 3390113
05-28 16:05:56.071 32371 1969 V IJKMEDIA: stream 0, sample 103, dts 3400000
05-28 16:05:56.071 32371 1969 V IJKMEDIA: stream 1, sample 147, dts 3413333
05-28 16:05:56.071 32371 1980 D IJKMEDIA: nal_unit_type: 1, nal_ref_idc: 2
05-28 16:05:56.071 32371 1969 V IJKMEDIA: stream 0, sample 104, dts 3433333
05-28 16:05:56.071 32371 1969 V IJKMEDIA: stream 1, sample 147, dts 3413333
05-28 16:05:56.071 32371 1969 V IJKMEDIA: stream 0, sample 105, dts 3466667
05-28 16:05:56.071 32371 1969 V IJKMEDIA: stream 1, sample 147, dts 3413333
05-28 16:05:56.071 32371 1969 V IJKMEDIA: stream 0, sample 106, dts 3500000
05-28 16:05:56.071 32371 1969 V IJKMEDIA: stream 1, sample 147, dts 3413333
05-28 16:05:56.072 32371 1969 V IJKMEDIA: stream 0, sample 107, dts 3533333
05-28 16:05:56.072 32371 1969 V IJKMEDIA: stream 1, sample 147, dts 3413333
05-28 16:05:56.072 32371 1969 V IJKMEDIA: stream 0, sample 108, dts 3566667
05-28 16:05:56.072 32371 1969 V IJKMEDIA: stream 1, sample 147, dts 3413333
05-28 16:05:56.072 32371 1969 V IJKMEDIA: stream 0, sample 109, dts 3600000
05-28 16:05:56.072 32371 1969 V IJKMEDIA: stream 1, sample 147, dts 3413333
05-28 16:05:56.072 32371 1969 V IJKMEDIA: stream 0, sample 110, dts 3633333
05-28 16:05:56.072 32371 1969 V IJKMEDIA: stream 1, sample 147, dts 3413333
05-28 16:05:56.072 32371 1969 V IJKMEDIA: stream 0, sample 111, dts 3666667
05-28 16:05:56.072 32371 1969 V IJKMEDIA: stream 1, sample 147, dts 3413333
05-28 16:05:56.072 32371 1969 V IJKMEDIA: stream 0, sample 112, dts 3700000
05-28 16:05:56.072 32371 1969 V IJKMEDIA: stream 1, sample 147, dts 3413333
05-28 16:05:56.072 32371 1969 V IJKMEDIA: stream 0, sample 113, dts 3733333
05-28 16:05:56.072 32371 1969 V IJKMEDIA: stream 1, sample 147, dts 3413333
05-28 16:05:56.072 32371 1969 V IJKMEDIA: stream 0, sample 114, dts 3766667
05-28 16:05:56.072 32371 1969 V IJKMEDIA: stream 1, sample 147, dts 3413333
05-28 16:05:56.072 32371 1969 V IJKMEDIA: stream 0, sample 115, dts 3800000
05-28 16:05:56.072 32371 1969 V IJKMEDIA: stream 1, sample 147, dts 3413333
05-28 16:05:56.072 32371 1969 V IJKMEDIA: stream 0, sample 116, dts 3833333
05-28 16:05:56.072 32371 1969 V IJKMEDIA: stream 1, sample 147, dts 3413333
05-28 16:05:56.072 32371 1969 V IJKMEDIA: stream 0, sample 117, dts 3866667
05-28 16:05:56.072 32371 1969 V IJKMEDIA: stream 1, sample 147, dts 3413333
05-28 16:05:56.072 32371 1969 V IJKMEDIA: stream 0, sample 117, dts 3866667
05-28 16:05:56.072 32371 1969 V IJKMEDIA: stream 1, sample 148, dts 3436553
05-28 16:05:56.072 32371 1969 V IJKMEDIA: stream 0, sample 117, dts 3866667
05-28 16:05:56.072 32371 1969 V IJKMEDIA: stream 1, sample 149, dts 3459773
05-28 16:05:56.072 32371 1969 V IJKMEDIA: stream 0, sample 117, dts 3866667
05-28 16:05:56.072 32371 1969 V IJKMEDIA: stream 1, sample 150, dts 3482993
05-28 16:05:56.072 32371 1969 V IJKMEDIA: stream 0, sample 117, dts 3866667
05-28 16:05:56.072 32371 1969 V IJKMEDIA: stream 1, sample 151, dts 3506213
05-28 16:05:56.072 32371 1969 V IJKMEDIA: stream 0, sample 117, dts 3866667
05-28 16:05:56.072 32371 1969 V IJKMEDIA: stream 1, sample 152, dts 3529433
05-28 16:05:56.072 32371 1969 V IJKMEDIA: stream 0, sample 117, dts 3866667
05-28 16:05:56.072 32371 1969 V IJKMEDIA: stream 1, sample 153, dts 3552653
05-28 16:05:56.072 32371 1969 V IJKMEDIA: stream 0, sample 117, dts 3866667
05-28 16:05:56.072 32371 1969 V IJKMEDIA: stream 1, sample 154, dts 3575873
05-28 16:05:56.072 32371 1969 V IJKMEDIA: stream 0, sample 117, dts 3866667
05-28 16:05:56.072 32371 1969 V IJKMEDIA: stream 1, sample 155, dts 3599093
05-28 16:05:56.072 32371 1969 V IJKMEDIA: stream 0, sample 117, dts 3866667
05-28 16:05:56.072 32371 1969 V IJKMEDIA: stream 1, sample 156, dts 3622313
05-28 16:05:56.072 32371 1969 V IJKMEDIA: stream 0, sample 117, dts 3866667
05-28 16:05:56.072 32371 1969 V IJKMEDIA: stream 1, sample 157, dts 3645533
05-28 16:05:56.072 32371 1969 V IJKMEDIA: stream 0, sample 117, dts 3866667
05-28 16:05:56.072 32371 1969 V IJKMEDIA: stream 1, sample 158, dts 3668753
05-28 16:05:56.072 32371 1969 V IJKMEDIA: stream 0, sample 117, dts 3866667
05-28 16:05:56.072 32371 1969 V IJKMEDIA: stream 1, sample 159, dts 3691973
05-28 16:05:56.072 32371 1969 V IJKMEDIA: stream 0, sample 117, dts 3866667
05-28 16:05:56.072 32371 1969 V IJKMEDIA: stream 1, sample 160, dts 3715193
05-28 16:05:56.072 32371 1969 V IJKMEDIA: stream 0, sample 117, dts 3866667
05-28 16:05:56.072 32371 1969 V IJKMEDIA: stream 1, sample 161, dts 3738413
05-28 16:05:56.072 32371 1969 V IJKMEDIA: stream 0, sample 117, dts 3866667
05-28 16:05:56.072 32371 1969 V IJKMEDIA: stream 1, sample 162, dts 3761633
05-28 16:05:56.072 32371 1969 V IJKMEDIA: stream 0, sample 117, dts 3866667
05-28 16:05:56.072 32371 1969 V IJKMEDIA: stream 1, sample 163, dts 3784853
05-28 16:05:56.072 32371 1969 V IJKMEDIA: stream 0, sample 117, dts 3866667
05-28 16:05:56.072 32371 1969 V IJKMEDIA: stream 1, sample 164, dts 3808073
05-28 16:05:56.072 32371 1969 V IJKMEDIA: stream 0, sample 117, dts 3866667
05-28 16:05:56.072 32371 1969 V IJKMEDIA: stream 1, sample 165, dts 3831293
05-28 16:05:56.072 32371 1969 V IJKMEDIA: stream 0, sample 117, dts 3866667
05-28 16:05:56.072 32371 1969 V IJKMEDIA: stream 1, sample 166, dts 3854512
05-28 16:05:56.072 32371 1969 V IJKMEDIA: stream 0, sample 117, dts 3866667
05-28 16:05:56.072 32371 1969 V IJKMEDIA: stream 1, sample 167, dts 3877732
05-28 16:05:56.072 32371 1969 V IJKMEDIA: stream 0, sample 117, dts 3866667
05-28 16:05:56.072 32371 1969 V IJKMEDIA: stream 1, sample 168, dts 3900952
05-28 16:05:56.073 32371 1969 V IJKMEDIA: stream 0, sample 118, dts 3900000
05-28 16:05:56.073 32371 1969 V IJKMEDIA: stream 1, sample 168, dts 3900952
05-28 16:05:56.073 32371 1969 V IJKMEDIA: stream 0, sample 119, dts 3933333
05-28 16:05:56.073 32371 1969 V IJKMEDIA: stream 1, sample 168, dts 3900952
05-28 16:05:56.073 32371 1969 V IJKMEDIA: stream 0, sample 120, dts 3966667
05-28 16:05:56.073 32371 1969 V IJKMEDIA: stream 1, sample 168, dts 3900952
05-28 16:05:56.073 32371 1969 V IJKMEDIA: stream 0, sample 121, dts 4000000
05-28 16:05:56.073 32371 1969 V IJKMEDIA: stream 1, sample 168, dts 3900952
05-28 16:05:56.073 32371 1969 V IJKMEDIA: stream 0, sample 122, dts 4033333
05-28 16:05:56.073 32371 1969 V IJKMEDIA: stream 1, sample 168, dts 3900952
05-28 16:05:56.073 32371 1969 V IJKMEDIA: stream 0, sample 123, dts 4066667
05-28 16:05:56.073 32371 1969 V IJKMEDIA: stream 1, sample 168, dts 3900952
05-28 16:05:56.073 32371 1969 V IJKMEDIA: stream 0, sample 124, dts 4100000
05-28 16:05:56.073 32371 1969 V IJKMEDIA: stream 1, sample 168, dts 3900952
05-28 16:05:56.073 32371 1969 V IJKMEDIA: stream 0, sample 125, dts 4133333
05-28 16:05:56.073 32371 1969 V IJKMEDIA: stream 1, sample 168, dts 3900952
05-28 16:05:56.073 32371 1969 V IJKMEDIA: stream 0, sample 126, dts 4166667
05-28 16:05:56.073 32371 1969 V IJKMEDIA: stream 1, sample 168, dts 3900952
05-28 16:05:56.073 32371 1969 V IJKMEDIA: stream 0, sample 127, dts 4200000
05-28 16:05:56.073 32371 1969 V IJKMEDIA: stream 1, sample 168, dts 3900952
05-28 16:05:56.073 32371 1969 V IJKMEDIA: stream 0, sample 128, dts 4233333
05-28 16:05:56.073 32371 1969 V IJKMEDIA: stream 1, sample 168, dts 3900952
05-28 16:05:56.073 32371 1969 V IJKMEDIA: stream 0, sample 129, dts 4266667
05-28 16:05:56.073 32371 1969 V IJKMEDIA: stream 1, sample 168, dts 3900952
05-28 16:05:56.073 32371 1969 V IJKMEDIA: stream 0, sample 130, dts 4300000
05-28 16:05:56.073 32371 1969 V IJKMEDIA: stream 1, sample 168, dts 3900952
05-28 16:05:56.073 32371 1969 V IJKMEDIA: stream 0, sample 131, dts 4333333
05-28 16:05:56.073 32371 1969 V IJKMEDIA: stream 1, sample 168, dts 3900952
05-28 16:05:56.073 32371 1969 V IJKMEDIA: stream 0, sample 131, dts 4333333
05-28 16:05:56.073 32371 1969 V IJKMEDIA: stream 1, sample 169, dts 3924172
05-28 16:05:56.073 32371 1969 V IJKMEDIA: stream 0, sample 131, dts 4333333
05-28 16:05:56.073 32371 1969 V IJKMEDIA: stream 1, sample 170, dts 3947392
05-28 16:05:56.073 32371 1969 V IJKMEDIA: stream 0, sample 131, dts 4333333
05-28 16:05:56.073 32371 1969 V IJKMEDIA: stream 1, sample 171, dts 3970612
05-28 16:05:56.073 32371 1969 V IJKMEDIA: stream 0, sample 131, dts 4333333
05-28 16:05:56.073 32371 1969 V IJKMEDIA: stream 1, sample 172, dts 3993832
05-28 16:05:56.073 32371 1969 V IJKMEDIA: stream 0, sample 131, dts 4333333
05-28 16:05:56.073 32371 1969 V IJKMEDIA: stream 1, sample 173, dts 4017052
05-28 16:05:56.073 32371 1969 V IJKMEDIA: stream 0, sample 131, dts 4333333
05-28 16:05:56.073 32371 1969 V IJKMEDIA: stream 1, sample 174, dts 4040272
05-28 16:05:56.073 32371 1969 V IJKMEDIA: stream 0, sample 131, dts 4333333
05-28 16:05:56.073 32371 1969 V IJKMEDIA: stream 1, sample 175, dts 4063492
05-28 16:05:56.073 32371 1969 V IJKMEDIA: stream 0, sample 131, dts 4333333
05-28 16:05:56.073 32371 1969 V IJKMEDIA: stream 1, sample 176, dts 4086712
05-28 16:05:56.073 32371 1969 V IJKMEDIA: stream 0, sample 131, dts 4333333
05-28 16:05:56.073 32371 1969 V IJKMEDIA: stream 1, sample 177, dts 4109932
05-28 16:05:56.073 32371 1969 V IJKMEDIA: stream 0, sample 131, dts 4333333
05-28 16:05:56.073 32371 1969 V IJKMEDIA: stream 1, sample 178, dts 4133152
05-28 16:05:56.073 32371 1969 V IJKMEDIA: stream 0, sample 131, dts 4333333
05-28 16:05:56.073 32371 1969 V IJKMEDIA: stream 1, sample 179, dts 4156372
05-28 16:05:56.073 32371 1969 V IJKMEDIA: stream 0, sample 131, dts 4333333
05-28 16:05:56.073 32371 1969 V IJKMEDIA: stream 1, sample 180, dts 4179592
05-28 16:05:56.073 32371 1969 V IJKMEDIA: stream 0, sample 131, dts 4333333
05-28 16:05:56.073 32371 1969 V IJKMEDIA: stream 1, sample 181, dts 4202812
05-28 16:05:56.073 32371 1969 V IJKMEDIA: stream 0, sample 131, dts 4333333
05-28 16:05:56.073 32371 1969 V IJKMEDIA: stream 1, sample 182, dts 4226032
05-28 16:05:56.073 32371 1969 V IJKMEDIA: stream 0, sample 131, dts 4333333
05-28 16:05:56.073 32371 1969 V IJKMEDIA: stream 1, sample 183, dts 4249252
05-28 16:05:56.073 32371 1969 V IJKMEDIA: stream 0, sample 131, dts 4333333
05-28 16:05:56.073 32371 1969 V IJKMEDIA: stream 1, sample 184, dts 4272472
05-28 16:05:56.073 32371 1969 V IJKMEDIA: stream 0, sample 131, dts 4333333
05-28 16:05:56.073 32371 1969 V IJKMEDIA: stream 1, sample 185, dts 4295692
05-28 16:05:56.073 32371 1969 V IJKMEDIA: stream 0, sample 131, dts 4333333
05-28 16:05:56.073 32371 1969 V IJKMEDIA: stream 1, sample 186, dts 4318912
05-28 16:05:56.073 32371 1969 V IJKMEDIA: stream 0, sample 131, dts 4333333
05-28 16:05:56.073 32371 1969 V IJKMEDIA: stream 1, sample 187, dts 4342132
05-28 16:05:56.073 32371 1969 V IJKMEDIA: stream 0, sample 131, dts 4333333
05-28 16:05:56.073 32371 1969 V IJKMEDIA: stream 1, sample 188, dts 4365351
05-28 16:05:56.073 32371 1969 V IJKMEDIA: stream 0, sample 131, dts 4333333
05-28 16:05:56.073 32371 1969 V IJKMEDIA: stream 1, sample 189, dts 4388571
05-28 16:05:56.073 32371 1969 V IJKMEDIA: stream 0, sample 132, dts 4366667
05-28 16:05:56.073 32371 1969 V IJKMEDIA: stream 1, sample 189, dts 4388571
05-28 16:05:56.074 32371 1969 V IJKMEDIA: stream 0, sample 133, dts 4400000
05-28 16:05:56.074 32371 1985 D IJKMEDIA: nal_unit_type: 1, nal_ref_idc: 2
05-28 16:05:56.074 32371 1969 V IJKMEDIA: stream 1, sample 189, dts 4388571
05-28 16:05:56.074 32371 1969 V IJKMEDIA: stream 0, sample 134, dts 4433333
05-28 16:05:56.074 32371 1969 V IJKMEDIA: stream 1, sample 189, dts 4388571
05-28 16:05:56.074 32371 1969 V IJKMEDIA: stream 0, sample 135, dts 4466667
05-28 16:05:56.074 32371 1969 V IJKMEDIA: stream 1, sample 189, dts 4388571
05-28 16:05:56.074 32371 1969 V IJKMEDIA: stream 0, sample 136, dts 4500000
05-28 16:05:56.074 32371 1969 V IJKMEDIA: stream 1, sample 189, dts 4388571
05-28 16:05:56.074 32371 1969 V IJKMEDIA: stream 0, sample 137, dts 4533333
05-28 16:05:56.074 32371 1969 V IJKMEDIA: stream 1, sample 189, dts 4388571
05-28 16:05:56.074 32371 1969 V IJKMEDIA: stream 0, sample 138, dts 4566667
05-28 16:05:56.074 32371 1969 V IJKMEDIA: stream 1, sample 189, dts 4388571
05-28 16:05:56.074 32371 1969 V IJKMEDIA: stream 0, sample 139, dts 4600000
05-28 16:05:56.074 32371 1969 V IJKMEDIA: stream 1, sample 189, dts 4388571
05-28 16:05:56.074 32371 1969 V IJKMEDIA: stream 0, sample 140, dts 4633333
05-28 16:05:56.074 32371 1969 V IJKMEDIA: stream 1, sample 189, dts 4388571
05-28 16:05:56.074 32371 1969 V IJKMEDIA: stream 0, sample 141, dts 4666667
05-28 16:05:56.074 32371 1969 V IJKMEDIA: stream 1, sample 189, dts 4388571
05-28 16:05:56.074 32371 1969 V IJKMEDIA: stream 0, sample 142, dts 4700000
