05-28 16:05:56.156 32371 1969 V IJKMEDIA: stream 1, sample 1511, dts 35085351
05-28 16:05:56.156 32371 1969 V IJKMEDIA: stream 0, sample 1069, dts 35600000
05-28 16:05:56.156 32371 1969 V IJKMEDIA: stream 1, sample 1511, dts 35085351
05-28 16:05:56.156 32371 1969 V IJKMEDIA: stream 0, sample 1069, dts 35600000
05-28 16:05:56.156 32371 1969 V IJKMEDIA: stream 1, sample 1512, dts 35108571
05-28 16:05:56.156 32371 1969 V IJKMEDIA: stream 0, sample 1069, dts 35600000
05-28 16:05:56.156 32371 1969 V IJKMEDIA: stream 1, sample 1513, dts 35131791
05-28 16:05:56.156 32371 1969 V IJKMEDIA: stream 0, sample 1069, dts 35600000
05-28 16:05:56.156 32371 1969 V IJKMEDIA: stream 1, sample 1514, dts 35155011
05-28 16:05:56.156 32371 1969 V IJKMEDIA: stream 0, sample 1069, dts 35600000
05-28 16:05:56.156 32371 1969 V IJKMEDIA: stream 1, sample 1515, dts 35178231
05-28 16:05:56.156 32371 1969 V IJKMEDIA: stream 0, sample 1069, dts 35600000
05-28 16:05:56.156 32371 1969 V IJKMEDIA: stream 1, sample 1516, dts 35201451
05-28 16:05:56.156 32371 1969 V IJKMEDIA: stream 0, sample 1069, dts 35600000
05-28 16:05:56.156 32371 1969 V IJKMEDIA: stream 1, sample 1517, dts 35224671
05-28 16:05:56.156 32371 1969 V IJKMEDIA: stream 0, sample 1069, dts 35600000
05-28 16:05:56.156 32371 1969 V IJKMEDIA: stream 1, sample 1518, dts 35247891
05-28 16:05:56.156 32371 1969 V IJKMEDIA: stream 0, sample 1069, dts 35600000
05-28 16:05:56.156 32371 1969 V IJKMEDIA: stream 1, sample 1519, dts 35271111
05-28 16:05:56.156 32371 1969 V IJKMEDIA: stream 0, sample 1069, dts 35600000
05-28 16:05:56.156 32371 1969 V IJKMEDIA: stream 1, sample 1520, dts 35294331
05-28 16:05:56.156 32371 1969 V IJKMEDIA: stream 0, sample 1069, dts 35600000
05-28 16:05:56.156 32371 1969 V IJKMEDIA: stream 1, sample 1521, dts 35317551
05-28 16:05:56.156 32371 1969 V IJKMEDIA: stream 0, sample 1069, dts 35600000
05-28 16:05:56.156 32371 1969 V IJKMEDIA: stream 1, sample 1522, dts 35340771
05-28 16:05:56.156 32371 1969 V IJKMEDIA: stream 0, sample 1069, dts 35600000
05-28 16:05:56.156 32371 1969 V IJKMEDIA: stream 1, sample 1523, dts 35363991
05-28 16:05:56.156 32371 1969 V IJKMEDIA: stream 0, sample 1069, dts 35600000
05-28 16:05:56.156 32371 1969 V IJKMEDIA: stream 1, sample 1524, dts 35387211
05-28 16:05:56.156 32371 1969 V IJKMEDIA: stream 0, sample 1069, dts 35600000
05-28 16:05:56.156 32371 1969 V IJKMEDIA: stream 1, sample 1525, dts 35410431
05-28 16:05:56.156 32371 1969 V IJKMEDIA: stream 0, sample 1069, dts 35600000
05-28 16:05:56.156 32371 1969 V IJKMEDIA: stream 1, sample 1526, dts 35433651
05-28 16:05:56.156 32371 1969 V IJKMEDIA: stream 0, sample 1069, dts 35600000
05-28 16:05:56.156 32371 1969 V IJKMEDIA: stream 1, sample 1527, dts 35456871
05-28 16:05:56.156 32371 1969 V IJKMEDIA: stream 0, sample 1069, dts 35600000
05-28 16:05:56.156 32371 1969 V IJKMEDIA: stream 1, sample 1528, dts 35480091
05-28 16:05:56.156 32371 1969 V IJKMEDIA: stream 0, sample 1069, dts 35600000
05-28 16:05:56.156 32371 1969 V IJKMEDIA: stream 1, sample 1529, dts 35503311
05-28 16:05:56.156 32371 1969 V IJKMEDIA: stream 0, sample 1069, dts 35600000
05-28 16:05:56.156 32371 1969 V IJKMEDIA: stream 1, sample 1530, dts 35526531
05-28 16:05:56.156 32371 1969 V IJKMEDIA: stream 0, sample 1069, dts 35600000
05-28 16:05:56.156 32371 1969 V IJKMEDIA: stream 1, sample 1531, dts 35549751
05-28 16:05:56.156 32371 1969 V IJKMEDIA: stream 0, sample 1070, dts 35633333
05-28 16:05:56.156 32371 1969 V IJKMEDIA: stream 1, sample 1531, dts 35549751
05-28 16:05:56.156 32371 1969 V IJKMEDIA: stream 0, sample 1071, dts 35666667
05-28 16:05:56.156 32371 1969 V IJKMEDIA: stream 1, sample 1531, dts 35549751
05-28 16:05:56.156 32371 1969 V IJKMEDIA: stream 0, sample 1072, dts 35700000
05-28 16:05:56.156 32371 1969 V IJKMEDIA: stream 1, sample 1531, dts 35549751
05-28 16:05:56.156 32371 1969 V IJKMEDIA: stream 0, sample 1073, dts 35733333
05-28 16:05:56.156 32371 1969 V IJKMEDIA: stream 1, sample 1531, dts 35549751
05-28 16:05:56.156 32371 1969 V IJKMEDIA: stream 0, sample 1074, dts 35766667
05-28 16:05:56.156 32371 1969 V IJKMEDIA: stream 1, sample 1531, dts 35549751
05-28 16:05:56.156 32371 1969 V IJKMEDIA: stream 0, sample 1075, dts 35800000
05-28 16:05:56.156 32371 1969 V IJKMEDIA: stream 1, sample 1531, dts 35549751
05-28 16:05:56.156 32371 1969 V IJKMEDIA: stream 0, sample 1076, dts 35833333
05-28 16:05:56.156 32371 1969 V IJKMEDIA: stream 1, sample 1531, dts 35549751
05-28 16:05:56.156 32371 1969 V IJKMEDIA: stream 0, sample 1077, dts 35866667
05-28 16:05:56.156 32371 1969 V IJKMEDIA: stream 1, sample 1531, dts 35549751
05-28 16:05:56.156 32371 1969 V IJKMEDIA: stream 0, sample 1078, dts 35900000
05-28 16:05:56.156 32371 1969 V IJKMEDIA: stream 1, sample 1531, dts 35549751
05-28 16:05:56.156 32371 1969 V IJKMEDIA: stream 0, sample 1079, dts 35933333
05-28 16:05:56.156 32371 1969 V IJKMEDIA: stream 1, sample 1531, dts 35549751
05-28 16:05:56.157 32371 1969 V IJKMEDIA: stream 0, sample 1080, dts 35966667
05-28 16:05:56.157 32371 1969 V IJKMEDIA: stream 1, sample 1531, dts 35549751
05-28 16:05:56.157 32371 1969 V IJKMEDIA: stream 0, sample 1081, dts 36000000
05-28 16:05:56.157 32371 1969 V IJKMEDIA: stream 1, sample 1531, dts 35549751
05-28 16:05:56.157 32371 1969 V IJKMEDIA: stream 0, sample 1082, dts 36033333
05-28 16:05:56.157 32371 1969 V IJKMEDIA: stream 1, sample 1531, dts 35549751
05-28 16:05:56.157 32371 1969 V IJKMEDIA: stream 0, sample 1083, dts 36066667
05-28 16:05:56.157 32371 1969 V IJKMEDIA: stream 1, sample 1531, dts 35549751
05-28 16:05:56.157 32371 1969 V IJKMEDIA: stream 0, sample 1083, dts 36066667
05-28 16:05:56.157 32371 1969 V IJKMEDIA: stream 1, sample 1532, dts 35572971
05-28 16:05:56.157 32371 1969 V IJKMEDIA: stream 0, sample 1083, dts 36066667
05-28 16:05:56.157 32371 1969 V IJKMEDIA: stream 1, sample 1533, dts 35596190
05-28 16:05:56.157 32371 1969 V IJKMEDIA: stream 0, sample 1083, dts 36066667
05-28 16:05:56.157 32371 1969 V IJKMEDIA: stream 1, sample 1534, dts 35619410
05-28 16:05:56.157 32371 1969 V IJKMEDIA: stream 0, sample 1083, dts 36066667
05-28 16:05:56.157 32371 1969 V IJKMEDIA: stream 1, sample 1535, dts 35642630
05-28 16:05:56.157 32371 1969 V IJKMEDIA: stream 0, sample 1083, dts 36066667
05-28 16:05:56.157 32371 1969 V IJKMEDIA: stream 1, sample 1536, dts 35665850
05-28 16:05:56.157 32371 1969 V IJKMEDIA: stream 0, sample 1083, dts 36066667
05-28 16:05:56.157 32371 1969 V IJKMEDIA: stream 1, sample 1537, dts 35689070
05-28 16:05:56.157 32371 1969 V IJKMEDIA: stream 0, sample 1083, dts 36066667
05-28 16:05:56.157 32371 1969 V IJKMEDIA: stream 1, sample 1538, dts 35712290
05-28 16:05:56.157 32371 1969 V IJKMEDIA: stream 0, sample 1083, dts 36066667
05-28 16:05:56.157 32371 1969 V IJKMEDIA: stream 1, sample 1539, dts 35735510
05-28 16:05:56.157 32371 1969 V IJKMEDIA: stream 0, sample 1083, dts 36066667
05-28 16:05:56.157 32371 1969 V IJKMEDIA: stream 1, sample 1540, dts 35758730
05-28 16:05:56.157 32371 1969 V IJKMEDIA: stream 0, sample 1083, dts 36066667
05-28 16:05:56.157 32371 1969 V IJKMEDIA: stream 1, sample 1541, dts 35781950
05-28 16:05:56.157 32371 1969 V IJKMEDIA: stream 0, sample 1083, dts 36066667
05-28 16:05:56.157 32371 1969 V IJKMEDIA: stream 1, sample 1542, dts 35805170
05-28 16:05:56.157 32371 1969 V IJKMEDIA: stream 0, sample 1083, dts 36066667
05-28 16:05:56.157 32371 1969 V IJKMEDIA: stream 1, sample 1543, dts 35828390
05-28 16:05:56.157 32371 1969 V IJKMEDIA: stream 0, sample 1083, dts 36066667
05-28 16:05:56.157 32371 1969 V IJKMEDIA: stream 1, sample 1544, dts 35851610
05-28 16:05:56.157 32371 1969 V IJKMEDIA: stream 0, sample 1083, dts 36066667
05-28 16:05:56.157 32371 1969 V IJKMEDIA: stream 1, sample 1545, dts 35874830
05-28 16:05:56.157 32371 1969 V IJKMEDIA: stream 0, sample 1083, dts 36066667
05-28 16:05:56.157 32371 1969 V IJKMEDIA: stream 1, sample 1546, dts 35898050
05-28 16:05:56.157 32371 1969 V IJKMEDIA: stream 0, sample 1083, dts 36066667
05-28 16:05:56.157 32371 1969 V IJKMEDIA: stream 1, sample 1547, dts 35921270
05-28 16:05:56.157 32371 1969 V IJKMEDIA: stream 0, sample 1083, dts 36066667
05-28 16:05:56.157 32371 1969 V IJKMEDIA: stream 1, sample 1548, dts 35944490
05-28 16:05:56.157 32371 1969 V IJKMEDIA: stream 0, sample 1083, dts 36066667
05-28 16:05:56.157 32371 1969 V IJKMEDIA: stream 1, sample 1549, dts 35967710
05-28 16:05:56.157 32371 1969 V IJKMEDIA: stream 0, sample 1083, dts 36066667
05-28 16:05:56.157 32371 1969 V IJKMEDIA: stream 1, sample 1550, dts 35990930
05-28 16:05:56.157 32371 1969 V IJKMEDIA: stream 0, sample 1083, dts 36066667
05-28 16:05:56.157 32371 1969 V IJKMEDIA: stream 1, sample 1551, dts 36014150
05-28 16:05:56.157 32371 1969 V IJKMEDIA: stream 0, sample 1084, dts 36100000
05-28 16:05:56.157 32371 1969 V IJKMEDIA: stream 1, sample 1551, dts 36014150
05-28 16:05:56.157 32371 1969 V IJKMEDIA: stream 0, sample 1085, dts 36133333
05-28 16:05:56.157 32371 1969 V IJKMEDIA: stream 1, sample 1551, dts 36014150
05-28 16:05:56.157 32371 1969 V IJKMEDIA: stream 0, sample 1086, dts 36166667
05-28 16:05:56.157 32371 1969 V IJKMEDIA: stream 1, sample 1551, dts 36014150
05-28 16:05:56.157 32371 1969 V IJKMEDIA: stream 0, sample 1087, dts 36200000
05-28 16:05:56.157 32371 1969 V IJKMEDIA: stream 1, sample 1551, dts 36014150
05-28 16:05:56.157 32371 1969 V IJKMEDIA: stream 0, sample 1088, dts 36233333
05-28 16:05:56.157 32371 1969 V IJKMEDIA: stream 1, sample 1551, dts 36014150
05-28 16:05:56.157 32371 1969 V IJKMEDIA: stream 0, sample 1089, dts 36266667
05-28 16:05:56.157 32371 1969 V IJKMEDIA: stream 1, sample 1551, dts 36014150
05-28 16:05:56.157 32371 1969 V IJKMEDIA: stream 0, sample 1090, dts 36300000
05-28 16:05:56.157 32371 1969 V IJKMEDIA: stream 1, sample 1551, dts 36014150
05-28 16:05:56.157 32371 1969 V IJKMEDIA: stream 0, sample 1091, dts 36333333
05-28 16:05:56.157 32371 1969 V IJKMEDIA: stream 1, sample 1551, dts 36014150
05-28 16:05:56.157 32371 1969 V IJKMEDIA: stream 0, sample 1092, dts 36366667
05-28 16:05:56.157 32371 1969 V IJKMEDIA: stream 1, sample 1551, dts 36014150
05-28 16:05:56.157 32371 1969 V IJKMEDIA: stream 0, sample 1093, dts 36400000
05-28 16:05:56.157 32371 1969 V IJKMEDIA: stream 1, sample 1551, dts 36014150
05-28 16:05:56.157 32371 1969 V IJKMEDIA: stream 0, sample 1094, dts 36433333
05-28 16:05:56.157 32371 1969 V IJKMEDIA: stream 1, sample 1551, dts 36014150
05-28 16:05:56.157 32371 1969 V IJKMEDIA: stream 0, sample 1095, dts 36466667
05-28 16:05:56.157 32371 1969 V IJKMEDIA: stream 1, sample 1551, dts 36014150
05-28 16:05:56.157 32371 1969 V IJKMEDIA: stream 0, sample 1096, dts 36500000
05-28 16:05:56.157 32371 1969 V IJKMEDIA: stream 1, sample 1551, dts 36014150
05-28 16:05:56.157 32371 1969 V IJKMEDIA: stream 0, sample 1096, dts 36500000
05-28 16:05:56.157 32371 1969 V IJKMEDIA: stream 1, sample 1552, dts 36037370
05-28 16:05:56.157 32371 1969 V IJKMEDIA: stream 0, sample 1096, dts 36500000
05-28 16:05:56.157 32371 1969 V IJKMEDIA: stream 1, sample 1553, dts 36060590
05-28 16:05:56.157 32371 1969 V IJKMEDIA: stream 0, sample 1096, dts 36500000
05-28 16:05:56.157 32371 1969 V IJKMEDIA: stream 1, sample 1554, dts 36083810
05-28 16:05:56.157 32371 1969 V IJKMEDIA: stream 0, sample 1096, dts 36500000
05-28 16:05:56.157 32371 1969 V IJKMEDIA: stream 1, sample 1555, dts 36107029
05-28 16:05:56.158 32371 1969 V IJKMEDIA: stream 0, sample 1096, dts 36500000
05-28 16:05:56.158 32371 1969 V IJKMEDIA: stream 1, sample 1556, dts 36130249
05-28 16:05:56.158 32371 1969 V IJKMEDIA: stream 0, sample 1096, dts 36500000
05-28 16:05:56.158 32371 1969 V IJKMEDIA: stream 1, sample 1557, dts 36153469
05-28 16:05:56.158 32371 1969 V IJKMEDIA: stream 0, sample 1096, dts 36500000
05-28 16:05:56.158 32371 1969 V IJKMEDIA: stream 1, sample 1558, dts 36176689
05-28 16:05:56.158 32371 1969 V IJKMEDIA: stream 0, sample 1096, dts 36500000
05-28 16:05:56.158 32371 1969 V IJKMEDIA: stream 1, sample 1559, dts 36199909
05-28 16:05:56.158 32371 1969 V IJKMEDIA: stream 0, sample 1096, dts 36500000
05-28 16:05:56.158 32371 1969 V IJKMEDIA: stream 1, sample 1560, dts 36223129
05-28 16:05:56.158 32371 1969 V IJKMEDIA: stream 0, sample 1096, dts 36500000
05-28 16:05:56.158 32371 1969 V IJKMEDIA: stream 1, sample 1561, dts 36246349
05-28 16:05:56.158 32371 1969 V IJKMEDIA: stream 0, sample 1096, dts 36500000
05-28 16:05:56.158 32371 1969 V IJKMEDIA: stream 1, sample 1562, dts 36269569
05-28 16:05:56.158 32371 1969 V IJKMEDIA: stream 0, sample 1096, dts 36500000
05-28 16:05:56.158 32371 1969 V IJKMEDIA: stream 1, sample 1563, dts 36292789
05-28 16:05:56.158 32371 1969 V IJKMEDIA: stream 0, sample 1096, dts 36500000
05-28 16:05:56.158 32371 1969 V IJKMEDIA: stream 1, sample 1564, dts 36316009
05-28 16:05:56.158 32371 1969 V IJKMEDIA: stream 0, sample 1096, dts 36500000
05-28 16:05:56.158 32371 1969 V IJKMEDIA: stream 1, sample 1565, dts 36339229
05-28 16:05:56.158 32371 1969 V IJKMEDIA: stream 0, sample 1096, dts 36500000
05-28 16:05:56.158 32371 1969 V IJKMEDIA: stream 1, sample 1566, dts 36362449
05-28 16:05:56.158 32371 1969 V IJKMEDIA: stream 0, sample 1096, dts 36500000
05-28 16:05:56.158 32371 1969 V IJKMEDIA: stream 1, sample 1567, dts 36385669
05-28 16:05:56.158 32371 1969 V IJKMEDIA: stream 0, sample 1096, dts 36500000
05-28 16:05:56.158 32371 1969 V IJKMEDIA: stream 1, sample 1568, dts 36408889
05-28 16:05:56.158 32371 1969 V IJKMEDIA: stream 0, sample 1096, dts 36500000
05-28 16:05:56.158 32371 1969 V IJKMEDIA: stream 1, sample 1569, dts 36432109
05-28 16:05:56.158 32371 1969 V IJKMEDIA: stream 0, sample 1096, dts 36500000
05-28 16:05:56.158 32371 1969 V IJKMEDIA: stream 1, sample 1570, dts 36455329
05-28 16:05:56.158 32371 1969 V IJKMEDIA: stream 0, sample 1096, dts 36500000
05-28 16:05:56.158 32371 1969 V IJKMEDIA: stream 1, sample 1571, dts 36478549
05-28 16:05:56.158 32371 1969 V IJKMEDIA: stream 0, sample 1097, dts 36533333
05-28 16:05:56.158 32371 1969 V IJKMEDIA: stream 1, sample 1571, dts 36478549
05-28 16:05:56.158 32371 1969 V IJKMEDIA: stream 0, sample 1098, dts 36566667
05-28 16:05:56.158 32371 1969 V IJKMEDIA: stream 1, sample 1571, dts 36478549
05-28 16:05:56.158 32371 1969 V IJKMEDIA: stream 0, sample 1099, dts 36600000
05-28 16:05:56.158 32371 1969 V IJKMEDIA: stream 1, sample 1571, dts 36478549
05-28 16:05:56.158 32371 1969 V IJKMEDIA: stream 0, sample 1100, dts 36633333
05-28 16:05:56.158 32371 1969 V IJKMEDIA: stream 1, sample 1571, dts 36478549
05-28 16:05:56.158 32371 1969 V IJKMEDIA: stream 0, sample 1101, dts 36666667
05-28 16:05:56.158 32371 1969 V IJKMEDIA: stream 1, sample 1571, dts 36478549
05-28 16:05:56.158 32371 1969 V IJKMEDIA: stream 0, sample 1102, dts 36700000
05-28 16:05:56.158 32371 1969 V IJKMEDIA: stream 1, sample 1571, dts 36478549
05-28 16:05:56.158 32371 1969 V IJKMEDIA: stream 0, sample 1103, dts 36733333
05-28 16:05:56.158 32371 1969 V IJKMEDIA: stream 1, sample 1571, dts 36478549
05-28 16:05:56.158 32371 1969 V IJKMEDIA: stream 0, sample 1104, dts 36766667
05-28 16:05:56.158 32371 1969 V IJKMEDIA: stream 1, sample 1571, dts 36478549
05-28 16:05:56.158 32371 1969 V IJKMEDIA: stream 0, sample 1105, dts 36800000
05-28 16:05:56.158 32371 1969 V IJKMEDIA: stream 1, sample 1571, dts 36478549
05-28 16:05:56.158 32371 1969 V IJKMEDIA: stream 0, sample 1106, dts 36833333
05-28 16:05:56.158 32371 1969 V IJKMEDIA: stream 1, sample 1571, dts 36478549
05-28 16:05:56.158 32371 1969 V IJKMEDIA: stream 0, sample 1107, dts 36866667
05-28 16:05:56.158 32371 1969 V IJKMEDIA: stream 1, sample 1571, dts 36478549
05-28 16:05:56.158 32371 1969 V IJKMEDIA: stream 0, sample 1108, dts 36900000
05-28 16:05:56.158 32371 1969 V IJKMEDIA: stream 1, sample 1571, dts 36478549
05-28 16:05:56.158 32371 1969 V IJKMEDIA: stream 0, sample 1109, dts 36933333
05-28 16:05:56.158 32371 1969 V IJKMEDIA: stream 1, sample 1571, dts 36478549
05-28 16:05:56.158 32371 1969 V IJKMEDIA: stream 0, sample 1109, dts 36933333
05-28 16:05:56.158 32371 1969 V IJKMEDIA: stream 1, sample 1572, dts 36501769
05-28 16:05:56.158 32371 1969 V IJKMEDIA: stream 0, sample 1109, dts 36933333
05-28 16:05:56.158 32371 1969 V IJKMEDIA: stream 1, sample 1573, dts 36524989
05-28 16:05:56.158 32371 1969 V IJKMEDIA: stream 0, sample 1109, dts 36933333
05-28 16:05:56.158 32371 1969 V IJKMEDIA: stream 1, sample 1574, dts 36548209
05-28 16:05:56.158 32371 1969 V IJKMEDIA: stream 0, sample 1109, dts 36933333
05-28 16:05:56.158 32371 1969 V IJKMEDIA: stream 1, sample 1575, dts 36571429
05-28 16:05:56.158 32371 1969 V IJKMEDIA: stream 0, sample 1109, dts 36933333
05-28 16:05:56.158 32371 1969 V IJKMEDIA: stream 1, sample 1576, dts 36594649
05-28 16:05:56.158 32371 1969 V IJKMEDIA: stream 0, sample 1109, dts 36933333
05-28 16:05:56.158 32371 1969 V IJKMEDIA: stream 1, sample 1577, dts 36617868
05-28 16:05:56.158 32371 1969 V IJKMEDIA: stream 0, sample 1109, dts 36933333
05-28 16:05:56.158 32371 1969 V IJKMEDIA: stream 1, sample 1578, dts 36641088
05-28 16:05:56.158 32371 1969 V IJKMEDIA: stream 0, sample 1109, dts 36933333
05-28 16:05:56.158 32371 1969 V IJKMEDIA: stream 1, sample 1579, dts 36664308
05-28 16:05:56.158 32371 1969 V IJKMEDIA: stream 0, sample 1109, dts 36933333
05-28 16:05:56.158 32371 1969 V IJKMEDIA: stream 1, sample 1580, dts 36687528
05-28 16:05:56.158 32371 1969 V IJKMEDIA: stream 0, sample 1109, dts 36933333
05-28 16:05:56.158 32371 1969 V IJKMEDIA: stream 1, sample 1581, dts 36710748
05-28 16:05:56.158 32371 1969 V IJKMEDIA: stream 0, sample 1109, dts 36933333
05-28 16:05:56.158 32371 1969 V IJKMEDIA: stream 1, sample 1582, dts 36733968
05-28 16:05:56.158 32371 1969 V IJKMEDIA: stream 0, sample 1109, dts 36933333
05-28 16:05:56.158 32371 1969 V IJKMEDIA: stream 1, sample 1583, dts 36757188
05-28 16:05:56.158 32371 1969 V IJKMEDIA: stream 0, sample 1109, dts 36933333
05-28 16:05:56.159 32371 1969 V IJKMEDIA: stream 1, sample 1584, dts 36780408
05-28 16:05:56.159 32371 1969 V IJKMEDIA: stream 0, sample 1109, dts 36933333
05-28 16:05:56.159 32371 1969 V IJKMEDIA: stream 1, sample 1585, dts 36803628
05-28 16:05:56.159 32371 1969 V IJKMEDIA: stream 0, sample 1109, dts 36933333
05-28 16:05:56.159 32371 1969 V IJKMEDIA: stream 1, sample 1586, dts 36826848
05-28 16:05:56.159 32371 1969 V IJKMEDIA: stream 0, sample 1109, dts 36933333
05-28 16:05:56.159 32371 1969 V IJKMEDIA: stream 1, sample 1587, dts 36850068
05-28 16:05:56.159 32371 1969 V IJKMEDIA: stream 0, sample 1109, dts 36933333
05-28 16:05:56.159 32371 1969 V IJKMEDIA: stream 1, sample 1588, dts 36873288
05-28 16:05:56.159 32371 1969 V IJKMEDIA: stream 0, sample 1109, dts 36933333
05-28 16:05:56.159 32371 1969 V IJKMEDIA: stream 1, sample 1589, dts 36896508
05-28 16:05:56.159 32371 1969 V IJKMEDIA: stream 0, sample 1109, dts 36933333
05-28 16:05:56.159 32371 1969 V IJKMEDIA: stream 1, sample 1590, dts 36919728
05-28 16:05:56.159 32371 1969 V IJKMEDIA: stream 0, sample 1109, dts 36933333
05-28 16:05:56.159 32371 1969 V IJKMEDIA: stream 1, sample 1591, dts 36942948
05-28 16:05:56.159 32371 1969 V IJKMEDIA: stream 0, sample 1110, dts 36966667
05-28 16:05:56.159 32371 1969 V IJKMEDIA: stream 1, sample 1591, dts 36942948
05-28 16:05:56.159 32371 1969 V IJKMEDIA: stream 0, sample 1111, dts 37000000
05-28 16:05:56.159 32371 1969 V IJKMEDIA: stream 1, sample 1591, dts 36942948
05-28 16:05:56.159 32371 1969 V IJKMEDIA: stream 0, sample 1112, dts 37033333
05-28 16:05:56.159 32371 1969 V IJKMEDIA: stream 1, sample 1591, dts 36942948
05-28 16:05:56.159 32371 1969 V IJKMEDIA: stream 0, sample 1113, dts 37066667
05-28 16:05:56.159 32371 1969 V IJKMEDIA: stream 1, sample 1591, dts 36942948
05-28 16:05:56.159 32371 1969 V IJKMEDIA: stream 0, sample 1114, dts 37100000
05-28 16:05:56.159 32371 1969 V IJKMEDIA: stream 1, sample 1591, dts 36942948
05-28 16:05:56.159 32371 1969 V IJKMEDIA: stream 0, sample 1115, dts 37133333
05-28 16:05:56.159 32371 1969 V IJKMEDIA: stream 1, sample 1591, dts 36942948
05-28 16:05:56.159 32371 1969 V IJKMEDIA: stream 0, sample 1116, dts 37166667
05-28 16:05:56.159 32371 1969 V IJKMEDIA: stream 1, sample 1591, dts 36942948
05-28 16:05:56.159 32371 1969 V IJKMEDIA: stream 0, sample 1117, dts 37200000
05-28 16:05:56.159 32371 1969 V IJKMEDIA: stream 1, sample 1591, dts 36942948
05-28 16:05:56.159 32371 1969 V IJKMEDIA: stream 0, sample 1118, dts 37233333
05-28 16:05:56.159 32371 1969 V IJKMEDIA: stream 1, sample 1591, dts 36942948
05-28 16:05:56.159 32371 1969 V IJKMEDIA: stream 0, sample 1119, dts 37266667
05-28 16:05:56.159 32371 1969 V IJKMEDIA: stream 1, sample 1591, dts 36942948
05-28 16:05:56.159 32371 1969 V IJKMEDIA: stream 0, sample 1120, dts 37300000
05-28 16:05:56.159 32371 1969 V IJKMEDIA: stream 1, sample 1591, dts 36942948
05-28 16:05:56.159 32371 1969 V IJKMEDIA: stream 0, sample 1121, dts 37333333
05-28 16:05:56.159 32371 1969 V IJKMEDIA: stream 1, sample 1591, dts 36942948
05-28 16:05:56.159 32371 1969 V IJKMEDIA: stream 0, sample 1122, dts 37366667
05-28 16:05:56.159 32371 1969 V IJKMEDIA: stream 1, sample 1591, dts 36942948
05-28 16:05:56.159 32371 1969 V IJKMEDIA: stream 0, sample 1122, dts 37366667
05-28 16:05:56.159 32371 1969 V IJKMEDIA: stream 1, sample 1592, dts 36966168
05-28 16:05:56.159 32371 1969 V IJKMEDIA: stream 0, sample 1122, dts 37366667
05-28 16:05:56.159 32371 1969 V IJKMEDIA: stream 1, sample 1593, dts 36989388
05-28 16:05:56.159 32371 1969 V IJKMEDIA: stream 0, sample 1122, dts 37366667
05-28 16:05:56.159 32371 1969 V IJKMEDIA: stream 1, sample 1594, dts 37012608
05-28 16:05:56.159 32371 1969 V IJKMEDIA: stream 0, sample 1122, dts 37366667
05-28 16:05:56.159 32371 1969 V IJKMEDIA: stream 1, sample 1595, dts 37035828
05-28 16:05:56.159 32371 1969 V IJKMEDIA: stream 0, sample 1122, dts 37366667
05-28 16:05:56.159 32371 1969 V IJKMEDIA: stream 1, sample 1596, dts 37059048
05-28 16:05:56.159 32371 1969 V IJKMEDIA: stream 0, sample 1122, dts 37366667
05-28 16:05:56.159 32371 1969 V IJKMEDIA: stream 1, sample 1597, dts 37082268
05-28 16:05:56.159 32371 1969 V IJKMEDIA: stream 0, sample 1122, dts 37366667
05-28 16:05:56.159 32371 1969 V IJKMEDIA: stream 1, sample 1598, dts 37105488
05-28 16:05:56.159 32371 1969 V IJKMEDIA: stream 0, sample 1122, dts 37366667
05-28 16:05:56.159 32371 1969 V IJKMEDIA: stream 1, sample 1599, dts 37128707
05-28 16:05:56.159 32371 1969 V IJKMEDIA: stream 0, sample 1122, dts 37366667
05-28 16:05:56.159 32371 1969 V IJKMEDIA: stream 1, sample 1600, dts 37151927
05-28 16:05:56.159 32371 1969 V IJKMEDIA: stream 0, sample 1122, dts 37366667
05-28 16:05:56.159 32371 1969 V IJKMEDIA: stream 1, sample 1601, dts 37175147
05-28 16:05:56.159 32371 1969 V IJKMEDIA: stream 0, sample 1122, dts 37366667
05-28 16:05:56.159 32371 1969 V IJKMEDIA: stream 1, sample 1602, dts 37198367
05-28 16:05:56.159 32371 1969 V IJKMEDIA: stream 0, sample 1122, dts 37366667
05-28 16:05:56.159 32371 1969 V IJKMEDIA: stream 1, sample 1603, dts 37221587
05-28 16:05:56.159 32371 1969 V IJKMEDIA: stream 0, sample 1122, dts 37366667
05-28 16:05:56.159 32371 1969 V IJKMEDIA: stream 1, sample 1604, dts 37244807
05-28 16:05:56.159 32371 1969 V IJKMEDIA: stream 0, sample 1122, dts 37366667
05-28 16:05:56.159 32371 1969 V IJKMEDIA: stream 1, sample 1605, dts 37268027
05-28 16:05:56.159 32371 1969 V IJKMEDIA: stream 0, sample 1122, dts 37366667
05-28 16:05:56.159 32371 1969 V IJKMEDIA: stream 1, sample 1606, dts 37291247
05-28 16:05:56.159 32371 1969 V IJKMEDIA: stream 0, sample 1122, dts 37366667
05-28 16:05:56.159 32371 1969 V IJKMEDIA: stream 1, sample 1607, dts 37314467
05-28 16:05:56.159 32371 1969 V IJKMEDIA: stream 0, sample 1122, dts 37366667
05-28 16:05:56.159 32371 1969 V IJKMEDIA: stream 1, sample 1608, dts 37337687
05-28 16:05:56.159 32371 1969 V IJKMEDIA: stream 0, sample 1122, dts 37366667
05-28 16:05:56.159 32371 1969 V IJKMEDIA: stream 1, sample 1609, dts 37360907
05-28 16:05:56.159 32371 1969 V IJKMEDIA: stream 0, sample 1122, dts 37366667
05-28 16:05:56.159 32371 1969 V IJKMEDIA: stream 1, sample 1610, dts 37384127
05-28 16:05:56.159 32371 1969 V IJKMEDIA: stream 0, sample 1122, dts 37366667
05-28 16:05:56.159 32371 1969 V IJKMEDIA: stream 1, sample 1611, dts 37407347
05-28 16:05:56.159 32371 1969 V IJKMEDIA: stream 0, sample 1123, dts 37400000
05-28 16:05:56.159 32371 1969 V IJKMEDIA: stream 1, sample 1611, dts 37407347
05-28 16:05:56.159 32371 1969 V IJKMEDIA: stream 0, sample 1124, dts 37433333
05-28 16:05:56.159 32371 1969 V IJKMEDIA: stream 1, sample 1611, dts 37407347
05-28 16:05:56.159 32371 1969 V IJKMEDIA: stream 0, sample 1125, dts 37466667
05-28 16:05:56.159 32371 1969 V IJKMEDIA: stream 1, sample 1611, dts 37407347
05-28 16:05:56.159 32371 1969 V IJKMEDIA: stream 0, sample 1126, dts 37500000
05-28 16:05:56.159 32371 1969 V IJKMEDIA: stream 1, sample 1611, dts 37407347
05-28 16:05:56.160 32371 1969 V IJKMEDIA: stream 0, sample 1127, dts 37533333
05-28 16:05:56.160 32371 1969 V IJKMEDIA: stream 1, sample 1611, dts 37407347
05-28 16:05:56.160 32371 1969 V IJKMEDIA: stream 0, sample 1128, dts 37566667
05-28 16:05:56.160 32371 1969 V IJKMEDIA: stream 1, sample 1611, dts 37407347
05-28 16:05:56.160 32371 1969 V IJKMEDIA: stream 0, sample 1129, dts 37600000
05-28 16:05:56.160 32371 1969 V IJKMEDIA: stream 1, sample 1611, dts 37407347
05-28 16:05:56.160 32371 1969 V IJKMEDIA: stream 1, sample 1611, dts 37407347
05-28 16:05:56.160 32371 1969 V IJKMEDIA: stream 1, sample 1612, dts 37430567
05-28 16:05:56.160 32371 1969 V IJKMEDIA: stream 1, sample 1613, dts 37453787
05-28 16:05:56.160 32371 1969 V IJKMEDIA: stream 1, sample 1614, dts 37477007
05-28 16:05:56.160 32371 1969 V IJKMEDIA: stream 1, sample 1615, dts 37500227
05-28 16:05:56.160 32371 1969 V IJKMEDIA: stream 1, sample 1616, dts 37523447
05-28 16:05:56.160 32371 1969 V IJKMEDIA: stream 1, sample 1617, dts 37546667
05-28 16:05:56.160 32371 1969 V IJKMEDIA: stream 1, sample 1618, dts 37569887
05-28 16:05:56.160 32371 1969 V IJKMEDIA: stream 1, sample 1619, dts 37593107
05-28 16:05:56.160 32371 1969 V IJKMEDIA: stream 1, sample 1620, dts 37616327
05-28 16:05:56.160 32371 1969 V IJKMEDIA: stream 1, sample 1621, dts 37639546
05-28 16:05:56.160 32371 1969 V IJKMEDIA: stream 1, sample 1622, dts 37662766
05-28 16:05:56.184 32371 2017 D IJKMEDIA: nal_unit_type: 1, nal_ref_idc: 2
05-28 16:05:56.223 32371 32371 D MIUIInput: [KeyEvent] ViewRootImpl windowName
'com.sosomod.freegame/com.bz.sosomod.game.GameDetailActivity', KeyEvent
{ action=ACTION_DOWN, keyCode=KEYCODE_BACK, scanCode=0, metaState=0, flags=0x48,
repeatCount=0, eventTime=4522979, downTime=4522979, deviceId=-1, source=0x101,
displayId=0 }, phoneEventTime=16:05:56.214
05-28 16:05:56.249 32371 2021 D IJKMEDIA: nal_unit_type: 1, nal_ref_idc: 0
05-28 16:05:56.316 32371 32371 D MIUIInput: [KeyEvent] ViewRootImpl windowName
'com.sosomod.freegame/com.bz.sosomod.game.GameDetailActivity', KeyEvent
{ action=ACTION_UP, keyCode=KEYCODE_BACK, scanCode=0, metaState=0, flags=0x48,
repeatCount=0, eventTime=4523074, downTime=4522979, deviceId=-1, source=0x101,
displayId=0 }, phoneEventTime=16:05:56.308
05-28 16:05:56.323 32371 2025 D IJKMEDIA: nal_unit_type: 1, nal_ref_idc: 0
05-28 16:05:56.344 32371 32371 D IJKMEDIA: ijkmp_pause()
05-28 16:05:56.344 32371 32371 D IJKMEDIA: ijkmp_pause()=0
05-28 16:05:56.345 32371 1966 D IJKMEDIA: ijkmp_get_msg: FFP_REQ_PAUSE
05-28 16:05:56.348 32371 2029 D IJKMEDIA: nal_unit_type: 1, nal_ref_idc: 2
05-28 16:05:56.386 32371 32371 E topActivity:
com.bz.sosomod.search.GameSearchActivity
05-28 16:05:56.391 32371 32371 D DecorView[]: onWindowFocusChanged hasWindowFocus
false
05-28 16:05:56.446 32371 1971 D AudioTrack: pause(sessionID=1129)
05-28 16:05:56.446 32371 1971 D AudioTrack: pause(231): prior state:STATE_ACTIVE
05-28 16:05:56.526 32371 32387 D BLASTBufferQueue: releaseBufferCallback
ReleaseCallbackId: bufferId:139032386338998 framenumber:1
05-28 16:05:56.534 32371 32371 D DecorView[]: onWindowFocusChanged hasWindowFocus
true
05-28 16:05:56.540 32371 32371 I HandWritingStubImpl: refreshLastKeyboardType: 1
05-28 16:05:56.541 32371 32371 I HandWritingStubImpl: getCurrentKeyboardType: 1
05-28 16:05:56.608 32371 32381 I osomod.freegam: NativeAlloc concurrent copying GC
freed 355870(11MB) AllocSpace objects, 94(3716KB) LOS objects, 49% free, 24MB/48MB,
paused 123us,99us total 155.235ms
05-28 16:05:56.613 32371 32383 D IJKMEDIA: IjkMediaPlayer_native_finalize
05-28 16:05:56.613 32371 32383 D IJKMEDIA: IjkMediaPlayer_release
05-28 16:05:56.862 32371 32371 D IJKMEDIA: IjkMediaPlayer_setVideoSurface
05-28 16:05:56.862 32371 32371 D IJKMEDIA: ijkmp_set_android_surface(surface=0x0)
05-28 16:05:56.862 32371 32371 D IJKMEDIA: ffpipeline_set_surface()
05-28 16:05:56.862 32371 32371 D IJKMEDIA:
ijkmp_set_android_surface(surface=0x0)=void
05-28 16:05:56.891 32371 32371 D IJKMEDIA: IjkMediaPlayer_release
05-28 16:05:56.891 32371 32371 D IJKMEDIA: ijkmp_set_android_surface(surface=0x0)
05-28 16:05:56.891 32371 32371 D IJKMEDIA: ffpipeline_set_surface()
05-28 16:05:56.891 32371 32371 D IJKMEDIA:
ijkmp_set_android_surface(surface=0x0)=void
05-28 16:05:56.891 32371 32371 D IJKMEDIA: ijkmp_shutdown_l()
05-28 16:05:56.891 32371 32371 D IJKMEDIA: wait for read_tid
05-28 16:05:56.891 32371 1966 D IJKMEDIA: message_loop exit
05-28 16:05:56.891 32371 1966 I IJKMEDIA: SDL_JNI_DetachThreadEnv: [1966]
05-28 16:05:56.896 32371 1967 I IJKMEDIA: SDL_JNI_DetachThreadEnv: [1967]
05-28 16:05:56.933 32371 1969 I IJKMEDIA: SDL_JNI_DetachThreadEnv: [1969]
05-28 16:05:56.936 32371 1976 I IJKMEDIA: SDL_JNI_DetachThreadEnv: [1976]
05-28 16:05:56.939 32371 1971 D AudioTrack: stop(sessionID=1129)
05-28 16:05:56.939 32371 1971 D AudioTrack: stop(231): prior state:STATE_PAUSED
05-28 16:05:56.940 32371 1971 D AudioTrack: stop(231): called with 17728 frames
delivered
05-28 16:05:56.940 32371 1971 D AudioTrack: [audioTrackData][ending](f:0 m:0 s:0
k:0) : pid 32371 uid 10355 sessionId 1129 sr 44100 ch 2 fmt 1
05-28 16:05:56.941 32371 1971 D AudioTrack: ~AudioTrack(sessionID=1129)
05-28 16:05:56.941 32371 1971 D AudioTrack: stop(sessionID=1129)
05-28 16:05:56.941 32371 1971 D AudioTrack: stop(231): prior state:STATE_STOPPED
05-28 16:05:56.945 32371 1971 I IJKMEDIA: SDL_JNI_DetachThreadEnv: [1971]
05-28 16:05:56.946 32371 2038 I IJKMEDIA: convert image convert_frame_count = 0
05-28 16:05:56.947 32371 2038 I IJKMEDIA: SDL_JNI_DetachThreadEnv: [2038]
05-28 16:05:56.956 32371 32371 D IJKMEDIA: Statistics: 9531341 bytes read, 0 seeks
05-28 16:05:56.956 32371 32371 D IJKMEDIA: wait for video_refresh_tid
05-28 16:05:56.958 32371 32371 E IJKMEDIA: SDL_Overlay(ffmpeg):
overlay_free_l(0x9b6fe340)
05-28 16:05:56.958 32371 32371 E IJKMEDIA: SDL_Overlay(ffmpeg):
overlay_free_l(0x9b6fe380)
05-28 16:05:56.958 32371 32371 E IJKMEDIA: SDL_Overlay(ffmpeg):
overlay_free_l(0x9b6fe4c0)
05-28 16:05:56.958 32371 32371 D IJKMEDIA: ijkmp_shutdown_l()=void
05-28 16:05:56.958 32371 32371 D IJKMEDIA: ijkmp_dec_ref(): ref=0
05-28 16:05:56.958 32371 32371 D IJKMEDIA: ijkmp_shutdown_l()
05-28 16:05:56.958 32371 32371 D IJKMEDIA: ijkmp_shutdown_l()=void
05-28 16:05:57.182 32371 32371 D MiuiMultiWindowAdapter:
MiuiMultiWindowAdapter::getFreeformVideoWhiteListInSystem::LIST_ABOUT_SUPPORT_LANDS
CAPE_VIDEO = [com.hunantv.imgo.activity, com.tencent.qqlive, com.qiyi.video,
com.hunantv.imgo.activity.inter, com.tencent.qqlivei18n, com.iqiyi.i18n,
tv.danmaku.bili]
05-28 16:05:57.186 32371 32371 D DecorView[]: getWindowModeFromSystem windowmode
is 1
05-28 16:05:57.271 32371 32371 E topActivity:
com.bz.sosomod.game.GameDetailActivity
05-28 16:05:57.275 32371 32371 D DecorView[]: getWindowModeFromSystem windowmode
is 1
05-28 16:05:57.275 32371 32371 D DecorView[]: updateDecorCaptionStatus windowMode
is 1
05-28 16:05:57.275 32371 32371 D DecorView[]: updateDecorCaptionStatus
displayWindowDecor is false
05-28 16:05:57.289 32371 553 E osomod.freegam: No package ID ff found for ID
0xffffffff.
05-28 16:05:57.289 32371 32371 W Glide : Load failed for null with size [0x0]
05-28 16:05:57.289 32371 32371 W Glide : class d.c.a.m.p.q: Received null model
05-28 16:05:57.289 32371 553 W ResourceLoader: Received invalid resource id: -1
05-28 16:05:57.289 32371 553 W ResourceLoader:
android.content.res.Resources$NotFoundException: Unable to find resource ID
#0xffffffff
05-28 16:05:57.289 32371 553 W ResourceLoader: at
android.content.res.ResourcesImpl.getResourcePackageName(ResourcesImpl.java:292)
05-28 16:05:57.289 32371 553 W ResourceLoader: at
android.content.res.Resources.getResourcePackageName(Resources.java:2351)
05-28 16:05:57.289 32371 553 W ResourceLoader: at
d.c.a.m.q.s.d(ResourceLoader.java:2)
05-28 16:05:57.289 32371 553 W ResourceLoader: at
d.c.a.m.q.s.c(ResourceLoader.java:1)
05-28 16:05:57.289 32371 553 W ResourceLoader: at
d.c.a.m.q.s.b(ResourceLoader.java:1)
05-28 16:05:57.289 32371 553 W ResourceLoader: at
d.c.a.m.p.g.g(DecodeHelper.java:7)
05-28 16:05:57.289 32371 553 W ResourceLoader: at
d.c.a.m.p.g.c(DecodeHelper.java:4)
05-28 16:05:57.289 32371 553 W ResourceLoader: at
d.c.a.m.p.w.b(ResourceCacheGenerator.java:1)
05-28 16:05:57.289 32371 553 W ResourceLoader: at
d.c.a.m.p.h.y(DecodeJob.java:4)
05-28 16:05:57.289 32371 553 W ResourceLoader: at
d.c.a.m.p.h.A(DecodeJob.java:7)
05-28 16:05:57.289 32371 553 W ResourceLoader: at
d.c.a.m.p.h.run(DecodeJob.java:7)
05-28 16:05:57.289 32371 553 W ResourceLoader: at
java.util.concurrent.ThreadPoolExecutor.runWorker(ThreadPoolExecutor.java:1137)
05-28 16:05:57.289 32371 553 W ResourceLoader: at
java.util.concurrent.ThreadPoolExecutor$Worker.run(ThreadPoolExecutor.java:637)
05-28 16:05:57.289 32371 553 W ResourceLoader: at
java.lang.Thread.run(Thread.java:1012)
05-28 16:05:57.289 32371 553 W ResourceLoader: at
d.c.a.m.p.c0.a$b$a.run(GlideExecutor.java:6)
05-28 16:05:57.289 32371 553 E osomod.freegam: No package ID ff found for ID
0xffffffff.
05-28 16:05:57.289 32371 553 W ResourceLoader: Received invalid resource id: -1
05-28 16:05:57.289 32371 553 W ResourceLoader:
android.content.res.Resources$NotFoundException: Unable to find resource ID
#0xffffffff
05-28 16:05:57.289 32371 553 W ResourceLoader: at
android.content.res.ResourcesImpl.getResourcePackageName(ResourcesImpl.java:292)
05-28 16:05:57.289 32371 553 W ResourceLoader: at
android.content.res.Resources.getResourcePackageName(Resources.java:2351)
05-28 16:05:57.289 32371 553 W ResourceLoader: at
d.c.a.m.q.s.d(ResourceLoader.java:2)
05-28 16:05:57.289 32371 553 W ResourceLoader: at
d.c.a.m.q.s.c(ResourceLoader.java:1)
05-28 16:05:57.289 32371 553 W ResourceLoader: at
d.c.a.m.q.s.b(ResourceLoader.java:1)
05-28 16:05:57.289 32371 553 W ResourceLoader: at
d.c.a.m.p.g.g(DecodeHelper.java:7)
05-28 16:05:57.289 32371 553 W ResourceLoader: at
d.c.a.m.p.g.c(DecodeHelper.java:4)
05-28 16:05:57.289 32371 553 W ResourceLoader: at
d.c.a.m.p.w.b(ResourceCacheGenerator.java:1)
05-28 16:05:57.289 32371 553 W ResourceLoader: at
d.c.a.m.p.h.y(DecodeJob.java:4)
05-28 16:05:57.289 32371 553 W ResourceLoader: at
d.c.a.m.p.h.A(DecodeJob.java:7)
05-28 16:05:57.289 32371 553 W ResourceLoader: at
d.c.a.m.p.h.run(DecodeJob.java:7)
05-28 16:05:57.289 32371 553 W ResourceLoader: at
java.util.concurrent.ThreadPoolExecutor.runWorker(ThreadPoolExecutor.java:1137)
05-28 16:05:57.289 32371 553 W ResourceLoader: at
java.util.concurrent.ThreadPoolExecutor$Worker.run(ThreadPoolExecutor.java:637)
05-28 16:05:57.289 32371 553 W ResourceLoader: at
java.lang.Thread.run(Thread.java:1012)
05-28 16:05:57.289 32371 553 W ResourceLoader: at
d.c.a.m.p.c0.a$b$a.run(GlideExecutor.java:6)
05-28 16:05:57.289 32371 553 E osomod.freegam: No package ID ff found for ID
0xffffffff.
05-28 16:05:57.290 32371 553 W ResourceLoader: Received invalid resource id: -1
05-28 16:05:57.290 32371 553 W ResourceLoader:
android.content.res.Resources$NotFoundException: Unable to find resource ID
#0xffffffff
05-28 16:05:57.290 32371 553 W ResourceLoader: at
android.content.res.ResourcesImpl.getResourcePackageName(ResourcesImpl.java:292)
05-28 16:05:57.290 32371 553 W ResourceLoader: at
android.content.res.Resources.getResourcePackageName(Resources.java:2351)
05-28 16:05:57.290 32371 553 W ResourceLoader: at
d.c.a.m.q.s.d(ResourceLoader.java:2)
05-28 16:05:57.290 32371 553 W ResourceLoader: at
d.c.a.m.q.s.c(ResourceLoader.java:1)
05-28 16:05:57.290 32371 553 W ResourceLoader: at
d.c.a.m.q.s.b(ResourceLoader.java:1)
05-28 16:05:57.290 32371 553 W ResourceLoader: at
d.c.a.m.p.g.g(DecodeHelper.java:7)
05-28 16:05:57.290 32371 553 W ResourceLoader: at
d.c.a.m.p.g.c(DecodeHelper.java:4)
05-28 16:05:57.290 32371 553 W ResourceLoader: at
d.c.a.m.p.w.b(ResourceCacheGenerator.java:1)
05-28 16:05:57.290 32371 553 W ResourceLoader: at
d.c.a.m.p.h.y(DecodeJob.java:4)
05-28 16:05:57.290 32371 553 W ResourceLoader: at
d.c.a.m.p.h.A(DecodeJob.java:7)
05-28 16:05:57.290 32371 553 W ResourceLoader: at
d.c.a.m.p.h.run(DecodeJob.java:7)
05-28 16:05:57.290 32371 553 W ResourceLoader: at
java.util.concurrent.ThreadPoolExecutor.runWorker(ThreadPoolExecutor.java:1137)
05-28 16:05:57.290 32371 553 W ResourceLoader: at
java.util.concurrent.ThreadPoolExecutor$Worker.run(ThreadPoolExecutor.java:637)
05-28 16:05:57.290 32371 553 W ResourceLoader: at
java.lang.Thread.run(Thread.java:1012)
05-28 16:05:57.290 32371 553 W ResourceLoader: at
d.c.a.m.p.c0.a$b$a.run(GlideExecutor.java:6)
05-28 16:05:57.290 32371 553 E osomod.freegam: No package ID ff found for ID
0xffffffff.
05-28 16:05:57.290 32371 553 W ResourceLoader: Received invalid resource id: -1
05-28 16:05:57.290 32371 553 W ResourceLoader:
android.content.res.Resources$NotFoundException: Unable to find resource ID
#0xffffffff
05-28 16:05:57.290 32371 553 W ResourceLoader: at
android.content.res.ResourcesImpl.getResourcePackageName(ResourcesImpl.java:292)
05-28 16:05:57.290 32371 553 W ResourceLoader: at
android.content.res.Resources.getResourcePackageName(Resources.java:2351)
05-28 16:05:57.290 32371 553 W ResourceLoader: at
d.c.a.m.q.s.d(ResourceLoader.java:2)
05-28 16:05:57.290 32371 553 W ResourceLoader: at
d.c.a.m.q.s.c(ResourceLoader.java:1)
05-28 16:05:57.290 32371 553 W ResourceLoader: at
d.c.a.m.q.s.b(ResourceLoader.java:1)
05-28 16:05:57.290 32371 553 W ResourceLoader: at
d.c.a.m.p.g.g(DecodeHelper.java:7)
05-28 16:05:57.290 32371 553 W ResourceLoader: at
d.c.a.m.p.g.c(DecodeHelper.java:4)
05-28 16:05:57.290 32371 553 W ResourceLoader: at
d.c.a.m.p.w.b(ResourceCacheGenerator.java:1)
05-28 16:05:57.290 32371 553 W ResourceLoader: at
d.c.a.m.p.h.y(DecodeJob.java:4)
05-28 16:05:57.290 32371 553 W ResourceLoader: at
d.c.a.m.p.h.A(DecodeJob.java:7)
05-28 16:05:57.290 32371 553 W ResourceLoader: at
d.c.a.m.p.h.run(DecodeJob.java:7)
05-28 16:05:57.290 32371 553 W ResourceLoader: at
java.util.concurrent.ThreadPoolExecutor.runWorker(ThreadPoolExecutor.java:1137)
05-28 16:05:57.290 32371 553 W ResourceLoader: at
java.util.concurrent.ThreadPoolExecutor$Worker.run(ThreadPoolExecutor.java:637)
05-28 16:05:57.290 32371 553 W ResourceLoader: at
java.lang.Thread.run(Thread.java:1012)
05-28 16:05:57.290 32371 553 W ResourceLoader: at
d.c.a.m.p.c0.a$b$a.run(GlideExecutor.java:6)
05-28 16:05:57.290 32371 553 E osomod.freegam: No package ID ff found for ID
0xffffffff.
05-28 16:05:57.290 32371 553 W ResourceLoader: Received invalid resource id: -1
05-28 16:05:57.290 32371 553 W ResourceLoader:
android.content.res.Resources$NotFoundException: Unable to find resource ID
#0xffffffff
05-28 16:05:57.290 32371 553 W ResourceLoader: at
android.content.res.ResourcesImpl.getResourcePackageName(ResourcesImpl.java:292)
05-28 16:05:57.290 32371 553 W ResourceLoader: at
android.content.res.Resources.getResourcePackageName(Resources.java:2351)
05-28 16:05:57.290 32371 553 W ResourceLoader: at
d.c.a.m.q.s.d(ResourceLoader.java:2)
05-28 16:05:57.290 32371 553 W ResourceLoader: at
d.c.a.m.q.s.c(ResourceLoader.java:1)
05-28 16:05:57.290 32371 553 W ResourceLoader: at
d.c.a.m.q.s.b(ResourceLoader.java:1)
05-28 16:05:57.290 32371 553 W ResourceLoader: at
d.c.a.m.p.g.g(DecodeHelper.java:7)
05-28 16:05:57.290 32371 553 W ResourceLoader: at
d.c.a.m.p.g.c(DecodeHelper.java:4)
05-28 16:05:57.290 32371 553 W ResourceLoader: at
d.c.a.m.p.w.b(ResourceCacheGenerator.java:1)
05-28 16:05:57.290 32371 553 W ResourceLoader: at
d.c.a.m.p.h.y(DecodeJob.java:4)
05-28 16:05:57.290 32371 553 W ResourceLoader: at
d.c.a.m.p.h.A(DecodeJob.java:7)
05-28 16:05:57.290 32371 553 W ResourceLoader: at
d.c.a.m.p.h.run(DecodeJob.java:7)
05-28 16:05:57.290 32371 553 W ResourceLoader: at
java.util.concurrent.ThreadPoolExecutor.runWorker(ThreadPoolExecutor.java:1137)
05-28 16:05:57.290 32371 553 W ResourceLoader: at
java.util.concurrent.ThreadPoolExecutor$Worker.run(ThreadPoolExecutor.java:637)
05-28 16:05:57.290 32371 553 W ResourceLoader: at
java.lang.Thread.run(Thread.java:1012)
05-28 16:05:57.290 32371 553 W ResourceLoader: at
d.c.a.m.p.c0.a$b$a.run(GlideExecutor.java:6)
05-28 16:05:57.290 32371 553 E osomod.freegam: No package ID ff found for ID
0xffffffff.
05-28 16:05:57.290 32371 553 W ResourceLoader: Received invalid resource id: -1
05-28 16:05:57.290 32371 553 W ResourceLoader:
android.content.res.Resources$NotFoundException: Unable to find resource ID
#0xffffffff
05-28 16:05:57.290 32371 553 W ResourceLoader: at
android.content.res.ResourcesImpl.getResourcePackageName(ResourcesImpl.java:292)
05-28 16:05:57.290 32371 553 W ResourceLoader: at
android.content.res.Resources.getResourcePackageName(Resources.java:2351)
05-28 16:05:57.290 32371 553 W ResourceLoader: at
d.c.a.m.q.s.d(ResourceLoader.java:2)
05-28 16:05:57.290 32371 553 W ResourceLoader: at
d.c.a.m.q.s.c(ResourceLoader.java:1)
05-28 16:05:57.290 32371 553 W ResourceLoader: at
d.c.a.m.q.s.b(ResourceLoader.java:1)
05-28 16:05:57.290 32371 553 W ResourceLoader: at
d.c.a.m.p.g.g(DecodeHelper.java:7)
05-28 16:05:57.290 32371 553 W ResourceLoader: at
d.c.a.m.p.g.c(DecodeHelper.java:4)
05-28 16:05:57.290 32371 553 W ResourceLoader: at
d.c.a.m.p.w.b(ResourceCacheGenerator.java:1)
05-28 16:05:57.290 32371 553 W ResourceLoader: at
d.c.a.m.p.h.y(DecodeJob.java:4)
05-28 16:05:57.290 32371 553 W ResourceLoader: at
d.c.a.m.p.h.A(DecodeJob.java:7)
05-28 16:05:57.290 32371 553 W ResourceLoader: at
d.c.a.m.p.h.run(DecodeJob.java:7)
05-28 16:05:57.290 32371 553 W ResourceLoader: at
java.util.concurrent.ThreadPoolExecutor.runWorker(ThreadPoolExecutor.java:1137)
05-28 16:05:57.290 32371 553 W ResourceLoader: at
java.util.concurrent.ThreadPoolExecutor$Worker.run(ThreadPoolExecutor.java:637)
05-28 16:05:57.290 32371 553 W ResourceLoader: at
java.lang.Thread.run(Thread.java:1012)
05-28 16:05:57.290 32371 553 W ResourceLoader: at
d.c.a.m.p.c0.a$b$a.run(GlideExecutor.java:6)
05-28 16:05:57.290 32371 553 E osomod.freegam: No package ID ff found for ID
0xffffffff.
05-28 16:05:57.291 32371 553 W ResourceLoader: Received invalid resource id: -1
05-28 16:05:57.291 32371 553 W ResourceLoader:
android.content.res.Resources$NotFoundException: Unable to find resource ID
#0xffffffff
05-28 16:05:57.291 32371 553 W ResourceLoader: at
android.content.res.ResourcesImpl.getResourcePackageName(ResourcesImpl.java:292)
05-28 16:05:57.291 32371 553 W ResourceLoader: at
android.content.res.Resources.getResourcePackageName(Resources.java:2351)
05-28 16:05:57.291 32371 553 W ResourceLoader: at
d.c.a.m.q.s.d(ResourceLoader.java:2)
05-28 16:05:57.291 32371 553 W ResourceLoader: at
d.c.a.m.q.s.c(ResourceLoader.java:1)
05-28 16:05:57.291 32371 553 W ResourceLoader: at
d.c.a.m.q.s.b(ResourceLoader.java:1)
05-28 16:05:57.291 32371 553 W ResourceLoader: at
d.c.a.m.p.g.g(DecodeHelper.java:7)
05-28 16:05:57.291 32371 553 W ResourceLoader: at
d.c.a.m.p.g.c(DecodeHelper.java:4)
05-28 16:05:57.291 32371 553 W ResourceLoader: at
d.c.a.m.p.w.b(ResourceCacheGenerator.java:1)
05-28 16:05:57.291 32371 553 W ResourceLoader: at
d.c.a.m.p.h.y(DecodeJob.java:4)
05-28 16:05:57.291 32371 553 W ResourceLoader: at
d.c.a.m.p.h.A(DecodeJob.java:7)
05-28 16:05:57.291 32371 553 W ResourceLoader: at
d.c.a.m.p.h.run(DecodeJob.java:7)
05-28 16:05:57.291 32371 553 W ResourceLoader: at
java.util.concurrent.ThreadPoolExecutor.runWorker(ThreadPoolExecutor.java:1137)
05-28 16:05:57.291 32371 553 W ResourceLoader: at
java.util.concurrent.ThreadPoolExecutor$Worker.run(ThreadPoolExecutor.java:637)
05-28 16:05:57.291 32371 553 W ResourceLoader: at
java.lang.Thread.run(Thread.java:1012)
05-28 16:05:57.291 32371 553 W ResourceLoader: at
d.c.a.m.p.c0.a$b$a.run(GlideExecutor.java:6)
05-28 16:05:57.291 32371 553 E osomod.freegam: No package ID ff found for ID
0xffffffff.
05-28 16:05:57.291 32371 553 W ResourceLoader: Received invalid resource id: -1
05-28 16:05:57.291 32371 553 W ResourceLoader:
android.content.res.Resources$NotFoundException: Unable to find resource ID
#0xffffffff
05-28 16:05:57.291 32371 553 W ResourceLoader: at
android.content.res.ResourcesImpl.getResourcePackageName(ResourcesImpl.java:292)
05-28 16:05:57.291 32371 553 W ResourceLoader: at
android.content.res.Resources.getResourcePackageName(Resources.java:2351)
05-28 16:05:57.291 32371 553 W ResourceLoader: at
d.c.a.m.q.s.d(ResourceLoader.java:2)
05-28 16:05:57.291 32371 553 W ResourceLoader: at
d.c.a.m.q.s.c(ResourceLoader.java:1)
05-28 16:05:57.291 32371 553 W ResourceLoader: at
d.c.a.m.q.s.b(ResourceLoader.java:1)
05-28 16:05:57.291 32371 553 W ResourceLoader: at
d.c.a.m.p.g.g(DecodeHelper.java:7)
05-28 16:05:57.291 32371 553 W ResourceLoader: at
d.c.a.m.p.g.c(DecodeHelper.java:4)
05-28 16:05:57.291 32371 553 W ResourceLoader: at
d.c.a.m.p.w.b(ResourceCacheGenerator.java:1)
05-28 16:05:57.291 32371 553 W ResourceLoader: at
d.c.a.m.p.h.y(DecodeJob.java:4)
05-28 16:05:57.291 32371 553 W ResourceLoader: at
d.c.a.m.p.h.A(DecodeJob.java:7)
05-28 16:05:57.291 32371 553 W ResourceLoader: at
d.c.a.m.p.h.run(DecodeJob.java:7)
05-28 16:05:57.291 32371 553 W ResourceLoader: at
java.util.concurrent.ThreadPoolExecutor.runWorker(ThreadPoolExecutor.java:1137)
05-28 16:05:57.291 32371 553 W ResourceLoader: at
java.util.concurrent.ThreadPoolExecutor$Worker.run(ThreadPoolExecutor.java:637)
05-28 16:05:57.291 32371 553 W ResourceLoader: at
java.lang.Thread.run(Thread.java:1012)
05-28 16:05:57.291 32371 553 W ResourceLoader: at
d.c.a.m.p.c0.a$b$a.run(GlideExecutor.java:6)
05-28 16:05:57.309 32371 32371 W RecyclerView: No adapter attached; skipping layout
05-28 16:05:57.328 32371 32371 D DecorView[]: onWindowFocusChanged hasWindowFocus
false
05-28 16:05:57.331 32371 32371 W Glide : Load failed for null with size [0x0]
05-28 16:05:57.331 32371 32371 W Glide : class d.c.a.m.p.q: Received null model
05-28 16:05:57.334 32371 32371 W Glide : Load failed for -1 with size [206x206]
05-28 16:05:57.334 32371 32371 W Glide : class d.c.a.m.p.q: Failed to load
resource
05-28 16:05:57.335 32371 32371 W Glide : Load failed for -1 with size [83x83]
05-28 16:05:57.335 32371 32371 W Glide : class d.c.a.m.p.q: Failed to load
resource
05-28 16:05:57.345 32371 32400 D BLASTBufferQueue: releaseBufferCallback
ReleaseCallbackId: bufferId:139032386339002 framenumber:1
05-28 16:05:57.350 32371 32371 D DecorView[]: onWindowFocusChanged hasWindowFocus
true
05-28 16:05:57.351 32371 32371 I HandWritingStubImpl: refreshLastKeyboardType: 1
05-28 16:05:57.351 32371 32371 I HandWritingStubImpl: getCurrentKeyboardType: 1
05-28 16:05:57.353 32371 446 D BLASTBufferQueue: releaseBufferCallback
ReleaseCallbackId: bufferId:139032386339001 framenumber:2
05-28 16:05:57.361 32371 446 D BLASTBufferQueue: releaseBufferCallback
ReleaseCallbackId: bufferId:139032386339000 framenumber:3
05-28 16:05:57.604 32371 32371 E ThemeUtils: View class
androidx.appcompat.widget.AppCompatTextView is an AppCompat widget that can only be
used with a Theme.AppCompat theme (or descendant).
05-28 16:05:57.604 32371 32371 E ThemeUtils: View class
androidx.appcompat.widget.AppCompatTextView is an AppCompat widget that can only be
used with a Theme.AppCompat theme (or descendant).
05-28 16:05:57.608 32371 32371 E ThemeUtils: View class
androidx.appcompat.widget.AppCompatTextView is an AppCompat widget that can only be
used with a Theme.AppCompat theme (or descendant).
05-28 16:05:57.608 32371 32371 E ThemeUtils: View class
androidx.appcompat.widget.AppCompatTextView is an AppCompat widget that can only be
used with a Theme.AppCompat theme (or descendant).
05-28 16:05:57.771 32371 32400 D BLASTBufferQueue: releaseBufferCallback
ReleaseCallbackId: bufferId:139032386338998 framenumber:13
05-28 16:05:58.027 32371 32371 I Choreographer: Skipped 30 frames! The application
may be doing too much work on its main thread.
05-28 16:05:58.091 32371 32371 W AudioManager: Use of stream types is deprecated
for operations other than volume control
05-28 16:05:58.091 32371 32371 W AudioManager: See the documentation of
requestAudioFocus() for what to use instead with android.media.AudioAttributes to
qualify your playback use case
05-28 16:05:58.113 32371 32371 D IJKMEDIA: IjkMediaPlayer_native_setup
05-28 16:05:58.113 32371 32371 I IJKMEDIA: av_version_info: ff4.0--ijk0.8.8--
20210205--001
05-28 16:05:58.113 32371 32371 I IJKMEDIA: ijk_version_info: k0.8.8-32-ge99d640e
05-28 16:05:58.114 32371 32371 D IJKMEDIA: ffpipeline_create_from_android()
05-28 16:05:58.114 32371 32371 D IJKMEDIA: ijkmp_set_inject_opaque(0x59b6)
05-28 16:05:58.114 32371 32371 D IJKMEDIA: ijkmp_set_inject_opaque()=void
05-28 16:05:58.114 32371 32371 D IJKMEDIA: ijkmp_set_ijkio_inject_opaque(0x59b6)
05-28 16:05:58.114 32371 32371 D IJKMEDIA: ijkmp_set_ijkio_inject_opaque()=void
05-28 16:05:58.114 32371 32371 D IJKMEDIA:
ijkmp_android_set_mediacodec_select_callback()
05-28 16:05:58.114 32371 32371 D IJKMEDIA:
ffpipeline_set_mediacodec_select_callback
05-28 16:05:58.114 32371 32371 D IJKMEDIA:
ijkmp_android_set_mediacodec_select_callback()=void
05-28 16:05:58.116 32371 32371 D IJKMEDIA: IjkMediaPlayer_setDataSourceAndHeaders
05-28 16:05:58.116 32371 32371 V IJKMEDIA: setDataSource: path
/data/user/0/com.sosomod.freegame/cache/video-cache/98ddbd5d872080a5394b3702d3d3961
f.mp4
05-28 16:05:58.116 32371 32371 D IJKMEDIA:
ijkmp_set_data_source(url="/data/user/0/com.sosomod.freegame/cache/video-cache/
