03-29 11:27:47.305 13564 18616 E Parcel : Reading a NULL string not supported here.
03-29 11:27:47.308 13564 13772 E Parcel : Reading a NULL string not supported here.
03-29 11:27:47.327 13564 13772 E Parcel : Reading a NULL string not supported here.
03-29 11:27:47.327 13564 19387 E Parcel : Reading a NULL string not supported here.
03-29 11:27:47.344 13564 13772 E Parcel : Reading a NULL string not supported here.
03-29 11:27:47.359 13564 13772 E Parcel : Reading a NULL string not supported here.
03-29 11:27:47.387 13564 13772 E Parcel : Reading a NULL string not supported here.
03-29 11:27:47.406 13564 13772 E Parcel : Reading a NULL string not supported here.
03-29 11:27:47.427 13564 13772 E Parcel : Reading a NULL string not supported here.
03-29 11:27:47.447 13564 13772 E Parcel : Reading a NULL string not supported here.
03-29 11:27:47.468 13564 13772 E Parcel : Reading a NULL string not supported here.
03-29 11:27:47.499 13564 13772 E Parcel : Reading a NULL string not supported here.
03-29 11:27:47.568 13564 13772 E Parcel : Reading a NULL string not supported here.
03-29 11:27:47.604 13564 13772 E Parcel : Reading a NULL string not supported here.
03-29 11:27:47.695 13564 13772 E Parcel : Reading a NULL string not supported here.
03-29 11:27:48.088 13564 19353 E Parcel : Reading a NULL string not supported here.
03-29 11:27:48.115 13564 19353 E Parcel : Reading a NULL string not supported here.
03-29 11:27:48.152 13564 19353 E Parcel : Reading a NULL string not supported here.
03-29 11:27:48.171 13564 19353 E Parcel : Reading a NULL string not supported here.
03-29 11:27:48.276 13564 19388 E Parcel : Reading a NULL string not supported here.
03-29 11:27:48.363 13564 13564 E Parcel : Reading a NULL string not supported here.
03-29 11:27:48.403 13564 13640 E FrameEvents: updateAcquireFence: Did not find frame.
03-29 11:27:48.413 13564 13564 E Parcel : Reading a NULL string not supported here.
03-29 11:27:48.415 13564 13564 E Parcel : Reading a NULL string not supported here.
03-29 11:27:48.561 13564 13772 E Parcel : Reading a NULL string not supported here.
03-29 11:27:48.601 13564 17371 E libc : Access denied finding property "vendor.camera.aux.packagelist"
03-29 11:27:48.594 13564 13564 W Binder:13564_9: type=1400 audit(0.0:1330368): avc: denied { read } for name="u:object_r:vendor_persist_camera_prop:s0" dev="tmpfs" ino=1290 scontext=u:r:untrusted_app:s0:c223,c257,c512,c768 tcontext=u:object_r:vendor_persist_camera_prop:s0 tclass=file permissive=0 app=com.mbwhatsapp
03-29 11:27:48.618 13564 17371 E CameraManagerGlobal: Camera 5 is not available. Ignore physical camera status change
03-29 11:27:48.618 13564 17371 E CameraManagerGlobal: Camera 6 is not available. Ignore physical camera status change
03-29 11:27:48.618 13564 17371 E CameraManagerGlobal: Camera 7 is not available. Ignore physical camera status change
03-29 11:27:48.618 13564 17371 E libc : Access denied finding property "vendor.camera.aux.packagelist"
03-29 11:27:48.800 13564 19479 E Parcel : Reading a NULL string not supported here.
03-29 11:27:48.815 13564 19388 E Parcel : Reading a NULL string not supported here.
03-29 11:27:48.836 13564 19493 E libEGL : Invalid file path for libcolorx- loader.so
03-29 11:27:48.841 13564 19484 E OplusACodec: [GetVideoCodingTypeFromMime:L726] mime:video/avc
03-29 11:27:48.876 13564 19494 W Codec2Client: query -- param skipped: index = 1107298332.
03-29 11:27:48.876 13564 19494 W CCodec : This behavior is subject to change. It is recommended that app developers double check whether the requested max input size is in reasonable range.
03-29 11:27:48.877 13564 19494 W Codec2Client: query -- param skipped: index = 1342179345.
03-29 11:27:48.877 13564 19494 W Codec2Client: query -- param skipped: index = 2415921170.
03-29 11:27:48.877 13564 19494 W Codec2Client: query -- param skipped: index = 1610614798.
03-29 11:27:48.878 13564 19494 E FMQ : grantorIdx must be less than 3
03-29 11:27:48.878 13564 19494 E FMQ : grantorIdx must be less than 3
03-29 11:27:48.880 13564 19494 E FMQ : grantorIdx must be less than 3
03-29 11:27:48.890 13564 13969 E FMQ : grantorIdx must be less than 3
03-29 11:27:48.912 13564 19494 W Codec2Client: query -- param skipped: index = 1342179345.
03-29 11:27:48.912 13564 19494 W Codec2Client: query -- param skipped: index = 2415921170.
03-29 11:27:48.912 13564 19494 W Codec2Client: query -- param skipped: index = 1610614798.
03-29 11:27:48.920 13564 19494 W Codec2Client: query -- param skipped: index = 1342179345.
03-29 11:27:48.920 13564 19494 W Codec2Client: query -- param skipped: index = 2415921170.
03-29 11:27:48.920 13564 19494 W Codec2Client: query -- param skipped: index = 1610614798.
03-29 11:27:48.925 13564 19494 W Codec2Client: query -- param skipped: index = 1342179345.
03-29 11:27:48.925 13564 19494 W Codec2Client: query -- param skipped: index = 2415921170.
03-29 11:27:48.925 13564 19494 W Codec2Client: query -- param skipped: index = 1610614798.
03-29 11:27:49.343 13564 19387 E Parcel : Reading a NULL string not supported here.
03-29 11:27:49.360 13564 19387 E Parcel : Reading a NULL string not supported here.
03-29 11:27:49.560 13564 19388 E Parcel : Reading a NULL string not supported here.
03-29 11:27:49.573 13564 19388 E Parcel : Reading a NULL string not supported here.
03-29 11:27:49.586 13564 19388 E Parcel : Reading a NULL string not supported here.
03-29 11:27:49.596 13564 19388 E Parcel : Reading a NULL string not supported here.
03-29 11:27:49.941 13564 19479 W AudioTrack: getTimestamp_l(3303): retrograde timestamp time corrected, 223101226468953 < 223101228600359
03-29 11:28:04.992 13564 19494 W Codec2Client: query -- param skipped: index = 1342179345.
03-29 11:28:04.992 13564 19494 W Codec2Client: query -- param skipped: index = 2415921170.
03-29 11:28:04.992 13564 19494 W Codec2Client: query -- param skipped: index = 1610614798.
03-29 11:28:08.186 13564 13578 W System : A resource failed to call close.
03-29 11:28:08.189 13564 13578 W System : A resource failed to call release.
03-29 11:28:08.418 13564 13622 E SQLiteDatabase: Error inserting transferred=1 media_job_uuid=548b9c69-f300-42b5-9916-01058adbb4f9 transcoded=0 gif_attribution=0 first_scan_length=3921 direct_path=/o1/v/t62.7118-24/f1/m269/up-oil-image-6d328b77- a79b-4cfb-9a39-3e5246ac7eca?ccb=9- 4&oh=01_ASDH_m50UY3J5xq5B25sRffQ4ukyt5Vz4oE87HRcCclfIA&oe=662D9CEB&_nc_sid=000000 thumbnail_height_width_ratio=1.7777778 is_animated_sticker=0 file_hash=LMdoLIn0uiI6HfRO78KklajdKjZJP9iuR+YO2vfUwB8= file_path=Media/.Statuses/f9e30fa44d5e4279a9be2db64d73dd45.jpg file_size=33204 partial_media_hash=Jh7VqrzhvpU+4BfrzgpA8t955zSC1lWWr2vKQgyJHik= face_x=300 face_y=97 height=1080 trim_to=0 media_key_timestamp=1711679285000 message_url=https://mmg.whatsapp.net/o1/v/t62.7118-24/f1/m269/up-oil-image- 6d328b77-a79b-4cfb-9a39-3e5246ac7eca?ccb=9- 4&oh=01_ASDH_m50UY3J5xq5B25sRffQ4ukyt5Vz4oE87HRcCclfIA&oe=662D9CEB&_nc_sid=000000&m ms3=true media_caption=null trim_from=0 mime_type=image/jpeg partial_media_enc_hash=null width=602 original_file_hash=null has_streaming_sidecar=1 autotransfer_retry_enabled=1 media_upload_handle=null message_row_id=235 multicast_id=null enc_file_hash=bUugEuhJh91x8qCzb8U5z213mnpkj76DegqdNUPFjZQ= mute_video=0 page_count=0 first_scan_sidecar=[B@40d4e1a suspicious_content=0 file_length=33204 media_name=null media_duration=0 chat_row_id=29 media_key=[B@9925d4b
03-29 11:28:08.418 13564 13622 E SQLiteDatabase: android.database.sqlite.SQLiteConstraintException: UNIQUE constraint failed: message_media.message_row_id (code 1555 SQLITE_CONSTRAINT_PRIMARYKEY)
03-29 11:28:08.418 13564 13622 E SQLiteDatabase: at android.database.sqlite.SQLiteConnection.nativeExecuteForLastInsertedRowId(Native Method)
03-29 11:28:08.418 13564 13622 E SQLiteDatabase: at android.database.sqlite.SQLiteConnection.executeForLastInsertedRowId(SQLiteConnecti on.java:948)
03-29 11:28:08.418 13564 13622 E SQLiteDatabase: at android.database.sqlite.SQLiteSession.executeForLastInsertedRowId(SQLiteSession.jav a:790)
03-29 11:28:08.418 13564 13622 E SQLiteDatabase: at android.database.sqlite.SQLiteStatement.executeInsert(SQLiteStatement.java:88)
03-29 11:28:08.418 13564 13622 E SQLiteDatabase: at android.database.sqlite.SQLiteDatabase.insertWithOnConflict(SQLiteDatabase.java:171 2)
03-29 11:28:08.418 13564 13622 E SQLiteDatabase: at android.database.sqlite.SQLiteDatabase.insert(SQLiteDatabase.java:1581)
03-29 11:28:08.418 13564 13622 E SQLiteDatabase: at X.2tm.A08(Unknown Source:6)
03-29 11:28:08.418 13564 13622 E SQLiteDatabase: at X.35Y.A07(Unknown Source:212)
03-29 11:28:08.418 13564 13622 E SQLiteDatabase: at X.3QF.A14(Unknown Source:470)
03-29 11:28:08.418 13564 13622 E SQLiteDatabase: at X.3gU.run(Unknown Source:982)
03-29 11:28:08.418 13564 13622 E SQLiteDatabase: at android.os.Handler.handleCallback(Handler.java:938)
03-29 11:28:08.418 13564 13622 E SQLiteDatabase: at android.os.Handler.dispatchMessage(Handler.java:99)
03-29 11:28:08.418 13564 13622 E SQLiteDatabase: at X.0zq.dispatchMessage(Unknown Source:4)
03-29 11:28:08.418 13564 13622 E SQLiteDatabase: at android.os.Looper.loop(Looper.java:263)
03-29 11:28:08.418 13564 13622 E SQLiteDatabase: at android.os.HandlerThread.run(HandlerThread.java:67)
03-29 11:28:35.021 13564 13564 W IInputConnectionWrapper: requestCursorAnchorInfo on inactive InputConnection
03-29 11:28:35.793 13564 17396 E Parcel : Reading a NULL string not supported here.
03-29 11:28:35.795 13564 13622 E SQLiteDatabase: Error inserting transferred=0 media_job_uuid=f922e555-0525-46e0-b03c-3baf537bdaf4 transcoded=1 gif_attribution=0 first_scan_length=0 direct_path=null thumbnail_height_width_ratio=1.3333334 is_animated_sticker=0 file_hash=null file_path=/data/user/0/com.mbwhatsapp/files/.Shared/04c5d159-c688-4f59-b972- 25b0daeb5b46.mp4 file_size=2210892 partial_media_hash=null face_x=0 face_y=0 height=0 trim_to=0 media_key_timestamp=0 message_url=null media_caption=null trim_from=0 mime_type=null partial_media_enc_hash=null width=0 original_file_hash=null has_streaming_sidecar=0 autotransfer_retry_enabled=1 media_upload_handle=null message_row_id=236 multicast_id=null enc_file_hash=null mute_video=0 page_count=0 first_scan_sidecar=null suspicious_content=0 file_length=2210892 media_name=04c5d159-c688-4f59-b972-25b0daeb5b46.mp4 media_duration=15 chat_row_id=29 media_key=null
03-29 11:28:35.795 13564 13622 E SQLiteDatabase: android.database.sqlite.SQLiteConstraintException: UNIQUE constraint failed: message_media.message_row_id (code 1555 SQLITE_CONSTRAINT_PRIMARYKEY)
03-29 11:28:35.795 13564 13622 E SQLiteDatabase: at android.database.sqlite.SQLiteConnection.nativeExecuteForLastInsertedRowId(Native Method)
03-29 11:28:35.795 13564 13622 E SQLiteDatabase: at android.database.sqlite.SQLiteConnection.executeForLastInsertedRowId(SQLiteConnecti on.java:948)
03-29 11:28:35.795 13564 13622 E SQLiteDatabase: at android.database.sqlite.SQLiteSession.executeForLastInsertedRowId(SQLiteSession.jav a:790)
03-29 11:28:35.795 13564 13622 E SQLiteDatabase: at android.database.sqlite.SQLiteStatement.executeInsert(SQLiteStatement.java:88)
03-29 11:28:35.795 13564 13622 E SQLiteDatabase: at android.database.sqlite.SQLiteDatabase.insertWithOnConflict(SQLiteDatabase.java:171 2)
03-29 11:28:35.795 13564 13622 E SQLiteDatabase: at android.database.sqlite.SQLiteDatabase.insert(SQLiteDatabase.java:1581)
03-29 11:28:35.795 13564 13622 E SQLiteDatabase: at X.2tm.A08(Unknown Source:6)
03-29 11:28:35.795 13564 13622 E SQLiteDatabase: at X.35Y.A07(Unknown Source:212)
03-29 11:28:35.795 13564 13622 E SQLiteDatabase: at X.3QF.A14(Unknown Source:470)
03-29 11:28:35.795 13564 13622 E SQLiteDatabase: at X.3gU.run(Unknown Source:982)
03-29 11:28:35.795 13564 13622 E SQLiteDatabase: at android.os.Handler.handleCallback(Handler.java:938)
03-29 11:28:35.795 13564 13622 E SQLiteDatabase: at android.os.Handler.dispatchMessage(Handler.java:99)
03-29 11:28:35.795 13564 13622 E SQLiteDatabase: at X.0zq.dispatchMessage(Unknown Source:4)
03-29 11:28:35.795 13564 13622 E SQLiteDatabase: at android.os.Looper.loop(Looper.java:263)
03-29 11:28:35.795 13564 13622 E SQLiteDatabase: at android.os.HandlerThread.run(HandlerThread.java:67)
03-29 11:28:35.992 13564 19494 W Codec2Client: query -- param skipped: index = 1342179345.
03-29 11:28:35.992 13564 19494 W Codec2Client: query -- param skipped: index = 2415921170.
03-29 11:28:35.992 13564 19494 W Codec2Client: query -- param skipped: index = 1610614798.
03-29 11:28:37.032 13564 13564 E Parcel : Reading a NULL string not supported here.
03-29 11:28:37.104 13564 19829 E libEGL : Invalid file path for libcolorx- loader.so
03-29 11:28:37.274 13564 13564 W BottomSheetBehavior: BottomSheetBehavior now supports multiple callbacks. `setBottomSheetCallback()` removes all existing callbacks, including ones set internally by library authors, which may result in unintended behavior. This may change in the future. Please use `addBottomSheetCallback()` and `removeBottomSheetCallback()` instead to set your own callbacks.
03-29 11:28:37.274 13564 13564 W BottomSheetBehavior: BottomSheetBehavior now supports multiple callbacks. `setBottomSheetCallback()` removes all existing callbacks, including ones set internally by library authors, which may result in unintended behavior. This may change in the future. Please use `addBottomSheetCallback()` and `removeBottomSheetCallback()` instead to set your own callbacks.
03-29 11:28:37.294 13564 13564 E RecyclerView: No adapter attached; skipping layout
03-29 11:28:39.696 13564 13622 E SQLiteDatabase: Error inserting transferred=1 media_job_uuid=f922e555-0525-46e0-b03c-3baf537bdaf4 transcoded=1 gif_attribution=0 first_scan_length=0 direct_path=/v/t62.7161- 24/29501754_7847313851966184_9129187052931244917_n.enc?ccb=11- 4&oh=01_ASCoHkC6IrToqjMcDnZEZlkjkp1Qk9ytio3qskeUF4u_Xw&oe=662DB3E2&_nc_sid=5e03e0 thumbnail_height_width_ratio=1.3333334 is_animated_sticker=0 file_hash=z7WJEnRTUgtursubmK6dLbF7IdG/igsvmBaIsxs/q4U= file_path=Media/MBWhatsApp Video/Sent/VID-20240329-WA0007.mp4 file_size=2210892 partial_media_hash=null face_x=0 face_y=0 height=768 trim_to=0 media_key_timestamp=1711679317538 message_url=https://mmg.whatsapp.net/v/t62.7161- 24/29501754_7847313851966184_9129187052931244917_n.enc?ccb=11- 4&oh=01_ASCoHkC6IrToqjMcDnZEZlkjkp1Qk9ytio3qskeUF4u_Xw&oe=662DB3E2&_nc_sid=5e03e0&m ms3=true media_caption=null trim_from=0 mime_type=video/mp4 partial_media_enc_hash=null width=576 original_file_hash=null has_streaming_sidecar=1 autotransfer_retry_enabled=0 media_upload_handle=null message_row_id=236 multicast_id=null enc_file_hash=PFTQAFXG8SkCJQ7snNyupn9d1fk+svzRCP6zjOWLxsM= mute_video=0 page_count=0 first_scan_sidecar=null suspicious_content=0 file_length=2210892 media_name=04c5d159-c688-4f59-b972-25b0daeb5b46.mp4 media_duration=15 chat_row_id=29 media_key=[B@e699d82
03-29 11:28:39.696 13564 13622 E SQLiteDatabase: android.database.sqlite.SQLiteConstraintException: UNIQUE constraint failed: message_media.message_row_id (code 1555 SQLITE_CONSTRAINT_PRIMARYKEY)
03-29 11:28:39.696 13564 13622 E SQLiteDatabase: at android.database.sqlite.SQLiteConnection.nativeExecuteForLastInsertedRowId(Native Method)
03-29 11:28:39.696 13564 13622 E SQLiteDatabase: at android.database.sqlite.SQLiteConnection.executeForLastInsertedRowId(SQLiteConnecti on.java:948)
03-29 11:28:39.696 13564 13622 E SQLiteDatabase: at android.database.sqlite.SQLiteSession.executeForLastInsertedRowId(SQLiteSession.jav a:790)
03-29 11:28:39.696 13564 13622 E SQLiteDatabase: at android.database.sqlite.SQLiteStatement.executeInsert(SQLiteStatement.java:88)
03-29 11:28:39.696 13564 13622 E SQLiteDatabase: at android.database.sqlite.SQLiteDatabase.insertWithOnConflict(SQLiteDatabase.java:171 2)
03-29 11:28:39.696 13564 13622 E SQLiteDatabase: at android.database.sqlite.SQLiteDatabase.insert(SQLiteDatabase.java:1581)
03-29 11:28:39.696 13564 13622 E SQLiteDatabase: at X.2tm.A08(Unknown Source:6)
03-29 11:28:39.696 13564 13622 E SQLiteDatabase: at X.35Y.A07(Unknown Source:212)
03-29 11:28:39.696 13564 13622 E SQLiteDatabase: at X.3QF.A14(Unknown Source:470)
03-29 11:28:39.696 13564 13622 E SQLiteDatabase: at X.3gU.run(Unknown Source:982)
03-29 11:28:39.696 13564 13622 E SQLiteDatabase: at android.os.Handler.handleCallback(Handler.java:938)
03-29 11:28:39.696 13564 13622 E SQLiteDatabase: at android.os.Handler.dispatchMessage(Handler.java:99)
03-29 11:28:39.696 13564 13622 E SQLiteDatabase: at X.0zq.dispatchMessage(Unknown Source:4)
03-29 11:28:39.696 13564 13622 E SQLiteDatabase: at android.os.Looper.loop(Looper.java:263)
03-29 11:28:39.696 13564 13622 E SQLiteDatabase: at android.os.HandlerThread.run(HandlerThread.java:67)
03-29 11:28:39.705 13564 18616 E Parcel : Reading a NULL string not supported here.
03-29 11:28:39.842 13564 13622 E SQLiteDatabase: Error inserting transferred=1 media_job_uuid=1b1d5e5c-a2da-4465-8b43-6d56a3e5e88b transcoded=0 gif_attribution=0 first_scan_length=0 direct_path=/m1/v/t24/An_dnqs1fOJMD3E8pGMrX_3z0lquGA4KMQsDj6h6NrYC9AsMCmIJfgVkhm5Bx ADTX2I8d4_yejCIkKDSdYFq8BIr0YdQQjVKWqeTw7zstqpEyT-iuTalCYlyiU_8kfVTaAy7?ccb=10- 5&oh=01_ASCcyK9IlwDE0hfgivUTEBxnkmgWae_maBiakdGJRa4LWg&oe=662CCC6A&_nc_sid=5e03e0 thumbnail_height_width_ratio=1.7560976 is_animated_sticker=0 file_hash=HgJbYe/tJiv2T0OUnp5LCA36xParav0DrNYbV9D5A88= file_path=Media/MBWhatsApp Video/VID-20240329-WA0008 file_size=341042 partial_media_hash=null face_x=0 face_y=0 height=1024 trim_to=0 media_key_timestamp=0 message_url=null media_caption=null trim_from=0 mime_type=video/mp4 partial_media_enc_hash=null width=576 original_file_hash=null has_streaming_sidecar=0 autotransfer_retry_enabled=1 media_upload_handle=null message_row_id=158 multicast_id=null enc_file_hash=null mute_video=0 page_count=0 first_scan_sidecar=null suspicious_content=0 file_length=341042 media_name=null media_duration=13 chat_row_id=32 media_key=null
03-29 11:28:39.842 13564 13622 E SQLiteDatabase: android.database.sqlite.SQLiteConstraintException: UNIQUE constraint failed: message_media.message_row_id (code 1555 SQLITE_CONSTRAINT_PRIMARYKEY)
03-29 11:28:39.842 13564 13622 E SQLiteDatabase: at android.database.sqlite.SQLiteConnection.nativeExecuteForLastInsertedRowId(Native Method)
03-29 11:28:39.842 13564 13622 E SQLiteDatabase: at android.database.sqlite.SQLiteConnection.executeForLastInsertedRowId(SQLiteConnecti on.java:948)
03-29 11:28:39.842 13564 13622 E SQLiteDatabase: at android.database.sqlite.SQLiteSession.executeForLastInsertedRowId(SQLiteSession.jav a:790)
03-29 11:28:39.842 13564 13622 E SQLiteDatabase: at android.database.sqlite.SQLiteStatement.executeInsert(SQLiteStatement.java:88)
03-29 11:28:39.842 13564 13622 E SQLiteDatabase: at android.database.sqlite.SQLiteDatabase.insertWithOnConflict(SQLiteDatabase.java:171 2)
03-29 11:28:39.842 13564 13622 E SQLiteDatabase: at android.database.sqlite.SQLiteDatabase.insert(SQLiteDatabase.java:1581)
03-29 11:28:39.842 13564 13622 E SQLiteDatabase: at X.2tm.A08(Unknown Source:6)
03-29 11:28:39.842 13564 13622 E SQLiteDatabase: at X.35Y.A07(Unknown Source:212)
03-29 11:28:39.842 13564 13622 E SQLiteDatabase: at X.3QF.A14(Unknown Source:470)
03-29 11:28:39.842 13564 13622 E SQLiteDatabase: at X.3gU.run(Unknown Source:982)
03-29 11:28:39.842 13564 13622 E SQLiteDatabase: at android.os.Handler.handleCallback(Handler.java:938)
03-29 11:28:39.842 13564 13622 E SQLiteDatabase: at android.os.Handler.dispatchMessage(Handler.java:99)
03-29 11:28:39.842 13564 13622 E SQLiteDatabase: at X.0zq.dispatchMessage(Unknown Source:4)
03-29 11:28:39.842 13564 13622 E SQLiteDatabase: at android.os.Looper.loop(Looper.java:263)
03-29 11:28:39.842 13564 13622 E SQLiteDatabase: at android.os.HandlerThread.run(HandlerThread.java:67)
03-29 11:28:49.847 13564 13564 E Parcel : Reading a NULL string not supported here.
03-29 11:28:49.886 13564 19868 E libEGL : Invalid file path for libcolorx- loader.so
03-29 11:28:51.042 13564 13564 E Parcel : Reading a NULL string not supported here.
03-29 11:28:51.089 13564 19882 E libEGL : Invalid file path for libcolorx- loader.so
03-29 11:28:51.233 13564 13564 W BottomSheetBehavior: BottomSheetBehavior now supports multiple callbacks. `setBottomSheetCallback()` removes all existing callbacks, including ones set internally by library authors, which may result in unintended behavior. This may change in the future. Please use `addBottomSheetCallback()` and `removeBottomSheetCallback()` instead to set your own callbacks.
03-29 11:28:51.233 13564 13564 W BottomSheetBehavior: BottomSheetBehavior now supports multiple callbacks. `setBottomSheetCallback()` removes all existing callbacks, including ones set internally by library authors, which may result in unintended behavior. This may change in the future. Please use `addBottomSheetCallback()` and `removeBottomSheetCallback()` instead to set your own callbacks.
03-29 11:28:51.317 13564 19884 E Parcel : Reading a NULL string not supported here.
03-29 11:28:51.355 13564 19889 E OplusACodec: [GetVideoCodingTypeFromMime:L726] mime:video/avc
03-29 11:28:51.386 13564 19896 W Codec2Client: query -- param skipped: index = 1107298332.
03-29 11:28:51.386 13564 19896 W CCodec : This behavior is subject to change. It is recommended that app developers double check whether the requested max input size is in reasonable range.
03-29 11:28:51.387 13564 19896 W Codec2Client: query -- param skipped: index = 1342179345.
03-29 11:28:51.387 13564 19896 W Codec2Client: query -- param skipped: index = 2415921170.
03-29 11:28:51.387 13564 19896 W Codec2Client: query -- param skipped: index = 1610614798.
03-29 11:28:51.388 13564 19896 E FMQ : grantorIdx must be less than 3
03-29 11:28:51.388 13564 19896 E FMQ : grantorIdx must be less than 3
03-29 11:28:51.391 13564 19896 E FMQ : grantorIdx must be less than 3
03-29 11:28:51.403 13564 13969 E FMQ : grantorIdx must be less than 3
03-29 11:28:52.579 13564 19884 W AudioTrack: getTimestamp_l(3305): retrograde timestamp time corrected, 223163857638095 < 223163858068720
03-29 11:28:55.825 13564 19896 W Codec2Client: query -- param skipped: index = 1342179345.
03-29 11:28:55.825 13564 19896 W Codec2Client: query -- param skipped: index = 2415921170.
03-29 11:28:55.825 13564 19896 W Codec2Client: query -- param skipped: index = 1610614798.
03-29 11:29:01.499 13564 13564 E Parcel : Reading a NULL string not supported here.
03-29 11:29:01.565 13564 19922 E libEGL : Invalid file path for libcolorx- loader.so
03-29 11:29:03.034 13564 13564 E Parcel : Reading a NULL string not supported here.
03-29 11:29:03.073 13564 19927 E libEGL : Invalid file path for libcolorx- loader.so
03-29 11:29:03.292 13564 13564 E ArmVmp : Match on catch block at 0x0a in for 0xc1
03-29 11:29:03.295 13564 13564 E ArmVmp : Match on catch block at 0x0a in for 0xc9
03-29 11:29:03.538 13564 13564 E ArmVmp : Match on catch block at 0xc3 in for 0xb5
03-29 11:29:03.542 13564 13564 E ArmVmp : Match on catch block at 0xc3 in for 0xb5
03-29 11:29:03.545 13564 13564 E ArmVmp : Match on catch block at 0xc3 in for 0xb5
03-29 11:29:03.604 13564 13564 E ArmVmp : Match on catch block at 0xc3 in for 0xa9
03-29 11:29:03.606 13564 13564 E ArmVmp : Match on catch block at 0xc3 in for 0xa1
03-29 11:29:03.608 13564 13564 E ArmVmp : Match on catch block at 0xc3 in for 0xa1
03-29 11:29:03.629 13564 13564 E ArmVmp : Match on catch block at 0xc3 in for 0xa9
03-29 11:29:03.632 13564 13564 E ArmVmp : Match on catch block at 0xc3 in for 0xa1
03-29 11:29:03.634 13564 13564 E ArmVmp : Match on catch block at 0xc3 in for 0xa1
03-29 11:29:03.661 13564 13564 E ArmVmp : Match on catch block at 0xc3 in for 0xa5
03-29 11:29:03.664 13564 13564 E ArmVmp : Match on catch block at 0xc3 in for 0xa9
03-29 11:29:03.666 13564 13564 E ArmVmp : Match on catch block at 0xc3 in for 0xa9
03-29 11:29:04.148 13564 13564 E ArmVmp : Match on catch block at 0xc3 in for 0xa5
03-29 11:29:04.153 13564 13564 E ArmVmp : Match on catch block at 0xc3 in for 0xa9
03-29 11:29:04.156 13564 13564 E ArmVmp : Match on catch block at 0xc3 in for 0xa9
03-29 11:29:04.197 13564 13564 E ArmVmp : Match on catch block at 0xc3 in for 0xa5
03-29 11:29:04.202 13564 13564 E ArmVmp : Match on catch block at 0xc3 in for 0xa9
03-29 11:29:04.204 13564 13564 E ArmVmp : Match on catch block at 0xc3 in for 0xa9
03-29 11:29:04.308 13564 13564 E ArmVmp : Match on catch block at 0xc3 in for 0xa5
03-29 11:29:04.312 13564 13564 E ArmVmp : Match on catch block at 0xc3 in for 0xa9
03-29 11:29:04.316 13564 13564 E ArmVmp : Match on catch block at 0xc3 in for 0xa9
03-29 11:29:04.339 13564 13564 E ArmVmp : Match on catch block at 0xc3 in for 0xa1
03-29 11:29:04.342 13564 13564 E ArmVmp : Match on catch block at 0xc3 in for 0xa5
03-29 11:29:04.344 13564 13564 E ArmVmp : Match on catch block at 0xc3 in for 0xa5
03-29 11:29:04.674 13564 13564 E ArmVmp : Match on catch block at 0xc3 in for 0xa9
03-29 11:29:04.688 13564 13564 E ArmVmp : Match on catch block at 0xc3 in for 0xa1
03-29 11:29:04.694 13564 13564 E ArmVmp : Match on catch block at 0xc3 in for 0xa1
03-29 11:29:05.157 13564 13564 E ArmVmp : Match on catch block at 0xc3 in for 0xa9
03-29 11:29:05.161 13564 13564 E ArmVmp : Match on catch block at 0xc3 in for 0xa1
03-29 11:29:05.164 13564 13564 E ArmVmp : Match on catch block at 0xc3 in for 0xa1
03-29 11:29:05.184 13564 13564 E ArmVmp : Match on catch block at 0xc3 in for 0xa5
03-29 11:29:05.187 13564 13564 E ArmVmp : Match on catch block at 0xc3 in for 0xa9
03-29 11:29:05.190 13564 13564 E ArmVmp : Match on catch block at 0xc3 in for 0xa9
03-29 11:29:05.200 13564 13564 E ArmVmp : Match on catch block at 0xc3 in for 0xa1
03-29 11:29:05.204 13564 13564 E ArmVmp : Match on catch block at 0xc3 in for 0xa5
03-29 11:29:05.206 13564 13564 E ArmVmp : Match on catch block at 0xc3 in for 0xa5
03-29 11:29:05.217 13564 13564 E ArmVmp : Match on catch block at 0xc3 in for 0xa9
03-29 11:29:05.221 13564 13564 E ArmVmp : Match on catch block at 0xc3 in for 0xa1
03-29 11:29:05.223 13564 13564 E ArmVmp : Match on catch block at 0xc3 in for 0xa1
03-29 11:29:05.234 13564 13564 E ArmVmp : Match on catch block at 0xc3 in for 0xa5
03-29 11:29:05.238 13564 13564 E ArmVmp : Match on catch block at 0xc3 in for 0xa9
03-29 11:29:05.240 13564 13564 E ArmVmp : Match on catch block at 0xc3 in for 0xa9
03-29 11:29:05.251 13564 13564 E ArmVmp : Match on catch block at 0xc3 in for 0xa1
03-29 11:29:05.254 13564 13564 E ArmVmp : Match on catch block at 0xc3 in for 0xa5
03-29 11:29:05.257 13564 13564 E ArmVmp : Match on catch block at 0xc3 in for 0xa5
03-29 11:29:05.268 13564 13564 E ArmVmp : Match on catch block at 0xc3 in for 0xa9
03-29 11:29:05.272 13564 13564 E ArmVmp : Match on catch block at 0xc3 in for 0xa1
03-29 11:29:05.275 13564 13564 E ArmVmp : Match on catch block at 0xc3 in for 0xa1
03-29 11:29:05.285 13564 13564 E ArmVmp : Match on catch block at 0xc3 in for 0xa5
03-29 11:29:05.289 13564 13564 E ArmVmp : Match on catch block at 0xc3 in for 0xa9
03-29 11:29:05.292 13564 13564 E ArmVmp : Match on catch block at 0xc3 in for 0xa9
03-29 11:29:05.301 13564 13564 E ArmVmp : Match on catch block at 0xc3 in for 0xa1
03-29 11:29:05.306 13564 13564 E ArmVmp : Match on catch block at 0xc3 in for 0xa5
03-29 11:29:05.308 13564 13564 E ArmVmp : Match on catch block at 0xc3 in for 0xa5
03-29 11:29:05.318 13564 13564 E ArmVmp : Match on catch block at 0xc3 in for 0xa9
03-29 11:29:05.322 13564 13564 E ArmVmp : Match on catch block at 0xc3 in for 0xa1
03-29 11:29:05.326 13564 13564 E ArmVmp : Match on catch block at 0xc3 in for 0xa1
03-29 11:29:05.335 13564 13564 E ArmVmp : Match on catch block at 0xc3 in for 0xa5
03-29 11:29:05.338 13564 13564 E ArmVmp : Match on catch block at 0xc3 in for 0xa9
03-29 11:29:05.341 13564 13564 E ArmVmp : Match on catch block at 0xc3 in for 0xa9
03-29 11:29:05.352 13564 13564 E ArmVmp : Match on catch block at 0xc3 in for 0xa1
03-29 11:29:05.355 13564 13564 E ArmVmp : Match on catch block at 0xc3 in for 0xa5
03-29 11:29:05.358 13564 13564 E ArmVmp : Match on catch block at 0xc3 in for 0xa5
03-29 11:29:05.369 13564 13564 E ArmVmp : Match on catch block at 0xc3 in for 0xa9
03-29 11:29:05.374 13564 13564 E ArmVmp : Match on catch block at 0xc3 in for 0xa1
03-29 11:29:05.377 13564 13564 E ArmVmp : Match on catch block at 0xc3 in for 0xa1
03-29 11:29:05.385 13564 13564 E ArmVmp : Match on catch block at 0xc3 in for 0xa5
03-29 11:29:05.389 13564 13564 E ArmVmp : Match on catch block at 0xc3 in for 0xa9
03-29 11:29:05.392 13564 13564 E ArmVmp : Match on catch block at 0xc3 in for 0xa9
03-29 11:29:05.403 13564 13564 E ArmVmp : Match on catch block at 0xc3 in for 0xa1
03-29 11:29:05.407 13564 13564 E ArmVmp : Match on catch block at 0xc3 in for 0xa5
03-29 11:29:05.411 13564 13564 E ArmVmp : Match on catch block at 0xc3 in for 0xa5
03-29 11:29:05.418 13564 13564 E ArmVmp : Match on catch block at 0xc3 in for 0xa9
03-29 11:29:05.421 13564 13564 E ArmVmp : Match on catch block at 0xc3 in for 0xa1
03-29 11:29:05.424 13564 13564 E ArmVmp : Match on catch block at 0xc3 in for 0xa1
03-29 11:29:05.435 13564 13564 E ArmVmp : Match on catch block at 0xc3 in for 0xa5
03-29 11:29:05.439 13564 13564 E ArmVmp : Match on catch block at 0xc3 in for 0xa9
03-29 11:29:05.442 13564 13564 E ArmVmp : Match on catch block at 0xc3 in for 0xa9
03-29 11:29:05.453 13564 13564 E ArmVmp : Match on catch block at 0xc3 in for 0xa1
03-29 11:29:05.456 13564 13564 E ArmVmp : Match on catch block at 0xc3 in for 0xa5
03-29 11:29:05.459 13564 13564 E ArmVmp : Match on catch block at 0xc3 in for 0xa5
03-29 11:29:05.468 13564 13564 E ArmVmp : Match on catch block at 0xc3 in for 0xa9
03-29 11:29:05.472 13564 13564 E ArmVmp : Match on catch block at 0xc3 in for 0xa1
03-29 11:29:05.474 13564 13564 E ArmVmp : Match on catch block at 0xc3 in for 0xa1
03-29 11:29:05.485 13564 13564 E ArmVmp : Match on catch block at 0xc3 in for 0xa5
03-29 11:29:05.490 13564 13564 E ArmVmp : Match on catch block at 0xc3 in for 0xa9
03-29 11:29:05.493 13564 13564 E ArmVmp : Match on catch block at 0xc3 in for 0xa9
03-29 11:29:05.501 13564 13564 E ArmVmp : Match on catch block at 0xc3 in for 0xa1
03-29 11:29:05.505 13564 13564 E ArmVmp : Match on catch block at 0xc3 in for 0xa5
03-29 11:29:05.508 13564 13564 E ArmVmp : Match on catch block at 0xc3 in for 0xa5
03-29 11:29:05.519 13564 13564 E ArmVmp : Match on catch block at 0xc3 in for 0xa9
03-29 11:29:05.522 13564 13564 E ArmVmp : Match on catch block at 0xc3 in for 0xa1
03-29 11:29:05.525 13564 13564 E ArmVmp : Match on catch block at 0xc3 in for 0xa1
03-29 11:29:05.535 13564 13564 E ArmVmp : Match on catch block at 0xc3 in for 0xa5
03-29 11:29:05.539 13564 13564 E ArmVmp : Match on catch block at 0xc3 in for 0xa9
03-29 11:29:05.542 13564 13564 E ArmVmp : Match on catch block at 0xc3 in for 0xa9
03-29 11:29:05.552 13564 13564 E ArmVmp : Match on catch block at 0xc3 in for 0xa1
03-29 11:29:05.555 13564 13564 E ArmVmp : Match on catch block at 0xc3 in for 0xa5
03-29 11:29:05.558 13564 13564 E ArmVmp : Match on catch block at 0xc3 in for 0xa5
03-29 11:29:05.569 13564 13564 E ArmVmp : Match on catch block at 0xc3 in for 0xa9
03-29 11:29:05.572 13564 13564 E ArmVmp : Match on catch block at 0xc3 in for 0xa1
03-29 11:29:05.575 13564 13564 E ArmVmp : Match on catch block at 0xc3 in for 0xa1
03-29 11:29:05.585 13564 13564 E ArmVmp : Match on catch block at 0xc3 in for 0xa5
03-29 11:29:05.589 13564 13564 E ArmVmp : Match on catch block at 0xc3 in for 0xa9
03-29 11:29:05.591 13564 13564 E ArmVmp : Match on catch block at 0xc3 in for 0xa9
03-29 11:29:05.603 13564 13564 E ArmVmp : Match on catch block at 0xc3 in for 0xa1
03-29 11:29:05.607 13564 13564 E ArmVmp : Match on catch block at 0xc3 in for 0xa5
03-29 11:29:05.610 13564 13564 E ArmVmp : Match on catch block at 0xc3 in for 0xa5
03-29 11:29:05.620 13564 13564 E ArmVmp : Match on catch block at 0xc3 in for 0xa9
03-29 11:29:05.623 13564 13564 E ArmVmp : Match on catch block at 0xc3 in for 0xa1
03-29 11:29:05.626 13564 13564 E ArmVmp : Match on catch block at 0xc3 in for 0xa1
03-29 11:29:05.635 13564 13564 E ArmVmp : Match on catch block at 0xc3 in for 0xa5
03-29 11:29:05.639 13564 13564 E ArmVmp : Match on catch block at 0xc3 in for 0xa9
03-29 11:29:05.641 13564 13564 E ArmVmp : Match on catch block at 0xc3 in for 0xa9
03-29 11:29:05.652 13564 13564 E ArmVmp : Match on catch block at 0xc3 in for 0xa1
03-29 11:29:05.655 13564 13564 E ArmVmp : Match on catch block at 0xc3 in for 0xa5
03-29 11:29:05.657 13564 13564 E ArmVmp : Match on catch block at 0xc3 in for 0xa5
03-29 11:29:05.669 13564 13564 E ArmVmp : Match on catch block at 0xc3 in for 0xa9
03-29 11:29:05.672 13564 13564 E ArmVmp : Match on catch block at 0xc3 in for 0xa1
03-29 11:29:05.675 13564 13564 E ArmVmp : Match on catch block at 0xc3 in for 0xa1
03-29 11:29:05.686 13564 13564 E ArmVmp : Match on catch block at 0xc3 in for 0xa5
03-29 11:29:05.691 13564 13564 E ArmVmp : Match on catch block at 0xc3 in for 0xa9
03-29 11:29:05.694 13564 13564 E ArmVmp : Match on catch block at 0xc3 in for 0xa9
03-29 11:29:05.703 13564 13564 E ArmVmp : Match on catch block at 0xc3 in for 0xa1
03-29 11:29:05.707 13564 13564 E ArmVmp : Match on catch block at 0xc3 in for 0xa5
03-29 11:29:05.710 13564 13564 E ArmVmp : Match on catch block at 0xc3 in for 0xa5
03-29 11:29:05.719 13564 13564 E ArmVmp : Match on catch block at 0xc3 in for 0xa9
03-29 11:29:05.724 13564 13564 E ArmVmp : Match on catch block at 0xc3 in for 0xa1
03-29 11:29:05.726 13564 13564 E ArmVmp : Match on catch block at 0xc3 in for 0xa1
03-29 11:29:05.736 13564 13564 E ArmVmp : Match on catch block at 0xc3 in for 0xa5
03-29 11:29:05.739 13564 13564 E ArmVmp : Match on catch block at 0xc3 in for 0xa9
03-29 11:29:05.742 13564 13564 E ArmVmp : Match on catch block at 0xc3 in for 0xa9
03-29 11:29:05.752 13564 13564 E ArmVmp : Match on catch block at 0xc3 in for 0xa1
03-29 11:29:05.756 13564 13564 E ArmVmp : Match on catch block at 0xc3 in for 0xa5
03-29 11:29:05.758 13564 13564 E ArmVmp : Match on catch block at 0xc3 in for 0xa5
03-29 11:29:05.769 13564 13564 E ArmVmp : Match on catch block at 0xc3 in for 0xa9
03-29 11:29:05.772 13564 13564 E ArmVmp : Match on catch block at 0xc3 in for 0xa1
03-29 11:29:05.775 13564 13564 E ArmVmp : Match on catch block at 0xc3 in for 0xa1
03-29 11:29:05.786 13564 13564 E ArmVmp : Match on catch block at 0xc3 in for 0xa5
03-29 11:29:05.790 13564 13564 E ArmVmp : Match on catch block at 0xc3 in for 0xa9
03-29 11:29:05.793 13564 13564 E ArmVmp : Match on catch block at 0xc3 in for 0xa9
03-29 11:29:05.803 13564 13564 E ArmVmp : Match on catch block at 0xc3 in for 0xa1
03-29 11:29:05.808 13564 13564 E ArmVmp : Match on catch block at 0xc3 in for 0xa5
03-29 11:29:05.812 13564 13564 E ArmVmp : Match on catch block at 0xc3 in for 0xa5
03-29 11:29:05.820 13564 13564 E ArmVmp : Match on catch block at 0xc3 in for 0xa9
03-29 11:29:05.825 13564 13564 E ArmVmp : Match on catch block at 0xc3 in for 0xa1
03-29 11:29:05.827 13564 13564 E ArmVmp : Match on catch block at 0xc3 in for 0xa1
03-29 11:29:05.836 13564 13564 E ArmVmp : Match on catch block at 0xc3 in for 0xa5
03-29 11:29:05.841 13564 13564 E ArmVmp : Match on catch block at 0xc3 in for 0xa9
03-29 11:29:05.844 13564 13564 E ArmVmp : Match on catch block at 0xc3 in for 0xa9
03-29 11:29:05.853 13564 13564 E ArmVmp : Match on catch block at 0xc3 in for 0xa1
03-29 11:29:05.856 13564 13564 E ArmVmp : Match on catch block at 0xc3 in for 0xa5
03-29 11:29:05.858 13564 13564 E ArmVmp : Match on catch block at 0xc3 in for 0xa5
03-29 11:29:05.869 13564 13564 E ArmVmp : Match on catch block at 0xc3 in for 0xa9
03-29 11:29:05.873 13564 13564 E ArmVmp : Match on catch block at 0xc3 in for 0xa1
03-29 11:29:05.875 13564 13564 E ArmVmp : Match on catch block at 0xc3 in for 0xa1
03-29 11:29:05.886 13564 13564 E ArmVmp : Match on catch block at 0xc3 in for 0xa5
03-29 11:29:05.890 13564 13564 E ArmVmp : Match on catch block at 0xc3 in for 0xa9
03-29 11:29:05.893 13564 13564 E ArmVmp : Match on catch block at 0xc3 in for 0xa9
03-29 11:29:05.903 13564 13564 E ArmVmp : Match on catch block at 0xc3 in for 0xa1
03-29 11:29:05.907 13564 13564 E ArmVmp : Match on catch block at 0xc3 in for 0xa5
03-29 11:29:05.910 13564 13564 E ArmVmp : Match on catch block at 0xc3 in for 0xa5
03-29 11:29:05.920 13564 13564 E ArmVmp : Match on catch block at 0xc3 in for 0xa9
03-29 11:29:05.924 13564 13564 E ArmVmp : Match on catch block at 0xc3 in for 0xa1
03-29 11:29:05.926 13564 13564 E ArmVmp : Match on catch block at 0xc3 in for 0xa1
03-29 11:29:05.936 13564 13564 E ArmVmp : Match on catch block at 0xc3 in for 0xa5
03-29 11:29:05.939 13564 13564 E ArmVmp : Match on catch block at 0xc3 in for 0xa9
03-29 11:29:05.941 13564 13564 E ArmVmp : Match on catch block at 0xc3 in for 0xa9
03-29 11:29:05.954 13564 13564 E ArmVmp : Match on catch block at 0xc3 in for 0xa1
03-29 11:29:05.958 13564 13564 E ArmVmp : Match on catch block at 0xc3 in for 0xa5
03-29 11:29:05.960 13564 13564 E ArmVmp : Match on catch block at 0xc3 in for 0xa5
03-29 11:29:05.975 13564 13564 E ArmVmp : Match on catch block at 0xc3 in for 0xa9
03-29 11:29:05.978 13564 13564 E ArmVmp : Match on catch block at 0xc3 in for 0xa1
03-29 11:29:05.980 13564 13564 E ArmVmp : Match on catch block at 0xc3 in for 0xa1
03-29 11:29:06.091 13564 13564 E ArmVmp : Match on catch block at 0xc3 in for 0xa9
03-29 11:29:06.095 13564 13564 E ArmVmp : Match on catch block at 0xc3 in for 0xa1
03-29 11:29:06.097 13564 13564 E ArmVmp : Match on catch block at 0xc3 in for 0xa1
03-29 11:29:06.105 13564 13564 E ArmVmp : Match on catch block at 0xc3 in for 0xa5
03-29 11:29:06.108 13564 13564 E ArmVmp : Match on catch block at 0xc3 in for 0xa9
03-29 11:29:06.111 13564 13564 E ArmVmp : Match on catch block at 0xc3 in for 0xa9
03-29 11:29:06.122 13564 13564 E ArmVmp : Match on catch block at 0xc3 in for 0xa1
03-29 11:29:06.125 13564 13564 E ArmVmp : Match on catch block at 0xc3 in for 0xa5
03-29 11:29:06.127 13564 13564 E ArmVmp : Match on catch block at 0xc3 in for 0xa5
03-29 11:29:06.138 13564 13564 E ArmVmp : Match on catch block at 0xc3 in for 0xa9
03-29 11:29:06.141 13564 13564 E ArmVmp : Match on catch block at 0xc3 in for 0xa1
03-29 11:29:06.143 13564 13564 E ArmVmp : Match on catch block at 0xc3 in for 0xa1
03-29 11:29:06.154 13564 13564 E ArmVmp : Match on catch block at 0xc3 in for 0xa5
03-29 11:29:06.157 13564 13564 E ArmVmp : Match on catch block at 0xc3 in for 0xa9
03-29 11:29:06.160 13564 13564 E ArmVmp : Match on catch block at 0xc3 in for 0xa9
03-29 11:29:06.171 13564 13564 E ArmVmp : Match on catch block at 0xc3 in for 0xa1
03-29 11:29:06.174 13564 13564 E ArmVmp : Match on catch block at 0xc3 in for 0xa5
03-29 11:29:06.177 13564 13564 E ArmVmp : Match on catch block at 0xc3 in for 0xa5
03-29 11:29:06.188 13564 13564 E ArmVmp : Match on catch block at 0xc3 in for 0xa9
03-29 11:29:06.191 13564 13564 E ArmVmp : Match on catch block at 0xc3 in for 0xa1
03-29 11:29:06.194 13564 13564 E ArmVmp : Match on catch block at 0xc3 in for 0xa1
03-29 11:29:06.205 13564 13564 E ArmVmp : Match on catch block at 0xc3 in for 0xa5
03-29 11:29:06.209 13564 13564 E ArmVmp : Match on catch block at 0xc3 in for 0xa9
03-29 11:29:06.211 13564 13564 E ArmVmp : Match on catch block at 0xc3 in for 0xa9
03-29 11:29:06.221 13564 13564 E ArmVmp : Match on catch block at 0xc3 in for 0xa1
03-29 11:29:06.224 13564 13564 E ArmVmp : Match on catch block at 0xc3 in for 0xa5
03-29 11:29:06.226 13564 13564 E ArmVmp : Match on catch block at 0xc3 in for 0xa5
03-29 11:29:06.237 13564 13564 E ArmVmp : Match on catch block at 0xc3 in for 0xa9
03-29 11:29:06.240 13564 13564 E ArmVmp : Match on catch block at 0xc3 in for 0xa1
03-29 11:29:06.243 13564 13564 E ArmVmp : Match on catch block at 0xc3 in for 0xa1
03-29 11:29:06.254 13564 13564 E ArmVmp : Match on catch block at 0xc3 in for 0xa5
03-29 11:29:06.258 13564 13564 E ArmVmp : Match on catch block at 0xc3 in for 0xa9
03-29 11:29:06.260 13564 13564 E ArmVmp : Match on catch block at 0xc3 in for 0xa9
03-29 11:29:06.271 13564 13564 E ArmVmp : Match on catch block at 0xc3 in for 0xa1
03-29 11:29:06.276 13564 13564 E ArmVmp : Match on catch block at 0xc3 in for 0xa5
03-29 11:29:06.306 13564 13564 E ArmVmp : Match on catch block at 0xc3 in for 0xa5
03-29 11:29:06.309 13564 13564 E ArmVmp : Match on catch block at 0xc3 in for 0xa9
03-29 11:29:06.312 13564 13564 E ArmVmp : Match on catch block at 0xc3 in for 0xa9
03-29 11:29:06.339 13564 13564 E ArmVmp : Match on catch block at 0xc3 in for 0xa5
03-29 11:29:06.342 13564 13564 E ArmVmp : Match on catch block at 0xc3 in for 0xa9
03-29 11:29:06.591 13564 13564 E ArmVmp : Match on catch block at 0xc3 in for 0xa9
03-29 11:29:06.600 13564 13564 E ArmVmp : Match on catch block at 0xc3 in for 0xa1
03-29 11:29:06.604 13564 13564 E ArmVmp : Match on catch block at 0xc3 in for 0xa1
03-29 11:29:06.612 13564 13564 E ArmVmp : Match on catch block at 0xc3 in for 0xa5
03-29 11:29:06.617 13564 13564 E ArmVmp : Match on catch block at 0xc3 in for 0xa9
03-29 11:29:06.619 13564 13564 E ArmVmp : Match on catch block at 0xc3 in for 0xa9
03-29 11:29:06.625 13564 13564 E ArmVmp : Match on catch block at 0xc3 in for 0xa5
03-29 11:29:06.629 13564 13564 E ArmVmp : Match on catch block at 0xc3 in for 0xa9
03-29 11:29:06.631 13564 13564 E ArmVmp : Match on catch block at 0xc3 in for 0xa9
03-29 11:29:06.638 13564 13564 E ArmVmp : Match on catch block at 0xc3 in for 0xa5
03-29 11:29:06.642 13564 13564 E ArmVmp : Match on catch block at 0xc3 in for 0xa9
03-29 11:29:06.644 13564 13564 E ArmVmp : Match on catch block at 0xc3 in for 0xa9
03-29 11:29:06.655 13564 13564 E ArmVmp : Match on catch block at 0xc3 in for 0xa5
03-29 11:29:06.659 13564 13564 E ArmVmp : Match on catch block at 0xc3 in for 0xa9
03-29 11:29:06.661 13564 13564 E ArmVmp : Match on catch block at 0xc3 in for 0xa9
03-29 11:29:06.673 13564 13564 E ArmVmp : Match on catch block at 0xc3 in for 0xa5
03-29 11:29:06.678 13564 13564 E ArmVmp : Match on catch block at 0xc3 in for 0xa9
03-29 11:29:06.681 13564 13564 E ArmVmp : Match on catch block at 0xc3 in for 0xa9
03-29 11:29:06.689 13564 13564 E ArmVmp : Match on catch block at 0xc3 in for 0xa5
03-29 11:29:06.692 13564 13564 E ArmVmp : Match on catch block at 0xc3 in for 0xa9
03-29 11:29:06.694 13564 13564 E ArmVmp : Match on catch block at 0xc3 in for 0xa9
03-29 11:29:06.705 13564 13564 E ArmVmp : Match on catch block at 0xc3 in for 0xa5
03-29 11:29:06.708 13564 13564 E ArmVmp : Match on catch block at 0xc3 in for 0xa9
03-29 11:29:06.711 13564 13564 E ArmVmp : Match on catch block at 0xc3 in for 0xa9
03-29 11:29:06.722 13564 13564 E ArmVmp : Match on catch block at 0xc3 in for 0xa5
03-29 11:29:06.725 13564 13564 E ArmVmp : Match on catch block at 0xc3 in for 0xa9
03-29 11:29:06.727 13564 13564 E ArmVmp : Match on catch block at 0xc3 in for 0xa9
03-29 11:29:06.739 13564 13564 E ArmVmp : Match on catch block at 0xc3 in for 0xa5
03-29 11:29:06.743 13564 13564 E ArmVmp : Match on catch block at 0xc3 in for 0xa9
03-29 11:29:06.745 13564 13564 E ArmVmp : Match on catch block at 0xc3 in for 0xa9
03-29 11:29:06.755 13564 13564 E ArmVmp : Match on catch block at 0xc3 in for 0xa5
03-29 11:29:06.759 13564 13564 E ArmVmp : Match on catch block at 0xc3 in for 0xa9
03-29 11:29:06.762 13564 13564 E ArmVmp : Match on catch block at 0xc3 in for 0xa9
03-29 11:29:06.772 13564 13564 E ArmVmp : Match on catch block at 0xc3 in for 0xa5
03-29 11:29:06.775 13564 13564 E ArmVmp : Match on catch block at 0xc3 in for 0xa9
03-29 11:29:06.778 13564 13564 E ArmVmp : Match on catch block at 0xc3 in for 0xa9
03-29 11:29:06.789 13564 13564 E ArmVmp : Match on catch block at 0xc3 in for 0xa1
03-29 11:29:06.792 13564 13564 E ArmVmp : Match on catch block at 0xc3 in for 0xa5
03-29 11:29:06.794 13564 13564 E ArmVmp : Match on catch block at 0xc3 in for 0xa5
03-29 11:29:06.907 13564 13564 E ArmVmp : Match on catch block at 0xc3 in for 0xa9
03-29 11:29:06.912 13564 13564 E ArmVmp : Match on catch block at 0xc3 in for 0xa1
03-29 11:29:06.915 13564 13564 E ArmVmp : Match on catch block at 0xc3 in for 0xa1
03-29 11:29:06.924 13564 13564 E ArmVmp : Match on catch block at 0xc3 in for 0xa5
03-29 11:29:06.928 13564 13564 E ArmVmp : Match on catch block at 0xc3 in for 0xa9
03-29 11:29:06.931 13564 13564 E ArmVmp : Match on catch block at 0xc3 in for 0xa9
03-29 11:29:06.941 13564 13564 E ArmVmp : Match on catch block at 0xc3 in for 0xa9
03-29 11:29:06.944 13564 13564 E ArmVmp : Match on catch block at 0xc3 in for 0xa1
03-29 11:29:06.957 13564 13564 E ArmVmp : Match on catch block at 0xc3 in for 0xa1
03-29 11:29:06.961 13564 13564 E ArmVmp : Match on catch block at 0xc3 in for 0xa5
03-29 11:29:06.963 13564 13564 E ArmVmp : Match on catch block at 0xc3 in for 0xa5
03-29 11:29:06.973 13564 13564 E ArmVmp : Match on catch block at 0xc3 in for 0xa9
03-29 11:29:06.976 13564 13564 E ArmVmp : Match on catch block at 0xc3 in for 0xa1
03-29 11:29:06.978 13564 13564 E ArmVmp : Match on catch block at 0xc3 in for 0xa1
03-29 11:29:06.989 13564 13564 E ArmVmp : Match on catch block at 0xc3 in for 0xa9
03-29 11:29:06.993 13564 13564 E ArmVmp : Match on catch block at 0xc3 in for 0xa1
03-29 11:29:06.995 13564 13564 E ArmVmp : Match on catch block at 0xc3 in for 0xa1
03-29 11:29:07.006 13564 13564 E ArmVmp : Match on catch block at 0xc3 in for 0xa9
03-29 11:29:07.010 13564 13564 E ArmVmp : Match on catch block at 0xc3 in for 0xa1
03-29 11:29:07.012 13564 13564 E ArmVmp : Match on catch block at 0xc3 in for 0xa1
03-29 11:29:07.023 13564 13564 E ArmVmp : Match on catch block at 0xc3 in for 0xa9
03-29 11:29:07.026 13564 13564 E ArmVmp : Match on catch block at 0xc3 in for 0xa1
03-29 11:29:07.029 13564 13564 E ArmVmp : Match on catch block at 0xc3 in for 0xa1
03-29 11:29:07.039 13564 13564 E ArmVmp : Match on catch block at 0xc3 in for 0xa9
03-29 11:29:07.043 13564 13564 E ArmVmp : Match on catch block at 0xc3 in for 0xa1
03-29 11:29:07.045 13564 13564 E ArmVmp : Match on catch block at 0xc3 in for 0xa1
03-29 11:29:07.057 13564 13564 E ArmVmp : Match on catch block at 0xc3 in for 0xa9
03-29 11:29:07.061 13564 13564 E ArmVmp : Match on catch block at 0xc3 in for 0xa1
03-29 11:29:07.063 13564 13564 E ArmVmp : Match on catch block at 0xc3 in for 0xa1
03-29 11:29:07.073 13564 13564 E ArmVmp : Match on catch block at 0xc3 in for 0xa9
03-29 11:29:07.076 13564 13564 E ArmVmp : Match on catch block at 0xc3 in for 0xa1
03-29 11:29:07.078 13564 13564 E ArmVmp : Match on catch block at 0xc3 in for 0xa1
03-29 11:29:07.090 13564 13564 E ArmVmp : Match on catch block at 0xc3 in for 0xa9
03-29 11:29:07.093 13564 13564 E ArmVmp : Match on catch block at 0xc3 in for 0xa1
03-29 11:29:07.096 13564 13564 E ArmVmp : Match on catch block at 0xc3 in for 0xa1
03-29 11:29:07.106 13564 13564 E ArmVmp : Match on catch block at 0xc3 in for 0xa9
03-29 11:29:07.108 13564 13564 E ArmVmp : Match on catch block at 0xc3 in for 0xa1
03-29 11:29:07.111 13564 13564 E ArmVmp : Match on catch block at 0xc3 in for 0xa1
03-29 11:29:07.124 13564 13564 E ArmVmp : Match on catch block at 0xc3 in for 0xa9
03-29 11:29:07.129 13564 13564 E ArmVmp : Match on catch block at 0xc3 in for 0xa1
03-29 11:29:07.132 13564 13564 E ArmVmp : Match on catch block at 0xc3 in for 0xa1
03-29 11:29:07.142 13564 13564 E ArmVmp : Match on catch block at 0xc3 in for 0xa9
03-29 11:29:07.145 13564 13564 E ArmVmp : Match on catch block at 0xc3 in for 0xa1
03-29 11:29:07.147 13564 13564 E ArmVmp : Match on catch block at 0xc3 in for 0xa1
03-29 11:29:07.156 13564 13564 E ArmVmp : Match on catch block at 0xc3 in for 0xa9
03-29 11:29:07.159 13564 13564 E ArmVmp : Match on catch block at 0xc3 in for 0xa1
03-29 11:29:07.173 13564 13564 E ArmVmp : Match on catch block at 0xc3 in for 0xa1
03-29 11:29:07.176 13564 13564 E ArmVmp : Match on catch block at 0xc3 in for 0xa5
03-29 11:29:07.179 13564 13564 E ArmVmp : Match on catch block at 0xc3 in for 0xa5
03-29 11:29:07.189 13564 13564 E ArmVmp : Match on catch block at 0xc3 in for 0xa9
03-29 11:29:07.192 13564 13564 E ArmVmp : Match on catch block at 0xc3 in for 0xa1
03-29 11:29:07.195 13564 13564 E ArmVmp : Match on catch block at 0xc3 in for 0xa1
03-29 11:29:07.391 13564 13564 E ArmVmp : Match on catch block at 0xc3 in for 0xa5
03-29 11:29:07.398 13564 13564 E ArmVmp : Match on catch block at 0xc3 in for 0xa9
03-29 11:29:07.404 13564 13564 E ArmVmp : Match on catch block at 0xc3 in for 0xa9
03-29 11:29:07.412 13564 13564 E ArmVmp : Match on catch block at 0xc3 in for 0xa1
03-29 11:29:07.418 13564 13564 E ArmVmp : Match on catch block at 0xc3 in for 0xa5
03-29 11:29:07.421 13564 13564 E ArmVmp : Match on catch block at 0xc3 in for 0xa5
03-29 11:29:07.427 13564 13564 E ArmVmp : Match on catch block at 0xc3 in for 0xa9
03-29 11:29:07.431 13564 13564 E ArmVmp : Match on catch block at 0xc3 in for 0xa1
03-29 11:29:07.435 13564 13564 E ArmVmp : Match on catch block at 0xc3 in for 0xa1
03-29 11:29:07.440 13564 13564 E ArmVmp : Match on catch block at 0xc3 in for 0xa5
03-29 11:29:07.445 13564 13564 E ArmVmp : Match on catch block at 0xc3 in for 0xa9
03-29 11:29:07.447 13564 13564 E ArmVmp : Match on catch block at 0xc3 in for 0xa9
03-29 11:29:07.457 13564 13564 E ArmVmp : Match on catch block at 0xc3 in for 0xa1
03-29 11:29:07.461 13564 13564 E ArmVmp : Match on catch block at 0xc3 in for 0xa5
03-29 11:29:07.463 13564 13564 E ArmVmp : Match on catch block at 0xc3 in for 0xa5
03-29 11:29:07.473 13564 13564 E ArmVmp : Match on catch block at 0xc3 in for 0xa9
03-29 11:29:07.477 13564 13564 E ArmVmp : Match on catch block at 0xc3 in for 0xa1
03-29 11:29:07.479 13564 13564 E ArmVmp : Match on catch block at 0xc3 in for 0xa1
03-29 11:29:07.490 13564 13564 E ArmVmp : Match on catch block at 0xc3 in for 0xa5
03-29 11:29:07.494 13564 13564 E ArmVmp : Match on catch block at 0xc3 in for 0xa9
03-29 11:29:07.497 13564 13564 E ArmVmp : Match on catch block at 0xc3 in for 0xa9
