03-29 11:21:05.790 13564 13622 E SQLiteDatabase: Error inserting transferred=1 media_job_uuid=8fc6e861-799f-4650-8222-066dd554c255 transcoded=1 gif_attribution=0 first_scan_length=0 direct_path=/v/t62.7161- 24/35561827_1584248392414914_7529321009248932674_n.enc?ccb=11- 4&oh=01_ASAnwauV5m1cdHCE6Omvi8eyONhBUUfkqH0LmGBLKZZfmw&oe=662DA06A&_nc_sid=5e03e0 thumbnail_height_width_ratio=1.7777778 is_animated_sticker=0 file_hash=Cq2+ZV7nRW+mlzj4j3dsuMy75E3LJ/HA+YJfHMFc/d8= file_path=Media/MBWhatsApp Video/Sent/VID-20240329-WA0000.mp4 file_size=2505502 partial_media_hash=null face_x=0 face_y=0 height=1024 trim_to=0 media_key_timestamp=1711678862417 message_url=https://mmg.whatsapp.net/v/t62.7161- 24/35561827_1584248392414914_7529321009248932674_n.enc?ccb=11- 4&oh=01_ASAnwauV5m1cdHCE6Omvi8eyONhBUUfkqH0LmGBLKZZfmw&oe=662DA06A&_nc_sid=5e03e0&m ms3=true media_caption=null trim_from=0 mime_type=video/mp4 partial_media_enc_hash=null width=576 original_file_hash=null has_streaming_sidecar=1 autotransfer_retry_enabled=0 media_upload_handle=null message_row_id=87 multicast_id=null enc_file_hash=Ll5EMskUx37UJ+trD6I6dV7SYw596xcbbhyfojK5Yts= mute_video=0 page_count=0 first_scan_sidecar=null suspicious_content=0 file_length=2505502 media_name=ed4b79f6-f370-49fb-9c3b-e1ad2c928074.mp4 media_duration=24 chat_row_id=29 media_key=[B@10be16d
03-29 11:21:05.790 13564 13622 E SQLiteDatabase: android.database.sqlite.SQLiteConstraintException: UNIQUE constraint failed: message_media.message_row_id (code 1555 SQLITE_CONSTRAINT_PRIMARYKEY)
03-29 11:21:05.790 13564 13622 E SQLiteDatabase: at android.database.sqlite.SQLiteConnection.nativeExecuteForLastInsertedRowId(Native Method)
03-29 11:21:05.790 13564 13622 E SQLiteDatabase: at android.database.sqlite.SQLiteConnection.executeForLastInsertedRowId(SQLiteConnecti on.java:948)
03-29 11:21:05.790 13564 13622 E SQLiteDatabase: at android.database.sqlite.SQLiteSession.executeForLastInsertedRowId(SQLiteSession.jav a:790)
03-29 11:21:05.790 13564 13622 E SQLiteDatabase: at android.database.sqlite.SQLiteStatement.executeInsert(SQLiteStatement.java:88)
03-29 11:21:05.790 13564 13622 E SQLiteDatabase: at android.database.sqlite.SQLiteDatabase.insertWithOnConflict(SQLiteDatabase.java:171 2)
03-29 11:21:05.790 13564 13622 E SQLiteDatabase: at android.database.sqlite.SQLiteDatabase.insert(SQLiteDatabase.java:1581)
03-29 11:21:05.790 13564 13622 E SQLiteDatabase: at X.2tm.A08(Unknown Source:6)
03-29 11:21:05.790 13564 13622 E SQLiteDatabase: at X.35Y.A07(Unknown Source:212)
03-29 11:21:05.790 13564 13622 E SQLiteDatabase: at X.3QF.A14(Unknown Source:470)
03-29 11:21:05.790 13564 13622 E SQLiteDatabase: at X.3gU.run(Unknown Source:982)
03-29 11:21:05.790 13564 13622 E SQLiteDatabase: at android.os.Handler.handleCallback(Handler.java:938)
03-29 11:21:05.790 13564 13622 E SQLiteDatabase: at android.os.Handler.dispatchMessage(Handler.java:99)
03-29 11:21:05.790 13564 13622 E SQLiteDatabase: at X.0zq.dispatchMessage(Unknown Source:4)
03-29 11:21:05.790 13564 13622 E SQLiteDatabase: at android.os.Looper.loop(Looper.java:263)
03-29 11:21:05.790 13564 13622 E SQLiteDatabase: at android.os.HandlerThread.run(HandlerThread.java:67)
03-29 11:21:05.794 13564 13620 E Parcel : Reading a NULL string not supported here.
03-29 11:21:09.215 13564 13564 E Parcel : Reading a NULL string not supported here.
03-29 11:21:09.286 13564 14112 E libEGL : Invalid file path for libcolorx- loader.so
03-29 11:21:09.482 13564 13564 W BottomSheetBehavior: BottomSheetBehavior now supports multiple callbacks. `setBottomSheetCallback()` removes all existing callbacks, including ones set internally by library authors, which may result in unintended behavior. This may change in the future. Please use `addBottomSheetCallback()` and `removeBottomSheetCallback()` instead to set your own callbacks.
03-29 11:21:09.482 13564 13564 W BottomSheetBehavior: BottomSheetBehavior now supports multiple callbacks. `setBottomSheetCallback()` removes all existing callbacks, including ones set internally by library authors, which may result in unintended behavior. This may change in the future. Please use `addBottomSheetCallback()` and `removeBottomSheetCallback()` instead to set your own callbacks.
03-29 11:21:09.575 13564 14118 E Parcel : Reading a NULL string not supported here.
03-29 11:21:09.636 13564 14124 E OplusACodec: [GetVideoCodingTypeFromMime:L726] mime:video/avc
03-29 11:21:09.672 13564 14131 W Codec2Client: query -- param skipped: index = 1107298332.
03-29 11:21:09.672 13564 14131 W CCodec : This behavior is subject to change. It is recommended that app developers double check whether the requested max input size is in reasonable range.
03-29 11:21:09.675 13564 14131 W Codec2Client: query -- param skipped: index = 1342179345.
03-29 11:21:09.675 13564 14131 W Codec2Client: query -- param skipped: index = 2415921170.
03-29 11:21:09.675 13564 14131 W Codec2Client: query -- param skipped: index = 1610614798.
03-29 11:21:09.675 13564 14131 E FMQ : grantorIdx must be less than 3
03-29 11:21:09.676 13564 14131 E FMQ : grantorIdx must be less than 3
03-29 11:21:09.678 13564 14131 E FMQ : grantorIdx must be less than 3
03-29 11:21:09.692 13564 13969 E FMQ : grantorIdx must be less than 3
03-29 11:21:09.924 13564 14118 W AudioTrack: getTimestamp_l(3282): retrograde timestamp time corrected, 222700950229887 < 222701212140407
03-29 11:21:13.471 13564 14131 W Codec2Client: query -- param skipped: index = 1342179345.
03-29 11:21:13.471 13564 14131 W Codec2Client: query -- param skipped: index = 2415921170.
03-29 11:21:13.471 13564 14131 W Codec2Client: query -- param skipped: index = 1610614798.
03-29 11:21:36.608 13564 13564 E Parcel : Reading a NULL string not supported here.
03-29 11:21:36.675 13564 14687 E libEGL : Invalid file path for libcolorx- loader.so
03-29 11:21:38.110 13564 13564 W IInputConnectionWrapper: requestCursorAnchorInfo on inactive InputConnection
03-29 11:21:43.921 13564 14965 E linker : library "" ("/apex/com.android.vndk.v30/lib64") needed or dlopened by "/apex/com.android.vndk.v30/lib64/libRS_internal.so" is not accessible for the namespace: [name="rs", ld_library_paths="", default_library_paths="/apex/com.android.vndk.v30/lib64:/odm/lib64:/vendor/lib64", permitted_paths="/odm/lib64:/vendor/lib64:/system/vendor/lib64:/data"]
03-29 11:21:43.922 13564 14965 E RenderScript: Failed loading RS driver: dlopen failed: library "" needed or dlopened by "/apex/com.android.vndk.v30/lib64/libRS_internal.so" is not accessible for the namespace "rs"
03-29 11:21:43.922 13564 14965 E RenderScript: Failed to load runtime , loading default
03-29 11:21:43.955 13564 13564 E ArmVmp : Match on catch block at 0x0a in for 0x175
03-29 11:21:46.502 13564 13564 E Parcel : Reading a NULL string not supported here.
03-29 11:21:46.581 13564 14991 E libEGL : Invalid file path for libcolorx- loader.so
03-29 11:21:53.408 13564 13564 E Parcel : Reading a NULL string not supported here.
03-29 11:21:53.573 13564 15189 E libEGL : Invalid file path for libcolorx- loader.so
03-29 11:21:53.936 13564 15228 W LOTTIE : Unknown shape type rd
03-29 11:21:54.061 13564 13564 E ArmVmp : Match on catch block at 0x0a in for 0xc9
03-29 11:21:54.067 13564 13564 E ArmVmp : Match on catch block at 0x0a in for 0xc9
03-29 11:21:54.284 13564 13564 E ArmVmp : Match on catch block at 0xc3 in for 0xb9
03-29 11:21:54.288 13564 13564 E ArmVmp : Match on catch block at 0xc3 in for 0xb9
03-29 11:21:54.399 13564 13564 E ArmVmp : Match on catch block at 0xc3 in for 0xa9
03-29 11:21:54.402 13564 13564 E ArmVmp : Match on catch block at 0xc3 in for 0xa1
03-29 11:21:54.459 13564 13564 E ArmVmp : Match on catch block at 0xc3 in for 0xa9
03-29 11:21:54.463 13564 13564 E ArmVmp : Match on catch block at 0xc3 in for 0xa1
03-29 11:21:54.472 13564 13564 E ArmVmp : Match on catch block at 0xc3 in for 0xa9
03-29 11:21:54.483 13564 13564 E ArmVmp : Match on catch block at 0xc3 in for 0xa1
03-29 11:21:54.489 13564 13564 E ArmVmp : Match on catch block at 0xc3 in for 0xa9
03-29 11:21:54.492 13564 13564 E ArmVmp : Match on catch block at 0xc3 in for 0xa1
03-29 11:21:54.499 13564 13564 E ArmVmp : Match on catch block at 0xc3 in for 0xa9
03-29 11:21:54.503 13564 13564 E ArmVmp : Match on catch block at 0xc3 in for 0xa1
03-29 11:21:54.511 13564 13564 E ArmVmp : Match on catch block at 0xc3 in for 0xa9
03-29 11:21:54.514 13564 13564 E ArmVmp : Match on catch block at 0xc3 in for 0xa1
03-29 11:21:54.527 13564 13564 E ArmVmp : Match on catch block at 0xc3 in for 0xa9
03-29 11:21:54.530 13564 13564 E ArmVmp : Match on catch block at 0xc3 in for 0xa1
03-29 11:21:54.544 13564 13564 E ArmVmp : Match on catch block at 0xc3 in for 0xa9
03-29 11:21:54.546 13564 13564 E ArmVmp : Match on catch block at 0xc3 in for 0xa1
03-29 11:21:54.561 13564 13564 E ArmVmp : Match on catch block at 0xc3 in for 0xa9
03-29 11:21:54.564 13564 13564 E ArmVmp : Match on catch block at 0xc3 in for 0xa1
03-29 11:21:54.577 13564 13564 E ArmVmp : Match on catch block at 0xc3 in for 0xa9
03-29 11:21:54.581 13564 13564 E ArmVmp : Match on catch block at 0xc3 in for 0xa1
03-29 11:21:54.595 13564 13564 E ArmVmp : Match on catch block at 0xc3 in for 0xa9
03-29 11:21:54.599 13564 13564 E ArmVmp : Match on catch block at 0xc3 in for 0xa1
03-29 11:21:54.611 13564 13564 E ArmVmp : Match on catch block at 0xc3 in for 0xa9
03-29 11:21:54.616 13564 13564 E ArmVmp : Match on catch block at 0xc3 in for 0xa1
03-29 11:21:54.631 13564 13564 E ArmVmp : Match on catch block at 0xc3 in for 0xa9
03-29 11:21:54.635 13564 13564 E ArmVmp : Match on catch block at 0xc3 in for 0xa1
03-29 11:21:54.720 13564 13564 E ArmVmp : Match on catch block at 0xc3 in for 0xa9
03-29 11:21:54.723 13564 13564 E ArmVmp : Match on catch block at 0xc3 in for 0xa1
03-29 11:21:54.741 13564 13564 E ArmVmp : Match on catch block at 0xc3 in for 0xa9
03-29 11:21:54.750 13564 13564 E ArmVmp : Match on catch block at 0xc3 in for 0xa1
03-29 11:21:54.756 13564 13564 E ArmVmp : Match on catch block at 0xc3 in for 0xa9
03-29 11:21:54.764 13564 13564 E ArmVmp : Match on catch block at 0xc3 in for 0xa1
03-29 11:21:54.771 13564 13564 E ArmVmp : Match on catch block at 0xc3 in for 0xa9
03-29 11:21:54.775 13564 13564 E ArmVmp : Match on catch block at 0xc3 in for 0xa1
03-29 11:21:54.783 13564 13564 E ArmVmp : Match on catch block at 0xc3 in for 0xa9
03-29 11:21:54.787 13564 13564 E ArmVmp : Match on catch block at 0xc3 in for 0xa1
03-29 11:21:54.796 13564 13564 E ArmVmp : Match on catch block at 0xc3 in for 0xa9
03-29 11:21:54.799 13564 13564 E ArmVmp : Match on catch block at 0xc3 in for 0xa1
03-29 11:21:54.811 13564 13564 E ArmVmp : Match on catch block at 0xc3 in for 0xa9
03-29 11:21:54.815 13564 13564 E ArmVmp : Match on catch block at 0xc3 in for 0xa1
03-29 11:21:54.908 13564 13564 E ArmVmp : Match on catch block at 0xc3 in for 0xa9
03-29 11:21:54.911 13564 13564 E ArmVmp : Match on catch block at 0xc3 in for 0xa1
03-29 11:21:54.918 13564 13578 W System : A resource failed to call release.
03-29 11:21:54.928 13564 13564 E ArmVmp : Match on catch block at 0xc3 in for 0xa1
03-29 11:21:54.931 13564 13564 E ArmVmp : Match on catch block at 0xc3 in for 0xa5
03-29 11:21:54.937 13564 13564 E ArmVmp : Match on catch block at 0xc3 in for 0xa5
03-29 11:21:54.940 13564 13564 E ArmVmp : Match on catch block at 0xc3 in for 0xa9
03-29 11:21:54.946 13564 13564 E ArmVmp : Match on catch block at 0xc3 in for 0xa9
03-29 11:21:54.950 13564 13564 E ArmVmp : Match on catch block at 0xc3 in for 0xa1
03-29 11:21:54.962 13564 13564 E ArmVmp : Match on catch block at 0xc3 in for 0xa1
03-29 11:21:54.965 13564 13564 E ArmVmp : Match on catch block at 0xc3 in for 0xa5
03-29 11:21:54.978 13564 13564 E ArmVmp : Match on catch block at 0xc3 in for 0xa5
03-29 11:21:54.981 13564 13564 E ArmVmp : Match on catch block at 0xc3 in for 0xa9
03-29 11:21:54.996 13564 13564 E ArmVmp : Match on catch block at 0xc3 in for 0xa9
03-29 11:21:54.998 13564 13564 E ArmVmp : Match on catch block at 0xc3 in for 0xa1
03-29 11:21:55.012 13564 13564 E ArmVmp : Match on catch block at 0xc3 in for 0xa1
03-29 11:21:55.014 13564 13564 E ArmVmp : Match on catch block at 0xc3 in for 0xa5
03-29 11:21:55.029 13564 13564 E ArmVmp : Match on catch block at 0xc3 in for 0xa5
03-29 11:21:55.031 13564 13564 E ArmVmp : Match on catch block at 0xc3 in for 0xa9
03-29 11:21:55.045 13564 13564 E ArmVmp : Match on catch block at 0xc3 in for 0xa9
03-29 11:21:55.049 13564 13564 E ArmVmp : Match on catch block at 0xc3 in for 0xa1
03-29 11:21:55.062 13564 13564 E ArmVmp : Match on catch block at 0xc3 in for 0xa1
03-29 11:21:55.064 13564 13564 E ArmVmp : Match on catch block at 0xc3 in for 0xa5
03-29 11:21:55.079 13564 13564 E ArmVmp : Match on catch block at 0xc3 in for 0xa9
03-29 11:21:55.081 13564 13564 E ArmVmp : Match on catch block at 0xc3 in for 0xa1
03-29 11:21:55.096 13564 13564 E ArmVmp : Match on catch block at 0xc3 in for 0xa9
03-29 11:21:55.099 13564 13564 E ArmVmp : Match on catch block at 0xc3 in for 0xa1
03-29 11:21:55.112 13564 13564 E ArmVmp : Match on catch block at 0xc3 in for 0xa9
03-29 11:21:55.114 13564 13564 E ArmVmp : Match on catch block at 0xc3 in for 0xa1
03-29 11:21:55.128 13564 13564 E ArmVmp : Match on catch block at 0xc3 in for 0xa9
03-29 11:21:55.131 13564 13564 E ArmVmp : Match on catch block at 0xc3 in for 0xa1
03-29 11:21:55.146 13564 13564 E ArmVmp : Match on catch block at 0xc3 in for 0xa5
03-29 11:21:55.148 13564 13564 E ArmVmp : Match on catch block at 0xc3 in for 0xa9
03-29 11:21:55.162 13564 13564 E ArmVmp : Match on catch block at 0xc3 in for 0xa9
03-29 11:21:55.164 13564 13564 E ArmVmp : Match on catch block at 0xc3 in for 0xa1
03-29 11:21:55.179 13564 13564 E ArmVmp : Match on catch block at 0xc3 in for 0xa1
03-29 11:21:55.181 13564 13564 E ArmVmp : Match on catch block at 0xc3 in for 0xa5
03-29 11:21:55.195 13564 13564 E ArmVmp : Match on catch block at 0xc3 in for 0xa5
03-29 11:21:55.197 13564 13564 E ArmVmp : Match on catch block at 0xc3 in for 0xa9
03-29 11:21:55.217 13564 13564 E ArmVmp : Match on catch block at 0xc3 in for 0xa1
03-29 11:21:55.219 13564 13564 E ArmVmp : Match on catch block at 0xc3 in for 0xa5
03-29 11:21:55.229 13564 13564 E ArmVmp : Match on catch block at 0xc3 in for 0xa5
03-29 11:21:55.231 13564 13564 E ArmVmp : Match on catch block at 0xc3 in for 0xa9
03-29 11:21:55.246 13564 13564 E ArmVmp : Match on catch block at 0xc3 in for 0xa9
03-29 11:21:55.249 13564 13564 E ArmVmp : Match on catch block at 0xc3 in for 0xa1
03-29 11:21:55.262 13564 13564 E ArmVmp : Match on catch block at 0xc3 in for 0xa1
03-29 11:21:55.265 13564 13564 E ArmVmp : Match on catch block at 0xc3 in for 0xa5
03-29 11:21:55.279 13564 13564 E ArmVmp : Match on catch block at 0xc3 in for 0xa5
03-29 11:21:55.282 13564 13564 E ArmVmp : Match on catch block at 0xc3 in for 0xa9
03-29 11:21:55.295 13564 13564 E ArmVmp : Match on catch block at 0xc3 in for 0xa9
03-29 11:21:55.298 13564 13564 E ArmVmp : Match on catch block at 0xc3 in for 0xa1
03-29 11:21:55.312 13564 13564 E ArmVmp : Match on catch block at 0xc3 in for 0xa1
03-29 11:21:55.314 13564 13564 E ArmVmp : Match on catch block at 0xc3 in for 0xa5
03-29 11:21:55.329 13564 13564 E ArmVmp : Match on catch block at 0xc3 in for 0xa5
03-29 11:21:55.331 13564 13564 E ArmVmp : Match on catch block at 0xc3 in for 0xa9
03-29 11:21:55.346 13564 13564 E ArmVmp : Match on catch block at 0xc3 in for 0xa9
03-29 11:21:55.348 13564 13564 E ArmVmp : Match on catch block at 0xc3 in for 0xa1
03-29 11:21:55.363 13564 13564 E ArmVmp : Match on catch block at 0xc3 in for 0xa1
03-29 11:21:55.365 13564 13564 E ArmVmp : Match on catch block at 0xc3 in for 0xa5
03-29 11:21:55.379 13564 13564 E ArmVmp : Match on catch block at 0xc3 in for 0xa5
03-29 11:21:55.382 13564 13564 E ArmVmp : Match on catch block at 0xc3 in for 0xa9
03-29 11:21:55.396 13564 13564 E ArmVmp : Match on catch block at 0xc3 in for 0xa9
03-29 11:21:55.398 13564 13564 E ArmVmp : Match on catch block at 0xc3 in for 0xa1
03-29 11:21:55.412 13564 13564 E ArmVmp : Match on catch block at 0xc3 in for 0xa1
03-29 11:21:55.415 13564 13564 E ArmVmp : Match on catch block at 0xc3 in for 0xa5
03-29 11:21:55.429 13564 13564 E ArmVmp : Match on catch block at 0xc3 in for 0xa5
03-29 11:21:55.432 13564 13564 E ArmVmp : Match on catch block at 0xc3 in for 0xa9
03-29 11:21:55.446 13564 13564 E ArmVmp : Match on catch block at 0xc3 in for 0xa9
03-29 11:21:55.448 13564 13564 E ArmVmp : Match on catch block at 0xc3 in for 0xa1
03-29 11:21:55.463 13564 13564 E ArmVmp : Match on catch block at 0xc3 in for 0xa1
03-29 11:21:55.465 13564 13564 E ArmVmp : Match on catch block at 0xc3 in for 0xa5
03-29 11:21:55.479 13564 13564 E ArmVmp : Match on catch block at 0xc3 in for 0xa5
03-29 11:21:55.482 13564 13564 E ArmVmp : Match on catch block at 0xc3 in for 0xa9
03-29 11:21:55.496 13564 13564 E ArmVmp : Match on catch block at 0xc3 in for 0xa9
03-29 11:21:55.499 13564 13564 E ArmVmp : Match on catch block at 0xc3 in for 0xa1
03-29 11:21:55.513 13564 13564 E ArmVmp : Match on catch block at 0xc3 in for 0xa1
03-29 11:21:55.516 13564 13564 E ArmVmp : Match on catch block at 0xc3 in for 0xa5
03-29 11:21:55.530 13564 13564 E ArmVmp : Match on catch block at 0xc3 in for 0xa5
03-29 11:21:55.532 13564 13564 E ArmVmp : Match on catch block at 0xc3 in for 0xa9
03-29 11:21:55.546 13564 13564 E ArmVmp : Match on catch block at 0xc3 in for 0xa9
03-29 11:21:55.549 13564 13564 E ArmVmp : Match on catch block at 0xc3 in for 0xa1
03-29 11:21:55.564 13564 13564 E ArmVmp : Match on catch block at 0xc3 in for 0xa1
03-29 11:21:55.567 13564 13564 E ArmVmp : Match on catch block at 0xc3 in for 0xa5
03-29 11:21:55.580 13564 13564 E ArmVmp : Match on catch block at 0xc3 in for 0xa5
03-29 11:21:55.583 13564 13564 E ArmVmp : Match on catch block at 0xc3 in for 0xa9
03-29 11:21:55.597 13564 13564 E ArmVmp : Match on catch block at 0xc3 in for 0xa9
03-29 11:21:55.599 13564 13564 E ArmVmp : Match on catch block at 0xc3 in for 0xa1
03-29 11:21:55.613 13564 13564 E ArmVmp : Match on catch block at 0xc3 in for 0xa9
03-29 11:21:55.616 13564 13564 E ArmVmp : Match on catch block at 0xc3 in for 0xa1
03-29 11:21:55.631 13564 13564 E ArmVmp : Match on catch block at 0xc3 in for 0xa5
03-29 11:21:55.634 13564 13564 E ArmVmp : Match on catch block at 0xc3 in for 0xa9
03-29 11:21:55.647 13564 13564 E ArmVmp : Match on catch block at 0xc3 in for 0xa1
03-29 11:21:55.649 13564 13564 E ArmVmp : Match on catch block at 0xc3 in for 0xa5
03-29 11:21:55.663 13564 13564 E ArmVmp : Match on catch block at 0xc3 in for 0xa9
03-29 11:21:55.665 13564 13564 E ArmVmp : Match on catch block at 0xc3 in for 0xa1
03-29 11:21:55.680 13564 13564 E ArmVmp : Match on catch block at 0xc3 in for 0xa5
03-29 11:21:55.683 13564 13564 E ArmVmp : Match on catch block at 0xc3 in for 0xa9
03-29 11:21:55.697 13564 13564 E ArmVmp : Match on catch block at 0xc3 in for 0xa1
03-29 11:21:55.699 13564 13564 E ArmVmp : Match on catch block at 0xc3 in for 0xa5
03-29 11:21:55.713 13564 13564 E ArmVmp : Match on catch block at 0xc3 in for 0xa9
03-29 11:21:55.715 13564 13564 E ArmVmp : Match on catch block at 0xc3 in for 0xa1
03-29 11:21:55.731 13564 13564 E ArmVmp : Match on catch block at 0xc3 in for 0xa5
03-29 11:21:55.734 13564 13564 E ArmVmp : Match on catch block at 0xc3 in for 0xa9
03-29 11:21:55.747 13564 13564 E ArmVmp : Match on catch block at 0xc3 in for 0xa1
03-29 11:21:55.751 13564 13564 E ArmVmp : Match on catch block at 0xc3 in for 0xa5
03-29 11:21:55.764 13564 13564 E ArmVmp : Match on catch block at 0xc3 in for 0xa9
03-29 11:21:55.767 13564 13564 E ArmVmp : Match on catch block at 0xc3 in for 0xa1
03-29 11:21:55.780 13564 13564 E ArmVmp : Match on catch block at 0xc3 in for 0xa5
03-29 11:21:55.783 13564 13564 E ArmVmp : Match on catch block at 0xc3 in for 0xa9
03-29 11:21:55.797 13564 13564 E ArmVmp : Match on catch block at 0xc3 in for 0xa1
03-29 11:21:55.799 13564 13564 E ArmVmp : Match on catch block at 0xc3 in for 0xa5
03-29 11:21:55.813 13564 13564 E ArmVmp : Match on catch block at 0xc3 in for 0xa5
03-29 11:21:55.815 13564 13564 E ArmVmp : Match on catch block at 0xc3 in for 0xa9
03-29 11:21:55.830 13564 13564 E ArmVmp : Match on catch block at 0xc3 in for 0xa9
03-29 11:21:55.833 13564 13564 E ArmVmp : Match on catch block at 0xc3 in for 0xa1
03-29 11:21:55.848 13564 13564 E ArmVmp : Match on catch block at 0xc3 in for 0xa1
03-29 11:21:55.851 13564 13564 E ArmVmp : Match on catch block at 0xc3 in for 0xa5
03-29 11:21:55.865 13564 13564 E ArmVmp : Match on catch block at 0xc3 in for 0xa5
03-29 11:21:55.868 13564 13564 E ArmVmp : Match on catch block at 0xc3 in for 0xa9
03-29 11:21:55.882 13564 13564 E ArmVmp : Match on catch block at 0xc3 in for 0xa5
03-29 11:21:55.885 13564 13564 E ArmVmp : Match on catch block at 0xc3 in for 0xa9
03-29 11:21:55.898 13564 13564 E ArmVmp : Match on catch block at 0xc3 in for 0xa1
03-29 11:21:55.901 13564 13564 E ArmVmp : Match on catch block at 0xc3 in for 0xa5
03-29 11:21:55.914 13564 13564 E ArmVmp : Match on catch block at 0xc3 in for 0xa9
03-29 11:21:55.917 13564 13564 E ArmVmp : Match on catch block at 0xc3 in for 0xa1
03-29 11:21:55.932 13564 13564 E ArmVmp : Match on catch block at 0xc3 in for 0xa5
03-29 11:21:55.934 13564 13564 E ArmVmp : Match on catch block at 0xc3 in for 0xa9
03-29 11:21:55.948 13564 13564 E ArmVmp : Match on catch block at 0xc3 in for 0xa9
03-29 11:21:55.950 13564 13564 E ArmVmp : Match on catch block at 0xc3 in for 0xa1
03-29 11:21:55.965 13564 13564 E ArmVmp : Match on catch block at 0xc3 in for 0xa5
03-29 11:21:55.968 13564 13564 E ArmVmp : Match on catch block at 0xc3 in for 0xa9
03-29 11:21:55.983 13564 13564 E ArmVmp : Match on catch block at 0xc3 in for 0xa5
03-29 11:21:55.986 13564 13564 E ArmVmp : Match on catch block at 0xc3 in for 0xa9
03-29 11:21:55.997 13564 13564 E ArmVmp : Match on catch block at 0xc3 in for 0xa1
03-29 11:21:56.000 13564 13564 E ArmVmp : Match on catch block at 0xc3 in for 0xa5
03-29 11:21:56.014 13564 13564 E ArmVmp : Match on catch block at 0xc3 in for 0xa1
03-29 11:21:56.016 13564 13564 E ArmVmp : Match on catch block at 0xc3 in for 0xa5
03-29 11:21:56.031 13564 13564 E ArmVmp : Match on catch block at 0xc3 in for 0xa9
03-29 11:21:56.034 13564 13564 E ArmVmp : Match on catch block at 0xc3 in for 0xa1
03-29 11:21:56.048 13564 13564 E ArmVmp : Match on catch block at 0xc3 in for 0xa5
03-29 11:21:56.051 13564 13564 E ArmVmp : Match on catch block at 0xc3 in for 0xa9
03-29 11:21:56.065 13564 13564 E ArmVmp : Match on catch block at 0xc3 in for 0xa1
03-29 11:21:56.068 13564 13564 E ArmVmp : Match on catch block at 0xc3 in for 0xa5
03-29 11:21:56.082 13564 13564 E ArmVmp : Match on catch block at 0xc3 in for 0xa9
03-29 11:21:56.085 13564 13564 E ArmVmp : Match on catch block at 0xc3 in for 0xa1
03-29 11:21:56.098 13564 13564 E ArmVmp : Match on catch block at 0xc3 in for 0xa5
03-29 11:21:56.102 13564 13564 E ArmVmp : Match on catch block at 0xc3 in for 0xa9
03-29 11:21:56.115 13564 13564 E ArmVmp : Match on catch block at 0xc3 in for 0xa1
03-29 11:21:56.119 13564 13564 E ArmVmp : Match on catch block at 0xc3 in for 0xa5
03-29 11:21:56.132 13564 13564 E ArmVmp : Match on catch block at 0xc3 in for 0xa9
03-29 11:21:56.135 13564 13564 E ArmVmp : Match on catch block at 0xc3 in for 0xa1
03-29 11:21:56.148 13564 13564 E ArmVmp : Match on catch block at 0xc3 in for 0xa5
03-29 11:21:56.152 13564 13564 E ArmVmp : Match on catch block at 0xc3 in for 0xa9
03-29 11:21:56.166 13564 13564 E ArmVmp : Match on catch block at 0xc3 in for 0xa1
03-29 11:21:56.168 13564 13564 E ArmVmp : Match on catch block at 0xc3 in for 0xa5
03-29 11:21:56.183 13564 13564 E ArmVmp : Match on catch block at 0xc3 in for 0xa9
03-29 11:21:56.186 13564 13564 E ArmVmp : Match on catch block at 0xc3 in for 0xa1
03-29 11:21:56.199 13564 13564 E ArmVmp : Match on catch block at 0xc3 in for 0xa5
03-29 11:21:56.201 13564 13564 E ArmVmp : Match on catch block at 0xc3 in for 0xa9
03-29 11:21:56.215 13564 13564 E ArmVmp : Match on catch block at 0xc3 in for 0xa1
03-29 11:21:56.218 13564 13564 E ArmVmp : Match on catch block at 0xc3 in for 0xa5
03-29 11:21:56.232 13564 13564 E ArmVmp : Match on catch block at 0xc3 in for 0xa9
03-29 11:21:56.235 13564 13564 E ArmVmp : Match on catch block at 0xc3 in for 0xa1
03-29 11:21:56.248 13564 13564 E ArmVmp : Match on catch block at 0xc3 in for 0xa5
03-29 11:21:56.252 13564 13564 E ArmVmp : Match on catch block at 0xc3 in for 0xa9
03-29 11:21:56.266 13564 13564 E ArmVmp : Match on catch block at 0xc3 in for 0xa1
03-29 11:21:56.269 13564 13564 E ArmVmp : Match on catch block at 0xc3 in for 0xa5
03-29 11:21:56.282 13564 13564 E ArmVmp : Match on catch block at 0xc3 in for 0xa9
03-29 11:21:56.285 13564 13564 E ArmVmp : Match on catch block at 0xc3 in for 0xa1
03-29 11:21:56.298 13564 13564 E ArmVmp : Match on catch block at 0xc3 in for 0xa5
03-29 11:21:56.301 13564 13564 E ArmVmp : Match on catch block at 0xc3 in for 0xa9
03-29 11:21:56.315 13564 13564 E ArmVmp : Match on catch block at 0xc3 in for 0xa1
03-29 11:21:56.318 13564 13564 E ArmVmp : Match on catch block at 0xc3 in for 0xa5
03-29 11:21:56.332 13564 13564 E ArmVmp : Match on catch block at 0xc3 in for 0xa9
03-29 11:21:56.336 13564 13564 E ArmVmp : Match on catch block at 0xc3 in for 0xa1
03-29 11:21:56.349 13564 13564 E ArmVmp : Match on catch block at 0xc3 in for 0xa1
03-29 11:21:56.352 13564 13564 E ArmVmp : Match on catch block at 0xc3 in for 0xa5
03-29 11:21:56.365 13564 13564 E ArmVmp : Match on catch block at 0xc3 in for 0xa1
03-29 11:21:56.368 13564 13564 E ArmVmp : Match on catch block at 0xc3 in for 0xa5
03-29 11:21:56.435 13564 13564 E ArmVmp : Match on catch block at 0xc3 in for 0xa5
03-29 11:21:56.437 13564 13564 E ArmVmp : Match on catch block at 0xc3 in for 0xa9
03-29 11:21:56.448 13564 13564 E ArmVmp : Match on catch block at 0xc3 in for 0xa9
03-29 11:21:56.450 13564 13564 E ArmVmp : Match on catch block at 0xc3 in for 0xa1
03-29 11:21:56.464 13564 13564 E ArmVmp : Match on catch block at 0xc3 in for 0xa9
03-29 11:21:56.467 13564 13564 E ArmVmp : Match on catch block at 0xc3 in for 0xa1
03-29 11:21:56.481 13564 13564 E ArmVmp : Match on catch block at 0xc3 in for 0xa1
03-29 11:21:56.483 13564 13564 E ArmVmp : Match on catch block at 0xc3 in for 0xa5
03-29 11:21:56.498 13564 13564 E ArmVmp : Match on catch block at 0xc3 in for 0xa5
03-29 11:21:56.501 13564 13564 E ArmVmp : Match on catch block at 0xc3 in for 0xa9
03-29 11:21:56.515 13564 13564 E ArmVmp : Match on catch block at 0xc3 in for 0xa9
03-29 11:21:56.517 13564 13564 E ArmVmp : Match on catch block at 0xc3 in for 0xa1
03-29 11:21:56.531 13564 13564 E ArmVmp : Match on catch block at 0xc3 in for 0xa1
03-29 11:21:56.534 13564 13564 E ArmVmp : Match on catch block at 0xc3 in for 0xa5
03-29 11:21:56.548 13564 13564 E ArmVmp : Match on catch block at 0xc3 in for 0xa5
03-29 11:21:56.552 13564 13564 E ArmVmp : Match on catch block at 0xc3 in for 0xa9
03-29 11:21:56.580 13564 13564 E ArmVmp : Match on catch block at 0x0a in for 0x1f9
03-29 11:21:56.604 13564 13564 E ArmVmp : Match on catch block at 0xc3 in for 0xa9
03-29 11:21:56.606 13564 13564 E ArmVmp : Match on catch block at 0xc3 in for 0xa1
03-29 11:21:56.650 13564 13564 E ArmVmp : Match on catch block at 0xc3 in for 0xa1
03-29 11:21:56.652 13564 13564 E ArmVmp : Match on catch block at 0xc3 in for 0xa5
03-29 11:21:56.698 13564 13564 E ArmVmp : Match on catch block at 0xc3 in for 0xa9
03-29 11:21:56.701 13564 13564 E ArmVmp : Match on catch block at 0xc3 in for 0xa1
03-29 11:21:56.724 13564 13564 E ArmVmp : Match on catch block at 0xc3 in for 0xa9
03-29 11:21:56.727 13564 13564 E ArmVmp : Match on catch block at 0xc3 in for 0xa1
03-29 11:21:56.751 13564 13564 E ArmVmp : Match on catch block at 0xc3 in for 0xa9
03-29 11:21:56.756 13564 13564 E ArmVmp : Match on catch block at 0xc3 in for 0xa1
03-29 11:21:56.774 13564 13564 E ArmVmp : Match on catch block at 0xc3 in for 0xa9
03-29 11:21:56.776 13564 13564 E ArmVmp : Match on catch block at 0xc3 in for 0xa1
03-29 11:21:56.807 13564 13564 E ArmVmp : Match on catch block at 0xc3 in for 0xa9
03-29 11:21:56.809 13564 13564 E ArmVmp : Match on catch block at 0xc3 in for 0xa1
03-29 11:21:56.841 13564 13564 E ArmVmp : Match on catch block at 0xc3 in for 0xa9
03-29 11:21:56.843 13564 13564 E ArmVmp : Match on catch block at 0xc3 in for 0xa1
03-29 11:21:56.874 13564 13564 E ArmVmp : Match on catch block at 0xc3 in for 0xa9
03-29 11:21:56.877 13564 13564 E ArmVmp : Match on catch block at 0xc3 in for 0xa1
03-29 11:21:56.908 13564 13564 E ArmVmp : Match on catch block at 0xc3 in for 0xa9
03-29 11:21:56.911 13564 13564 E ArmVmp : Match on catch block at 0xc3 in for 0xa1
03-29 11:21:56.940 13564 13564 E ArmVmp : Match on catch block at 0xc3 in for 0xa9
03-29 11:21:56.942 13564 13564 E ArmVmp : Match on catch block at 0xc3 in for 0xa1
03-29 11:21:56.975 13564 13564 E ArmVmp : Match on catch block at 0xc3 in for 0xa9
03-29 11:21:56.978 13564 13564 E ArmVmp : Match on catch block at 0xc3 in for 0xa1
03-29 11:21:57.010 13564 13564 E ArmVmp : Match on catch block at 0xc3 in for 0xa9
03-29 11:21:57.013 13564 13564 E ArmVmp : Match on catch block at 0xc3 in for 0xa1
03-29 11:21:57.040 13564 13564 E ArmVmp : Match on catch block at 0xc3 in for 0xa9
03-29 11:21:57.043 13564 13564 E ArmVmp : Match on catch block at 0xc3 in for 0xa1
03-29 11:21:57.077 13564 13564 E ArmVmp : Match on catch block at 0xc3 in for 0xa9
03-29 11:21:57.080 13564 13564 E ArmVmp : Match on catch block at 0xc3 in for 0xa1
03-29 11:21:57.110 13564 13564 E ArmVmp : Match on catch block at 0xc3 in for 0xa9
03-29 11:21:57.113 13564 13564 E ArmVmp : Match on catch block at 0xc3 in for 0xa1
03-29 11:21:57.142 13564 13564 E ArmVmp : Match on catch block at 0xc3 in for 0xa5
03-29 11:21:57.145 13564 13564 E ArmVmp : Match on catch block at 0xc3 in for 0xa9
03-29 11:21:57.177 13564 13564 E ArmVmp : Match on catch block at 0xc3 in for 0xa5
03-29 11:21:57.180 13564 13564 E ArmVmp : Match on catch block at 0xc3 in for 0xa9
03-29 11:21:57.209 13564 13564 E ArmVmp : Match on catch block at 0xc3 in for 0xa5
03-29 11:21:57.211 13564 13564 E ArmVmp : Match on catch block at 0xc3 in for 0xa9
03-29 11:21:57.243 13564 13564 E ArmVmp : Match on catch block at 0xc3 in for 0xa5
03-29 11:21:57.246 13564 13564 E ArmVmp : Match on catch block at 0xc3 in for 0xa9
03-29 11:21:57.284 13564 13564 E ArmVmp : Match on catch block at 0xc3 in for 0xa9
03-29 11:21:57.287 13564 13564 E ArmVmp : Match on catch block at 0xc3 in for 0xa1
03-29 11:21:57.311 13564 13564 E ArmVmp : Match on catch block at 0xc3 in for 0xa9
03-29 11:21:57.314 13564 13564 E ArmVmp : Match on catch block at 0xc3 in for 0xa1
03-29 11:21:57.726 13564 13564 E ArmVmp : Match on catch block at 0xc3 in for 0xa9
03-29 11:21:57.729 13564 13564 E ArmVmp : Match on catch block at 0xc3 in for 0xa1
03-29 11:21:57.752 13564 13564 E ArmVmp : Match on catch block at 0xc3 in for 0xa1
03-29 11:21:57.755 13564 13564 E ArmVmp : Match on catch block at 0xc3 in for 0xa5
03-29 11:21:58.203 13564 13564 E ArmVmp : Match on catch block at 0xc3 in for 0xa1
03-29 11:21:58.207 13564 13564 E ArmVmp : Match on catch block at 0xc3 in for 0xa5
03-29 11:21:58.704 13564 13564 E ArmVmp : Match on catch block at 0xc3 in for 0xa5
03-29 11:21:58.715 13564 13564 E ArmVmp : Match on catch block at 0xc3 in for 0xa9
03-29 11:21:59.206 13564 13564 E ArmVmp : Match on catch block at 0xc3 in for 0xa9
03-29 11:21:59.211 13564 13564 E ArmVmp : Match on catch block at 0xc3 in for 0xa1
03-29 11:21:59.708 13564 13564 E ArmVmp : Match on catch block at 0xc3 in for 0xa1
03-29 11:21:59.714 13564 13564 E ArmVmp : Match on catch block at 0xc3 in for 0xa5
03-29 11:22:00.208 13564 13564 E ArmVmp : Match on catch block at 0xc3 in for 0xa5
03-29 11:22:00.214 13564 13564 E ArmVmp : Match on catch block at 0xc3 in for 0xa9
03-29 11:22:00.710 13564 13564 E ArmVmp : Match on catch block at 0xc3 in for 0xa9
03-29 11:22:00.716 13564 13564 E ArmVmp : Match on catch block at 0xc3 in for 0xa1
03-29 11:22:01.211 13564 13564 E ArmVmp : Match on catch block at 0xc3 in for 0xa1
03-29 11:22:01.217 13564 13564 E ArmVmp : Match on catch block at 0xc3 in for 0xa5
03-29 11:22:01.712 13564 13564 E ArmVmp : Match on catch block at 0xc3 in for 0xa5
03-29 11:22:01.716 13564 13564 E ArmVmp : Match on catch block at 0xc3 in for 0xa9
03-29 11:22:02.212 13564 13564 E ArmVmp : Match on catch block at 0xc3 in for 0xa5
03-29 11:22:02.216 13564 13564 E ArmVmp : Match on catch block at 0xc3 in for 0xa9
03-29 11:22:02.731 13564 13564 E ArmVmp : Match on catch block at 0xc3 in for 0xa9
03-29 11:22:02.736 13564 13564 E ArmVmp : Match on catch block at 0xc3 in for 0xa1
03-29 11:22:03.216 13564 13564 E ArmVmp : Match on catch block at 0xc3 in for 0xa5
03-29 11:22:03.221 13564 13564 E ArmVmp : Match on catch block at 0xc3 in for 0xa9
03-29 11:22:03.718 13564 13564 E ArmVmp : Match on catch block at 0xc3 in for 0xa1
03-29 11:22:03.724 13564 13564 E ArmVmp : Match on catch block at 0xc3 in for 0xa5
03-29 11:22:04.218 13564 13564 E ArmVmp : Match on catch block at 0xc3 in for 0xa1
03-29 11:22:04.223 13564 13564 E ArmVmp : Match on catch block at 0xc3 in for 0xa5
03-29 11:22:04.720 13564 13564 E ArmVmp : Match on catch block at 0xc3 in for 0xa5
03-29 11:22:04.724 13564 13564 E ArmVmp : Match on catch block at 0xc3 in for 0xa9
03-29 11:22:04.757 13564 13564 E ArmVmp : Match on catch block at 0xc3 in for 0xa1
03-29 11:22:04.760 13564 13564 E ArmVmp : Match on catch block at 0xc3 in for 0xa5
03-29 11:22:04.770 13564 13564 E ArmVmp : Match on catch block at 0xc3 in for 0xa5
03-29 11:22:04.775 13564 13564 E ArmVmp : Match on catch block at 0xc3 in for 0xa9
03-29 11:22:04.807 13564 13564 E ArmVmp : Match on catch block at 0xc3 in for 0xa1
03-29 11:22:04.810 13564 13564 E ArmVmp : Match on catch block at 0xc3 in for 0xa5
03-29 11:22:04.936 13564 13564 E ArmVmp : Match on catch block at 0xc3 in for 0xa5
03-29 11:22:04.938 13564 13564 E ArmVmp : Match on catch block at 0xc3 in for 0xa9
03-29 11:22:05.184 13564 13564 E ArmVmp : Match on catch block at 0xc3 in for 0xa1
03-29 11:22:05.189 13564 13564 E ArmVmp : Match on catch block at 0xc3 in for 0xa5
03-29 11:22:08.294 13564 13564 E ArmVmp : Match on catch block at 0x0a in for 0x171
03-29 11:22:09.665 13564 13564 E Parcel : Reading a NULL string not supported here.
03-29 11:22:09.716 13564 15840 E libEGL : Invalid file path for libcolorx- loader.so
03-29 11:22:12.188 13564 13564 E Parcel : Reading a NULL string not supported here.
03-29 11:22:12.234 13564 15847 E libEGL : Invalid file path for libcolorx- loader.so
03-29 11:22:13.616 13564 13564 E Parcel : Reading a NULL string not supported here.
03-29 11:22:13.686 13564 15877 E libEGL : Invalid file path for libcolorx- loader.so
03-29 11:22:14.840 13564 13564 E Parcel : Reading a NULL string not supported here.
03-29 11:22:14.886 13564 15909 E libEGL : Invalid file path for libcolorx- loader.so
03-29 11:22:15.037 13564 13564 W ResourceType: Bad XML block: header size 18254 or total size 169478669 is larger than data size 380
03-29 11:22:15.042 13564 13564 W ResourceType: Bad XML block: header size 18254 or total size 169478669 is larger than data size 431
03-29 11:22:15.056 13564 13564 W ResourceType: Bad XML block: header size 18254 or total size 169478669 is larger than data size 677
03-29 11:22:15.060 13564 13564 W ResourceType: Bad XML block: header size 18254 or total size 169478669 is larger than data size 248
03-29 11:22:15.068 13564 13564 W ResourceType: Bad XML block: header size 18254 or total size 169478669 is larger than data size 571
03-29 11:22:15.075 13564 13564 W ResourceType: Bad XML block: header size 18254 or total size 169478669 is larger than data size 333
03-29 11:22:15.079 13564 13564 W ResourceType: Bad XML block: header size 18254 or total size 169478669 is larger than data size 650
03-29 11:22:15.085 13564 13564 W ResourceType: Bad XML block: header size 18254 or total size 169478669 is larger than data size 1150
03-29 11:22:15.088 13564 13564 W ResourceType: Bad XML block: header size 18254 or total size 169478669 is larger than data size 491
03-29 11:22:15.093 13564 13564 W ResourceType: Bad XML block: header size 18254 or total size 169478669 is larger than data size 1150
03-29 11:22:15.100 13564 13564 W ResourceType: Bad XML block: header size 18254 or total size 169478669 is larger than data size 659
03-29 11:22:15.104 13564 13564 W ResourceType: Bad XML block: header size 18254 or total size 169478669 is larger than data size 593
03-29 11:22:15.113 13564 13564 W ResourceType: Bad XML block: header size 18254 or total size 169478669 is larger than data size 1171
03-29 11:22:15.118 13564 13564 W ResourceType: Bad XML block: header size 18254 or total size 169478669 is larger than data size 510
03-29 11:22:15.146 13564 13564 W ResourceType: Bad XML block: header size 18254 or total size 169478669 is larger than data size 853
03-29 11:22:15.149 13564 13632 E Parcel : Reading a NULL string not supported here.
03-29 11:22:15.182 13564 13632 E Parcel : Reading a NULL string not supported here.
03-29 11:22:15.220 13564 13564 W ResourceType: Bad XML block: header size 18254 or total size 169478669 is larger than data size 650
03-29 11:22:23.373 13564 13622 E SQLiteDatabase: Error inserting transferred=1 media_job_uuid=6303cd8a-23b7-42c4-bc63-7087c553f2e3 transcoded=0 gif_attribution=0 first_scan_length=811 direct_path=/o1/v/t62.7118-24/f1/m231/up-oil-image-67d56595- 91dc-4de0-a654-bff8d36a6742?ccb=9-4&oh=01_ASAtbCHOTwOXSXqB4PmrWef- a5ECGDt_NeXQzcmw2G06Vw&oe=662D8A0C&_nc_sid=000000 thumbnail_height_width_ratio=0.25555557 is_animated_sticker=0 file_hash=m3NnSG2hr8N8jjdUxDSs7xE6Gv4oAJDzcBLJ9kn9DQY= file_path=Media/.Statuses/d59d6767113247649d1c7132eb998ab5.jpg file_size=3689 partial_media_hash=null face_x=0 face_y=0 height=179 trim_to=0 media_key_timestamp=1711678935000 message_url=https://mmg.whatsapp.net/o1/v/t62.7118-24/f1/m231/up-oil-image- 67d56595-91dc-4de0-a654-bff8d36a6742?ccb=9-4&oh=01_ASAtbCHOTwOXSXqB4PmrWef- a5ECGDt_NeXQzcmw2G06Vw&oe=662D8A0C&_nc_sid=000000&mms3=true media_caption=null trim_from=0 mime_type=image/jpeg partial_media_enc_hash=null width=720 original_file_hash=null has_streaming_sidecar=1 autotransfer_retry_enabled=1 media_upload_handle=null message_row_id=88 multicast_id=null enc_file_hash=kWfiS1/jSGbaBSTtPQJndGheqBuvis0gjp7fhsTtbHs= mute_video=0 page_count=0 first_scan_sidecar=[B@437d584 suspicious_content=0 file_length=3689 media_name=null media_duration=0 chat_row_id=29 media_key=[B@6ec516d
03-29 11:22:23.373 13564 13622 E SQLiteDatabase: android.database.sqlite.SQLiteConstraintException: UNIQUE constraint failed: message_media.message_row_id (code 1555 SQLITE_CONSTRAINT_PRIMARYKEY)
03-29 11:22:23.373 13564 13622 E SQLiteDatabase: at android.database.sqlite.SQLiteConnection.nativeExecuteForLastInsertedRowId(Native Method)
03-29 11:22:23.373 13564 13622 E SQLiteDatabase: at android.database.sqlite.SQLiteConnection.executeForLastInsertedRowId(SQLiteConnecti on.java:948)
03-29 11:22:23.373 13564 13622 E SQLiteDatabase: at android.database.sqlite.SQLiteSession.executeForLastInsertedRowId(SQLiteSession.jav a:790)
03-29 11:22:23.373 13564 13622 E SQLiteDatabase: at android.database.sqlite.SQLiteStatement.executeInsert(SQLiteStatement.java:88)
03-29 11:22:23.373 13564 13622 E SQLiteDatabase: at android.database.sqlite.SQLiteDatabase.insertWithOnConflict(SQLiteDatabase.java:171 2)
03-29 11:22:23.373 13564 13622 E SQLiteDatabase: at android.database.sqlite.SQLiteDatabase.insert(SQLiteDatabase.java:1581)
03-29 11:22:23.373 13564 13622 E SQLiteDatabase: at X.2tm.A08(Unknown Source:6)
03-29 11:22:23.373 13564 13622 E SQLiteDatabase: at X.35Y.A07(Unknown Source:212)
03-29 11:22:23.373 13564 13622 E SQLiteDatabase: at X.3QF.A14(Unknown Source:470)
03-29 11:22:23.373 13564 13622 E SQLiteDatabase: at X.3gU.run(Unknown Source:982)
03-29 11:22:23.373 13564 13622 E SQLiteDatabase: at android.os.Handler.handleCallback(Handler.java:938)
03-29 11:22:23.373 13564 13622 E SQLiteDatabase: at android.os.Handler.dispatchMessage(Handler.java:99)
03-29 11:22:23.373 13564 13622 E SQLiteDatabase: at X.0zq.dispatchMessage(Unknown Source:4)
03-29 11:22:23.373 13564 13622 E SQLiteDatabase: at android.os.Looper.loop(Looper.java:263)
03-29 11:22:23.373 13564 13622 E SQLiteDatabase: at android.os.HandlerThread.run(HandlerThread.java:67)
03-29 11:22:27.331 13564 13564 E Parcel : Reading a NULL string not supported here.
03-29 11:22:27.533 13564 15948 E libEGL : Invalid file path for libcolorx- loader.so
03-29 11:22:27.748 13564 13564 E ArmVmp : Match on catch block at 0x0a in for 0xc5
03-29 11:22:27.752 13564 13564 E ArmVmp : Match on catch block at 0x0a in for 0xc1
03-29 11:22:27.851 13564 13578 W System : A resource failed to call release.
03-29 11:22:27.866 13564 13564 E ArmVmp : Match on catch block at 0xc3 in for 0xb9
03-29 11:22:27.868 13564 13564 E ArmVmp : Match on catch block at 0xc3 in for 0xb9
03-29 11:22:27.921 13564 13564 E ArmVmp : Match on catch block at 0xc3 in for 0xa5
03-29 11:22:27.923 13564 13564 E ArmVmp : Match on catch block at 0xc3 in for 0xa9
03-29 11:22:27.939 13564 13564 E ArmVmp : Match on catch block at 0xc3 in for 0xa9
03-29 11:22:27.941 13564 13564 E ArmVmp : Match on catch block at 0xc3 in for 0xa1
03-29 11:22:27.981 13564 13564 E ArmVmp : Match on catch block at 0xc3 in for 0xa1
03-29 11:22:27.983 13564 13564 E ArmVmp : Match on catch block at 0xc3 in for 0xa5
03-29 11:22:27.987 13564 13564 E ArmVmp : Match on catch block at 0xc3 in for 0xa9
03-29 11:22:27.989 13564 13564 E ArmVmp : Match on catch block at 0xc3 in for 0xa1
03-29 11:22:27.996 13564 13564 E ArmVmp : Match on catch block at 0xc3 in for 0xa5
03-29 11:22:27.999 13564 13564 E ArmVmp : Match on catch block at 0xc3 in for 0xa9
03-29 11:22:28.017 13564 13564 E ArmVmp : Match on catch block at 0xc3 in for 0xa1
03-29 11:22:28.019 13564 13564 E ArmVmp : Match on catch block at 0xc3 in for 0xa5
03-29 11:22:28.027 13564 13564 E ArmVmp : Match on catch block at 0xc3 in for 0xa9
03-29 11:22:28.029 13564 13564 E ArmVmp : Match on catch block at 0xc3 in for 0xa1
03-29 11:22:28.043 13564 13564 E ArmVmp : Match on catch block at 0xc3 in for 0xa5
03-29 11:22:28.046 13564 13564 E ArmVmp : Match on catch block at 0xc3 in for 0xa9
03-29 11:22:28.060 13564 13564 E ArmVmp : Match on catch block at 0xc3 in for 0xa1
03-29 11:22:28.063 13564 13564 E ArmVmp : Match on catch block at 0xc3 in for 0xa5
03-29 11:22:28.077 13564 13564 E ArmVmp : Match on catch block at 0xc3 in for 0xa9
03-29 11:22:28.080 13564 13564 E ArmVmp : Match on catch block at 0xc3 in for 0xa1
03-29 11:22:28.094 13564 13564 E ArmVmp : Match on catch block at 0xc3 in for 0xa5
03-29 11:22:28.096 13564 13564 E ArmVmp : Match on catch block at 0xc3 in for 0xa9
03-29 11:22:28.110 13564 13564 E ArmVmp : Match on catch block at 0xc3 in for 0xa1
03-29 11:22:28.113 13564 13564 E ArmVmp : Match on catch block at 0xc3 in for 0xa5
03-29 11:22:28.127 13564 13564 E ArmVmp : Match on catch block at 0xc3 in for 0xa9
03-29 11:22:28.130 13564 13564 E ArmVmp : Match on catch block at 0xc3 in for 0xa1
03-29 11:22:28.146 13564 13564 E ArmVmp : Match on catch block at 0xc3 in for 0xa5
03-29 11:22:28.149 13564 13564 E ArmVmp : Match on catch block at 0xc3 in for 0xa9
03-29 11:22:28.163 13564 13564 E ArmVmp : Match on catch block at 0xc3 in for 0xa1
03-29 11:22:28.166 13564 13564 E ArmVmp : Match on catch block at 0xc3 in for 0xa5
03-29 11:22:28.179 13564 13564 E ArmVmp : Match on catch block at 0xc3 in for 0xa9
03-29 11:22:28.183 13564 13564 E ArmVmp : Match on catch block at 0xc3 in for 0xa1
03-29 11:22:28.196 13564 13564 E ArmVmp : Match on catch block at 0xc3 in for 0xa5
03-29 11:22:28.199 13564 13564 E ArmVmp : Match on catch block at 0xc3 in for 0xa9
03-29 11:22:28.274 13564 13564 E ArmVmp : Match on catch block at 0xc3 in for 0xa1
03-29 11:22:28.276 13564 13564 E ArmVmp : Match on catch block at 0xc3 in for 0xa5
03-29 11:22:28.310 13564 13564 E ArmVmp : Match on catch block at 0xc3 in for 0xa9
03-29 11:22:28.314 13564 13564 E ArmVmp : Match on catch block at 0xc3 in for 0xa1
03-29 11:22:28.321 13564 13564 E ArmVmp : Match on catch block at 0xc3 in for 0xa5
03-29 11:22:28.325 13564 13564 E ArmVmp : Match on catch block at 0xc3 in for 0xa9
03-29 11:22:28.332 13564 13564 E ArmVmp : Match on catch block at 0xc3 in for 0xa1
03-29 11:22:28.336 13564 13564 E ArmVmp : Match on catch block at 0xc3 in for 0xa5
03-29 11:22:28.346 13564 13564 E ArmVmp : Match on catch block at 0xc3 in for 0xa9
03-29 11:22:28.348 13564 13564 E ArmVmp : Match on catch block at 0xc3 in for 0xa1
03-29 11:22:28.364 13564 13564 E ArmVmp : Match on catch block at 0xc3 in for 0xa5
03-29 11:22:28.367 13564 13564 E ArmVmp : Match on catch block at 0xc3 in for 0xa9
03-29 11:22:28.380 13564 13564 E ArmVmp : Match on catch block at 0xc3 in for 0xa1
03-29 11:22:28.383 13564 13564 E ArmVmp : Match on catch block at 0xc3 in for 0xa5
03-29 11:22:28.397 13564 13564 E ArmVmp : Match on catch block at 0xc3 in for 0xa9
03-29 11:22:28.400 13564 13564 E ArmVmp : Match on catch block at 0xc3 in for 0xa1
03-29 11:22:28.413 13564 13564 E ArmVmp : Match on catch block at 0xc3 in for 0xa5
03-29 11:22:28.416 13564 13564 E ArmVmp : Match on catch block at 0xc3 in for 0xa9
03-29 11:22:28.430 13564 13564 E ArmVmp : Match on catch block at 0xc3 in for 0xa1
03-29 11:22:28.433 13564 13564 E ArmVmp : Match on catch block at 0xc3 in for 0xa5
03-29 11:22:28.447 13564 13564 E ArmVmp : Match on catch block at 0xc3 in for 0xa9
03-29 11:22:28.451 13564 13564 E ArmVmp : Match on catch block at 0xc3 in for 0xa1
03-29 11:22:28.464 13564 13564 E ArmVmp : Match on catch block at 0xc3 in for 0xa5
03-29 11:22:28.467 13564 13564 E ArmVmp : Match on catch block at 0xc3 in for 0xa9
03-29 11:22:28.481 13564 13564 E ArmVmp : Match on catch block at 0xc3 in for 0xa1
03-29 11:22:28.484 13564 13564 E ArmVmp : Match on catch block at 0xc3 in for 0xa5
03-29 11:22:28.497 13564 13564 E ArmVmp : Match on catch block at 0xc3 in for 0xa9
03-29 11:22:28.500 13564 13564 E ArmVmp : Match on catch block at 0xc3 in for 0xa1
03-29 11:22:28.513 13564 13564 E ArmVmp : Match on catch block at 0xc3 in for 0xa5
03-29 11:22:28.516 13564 13564 E ArmVmp : Match on catch block at 0xc3 in for 0xa9
03-29 11:22:28.530 13564 13564 E ArmVmp : Match on catch block at 0xc3 in for 0xa1
03-29 11:22:28.534 13564 13564 E ArmVmp : Match on catch block at 0xc3 in for 0xa5
03-29 11:22:28.547 13564 13564 E ArmVmp : Match on catch block at 0xc3 in for 0xa9
03-29 11:22:28.550 13564 13564 E ArmVmp : Match on catch block at 0xc3 in for 0xa1
03-29 11:22:28.564 13564 13564 E ArmVmp : Match on catch block at 0xc3 in for 0xa5
03-29 11:22:28.568 13564 13564 E ArmVmp : Match on catch block at 0xc3 in for 0xa9
03-29 11:22:28.581 13564 13564 E ArmVmp : Match on catch block at 0xc3 in for 0xa1
03-29 11:22:28.584 13564 13564 E ArmVmp : Match on catch block at 0xc3 in for 0xa5
03-29 11:22:28.598 13564 13564 E ArmVmp : Match on catch block at 0xc3 in for 0xa9
03-29 11:22:28.601 13564 13564 E ArmVmp : Match on catch block at 0xc3 in for 0xa1
03-29 11:22:28.615 13564 13564 E ArmVmp : Match on catch block at 0xc3 in for 0xa1
03-29 11:22:28.618 13564 13564 E ArmVmp : Match on catch block at 0xc3 in for 0xa5
03-29 11:22:28.631 13564 13564 E ArmVmp : Match on catch block at 0xc3 in for 0xa1
03-29 11:22:28.634 13564 13564 E ArmVmp : Match on catch block at 0xc3 in for 0xa5
03-29 11:22:28.647 13564 13564 E ArmVmp : Match on catch block at 0xc3 in for 0xa9
03-29 11:22:28.650 13564 13564 E ArmVmp : Match on catch block at 0xc3 in for 0xa1
03-29 11:22:28.664 13564 13564 E ArmVmp : Match on catch block at 0xc3 in for 0xa5
03-29 11:22:28.667 13564 13564 E ArmVmp : Match on catch block at 0xc3 in for 0xa9
03-29 11:22:28.680 13564 13564 E ArmVmp : Match on catch block at 0xc3 in for 0xa9
03-29 11:22:28.683 13564 13564 E ArmVmp : Match on catch block at 0xc3 in for 0xa1
03-29 11:22:28.696 13564 13564 E ArmVmp : Match on catch block at 0xc3 in for 0xa1
03-29 11:22:28.702 13564 13564 E ArmVmp : Match on catch block at 0xc3 in for 0xa5
03-29 11:22:28.713 13564 13564 E ArmVmp : Match on catch block at 0xc3 in for 0xa5
03-29 11:22:28.715 13564 13564 E ArmVmp : Match on catch block at 0xc3 in for 0xa9
03-29 11:22:28.730 13564 13564 E ArmVmp : Match on catch block at 0xc3 in for 0xa9
03-29 11:22:28.733 13564 13564 E ArmVmp : Match on catch block at 0xc3 in for 0xa1
03-29 11:22:28.748 13564 13564 E ArmVmp : Match on catch block at 0xc3 in for 0xa1
03-29 11:22:28.751 13564 13564 E ArmVmp : Match on catch block at 0xc3 in for 0xa5
03-29 11:22:28.764 13564 13564 E ArmVmp : Match on catch block at 0xc3 in for 0xa5
03-29 11:22:28.767 13564 13564 E ArmVmp : Match on catch block at 0xc3 in for 0xa9
03-29 11:22:28.782 13564 13564 E ArmVmp : Match on catch block at 0xc3 in for 0xa9
03-29 11:22:28.785 13564 13564 E ArmVmp : Match on catch block at 0xc3 in for 0xa1
03-29 11:22:28.798 13564 13564 E ArmVmp : Match on catch block at 0xc3 in for 0xa1
03-29 11:22:28.801 13564 13564 E ArmVmp : Match on catch block at 0xc3 in for 0xa5
03-29 11:22:28.815 13564 13564 E ArmVmp : Match on catch block at 0xc3 in for 0xa5
03-29 11:22:28.818 13564 13564 E ArmVmp : Match on catch block at 0xc3 in for 0xa9
03-29 11:22:28.831 13564 13564 E ArmVmp : Match on catch block at 0xc3 in for 0xa9
03-29 11:22:28.834 13564 13564 E ArmVmp : Match on catch block at 0xc3 in for 0xa1
03-29 11:22:28.848 13564 13564 E ArmVmp : Match on catch block at 0xc3 in for 0xa1
03-29 11:22:28.851 13564 13564 E ArmVmp : Match on catch block at 0xc3 in for 0xa5
03-29 11:22:28.864 13564 13564 E ArmVmp : Match on catch block at 0xc3 in for 0xa5
03-29 11:22:28.868 13564 13564 E ArmVmp : Match on catch block at 0xc3 in for 0xa9
03-29 11:22:28.882 13564 13564 E ArmVmp : Match on catch block at 0xc3 in for 0xa9
03-29 11:22:28.885 13564 13564 E ArmVmp : Match on catch block at 0xc3 in for 0xa1
