03-29 11:20:27.639 11273 13472 W LOTTIE : Unknown shape type rd
03-29 11:20:27.639 11273 13474 W LOTTIE : Unknown shape type rd
03-29 11:20:27.726 11273 11273 E ArmVmp : Match on catch block at 0x0a in for 0xc9
03-29 11:20:27.731 11273 11273 E ArmVmp : Match on catch block at 0x0a in for 0xc9
03-29 11:20:27.753 11273 11273 E ArmVmp : Match on catch block at 0x0a in for 0x1c9
03-29 11:20:28.117 11273 11273 E ArmVmp : Match on catch block at 0xc3 in for 0xb1
03-29 11:20:28.120 11273 11273 E ArmVmp : Match on catch block at 0xc3 in for 0xb1
03-29 11:20:28.244 11273 11273 E ArmVmp : Match on catch block at 0xc3 in for 0xa5
03-29 11:20:28.246 11273 11273 E ArmVmp : Match on catch block at 0xc3 in for 0xa9
03-29 11:20:28.309 11273 11273 E ArmVmp : Match on catch block at 0xc3 in for 0xa9
03-29 11:20:28.312 11273 11273 E ArmVmp : Match on catch block at 0xc3 in for 0xa1
03-29 11:20:28.365 11273 11273 E ArmVmp : Match on catch block at 0xc3 in for 0xa1
03-29 11:20:28.368 11273 11273 E ArmVmp : Match on catch block at 0xc3 in for 0xa5
03-29 11:20:28.403 11273 11273 E ArmVmp : Match on catch block at 0xc3 in for 0xa5
03-29 11:20:28.406 11273 11273 E ArmVmp : Match on catch block at 0xc3 in for 0xa9
03-29 11:20:28.438 11273 11273 E ArmVmp : Match on catch block at 0xc3 in for 0xa9
03-29 11:20:28.441 11273 11273 E ArmVmp : Match on catch block at 0xc3 in for 0xa1
03-29 11:20:28.472 11273 11273 E ArmVmp : Match on catch block at 0xc3 in for 0xa1
03-29 11:20:28.474 11273 11273 E ArmVmp : Match on catch block at 0xc3 in for 0xa5
03-29 11:20:28.510 11273 11273 E ArmVmp : Match on catch block at 0xc3 in for 0xa5
03-29 11:20:28.512 11273 11273 E ArmVmp : Match on catch block at 0xc3 in for 0xa9
03-29 11:20:28.542 11273 11273 E ArmVmp : Match on catch block at 0xc3 in for 0xa9
03-29 11:20:28.544 11273 11273 E ArmVmp : Match on catch block at 0xc3 in for 0xa1
03-29 11:20:28.583 11273 11273 E ArmVmp : Match on catch block at 0xc3 in for 0xa1
03-29 11:20:28.586 11273 11273 E ArmVmp : Match on catch block at 0xc3 in for 0xa5
03-29 11:20:28.634 11273 11273 E ArmVmp : Match on catch block at 0xc3 in for 0xa5
03-29 11:20:28.636 11273 11273 E ArmVmp : Match on catch block at 0xc3 in for 0xa9
03-29 11:20:28.664 11273 11273 E ArmVmp : Match on catch block at 0xc3 in for 0xa9
03-29 11:20:28.667 11273 11273 E ArmVmp : Match on catch block at 0xc3 in for 0xa1
03-29 11:20:28.692 11273 11273 E ArmVmp : Match on catch block at 0xc3 in for 0xa1
03-29 11:20:28.695 11273 11273 E ArmVmp : Match on catch block at 0xc3 in for 0xa5
03-29 11:20:28.720 11273 11273 E ArmVmp : Match on catch block at 0xc3 in for 0xa5
03-29 11:20:28.722 11273 11273 E ArmVmp : Match on catch block at 0xc3 in for 0xa9
03-29 11:20:28.748 11273 11273 E ArmVmp : Match on catch block at 0xc3 in for 0xa9
03-29 11:20:28.751 11273 11273 E ArmVmp : Match on catch block at 0xc3 in for 0xa1
03-29 11:20:28.782 11273 11273 E ArmVmp : Match on catch block at 0xc3 in for 0xa1
03-29 11:20:28.784 11273 11273 E ArmVmp : Match on catch block at 0xc3 in for 0xa5
03-29 11:20:28.809 11273 11273 E ArmVmp : Match on catch block at 0xc3 in for 0xa5
03-29 11:20:28.811 11273 11273 E ArmVmp : Match on catch block at 0xc3 in for 0xa9
03-29 11:20:28.835 11273 11273 E ArmVmp : Match on catch block at 0xc3 in for 0xa9
03-29 11:20:28.838 11273 11273 E ArmVmp : Match on catch block at 0xc3 in for 0xa1
03-29 11:20:28.866 11273 11273 E ArmVmp : Match on catch block at 0xc3 in for 0xa1
03-29 11:20:28.868 11273 11273 E ArmVmp : Match on catch block at 0xc3 in for 0xa5
03-29 11:20:28.891 11273 11273 E ArmVmp : Match on catch block at 0xc3 in for 0xa5
03-29 11:20:28.893 11273 11273 E ArmVmp : Match on catch block at 0xc3 in for 0xa9
03-29 11:20:28.916 11273 11273 E ArmVmp : Match on catch block at 0xc3 in for 0xa9
03-29 11:20:28.919 11273 11273 E ArmVmp : Match on catch block at 0xc3 in for 0xa1
03-29 11:20:28.944 11273 11273 E ArmVmp : Match on catch block at 0xc3 in for 0xa9
03-29 11:20:28.946 11273 11273 E ArmVmp : Match on catch block at 0xc3 in for 0xa1
03-29 11:20:28.972 11273 11273 E ArmVmp : Match on catch block at 0xc3 in for 0xa9
03-29 11:20:28.975 11273 11273 E ArmVmp : Match on catch block at 0xc3 in for 0xa1
03-29 11:20:28.999 11273 11273 E ArmVmp : Match on catch block at 0xc3 in for 0xa5
03-29 11:20:29.001 11273 11273 E ArmVmp : Match on catch block at 0xc3 in for 0xa9
03-29 11:20:29.025 11273 11273 E ArmVmp : Match on catch block at 0xc3 in for 0xa1
03-29 11:20:29.027 11273 11273 E ArmVmp : Match on catch block at 0xc3 in for 0xa5
03-29 11:20:29.054 11273 11273 E ArmVmp : Match on catch block at 0xc3 in for 0xa5
03-29 11:20:29.056 11273 11273 E ArmVmp : Match on catch block at 0xc3 in for 0xa9
03-29 11:20:29.081 11273 11273 E ArmVmp : Match on catch block at 0xc3 in for 0xa9
03-29 11:20:29.083 11273 11273 E ArmVmp : Match on catch block at 0xc3 in for 0xa1
03-29 11:20:29.107 11273 11273 E ArmVmp : Match on catch block at 0xc3 in for 0xa9
03-29 11:20:29.109 11273 11273 E ArmVmp : Match on catch block at 0xc3 in for 0xa1
03-29 11:20:29.134 11273 11273 E ArmVmp : Match on catch block at 0xc3 in for 0xa9
03-29 11:20:29.136 11273 11273 E ArmVmp : Match on catch block at 0xc3 in for 0xa1
03-29 11:20:29.161 11273 11273 E ArmVmp : Match on catch block at 0xc3 in for 0xa9
03-29 11:20:29.164 11273 11273 E ArmVmp : Match on catch block at 0xc3 in for 0xa1
03-29 11:20:29.188 11273 11273 E ArmVmp : Match on catch block at 0xc3 in for 0xa9
03-29 11:20:29.190 11273 11273 E ArmVmp : Match on catch block at 0xc3 in for 0xa1
03-29 11:20:29.214 11273 11273 E ArmVmp : Match on catch block at 0xc3 in for 0xa9
03-29 11:20:29.217 11273 11273 E ArmVmp : Match on catch block at 0xc3 in for 0xa1
03-29 11:20:29.244 11273 11273 E ArmVmp : Match on catch block at 0xc3 in for 0xa9
03-29 11:20:29.247 11273 11273 E ArmVmp : Match on catch block at 0xc3 in for 0xa1
03-29 11:20:29.271 11273 11273 E ArmVmp : Match on catch block at 0xc3 in for 0xa9
03-29 11:20:29.275 11273 11273 E ArmVmp : Match on catch block at 0xc3 in for 0xa1
03-29 11:20:29.301 11273 11273 E ArmVmp : Match on catch block at 0xc3 in for 0xa9
03-29 11:20:29.304 11273 11273 E ArmVmp : Match on catch block at 0xc3 in for 0xa1
03-29 11:20:29.330 11273 11273 E ArmVmp : Match on catch block at 0xc3 in for 0xa9
03-29 11:20:29.332 11273 11273 E ArmVmp : Match on catch block at 0xc3 in for 0xa1
03-29 11:20:29.359 11273 11273 E ArmVmp : Match on catch block at 0xc3 in for 0xa9
03-29 11:20:29.361 11273 11273 E ArmVmp : Match on catch block at 0xc3 in for 0xa1
03-29 11:20:29.425 11273 11273 E ArmVmp : Match on catch block at 0xc3 in for 0xa9
03-29 11:20:29.428 11273 11273 E ArmVmp : Match on catch block at 0xc3 in for 0xa1
03-29 11:20:29.455 11273 11273 E ArmVmp : Match on catch block at 0xc3 in for 0xa9
03-29 11:20:29.457 11273 11273 E ArmVmp : Match on catch block at 0xc3 in for 0xa1
03-29 11:20:29.486 11273 11273 E ArmVmp : Match on catch block at 0xc3 in for 0xa9
03-29 11:20:29.488 11273 11273 E ArmVmp : Match on catch block at 0xc3 in for 0xa1
03-29 11:20:29.514 11273 11273 E ArmVmp : Match on catch block at 0xc3 in for 0xa9
03-29 11:20:29.516 11273 11273 E ArmVmp : Match on catch block at 0xc3 in for 0xa1
03-29 11:20:29.543 11273 11273 E ArmVmp : Match on catch block at 0xc3 in for 0xa9
03-29 11:20:29.545 11273 11273 E ArmVmp : Match on catch block at 0xc3 in for 0xa1
03-29 11:20:29.572 11273 11273 E ArmVmp : Match on catch block at 0xc3 in for 0xa9
03-29 11:20:29.574 11273 11273 E ArmVmp : Match on catch block at 0xc3 in for 0xa1
03-29 11:20:29.599 11273 11273 E ArmVmp : Match on catch block at 0xc3 in for 0xa9
03-29 11:20:29.602 11273 11273 E ArmVmp : Match on catch block at 0xc3 in for 0xa1
03-29 11:20:29.627 11273 11273 E ArmVmp : Match on catch block at 0xc3 in for 0xa9
03-29 11:20:29.630 11273 11273 E ArmVmp : Match on catch block at 0xc3 in for 0xa1
03-29 11:20:29.654 11273 11273 E ArmVmp : Match on catch block at 0xc3 in for 0xa9
03-29 11:20:29.657 11273 11273 E ArmVmp : Match on catch block at 0xc3 in for 0xa1
03-29 11:20:29.682 11273 11273 E ArmVmp : Match on catch block at 0xc3 in for 0xa9
03-29 11:20:29.684 11273 11273 E ArmVmp : Match on catch block at 0xc3 in for 0xa1
03-29 11:20:29.708 11273 11273 E ArmVmp : Match on catch block at 0xc3 in for 0xa5
03-29 11:20:29.710 11273 11273 E ArmVmp : Match on catch block at 0xc3 in for 0xa9
03-29 11:20:29.735 11273 11273 E ArmVmp : Match on catch block at 0xc3 in for 0xa1
03-29 11:20:29.737 11273 11273 E ArmVmp : Match on catch block at 0xc3 in for 0xa5
03-29 11:20:29.759 11273 11273 E ArmVmp : Match on catch block at 0xc3 in for 0xa5
03-29 11:20:29.762 11273 11273 E ArmVmp : Match on catch block at 0xc3 in for 0xa9
03-29 11:20:29.787 11273 11273 E ArmVmp : Match on catch block at 0xc3 in for 0xa9
03-29 11:20:29.789 11273 11273 E ArmVmp : Match on catch block at 0xc3 in for 0xa1
03-29 11:20:29.814 11273 11273 E ArmVmp : Match on catch block at 0xc3 in for 0xa9
03-29 11:20:29.816 11273 11273 E ArmVmp : Match on catch block at 0xc3 in for 0xa1
03-29 11:20:29.840 11273 11273 E ArmVmp : Match on catch block at 0xc3 in for 0xa9
03-29 11:20:29.842 11273 11273 E ArmVmp : Match on catch block at 0xc3 in for 0xa1
03-29 11:20:29.869 11273 11273 E ArmVmp : Match on catch block at 0xc3 in for 0xa5
03-29 11:20:29.872 11273 11273 E ArmVmp : Match on catch block at 0xc3 in for 0xa9
03-29 11:20:30.181 11273 11273 E ArmVmp : Match on catch block at 0xc3 in for 0xa1
03-29 11:20:30.185 11273 11273 E ArmVmp : Match on catch block at 0xc3 in for 0xa5
03-29 11:20:30.680 11273 11273 E ArmVmp : Match on catch block at 0xc3 in for 0xa1
03-29 11:20:30.686 11273 11273 E ArmVmp : Match on catch block at 0xc3 in for 0xa5
03-29 11:20:30.856 11273 11273 E ArmVmp : Match on catch block at 0xc3 in for 0xa1
03-29 11:20:30.859 11273 11273 E ArmVmp : Match on catch block at 0xc3 in for 0xa5
03-29 11:20:30.885 11273 11273 E ArmVmp : Match on catch block at 0xc3 in for 0xa5
03-29 11:20:30.889 11273 11273 E ArmVmp : Match on catch block at 0xc3 in for 0xa9
03-29 11:20:31.346 11273 11273 E ArmVmp : Match on catch block at 0xc3 in for 0xa1
03-29 11:20:31.362 11273 11273 E ArmVmp : Match on catch block at 0xc3 in for 0xa5
03-29 11:20:31.749 11273 11273 E ArmVmp : Match on catch block at 0xc3 in for 0xa5
03-29 11:20:31.756 11273 11273 E ArmVmp : Match on catch block at 0xc3 in for 0xa9
03-29 11:20:31.771 11273 11273 E ArmVmp : Match on catch block at 0xc3 in for 0xa9
03-29 11:20:31.774 11273 11273 E ArmVmp : Match on catch block at 0xc3 in for 0xa1
03-29 11:20:31.794 11273 11273 E ArmVmp : Match on catch block at 0xc3 in for 0xa9
03-29 11:20:31.796 11273 11273 E ArmVmp : Match on catch block at 0xc3 in for 0xa1
03-29 11:20:31.934 11273 11273 E ArmVmp : Match on catch block at 0xc3 in for 0xa1
03-29 11:20:31.936 11273 11273 E ArmVmp : Match on catch block at 0xc3 in for 0xa5
03-29 11:20:31.968 11273 11273 E ArmVmp : Match on catch block at 0xc3 in for 0xa9
03-29 11:20:31.972 11273 11273 E ArmVmp : Match on catch block at 0xc3 in for 0xa1
03-29 11:20:32.174 11273 11273 E ArmVmp : Match on catch block at 0xc3 in for 0xa9
03-29 11:20:32.177 11273 11273 E ArmVmp : Match on catch block at 0xc3 in for 0xa1
03-29 11:20:34.904 11273 11273 E ArmVmp : Match on catch block at 0x0a in for 0x1f1 --------- beginning of crash
03-29 11:20:34.915 11273 11273 E AndroidRuntime: FATAL EXCEPTION: main
03-29 11:20:34.915 11273 11273 E AndroidRuntime: Process: com.mbwhatsapp, PID: 11273
03-29 11:20:34.915 11273 11273 E AndroidRuntime: android.view.WindowManager$BadTokenException: Unable to add window -- token android.os.BinderProxy@d22af6c is not valid; is your activity running?
03-29 11:20:34.915 11273 11273 E AndroidRuntime: at android.view.ViewRootImpl.setView(ViewRootImpl.java:1238)
03-29 11:20:34.915 11273 11273 E AndroidRuntime: at android.view.WindowManagerGlobal.addView(WindowManagerGlobal.java:413)
03-29 11:20:34.915 11273 11273 E AndroidRuntime: at android.view.WindowManagerImpl.addView(WindowManagerImpl.java:110)
03-29 11:20:34.915 11273 11273 E AndroidRuntime: at android.app.Dialog.show(Dialog.java:353)
03-29 11:20:34.915 11273 11273 E AndroidRuntime: at mbmodsd.mbmodsw.mbdialog.mbdialogios.iOSDark.show(Native Method)
03-29 11:20:34.915 11273 11273 E AndroidRuntime: at mbmodsd.mbmodsw.mbutils.mbiosdialog.mbiosdialogcuskey(Native Method)
03-29 11:20:34.915 11273 11273 E AndroidRuntime: at mbmodsd.mbmodsw.mbutils.convo.Conversation$5.onSuccess(Native Method)
03-29 11:20:34.915 11273 11273 E AndroidRuntime: at mbmodsd.mbmodsw.home.MBTranslator$Async.onPostExecute(Native Method)
03-29 11:20:34.915 11273 11273 E AndroidRuntime: at mbmodsd.mbmodsw.home.MBTranslator$Async.onPostExecute(Native Method)
03-29 11:20:34.915 11273 11273 E AndroidRuntime: at android.os.AsyncTask.finish(AsyncTask.java:771)
03-29 11:20:34.915 11273 11273 E AndroidRuntime: at android.os.AsyncTask.access$900(AsyncTask.java:199)
03-29 11:20:34.915 11273 11273 E AndroidRuntime: at android.os.AsyncTask$InternalHandler.handleMessage(AsyncTask.java:788)
03-29 11:20:34.915 11273 11273 E AndroidRuntime: at android.os.Handler.dispatchMessage(Handler.java:106)
03-29 11:20:34.915 11273 11273 E AndroidRuntime: at android.os.Looper.loop(Looper.java:263)
03-29 11:20:34.915 11273 11273 E AndroidRuntime: at android.app.ActivityThread.main(ActivityThread.java:8292)
03-29 11:20:34.915 11273 11273 E AndroidRuntime: at java.lang.reflect.Method.invoke(Native Method)
03-29 11:20:34.915 11273 11273 E AndroidRuntime: at com.android.internal.os.RuntimeInit$MethodAndArgsCaller.run(RuntimeInit.java:612)
03-29 11:20:34.915 11273 11273 E AndroidRuntime: at com.android.internal.os.ZygoteInit.main(ZygoteInit.java:1006)
03-29 11:20:34.915 11273 11273 E CustomActivityOnCrash: App has crashed, executing CustomActivityOnCrash's UncaughtExceptionHandler
03-29 11:20:34.915 11273 11273 E CustomActivityOnCrash: android.view.WindowManager$BadTokenException: Unable to add window -- token android.os.BinderProxy@d22af6c is not valid; is your activity running?
03-29 11:20:34.915 11273 11273 E CustomActivityOnCrash: at android.view.ViewRootImpl.setView(ViewRootImpl.java:1238)
03-29 11:20:34.915 11273 11273 E CustomActivityOnCrash: at android.view.WindowManagerGlobal.addView(WindowManagerGlobal.java:413)
03-29 11:20:34.915 11273 11273 E CustomActivityOnCrash: at android.view.WindowManagerImpl.addView(WindowManagerImpl.java:110)
03-29 11:20:34.915 11273 11273 E CustomActivityOnCrash: at android.app.Dialog.show(Dialog.java:353)
03-29 11:20:34.915 11273 11273 E CustomActivityOnCrash: at mbmodsd.mbmodsw.mbdialog.mbdialogios.iOSDark.show(Native Method)
03-29 11:20:34.915 11273 11273 E CustomActivityOnCrash: at mbmodsd.mbmodsw.mbutils.mbiosdialog.mbiosdialogcuskey(Native Method)
03-29 11:20:34.915 11273 11273 E CustomActivityOnCrash: at mbmodsd.mbmodsw.mbutils.convo.Conversation$5.onSuccess(Native Method)
03-29 11:20:34.915 11273 11273 E CustomActivityOnCrash: at mbmodsd.mbmodsw.home.MBTranslator$Async.onPostExecute(Native Method)
03-29 11:20:34.915 11273 11273 E CustomActivityOnCrash: at mbmodsd.mbmodsw.home.MBTranslator$Async.onPostExecute(Native Method)
03-29 11:20:34.915 11273 11273 E CustomActivityOnCrash: at android.os.AsyncTask.finish(AsyncTask.java:771)
03-29 11:20:34.915 11273 11273 E CustomActivityOnCrash: at android.os.AsyncTask.access$900(AsyncTask.java:199)
03-29 11:20:34.915 11273 11273 E CustomActivityOnCrash: at android.os.AsyncTask$InternalHandler.handleMessage(AsyncTask.java:788)
03-29 11:20:34.915 11273 11273 E CustomActivityOnCrash: at android.os.Handler.dispatchMessage(Handler.java:106)
03-29 11:20:34.915 11273 11273 E CustomActivityOnCrash: at android.os.Looper.loop(Looper.java:263)
03-29 11:20:34.915 11273 11273 E CustomActivityOnCrash: at android.app.ActivityThread.main(ActivityThread.java:8292)
03-29 11:20:34.915 11273 11273 E CustomActivityOnCrash: at java.lang.reflect.Method.invoke(Native Method)
03-29 11:20:34.915 11273 11273 E CustomActivityOnCrash: at com.android.internal.os.RuntimeInit$MethodAndArgsCaller.run(RuntimeInit.java:612)
03-29 11:20:34.915 11273 11273 E CustomActivityOnCrash: at com.android.internal.os.ZygoteInit.main(ZygoteInit.java:1006)
03-29 11:20:34.940 11273 11273 E ArmVmp : Match on catch block at 0x1c in for 0x179
03-29 11:20:34.940 11273 11273 E CustomActivityOnCrash: Failed when resolving the restart activity class via getLaunchIntentForPackage, stack trace follows!
03-29 11:20:34.940 11273 11273 E CustomActivityOnCrash: java.lang.ClassNotFoundException: com.mbwhatsapp.Icon0
03-29 11:20:34.940 11273 11273 E CustomActivityOnCrash: at java.lang.Class.classForName(Native Method)
03-29 11:20:34.940 11273 11273 E CustomActivityOnCrash: at java.lang.Class.forName(Class.java:454)
03-29 11:20:34.940 11273 11273 E CustomActivityOnCrash: at java.lang.Class.forName(Class.java:379)
03-29 11:20:34.940 11273 11273 E CustomActivityOnCrash: at mbmodsd.mbmodsw.crashv2.CustomActivityOnCrash.getLauncherActivity(Native Method)
03-29 11:20:34.940 11273 11273 E CustomActivityOnCrash: at mbmodsd.mbmodsw.crashv2.CustomActivityOnCrash.guessRestartActivityClass(Native Method)
03-29 11:20:34.940 11273 11273 E CustomActivityOnCrash: at mbmodsd.mbmodsw.crashv2.CustomActivityOnCrash.lambda$install$0(Native Method)
03-29 11:20:34.940 11273 11273 E CustomActivityOnCrash: at mbmodsd.mbmodsw.crashv2.CustomActivityOnCrash$ $ExternalSyntheticLambda0.uncaughtException(Native Method)
03-29 11:20:34.940 11273 11273 E CustomActivityOnCrash: at java.lang.ThreadGroup.uncaughtException(ThreadGroup.java:1073)
03-29 11:20:34.940 11273 11273 E CustomActivityOnCrash: at java.lang.ThreadGroup.uncaughtException(ThreadGroup.java:1068)
03-29 11:20:34.940 11273 11273 E CustomActivityOnCrash: at com.android.internal.os.RuntimeInit$LoggingHandler.uncaughtException(RuntimeInit.ja va:118)
03-29 11:20:34.940 11273 11273 E CustomActivityOnCrash: at java.lang.Thread.dispatchUncaughtException(Thread.java:2197)
03-29 11:20:34.940 11273 11273 E CustomActivityOnCrash: Caused by: java.lang.ClassNotFoundException: com.mbwhatsapp.Icon0
03-29 11:20:34.940 11273 11273 E CustomActivityOnCrash: ... 11 more
03-29 11:20:34.943 11273 11273 E Parcel : Reading a NULL string not supported here. --------- beginning of main
03-29 11:20:35.292 13517 13517 E :error_activit: Unknown bits set in runtime_flags: 0x40000000
03-29 11:20:35.299 13517 13517 E :error_activit: Not starting debugger since process cannot load the jdwp agent.
03-29 11:20:35.307 13517 13517 E RefClass: java.lang.reflect.InvocationTargetException
03-29 11:20:35.379 13517 13517 E Perf : perftest packageName : com.mbwhatsapp App is allowed to use Hide APIs
03-29 11:20:35.411 13517 13517 W System.err: java.lang.ClassNotFoundException: mbmodsd.mbmodsw.ui.views.btn.BtnBK
03-29 11:20:35.411 13517 13517 W System.err: at java.lang.Runtime.nativeLoad(Native Method)
03-29 11:20:35.411 13517 13517 W System.err: at java.lang.Runtime.nativeLoad(Runtime.java:1131)
03-29 11:20:35.411 13517 13517 W System.err: at java.lang.Runtime.loadLibrary0(Runtime.java:1085)
03-29 11:20:35.411 13517 13517 W System.err: at java.lang.Runtime.loadLibrary0(Runtime.java:1008)
03-29 11:20:35.411 13517 13517 W System.err: at java.lang.System.loadLibrary(System.java:1664)
03-29 11:20:35.411 13517 13517 W System.err: at arm.EpicVm.<clinit>(Unknown Source:2)
03-29 11:20:35.411 13517 13517 W System.err: at java.lang.Class.newInstance(Native Method)
03-29 11:20:35.411 13517 13517 W System.err: at android.app.AppComponentFactory.instantiateApplication(AppComponentFactory.java:76)
03-29 11:20:35.411 13517 13517 W System.err: at androidx.core.app.CoreComponentFactory.instantiateApplication(Unknown Source:0)
03-29 11:20:35.411 13517 13517 W System.err: at android.app.Instrumentation.newApplication(Instrumentation.java:1159)
03-29 11:20:35.411 13517 13517 W System.err: at android.app.LoadedApk.makeApplication(LoadedApk.java:1316)
03-29 11:20:35.411 13517 13517 W System.err: at android.app.ActivityThread.handleBindApplication(ActivityThread.java:7227)
03-29 11:20:35.411 13517 13517 W System.err: at android.app.ActivityThread.access$1600(ActivityThread.java:293)
03-29 11:20:35.411 13517 13517 W System.err: at android.app.ActivityThread$H.handleMessage(ActivityThread.java:2151)
03-29 11:20:35.411 13517 13517 W System.err: at android.os.Handler.dispatchMessage(Handler.java:106)
03-29 11:20:35.411 13517 13517 W System.err: at android.os.Looper.loop(Looper.java:263)
03-29 11:20:35.411 13517 13517 W System.err: at android.app.ActivityThread.main(ActivityThread.java:8292)
03-29 11:20:35.411 13517 13517 W System.err: at java.lang.reflect.Method.invoke(Native Method)
03-29 11:20:35.411 13517 13517 W System.err: at com.android.internal.os.RuntimeInit$MethodAndArgsCaller.run(RuntimeInit.java:612)
03-29 11:20:35.411 13517 13517 W System.err: at com.android.internal.os.ZygoteInit.main(ZygoteInit.java:1006)
03-29 11:20:35.586 13517 13517 W :error_activit: Accessing hidden method Lcom/android/org/conscrypt/OpenSSLSocketImpl;->setUseSessionTickets(Z)V (greylist- max-q,test-api, reflection, denied)
03-29 11:20:35.586 13517 13517 W :error_activit: Accessing hidden method Lcom/android/org/conscrypt/AbstractConscryptSocket;->setUseSessionTickets(Z)V (greylist-max-q, reflection, denied)
03-29 11:20:35.605 13517 13517 W linker : Warning: "/data/data/com.mbwhatsapp/files/decompressed/libs.spk.zst/libc++_shared.so" unused DT entry: unknown processor-specific (type 0x70000001 arg 0x0) (ignoring)
03-29 11:20:35.598 13517 13517 W :error_activity: type=1400 audit(0.0:1329773): avc: granted { execute } for path="/data/data/com.mbwhatsapp/files/decompressed/libs.spk.zst/libc++_shared.so" dev="sda10" ino=6828526 scontext=u:r:untrusted_app:s0:c223,c257,c512,c768 tcontext=u:object_r:app_data_file:s0:c223,c257,c512,c768 tclass=file app=com.mbwhatsapp
03-29 11:20:35.606 13517 13517 W :error_activity: type=1400 audit(0.0:1329774): avc: granted { execute } for path="/data/data/com.mbwhatsapp/files/decompressed/libs.spk.zst/libvlc.so" dev="sda10" ino=6828519 scontext=u:r:untrusted_app:s0:c223,c257,c512,c768 tcontext=u:object_r:app_data_file:s0:c223,c257,c512,c768 tclass=file app=com.mbwhatsapp
03-29 11:20:35.610 13517 13517 W :error_activity: type=1400 audit(0.0:1329775): avc: granted { execute } for path="/data/data/com.mbwhatsapp/files/decompressed/libs.spk.zst/libwhatsapp.so" dev="sda10" ino=6828520 scontext=u:r:untrusted_app:s0:c223,c257,c512,c768 tcontext=u:object_r:app_data_file:s0:c223,c257,c512,c768 tclass=file app=com.mbwhatsapp
03-29 11:20:35.626 13517 13517 W :error_activity: type=1400 audit(0.0:1329776): avc: denied { execmod } for path="/apex/com.android.runtime/lib64/bionic/libc.so" dev="loop35" ino=33 scontext=u:r:untrusted_app:s0:c223,c257,c512,c768 tcontext=u:object_r:system_lib_file:s0 tclass=file permissive=0 app=com.mbwhatsapp
03-29 11:20:35.649 13517 13562 E libEGL : Invalid file path for libcolorx- loader.so --------- beginning of system
03-29 11:20:35.667 13517 13517 E OplusCustomizeRestrictionManager: sInstance is null, start a new sInstance
03-29 11:20:35.703 13517 13517 E Parcel : Reading a NULL string not supported here. --------- beginning of main
03-29 11:20:35.817 13564 13564 E com.mbwhatsapp: Unknown bits set in runtime_flags: 0x40000000
03-29 11:20:35.823 13564 13564 E com.mbwhatsapp: Not starting debugger since process cannot load the jdwp agent.
03-29 11:20:35.832 13564 13564 E RefClass: java.lang.reflect.InvocationTargetException
03-29 11:20:35.903 13564 13564 E Perf : perftest packageName : com.mbwhatsapp App is allowed to use Hide APIs
03-29 11:20:35.935 13564 13564 W System.err: java.lang.ClassNotFoundException: mbmodsd.mbmodsw.ui.views.btn.BtnBK
03-29 11:20:35.936 13564 13564 W System.err: at java.lang.Runtime.nativeLoad(Native Method)
03-29 11:20:35.936 13564 13564 W System.err: at java.lang.Runtime.nativeLoad(Runtime.java:1131)
03-29 11:20:35.936 13564 13564 W System.err: at java.lang.Runtime.loadLibrary0(Runtime.java:1085)
03-29 11:20:35.936 13564 13564 W System.err: at java.lang.Runtime.loadLibrary0(Runtime.java:1008)
03-29 11:20:35.936 13564 13564 W System.err: at java.lang.System.loadLibrary(System.java:1664)
03-29 11:20:35.936 13564 13564 W System.err: at arm.EpicVm.<clinit>(Unknown Source:2)
03-29 11:20:35.936 13564 13564 W System.err: at java.lang.Class.newInstance(Native Method)
03-29 11:20:35.936 13564 13564 W System.err: at android.app.AppComponentFactory.instantiateApplication(AppComponentFactory.java:76)
03-29 11:20:35.936 13564 13564 W System.err: at androidx.core.app.CoreComponentFactory.instantiateApplication(Unknown Source:0)
03-29 11:20:35.936 13564 13564 W System.err: at android.app.Instrumentation.newApplication(Instrumentation.java:1159)
03-29 11:20:35.936 13564 13564 W System.err: at android.app.LoadedApk.makeApplication(LoadedApk.java:1316)
03-29 11:20:35.936 13564 13564 W System.err: at android.app.ActivityThread.handleBindApplication(ActivityThread.java:7227)
03-29 11:20:35.936 13564 13564 W System.err: at android.app.ActivityThread.access$1600(ActivityThread.java:293)
03-29 11:20:35.936 13564 13564 W System.err: at android.app.ActivityThread$H.handleMessage(ActivityThread.java:2151)
03-29 11:20:35.936 13564 13564 W System.err: at android.os.Handler.dispatchMessage(Handler.java:106)
03-29 11:20:35.936 13564 13564 W System.err: at android.os.Looper.loop(Looper.java:263)
03-29 11:20:35.936 13564 13564 W System.err: at android.app.ActivityThread.main(ActivityThread.java:8292)
03-29 11:20:35.936 13564 13564 W System.err: at java.lang.reflect.Method.invoke(Native Method)
03-29 11:20:35.936 13564 13564 W System.err: at com.android.internal.os.RuntimeInit$MethodAndArgsCaller.run(RuntimeInit.java:612)
03-29 11:20:35.936 13564 13564 W System.err: at com.android.internal.os.ZygoteInit.main(ZygoteInit.java:1006)
03-29 11:20:35.978 13564 13564 E CustomActivityOnCrash: IMPORTANT WARNING! You already have an UncaughtExceptionHandler, are you sure this is correct? If you use a custom UncaughtExceptionHandler, you must initialize it AFTER CustomActivityOnCrash! Installing anyway, but your original handler will not be called.
03-29 11:20:36.030 13564 13586 W LibraryVersion: Failed to get app version for libraryName: firebase-iid
03-29 11:20:36.132 13564 13564 W com.mbwhatsapp: Accessing hidden method Lcom/android/org/conscrypt/OpenSSLSocketImpl;->setUseSessionTickets(Z)V (greylist- max-q,test-api, reflection, denied)
03-29 11:20:36.133 13564 13564 W com.mbwhatsapp: Accessing hidden method Lcom/android/org/conscrypt/AbstractConscryptSocket;->setUseSessionTickets(Z)V (greylist-max-q, reflection, denied)
03-29 11:20:36.184 13564 13564 W linker : Warning: "/data/data/com.mbwhatsapp/files/decompressed/libs.spk.zst/libc++_shared.so" unused DT entry: unknown processor-specific (type 0x70000001 arg 0x0) (ignoring)
03-29 11:20:36.178 13564 13564 W com.mbwhatsapp: type=1400 audit(0.0:1329777): avc: granted { execute } for path="/data/data/com.mbwhatsapp/files/decompressed/libs.spk.zst/libc++_shared.so" dev="sda10" ino=6828526 scontext=u:r:untrusted_app:s0:c223,c257,c512,c768 tcontext=u:object_r:app_data_file:s0:c223,c257,c512,c768 tclass=file app=com.mbwhatsapp
03-29 11:20:36.182 13564 13564 W com.mbwhatsapp: type=1400 audit(0.0:1329778): avc: granted { execute } for path="/data/data/com.mbwhatsapp/files/decompressed/libs.spk.zst/libvlc.so" dev="sda10" ino=6828519 scontext=u:r:untrusted_app:s0:c223,c257,c512,c768 tcontext=u:object_r:app_data_file:s0:c223,c257,c512,c768 tclass=file app=com.mbwhatsapp
03-29 11:20:36.186 13564 13564 W com.mbwhatsapp: type=1400 audit(0.0:1329779): avc: granted { execute } for path="/data/data/com.mbwhatsapp/files/decompressed/libs.spk.zst/libwhatsapp.so" dev="sda10" ino=6828520 scontext=u:r:untrusted_app:s0:c223,c257,c512,c768 tcontext=u:object_r:app_data_file:s0:c223,c257,c512,c768 tclass=file app=com.mbwhatsapp
03-29 11:20:36.323 13564 13625 W com.mbwhatsapp: Class X.2rL failed lock verification and will run slower.
03-29 11:20:36.323 13564 13625 W com.mbwhatsapp: Common causes for lock verification issues are non-optimized dex code
03-29 11:20:36.323 13564 13625 W com.mbwhatsapp: and incorrect proguard optimizations.
03-29 11:20:36.327 13564 13564 W com.mbwhatsapp: Class X.0eU failed lock verification and will run slower.
03-29 11:20:36.452 13564 13564 E Parcel : Reading a NULL string not supported here.
03-29 11:20:36.475 13564 13591 E Parcel : Reading a NULL string not supported here.
03-29 11:20:36.522 13564 13641 E libEGL : Invalid file path for libcolorx- loader.so
03-29 11:20:36.547 13564 13564 W com.mbwhatsapp: Class com.mbwhatsapp.HomeActivity failed lock verification and will run slower. --------- beginning of system
03-29 11:20:36.601 13564 13564 E OplusCustomizeRestrictionManager: sInstance is null, start a new sInstance
03-29 11:20:36.866 13564 13564 E ArmVmp : Match on catch block at 0x0a in for 0xc5
03-29 11:20:36.896 13564 13564 E ArmVmp : Match on catch block at 0x0a in for 0x135
03-29 11:20:36.899 13564 13564 E Parcel : Reading a NULL string not supported here.
03-29 11:20:36.920 13564 13564 E Parcel : Reading a NULL string not supported here.
03-29 11:20:37.406 13564 13643 W com.mbwhatsapp: Accessing hidden method Lcom/android/org/conscrypt/ConscryptEngineSocket;->setUseSessionTickets(Z)V (greylist-max-q,test-api, reflection, denied)
03-29 11:20:37.406 13564 13643 W com.mbwhatsapp: Accessing hidden method Lcom/android/org/conscrypt/OpenSSLSocketImpl;->setUseSessionTickets(Z)V (greylist- max-q,test-api, reflection, denied)
03-29 11:20:37.407 13564 13643 W com.mbwhatsapp: Accessing hidden method Lcom/android/org/conscrypt/AbstractConscryptSocket;->setUseSessionTickets(Z)V (greylist-max-q, reflection, denied)
03-29 11:20:37.407 13564 13643 W com.mbwhatsapp: Accessing hidden method Lcom/android/org/conscrypt/ConscryptEngineSocket;->setHostname(Ljava/lang/String;)V (greylist-max-q,test-api, reflection, denied)
03-29 11:20:37.407 13564 13643 W com.mbwhatsapp: Accessing hidden method Lcom/android/org/conscrypt/OpenSSLSocketImpl;->setHostname(Ljava/lang/String;)V (greylist-max-q,test-api, reflection, denied)
03-29 11:20:37.407 13564 13643 W com.mbwhatsapp: Accessing hidden method Lcom/android/org/conscrypt/AbstractConscryptSocket;->setHostname(Ljava/lang/ String;)V (greylist-max-q, reflection, denied)
03-29 11:20:37.407 13564 13643 W com.mbwhatsapp: Accessing hidden method Lcom/android/org/conscrypt/OpenSSLSocketImpl;->setAlpnProtocols([B)V (greylist-max- q,test-api, reflection, denied)
03-29 11:20:37.407 13564 13643 W com.mbwhatsapp: Accessing hidden method Lcom/android/org/conscrypt/AbstractConscryptSocket;->setAlpnProtocols([B)V (greylist-max-q, reflection, denied)
03-29 11:20:38.028 13564 13564 E RecyclerView: No adapter attached; skipping layout
03-29 11:20:38.102 13564 13564 E RecyclerView: No adapter attached; skipping layout
03-29 11:20:38.119 13564 13682 E libEGL : Invalid file path for libcolorx- loader.so
03-29 11:20:38.123 13564 13564 E ArmVmp : Match on catch block at 0x0a in for 0xd5
03-29 11:20:38.192 13564 13643 W com.mbwhatsapp: Accessing hidden method Lcom/android/org/conscrypt/OpenSSLSocketImpl;->getAlpnSelectedProtocol()[B (greylist-max-q,test-api, reflection, denied)
03-29 11:20:38.192 13564 13643 W com.mbwhatsapp: Accessing hidden method Lcom/android/org/conscrypt/AbstractConscryptSocket;->getAlpnSelectedProtocol()[B (greylist-max-q, reflection, denied)
03-29 11:20:38.224 13564 13564 E ScreenmodeClient: display mode not support
03-29 11:20:38.266 13564 13610 W OplusExSystemServiceHelper: checkOplusExSystemService intent getComponent is null
03-29 11:20:38.325 13564 13690 W LOTTIE : Animation contains merge paths. Merge paths are only supported on KitKat+ and must be manually enabled by calling enableMergePathsForKitKatAndAbove().
03-29 11:20:38.364 13564 13640 E libEGL : Invalid file path for libcolorx- loader.so
03-29 11:20:38.379 13564 13640 E libEGL : Invalid file path for libcolorx- loader.so
03-29 11:20:38.384 13564 13640 E libEGL : Invalid file path for libcolorx- loader.so
03-29 11:20:38.510 13564 13564 W LOTTIE : Animation contains merge paths but they are disabled.
03-29 11:20:38.646 13564 13564 E ArmVmp : Match on catch block at 0x5b in for 0x89
03-29 11:20:38.662 13564 13564 E ArmVmp : Match on catch block at 0x5b in for 0x89
03-29 11:20:38.677 13564 13564 E ArmVmp : Match on catch block at 0x5b in for 0x85
03-29 11:20:38.689 13564 13564 E ArmVmp : Match on catch block at 0x5b in for 0x85
03-29 11:20:39.649 13564 13751 E Parcel : Reading a NULL string not supported here.
03-29 11:20:39.752 13564 13619 E CheckPermission: _bluetooth code = 1
03-29 11:20:39.754 13564 13619 E CheckPermission: _bluetooth code = 3
03-29 11:20:39.755 13564 13619 E CheckPermission: _bluetooth code = 11
03-29 11:20:47.087 13564 13564 E Parcel : Reading a NULL string not supported here.
03-29 11:20:47.198 13564 13806 E libEGL : Invalid file path for libcolorx- loader.so
03-29 11:20:47.288 13564 13564 W TabLayout: MODE_SCROLLABLE + GRAVITY_FILL is not supported, GRAVITY_START will be used instead
03-29 11:20:47.307 13564 13807 E libc : Access denied finding property "vendor.camera.aux.packagelist"
03-29 11:20:47.308 13564 13807 E libc : Access denied finding property "vendor.camera.aux.packagelist"
03-29 11:20:47.308 13564 13610 E libc : Access denied finding property "vendor.camera.aux.packagelist"
03-29 11:20:47.308 13564 13610 E libc : Access denied finding property "vendor.camera.aux.packagelist"
03-29 11:20:47.302 13564 13564 W Optic-Task-Hand: type=1400 audit(0.0:1329786): avc: denied { read } for name="u:object_r:vendor_persist_camera_prop:s0" dev="tmpfs" ino=1290 scontext=u:r:untrusted_app:s0:c223,c257,c512,c768 tcontext=u:object_r:vendor_persist_camera_prop:s0 tclass=file permissive=0 app=com.mbwhatsapp
03-29 11:20:47.308 13564 13610 W CameraManagerGlobal: ignore the torch status update of camera: 2
03-29 11:20:47.309 13564 13610 E libc : Access denied finding property "vendor.camera.aux.packagelist"
03-29 11:20:47.309 13564 13610 W CameraManagerGlobal: ignore the torch status update of camera: 5
03-29 11:20:47.309 13564 13610 E libc : Access denied finding property "vendor.camera.aux.packagelist"
03-29 11:20:47.309 13564 13610 W CameraManagerGlobal: ignore the torch status update of camera: 6
03-29 11:20:47.309 13564 13610 E libc : Access denied finding property "vendor.camera.aux.packagelist"
03-29 11:20:47.309 13564 13610 W CameraManagerGlobal: ignore the torch status update of camera: 7
03-29 11:20:47.302 13564 13564 W Optic-Task-Hand: type=1400 audit(0.0:1329787): avc: denied { read } for name="u:object_r:vendor_persist_camera_prop:s0" dev="tmpfs" ino=1290 scontext=u:r:untrusted_app:s0:c223,c257,c512,c768 tcontext=u:object_r:vendor_persist_camera_prop:s0 tclass=file permissive=0 app=com.mbwhatsapp
03-29 11:20:47.314 13564 13564 E Parcel : Reading a NULL string not supported here.
03-29 11:20:47.315 13564 13564 E Parcel : Reading a NULL string not supported here.
03-29 11:20:47.302 13564 13564 W Binder:13564_3: type=1400 audit(0.0:1329789): avc: denied { read } for name="u:object_r:vendor_persist_camera_prop:s0" dev="tmpfs" ino=1290 scontext=u:r:untrusted_app:s0:c223,c257,c512,c768 tcontext=u:object_r:vendor_persist_camera_prop:s0 tclass=file permissive=0 app=com.mbwhatsapp
03-29 11:20:47.315 13564 13564 E Parcel : Reading a NULL string not supported here.
03-29 11:20:47.317 13564 13564 E Parcel : Reading a NULL string not supported here.
03-29 11:20:47.302 13564 13564 W Binder:13564_3: type=1400 audit(0.0:1329790): avc: denied { read } for name="u:object_r:vendor_persist_camera_prop:s0" dev="tmpfs" ino=1290 scontext=u:r:untrusted_app:s0:c223,c257,c512,c768 tcontext=u:object_r:vendor_persist_camera_prop:s0 tclass=file permissive=0 app=com.mbwhatsapp
03-29 11:20:47.330 13564 13564 E Parcel : Reading a NULL string not supported here.
03-29 11:20:47.332 13564 13564 E Parcel : Reading a NULL string not supported here.
03-29 11:20:47.333 13564 13564 E Parcel : Reading a NULL string not supported here.
03-29 11:20:47.342 13564 13564 W BottomSheetBehavior: BottomSheetBehavior now supports multiple callbacks. `setBottomSheetCallback()` removes all existing callbacks, including ones set internally by library authors, which may result in unintended behavior. This may change in the future. Please use `addBottomSheetCallback()` and `removeBottomSheetCallback()` instead to set your own callbacks.
03-29 11:20:47.347 13564 13564 E Parcel : Reading a NULL string not supported here.
03-29 11:20:47.349 13564 13704 E Parcel : Reading a NULL string not supported here.
03-29 11:20:47.362 13564 13808 E libc : Access denied finding property "persist.vendor.camera.privapp.list"
03-29 11:20:47.358 13564 13564 W Optic-Camera-Ha: type=1400 audit(0.0:1329794): avc: denied { read } for name="u:object_r:vendor_persist_camera_prop:s0" dev="tmpfs" ino=1290 scontext=u:r:untrusted_app:s0:c223,c257,c512,c768 tcontext=u:object_r:vendor_persist_camera_prop:s0 tclass=file permissive=0 app=com.mbwhatsapp
03-29 11:20:47.370 13564 13610 E libc : Access denied finding property "vendor.camera.aux.packagelist"
03-29 11:20:47.370 13564 13610 E CameraManagerGlobal: Camera 5 is not available. Ignore physical camera status change
03-29 11:20:47.370 13564 13610 E CameraManagerGlobal: Camera 6 is not available. Ignore physical camera status change
03-29 11:20:47.371 13564 13610 E CameraManagerGlobal: Camera 7 is not available. Ignore physical camera status change
03-29 11:20:47.371 13564 13610 E libc : Access denied finding property "vendor.camera.aux.packagelist"
03-29 11:20:47.468 13564 13772 E Parcel : Reading a NULL string not supported here.
03-29 11:20:47.487 13564 13772 E Parcel : Reading a NULL string not supported here.
03-29 11:20:47.502 13564 13772 E Parcel : Reading a NULL string not supported here.
03-29 11:20:47.522 13564 13772 E Parcel : Reading a NULL string not supported here.
03-29 11:20:47.527 13564 13704 E Parcel : Reading a NULL string not supported here.
03-29 11:20:47.544 13564 13772 E Parcel : Reading a NULL string not supported here.
03-29 11:20:47.554 13564 13772 E Parcel : Reading a NULL string not supported here.
03-29 11:20:47.576 13564 13772 E Parcel : Reading a NULL string not supported here.
03-29 11:20:47.588 13564 13772 E Parcel : Reading a NULL string not supported here.
03-29 11:20:47.601 13564 13772 E Parcel : Reading a NULL string not supported here.
03-29 11:20:47.603 13564 13807 E libEGL : Invalid file path for libcolorx- loader.so
03-29 11:20:47.615 13564 13772 E Parcel : Reading a NULL string not supported here.
03-29 11:20:47.636 13564 13772 E Parcel : Reading a NULL string not supported here.
03-29 11:20:47.656 13564 13772 E Parcel : Reading a NULL string not supported here.
03-29 11:20:47.657 13564 13632 E Parcel : Reading a NULL string not supported here.
03-29 11:20:47.669 13564 13772 E Parcel : Reading a NULL string not supported here.
03-29 11:20:47.684 13564 13772 E Parcel : Reading a NULL string not supported here.
03-29 11:20:47.688 13564 13849 E Parcel : Reading a NULL string not supported here.
03-29 11:20:47.698 13564 13772 E Parcel : Reading a NULL string not supported here.
03-29 11:20:47.707 13564 13849 E Parcel : Reading a NULL string not supported here.
03-29 11:20:47.718 13564 13772 E Parcel : Reading a NULL string not supported here.
03-29 11:20:47.753 13564 13772 E Parcel : Reading a NULL string not supported here.
03-29 11:20:47.762 13564 13813 E Parcel : Reading a NULL string not supported here.
03-29 11:20:47.777 13564 13772 E Parcel : Reading a NULL string not supported here.
03-29 11:20:47.787 13564 13813 E Parcel : Reading a NULL string not supported here.
03-29 11:20:47.801 13564 13813 E Parcel : Reading a NULL string not supported here.
03-29 11:20:47.805 13564 13772 E Parcel : Reading a NULL string not supported here.
03-29 11:20:47.816 13564 13813 E Parcel : Reading a NULL string not supported here.
03-29 11:20:47.830 13564 13772 E Parcel : Reading a NULL string not supported here.
03-29 11:20:47.835 13564 13813 E Parcel : Reading a NULL string not supported here.
03-29 11:20:47.851 13564 13772 E Parcel : Reading a NULL string not supported here.
03-29 11:20:48.038 13564 13807 E libEGL : Invalid file path for libcolorx- loader.so
03-29 11:20:48.794 13564 13851 E Parcel : Reading a NULL string not supported here.
03-29 11:20:49.410 13564 13849 E Parcel : Reading a NULL string not supported here.
03-29 11:20:49.450 13564 13849 E Parcel : Reading a NULL string not supported here.
03-29 11:20:49.665 13564 13851 E Parcel : Reading a NULL string not supported here.
03-29 11:20:49.690 13564 13851 E Parcel : Reading a NULL string not supported here.
03-29 11:20:49.703 13564 13851 E Parcel : Reading a NULL string not supported here.
03-29 11:20:49.717 13564 13851 E Parcel : Reading a NULL string not supported here.
03-29 11:20:50.768 13564 13564 E Parcel : Reading a NULL string not supported here.
03-29 11:20:50.813 13564 13564 E Parcel : Reading a NULL string not supported here.
03-29 11:20:50.817 13564 13564 E Parcel : Reading a NULL string not supported here.
03-29 11:20:50.990 13564 13704 E Parcel : Reading a NULL string not supported here.
03-29 11:20:51.022 13564 13564 W Binder:13564_1: type=1400 audit(0.0:1329815): avc: denied { read } for name="u:object_r:vendor_persist_camera_prop:s0" dev="tmpfs" ino=1290 scontext=u:r:untrusted_app:s0:c223,c257,c512,c768 tcontext=u:object_r:vendor_persist_camera_prop:s0 tclass=file permissive=0 app=com.mbwhatsapp
03-29 11:20:51.028 13564 13580 E libc : Access denied finding property "vendor.camera.aux.packagelist"
03-29 11:20:51.051 13564 13610 E CameraManagerGlobal: Camera 5 is not available. Ignore physical camera status change
03-29 11:20:51.051 13564 13610 E CameraManagerGlobal: Camera 6 is not available. Ignore physical camera status change
03-29 11:20:51.052 13564 13610 E CameraManagerGlobal: Camera 7 is not available. Ignore physical camera status change
03-29 11:20:51.052 13564 13610 E libc : Access denied finding property "vendor.camera.aux.packagelist"
03-29 11:20:51.271 13564 13564 W AudioCapabilities: Unsupported mime audio/ffmpeg
03-29 11:20:51.273 13564 13564 W VideoCapabilities: Unsupported mime image/vnd.android.heic
03-29 11:20:51.273 13564 13564 W VideoCapabilities: Unsupported mime video/ffmpeg
03-29 11:20:51.276 13564 13564 W VideoCapabilities: Unrecognized profile/level 0/3 for video/mpeg2
03-29 11:20:51.276 13564 13564 W VideoCapabilities: Unrecognized profile/level 0/3 for video/mpeg2
03-29 11:20:51.294 13564 13964 E Parcel : Reading a NULL string not supported here.
03-29 11:20:51.310 13564 13968 W com.mbwhatsapp: OPPOLoadFrame::init -- failed: dlopen failed: library "libOplusDualHeadPhoneEx.so" not found
03-29 11:20:51.341 13564 13973 E libEGL : Invalid file path for libcolorx- loader.so
03-29 11:20:51.354 13564 13968 E OplusACodec: [GetVideoCodingTypeFromMime:L726] mime:video/avc
03-29 11:20:51.404 13564 13974 W Codec2Client: query -- param skipped: index = 1107298332.
03-29 11:20:51.404 13564 13974 W CCodec : This behavior is subject to change. It is recommended that app developers double check whether the requested max input size is in reasonable range.
03-29 11:20:51.405 13564 13974 W Codec2Client: query -- param skipped: index = 1342179345.
03-29 11:20:51.405 13564 13974 W Codec2Client: query -- param skipped: index = 2415921170.
03-29 11:20:51.405 13564 13974 W Codec2Client: query -- param skipped: index = 1610614798.
03-29 11:20:51.406 13564 13974 E FMQ : grantorIdx must be less than 3
03-29 11:20:51.406 13564 13974 E FMQ : grantorIdx must be less than 3
03-29 11:20:51.409 13564 13974 E ion : ioctl c0044901 failed with code -1: Inappropriate ioctl for device
03-29 11:20:51.412 13564 13974 E FMQ : grantorIdx must be less than 3
03-29 11:20:51.447 13564 13969 E FMQ : grantorIdx must be less than 3
03-29 11:20:51.450 13564 13974 W Codec2Client: query -- param skipped: index = 1342179345.
03-29 11:20:51.450 13564 13974 W Codec2Client: query -- param skipped: index = 2415921170.
03-29 11:20:51.450 13564 13974 W Codec2Client: query -- param skipped: index = 1610614798.
03-29 11:20:51.475 13564 13974 W Codec2Client: query -- param skipped: index = 1342179345.
03-29 11:20:51.475 13564 13974 W Codec2Client: query -- param skipped: index = 2415921170.
03-29 11:20:51.475 13564 13974 W Codec2Client: query -- param skipped: index = 1610614798.
03-29 11:20:51.481 13564 13974 W Codec2Client: query -- param skipped: index = 1342179345.
03-29 11:20:51.481 13564 13974 W Codec2Client: query -- param skipped: index = 2415921170.
03-29 11:20:51.481 13564 13974 W Codec2Client: query -- param skipped: index = 1610614798.
03-29 11:20:58.828 13564 14058 W OMXUtils: do not know color format 0x7fa30c06 = 2141391878
03-29 11:20:58.828 13564 14058 W OMXUtils: do not know color format 0x7fa30c04 = 2141391876
03-29 11:20:58.829 13564 14058 W OMXUtils: do not know color format 0x7fa30c00 = 2141391872
03-29 11:20:58.829 13564 14058 W OMXUtils: do not know color format 0x7fa30c09 = 2141391881
03-29 11:20:58.829 13564 14058 W OMXUtils: do not know color format 0x7fa30c0a = 2141391882
03-29 11:20:58.830 13564 14058 W OMXUtils: do not know color format 0x7fa30c08 = 2141391880
03-29 11:20:58.830 13564 14058 W OMXUtils: do not know color format 0x7fa30c07 = 2141391879
03-29 11:20:58.830 13564 14058 W OMXUtils: do not know color format 0x7f000789 = 2130708361
03-29 11:20:58.836 13564 14058 E OplusACodec: [GetVideoCodingTypeFromMime:L726] mime:video/avc
03-29 11:20:58.845 13564 14058 W OMXUtils: do not know color format 0x7f000789 = 2130708361
03-29 11:20:58.920 13564 14056 E libEGL : Invalid file path for libcolorx- loader.so
03-29 11:20:59.025 13564 14065 E OplusACodec: [GetVideoCodingTypeFromMime:L726] mime:video/avc
03-29 11:20:59.237 13564 13974 W Codec2Client: query -- param skipped: index = 1342179345.
03-29 11:20:59.237 13564 13974 W Codec2Client: query -- param skipped: index = 2415921170.
03-29 11:20:59.237 13564 13974 W Codec2Client: query -- param skipped: index = 1610614798.
03-29 11:20:59.626 13564 14056 E MPEG4Writer: Stop() called but track is not started or stopped
03-29 11:21:00.666 13564 13625 E Parcel : Reading a NULL string not supported here.
03-29 11:21:00.667 13564 13622 E SQLiteDatabase: Error inserting transferred=0 media_job_uuid=8fc6e861-799f-4650-8222-066dd554c255 transcoded=1 gif_attribution=0 first_scan_length=0 direct_path=null thumbnail_height_width_ratio=1.7777778 is_animated_sticker=0 file_hash=null file_path=/data/user/0/com.mbwhatsapp/files/.Shared/ed4b79f6-f370-49fb-9c3b- e1ad2c928074.mp4 file_size=2505502 partial_media_hash=null face_x=0 face_y=0 height=0 trim_to=0 media_key_timestamp=0 message_url=null media_caption=null trim_from=0 mime_type=null partial_media_enc_hash=null width=0 original_file_hash=null has_streaming_sidecar=0 autotransfer_retry_enabled=1 media_upload_handle=null message_row_id=87 multicast_id=null enc_file_hash=null mute_video=0 page_count=0 first_scan_sidecar=null suspicious_content=0 file_length=2505502 media_name=ed4b79f6-f370-49fb-9c3b-e1ad2c928074.mp4 media_duration=24 chat_row_id=29 media_key=null
03-29 11:21:00.667 13564 13622 E SQLiteDatabase: android.database.sqlite.SQLiteConstraintException: UNIQUE constraint failed: message_media.message_row_id (code 1555 SQLITE_CONSTRAINT_PRIMARYKEY)
03-29 11:21:00.667 13564 13622 E SQLiteDatabase: at android.database.sqlite.SQLiteConnection.nativeExecuteForLastInsertedRowId(Native Method)
03-29 11:21:00.667 13564 13622 E SQLiteDatabase: at android.database.sqlite.SQLiteConnection.executeForLastInsertedRowId(SQLiteConnecti on.java:948)
03-29 11:21:00.667 13564 13622 E SQLiteDatabase: at android.database.sqlite.SQLiteSession.executeForLastInsertedRowId(SQLiteSession.jav a:790)
03-29 11:21:00.667 13564 13622 E SQLiteDatabase: at android.database.sqlite.SQLiteStatement.executeInsert(SQLiteStatement.java:88)
03-29 11:21:00.667 13564 13622 E SQLiteDatabase: at android.database.sqlite.SQLiteDatabase.insertWithOnConflict(SQLiteDatabase.java:171 2)
03-29 11:21:00.667 13564 13622 E SQLiteDatabase: at android.database.sqlite.SQLiteDatabase.insert(SQLiteDatabase.java:1581)
03-29 11:21:00.667 13564 13622 E SQLiteDatabase: at X.2tm.A08(Unknown Source:6)
03-29 11:21:00.667 13564 13622 E SQLiteDatabase: at X.35Y.A07(Unknown Source:212)
03-29 11:21:00.667 13564 13622 E SQLiteDatabase: at X.3QF.A14(Unknown Source:470)
03-29 11:21:00.667 13564 13622 E SQLiteDatabase: at X.3gU.run(Unknown Source:982)
03-29 11:21:00.667 13564 13622 E SQLiteDatabase: at android.os.Handler.handleCallback(Handler.java:938)
03-29 11:21:00.667 13564 13622 E SQLiteDatabase: at android.os.Handler.dispatchMessage(Handler.java:99)
03-29 11:21:00.667 13564 13622 E SQLiteDatabase: at X.0zq.dispatchMessage(Unknown Source:4)
03-29 11:21:00.667 13564 13622 E SQLiteDatabase: at android.os.Looper.loop(Looper.java:263)
03-29 11:21:00.667 13564 13622 E SQLiteDatabase: at android.os.HandlerThread.run(HandlerThread.java:67)
03-29 11:21:03.790 13564 13564 E Parcel : Reading a NULL string not supported here.
03-29 11:21:03.865 13564 14097 E libEGL : Invalid file path for libcolorx- loader.so
