03-29 13:33:03.028 19281 19281 E ArmVmp : Match on catch block at 0xc3 in for 0xa9
03-29 13:33:03.212 19281 19281 E ArmVmp : Match on catch block at 0xc3 in for 0xa9
03-29 13:33:03.216 19281 19281 E ArmVmp : Match on catch block at 0xc3 in for 0xa1
03-29 13:33:03.658 19281 19281 E ArmVmp : Match on catch block at 0xc3 in for 0xa9
03-29 13:33:03.661 19281 19281 E ArmVmp : Match on catch block at 0xc3 in for 0xa1
03-29 13:33:03.683 19281 19281 E ArmVmp : Match on catch block at 0xc3 in for 0xa5
03-29 13:33:03.686 19281 19281 E ArmVmp : Match on catch block at 0xc3 in for 0xa9
03-29 13:33:03.689 19281 19643 W MediaPlayer: Use of stream types is deprecated for operations other than volume control
03-29 13:33:03.689 19281 19643 W MediaPlayer: See the documentation of setAudioStreamType() for what to use instead with android.media.AudioAttributes to qualify your playback use case
03-29 13:33:03.710 19281 19281 E ArmVmp : Match on catch block at 0xc3 in for 0xa9
03-29 13:33:03.715 19281 19281 E ArmVmp : Match on catch block at 0xc3 in for 0xa1
03-29 13:33:04.231 19281 19281 E ArmVmp : Match on catch block at 0xc3 in for 0xa1
03-29 13:33:04.238 19281 19281 E ArmVmp : Match on catch block at 0xc3 in for 0xa5
03-29 13:33:04.632 19281 19281 E ArmVmp : Match on catch block at 0xc3 in for 0xa5
03-29 13:33:04.636 19281 19281 E ArmVmp : Match on catch block at 0xc3 in for 0xa9
03-29 13:33:04.647 19281 19281 E ArmVmp : Match on catch block at 0xc3 in for 0xa9
03-29 13:33:04.651 19281 19281 E ArmVmp : Match on catch block at 0xc3 in for 0xa1
03-29 13:33:04.730 19281 19281 E ArmVmp : Match on catch block at 0xc3 in for 0xa1
03-29 13:33:04.733 19281 19281 E ArmVmp : Match on catch block at 0xc3 in for 0xa5
03-29 13:33:05.232 19281 19281 E ArmVmp : Match on catch block at 0xc3 in for 0xa5
03-29 13:33:05.236 19281 19281 E ArmVmp : Match on catch block at 0xc3 in for 0xa9
03-29 13:33:05.268 19281 19281 E ArmVmp : Match on catch block at 0xc3 in for 0xa9
03-29 13:33:05.271 19281 19281 E ArmVmp : Match on catch block at 0xc3 in for 0xa1
03-29 13:33:05.332 19281 19281 E ArmVmp : Match on catch block at 0xc3 in for 0xa9
03-29 13:33:05.335 19281 19281 E ArmVmp : Match on catch block at 0xc3 in for 0xa1
03-29 13:33:05.480 19281 19281 E ArmVmp : Match on catch block at 0xc3 in for 0xa1
03-29 13:33:05.482 19281 19281 E ArmVmp : Match on catch block at 0xc3 in for 0xa5
03-29 13:33:05.720 19281 19281 E ArmVmp : Match on catch block at 0xc3 in for 0xa9
03-29 13:33:05.723 19281 19281 E ArmVmp : Match on catch block at 0xc3 in for 0xa1
03-29 13:33:11.878 19281 19281 E Parcel : Reading a NULL string not supported here.
03-29 13:33:11.932 19281 19794 E libEGL : Invalid file path for libcolorx- loader.so
03-29 13:33:13.092 19281 19281 E Parcel : Reading a NULL string not supported here.
03-29 13:33:13.140 19281 19813 E libEGL : Invalid file path for libcolorx- loader.so
03-29 13:33:13.312 19281 19281 W BottomSheetBehavior: BottomSheetBehavior now supports multiple callbacks. `setBottomSheetCallback()` removes all existing callbacks, including ones set internally by library authors, which may result in unintended behavior. This may change in the future. Please use `addBottomSheetCallback()` and `removeBottomSheetCallback()` instead to set your own callbacks.
03-29 13:33:13.312 19281 19281 W BottomSheetBehavior: BottomSheetBehavior now supports multiple callbacks. `setBottomSheetCallback()` removes all existing callbacks, including ones set internally by library authors, which may result in unintended behavior. This may change in the future. Please use `addBottomSheetCallback()` and `removeBottomSheetCallback()` instead to set your own callbacks.
03-29 13:33:13.420 19281 19281 W BottomSheetBehavior: BottomSheetBehavior now supports multiple callbacks. `setBottomSheetCallback()` removes all existing callbacks, including ones set internally by library authors, which may result in unintended behavior. This may change in the future. Please use `addBottomSheetCallback()` and `removeBottomSheetCallback()` instead to set your own callbacks.
03-29 13:33:13.420 19281 19281 W BottomSheetBehavior: BottomSheetBehavior now supports multiple callbacks. `setBottomSheetCallback()` removes all existing callbacks, including ones set internally by library authors, which may result in unintended behavior. This may change in the future. Please use `addBottomSheetCallback()` and `removeBottomSheetCallback()` instead to set your own callbacks.
03-29 13:33:13.563 19281 19816 W AudioCapabilities: Unsupported mime audio/ffmpeg
03-29 13:33:13.563 19281 19816 W VideoCapabilities: Unsupported mime image/vnd.android.heic
03-29 13:33:13.564 19281 19816 W VideoCapabilities: Unsupported mime video/ffmpeg
03-29 13:33:13.565 19281 19816 W VideoCapabilities: Unrecognized profile/level 0/3 for video/mpeg2
03-29 13:33:13.566 19281 19816 W VideoCapabilities: Unrecognized profile/level 0/3 for video/mpeg2
03-29 13:33:13.587 19281 19816 E Parcel : Reading a NULL string not supported here.
03-29 13:33:13.621 19281 19829 W com.mbwhatsapp: OPPOLoadFrame::init -- failed: dlopen failed: library "libOplusDualHeadPhoneEx.so" not found
03-29 13:33:13.657 19281 19829 E OplusACodec: [GetVideoCodingTypeFromMime:L726] mime:video/avc
03-29 13:33:13.741 19281 19840 W Codec2Client: query -- param skipped: index = 1107298332.
03-29 13:33:13.741 19281 19840 W CCodec : This behavior is subject to change. It is recommended that app developers double check whether the requested max input size is in reasonable range.
03-29 13:33:13.743 19281 19840 W Codec2Client: query -- param skipped: index = 1342179345.
03-29 13:33:13.743 19281 19840 W Codec2Client: query -- param skipped: index = 2415921170.
03-29 13:33:13.743 19281 19840 W Codec2Client: query -- param skipped: index = 1610614798.
03-29 13:33:13.743 19281 19840 E FMQ : grantorIdx must be less than 3
03-29 13:33:13.743 19281 19840 E FMQ : grantorIdx must be less than 3
03-29 13:33:13.745 19281 19840 E ion : ioctl c0044901 failed with code -1: Inappropriate ioctl for device
03-29 13:33:13.746 19281 19840 E FMQ : grantorIdx must be less than 3
03-29 13:33:13.757 19281 19832 E FMQ : grantorIdx must be less than 3
03-29 13:33:16.527 19281 19840 W Codec2Client: query -- param skipped: index = 1342179345.
03-29 13:33:16.527 19281 19840 W Codec2Client: query -- param skipped: index = 2415921170.
03-29 13:33:16.527 19281 19840 W Codec2Client: query -- param skipped: index = 1610614798.
03-29 13:33:16.564 19281 19281 W BottomSheetBehavior: BottomSheetBehavior now supports multiple callbacks. `setBottomSheetCallback()` removes all existing callbacks, including ones set internally by library authors, which may result in unintended behavior. This may change in the future. Please use `addBottomSheetCallback()` and `removeBottomSheetCallback()` instead to set your own callbacks.
03-29 13:33:16.564 19281 19281 W BottomSheetBehavior: BottomSheetBehavior now supports multiple callbacks. `setBottomSheetCallback()` removes all existing callbacks, including ones set internally by library authors, which may result in unintended behavior. This may change in the future. Please use `addBottomSheetCallback()` and `removeBottomSheetCallback()` instead to set your own callbacks.
03-29 13:33:16.605 19281 19857 E OplusACodec: [GetVideoCodingTypeFromMime:L726] mime:video/avc
03-29 13:33:16.659 19281 19863 W Codec2Client: query -- param skipped: index = 1107298332.
03-29 13:33:16.659 19281 19863 W CCodec : This behavior is subject to change. It is recommended that app developers double check whether the requested max input size is in reasonable range.
03-29 13:33:16.661 19281 19863 W Codec2Client: query -- param skipped: index = 1342179345.
03-29 13:33:16.661 19281 19863 W Codec2Client: query -- param skipped: index = 2415921170.
03-29 13:33:16.661 19281 19863 W Codec2Client: query -- param skipped: index = 1610614798.
03-29 13:33:16.662 19281 19863 E FMQ : grantorIdx must be less than 3
03-29 13:33:16.662 19281 19863 E FMQ : grantorIdx must be less than 3
03-29 13:33:16.666 19281 19863 E FMQ : grantorIdx must be less than 3
03-29 13:33:16.675 19281 19832 E FMQ : grantorIdx must be less than 3
03-29 13:33:18.031 19281 19863 W Codec2Client: query -- param skipped: index = 1342179345.
03-29 13:33:18.031 19281 19863 W Codec2Client: query -- param skipped: index = 2415921170.
03-29 13:33:18.031 19281 19863 W Codec2Client: query -- param skipped: index = 1610614798.
03-29 13:33:18.071 19281 19816 E Parcel : Reading a NULL string not supported here.
03-29 13:33:18.106 19281 19877 E OplusACodec: [GetVideoCodingTypeFromMime:L726] mime:video/avc
03-29 13:33:18.153 19281 19881 W Codec2Client: query -- param skipped: index = 1107298332.
03-29 13:33:18.153 19281 19881 W CCodec : This behavior is subject to change. It is recommended that app developers double check whether the requested max input size is in reasonable range.
03-29 13:33:18.155 19281 19881 W Codec2Client: query -- param skipped: index = 1342179345.
03-29 13:33:18.156 19281 19881 W Codec2Client: query -- param skipped: index = 2415921170.
03-29 13:33:18.156 19281 19881 W Codec2Client: query -- param skipped: index = 1610614798.
03-29 13:33:18.156 19281 19881 E FMQ : grantorIdx must be less than 3
03-29 13:33:18.156 19281 19881 E FMQ : grantorIdx must be less than 3
03-29 13:33:18.161 19281 19881 E FMQ : grantorIdx must be less than 3
03-29 13:33:18.170 19281 19832 E FMQ : grantorIdx must be less than 3
03-29 13:33:20.612 19281 19881 W Codec2Client: query -- param skipped: index = 1342179345.
03-29 13:33:20.612 19281 19881 W Codec2Client: query -- param skipped: index = 2415921170.
03-29 13:33:20.612 19281 19881 W Codec2Client: query -- param skipped: index = 1610614798.
03-29 13:34:09.531 19281 20852 W LibraryVersion: Failed to get app version for libraryName: firebase-iid
03-29 13:34:09.550 19281 19387 E Parcel : Reading a NULL string not supported here.
03-29 13:45:23.860 19281 19281 E Parcel : Reading a NULL string not supported here.
03-29 13:45:23.951 19281 23232 E libEGL : Invalid file path for libcolorx- loader.so
03-29 13:45:25.467 19281 19281 E Parcel : Reading a NULL string not supported here.
03-29 13:45:25.515 19281 23258 E libEGL : Invalid file path for libcolorx- loader.so
03-29 13:45:25.801 19281 19281 E ArmVmp : Match on catch block at 0x0a in for 0xc1
03-29 13:45:25.804 19281 19281 E ArmVmp : Match on catch block at 0x0a in for 0xc9
03-29 13:45:26.190 19281 19281 E ArmVmp : Match on catch block at 0xc3 in for 0xb5
03-29 13:45:26.193 19281 19281 E ArmVmp : Match on catch block at 0xc3 in for 0xb5
03-29 13:45:26.198 19281 19281 E ArmVmp : Match on catch block at 0xc3 in for 0xb5
03-29 13:45:26.270 19281 19281 E ArmVmp : Match on catch block at 0xc3 in for 0xa1
03-29 13:45:26.272 19281 19281 E ArmVmp : Match on catch block at 0xc3 in for 0xa5
03-29 13:45:26.274 19281 19281 E ArmVmp : Match on catch block at 0xc3 in for 0xa5
03-29 13:45:26.292 19281 19281 E ArmVmp : Match on catch block at 0xc3 in for 0xa5
03-29 13:45:26.295 19281 19281 E ArmVmp : Match on catch block at 0xc3 in for 0xa9
03-29 13:45:26.297 19281 19281 E ArmVmp : Match on catch block at 0xc3 in for 0xa9
03-29 13:45:26.335 19281 19281 E ArmVmp : Match on catch block at 0xc3 in for 0xa1
03-29 13:45:26.338 19281 19281 E ArmVmp : Match on catch block at 0xc3 in for 0xa5
03-29 13:45:26.340 19281 19281 E ArmVmp : Match on catch block at 0xc3 in for 0xa5
03-29 13:45:26.832 19281 19281 E ArmVmp : Match on catch block at 0xc3 in for 0xa5
03-29 13:45:26.839 19281 19281 E ArmVmp : Match on catch block at 0xc3 in for 0xa9
03-29 13:45:26.842 19281 19281 E ArmVmp : Match on catch block at 0xc3 in for 0xa9
03-29 13:45:26.979 19281 19281 E ArmVmp : Match on catch block at 0xc3 in for 0xa5
03-29 13:45:26.984 19281 19281 E ArmVmp : Match on catch block at 0xc3 in for 0xa9
03-29 13:45:26.986 19281 19281 E ArmVmp : Match on catch block at 0xc3 in for 0xa9
03-29 13:45:27.097 19281 19281 E ArmVmp : Match on catch block at 0xc3 in for 0xa5
03-29 13:45:27.104 19281 19281 E ArmVmp : Match on catch block at 0xc3 in for 0xa9
03-29 13:45:27.107 19281 19281 E ArmVmp : Match on catch block at 0xc3 in for 0xa9
03-29 13:45:27.135 19281 19281 E ArmVmp : Match on catch block at 0xc3 in for 0xa1
03-29 13:45:27.139 19281 19281 E ArmVmp : Match on catch block at 0xc3 in for 0xa5
03-29 13:45:27.142 19281 19281 E ArmVmp : Match on catch block at 0xc3 in for 0xa5
03-29 13:45:27.331 19281 19281 E ArmVmp : Match on catch block at 0xc3 in for 0xa9
03-29 13:45:27.334 19281 19281 E ArmVmp : Match on catch block at 0xc3 in for 0xa1
03-29 13:45:27.336 19281 19281 E ArmVmp : Match on catch block at 0xc3 in for 0xa1
03-29 13:45:27.834 19281 19281 E ArmVmp : Match on catch block at 0xc3 in for 0xa5
03-29 13:45:27.843 19281 19281 E ArmVmp : Match on catch block at 0xc3 in for 0xa9
03-29 13:45:27.848 19281 19281 E ArmVmp : Match on catch block at 0xc3 in for 0xa9
03-29 13:45:27.972 19281 19281 E ArmVmp : Match on catch block at 0xc3 in for 0xa1
03-29 13:45:27.976 19281 19281 E ArmVmp : Match on catch block at 0xc3 in for 0xa5
03-29 13:45:27.978 19281 19281 E ArmVmp : Match on catch block at 0xc3 in for 0xa5
03-29 13:45:27.985 19281 19281 E ArmVmp : Match on catch block at 0xc3 in for 0xa9
03-29 13:45:27.988 19281 19281 E ArmVmp : Match on catch block at 0xc3 in for 0xa1
03-29 13:45:27.990 19281 19281 E ArmVmp : Match on catch block at 0xc3 in for 0xa1
03-29 13:45:28.001 19281 19281 E ArmVmp : Match on catch block at 0xc3 in for 0xa5
03-29 13:45:28.004 19281 19281 E ArmVmp : Match on catch block at 0xc3 in for 0xa9
03-29 13:45:28.006 19281 19281 E ArmVmp : Match on catch block at 0xc3 in for 0xa9
03-29 13:45:28.022 19281 19281 E ArmVmp : Match on catch block at 0xc3 in for 0xa1
03-29 13:45:28.025 19281 19281 E ArmVmp : Match on catch block at 0xc3 in for 0xa5
03-29 13:45:28.027 19281 19281 E ArmVmp : Match on catch block at 0xc3 in for 0xa5
03-29 13:45:28.034 19281 19281 E ArmVmp : Match on catch block at 0xc3 in for 0xa9
03-29 13:45:28.037 19281 19281 E ArmVmp : Match on catch block at 0xc3 in for 0xa1
03-29 13:45:28.039 19281 19281 E ArmVmp : Match on catch block at 0xc3 in for 0xa1
03-29 13:45:28.051 19281 19281 E ArmVmp : Match on catch block at 0xc3 in for 0xa5
03-29 13:45:28.053 19281 19281 E ArmVmp : Match on catch block at 0xc3 in for 0xa9
03-29 13:45:28.055 19281 19281 E ArmVmp : Match on catch block at 0xc3 in for 0xa9
03-29 13:45:28.068 19281 19281 E ArmVmp : Match on catch block at 0xc3 in for 0xa1
03-29 13:45:28.071 19281 19281 E ArmVmp : Match on catch block at 0xc3 in for 0xa5
03-29 13:45:28.073 19281 19281 E ArmVmp : Match on catch block at 0xc3 in for 0xa5
03-29 13:45:28.085 19281 19281 E ArmVmp : Match on catch block at 0xc3 in for 0xa9
03-29 13:45:28.088 19281 19281 E ArmVmp : Match on catch block at 0xc3 in for 0xa1
03-29 13:45:28.090 19281 19281 E ArmVmp : Match on catch block at 0xc3 in for 0xa1
03-29 13:45:28.102 19281 19281 E ArmVmp : Match on catch block at 0xc3 in for 0xa5
03-29 13:45:28.104 19281 19281 E ArmVmp : Match on catch block at 0xc3 in for 0xa9
03-29 13:45:28.106 19281 19281 E ArmVmp : Match on catch block at 0xc3 in for 0xa9
03-29 13:45:28.119 19281 19281 E ArmVmp : Match on catch block at 0xc3 in for 0xa1
03-29 13:45:28.121 19281 19281 E ArmVmp : Match on catch block at 0xc3 in for 0xa5
03-29 13:45:28.124 19281 19281 E ArmVmp : Match on catch block at 0xc3 in for 0xa5
03-29 13:45:28.136 19281 19281 E ArmVmp : Match on catch block at 0xc3 in for 0xa9
03-29 13:45:28.139 19281 19281 E ArmVmp : Match on catch block at 0xc3 in for 0xa1
03-29 13:45:28.141 19281 19281 E ArmVmp : Match on catch block at 0xc3 in for 0xa1
03-29 13:45:28.152 19281 19281 E ArmVmp : Match on catch block at 0xc3 in for 0xa5
03-29 13:45:28.154 19281 19281 E ArmVmp : Match on catch block at 0xc3 in for 0xa9
03-29 13:45:28.157 19281 19281 E ArmVmp : Match on catch block at 0xc3 in for 0xa9
03-29 13:45:28.199 19281 19281 E ArmVmp : Match on catch block at 0xc3 in for 0xa9
03-29 13:45:28.201 19281 19281 E ArmVmp : Match on catch block at 0xc3 in for 0xa1
03-29 13:45:28.225 19281 19281 E ArmVmp : Match on catch block at 0xc3 in for 0xa9
03-29 13:45:28.228 19281 19281 E ArmVmp : Match on catch block at 0xc3 in for 0xa1
03-29 13:45:28.238 19281 19281 E ArmVmp : Match on catch block at 0xc3 in for 0xa9
03-29 13:45:28.241 19281 19281 E ArmVmp : Match on catch block at 0xc3 in for 0xa1
03-29 13:45:28.251 19281 19281 E ArmVmp : Match on catch block at 0xc3 in for 0xa9
03-29 13:45:28.254 19281 19281 E ArmVmp : Match on catch block at 0xc3 in for 0xa1
03-29 13:45:28.268 19281 19281 E ArmVmp : Match on catch block at 0xc3 in for 0xa9
03-29 13:45:28.271 19281 19281 E ArmVmp : Match on catch block at 0xc3 in for 0xa1
03-29 13:45:28.273 19281 19281 E ArmVmp : Match on catch block at 0xc3 in for 0xa1
03-29 13:45:28.284 19281 19281 E ArmVmp : Match on catch block at 0xc3 in for 0xa5
03-29 13:45:28.287 19281 19281 E ArmVmp : Match on catch block at 0xc3 in for 0xa9
03-29 13:45:28.289 19281 19281 E ArmVmp : Match on catch block at 0xc3 in for 0xa9
03-29 13:45:28.302 19281 19281 E ArmVmp : Match on catch block at 0xc3 in for 0xa1
03-29 13:45:28.305 19281 19281 E ArmVmp : Match on catch block at 0xc3 in for 0xa5
03-29 13:45:28.308 19281 19281 E ArmVmp : Match on catch block at 0xc3 in for 0xa5
03-29 13:45:28.318 19281 19281 E ArmVmp : Match on catch block at 0xc3 in for 0xa9
03-29 13:45:28.324 19281 19281 E ArmVmp : Match on catch block at 0xc3 in for 0xa1
03-29 13:45:28.327 19281 19281 E ArmVmp : Match on catch block at 0xc3 in for 0xa1
03-29 13:45:28.334 19281 19281 E ArmVmp : Match on catch block at 0xc3 in for 0xa5
03-29 13:45:28.338 19281 19281 E ArmVmp : Match on catch block at 0xc3 in for 0xa9
03-29 13:45:28.340 19281 19281 E ArmVmp : Match on catch block at 0xc3 in for 0xa9
03-29 13:45:28.351 19281 19281 E ArmVmp : Match on catch block at 0xc3 in for 0xa1
03-29 13:45:28.354 19281 19281 E ArmVmp : Match on catch block at 0xc3 in for 0xa5
03-29 13:45:28.356 19281 19281 E ArmVmp : Match on catch block at 0xc3 in for 0xa5
03-29 13:45:28.368 19281 19281 E ArmVmp : Match on catch block at 0xc3 in for 0xa9
03-29 13:45:28.372 19281 19281 E ArmVmp : Match on catch block at 0xc3 in for 0xa1
03-29 13:45:28.375 19281 19281 E ArmVmp : Match on catch block at 0xc3 in for 0xa1
03-29 13:45:28.384 19281 19281 E ArmVmp : Match on catch block at 0xc3 in for 0xa5
03-29 13:45:28.387 19281 19281 E ArmVmp : Match on catch block at 0xc3 in for 0xa9
03-29 13:45:28.390 19281 19281 E ArmVmp : Match on catch block at 0xc3 in for 0xa9
03-29 13:45:28.401 19281 19281 E ArmVmp : Match on catch block at 0xc3 in for 0xa1
03-29 13:45:28.404 19281 19281 E ArmVmp : Match on catch block at 0xc3 in for 0xa5
03-29 13:45:28.407 19281 19281 E ArmVmp : Match on catch block at 0xc3 in for 0xa5
03-29 13:45:28.427 19281 19281 E ArmVmp : Match on catch block at 0xc3 in for 0xa1
03-29 13:45:28.430 19281 19281 E ArmVmp : Match on catch block at 0xc3 in for 0xa5
03-29 13:45:28.432 19281 19281 E ArmVmp : Match on catch block at 0xc3 in for 0xa5
03-29 13:45:28.438 19281 19281 E ArmVmp : Match on catch block at 0xc3 in for 0xa9
03-29 13:45:28.441 19281 19281 E ArmVmp : Match on catch block at 0xc3 in for 0xa1
03-29 13:45:28.443 19281 19281 E ArmVmp : Match on catch block at 0xc3 in for 0xa1
03-29 13:45:28.777 19281 19281 E ArmVmp : Match on catch block at 0xc3 in for 0xa9
03-29 13:45:28.781 19281 19281 E ArmVmp : Match on catch block at 0xc3 in for 0xa1
03-29 13:45:28.784 19281 19281 E ArmVmp : Match on catch block at 0xc3 in for 0xa1
03-29 13:45:28.804 19281 19281 E ArmVmp : Match on catch block at 0xc3 in for 0xa1
03-29 13:45:28.807 19281 19281 E ArmVmp : Match on catch block at 0xc3 in for 0xa5
03-29 13:45:28.809 19281 19281 E ArmVmp : Match on catch block at 0xc3 in for 0xa5
03-29 13:45:28.818 19281 19281 E ArmVmp : Match on catch block at 0xc3 in for 0xa9
03-29 13:45:28.821 19281 19281 E ArmVmp : Match on catch block at 0xc3 in for 0xa1
03-29 13:45:28.823 19281 19281 E ArmVmp : Match on catch block at 0xc3 in for 0xa1
03-29 13:45:28.835 19281 19281 E ArmVmp : Match on catch block at 0xc3 in for 0xa5
03-29 13:45:28.838 19281 19281 E ArmVmp : Match on catch block at 0xc3 in for 0xa9
03-29 13:45:28.852 19281 19281 E ArmVmp : Match on catch block at 0xc3 in for 0xa9
03-29 13:45:28.854 19281 19281 E ArmVmp : Match on catch block at 0xc3 in for 0xa1
03-29 13:45:28.857 19281 19281 E ArmVmp : Match on catch block at 0xc3 in for 0xa1
03-29 13:45:28.868 19281 19281 E ArmVmp : Match on catch block at 0xc3 in for 0xa5
03-29 13:45:28.871 19281 19281 E ArmVmp : Match on catch block at 0xc3 in for 0xa9
03-29 13:45:28.873 19281 19281 E ArmVmp : Match on catch block at 0xc3 in for 0xa9
03-29 13:45:28.890 19281 19281 E ArmVmp : Match on catch block at 0xc3 in for 0xa1
03-29 13:45:28.892 19281 19281 E ArmVmp : Match on catch block at 0xc3 in for 0xa5
03-29 13:45:28.895 19281 19281 E ArmVmp : Match on catch block at 0xc3 in for 0xa5
03-29 13:45:28.902 19281 19281 E ArmVmp : Match on catch block at 0xc3 in for 0xa9
03-29 13:45:28.905 19281 19281 E ArmVmp : Match on catch block at 0xc3 in for 0xa1
03-29 13:45:28.907 19281 19281 E ArmVmp : Match on catch block at 0xc3 in for 0xa1
03-29 13:45:28.918 19281 19281 E ArmVmp : Match on catch block at 0xc3 in for 0xa5
03-29 13:45:28.921 19281 19281 E ArmVmp : Match on catch block at 0xc3 in for 0xa9
03-29 13:45:28.923 19281 19281 E ArmVmp : Match on catch block at 0xc3 in for 0xa9
03-29 13:45:28.936 19281 19281 E ArmVmp : Match on catch block at 0xc3 in for 0xa1
03-29 13:45:28.940 19281 19281 E ArmVmp : Match on catch block at 0xc3 in for 0xa5
03-29 13:45:28.943 19281 19281 E ArmVmp : Match on catch block at 0xc3 in for 0xa5
03-29 13:45:28.952 19281 19281 E ArmVmp : Match on catch block at 0xc3 in for 0xa9
03-29 13:45:28.955 19281 19281 E ArmVmp : Match on catch block at 0xc3 in for 0xa1
03-29 13:45:28.958 19281 19281 E ArmVmp : Match on catch block at 0xc3 in for 0xa1
03-29 13:45:28.968 19281 19281 E ArmVmp : Match on catch block at 0xc3 in for 0xa5
03-29 13:45:28.971 19281 19281 E ArmVmp : Match on catch block at 0xc3 in for 0xa9
03-29 13:45:28.974 19281 19281 E ArmVmp : Match on catch block at 0xc3 in for 0xa9
03-29 13:45:28.986 19281 19281 E ArmVmp : Match on catch block at 0xc3 in for 0xa1
03-29 13:45:28.989 19281 19281 E ArmVmp : Match on catch block at 0xc3 in for 0xa5
03-29 13:45:28.992 19281 19281 E ArmVmp : Match on catch block at 0xc3 in for 0xa5
03-29 13:45:29.003 19281 19281 E ArmVmp : Match on catch block at 0xc3 in for 0xa9
03-29 13:45:29.006 19281 19281 E ArmVmp : Match on catch block at 0xc3 in for 0xa1
03-29 13:45:29.009 19281 19281 E ArmVmp : Match on catch block at 0xc3 in for 0xa1
03-29 13:45:29.020 19281 19281 E ArmVmp : Match on catch block at 0xc3 in for 0xa5
03-29 13:45:29.023 19281 19281 E ArmVmp : Match on catch block at 0xc3 in for 0xa9
03-29 13:45:29.026 19281 19281 E ArmVmp : Match on catch block at 0xc3 in for 0xa9
03-29 13:45:29.036 19281 19281 E ArmVmp : Match on catch block at 0xc3 in for 0xa1
03-29 13:45:29.040 19281 19281 E ArmVmp : Match on catch block at 0xc3 in for 0xa5
03-29 13:45:29.043 19281 19281 E ArmVmp : Match on catch block at 0xc3 in for 0xa5
03-29 13:45:29.053 19281 19281 E ArmVmp : Match on catch block at 0xc3 in for 0xa9
03-29 13:45:29.057 19281 19281 E ArmVmp : Match on catch block at 0xc3 in for 0xa1
03-29 13:45:29.060 19281 19281 E ArmVmp : Match on catch block at 0xc3 in for 0xa1
03-29 13:45:29.070 19281 19281 E ArmVmp : Match on catch block at 0xc3 in for 0xa5
03-29 13:45:29.074 19281 19281 E ArmVmp : Match on catch block at 0xc3 in for 0xa9
03-29 13:45:29.076 19281 19281 E ArmVmp : Match on catch block at 0xc3 in for 0xa9
03-29 13:45:29.087 19281 19281 E ArmVmp : Match on catch block at 0xc3 in for 0xa1
03-29 13:45:29.090 19281 19281 E ArmVmp : Match on catch block at 0xc3 in for 0xa5
03-29 13:45:29.093 19281 19281 E ArmVmp : Match on catch block at 0xc3 in for 0xa5
03-29 13:45:29.103 19281 19281 E ArmVmp : Match on catch block at 0xc3 in for 0xa9
03-29 13:45:29.108 19281 19281 E ArmVmp : Match on catch block at 0xc3 in for 0xa1
03-29 13:45:29.111 19281 19281 E ArmVmp : Match on catch block at 0xc3 in for 0xa1
03-29 13:45:29.120 19281 19281 E ArmVmp : Match on catch block at 0xc3 in for 0xa5
03-29 13:45:29.124 19281 19281 E ArmVmp : Match on catch block at 0xc3 in for 0xa9
03-29 13:45:29.127 19281 19281 E ArmVmp : Match on catch block at 0xc3 in for 0xa9
03-29 13:45:29.136 19281 19281 E ArmVmp : Match on catch block at 0xc3 in for 0xa1
03-29 13:45:29.140 19281 19281 E ArmVmp : Match on catch block at 0xc3 in for 0xa5
03-29 13:45:29.142 19281 19281 E ArmVmp : Match on catch block at 0xc3 in for 0xa5
03-29 13:45:29.153 19281 19281 E ArmVmp : Match on catch block at 0xc3 in for 0xa9
03-29 13:45:29.156 19281 19281 E ArmVmp : Match on catch block at 0xc3 in for 0xa1
03-29 13:45:29.159 19281 19281 E ArmVmp : Match on catch block at 0xc3 in for 0xa1
03-29 13:45:29.170 19281 19281 E ArmVmp : Match on catch block at 0xc3 in for 0xa5
03-29 13:45:29.175 19281 19281 E ArmVmp : Match on catch block at 0xc3 in for 0xa9
03-29 13:45:29.178 19281 19281 E ArmVmp : Match on catch block at 0xc3 in for 0xa9
03-29 13:45:29.186 19281 19281 E ArmVmp : Match on catch block at 0xc3 in for 0xa1
03-29 13:45:29.189 19281 19281 E ArmVmp : Match on catch block at 0xc3 in for 0xa5
03-29 13:45:29.192 19281 19281 E ArmVmp : Match on catch block at 0xc3 in for 0xa5
03-29 13:45:29.316 19281 19281 E ArmVmp : Match on catch block at 0xc3 in for 0xa9
03-29 13:45:29.318 19281 19281 E ArmVmp : Match on catch block at 0xc3 in for 0xa1
03-29 13:45:29.320 19281 19281 E ArmVmp : Match on catch block at 0xc3 in for 0xa1
03-29 13:45:29.485 19281 19281 E ArmVmp : Match on catch block at 0xc3 in for 0xa5
03-29 13:45:29.488 19281 19281 E ArmVmp : Match on catch block at 0xc3 in for 0xa9
03-29 13:45:29.490 19281 19281 E ArmVmp : Match on catch block at 0xc3 in for 0xa9
03-29 13:45:29.538 19281 19281 E ArmVmp : Match on catch block at 0xc3 in for 0xa9
03-29 13:45:29.542 19281 19281 E ArmVmp : Match on catch block at 0xc3 in for 0xa1
03-29 13:45:29.545 19281 19281 E ArmVmp : Match on catch block at 0xc3 in for 0xa1
03-29 13:45:29.572 19281 19281 E ArmVmp : Match on catch block at 0xc3 in for 0xa1
03-29 13:45:29.575 19281 19281 E ArmVmp : Match on catch block at 0xc3 in for 0xa5
03-29 13:45:29.578 19281 19281 E ArmVmp : Match on catch block at 0xc3 in for 0xa5
03-29 13:45:29.594 19281 19281 E ArmVmp : Match on catch block at 0xc3 in for 0xa9
03-29 13:45:29.596 19281 19281 E ArmVmp : Match on catch block at 0xc3 in for 0xa1
03-29 13:45:29.599 19281 19281 E ArmVmp : Match on catch block at 0xc3 in for 0xa1
03-29 13:45:29.627 19281 19281 E ArmVmp : Match on catch block at 0xc3 in for 0xa1
03-29 13:45:29.630 19281 19281 E ArmVmp : Match on catch block at 0xc3 in for 0xa5
03-29 13:45:29.632 19281 19281 E ArmVmp : Match on catch block at 0xc3 in for 0xa5
03-29 13:45:29.642 19281 19281 W IInputConnectionWrapper: getTextBeforeCursor on inactive InputConnection
03-29 13:45:29.654 19281 19281 E ArmVmp : Match on catch block at 0xc3 in for 0xa1
03-29 13:45:29.658 19281 19281 E ArmVmp : Match on catch block at 0xc3 in for 0xa5
03-29 13:45:29.665 19281 19281 E ArmVmp : Match on catch block at 0xc3 in for 0xa1
03-29 13:45:29.668 19281 19281 E ArmVmp : Match on catch block at 0xc3 in for 0xa5
03-29 13:45:29.672 19281 19281 W IInputConnectionWrapper: getTextAfterCursor on inactive InputConnection
03-29 13:45:29.676 19281 19281 E ArmVmp : Match on catch block at 0xc3 in for 0xa1
03-29 13:45:29.679 19281 19281 E ArmVmp : Match on catch block at 0xc3 in for 0xa5
03-29 13:45:29.709 19281 19281 E ArmVmp : Match on catch block at 0xc3 in for 0xa1
03-29 13:45:29.712 19281 19281 E ArmVmp : Match on catch block at 0xc3 in for 0xa5
03-29 13:45:29.727 19281 19281 W IInputConnectionWrapper: getSelectedText on inactive InputConnection
03-29 13:45:29.743 19281 19281 E ArmVmp : Match on catch block at 0xc3 in for 0xa9
03-29 13:45:29.747 19281 19281 E ArmVmp : Match on catch block at 0xc3 in for 0xa1
03-29 13:45:29.796 19281 19281 E ArmVmp : Match on catch block at 0xc3 in for 0xa1
03-29 13:45:29.800 19281 19281 E ArmVmp : Match on catch block at 0xc3 in for 0xa5
03-29 13:45:29.804 19281 19281 W IInputConnectionWrapper: getTextBeforeCursor on inactive InputConnection
03-29 13:45:29.811 19281 19281 E ArmVmp : Match on catch block at 0xc3 in for 0xa1
03-29 13:45:29.814 19281 19281 E ArmVmp : Match on catch block at 0xc3 in for 0xa5
03-29 13:45:29.823 19281 19281 E ArmVmp : Match on catch block at 0xc3 in for 0xa1
03-29 13:45:29.827 19281 19281 E ArmVmp : Match on catch block at 0xc3 in for 0xa5
03-29 13:45:29.830 19281 19281 W IInputConnectionWrapper: getTextBeforeCursor on inactive InputConnection
03-29 13:45:30.123 19281 19281 E ArmVmp : Match on catch block at 0xc3 in for 0xa1
03-29 13:45:30.127 19281 19281 E ArmVmp : Match on catch block at 0xc3 in for 0xa5
03-29 13:45:30.301 19281 19281 E ArmVmp : Match on catch block at 0xc3 in for 0xa1
03-29 13:45:30.306 19281 19281 E ArmVmp : Match on catch block at 0xc3 in for 0xa5
03-29 13:45:30.322 19281 23173 W MediaPlayer: Use of stream types is deprecated for operations other than volume control
03-29 13:45:30.322 19281 23173 W MediaPlayer: See the documentation of setAudioStreamType() for what to use instead with android.media.AudioAttributes to qualify your playback use case
03-29 13:45:30.578 19281 19281 E ArmVmp : Match on catch block at 0xc3 in for 0xa1
03-29 13:45:30.580 19281 19281 E ArmVmp : Match on catch block at 0xc3 in for 0xa5
03-29 13:45:30.611 19281 19281 E ArmVmp : Match on catch block at 0xc3 in for 0xa9
03-29 13:45:30.614 19281 19281 E ArmVmp : Match on catch block at 0xc3 in for 0xa1
03-29 13:45:30.627 19281 19281 E ArmVmp : Match on catch block at 0xc3 in for 0xa9
03-29 13:45:30.630 19281 19281 E ArmVmp : Match on catch block at 0xc3 in for 0xa1
03-29 13:45:30.661 19281 19281 E ArmVmp : Match on catch block at 0xc3 in for 0xa1
03-29 13:45:30.665 19281 19281 E ArmVmp : Match on catch block at 0xc3 in for 0xa5
03-29 13:45:30.681 19281 19281 E ArmVmp : Match on catch block at 0xc3 in for 0xa9
03-29 13:45:30.683 19281 19281 E ArmVmp : Match on catch block at 0xc3 in for 0xa1
03-29 13:45:30.690 19281 19281 E ArmVmp : Match on catch block at 0xc3 in for 0xa9
03-29 13:45:30.693 19281 19281 E ArmVmp : Match on catch block at 0xc3 in for 0xa1
03-29 13:45:30.707 19281 19281 E ArmVmp : Match on catch block at 0xc3 in for 0xa9
03-29 13:45:30.710 19281 19281 E ArmVmp : Match on catch block at 0xc3 in for 0xa1
03-29 13:45:30.724 19281 19281 E ArmVmp : Match on catch block at 0xc3 in for 0xa9
03-29 13:45:30.727 19281 19281 E ArmVmp : Match on catch block at 0xc3 in for 0xa1
03-29 13:45:30.740 19281 19281 E ArmVmp : Match on catch block at 0xc3 in for 0xa9
03-29 13:45:30.744 19281 19281 E ArmVmp : Match on catch block at 0xc3 in for 0xa1
03-29 13:45:30.758 19281 19281 E ArmVmp : Match on catch block at 0xc3 in for 0xa9
03-29 13:45:30.762 19281 19281 E ArmVmp : Match on catch block at 0xc3 in for 0xa1
03-29 13:45:30.778 19281 19281 E ArmVmp : Match on catch block at 0xc3 in for 0xa9
03-29 13:45:30.782 19281 19281 E ArmVmp : Match on catch block at 0xc3 in for 0xa1
03-29 13:45:30.792 19281 19281 E ArmVmp : Match on catch block at 0xc3 in for 0xa9
03-29 13:45:30.796 19281 19281 E ArmVmp : Match on catch block at 0xc3 in for 0xa1
03-29 13:45:30.807 19281 19281 E ArmVmp : Match on catch block at 0xc3 in for 0xa9
03-29 13:45:30.810 19281 19281 E ArmVmp : Match on catch block at 0xc3 in for 0xa1
03-29 13:45:30.825 19281 19281 E ArmVmp : Match on catch block at 0xc3 in for 0xa9
03-29 13:45:30.829 19281 19281 E ArmVmp : Match on catch block at 0xc3 in for 0xa1
03-29 13:45:30.840 19281 19281 E ArmVmp : Match on catch block at 0xc3 in for 0xa9
03-29 13:45:30.844 19281 19281 E ArmVmp : Match on catch block at 0xc3 in for 0xa1
03-29 13:45:30.858 19281 19281 E ArmVmp : Match on catch block at 0xc3 in for 0xa9
03-29 13:45:30.862 19281 19281 E ArmVmp : Match on catch block at 0xc3 in for 0xa1
03-29 13:45:30.874 19281 19281 E ArmVmp : Match on catch block at 0xc3 in for 0xa9
03-29 13:45:30.877 19281 19281 E ArmVmp : Match on catch block at 0xc3 in for 0xa1
03-29 13:45:31.108 19281 19281 E ArmVmp : Match on catch block at 0xc3 in for 0xa9
03-29 13:45:31.113 19281 19281 E ArmVmp : Match on catch block at 0xc3 in for 0xa1
03-29 13:45:31.375 19281 19281 E ArmVmp : Match on catch block at 0xc3 in for 0xa9
03-29 13:45:31.378 19281 19281 E ArmVmp : Match on catch block at 0xc3 in for 0xa1
03-29 13:45:31.475 19281 19281 E ArmVmp : Match on catch block at 0xc3 in for 0xa9
03-29 13:45:31.480 19281 19281 E ArmVmp : Match on catch block at 0xc3 in for 0xa1
03-29 13:45:31.694 19281 19281 E ArmVmp : Match on catch block at 0xc3 in for 0xa5
03-29 13:45:31.698 19281 19281 E ArmVmp : Match on catch block at 0xc3 in for 0xa9
03-29 13:45:31.895 19281 19281 E ArmVmp : Match on catch block at 0xc3 in for 0xa5
03-29 13:45:31.899 19281 19281 E ArmVmp : Match on catch block at 0xc3 in for 0xa9
03-29 13:45:32.246 19281 19281 E ArmVmp : Match on catch block at 0xc3 in for 0xa1
03-29 13:45:32.250 19281 19281 E ArmVmp : Match on catch block at 0xc3 in for 0xa5
03-29 13:45:32.296 19281 19281 E ArmVmp : Match on catch block at 0xc3 in for 0xa9
03-29 13:45:32.299 19281 19281 E ArmVmp : Match on catch block at 0xc3 in for 0xa1
03-29 13:45:32.308 19281 19281 W IInputConnectionWrapper: getTextBeforeCursor on inactive InputConnection
03-29 13:45:32.320 19281 19281 E ArmVmp : Match on catch block at 0xc3 in for 0xa5
03-29 13:45:32.323 19281 19281 E ArmVmp : Match on catch block at 0xc3 in for 0xa9
03-29 13:45:32.327 19281 19281 W IInputConnectionWrapper: getTextAfterCursor on inactive InputConnection
03-29 13:45:32.370 19281 19281 E ArmVmp : Match on catch block at 0xc3 in for 0xa5
03-29 13:45:32.373 19281 19281 E ArmVmp : Match on catch block at 0xc3 in for 0xa9
03-29 13:45:32.379 19281 19281 W IInputConnectionWrapper: getSelectedText on inactive InputConnection
03-29 13:45:32.390 19281 19281 E ArmVmp : Match on catch block at 0xc3 in for 0xa5
03-29 13:45:32.392 19281 19281 E ArmVmp : Match on catch block at 0xc3 in for 0xa9
03-29 13:45:32.404 19281 19281 W IInputConnectionWrapper: getTextBeforeCursor on inactive InputConnection
03-29 13:45:32.411 19281 19281 E ArmVmp : Match on catch block at 0xc3 in for 0xa1
03-29 13:45:32.414 19281 19281 E ArmVmp : Match on catch block at 0xc3 in for 0xa5
03-29 13:45:32.416 19281 19281 W IInputConnectionWrapper: getTextBeforeCursor on inactive InputConnection
03-29 13:45:32.427 19281 19281 E ArmVmp : Match on catch block at 0xc3 in for 0xa1
03-29 13:45:32.429 19281 19281 E ArmVmp : Match on catch block at 0xc3 in for 0xa5
03-29 13:45:32.444 19281 19281 E ArmVmp : Match on catch block at 0xc3 in for 0xa1
03-29 13:45:32.448 19281 19281 E ArmVmp : Match on catch block at 0xc3 in for 0xa5
03-29 13:45:32.461 19281 19281 E ArmVmp : Match on catch block at 0xc3 in for 0xa1
03-29 13:45:32.463 19281 19281 E ArmVmp : Match on catch block at 0xc3 in for 0xa5
03-29 13:45:32.477 19281 19281 E ArmVmp : Match on catch block at 0xc3 in for 0xa1
03-29 13:45:32.480 19281 19281 E ArmVmp : Match on catch block at 0xc3 in for 0xa5
03-29 13:45:32.799 19281 19281 E ArmVmp : Match on catch block at 0xc3 in for 0xa1
03-29 13:45:32.804 19281 19281 E ArmVmp : Match on catch block at 0xc3 in for 0xa5
03-29 13:45:33.235 19281 19281 E ArmVmp : Match on catch block at 0xc3 in for 0xa1
03-29 13:45:33.238 19281 19281 E ArmVmp : Match on catch block at 0xc3 in for 0xa5
03-29 13:45:33.252 19281 23173 W MediaPlayer: Use of stream types is deprecated for operations other than volume control
03-29 13:45:33.252 19281 23173 W MediaPlayer: See the documentation of setAudioStreamType() for what to use instead with android.media.AudioAttributes to qualify your playback use case
03-29 13:45:33.270 19281 19281 E ArmVmp : Match on catch block at 0xc3 in for 0xa9
03-29 13:45:33.273 19281 19281 E ArmVmp : Match on catch block at 0xc3 in for 0xa1
03-29 13:45:33.303 19281 19281 E ArmVmp : Match on catch block at 0xc3 in for 0xa5
03-29 13:45:33.305 19281 19281 E ArmVmp : Match on catch block at 0xc3 in for 0xa9
03-29 13:45:33.820 19281 19281 E ArmVmp : Match on catch block at 0xc3 in for 0xa5
03-29 13:45:33.831 19281 19281 E ArmVmp : Match on catch block at 0xc3 in for 0xa9
03-29 13:45:34.325 19281 19281 E ArmVmp : Match on catch block at 0xc3 in for 0xa5
03-29 13:45:34.343 19281 19281 E ArmVmp : Match on catch block at 0xc3 in for 0xa9
03-29 13:45:34.822 19281 19281 E ArmVmp : Match on catch block at 0xc3 in for 0xa5
03-29 13:45:34.832 19281 19281 E ArmVmp : Match on catch block at 0xc3 in for 0xa9
03-29 13:45:35.319 19281 19281 E ArmVmp : Match on catch block at 0xc3 in for 0xa5
03-29 13:45:35.324 19281 19281 E ArmVmp : Match on catch block at 0xc3 in for 0xa9
03-29 13:45:35.820 19281 19281 E ArmVmp : Match on catch block at 0xc3 in for 0xa5
03-29 13:45:35.828 19281 19281 E ArmVmp : Match on catch block at 0xc3 in for 0xa9
03-29 13:45:36.324 19281 19281 E ArmVmp : Match on catch block at 0xc3 in for 0xa5
03-29 13:45:36.332 19281 19281 E ArmVmp : Match on catch block at 0xc3 in for 0xa9
03-29 13:45:36.824 19281 19281 E ArmVmp : Match on catch block at 0xc3 in for 0xa5
03-29 13:45:36.832 19281 19281 E ArmVmp : Match on catch block at 0xc3 in for 0xa9
03-29 13:45:37.323 19281 19281 E ArmVmp : Match on catch block at 0xc3 in for 0xa9
03-29 13:45:37.326 19281 19281 E ArmVmp : Match on catch block at 0xc3 in for 0xa1
03-29 13:45:37.825 19281 19281 E ArmVmp : Match on catch block at 0xc3 in for 0xa9
03-29 13:45:37.833 19281 19281 E ArmVmp : Match on catch block at 0xc3 in for 0xa1
03-29 13:45:38.327 19281 19281 E ArmVmp : Match on catch block at 0xc3 in for 0xa9
03-29 13:45:38.332 19281 19281 E ArmVmp : Match on catch block at 0xc3 in for 0xa1
03-29 13:45:38.846 19281 19281 E ArmVmp : Match on catch block at 0xc3 in for 0xa9
03-29 13:45:38.851 19281 19281 E ArmVmp : Match on catch block at 0xc3 in for 0xa1
03-29 13:45:38.900 19281 19281 E ArmVmp : Match on catch block at 0xc3 in for 0xa1
03-29 13:45:38.902 19281 19281 E ArmVmp : Match on catch block at 0xc3 in for 0xa5
03-29 13:45:38.917 19281 19281 E ArmVmp : Match on catch block at 0xc3 in for 0xa9
03-29 13:45:38.920 19281 19281 E ArmVmp : Match on catch block at 0xc3 in for 0xa1
03-29 13:45:38.930 19281 19281 E ArmVmp : Match on catch block at 0xc3 in for 0xa9
03-29 13:45:38.932 19281 19281 E ArmVmp : Match on catch block at 0xc3 in for 0xa1
03-29 13:45:38.950 19281 19281 E ArmVmp : Match on catch block at 0xc3 in for 0xa9
03-29 13:45:38.953 19281 19281 E ArmVmp : Match on catch block at 0xc3 in for 0xa1
03-29 13:45:38.966 19281 19281 E ArmVmp : Match on catch block at 0xc3 in for 0xa9
03-29 13:45:38.970 19281 19281 E ArmVmp : Match on catch block at 0xc3 in for 0xa1
03-29 13:45:38.978 19281 19281 E ArmVmp : Match on catch block at 0xc3 in for 0xa9
03-29 13:45:38.981 19281 19281 E ArmVmp : Match on catch block at 0xc3 in for 0xa1
03-29 13:45:38.995 19281 19281 E ArmVmp : Match on catch block at 0xc3 in for 0xa9
03-29 13:45:38.998 19281 19281 E ArmVmp : Match on catch block at 0xc3 in for 0xa1
03-29 13:45:39.016 19281 19281 E ArmVmp : Match on catch block at 0xc3 in for 0xa9
03-29 13:45:39.020 19281 19281 E ArmVmp : Match on catch block at 0xc3 in for 0xa1
03-29 13:45:39.032 19281 19281 E ArmVmp : Match on catch block at 0xc3 in for 0xa9
03-29 13:45:39.036 19281 19281 E ArmVmp : Match on catch block at 0xc3 in for 0xa1
03-29 13:45:39.045 19281 19281 E ArmVmp : Match on catch block at 0xc3 in for 0xa9
03-29 13:45:39.049 19281 19281 E ArmVmp : Match on catch block at 0xc3 in for 0xa1
03-29 13:45:39.061 19281 19281 E ArmVmp : Match on catch block at 0xc3 in for 0xa9
03-29 13:45:39.064 19281 19281 E ArmVmp : Match on catch block at 0xc3 in for 0xa1
03-29 13:45:39.078 19281 19281 E ArmVmp : Match on catch block at 0xc3 in for 0xa9
03-29 13:45:39.081 19281 19281 E ArmVmp : Match on catch block at 0xc3 in for 0xa1
03-29 13:45:39.095 19281 19281 E ArmVmp : Match on catch block at 0xc3 in for 0xa9
03-29 13:45:39.097 19281 19281 E ArmVmp : Match on catch block at 0xc3 in for 0xa1
03-29 13:45:39.200 19281 19281 E ArmVmp : Match on catch block at 0xc3 in for 0xa9
03-29 13:45:39.203 19281 19281 E ArmVmp : Match on catch block at 0xc3 in for 0xa1
03-29 13:45:39.354 19281 19281 E ArmVmp : Match on catch block at 0xc3 in for 0xa9
03-29 13:45:39.357 19281 19281 E ArmVmp : Match on catch block at 0xc3 in for 0xa1
03-29 13:45:39.848 19281 19281 E ArmVmp : Match on catch block at 0xc3 in for 0xa1
03-29 13:45:39.855 19281 19281 E ArmVmp : Match on catch block at 0xc3 in for 0xa5
03-29 13:45:39.981 19281 19281 E ArmVmp : Match on catch block at 0xc3 in for 0xa1
03-29 13:45:39.984 19281 19281 E ArmVmp : Match on catch block at 0xc3 in for 0xa5
03-29 13:45:40.065 19281 19281 E ArmVmp : Match on catch block at 0xc3 in for 0xa1
03-29 13:45:40.068 19281 19281 E ArmVmp : Match on catch block at 0xc3 in for 0xa5
03-29 13:45:40.214 19281 19281 E ArmVmp : Match on catch block at 0xc3 in for 0xa1
03-29 13:45:40.221 19281 19281 E ArmVmp : Match on catch block at 0xc3 in for 0xa5
03-29 13:45:40.330 19281 19281 E ArmVmp : Match on catch block at 0xc3 in for 0xa1
03-29 13:45:40.337 19281 19281 E ArmVmp : Match on catch block at 0xc3 in for 0xa5
03-29 13:45:40.599 19281 19281 E ArmVmp : Match on catch block at 0xc3 in for 0xa1
03-29 13:45:40.604 19281 19281 E ArmVmp : Match on catch block at 0xc3 in for 0xa5
03-29 13:45:40.934 19281 19281 E ArmVmp : Match on catch block at 0xc3 in for 0xa1
03-29 13:45:40.936 19281 19281 E ArmVmp : Match on catch block at 0xc3 in for 0xa5
03-29 13:45:40.974 19281 19281 E ArmVmp : Match on catch block at 0xc3 in for 0xa5
03-29 13:45:40.977 19281 19281 E ArmVmp : Match on catch block at 0xc3 in for 0xa9
03-29 13:45:41.001 19281 19281 E ArmVmp : Match on catch block at 0xc3 in for 0xa5
03-29 13:45:41.006 19281 19281 E ArmVmp : Match on catch block at 0xc3 in for 0xa9
03-29 13:45:41.015 19281 19281 E ArmVmp : Match on catch block at 0xc3 in for 0xa5
03-29 13:45:41.019 19281 19281 E ArmVmp : Match on catch block at 0xc3 in for 0xa9
03-29 13:45:41.084 19281 19281 E ArmVmp : Match on catch block at 0xc3 in for 0xa1
03-29 13:45:41.088 19281 19281 E ArmVmp : Match on catch block at 0xc3 in for 0xa5
03-29 13:45:41.113 19281 19281 E ArmVmp : Match on catch block at 0xc3 in for 0xa5
03-29 13:45:41.118 19281 19281 E ArmVmp : Match on catch block at 0xc3 in for 0xa9
03-29 13:45:41.146 19281 19281 E ArmVmp : Match on catch block at 0xc3 in for 0xa1
03-29 13:45:41.149 19281 19281 E ArmVmp : Match on catch block at 0xc3 in for 0xa5
03-29 13:45:41.154 19281 19281 E ArmVmp : Match on catch block at 0xc3 in for 0xa1
03-29 13:45:41.157 19281 19281 E ArmVmp : Match on catch block at 0xc3 in for 0xa5
03-29 13:45:41.166 19281 19281 E ArmVmp : Match on catch block at 0xc3 in for 0xa1
03-29 13:45:41.169 19281 19281 E ArmVmp : Match on catch block at 0xc3 in for 0xa5
03-29 13:45:41.404 19281 19281 E ArmVmp : Match on catch block at 0xc3 in for 0xa1
03-29 13:45:41.414 19281 19281 E ArmVmp : Match on catch block at 0xc3 in for 0xa5
03-29 13:45:41.423 19281 23173 W MediaPlayer: Use of stream types is deprecated for operations other than volume control
03-29 13:45:41.423 19281 23173 W MediaPlayer: See the documentation of setAudioStreamType() for what to use instead with android.media.AudioAttributes to qualify your playback use case
03-29 13:45:41.472 19281 19281 E ArmVmp : Match on catch block at 0xc3 in for 0xa1
03-29 13:45:41.476 19281 19281 E ArmVmp : Match on catch block at 0xc3 in for 0xa5
03-29 13:45:41.496 19281 19281 E ArmVmp : Match on catch block at 0xc3 in for 0xa9
03-29 13:45:41.499 19281 19281 E ArmVmp : Match on catch block at 0xc3 in for 0xa1
03-29 13:45:41.529 19281 19281 E ArmVmp : Match on catch block at 0xc3 in for 0xa9
03-29 13:45:41.533 19281 19281 E ArmVmp : Match on catch block at 0xc3 in for 0xa1
03-29 13:45:41.550 19281 19281 E ArmVmp : Match on catch block at 0xc3 in for 0xa9
03-29 13:45:41.554 19281 19281 E ArmVmp : Match on catch block at 0xc3 in for 0xa1
03-29 13:45:41.567 19281 19281 E ArmVmp : Match on catch block at 0xc3 in for 0xa9
03-29 13:45:41.570 19281 19281 E ArmVmp : Match on catch block at 0xc3 in for 0xa1
03-29 13:45:41.588 19281 19281 E ArmVmp : Match on catch block at 0xc3 in for 0xa9
03-29 13:45:41.591 19281 19281 E ArmVmp : Match on catch block at 0xc3 in for 0xa1
03-29 13:45:41.600 19281 19281 E ArmVmp : Match on catch block at 0xc3 in for 0xa9
03-29 13:45:41.604 19281 19281 E ArmVmp : Match on catch block at 0xc3 in for 0xa1
03-29 13:45:41.617 19281 19281 E ArmVmp : Match on catch block at 0xc3 in for 0xa9
03-29 13:45:41.621 19281 19281 E ArmVmp : Match on catch block at 0xc3 in for 0xa1
03-29 13:45:41.635 19281 19281 E ArmVmp : Match on catch block at 0xc3 in for 0xa9
03-29 13:45:41.639 19281 19281 E ArmVmp : Match on catch block at 0xc3 in for 0xa1
03-29 13:45:41.650 19281 19281 E ArmVmp : Match on catch block at 0xc3 in for 0xa9
03-29 13:45:41.654 19281 19281 E ArmVmp : Match on catch block at 0xc3 in for 0xa1
03-29 13:45:41.667 19281 19281 E ArmVmp : Match on catch block at 0xc3 in for 0xa9
03-29 13:45:41.670 19281 19281 E ArmVmp : Match on catch block at 0xc3 in for 0xa1
03-29 13:45:41.685 19281 19281 E ArmVmp : Match on catch block at 0xc3 in for 0xa9
03-29 13:45:41.689 19281 19281 E ArmVmp : Match on catch block at 0xc3 in for 0xa1
03-29 13:45:41.851 19281 19281 E ArmVmp : Match on catch block at 0xc3 in for 0xa9
03-29 13:45:41.856 19281 19281 E ArmVmp : Match on catch block at 0xc3 in for 0xa1
03-29 13:45:41.882 19281 19281 E ArmVmp : Match on catch block at 0xc3 in for 0xa5
03-29 13:45:41.888 19281 19281 E ArmVmp : Match on catch block at 0xc3 in for 0xa9
03-29 13:45:42.069 19281 19281 E ArmVmp : Match on catch block at 0xc3 in for 0xa1
03-29 13:45:42.074 19281 19281 E ArmVmp : Match on catch block at 0xc3 in for 0xa5
03-29 13:45:42.221 19281 19281 E ArmVmp : Match on catch block at 0xc3 in for 0xa1
03-29 13:45:42.227 19281 19281 E ArmVmp : Match on catch block at 0xc3 in for 0xa5
03-29 13:45:42.386 19281 19281 E ArmVmp : Match on catch block at 0xc3 in for 0xa1
03-29 13:45:42.391 19281 19281 E ArmVmp : Match on catch block at 0xc3 in for 0xa5
03-29 13:45:42.672 19281 19281 E ArmVmp : Match on catch block at 0xc3 in for 0xa5
03-29 13:45:42.679 19281 19281 E ArmVmp : Match on catch block at 0xc3 in for 0xa9
03-29 13:45:42.714 19281 19281 E ArmVmp : Match on catch block at 0xc3 in for 0xa9
03-29 13:45:42.717 19281 19281 E ArmVmp : Match on catch block at 0xc3 in for 0xa1
03-29 13:45:42.726 19281 19281 W IInputConnectionWrapper: getTextBeforeCursor on inactive InputConnection
03-29 13:45:42.746 19281 19281 E ArmVmp : Match on catch block at 0xc3 in for 0xa1
03-29 13:45:42.750 19281 19281 E ArmVmp : Match on catch block at 0xc3 in for 0xa5
03-29 13:45:42.755 19281 19281 W IInputConnectionWrapper: getTextAfterCursor on inactive InputConnection
03-29 13:45:42.770 19281 19281 E ArmVmp : Match on catch block at 0xc3 in for 0xa1
03-29 13:45:42.773 19281 19281 E ArmVmp : Match on catch block at 0xc3 in for 0xa5
03-29 13:45:42.777 19281 19281 W IInputConnectionWrapper: getSelectedText on inactive InputConnection
03-29 13:45:42.845 19281 19281 E ArmVmp : Match on catch block at 0xc3 in for 0xa9
03-29 13:45:42.849 19281 19281 E ArmVmp : Match on catch block at 0xc3 in for 0xa1
03-29 13:45:42.854 19281 19281 W IInputConnectionWrapper: getTextBeforeCursor on inactive InputConnection
03-29 13:45:42.869 19281 19281 E ArmVmp : Match on catch block at 0xc3 in for 0xa5
03-29 13:45:42.872 19281 19281 E ArmVmp : Match on catch block at 0xc3 in for 0xa9
03-29 13:45:42.883 19281 19281 W IInputConnectionWrapper: getTextBeforeCursor on inactive InputConnection
03-29 13:45:42.887 19281 19281 E ArmVmp : Match on catch block at 0xc3 in for 0xa1
03-29 13:45:42.890 19281 19281 E ArmVmp : Match on catch block at 0xc3 in for 0xa5
03-29 13:45:42.904 19281 19281 E ArmVmp : Match on catch block at 0xc3 in for 0xa1
03-29 13:45:42.906 19281 19281 E ArmVmp : Match on catch block at 0xc3 in for 0xa5
03-29 13:45:42.920 19281 19281 E ArmVmp : Match on catch block at 0xc3 in for 0xa1
03-29 13:45:42.923 19281 19281 E ArmVmp : Match on catch block at 0xc3 in for 0xa5
03-29 13:45:43.205 19281 19281 E ArmVmp : Match on catch block at 0xc3 in for 0xa1
03-29 13:45:43.209 19281 19281 E ArmVmp : Match on catch block at 0xc3 in for 0xa5
03-29 13:45:43.296 19281 19281 E ArmVmp : Match on catch block at 0xc3 in for 0xa5
03-29 13:45:43.300 19281 19281 E ArmVmp : Match on catch block at 0xc3 in for 0xa9
03-29 13:45:43.308 19281 23173 W MediaPlayer: Use of stream types is deprecated for operations other than volume control
03-29 13:45:43.308 19281 23173 W MediaPlayer: See the documentation of setAudioStreamType() for what to use instead with android.media.AudioAttributes to qualify your playback use case
03-29 13:45:43.626 19281 19281 E ArmVmp : Match on catch block at 0xc3 in for 0xa5
03-29 13:45:43.629 19281 19281 E ArmVmp : Match on catch block at 0xc3 in for 0xa9
03-29 13:45:43.654 19281 19281 E ArmVmp : Match on catch block at 0xc3 in for 0xa5
03-29 13:45:43.657 19281 19281 E ArmVmp : Match on catch block at 0xc3 in for 0xa9
03-29 13:45:43.707 19281 19281 E ArmVmp : Match on catch block at 0xc3 in for 0xa5
03-29 13:45:43.711 19281 19281 E ArmVmp : Match on catch block at 0xc3 in for 0xa9
03-29 13:45:44.208 19281 19281 E ArmVmp : Match on catch block at 0xc3 in for 0xa5
03-29 13:45:44.215 19281 19281 E ArmVmp : Match on catch block at 0xc3 in for 0xa9
03-29 13:45:44.512 19281 19281 E ArmVmp : Match on catch block at 0xc3 in for 0xa9
03-29 13:45:44.515 19281 19281 E ArmVmp : Match on catch block at 0xc3 in for 0xa1
03-29 13:45:44.533 19281 19281 E ArmVmp : Match on catch block at 0xc3 in for 0xa5
03-29 13:45:44.537 19281 19281 E ArmVmp : Match on catch block at 0xc3 in for 0xa9
