03-29 13:45:44.558 19281 19281 E ArmVmp : Match on catch block at 0xc3 in for 0xa5
03-29 13:45:44.561 19281 19281 E ArmVmp : Match on catch block at 0xc3 in for 0xa9
03-29 13:45:44.575 19281 19281 E ArmVmp : Match on catch block at 0xc3 in for 0xa5
03-29 13:45:44.579 19281 19281 E ArmVmp : Match on catch block at 0xc3 in for 0xa9
03-29 13:45:44.592 19281 19281 E ArmVmp : Match on catch block at 0xc3 in for 0xa5
03-29 13:45:44.597 19281 19281 E ArmVmp : Match on catch block at 0xc3 in for 0xa9
03-29 13:45:44.608 19281 19281 E ArmVmp : Match on catch block at 0xc3 in for 0xa5
03-29 13:45:44.611 19281 19281 E ArmVmp : Match on catch block at 0xc3 in for 0xa9
03-29 13:45:44.629 19281 19281 E ArmVmp : Match on catch block at 0xc3 in for 0xa5
03-29 13:45:44.632 19281 19281 E ArmVmp : Match on catch block at 0xc3 in for 0xa9
03-29 13:45:44.641 19281 19281 E ArmVmp : Match on catch block at 0xc3 in for 0xa5
03-29 13:45:44.644 19281 19281 E ArmVmp : Match on catch block at 0xc3 in for 0xa9
03-29 13:45:44.658 19281 19281 E ArmVmp : Match on catch block at 0xc3 in for 0xa5
03-29 13:45:44.665 19281 19281 E ArmVmp : Match on catch block at 0xc3 in for 0xa9
03-29 13:45:44.674 19281 19281 E ArmVmp : Match on catch block at 0xc3 in for 0xa5
03-29 13:45:44.677 19281 19281 E ArmVmp : Match on catch block at 0xc3 in for 0xa9
03-29 13:45:44.691 19281 19281 E ArmVmp : Match on catch block at 0xc3 in for 0xa5
03-29 13:45:44.694 19281 19281 E ArmVmp : Match on catch block at 0xc3 in for 0xa9
03-29 13:45:44.708 19281 19281 E ArmVmp : Match on catch block at 0xc3 in for 0xa5
03-29 13:45:44.711 19281 19281 E ArmVmp : Match on catch block at 0xc3 in for 0xa9
03-29 13:45:44.777 19281 19281 E ArmVmp : Match on catch block at 0xc3 in for 0xa5
03-29 13:45:44.782 19281 19281 E ArmVmp : Match on catch block at 0xc3 in for 0xa9
03-29 13:45:45.284 19281 19281 E ArmVmp : Match on catch block at 0xc3 in for 0xa5
03-29 13:45:45.293 19281 19281 E ArmVmp : Match on catch block at 0xc3 in for 0xa9
03-29 13:45:45.781 19281 19281 E ArmVmp : Match on catch block at 0xc3 in for 0xa5
03-29 13:45:45.790 19281 19281 E ArmVmp : Match on catch block at 0xc3 in for 0xa9
03-29 13:45:46.081 19281 19281 E ArmVmp : Match on catch block at 0xc3 in for 0xa5
03-29 13:45:46.085 19281 19281 E ArmVmp : Match on catch block at 0xc3 in for 0xa9
03-29 13:45:46.582 19281 19281 E ArmVmp : Match on catch block at 0xc3 in for 0xa5
03-29 13:45:46.593 19281 19281 E ArmVmp : Match on catch block at 0xc3 in for 0xa9
03-29 13:45:46.897 19281 19281 E ArmVmp : Match on catch block at 0xc3 in for 0xa5
03-29 13:45:46.900 19281 19281 E ArmVmp : Match on catch block at 0xc3 in for 0xa9
03-29 13:45:47.114 19281 19281 E ArmVmp : Match on catch block at 0xc3 in for 0xa5
03-29 13:45:47.119 19281 19281 E ArmVmp : Match on catch block at 0xc3 in for 0xa9
03-29 13:45:47.516 19281 19281 E ArmVmp : Match on catch block at 0xc3 in for 0xa5
03-29 13:45:47.520 19281 19281 E ArmVmp : Match on catch block at 0xc3 in for 0xa9
03-29 13:45:47.533 19281 19281 E ArmVmp : Match on catch block at 0xc3 in for 0xa5
03-29 13:45:47.537 19281 19281 E ArmVmp : Match on catch block at 0xc3 in for 0xa9
03-29 13:45:47.549 19281 19281 E ArmVmp : Match on catch block at 0xc3 in for 0xa5
03-29 13:45:47.551 19281 19281 E ArmVmp : Match on catch block at 0xc3 in for 0xa9
03-29 13:45:47.567 19281 19281 E ArmVmp : Match on catch block at 0xc3 in for 0xa5
03-29 13:45:47.571 19281 19281 E ArmVmp : Match on catch block at 0xc3 in for 0xa9
03-29 13:45:47.584 19281 19281 E ArmVmp : Match on catch block at 0xc3 in for 0xa5
03-29 13:45:47.588 19281 19281 E ArmVmp : Match on catch block at 0xc3 in for 0xa9
03-29 13:45:47.600 19281 19281 E ArmVmp : Match on catch block at 0xc3 in for 0xa5
03-29 13:45:47.604 19281 19281 E ArmVmp : Match on catch block at 0xc3 in for 0xa9
03-29 13:45:47.617 19281 19281 E ArmVmp : Match on catch block at 0xc3 in for 0xa5
03-29 13:45:47.620 19281 19281 E ArmVmp : Match on catch block at 0xc3 in for 0xa9
03-29 13:45:47.633 19281 19281 E ArmVmp : Match on catch block at 0xc3 in for 0xa5
03-29 13:45:47.636 19281 19281 E ArmVmp : Match on catch block at 0xc3 in for 0xa9
03-29 13:45:47.650 19281 19281 E ArmVmp : Match on catch block at 0xc3 in for 0xa5
03-29 13:45:47.655 19281 19281 E ArmVmp : Match on catch block at 0xc3 in for 0xa9
03-29 13:45:47.666 19281 19281 E ArmVmp : Match on catch block at 0xc3 in for 0xa5
03-29 13:45:47.671 19281 19281 E ArmVmp : Match on catch block at 0xc3 in for 0xa9
03-29 13:45:47.683 19281 19281 E ArmVmp : Match on catch block at 0xc3 in for 0xa5
03-29 13:45:47.687 19281 19281 E ArmVmp : Match on catch block at 0xc3 in for 0xa9
03-29 13:45:47.700 19281 19281 E ArmVmp : Match on catch block at 0xc3 in for 0xa5
03-29 13:45:47.703 19281 19281 E ArmVmp : Match on catch block at 0xc3 in for 0xa9
03-29 13:45:47.716 19281 19281 E ArmVmp : Match on catch block at 0xc3 in for 0xa5
03-29 13:45:47.719 19281 19281 E ArmVmp : Match on catch block at 0xc3 in for 0xa9
03-29 13:45:47.733 19281 19281 E ArmVmp : Match on catch block at 0xc3 in for 0xa5
03-29 13:45:47.736 19281 19281 E ArmVmp : Match on catch block at 0xc3 in for 0xa9
03-29 13:45:47.751 19281 19281 E ArmVmp : Match on catch block at 0xc3 in for 0xa5
03-29 13:45:47.755 19281 19281 E ArmVmp : Match on catch block at 0xc3 in for 0xa9
03-29 13:45:47.769 19281 19281 E ArmVmp : Match on catch block at 0xc3 in for 0xa5
03-29 13:45:47.774 19281 19281 E ArmVmp : Match on catch block at 0xc3 in for 0xa9
03-29 13:45:47.782 19281 19281 E ArmVmp : Match on catch block at 0xc3 in for 0xa5
03-29 13:45:47.786 19281 19281 E ArmVmp : Match on catch block at 0xc3 in for 0xa9
03-29 13:45:47.800 19281 19281 E ArmVmp : Match on catch block at 0xc3 in for 0xa5
03-29 13:45:47.804 19281 19281 E ArmVmp : Match on catch block at 0xc3 in for 0xa9
03-29 13:45:47.818 19281 19281 E ArmVmp : Match on catch block at 0xc3 in for 0xa5
03-29 13:45:47.822 19281 19281 E ArmVmp : Match on catch block at 0xc3 in for 0xa9
03-29 13:45:47.834 19281 19281 E ArmVmp : Match on catch block at 0xc3 in for 0xa5
03-29 13:45:47.838 19281 19281 E ArmVmp : Match on catch block at 0xc3 in for 0xa9
03-29 13:45:47.850 19281 19281 E ArmVmp : Match on catch block at 0xc3 in for 0xa5
03-29 13:45:47.855 19281 19281 E ArmVmp : Match on catch block at 0xc3 in for 0xa9
03-29 13:45:47.867 19281 19281 E ArmVmp : Match on catch block at 0xc3 in for 0xa5
03-29 13:45:47.871 19281 19281 E ArmVmp : Match on catch block at 0xc3 in for 0xa9
03-29 13:45:47.885 19281 19281 E ArmVmp : Match on catch block at 0xc3 in for 0xa5
03-29 13:45:47.889 19281 19281 E ArmVmp : Match on catch block at 0xc3 in for 0xa9
03-29 13:45:47.901 19281 19281 E ArmVmp : Match on catch block at 0xc3 in for 0xa5
03-29 13:45:47.905 19281 19281 E ArmVmp : Match on catch block at 0xc3 in for 0xa9
03-29 13:45:47.918 19281 19281 E ArmVmp : Match on catch block at 0xc3 in for 0xa5
03-29 13:45:47.922 19281 19281 E ArmVmp : Match on catch block at 0xc3 in for 0xa9
03-29 13:45:48.286 19281 19281 E ArmVmp : Match on catch block at 0xc3 in for 0xa5
03-29 13:45:48.290 19281 19281 E ArmVmp : Match on catch block at 0xc3 in for 0xa9
03-29 13:45:48.335 19281 19281 E ArmVmp : Match on catch block at 0xc3 in for 0xa5
03-29 13:45:48.341 19281 19281 E ArmVmp : Match on catch block at 0xc3 in for 0xa9
03-29 13:45:48.585 19281 19281 E ArmVmp : Match on catch block at 0xc3 in for 0xa5
03-29 13:45:48.593 19281 19281 E ArmVmp : Match on catch block at 0xc3 in for 0xa9
03-29 13:45:48.803 19281 19281 E ArmVmp : Match on catch block at 0xc3 in for 0xa5
03-29 13:45:48.809 19281 19281 E ArmVmp : Match on catch block at 0xc3 in for 0xa9
03-29 13:45:49.037 19281 19281 E ArmVmp : Match on catch block at 0xc3 in for 0xa5
03-29 13:45:49.042 19281 19281 E ArmVmp : Match on catch block at 0xc3 in for 0xa9
03-29 13:45:49.286 19281 19281 E ArmVmp : Match on catch block at 0xc3 in for 0xa5
03-29 13:45:49.291 19281 19281 E ArmVmp : Match on catch block at 0xc3 in for 0xa9
03-29 13:45:49.487 19281 19281 E ArmVmp : Match on catch block at 0xc3 in for 0xa5
03-29 13:45:49.492 19281 19281 E ArmVmp : Match on catch block at 0xc3 in for 0xa9
03-29 13:45:49.587 19281 19281 E ArmVmp : Match on catch block at 0xc3 in for 0xa5
03-29 13:45:49.591 19281 19281 E ArmVmp : Match on catch block at 0xc3 in for 0xa9
03-29 13:45:49.838 19281 19281 E ArmVmp : Match on catch block at 0xc3 in for 0xa5
03-29 13:45:49.842 19281 19281 E ArmVmp : Match on catch block at 0xc3 in for 0xa9
03-29 13:45:49.955 19281 19281 E ArmVmp : Match on catch block at 0xc3 in for 0xa5
03-29 13:45:49.960 19281 19281 E ArmVmp : Match on catch block at 0xc3 in for 0xa9
03-29 13:45:50.189 19281 19281 E ArmVmp : Match on catch block at 0xc3 in for 0xa5
03-29 13:45:50.191 19281 19281 E ArmVmp : Match on catch block at 0xc3 in for 0xa9
03-29 13:45:50.440 19281 19281 E ArmVmp : Match on catch block at 0xc3 in for 0xa5
03-29 13:45:50.445 19281 19281 E ArmVmp : Match on catch block at 0xc3 in for 0xa9
03-29 13:45:50.624 19281 19281 E ArmVmp : Match on catch block at 0xc3 in for 0xa5
03-29 13:45:50.629 19281 19281 E ArmVmp : Match on catch block at 0xc3 in for 0xa9
03-29 13:45:50.810 19281 19281 E ArmVmp : Match on catch block at 0xc3 in for 0xa9
03-29 13:45:50.813 19281 19281 E ArmVmp : Match on catch block at 0xc3 in for 0xa1
03-29 13:45:50.823 19281 19281 E ArmVmp : Match on catch block at 0xc3 in for 0xa9
03-29 13:45:50.826 19281 19281 E ArmVmp : Match on catch block at 0xc3 in for 0xa1
03-29 13:45:51.300 19281 19281 E ArmVmp : Match on catch block at 0xc3 in for 0xa9
03-29 13:45:51.309 19281 19281 E ArmVmp : Match on catch block at 0xc3 in for 0xa1
03-29 13:45:51.593 19281 19281 E ArmVmp : Match on catch block at 0xc3 in for 0xa9
03-29 13:45:51.598 19281 19281 E ArmVmp : Match on catch block at 0xc3 in for 0xa1
03-29 13:45:52.102 19281 19281 E ArmVmp : Match on catch block at 0xc3 in for 0xa9
03-29 13:45:52.111 19281 19281 E ArmVmp : Match on catch block at 0xc3 in for 0xa1
03-29 13:45:52.246 19281 19281 E ArmVmp : Match on catch block at 0xc3 in for 0xa9
03-29 13:45:52.251 19281 19281 E ArmVmp : Match on catch block at 0xc3 in for 0xa1
03-29 13:45:52.429 19281 19281 E ArmVmp : Match on catch block at 0xc3 in for 0xa9
03-29 13:45:52.434 19281 19281 E ArmVmp : Match on catch block at 0xc3 in for 0xa1
03-29 13:45:52.562 19281 19281 E ArmVmp : Match on catch block at 0xc3 in for 0xa9
03-29 13:45:52.568 19281 19281 E ArmVmp : Match on catch block at 0xc3 in for 0xa1
03-29 13:45:52.762 19281 19281 E ArmVmp : Match on catch block at 0xc3 in for 0xa9
03-29 13:45:52.767 19281 19281 E ArmVmp : Match on catch block at 0xc3 in for 0xa1
03-29 13:45:52.996 19281 19281 E ArmVmp : Match on catch block at 0xc3 in for 0xa9
03-29 13:45:53.001 19281 19281 E ArmVmp : Match on catch block at 0xc3 in for 0xa1
03-29 13:45:53.146 19281 19281 E ArmVmp : Match on catch block at 0xc3 in for 0xa9
03-29 13:45:53.154 19281 19281 E ArmVmp : Match on catch block at 0xc3 in for 0xa1
03-29 13:45:53.280 19281 19281 E ArmVmp : Match on catch block at 0xc3 in for 0xa9
03-29 13:45:53.285 19281 19281 E ArmVmp : Match on catch block at 0xc3 in for 0xa1
03-29 13:45:53.430 19281 19281 E ArmVmp : Match on catch block at 0xc3 in for 0xa9
03-29 13:45:53.437 19281 19281 E ArmVmp : Match on catch block at 0xc3 in for 0xa1
03-29 13:45:53.688 19281 19281 E ArmVmp : Match on catch block at 0xc3 in for 0xa9
03-29 13:45:53.701 19281 19281 E ArmVmp : Match on catch block at 0xc3 in for 0xa1
03-29 13:45:53.746 19281 19281 E ArmVmp : Match on catch block at 0xc3 in for 0xa9
03-29 13:45:53.749 19281 19281 E ArmVmp : Match on catch block at 0xc3 in for 0xa1
03-29 13:45:53.758 19281 19281 W IInputConnectionWrapper: getTextBeforeCursor on inactive InputConnection
03-29 13:45:53.778 19281 19281 E ArmVmp : Match on catch block at 0xc3 in for 0xa5
03-29 13:45:53.783 19281 19281 E ArmVmp : Match on catch block at 0xc3 in for 0xa9
03-29 13:45:53.788 19281 19281 W IInputConnectionWrapper: getTextAfterCursor on inactive InputConnection
03-29 13:45:53.871 19281 19281 E ArmVmp : Match on catch block at 0xc3 in for 0xa1
03-29 13:45:53.875 19281 19281 E ArmVmp : Match on catch block at 0xc3 in for 0xa5
03-29 13:45:53.880 19281 19281 W IInputConnectionWrapper: getSelectedText on inactive InputConnection
03-29 13:45:53.891 19281 19281 E ArmVmp : Match on catch block at 0xc3 in for 0xa9
03-29 13:45:53.893 19281 19281 E ArmVmp : Match on catch block at 0xc3 in for 0xa1
03-29 13:45:53.906 19281 19281 W IInputConnectionWrapper: getTextBeforeCursor on inactive InputConnection
03-29 13:45:53.914 19281 19281 E ArmVmp : Match on catch block at 0xc3 in for 0xa5
03-29 13:45:53.917 19281 19281 E ArmVmp : Match on catch block at 0xc3 in for 0xa9
03-29 13:45:53.920 19281 19281 W IInputConnectionWrapper: getTextBeforeCursor on inactive InputConnection
03-29 13:45:53.931 19281 19281 E ArmVmp : Match on catch block at 0xc3 in for 0xa5
03-29 13:45:53.934 19281 19281 E ArmVmp : Match on catch block at 0xc3 in for 0xa9
03-29 13:45:54.234 19281 19281 E ArmVmp : Match on catch block at 0xc3 in for 0xa5
03-29 13:45:54.238 19281 19281 E ArmVmp : Match on catch block at 0xc3 in for 0xa9
03-29 13:45:54.286 19281 19281 E ArmVmp : Match on catch block at 0xc3 in for 0xa9
03-29 13:45:54.289 19281 19281 E ArmVmp : Match on catch block at 0xc3 in for 0xa1
03-29 13:45:54.302 19281 23173 W MediaPlayer: Use of stream types is deprecated for operations other than volume control
03-29 13:45:54.302 19281 23173 W MediaPlayer: See the documentation of setAudioStreamType() for what to use instead with android.media.AudioAttributes to qualify your playback use case
03-29 13:45:54.466 19281 19281 E ArmVmp : Match on catch block at 0xc3 in for 0xa5
03-29 13:45:54.470 19281 19281 E ArmVmp : Match on catch block at 0xc3 in for 0xa9
03-29 13:45:54.483 19281 19281 E ArmVmp : Match on catch block at 0xc3 in for 0xa5
03-29 13:45:54.486 19281 19281 E ArmVmp : Match on catch block at 0xc3 in for 0xa9
03-29 13:45:54.526 19281 19281 E ArmVmp : Match on catch block at 0xc3 in for 0xa9
03-29 13:45:54.530 19281 19281 E ArmVmp : Match on catch block at 0xc3 in for 0xa1
03-29 13:45:54.567 19281 19281 E ArmVmp : Match on catch block at 0xc3 in for 0xa1
03-29 13:45:54.570 19281 19281 E ArmVmp : Match on catch block at 0xc3 in for 0xa5
03-29 13:45:54.661 19281 19281 E ArmVmp : Match on catch block at 0xc3 in for 0xa9
03-29 13:45:54.664 19281 19281 E ArmVmp : Match on catch block at 0xc3 in for 0xa1
03-29 13:45:54.778 19281 19281 E ArmVmp : Match on catch block at 0xc3 in for 0xa9
03-29 13:45:54.781 19281 19281 E ArmVmp : Match on catch block at 0xc3 in for 0xa1
03-29 13:45:54.804 19281 19281 E ArmVmp : Match on catch block at 0xc3 in for 0xa9
03-29 13:45:54.807 19281 19281 E ArmVmp : Match on catch block at 0xc3 in for 0xa1
03-29 13:45:54.900 19281 19281 E ArmVmp : Match on catch block at 0xc3 in for 0xa9
03-29 13:45:54.904 19281 19281 E ArmVmp : Match on catch block at 0xc3 in for 0xa1
03-29 13:46:02.417 19281 19281 E ArmVmp : Match on catch block at 0x0a in for 0x175
03-29 13:46:03.699 19281 19281 E Parcel : Reading a NULL string not supported here.
03-29 13:46:03.756 19281 23611 E libEGL : Invalid file path for libcolorx- loader.so
03-29 13:46:17.509 19281 19281 E Parcel : Reading a NULL string not supported here.
03-29 13:46:17.656 19281 23693 E libEGL : Invalid file path for libcolorx- loader.so
03-29 13:46:17.882 19281 19281 E ArmVmp : Match on catch block at 0x0a in for 0xc9
03-29 13:46:17.886 19281 19281 E ArmVmp : Match on catch block at 0x0a in for 0xc5
03-29 13:46:17.917 19281 19300 W System : A resource failed to call release.
03-29 13:46:17.985 19281 19281 E ArmVmp : Match on catch block at 0xc3 in for 0xb5
03-29 13:46:17.987 19281 19281 E ArmVmp : Match on catch block at 0xc3 in for 0xb5
03-29 13:46:18.034 19281 19281 E ArmVmp : Match on catch block at 0xc3 in for 0xa5
03-29 13:46:18.036 19281 19281 E ArmVmp : Match on catch block at 0xc3 in for 0xa9
03-29 13:46:18.073 19281 19281 E ArmVmp : Match on catch block at 0xc3 in for 0xa5
03-29 13:46:18.075 19281 19281 E ArmVmp : Match on catch block at 0xc3 in for 0xa9
03-29 13:46:18.091 19281 19281 E ArmVmp : Match on catch block at 0xc3 in for 0xa9
03-29 13:46:18.093 19281 19281 E ArmVmp : Match on catch block at 0xc3 in for 0xa1
03-29 13:46:18.108 19281 19281 E ArmVmp : Match on catch block at 0xc3 in for 0xa1
03-29 13:46:18.110 19281 19281 E ArmVmp : Match on catch block at 0xc3 in for 0xa5
03-29 13:46:18.125 19281 19281 E ArmVmp : Match on catch block at 0xc3 in for 0xa5
03-29 13:46:18.127 19281 19281 E ArmVmp : Match on catch block at 0xc3 in for 0xa9
03-29 13:46:18.565 19281 19281 E ArmVmp : Match on catch block at 0xc3 in for 0xa9
03-29 13:46:18.582 19281 19281 E ArmVmp : Match on catch block at 0xc3 in for 0xa1
03-29 13:46:19.071 19281 19281 E ArmVmp : Match on catch block at 0xc3 in for 0xa9
03-29 13:46:19.084 19281 19281 E ArmVmp : Match on catch block at 0xc3 in for 0xa1
03-29 13:46:19.576 19281 19281 E ArmVmp : Match on catch block at 0xc3 in for 0xa1
03-29 13:46:19.585 19281 19281 E ArmVmp : Match on catch block at 0xc3 in for 0xa5
03-29 13:46:20.072 19281 19281 E ArmVmp : Match on catch block at 0xc3 in for 0xa5
03-29 13:46:20.083 19281 19281 E ArmVmp : Match on catch block at 0xc3 in for 0xa9
03-29 13:46:20.591 19281 19281 E ArmVmp : Match on catch block at 0xc3 in for 0xa9
03-29 13:46:20.603 19281 19281 E ArmVmp : Match on catch block at 0xc3 in for 0xa1
03-29 13:46:20.771 19281 19281 E ArmVmp : Match on catch block at 0xc3 in for 0xa9
03-29 13:46:20.774 19281 19281 E ArmVmp : Match on catch block at 0xc3 in for 0xa1
03-29 13:46:20.864 19281 19281 E ArmVmp : Match on catch block at 0xc3 in for 0xa5
03-29 13:46:20.868 19281 19281 E ArmVmp : Match on catch block at 0xc3 in for 0xa9
03-29 13:46:20.891 19281 19281 E ArmVmp : Match on catch block at 0xc3 in for 0xa9
03-29 13:46:20.893 19281 19281 E ArmVmp : Match on catch block at 0xc3 in for 0xa1
03-29 13:46:21.082 19281 19281 E ArmVmp : Match on catch block at 0xc3 in for 0xa9
03-29 13:46:21.084 19281 19281 E ArmVmp : Match on catch block at 0xc3 in for 0xa1
03-29 13:46:21.579 19281 19281 E ArmVmp : Match on catch block at 0xc3 in for 0xa5
03-29 13:46:21.586 19281 19281 E ArmVmp : Match on catch block at 0xc3 in for 0xa9
03-29 13:46:21.601 19281 19281 E ArmVmp : Match on catch block at 0xc3 in for 0xa5
03-29 13:46:21.603 19281 19281 E ArmVmp : Match on catch block at 0xc3 in for 0xa9
03-29 13:46:21.617 19281 19281 E ArmVmp : Match on catch block at 0xc3 in for 0xa9
03-29 13:46:21.619 19281 19281 E ArmVmp : Match on catch block at 0xc3 in for 0xa1
03-29 13:46:21.634 19281 19281 E ArmVmp : Match on catch block at 0xc3 in for 0xa1
03-29 13:46:21.637 19281 19281 E ArmVmp : Match on catch block at 0xc3 in for 0xa5
03-29 13:46:21.651 19281 19281 E ArmVmp : Match on catch block at 0xc3 in for 0xa5
03-29 13:46:21.654 19281 19281 E ArmVmp : Match on catch block at 0xc3 in for 0xa9
03-29 13:46:21.667 19281 19281 E ArmVmp : Match on catch block at 0xc3 in for 0xa9
03-29 13:46:21.670 19281 19281 E ArmVmp : Match on catch block at 0xc3 in for 0xa1
03-29 13:46:21.690 19281 19281 E ArmVmp : Match on catch block at 0xc3 in for 0xa1
03-29 13:46:21.693 19281 19281 E ArmVmp : Match on catch block at 0xc3 in for 0xa5
03-29 13:46:21.702 19281 19281 E ArmVmp : Match on catch block at 0xc3 in for 0xa5
03-29 13:46:21.705 19281 19281 E ArmVmp : Match on catch block at 0xc3 in for 0xa9
03-29 13:46:21.719 19281 19281 E ArmVmp : Match on catch block at 0xc3 in for 0xa9
03-29 13:46:21.722 19281 19281 E ArmVmp : Match on catch block at 0xc3 in for 0xa1
03-29 13:46:21.735 19281 19281 E ArmVmp : Match on catch block at 0xc3 in for 0xa1
03-29 13:46:21.738 19281 19281 E ArmVmp : Match on catch block at 0xc3 in for 0xa5
03-29 13:46:21.752 19281 19281 E ArmVmp : Match on catch block at 0xc3 in for 0xa5
03-29 13:46:21.756 19281 19281 E ArmVmp : Match on catch block at 0xc3 in for 0xa9
03-29 13:46:21.768 19281 19281 E ArmVmp : Match on catch block at 0xc3 in for 0xa9
03-29 13:46:21.771 19281 19281 E ArmVmp : Match on catch block at 0xc3 in for 0xa1
03-29 13:46:22.098 19281 19281 E ArmVmp : Match on catch block at 0xc3 in for 0xa5
03-29 13:46:22.106 19281 19281 E ArmVmp : Match on catch block at 0xc3 in for 0xa9
03-29 13:46:22.142 19281 19281 E ArmVmp : Match on catch block at 0xc3 in for 0xa1
03-29 13:46:22.144 19281 19281 E ArmVmp : Match on catch block at 0xc3 in for 0xa5
03-29 13:46:22.152 19281 19281 W IInputConnectionWrapper: getTextBeforeCursor on inactive InputConnection
03-29 13:46:22.159 19281 19281 E ArmVmp : Match on catch block at 0xc3 in for 0xa9
03-29 13:46:22.162 19281 19281 E ArmVmp : Match on catch block at 0xc3 in for 0xa1
03-29 13:46:22.167 19281 19281 W IInputConnectionWrapper: getTextAfterCursor on inactive InputConnection
03-29 13:46:22.168 19281 19281 E ArmVmp : Match on catch block at 0xc3 in for 0xa1
03-29 13:46:22.170 19281 19281 E ArmVmp : Match on catch block at 0xc3 in for 0xa5
03-29 13:46:22.175 19281 19281 W IInputConnectionWrapper: getSelectedText on inactive InputConnection
03-29 13:46:22.185 19281 19281 E ArmVmp : Match on catch block at 0xc3 in for 0xa5
03-29 13:46:22.187 19281 19281 E ArmVmp : Match on catch block at 0xc3 in for 0xa9
03-29 13:46:22.197 19281 19281 W IInputConnectionWrapper: getTextBeforeCursor on inactive InputConnection
03-29 13:46:22.223 19281 19281 E ArmVmp : Match on catch block at 0xc3 in for 0xa9
03-29 13:46:22.225 19281 19281 E ArmVmp : Match on catch block at 0xc3 in for 0xa1
03-29 13:46:22.237 19281 19281 W IInputConnectionWrapper: getTextBeforeCursor on inactive InputConnection
03-29 13:46:22.263 19281 19281 E ArmVmp : Match on catch block at 0xc3 in for 0xa1
03-29 13:46:22.264 19281 19281 E ArmVmp : Match on catch block at 0xc3 in for 0xa5
03-29 13:46:22.290 19281 19281 E ArmVmp : Match on catch block at 0xc3 in for 0xa5
03-29 13:46:22.292 19281 19281 E ArmVmp : Match on catch block at 0xc3 in for 0xa9
03-29 13:46:22.305 19281 19281 E ArmVmp : Match on catch block at 0xc3 in for 0xa1
03-29 13:46:22.307 19281 19281 E ArmVmp : Match on catch block at 0xc3 in for 0xa5
03-29 13:46:22.318 19281 19281 E ArmVmp : Match on catch block at 0xc3 in for 0xa5
03-29 13:46:22.320 19281 19281 E ArmVmp : Match on catch block at 0xc3 in for 0xa9
03-29 13:46:22.336 19281 19281 E ArmVmp : Match on catch block at 0xc3 in for 0xa9
03-29 13:46:22.338 19281 19281 E ArmVmp : Match on catch block at 0xc3 in for 0xa1
03-29 13:46:22.642 19281 19281 E ArmVmp : Match on catch block at 0xc3 in for 0xa1
03-29 13:46:22.647 19281 19281 E ArmVmp : Match on catch block at 0xc3 in for 0xa5
03-29 13:46:22.956 19281 19281 E ArmVmp : Match on catch block at 0xc3 in for 0xa9
03-29 13:46:22.958 19281 19281 E ArmVmp : Match on catch block at 0xc3 in for 0xa1
03-29 13:46:22.965 19281 23173 W MediaPlayer: Use of stream types is deprecated for operations other than volume control
03-29 13:46:22.965 19281 23173 W MediaPlayer: See the documentation of setAudioStreamType() for what to use instead with android.media.AudioAttributes to qualify your playback use case
03-29 13:46:23.137 19281 19281 E ArmVmp : Match on catch block at 0xc3 in for 0xa5
03-29 13:46:23.140 19281 19281 E ArmVmp : Match on catch block at 0xc3 in for 0xa9
03-29 13:46:23.647 19281 19281 E ArmVmp : Match on catch block at 0xc3 in for 0xa9
03-29 13:46:23.661 19281 19281 E ArmVmp : Match on catch block at 0xc3 in for 0xa1
03-29 13:46:23.778 19281 19281 E ArmVmp : Match on catch block at 0xc3 in for 0xa5
03-29 13:46:23.781 19281 19281 E ArmVmp : Match on catch block at 0xc3 in for 0xa9
03-29 13:46:23.795 19281 19281 E ArmVmp : Match on catch block at 0xc3 in for 0xa5
03-29 13:46:23.797 19281 19281 E ArmVmp : Match on catch block at 0xc3 in for 0xa9
03-29 13:46:23.805 19281 19281 E ArmVmp : Match on catch block at 0xc3 in for 0xa9
03-29 13:46:23.808 19281 19281 E ArmVmp : Match on catch block at 0xc3 in for 0xa1
03-29 13:46:23.824 19281 19281 E ArmVmp : Match on catch block at 0xc3 in for 0xa1
03-29 13:46:23.828 19281 19281 E ArmVmp : Match on catch block at 0xc3 in for 0xa5
03-29 13:46:23.839 19281 19281 E ArmVmp : Match on catch block at 0xc3 in for 0xa5
03-29 13:46:23.842 19281 19281 E ArmVmp : Match on catch block at 0xc3 in for 0xa9
03-29 13:46:23.856 19281 19281 E ArmVmp : Match on catch block at 0xc3 in for 0xa9
03-29 13:46:23.859 19281 19281 E ArmVmp : Match on catch block at 0xc3 in for 0xa1
03-29 13:46:23.872 19281 19281 E ArmVmp : Match on catch block at 0xc3 in for 0xa1
03-29 13:46:23.875 19281 19281 E ArmVmp : Match on catch block at 0xc3 in for 0xa5
03-29 13:46:23.894 19281 19281 E ArmVmp : Match on catch block at 0xc3 in for 0xa5
03-29 13:46:23.897 19281 19281 E ArmVmp : Match on catch block at 0xc3 in for 0xa9
03-29 13:46:23.907 19281 19281 E ArmVmp : Match on catch block at 0xc3 in for 0xa9
03-29 13:46:23.910 19281 19281 E ArmVmp : Match on catch block at 0xc3 in for 0xa1
03-29 13:46:23.924 19281 19281 E ArmVmp : Match on catch block at 0xc3 in for 0xa1
03-29 13:46:23.928 19281 19281 E ArmVmp : Match on catch block at 0xc3 in for 0xa5
03-29 13:46:23.941 19281 19281 E ArmVmp : Match on catch block at 0xc3 in for 0xa5
03-29 13:46:23.944 19281 19281 E ArmVmp : Match on catch block at 0xc3 in for 0xa9
03-29 13:46:23.958 19281 19281 E ArmVmp : Match on catch block at 0xc3 in for 0xa9
03-29 13:46:23.961 19281 19281 E ArmVmp : Match on catch block at 0xc3 in for 0xa1
03-29 13:46:23.974 19281 19281 E ArmVmp : Match on catch block at 0xc3 in for 0xa1
03-29 13:46:23.977 19281 19281 E ArmVmp : Match on catch block at 0xc3 in for 0xa5
03-29 13:46:24.157 19281 19281 E ArmVmp : Match on catch block at 0xc3 in for 0xa5
03-29 13:46:24.160 19281 19281 E ArmVmp : Match on catch block at 0xc3 in for 0xa9
03-29 13:46:24.324 19281 19281 E ArmVmp : Match on catch block at 0xc3 in for 0xa9
03-29 13:46:24.327 19281 19281 E ArmVmp : Match on catch block at 0xc3 in for 0xa1
03-29 13:46:24.676 19281 19281 E ArmVmp : Match on catch block at 0xc3 in for 0xa5
03-29 13:46:24.684 19281 19281 E ArmVmp : Match on catch block at 0xc3 in for 0xa9
03-29 13:46:24.724 19281 19281 E ArmVmp : Match on catch block at 0xc3 in for 0xa1
03-29 13:46:24.729 19281 19281 E ArmVmp : Match on catch block at 0xc3 in for 0xa5
03-29 13:46:24.738 19281 19281 W IInputConnectionWrapper: getTextBeforeCursor on inactive InputConnection
03-29 13:46:24.749 19281 19281 E ArmVmp : Match on catch block at 0xc3 in for 0xa1
03-29 13:46:24.752 19281 19281 E ArmVmp : Match on catch block at 0xc3 in for 0xa5
03-29 13:46:24.759 19281 19281 W IInputConnectionWrapper: getTextAfterCursor on inactive InputConnection
03-29 13:46:24.775 19281 19281 E ArmVmp : Match on catch block at 0xc3 in for 0xa5
03-29 13:46:24.776 19281 19281 E ArmVmp : Match on catch block at 0xc3 in for 0xa9
03-29 13:46:24.779 19281 19281 W IInputConnectionWrapper: getSelectedText on inactive InputConnection
03-29 13:46:24.817 19281 19281 E ArmVmp : Match on catch block at 0xc3 in for 0xa9
03-29 13:46:24.819 19281 19281 E ArmVmp : Match on catch block at 0xc3 in for 0xa1
03-29 13:46:24.824 19281 19281 W IInputConnectionWrapper: getTextBeforeCursor on inactive InputConnection
03-29 13:46:24.832 19281 19281 E ArmVmp : Match on catch block at 0xc3 in for 0xa1
03-29 13:46:24.835 19281 19281 E ArmVmp : Match on catch block at 0xc3 in for 0xa5
03-29 13:46:24.839 19281 19281 W IInputConnectionWrapper: getTextBeforeCursor on inactive InputConnection
03-29 13:46:24.842 19281 19281 E ArmVmp : Match on catch block at 0xc3 in for 0xa9
03-29 13:46:24.845 19281 19281 E ArmVmp : Match on catch block at 0xc3 in for 0xa1
03-29 13:46:24.859 19281 19281 E ArmVmp : Match on catch block at 0xc3 in for 0xa1
03-29 13:46:24.862 19281 19281 E ArmVmp : Match on catch block at 0xc3 in for 0xa5
03-29 13:46:24.875 19281 19281 E ArmVmp : Match on catch block at 0xc3 in for 0xa5
03-29 13:46:24.877 19281 19281 E ArmVmp : Match on catch block at 0xc3 in for 0xa9
03-29 13:46:24.891 19281 19281 E ArmVmp : Match on catch block at 0xc3 in for 0xa9
03-29 13:46:24.893 19281 19281 E ArmVmp : Match on catch block at 0xc3 in for 0xa1
03-29 13:46:24.908 19281 19281 E ArmVmp : Match on catch block at 0xc3 in for 0xa1
03-29 13:46:24.910 19281 19281 E ArmVmp : Match on catch block at 0xc3 in for 0xa5
03-29 13:46:25.227 19281 19281 E ArmVmp : Match on catch block at 0xc3 in for 0xa5
03-29 13:46:25.231 19281 19281 E ArmVmp : Match on catch block at 0xc3 in for 0xa9
03-29 13:46:25.313 19281 19281 E ArmVmp : Match on catch block at 0xc3 in for 0xa5
03-29 13:46:25.316 19281 19281 E ArmVmp : Match on catch block at 0xc3 in for 0xa9
03-29 13:46:25.326 19281 23173 W MediaPlayer: Use of stream types is deprecated for operations other than volume control
03-29 13:46:25.326 19281 23173 W MediaPlayer: See the documentation of setAudioStreamType() for what to use instead with android.media.AudioAttributes to qualify your playback use case
03-29 13:46:25.567 19281 19281 E ArmVmp : Match on catch block at 0xc3 in for 0xa5
03-29 13:46:25.571 19281 19281 E ArmVmp : Match on catch block at 0xc3 in for 0xa9
03-29 13:46:25.588 19281 19281 E ArmVmp : Match on catch block at 0xc3 in for 0xa5
03-29 13:46:25.590 19281 19281 E ArmVmp : Match on catch block at 0xc3 in for 0xa9
03-29 13:46:25.611 19281 19281 E ArmVmp : Match on catch block at 0xc3 in for 0xa9
03-29 13:46:25.613 19281 19281 E ArmVmp : Match on catch block at 0xc3 in for 0xa1
03-29 13:46:25.627 19281 19281 E ArmVmp : Match on catch block at 0xc3 in for 0xa1
03-29 13:46:25.630 19281 19281 E ArmVmp : Match on catch block at 0xc3 in for 0xa5
03-29 13:46:25.644 19281 19281 E ArmVmp : Match on catch block at 0xc3 in for 0xa5
03-29 13:46:25.647 19281 19281 E ArmVmp : Match on catch block at 0xc3 in for 0xa9
03-29 13:46:25.662 19281 19281 E ArmVmp : Match on catch block at 0xc3 in for 0xa9
03-29 13:46:25.665 19281 19281 E ArmVmp : Match on catch block at 0xc3 in for 0xa1
03-29 13:46:25.684 19281 19281 E ArmVmp : Match on catch block at 0xc3 in for 0xa1
03-29 13:46:25.691 19281 19281 E ArmVmp : Match on catch block at 0xc3 in for 0xa5
03-29 13:46:25.710 19281 19281 E ArmVmp : Match on catch block at 0xc3 in for 0xa5
03-29 13:46:25.712 19281 19281 E ArmVmp : Match on catch block at 0xc3 in for 0xa9
03-29 13:46:25.727 19281 19281 E ArmVmp : Match on catch block at 0xc3 in for 0xa9
03-29 13:46:25.729 19281 19281 E ArmVmp : Match on catch block at 0xc3 in for 0xa1
03-29 13:46:25.743 19281 19281 E ArmVmp : Match on catch block at 0xc3 in for 0xa1
03-29 13:46:25.746 19281 19281 E ArmVmp : Match on catch block at 0xc3 in for 0xa5
03-29 13:46:25.761 19281 19281 E ArmVmp : Match on catch block at 0xc3 in for 0xa5
03-29 13:46:25.765 19281 19281 E ArmVmp : Match on catch block at 0xc3 in for 0xa9
03-29 13:46:25.795 19281 19281 E ArmVmp : Match on catch block at 0xc3 in for 0xa9
03-29 13:46:25.800 19281 19281 E ArmVmp : Match on catch block at 0xc3 in for 0xa1
03-29 13:46:26.063 19281 19281 E ArmVmp : Match on catch block at 0xc3 in for 0xa1
03-29 13:46:26.070 19281 19281 E ArmVmp : Match on catch block at 0xc3 in for 0xa5
03-29 13:46:26.229 19281 19281 E ArmVmp : Match on catch block at 0xc3 in for 0xa5
03-29 13:46:26.231 19281 19281 E ArmVmp : Match on catch block at 0xc3 in for 0xa9
03-29 13:46:26.380 19281 19281 E ArmVmp : Match on catch block at 0xc3 in for 0xa9
03-29 13:46:26.388 19281 19281 E ArmVmp : Match on catch block at 0xc3 in for 0xa1
03-29 13:46:26.864 19281 19281 E ArmVmp : Match on catch block at 0xc3 in for 0xa1
03-29 13:46:26.867 19281 19281 E ArmVmp : Match on catch block at 0xc3 in for 0xa5
03-29 13:46:26.948 19281 19281 E ArmVmp : Match on catch block at 0xc3 in for 0xa5
03-29 13:46:26.955 19281 19281 E ArmVmp : Match on catch block at 0xc3 in for 0xa9
03-29 13:46:27.047 19281 19281 E ArmVmp : Match on catch block at 0xc3 in for 0xa9
03-29 13:46:27.050 19281 19281 E ArmVmp : Match on catch block at 0xc3 in for 0xa1
03-29 13:46:27.164 19281 19281 E ArmVmp : Match on catch block at 0xc3 in for 0xa1
03-29 13:46:27.167 19281 19281 E ArmVmp : Match on catch block at 0xc3 in for 0xa5
03-29 13:46:27.331 19281 19281 E ArmVmp : Match on catch block at 0xc3 in for 0xa5
03-29 13:46:27.334 19281 19281 E ArmVmp : Match on catch block at 0xc3 in for 0xa9
03-29 13:46:27.348 19281 19281 E ArmVmp : Match on catch block at 0xc3 in for 0xa9
03-29 13:46:27.351 19281 19281 E ArmVmp : Match on catch block at 0xc3 in for 0xa1
03-29 13:46:27.365 19281 19281 E ArmVmp : Match on catch block at 0xc3 in for 0xa1
03-29 13:46:27.368 19281 19281 E ArmVmp : Match on catch block at 0xc3 in for 0xa5
03-29 13:46:27.383 19281 19281 E ArmVmp : Match on catch block at 0xc3 in for 0xa5
03-29 13:46:27.386 19281 19281 E ArmVmp : Match on catch block at 0xc3 in for 0xa9
03-29 13:46:27.400 19281 19281 E ArmVmp : Match on catch block at 0xc3 in for 0xa9
03-29 13:46:27.403 19281 19281 E ArmVmp : Match on catch block at 0xc3 in for 0xa1
03-29 13:46:27.417 19281 19281 E ArmVmp : Match on catch block at 0xc3 in for 0xa1
03-29 13:46:27.420 19281 19281 E ArmVmp : Match on catch block at 0xc3 in for 0xa5
03-29 13:46:27.437 19281 19281 E ArmVmp : Match on catch block at 0xc3 in for 0xa1
03-29 13:46:27.441 19281 19281 E ArmVmp : Match on catch block at 0xc3 in for 0xa5
03-29 13:46:27.463 19281 19281 E ArmVmp : Match on catch block at 0xc3 in for 0xa5
03-29 13:46:27.465 19281 19281 E ArmVmp : Match on catch block at 0xc3 in for 0xa9
03-29 13:46:27.482 19281 19281 E ArmVmp : Match on catch block at 0xc3 in for 0xa1
03-29 13:46:27.485 19281 19281 E ArmVmp : Match on catch block at 0xc3 in for 0xa5
03-29 13:46:27.498 19281 19281 E ArmVmp : Match on catch block at 0xc3 in for 0xa5
03-29 13:46:27.500 19281 19281 E ArmVmp : Match on catch block at 0xc3 in for 0xa9
03-29 13:46:27.515 19281 19281 E ArmVmp : Match on catch block at 0xc3 in for 0xa9
03-29 13:46:27.517 19281 19281 E ArmVmp : Match on catch block at 0xc3 in for 0xa1
03-29 13:46:27.532 19281 19281 E ArmVmp : Match on catch block at 0xc3 in for 0xa1
03-29 13:46:27.534 19281 19281 E ArmVmp : Match on catch block at 0xc3 in for 0xa5
03-29 13:46:27.549 19281 19281 E ArmVmp : Match on catch block at 0xc3 in for 0xa5
03-29 13:46:27.551 19281 19281 E ArmVmp : Match on catch block at 0xc3 in for 0xa9
03-29 13:46:27.567 19281 19281 E ArmVmp : Match on catch block at 0xc3 in for 0xa9
03-29 13:46:27.570 19281 19281 E ArmVmp : Match on catch block at 0xc3 in for 0xa1
03-29 13:46:27.584 19281 19281 E ArmVmp : Match on catch block at 0xc3 in for 0xa1
03-29 13:46:27.587 19281 19281 E ArmVmp : Match on catch block at 0xc3 in for 0xa5
03-29 13:46:27.600 19281 19281 E ArmVmp : Match on catch block at 0xc3 in for 0xa5
03-29 13:46:27.603 19281 19281 E ArmVmp : Match on catch block at 0xc3 in for 0xa9
03-29 13:46:27.616 19281 19281 E ArmVmp : Match on catch block at 0xc3 in for 0xa9
03-29 13:46:27.619 19281 19281 E ArmVmp : Match on catch block at 0xc3 in for 0xa1
03-29 13:46:27.633 19281 19281 E ArmVmp : Match on catch block at 0xc3 in for 0xa1
03-29 13:46:27.636 19281 19281 E ArmVmp : Match on catch block at 0xc3 in for 0xa5
03-29 13:46:27.650 19281 19281 E ArmVmp : Match on catch block at 0xc3 in for 0xa5
03-29 13:46:27.653 19281 19281 E ArmVmp : Match on catch block at 0xc3 in for 0xa9
03-29 13:46:27.667 19281 19281 E ArmVmp : Match on catch block at 0xc3 in for 0xa9
03-29 13:46:27.670 19281 19281 E ArmVmp : Match on catch block at 0xc3 in for 0xa1
03-29 13:46:27.684 19281 19281 E ArmVmp : Match on catch block at 0xc3 in for 0xa1
03-29 13:46:27.687 19281 19281 E ArmVmp : Match on catch block at 0xc3 in for 0xa5
03-29 13:46:27.700 19281 19281 E ArmVmp : Match on catch block at 0xc3 in for 0xa5
03-29 13:46:27.703 19281 19281 E ArmVmp : Match on catch block at 0xc3 in for 0xa9
03-29 13:46:27.717 19281 19281 E ArmVmp : Match on catch block at 0xc3 in for 0xa9
03-29 13:46:27.720 19281 19281 E ArmVmp : Match on catch block at 0xc3 in for 0xa1
03-29 13:46:27.733 19281 19281 E ArmVmp : Match on catch block at 0xc3 in for 0xa1
03-29 13:46:27.736 19281 19281 E ArmVmp : Match on catch block at 0xc3 in for 0xa5
03-29 13:46:27.850 19281 19281 E ArmVmp : Match on catch block at 0xc3 in for 0xa5
03-29 13:46:27.853 19281 19281 E ArmVmp : Match on catch block at 0xc3 in for 0xa9
03-29 13:46:27.966 19281 19281 E ArmVmp : Match on catch block at 0xc3 in for 0xa9
03-29 13:46:27.972 19281 19281 E ArmVmp : Match on catch block at 0xc3 in for 0xa1
03-29 13:46:28.217 19281 19281 E ArmVmp : Match on catch block at 0xc3 in for 0xa1
03-29 13:46:28.220 19281 19281 E ArmVmp : Match on catch block at 0xc3 in for 0xa5
03-29 13:46:28.350 19281 19281 E ArmVmp : Match on catch block at 0xc3 in for 0xa5
03-29 13:46:28.353 19281 19281 E ArmVmp : Match on catch block at 0xc3 in for 0xa9
03-29 13:46:28.618 19281 19281 E ArmVmp : Match on catch block at 0xc3 in for 0xa9
03-29 13:46:28.622 19281 19281 E ArmVmp : Match on catch block at 0xc3 in for 0xa1
03-29 13:46:29.131 19281 19281 E ArmVmp : Match on catch block at 0xc3 in for 0xa1
03-29 13:46:29.143 19281 19281 E ArmVmp : Match on catch block at 0xc3 in for 0xa5
03-29 13:46:29.454 19281 19281 E ArmVmp : Match on catch block at 0xc3 in for 0xa5
03-29 13:46:29.460 19281 19281 E ArmVmp : Match on catch block at 0xc3 in for 0xa9
03-29 13:46:29.805 19281 19281 E ArmVmp : Match on catch block at 0xc3 in for 0xa9
03-29 13:46:29.812 19281 19281 E ArmVmp : Match on catch block at 0xc3 in for 0xa1
03-29 13:46:30.089 19281 19281 E ArmVmp : Match on catch block at 0xc3 in for 0xa1
03-29 13:46:30.095 19281 19281 E ArmVmp : Match on catch block at 0xc3 in for 0xa5
03-29 13:46:30.617 19281 19281 E ArmVmp : Match on catch block at 0xc3 in for 0xa5
03-29 13:46:30.633 19281 19281 E ArmVmp : Match on catch block at 0xc3 in for 0xa9
03-29 13:46:31.117 19281 19281 E ArmVmp : Match on catch block at 0xc3 in for 0xa9
03-29 13:46:31.132 19281 19281 E ArmVmp : Match on catch block at 0xc3 in for 0xa1
03-29 13:46:31.610 19281 19281 E ArmVmp : Match on catch block at 0xc3 in for 0xa1
03-29 13:46:31.615 19281 19281 E ArmVmp : Match on catch block at 0xc3 in for 0xa5
03-29 13:46:31.910 19281 19281 E ArmVmp : Match on catch block at 0xc3 in for 0xa5
03-29 13:46:31.914 19281 19281 E ArmVmp : Match on catch block at 0xc3 in for 0xa9
03-29 13:46:32.421 19281 19281 E ArmVmp : Match on catch block at 0xc3 in for 0xa9
03-29 13:46:32.436 19281 19281 E ArmVmp : Match on catch block at 0xc3 in for 0xa1
03-29 13:46:32.826 19281 19281 E ArmVmp : Match on catch block at 0xc3 in for 0xa1
03-29 13:46:32.829 19281 19281 E ArmVmp : Match on catch block at 0xc3 in for 0xa5
03-29 13:46:32.846 19281 19281 E ArmVmp : Match on catch block at 0xc3 in for 0xa5
03-29 13:46:32.848 19281 19281 E ArmVmp : Match on catch block at 0xc3 in for 0xa9
03-29 13:46:33.316 19281 19281 E ArmVmp : Match on catch block at 0xc3 in for 0xa9
03-29 13:46:33.321 19281 19281 E ArmVmp : Match on catch block at 0xc3 in for 0xa1
03-29 13:46:33.531 19281 19281 E ArmVmp : Match on catch block at 0xc3 in for 0xa1
03-29 13:46:33.534 19281 19281 E ArmVmp : Match on catch block at 0xc3 in for 0xa5
03-29 13:46:33.715 19281 19281 E ArmVmp : Match on catch block at 0xc3 in for 0xa5
03-29 13:46:33.719 19281 19281 E ArmVmp : Match on catch block at 0xc3 in for 0xa9
03-29 13:46:34.222 19281 19281 E ArmVmp : Match on catch block at 0xc3 in for 0xa9
03-29 13:46:34.232 19281 19281 E ArmVmp : Match on catch block at 0xc3 in for 0xa1
03-29 13:46:34.436 19281 19281 E ArmVmp : Match on catch block at 0xc3 in for 0xa1
03-29 13:46:34.440 19281 19281 E ArmVmp : Match on catch block at 0xc3 in for 0xa5
03-29 13:46:34.835 19281 19281 E ArmVmp : Match on catch block at 0xc3 in for 0xa5
03-29 13:46:34.838 19281 19281 E ArmVmp : Match on catch block at 0xc3 in for 0xa9
03-29 13:46:34.934 19281 19281 E ArmVmp : Match on catch block at 0xc3 in for 0xa9
03-29 13:46:34.939 19281 19281 E ArmVmp : Match on catch block at 0xc3 in for 0xa1
03-29 13:46:35.185 19281 19281 E ArmVmp : Match on catch block at 0xc3 in for 0xa1
03-29 13:46:35.188 19281 19281 E ArmVmp : Match on catch block at 0xc3 in for 0xa5
03-29 13:46:35.369 19281 19281 E ArmVmp : Match on catch block at 0xc3 in for 0xa5
03-29 13:46:35.372 19281 19281 E ArmVmp : Match on catch block at 0xc3 in for 0xa9
03-29 13:46:35.644 19281 19281 E ArmVmp : Match on catch block at 0xc3 in for 0xa5
03-29 13:46:35.647 19281 19281 E ArmVmp : Match on catch block at 0xc3 in for 0xa9
03-29 13:46:36.137 19281 19281 E ArmVmp : Match on catch block at 0xc3 in for 0xa9
03-29 13:46:36.140 19281 19281 E ArmVmp : Match on catch block at 0xc3 in for 0xa1
03-29 13:46:36.153 19281 19281 E ArmVmp : Match on catch block at 0xc3 in for 0xa1
03-29 13:46:36.155 19281 19281 E ArmVmp : Match on catch block at 0xc3 in for 0xa5
03-29 13:46:36.304 19281 19281 E ArmVmp : Match on catch block at 0xc3 in for 0xa5
03-29 13:46:36.308 19281 19281 E ArmVmp : Match on catch block at 0xc3 in for 0xa9
03-29 13:46:36.571 19281 19281 E ArmVmp : Match on catch block at 0xc3 in for 0xa9
03-29 13:46:36.575 19281 19281 E ArmVmp : Match on catch block at 0xc3 in for 0xa1
03-29 13:46:36.756 19281 19281 E ArmVmp : Match on catch block at 0xc3 in for 0xa1
03-29 13:46:36.759 19281 19281 E ArmVmp : Match on catch block at 0xc3 in for 0xa5
03-29 13:46:36.889 19281 19281 E ArmVmp : Match on catch block at 0xc3 in for 0xa5
03-29 13:46:36.893 19281 19281 E ArmVmp : Match on catch block at 0xc3 in for 0xa9
03-29 13:46:37.310 19281 19281 E ArmVmp : Match on catch block at 0xc3 in for 0xa9
03-29 13:46:37.315 19281 19281 E ArmVmp : Match on catch block at 0xc3 in for 0xa1
03-29 13:46:37.351 19281 19281 E ArmVmp : Match on catch block at 0xc3 in for 0xa5
03-29 13:46:37.353 19281 19281 E ArmVmp : Match on catch block at 0xc3 in for 0xa9
03-29 13:46:37.361 19281 19281 W IInputConnectionWrapper: getTextBeforeCursor on inactive InputConnection
03-29 13:46:37.378 19281 19281 E ArmVmp : Match on catch block at 0xc3 in for 0xa9
03-29 13:46:37.380 19281 19281 E ArmVmp : Match on catch block at 0xc3 in for 0xa1
03-29 13:46:37.385 19281 19281 W IInputConnectionWrapper: getTextAfterCursor on inactive InputConnection
03-29 13:46:37.421 19281 19281 E ArmVmp : Match on catch block at 0xc3 in for 0xa9
03-29 13:46:37.423 19281 19281 E ArmVmp : Match on catch block at 0xc3 in for 0xa1
03-29 13:46:37.429 19281 19281 W IInputConnectionWrapper: getSelectedText on inactive InputConnection
03-29 13:46:37.446 19281 19281 E ArmVmp : Match on catch block at 0xc3 in for 0xa5
03-29 13:46:37.448 19281 19281 E ArmVmp : Match on catch block at 0xc3 in for 0xa9
03-29 13:46:37.454 19281 19281 W IInputConnectionWrapper: getTextBeforeCursor on inactive InputConnection
03-29 13:46:37.457 19281 19281 E ArmVmp : Match on catch block at 0xc3 in for 0xa1
03-29 13:46:37.460 19281 19281 E ArmVmp : Match on catch block at 0xc3 in for 0xa5
03-29 13:46:37.464 19281 19281 W IInputConnectionWrapper: getTextBeforeCursor on inactive InputConnection
03-29 13:46:37.473 19281 19281 E ArmVmp : Match on catch block at 0xc3 in for 0xa5
03-29 13:46:37.475 19281 19281 E ArmVmp : Match on catch block at 0xc3 in for 0xa9
03-29 13:46:37.490 19281 19281 E ArmVmp : Match on catch block at 0xc3 in for 0xa9
03-29 13:46:37.493 19281 19281 E ArmVmp : Match on catch block at 0xc3 in for 0xa1
03-29 13:46:37.506 19281 19281 E ArmVmp : Match on catch block at 0xc3 in for 0xa1
03-29 13:46:37.508 19281 19281 E ArmVmp : Match on catch block at 0xc3 in for 0xa5
03-29 13:46:37.523 19281 19281 E ArmVmp : Match on catch block at 0xc3 in for 0xa5
03-29 13:46:37.526 19281 19281 E ArmVmp : Match on catch block at 0xc3 in for 0xa9
03-29 13:46:37.540 19281 19281 E ArmVmp : Match on catch block at 0xc3 in for 0xa9
03-29 13:46:37.543 19281 19281 E ArmVmp : Match on catch block at 0xc3 in for 0xa1
03-29 13:46:37.762 19281 19281 E ArmVmp : Match on catch block at 0xc3 in for 0xa1
03-29 13:46:37.765 19281 19281 E ArmVmp : Match on catch block at 0xc3 in for 0xa5
03-29 13:46:37.777 19281 23173 W MediaPlayer: Use of stream types is deprecated for operations other than volume control
03-29 13:46:37.777 19281 23173 W MediaPlayer: See the documentation of setAudioStreamType() for what to use instead with android.media.AudioAttributes to qualify your playback use case
03-29 13:46:37.841 19281 19281 E ArmVmp : Match on catch block at 0xc3 in for 0xa9
03-29 13:46:37.844 19281 19281 E ArmVmp : Match on catch block at 0xc3 in for 0xa1
03-29 13:46:38.345 19281 19281 E ArmVmp : Match on catch block at 0xc3 in for 0xa1
03-29 13:46:38.355 19281 19281 E ArmVmp : Match on catch block at 0xc3 in for 0xa5
03-29 13:46:38.597 19281 19281 E ArmVmp : Match on catch block at 0xc3 in for 0xa5
03-29 13:46:38.600 19281 19281 E ArmVmp : Match on catch block at 0xc3 in for 0xa9
03-29 13:46:38.614 19281 19281 E ArmVmp : Match on catch block at 0xc3 in for 0xa1
03-29 13:46:38.616 19281 19281 E ArmVmp : Match on catch block at 0xc3 in for 0xa5
03-29 13:46:38.869 19281 19281 E ArmVmp : Match on catch block at 0xc3 in for 0xa9
03-29 13:46:38.883 19281 19281 E ArmVmp : Match on catch block at 0xc3 in for 0xa1
03-29 13:46:39.370 19281 19281 E ArmVmp : Match on catch block at 0xc3 in for 0xa1
03-29 13:46:39.383 19281 19281 E ArmVmp : Match on catch block at 0xc3 in for 0xa5
03-29 13:46:39.654 19281 19281 E ArmVmp : Match on catch block at 0xc3 in for 0xa9
03-29 13:46:39.657 19281 19281 E ArmVmp : Match on catch block at 0xc3 in for 0xa1
03-29 13:46:39.678 19281 19281 E ArmVmp : Match on catch block at 0xc3 in for 0xa1
03-29 13:46:39.681 19281 19281 E ArmVmp : Match on catch block at 0xc3 in for 0xa5
03-29 13:46:39.700 19281 19281 E ArmVmp : Match on catch block at 0xc3 in for 0xa1
03-29 13:46:39.703 19281 19281 E ArmVmp : Match on catch block at 0xc3 in for 0xa5
03-29 13:46:39.766 19281 19281 E ArmVmp : Match on catch block at 0xc3 in for 0xa5
03-29 13:46:39.770 19281 19281 E ArmVmp : Match on catch block at 0xc3 in for 0xa9
03-29 13:46:40.031 19281 19281 E ArmVmp : Match on catch block at 0xc3 in for 0xa5
03-29 13:46:40.033 19281 19281 E ArmVmp : Match on catch block at 0xc3 in for 0xa9
03-29 13:46:40.262 19281 19281 E ArmVmp : Match on catch block at 0xc3 in for 0xa9
03-29 13:46:40.266 19281 19281 E ArmVmp : Match on catch block at 0xc3 in for 0xa1
03-29 13:46:43.966 19281 19281 E Parcel : Reading a NULL string not supported here.
03-29 13:46:44.042 19281 23817 E libEGL : Invalid file path for libcolorx- loader.so
03-29 13:46:45.341 19281 19281 E Parcel : Reading a NULL string not supported here.
03-29 13:46:45.390 19281 23842 E libEGL : Invalid file path for libcolorx- loader.so
03-29 13:46:45.550 19281 19281 W BottomSheetBehavior: BottomSheetBehavior now supports multiple callbacks. `setBottomSheetCallback()` removes all existing callbacks, including ones set internally by library authors, which may result in unintended behavior. This may change in the future. Please use `addBottomSheetCallback()` and `removeBottomSheetCallback()` instead to set your own callbacks.
03-29 13:46:45.550 19281 19281 W BottomSheetBehavior: BottomSheetBehavior now supports multiple callbacks. `setBottomSheetCallback()` removes all existing callbacks, including ones set internally by library authors, which may result in unintended behavior. This may change in the future. Please use `addBottomSheetCallback()` and `removeBottomSheetCallback()` instead to set your own callbacks.
03-29 13:46:45.607 19281 19281 W BottomSheetBehavior: BottomSheetBehavior now supports multiple callbacks. `setBottomSheetCallback()` removes all existing callbacks, including ones set internally by library authors, which may result in unintended behavior. This may change in the future. Please use `addBottomSheetCallback()` and `removeBottomSheetCallback()` instead to set your own callbacks.
03-29 13:46:45.608 19281 19281 W BottomSheetBehavior: BottomSheetBehavior now supports multiple callbacks. `setBottomSheetCallback()` removes all existing callbacks, including ones set internally by library authors, which may result in unintended behavior. This may change in the future. Please use `addBottomSheetCallback()` and `removeBottomSheetCallback()` instead to set your own callbacks.
03-29 13:46:45.683 19281 23844 E Parcel : Reading a NULL string not supported here.
03-29 13:46:45.717 19281 23853 E OplusACodec: [GetVideoCodingTypeFromMime:L726] mime:video/avc
03-29 13:46:45.790 19281 23857 W Codec2Client: query -- param skipped: index = 1107298332.
03-29 13:46:45.790 19281 23857 W CCodec : This behavior is subject to change. It is recommended that app developers double check whether the requested max input size is in reasonable range.
03-29 13:46:45.803 19281 23857 W Codec2Client: query -- param skipped: index = 1342179345.
03-29 13:46:45.803 19281 23857 W Codec2Client: query -- param skipped: index = 2415921170.
03-29 13:46:45.803 19281 23857 W Codec2Client: query -- param skipped: index = 1610614798.
03-29 13:46:45.804 19281 23857 E FMQ : grantorIdx must be less than 3
03-29 13:46:45.804 19281 23857 E FMQ : grantorIdx must be less than 3
03-29 13:46:45.811 19281 23857 E FMQ : grantorIdx must be less than 3
03-29 13:46:45.821 19281 19832 E FMQ : grantorIdx must be less than 3
03-29 13:46:47.477 19281 23844 W AudioTrack: getTimestamp_l(3620): retrograde timestamp time corrected, 230329936840258 < 230329937161247
03-29 13:46:49.265 19281 23857 W Codec2Client: query -- param skipped: index = 1342179345.
03-29 13:46:49.265 19281 23857 W Codec2Client: query -- param skipped: index = 2415921170.
03-29 13:46:49.265 19281 23857 W Codec2Client: query -- param skipped: index = 1610614798.
03-29 13:46:49.311 19281 19281 W BottomSheetBehavior: BottomSheetBehavior now supports multiple callbacks. `setBottomSheetCallback()` removes all existing callbacks, including ones set internally by library authors, which may result in unintended behavior. This may change in the future. Please use `addBottomSheetCallback()` and `removeBottomSheetCallback()` instead to set your own callbacks.
