03-08 21:36:26.438 10581 10581 E ArmVmp : Match on catch block at 0xc3 in for 0xa9
03-08 21:36:26.751 10581 10581 E ArmVmp : Match on catch block at 0xc3 in for 0xa5
03-08 21:36:26.755 10581 10581 E ArmVmp : Match on catch block at 0xc3 in for 0xa9
03-08 21:36:26.790 10581 10581 E ArmVmp : Match on catch block at 0xc3 in for 0xa1
03-08 21:36:26.793 10581 10581 E ArmVmp : Match on catch block at 0xc3 in for 0xa5
03-08 21:36:26.822 10581 10581 E ArmVmp : Match on catch block at 0xc3 in for 0xa1
03-08 21:36:26.829 10581 10581 E ArmVmp : Match on catch block at 0xc3 in for 0xa5
03-08 21:36:26.884 10581 10581 E ArmVmp : Match on catch block at 0xc3 in for 0xa9
03-08 21:36:26.887 10581 10581 E ArmVmp : Match on catch block at 0xc3 in for 0xa1
03-08 21:36:26.905 10581 10581 E ArmVmp : Match on catch block at 0xc3 in for 0xa1
03-08 21:36:26.908 10581 10581 E ArmVmp : Match on catch block at 0xc3 in for 0xa5
03-08 21:36:26.917 10581 10581 E ArmVmp : Match on catch block at 0xc3 in for 0xa9
03-08 21:36:26.920 10581 10581 E ArmVmp : Match on catch block at 0xc3 in for 0xa1
03-08 21:36:26.932 10581 10581 E ArmVmp : Match on catch block at 0xc3 in for 0xa1
03-08 21:36:26.935 10581 10581 E ArmVmp : Match on catch block at 0xc3 in for 0xa5
03-08 21:36:26.949 10581 10581 E ArmVmp : Match on catch block at 0xc3 in for 0xa5
03-08 21:36:26.953 10581 10581 E ArmVmp : Match on catch block at 0xc3 in for 0xa9
03-08 21:36:26.965 10581 10581 E ArmVmp : Match on catch block at 0xc3 in for 0xa9
03-08 21:36:26.967 10581 10581 E ArmVmp : Match on catch block at 0xc3 in for 0xa1
03-08 21:36:27.045 10581 10581 E ArmVmp : Match on catch block at 0xc3 in for 0xa1
03-08 21:36:27.047 10581 10581 E ArmVmp : Match on catch block at 0xc3 in for 0xa5
03-08 21:36:27.065 10581 10581 E ArmVmp : Match on catch block at 0xc3 in for 0xa5
03-08 21:36:27.067 10581 10581 E ArmVmp : Match on catch block at 0xc3 in for 0xa9
03-08 21:36:27.287 10581 10581 E ArmVmp : Match on catch block at 0xc3 in for 0xa9
03-08 21:36:27.289 10581 10581 E ArmVmp : Match on catch block at 0xc3 in for 0xa1
03-08 21:36:27.299 10581 14088 W MediaPlayer: Use of stream types is deprecated for operations other than volume control
03-08 21:36:27.299 10581 14088 W MediaPlayer: See the documentation of setAudioStreamType() for what to use instead with android.media.AudioAttributes to qualify your playback use case
03-08 21:36:27.300 10581 10581 E ArmVmp : Match on catch block at 0xc3 in for 0xa5
03-08 21:36:27.303 10581 10581 E ArmVmp : Match on catch block at 0xc3 in for 0xa9
03-08 21:36:27.802 10581 10581 E ArmVmp : Match on catch block at 0xc3 in for 0xa9
03-08 21:36:27.809 10581 10581 E ArmVmp : Match on catch block at 0xc3 in for 0xa1
03-08 21:36:28.303 10581 10581 E ArmVmp : Match on catch block at 0xc3 in for 0xa1
03-08 21:36:28.308 10581 10581 E ArmVmp : Match on catch block at 0xc3 in for 0xa5
03-08 21:36:28.805 10581 10581 E ArmVmp : Match on catch block at 0xc3 in for 0xa5
03-08 21:36:28.808 10581 10581 E ArmVmp : Match on catch block at 0xc3 in for 0xa9
03-08 21:36:29.307 10581 10581 E ArmVmp : Match on catch block at 0xc3 in for 0xa9
03-08 21:36:29.312 10581 10581 E ArmVmp : Match on catch block at 0xc3 in for 0xa1
03-08 21:36:29.807 10581 10581 E ArmVmp : Match on catch block at 0xc3 in for 0xa1
03-08 21:36:29.812 10581 10581 E ArmVmp : Match on catch block at 0xc3 in for 0xa5
03-08 21:36:30.308 10581 10581 E ArmVmp : Match on catch block at 0xc3 in for 0xa5
03-08 21:36:30.314 10581 10581 E ArmVmp : Match on catch block at 0xc3 in for 0xa9
03-08 21:36:30.809 10581 10581 E ArmVmp : Match on catch block at 0xc3 in for 0xa9
03-08 21:36:30.815 10581 10581 E ArmVmp : Match on catch block at 0xc3 in for 0xa1
03-08 21:36:30.902 10581 10581 E ArmVmp : Match on catch block at 0xc3 in for 0xa1
03-08 21:36:30.904 10581 10581 E ArmVmp : Match on catch block at 0xc3 in for 0xa5
03-08 21:36:30.926 10581 10581 E ArmVmp : Match on catch block at 0xc3 in for 0xa5
03-08 21:36:30.929 10581 10581 E ArmVmp : Match on catch block at 0xc3 in for 0xa9
03-08 21:36:31.310 10581 10581 E ArmVmp : Match on catch block at 0xc3 in for 0xa9
03-08 21:36:31.314 10581 10581 E ArmVmp : Match on catch block at 0xc3 in for 0xa1
03-08 21:36:31.331 10581 10581 E ArmVmp : Match on catch block at 0xc3 in for 0xa1
03-08 21:36:31.334 10581 10581 E ArmVmp : Match on catch block at 0xc3 in for 0xa5
03-08 21:36:31.430 10581 10581 E ArmVmp : Match on catch block at 0xc3 in for 0xa5
03-08 21:36:31.432 10581 10581 E ArmVmp : Match on catch block at 0xc3 in for 0xa9
03-08 21:36:31.649 10581 10581 E ArmVmp : Match on catch block at 0xc3 in for 0xa9
03-08 21:36:31.652 10581 10581 E ArmVmp : Match on catch block at 0xc3 in for 0xa1
03-08 21:36:41.724 10581 10581 E Parcel : Reading a NULL string not supported here.
03-08 21:36:41.791 10581 15253 E libEGL : Invalid file path for libcolorx- loader.so
03-08 21:36:41.963 10581 10581 W BottomSheetBehavior: BottomSheetBehavior now supports multiple callbacks. `setBottomSheetCallback()` removes all existing callbacks, including ones set internally by library authors, which may result in unintended behavior. This may change in the future. Please use `addBottomSheetCallback()` and `removeBottomSheetCallback()` instead to set your own callbacks.
03-08 21:36:41.963 10581 10581 W BottomSheetBehavior: BottomSheetBehavior now supports multiple callbacks. `setBottomSheetCallback()` removes all existing callbacks, including ones set internally by library authors, which may result in unintended behavior. This may change in the future. Please use `addBottomSheetCallback()` and `removeBottomSheetCallback()` instead to set your own callbacks.
03-08 21:36:42.015 10581 15255 E Parcel : Reading a NULL string not supported here.
03-08 21:36:42.018 10581 10581 W BottomSheetBehavior: BottomSheetBehavior now supports multiple callbacks. `setBottomSheetCallback()` removes all existing callbacks, including ones set internally by library authors, which may result in unintended behavior. This may change in the future. Please use `addBottomSheetCallback()` and `removeBottomSheetCallback()` instead to set your own callbacks.
03-08 21:36:42.018 10581 10581 W BottomSheetBehavior: BottomSheetBehavior now supports multiple callbacks. `setBottomSheetCallback()` removes all existing callbacks, including ones set internally by library authors, which may result in unintended behavior. This may change in the future. Please use `addBottomSheetCallback()` and `removeBottomSheetCallback()` instead to set your own callbacks.
03-08 21:36:42.044 10581 10581 E RecyclerView: No adapter attached; skipping layout
03-08 21:36:42.047 10581 10581 E RecyclerView: No adapter attached; skipping layout
03-08 21:36:42.063 10581 15262 E libEGL : Invalid file path for libcolorx- loader.so
03-08 21:36:42.073 10581 15258 E OplusACodec: [GetVideoCodingTypeFromMime:L726] mime:video/avc
03-08 21:36:42.163 10581 15268 W Codec2Client: query -- param skipped: index = 1107298332.
03-08 21:36:42.163 10581 15268 W CCodec : This behavior is subject to change. It is recommended that app developers double check whether the requested max input size is in reasonable range.
03-08 21:36:42.166 10581 15268 W Codec2Client: query -- param skipped: index = 1342179345.
03-08 21:36:42.166 10581 15268 W Codec2Client: query -- param skipped: index = 2415921170.
03-08 21:36:42.166 10581 15268 W Codec2Client: query -- param skipped: index = 1610614798.
03-08 21:36:42.167 10581 15268 E FMQ : grantorIdx must be less than 3
03-08 21:36:42.167 10581 15268 E FMQ : grantorIdx must be less than 3
03-08 21:36:42.174 10581 15268 E FMQ : grantorIdx must be less than 3
03-08 21:36:42.183 10581 12965 E FMQ : grantorIdx must be less than 3
03-08 21:36:45.672 10581 15268 W Codec2Client: query -- param skipped: index = 1342179345.
03-08 21:36:45.672 10581 15268 W Codec2Client: query -- param skipped: index = 2415921170.
03-08 21:36:45.672 10581 15268 W Codec2Client: query -- param skipped: index = 1610614798.
03-08 21:36:45.675 10581 10581 W BottomSheetBehavior: BottomSheetBehavior now supports multiple callbacks. `setBottomSheetCallback()` removes all existing callbacks, including ones set internally by library authors, which may result in unintended behavior. This may change in the future. Please use `addBottomSheetCallback()` and `removeBottomSheetCallback()` instead to set your own callbacks.
03-08 21:36:45.675 10581 10581 W BottomSheetBehavior: BottomSheetBehavior now supports multiple callbacks. `setBottomSheetCallback()` removes all existing callbacks, including ones set internally by library authors, which may result in unintended behavior. This may change in the future. Please use `addBottomSheetCallback()` and `removeBottomSheetCallback()` instead to set your own callbacks.
03-08 21:36:46.973 10581 10637 E SQLiteDatabase: Error inserting transferred=1 media_job_uuid=e3d4c2c5-fc31-4678-9c7f-7b7bdd09332f transcoded=0 gif_attribution=0 first_scan_length=0 direct_path=/v/t62.7161- 24/25392546_780651326797813_4753541763760765828_n.enc?ccb=11- 4&oh=01_AdSnN6i1b7IRkJZmTpBulKA3BFA6QWt_EEKO-E4XrwzHnA&oe=661267EA&_nc_sid=5e03e0 thumbnail_height_width_ratio=1.7777778 is_animated_sticker=0 file_hash=FrQTglNRn75LmPq+2fWbugTHvlt9qIpuVEwNxiNfCzg= file_path=Media/.Statuses/15b841b42d854100a6733f00b9024b37.mp4 file_size=1223145 partial_media_hash=null face_x=0 face_y=0 height=656 trim_to=0 media_key_timestamp=1709901372000 message_url=https://mmg.whatsapp.net/v/t62.7161- 24/25392546_780651326797813_4753541763760765828_n.enc?ccb=11- 4&oh=01_AdSnN6i1b7IRkJZmTpBulKA3BFA6QWt_EEKO- E4XrwzHnA&oe=661267EA&_nc_sid=5e03e0&mms3=true media_caption=null trim_from=0 mime_type=video/mp4 partial_media_enc_hash=null width=368 original_file_hash=null has_streaming_sidecar=1 autotransfer_retry_enabled=1 media_upload_handle=null message_row_id=38 multicast_id=null enc_file_hash=80vWQB3nZikZfRYG4lJzeQM5W8LdxV1qzWKnFJSgoe4= mute_video=0 page_count=0 first_scan_sidecar=null suspicious_content=0 file_length=1223145 media_name=null media_duration=8 chat_row_id=5 media_key=[B@bb9189f
03-08 21:36:46.973 10581 10637 E SQLiteDatabase: android.database.sqlite.SQLiteConstraintException: UNIQUE constraint failed: message_media.message_row_id (code 1555 SQLITE_CONSTRAINT_PRIMARYKEY)
03-08 21:36:46.973 10581 10637 E SQLiteDatabase: at android.database.sqlite.SQLiteConnection.nativeExecuteForLastInsertedRowId(Native Method)
03-08 21:36:46.973 10581 10637 E SQLiteDatabase: at android.database.sqlite.SQLiteConnection.executeForLastInsertedRowId(SQLiteConnecti on.java:948)
03-08 21:36:46.973 10581 10637 E SQLiteDatabase: at android.database.sqlite.SQLiteSession.executeForLastInsertedRowId(SQLiteSession.jav a:790)
03-08 21:36:46.973 10581 10637 E SQLiteDatabase: at android.database.sqlite.SQLiteStatement.executeInsert(SQLiteStatement.java:88)
03-08 21:36:46.973 10581 10637 E SQLiteDatabase: at android.database.sqlite.SQLiteDatabase.insertWithOnConflict(SQLiteDatabase.java:171 2)
03-08 21:36:46.973 10581 10637 E SQLiteDatabase: at android.database.sqlite.SQLiteDatabase.insert(SQLiteDatabase.java:1581)
03-08 21:36:46.973 10581 10637 E SQLiteDatabase: at X.2tm.A08(Unknown Source:6)
03-08 21:36:46.973 10581 10637 E SQLiteDatabase: at X.35Y.A07(Unknown Source:212)
03-08 21:36:46.973 10581 10637 E SQLiteDatabase: at X.3QF.A14(Unknown Source:470)
03-08 21:36:46.973 10581 10637 E SQLiteDatabase: at X.3gU.run(Unknown Source:982)
03-08 21:36:46.973 10581 10637 E SQLiteDatabase: at android.os.Handler.handleCallback(Handler.java:938)
03-08 21:36:46.973 10581 10637 E SQLiteDatabase: at android.os.Handler.dispatchMessage(Handler.java:99)
03-08 21:36:46.973 10581 10637 E SQLiteDatabase: at X.0zq.dispatchMessage(Unknown Source:4)
03-08 21:36:46.973 10581 10637 E SQLiteDatabase: at android.os.Looper.loop(Looper.java:263)
03-08 21:36:46.973 10581 10637 E SQLiteDatabase: at android.os.HandlerThread.run(HandlerThread.java:67)
03-08 21:36:49.039 10581 10581 W BottomSheetBehavior: BottomSheetBehavior now supports multiple callbacks. `setBottomSheetCallback()` removes all existing callbacks, including ones set internally by library authors, which may result in unintended behavior. This may change in the future. Please use `addBottomSheetCallback()` and `removeBottomSheetCallback()` instead to set your own callbacks.
03-08 21:36:49.039 10581 10581 W BottomSheetBehavior: BottomSheetBehavior now supports multiple callbacks. `setBottomSheetCallback()` removes all existing callbacks, including ones set internally by library authors, which may result in unintended behavior. This may change in the future. Please use `addBottomSheetCallback()` and `removeBottomSheetCallback()` instead to set your own callbacks.
03-08 21:36:49.053 10581 10581 E RecyclerView: No adapter attached; skipping layout
03-08 21:36:49.492 10581 10637 E SQLiteDatabase: Error inserting transferred=1 media_job_uuid=cd7e981f-cc8b-4d48-96e4-59779ceabd71 transcoded=0 gif_attribution=0 first_scan_length=8469 direct_path=/v/t62.7118- 24/34531370_930364691727544_5007725509472060541_n.enc?ccb=11- 4&oh=01_AdR9hs5AKmncjGGpWbXYbwzUhVcJJsp_6cljk-eoKmokig&oe=66126285&_nc_sid=5e03e0 thumbnail_height_width_ratio=1.3283582 is_animated_sticker=0 file_hash=4pBZQdA0z8qjdYv4dqoFeq+kkEFNfim7kz6hp+kMLBk= file_path=Media/.Statuses/80a6cde24ec64271b0d014b5356490cb.jpg file_size=92906 partial_media_hash=akbIoODBryqHkzZz0UufeQF/FDgFl1LU8bjWlWKD4oU= face_x=399 face_y=463 height=1080 trim_to=0 media_key_timestamp=1709901241000 message_url=https://mmg.whatsapp.net/v/t62.7118- 24/34531370_930364691727544_5007725509472060541_n.enc?ccb=11- 4&oh=01_AdR9hs5AKmncjGGpWbXYbwzUhVcJJsp_6cljk- eoKmokig&oe=66126285&_nc_sid=5e03e0&mms3=true media_caption=null trim_from=0 mime_type=image/jpeg partial_media_enc_hash=null width=809 original_file_hash=null has_streaming_sidecar=1 autotransfer_retry_enabled=1 media_upload_handle=null message_row_id=36 multicast_id=null enc_file_hash=fkJnT7WJd5nhyQO+lNlLG+/XRBuIflScnDyNvXjfkoo= mute_video=0 page_count=0 first_scan_sidecar=[B@446477a suspicious_content=0 file_length=92906 media_name=null media_duration=0 chat_row_id=5 media_key=[B@e0fcb2b
03-08 21:36:49.492 10581 10637 E SQLiteDatabase: android.database.sqlite.SQLiteConstraintException: UNIQUE constraint failed: message_media.message_row_id (code 1555 SQLITE_CONSTRAINT_PRIMARYKEY)
03-08 21:36:49.492 10581 10637 E SQLiteDatabase: at android.database.sqlite.SQLiteConnection.nativeExecuteForLastInsertedRowId(Native Method)
03-08 21:36:49.492 10581 10637 E SQLiteDatabase: at android.database.sqlite.SQLiteConnection.executeForLastInsertedRowId(SQLiteConnecti on.java:948)
03-08 21:36:49.492 10581 10637 E SQLiteDatabase: at android.database.sqlite.SQLiteSession.executeForLastInsertedRowId(SQLiteSession.jav a:790)
03-08 21:36:49.492 10581 10637 E SQLiteDatabase: at android.database.sqlite.SQLiteStatement.executeInsert(SQLiteStatement.java:88)
03-08 21:36:49.492 10581 10637 E SQLiteDatabase: at android.database.sqlite.SQLiteDatabase.insertWithOnConflict(SQLiteDatabase.java:171 2)
03-08 21:36:49.492 10581 10637 E SQLiteDatabase: at android.database.sqlite.SQLiteDatabase.insert(SQLiteDatabase.java:1581)
03-08 21:36:49.492 10581 10637 E SQLiteDatabase: at X.2tm.A08(Unknown Source:6)
03-08 21:36:49.492 10581 10637 E SQLiteDatabase: at X.35Y.A07(Unknown Source:212)
03-08 21:36:49.492 10581 10637 E SQLiteDatabase: at X.3QF.A14(Unknown Source:470)
03-08 21:36:49.492 10581 10637 E SQLiteDatabase: at X.3gU.run(Unknown Source:982)
03-08 21:36:49.492 10581 10637 E SQLiteDatabase: at android.os.Handler.handleCallback(Handler.java:938)
03-08 21:36:49.492 10581 10637 E SQLiteDatabase: at android.os.Handler.dispatchMessage(Handler.java:99)
03-08 21:36:49.492 10581 10637 E SQLiteDatabase: at X.0zq.dispatchMessage(Unknown Source:4)
03-08 21:36:49.492 10581 10637 E SQLiteDatabase: at android.os.Looper.loop(Looper.java:263)
03-08 21:36:49.492 10581 10637 E SQLiteDatabase: at android.os.HandlerThread.run(HandlerThread.java:67)
03-08 21:36:51.026 10581 10581 E RecyclerView: No adapter attached; skipping layout
03-08 21:36:54.823 10581 10581 E Parcel : Reading a NULL string not supported here.
03-08 21:36:54.867 10581 15302 E libEGL : Invalid file path for libcolorx- loader.so
03-08 21:36:55.057 10581 10581 W BottomSheetBehavior: BottomSheetBehavior now supports multiple callbacks. `setBottomSheetCallback()` removes all existing callbacks, including ones set internally by library authors, which may result in unintended behavior. This may change in the future. Please use `addBottomSheetCallback()` and `removeBottomSheetCallback()` instead to set your own callbacks.
03-08 21:36:55.099 10581 10581 W BottomSheetBehavior: BottomSheetBehavior now supports multiple callbacks. `setBottomSheetCallback()` removes all existing callbacks, including ones set internally by library authors, which may result in unintended behavior. This may change in the future. Please use `addBottomSheetCallback()` and `removeBottomSheetCallback()` instead to set your own callbacks.
03-08 21:36:55.122 10581 10581 W BottomSheetBehavior: BottomSheetBehavior now supports multiple callbacks. `setBottomSheetCallback()` removes all existing callbacks, including ones set internally by library authors, which may result in unintended behavior. This may change in the future. Please use `addBottomSheetCallback()` and `removeBottomSheetCallback()` instead to set your own callbacks.
03-08 21:36:55.122 10581 10581 W BottomSheetBehavior: BottomSheetBehavior now supports multiple callbacks. `setBottomSheetCallback()` removes all existing callbacks, including ones set internally by library authors, which may result in unintended behavior. This may change in the future. Please use `addBottomSheetCallback()` and `removeBottomSheetCallback()` instead to set your own callbacks.
03-08 21:36:55.143 10581 10581 E RecyclerView: No adapter attached; skipping layout
03-08 21:36:55.145 10581 10581 E RecyclerView: No adapter attached; skipping layout
03-08 21:36:57.574 10581 10581 W BottomSheetBehavior: BottomSheetBehavior now supports multiple callbacks. `setBottomSheetCallback()` removes all existing callbacks, including ones set internally by library authors, which may result in unintended behavior. This may change in the future. Please use `addBottomSheetCallback()` and `removeBottomSheetCallback()` instead to set your own callbacks.
03-08 21:36:57.574 10581 10581 W BottomSheetBehavior: BottomSheetBehavior now supports multiple callbacks. `setBottomSheetCallback()` removes all existing callbacks, including ones set internally by library authors, which may result in unintended behavior. This may change in the future. Please use `addBottomSheetCallback()` and `removeBottomSheetCallback()` instead to set your own callbacks.
03-08 21:36:57.579 10581 10581 E RecyclerView: No adapter attached; skipping layout
03-08 21:37:21.174 10581 10581 E Parcel : Reading a NULL string not supported here.
03-08 21:37:21.234 10581 15355 E libEGL : Invalid file path for libcolorx- loader.so
03-08 21:37:26.763 10581 10581 W Choreographer: Frame time is 0.020447 ms in the future! Check that graphics HAL is generating vsync timestamps using the correct timebase.
03-08 21:37:32.936 10581 10581 E Parcel : Reading a NULL string not supported here.
03-08 21:37:33.007 10581 15380 E libEGL : Invalid file path for libcolorx- loader.so
03-08 21:37:33.079 10581 10581 W TabLayout: MODE_SCROLLABLE + GRAVITY_FILL is not supported, GRAVITY_START will be used instead
03-08 21:37:33.096 10581 10581 E Parcel : Reading a NULL string not supported here.
03-08 21:37:33.099 10581 10581 E Parcel : Reading a NULL string not supported here.
03-08 21:37:33.100 10581 10581 E Parcel : Reading a NULL string not supported here.
03-08 21:37:33.111 10581 10581 W BottomSheetBehavior: BottomSheetBehavior now supports multiple callbacks. `setBottomSheetCallback()` removes all existing callbacks, including ones set internally by library authors, which may result in unintended behavior. This may change in the future. Please use `addBottomSheetCallback()` and `removeBottomSheetCallback()` instead to set your own callbacks.
03-08 21:37:33.114 10581 10581 E Parcel : Reading a NULL string not supported here.
03-08 21:37:33.120 10581 12726 E Parcel : Reading a NULL string not supported here.
03-08 21:37:33.127 10581 13174 E libc : Access denied finding property "persist.vendor.camera.privapp.list"
03-08 21:37:33.119 10581 10581 W Optic-Camera-Ha: type=1400 audit(0.0:17028): avc: denied { read } for name="u:object_r:vendor_persist_camera_prop:s0" dev="tmpfs" ino=11537 scontext=u:r:untrusted_app:s0:c193,c257,c512,c768 tcontext=u:object_r:vendor_persist_camera_prop:s0 tclass=file permissive=0 app=com.mbwhatsapp
03-08 21:37:33.143 10581 10624 E libc : Access denied finding property "vendor.camera.aux.packagelist"
03-08 21:37:33.143 10581 10988 E CameraManagerGlobal: Camera 5 is not available. Ignore physical camera status change
03-08 21:37:33.143 10581 10988 E CameraManagerGlobal: Camera 6 is not available. Ignore physical camera status change
03-08 21:37:33.143 10581 10988 E CameraManagerGlobal: Camera 7 is not available. Ignore physical camera status change
03-08 21:37:33.144 10581 10988 E libc : Access denied finding property "vendor.camera.aux.packagelist"
03-08 21:37:33.139 10581 10581 W Binder:10581_3: type=1400 audit(0.0:17030): avc: denied { read } for name="u:object_r:vendor_persist_camera_prop:s0" dev="tmpfs" ino=11537 scontext=u:r:untrusted_app:s0:c193,c257,c512,c768 tcontext=u:object_r:vendor_persist_camera_prop:s0 tclass=file permissive=0 app=com.mbwhatsapp
03-08 21:37:33.226 10581 14012 E Parcel : Reading a NULL string not supported here.
03-08 21:37:33.271 10581 14012 E Parcel : Reading a NULL string not supported here.
03-08 21:37:33.277 10581 12726 E Parcel : Reading a NULL string not supported here.
03-08 21:37:33.288 10581 14012 E Parcel : Reading a NULL string not supported here.
03-08 21:37:33.297 10581 14012 E Parcel : Reading a NULL string not supported here.
03-08 21:37:33.313 10581 13172 E libEGL : Invalid file path for libcolorx- loader.so
03-08 21:37:33.324 10581 14012 E Parcel : Reading a NULL string not supported here.
03-08 21:37:33.340 10581 12632 E Parcel : Reading a NULL string not supported here.
03-08 21:37:33.340 10581 14012 E Parcel : Reading a NULL string not supported here.
03-08 21:37:33.363 10581 14012 E Parcel : Reading a NULL string not supported here.
03-08 21:37:33.379 10581 14012 E Parcel : Reading a NULL string not supported here.
03-08 21:37:33.393 10581 14012 E Parcel : Reading a NULL string not supported here.
03-08 21:37:33.421 10581 14012 E Parcel : Reading a NULL string not supported here.
03-08 21:37:33.434 10581 14012 E Parcel : Reading a NULL string not supported here.
03-08 21:37:33.464 10581 14012 E Parcel : Reading a NULL string not supported here.
03-08 21:37:33.469 10581 12632 E Parcel : Reading a NULL string not supported here.
03-08 21:37:33.478 10581 14012 E Parcel : Reading a NULL string not supported here.
03-08 21:37:33.511 10581 15385 E Parcel : Reading a NULL string not supported here.
03-08 21:37:33.546 10581 15385 E Parcel : Reading a NULL string not supported here.
03-08 21:37:33.576 10581 15385 E Parcel : Reading a NULL string not supported here.
03-08 21:37:33.595 10581 15385 E Parcel : Reading a NULL string not supported here.
03-08 21:37:33.906 10581 15417 E Parcel : Reading a NULL string not supported here.
03-08 21:37:34.799 10581 15417 E Parcel : Reading a NULL string not supported here.
03-08 21:37:35.241 10581 15417 E Parcel : Reading a NULL string not supported here.
03-08 21:37:35.256 10581 15417 E Parcel : Reading a NULL string not supported here.
03-08 21:37:35.411 10581 15418 E Parcel : Reading a NULL string not supported here.
03-08 21:37:35.422 10581 15418 E Parcel : Reading a NULL string not supported here.
03-08 21:37:35.438 10581 15418 E Parcel : Reading a NULL string not supported here.
03-08 21:37:35.452 10581 15418 E Parcel : Reading a NULL string not supported here.
03-08 21:37:35.465 10581 15418 E Parcel : Reading a NULL string not supported here.
03-08 21:37:35.766 10581 10595 W System : A resource failed to call close.
03-08 21:37:38.656 10581 10581 E Parcel : Reading a NULL string not supported here.
03-08 21:37:38.721 10581 10581 E Parcel : Reading a NULL string not supported here.
03-08 21:37:38.728 10581 10581 E Parcel : Reading a NULL string not supported here.
03-08 21:37:38.904 10581 14014 E Parcel : Reading a NULL string not supported here.
03-08 21:37:38.977 10581 15433 E libc : Access denied finding property "vendor.camera.aux.packagelist"
03-08 21:37:38.971 10581 10581 W Binder:10581_9: type=1400 audit(0.0:17052): avc: denied { read } for name="u:object_r:vendor_persist_camera_prop:s0" dev="tmpfs" ino=11537 scontext=u:r:untrusted_app:s0:c193,c257,c512,c768 tcontext=u:object_r:vendor_persist_camera_prop:s0 tclass=file permissive=0 app=com.mbwhatsapp
03-08 21:37:38.989 10581 15433 E CameraManagerGlobal: Camera 5 is not available. Ignore physical camera status change
03-08 21:37:38.989 10581 15433 E CameraManagerGlobal: Camera 6 is not available. Ignore physical camera status change
03-08 21:37:38.990 10581 15433 E CameraManagerGlobal: Camera 7 is not available. Ignore physical camera status change
03-08 21:37:38.990 10581 15433 E libc : Access denied finding property "vendor.camera.aux.packagelist"
03-08 21:37:39.243 10581 15545 E Parcel : Reading a NULL string not supported here.
03-08 21:37:39.279 10581 15552 E libEGL : Invalid file path for libcolorx- loader.so
03-08 21:37:39.285 10581 15548 E OplusACodec: [GetVideoCodingTypeFromMime:L726] mime:video/avc
03-08 21:37:39.326 10581 15553 W Codec2Client: query -- param skipped: index = 1107298332.
03-08 21:37:39.326 10581 15553 W CCodec : This behavior is subject to change. It is recommended that app developers double check whether the requested max input size is in reasonable range.
03-08 21:37:39.328 10581 15553 W Codec2Client: query -- param skipped: index = 1342179345.
03-08 21:37:39.328 10581 15553 W Codec2Client: query -- param skipped: index = 2415921170.
03-08 21:37:39.328 10581 15553 W Codec2Client: query -- param skipped: index = 1610614798.
03-08 21:37:39.329 10581 15553 E FMQ : grantorIdx must be less than 3
03-08 21:37:39.329 10581 15553 E FMQ : grantorIdx must be less than 3
03-08 21:37:39.333 10581 15553 E FMQ : grantorIdx must be less than 3
03-08 21:37:39.340 10581 12965 E FMQ : grantorIdx must be less than 3
03-08 21:37:39.515 10581 15553 W Codec2Client: query -- param skipped: index = 1342179345.
03-08 21:37:39.515 10581 15553 W Codec2Client: query -- param skipped: index = 2415921170.
03-08 21:37:39.515 10581 15553 W Codec2Client: query -- param skipped: index = 1610614798.
03-08 21:37:39.524 10581 15553 W Codec2Client: query -- param skipped: index = 1342179345.
03-08 21:37:39.524 10581 15553 W Codec2Client: query -- param skipped: index = 2415921170.
03-08 21:37:39.524 10581 15553 W Codec2Client: query -- param skipped: index = 1610614798.
03-08 21:37:39.531 10581 15553 W Codec2Client: query -- param skipped: index = 1342179345.
03-08 21:37:39.531 10581 15553 W Codec2Client: query -- param skipped: index = 2415921170.
03-08 21:37:39.531 10581 15553 W Codec2Client: query -- param skipped: index = 1610614798.
03-08 21:37:46.034 10581 10581 W IInputConnectionWrapper: requestCursorAnchorInfo on inactive InputConnection
03-08 21:37:46.652 10581 15652 W OMXUtils: do not know color format 0x7fa30c06 = 2141391878
03-08 21:37:46.653 10581 15652 W OMXUtils: do not know color format 0x7fa30c04 = 2141391876
03-08 21:37:46.653 10581 15652 W OMXUtils: do not know color format 0x7fa30c00 = 2141391872
03-08 21:37:46.653 10581 15652 W OMXUtils: do not know color format 0x7fa30c09 = 2141391881
03-08 21:37:46.654 10581 15652 W OMXUtils: do not know color format 0x7fa30c0a = 2141391882
03-08 21:37:46.654 10581 15652 W OMXUtils: do not know color format 0x7fa30c08 = 2141391880
03-08 21:37:46.655 10581 15652 W OMXUtils: do not know color format 0x7fa30c07 = 2141391879
03-08 21:37:46.655 10581 15652 W OMXUtils: do not know color format 0x7f000789 = 2130708361
03-08 21:37:46.658 10581 15652 E OplusACodec: [GetVideoCodingTypeFromMime:L726] mime:video/avc
03-08 21:37:46.674 10581 15652 W OMXUtils: do not know color format 0x7f000789 = 2130708361
03-08 21:37:46.723 10581 15650 E libEGL : Invalid file path for libcolorx- loader.so
03-08 21:37:46.821 10581 15661 E OplusACodec: [GetVideoCodingTypeFromMime:L726] mime:video/avc
03-08 21:37:47.096 10581 15553 W Codec2Client: query -- param skipped: index = 1342179345.
03-08 21:37:47.096 10581 15553 W Codec2Client: query -- param skipped: index = 2415921170.
03-08 21:37:47.096 10581 15553 W Codec2Client: query -- param skipped: index = 1610614798.
03-08 21:37:47.376 10581 15650 E MPEG4Writer: Stop() called but track is not started or stopped
03-08 21:37:48.261 10581 10651 E Parcel : Reading a NULL string not supported here.
03-08 21:37:48.267 10581 10637 E SQLiteDatabase: Error inserting transferred=0 media_job_uuid=328fcbbe-70a0-4819-840b-7225bda60ee9 transcoded=1 gif_attribution=0 first_scan_length=0 direct_path=null thumbnail_height_width_ratio=1.7777778 is_animated_sticker=0 file_hash=null file_path=/data/user/0/com.mbwhatsapp/files/.Shared/d35d48fa-e0f5-4a93-b598- 5aa6d36bd8bc.mp4 file_size=8450889 partial_media_hash=null face_x=0 face_y=0 height=0 trim_to=0 media_key_timestamp=0 message_url=null media_caption=null trim_from=0 mime_type=null partial_media_enc_hash=null width=0 original_file_hash=null has_streaming_sidecar=0 autotransfer_retry_enabled=1 media_upload_handle=null message_row_id=40 multicast_id=null enc_file_hash=null mute_video=0 page_count=0 first_scan_sidecar=null suspicious_content=0 file_length=8450889 media_name=d35d48fa-e0f5-4a93-b598-5aa6d36bd8bc.mp4 media_duration=14 chat_row_id=5 media_key=null
03-08 21:37:48.267 10581 10637 E SQLiteDatabase: android.database.sqlite.SQLiteConstraintException: UNIQUE constraint failed: message_media.message_row_id (code 1555 SQLITE_CONSTRAINT_PRIMARYKEY)
03-08 21:37:48.267 10581 10637 E SQLiteDatabase: at android.database.sqlite.SQLiteConnection.nativeExecuteForLastInsertedRowId(Native Method)
03-08 21:37:48.267 10581 10637 E SQLiteDatabase: at android.database.sqlite.SQLiteConnection.executeForLastInsertedRowId(SQLiteConnecti on.java:948)
03-08 21:37:48.267 10581 10637 E SQLiteDatabase: at android.database.sqlite.SQLiteSession.executeForLastInsertedRowId(SQLiteSession.jav a:790)
03-08 21:37:48.267 10581 10637 E SQLiteDatabase: at android.database.sqlite.SQLiteStatement.executeInsert(SQLiteStatement.java:88)
03-08 21:37:48.267 10581 10637 E SQLiteDatabase: at android.database.sqlite.SQLiteDatabase.insertWithOnConflict(SQLiteDatabase.java:171 2)
03-08 21:37:48.267 10581 10637 E SQLiteDatabase: at android.database.sqlite.SQLiteDatabase.insert(SQLiteDatabase.java:1581)
03-08 21:37:48.267 10581 10637 E SQLiteDatabase: at X.2tm.A08(Unknown Source:6)
03-08 21:37:48.267 10581 10637 E SQLiteDatabase: at X.35Y.A07(Unknown Source:212)
03-08 21:37:48.267 10581 10637 E SQLiteDatabase: at X.3QF.A14(Unknown Source:470)
03-08 21:37:48.267 10581 10637 E SQLiteDatabase: at X.3gU.run(Unknown Source:982)
03-08 21:37:48.267 10581 10637 E SQLiteDatabase: at android.os.Handler.handleCallback(Handler.java:938)
03-08 21:37:48.267 10581 10637 E SQLiteDatabase: at android.os.Handler.dispatchMessage(Handler.java:99)
03-08 21:37:48.267 10581 10637 E SQLiteDatabase: at X.0zq.dispatchMessage(Unknown Source:4)
03-08 21:37:48.267 10581 10637 E SQLiteDatabase: at android.os.Looper.loop(Looper.java:263)
03-08 21:37:48.267 10581 10637 E SQLiteDatabase: at android.os.HandlerThread.run(HandlerThread.java:67)
03-08 21:37:48.453 10581 10595 W System : A resource failed to call release.
03-08 21:37:48.453 10581 10595 W System : A resource failed to call release.
03-08 21:37:49.813 10581 10581 E Parcel : Reading a NULL string not supported here.
03-08 21:37:49.869 10581 15693 E libEGL : Invalid file path for libcolorx- loader.so
03-08 21:37:49.931 10581 10581 W TabLayout: MODE_SCROLLABLE + GRAVITY_FILL is not supported, GRAVITY_START will be used instead
03-08 21:37:49.951 10581 10581 E Parcel : Reading a NULL string not supported here.
03-08 21:37:49.955 10581 10581 E Parcel : Reading a NULL string not supported here.
03-08 21:37:49.956 10581 10581 E Parcel : Reading a NULL string not supported here.
03-08 21:37:49.966 10581 10581 W BottomSheetBehavior: BottomSheetBehavior now supports multiple callbacks. `setBottomSheetCallback()` removes all existing callbacks, including ones set internally by library authors, which may result in unintended behavior. This may change in the future. Please use `addBottomSheetCallback()` and `removeBottomSheetCallback()` instead to set your own callbacks.
03-08 21:37:49.970 10581 10581 E Parcel : Reading a NULL string not supported here.
03-08 21:37:49.978 10581 13174 E libc : Access denied finding property "persist.vendor.camera.privapp.list"
03-08 21:37:49.971 10581 10581 W Optic-Camera-Ha: type=1400 audit(0.0:17069): avc: denied { read } for name="u:object_r:vendor_persist_camera_prop:s0" dev="tmpfs" ino=11537 scontext=u:r:untrusted_app:s0:c193,c257,c512,c768 tcontext=u:object_r:vendor_persist_camera_prop:s0 tclass=file permissive=0 app=com.mbwhatsapp
03-08 21:37:49.981 10581 15649 E Parcel : Reading a NULL string not supported here.
03-08 21:37:49.987 10581 12714 E libc : Access denied finding property "vendor.camera.aux.packagelist"
03-08 21:37:49.987 10581 12714 E CameraManagerGlobal: Camera 5 is not available. Ignore physical camera status change
03-08 21:37:49.987 10581 12714 E CameraManagerGlobal: Camera 6 is not available. Ignore physical camera status change
03-08 21:37:49.988 10581 12714 E CameraManagerGlobal: Camera 7 is not available. Ignore physical camera status change
03-08 21:37:49.988 10581 12714 E libc : Access denied finding property "vendor.camera.aux.packagelist"
03-08 21:37:49.983 10581 10581 W Binder:10581_7: type=1400 audit(0.0:17071): avc: denied { read } for name="u:object_r:vendor_persist_camera_prop:s0" dev="tmpfs" ino=11537 scontext=u:r:untrusted_app:s0:c193,c257,c512,c768 tcontext=u:object_r:vendor_persist_camera_prop:s0 tclass=file permissive=0 app=com.mbwhatsapp
03-08 21:37:49.983 10581 10581 W Binder:10581_7: type=1400 audit(0.0:17073): avc: denied { read } for name="u:object_r:vendor_persist_camera_prop:s0" dev="tmpfs" ino=11537 scontext=u:r:untrusted_app:s0:c193,c257,c512,c768 tcontext=u:object_r:vendor_persist_camera_prop:s0 tclass=file permissive=0 app=com.mbwhatsapp
03-08 21:37:50.078 10581 14014 E Parcel : Reading a NULL string not supported here.
03-08 21:37:50.099 10581 14014 E Parcel : Reading a NULL string not supported here.
03-08 21:37:50.114 10581 14014 E Parcel : Reading a NULL string not supported here.
03-08 21:37:50.128 10581 10651 E Parcel : Reading a NULL string not supported here.
03-08 21:37:50.129 10581 14014 E Parcel : Reading a NULL string not supported here.
03-08 21:37:50.144 10581 14014 E Parcel : Reading a NULL string not supported here.
03-08 21:37:50.154 10581 14014 E Parcel : Reading a NULL string not supported here.
03-08 21:37:50.171 10581 14014 E Parcel : Reading a NULL string not supported here.
03-08 21:37:50.176 10581 13172 E libEGL : Invalid file path for libcolorx- loader.so
03-08 21:37:50.186 10581 14014 E Parcel : Reading a NULL string not supported here.
03-08 21:37:50.199 10581 14014 E Parcel : Reading a NULL string not supported here.
03-08 21:37:50.224 10581 14014 E Parcel : Reading a NULL string not supported here.
03-08 21:37:50.238 10581 14012 E Parcel : Reading a NULL string not supported here.
03-08 21:37:50.239 10581 14014 E Parcel : Reading a NULL string not supported here.
03-08 21:37:50.253 10581 14014 E Parcel : Reading a NULL string not supported here.
03-08 21:37:50.269 10581 14014 E Parcel : Reading a NULL string not supported here.
03-08 21:37:50.283 10581 14014 E Parcel : Reading a NULL string not supported here.
03-08 21:37:50.298 10581 14014 E Parcel : Reading a NULL string not supported here.
03-08 21:37:50.326 10581 15698 E Parcel : Reading a NULL string not supported here.
03-08 21:37:50.352 10581 15698 E Parcel : Reading a NULL string not supported here.
03-08 21:37:50.402 10581 15698 E Parcel : Reading a NULL string not supported here.
03-08 21:37:50.420 10581 15698 E Parcel : Reading a NULL string not supported here.
03-08 21:37:50.678 10581 15730 E Parcel : Reading a NULL string not supported here.
03-08 21:37:51.574 10581 15730 E Parcel : Reading a NULL string not supported here.
03-08 21:37:52.061 10581 15730 E Parcel : Reading a NULL string not supported here.
03-08 21:37:52.073 10581 15730 E Parcel : Reading a NULL string not supported here.
03-08 21:37:52.222 10581 15731 E Parcel : Reading a NULL string not supported here.
03-08 21:37:52.242 10581 15731 E Parcel : Reading a NULL string not supported here.
03-08 21:37:52.257 10581 15731 E Parcel : Reading a NULL string not supported here.
03-08 21:37:52.267 10581 15731 E Parcel : Reading a NULL string not supported here.
03-08 21:37:56.050 10581 10581 E Parcel : Reading a NULL string not supported here.
03-08 21:37:56.096 10581 10581 E Parcel : Reading a NULL string not supported here.
03-08 21:37:56.100 10581 10581 E Parcel : Reading a NULL string not supported here.
03-08 21:37:56.253 10581 10651 E Parcel : Reading a NULL string not supported here.
03-08 21:37:56.311 10581 10597 E libc : Access denied finding property "vendor.camera.aux.packagelist"
03-08 21:37:56.307 10581 10581 W Binder:10581_1: type=1400 audit(0.0:17087): avc: denied { read } for name="u:object_r:vendor_persist_camera_prop:s0" dev="tmpfs" ino=11537 scontext=u:r:untrusted_app:s0:c193,c257,c512,c768 tcontext=u:object_r:vendor_persist_camera_prop:s0 tclass=file permissive=0 app=com.mbwhatsapp
03-08 21:37:56.327 10581 10597 E CameraManagerGlobal: Camera 5 is not available. Ignore physical camera status change
03-08 21:37:56.327 10581 10597 E CameraManagerGlobal: Camera 6 is not available. Ignore physical camera status change
03-08 21:37:56.327 10581 10597 E CameraManagerGlobal: Camera 7 is not available. Ignore physical camera status change
03-08 21:37:56.327 10581 10597 E libc : Access denied finding property "vendor.camera.aux.packagelist"
03-08 21:37:56.552 10581 15855 E Parcel : Reading a NULL string not supported here.
03-08 21:37:56.584 10581 15862 E libEGL : Invalid file path for libcolorx- loader.so
03-08 21:37:56.590 10581 15858 E OplusACodec: [GetVideoCodingTypeFromMime:L726] mime:video/avc
03-08 21:37:56.629 10581 15863 W Codec2Client: query -- param skipped: index = 1107298332.
03-08 21:37:56.629 10581 15863 W CCodec : This behavior is subject to change. It is recommended that app developers double check whether the requested max input size is in reasonable range.
03-08 21:37:56.631 10581 15863 W Codec2Client: query -- param skipped: index = 1342179345.
03-08 21:37:56.631 10581 15863 W Codec2Client: query -- param skipped: index = 2415921170.
03-08 21:37:56.631 10581 15863 W Codec2Client: query -- param skipped: index = 1610614798.
03-08 21:37:56.631 10581 15863 E FMQ : grantorIdx must be less than 3
03-08 21:37:56.631 10581 15863 E FMQ : grantorIdx must be less than 3
03-08 21:37:56.634 10581 15863 E FMQ : grantorIdx must be less than 3
03-08 21:37:56.641 10581 12965 E FMQ : grantorIdx must be less than 3
03-08 21:37:56.812 10581 15863 W Codec2Client: query -- param skipped: index = 1342179345.
03-08 21:37:56.812 10581 15863 W Codec2Client: query -- param skipped: index = 2415921170.
03-08 21:37:56.812 10581 15863 W Codec2Client: query -- param skipped: index = 1610614798.
03-08 21:37:56.821 10581 15863 W Codec2Client: query -- param skipped: index = 1342179345.
03-08 21:37:56.821 10581 15863 W Codec2Client: query -- param skipped: index = 2415921170.
03-08 21:37:56.822 10581 15863 W Codec2Client: query -- param skipped: index = 1610614798.
03-08 21:37:56.827 10581 15863 W Codec2Client: query -- param skipped: index = 1342179345.
03-08 21:37:56.827 10581 15863 W Codec2Client: query -- param skipped: index = 2415921170.
03-08 21:37:56.827 10581 15863 W Codec2Client: query -- param skipped: index = 1610614798.
03-08 21:38:11.670 10581 10581 W IInputConnectionWrapper: requestCursorAnchorInfo on inactive InputConnection
03-08 21:38:12.675 10581 15863 W Codec2Client: query -- param skipped: index = 1342179345.
03-08 21:38:12.675 10581 15863 W Codec2Client: query -- param skipped: index = 2415921170.
03-08 21:38:12.675 10581 15863 W Codec2Client: query -- param skipped: index = 1610614798.
03-08 21:38:12.794 10581 14012 E Parcel : Reading a NULL string not supported here.
03-08 21:38:12.797 10581 10637 E SQLiteDatabase: Error inserting transferred=0 media_job_uuid=acd8dbd7-6429-40f7-9c70-bb3e8fe5f815 transcoded=1 gif_attribution=0 first_scan_length=0 direct_path=null thumbnail_height_width_ratio=1.0 is_animated_sticker=0 file_hash=null file_path=/data/user/0/com.mbwhatsapp/files/.Shared/12cdd9cb-71bf-43c9-a18c- 48ebc78187e4.mp4 file_size=10018576 partial_media_hash=null face_x=0 face_y=0 height=0 trim_to=0 media_key_timestamp=0 message_url=null media_caption=null trim_from=0 mime_type=null partial_media_enc_hash=null width=0 original_file_hash=null has_streaming_sidecar=0 autotransfer_retry_enabled=1 media_upload_handle=null message_row_id=41 multicast_id=null enc_file_hash=null mute_video=0 page_count=0 first_scan_sidecar=null suspicious_content=0 file_length=10018576 media_name=12cdd9cb-71bf-43c9-a18c-48ebc78187e4.mp4 media_duration=16 chat_row_id=5 media_key=null
03-08 21:38:12.797 10581 10637 E SQLiteDatabase: android.database.sqlite.SQLiteConstraintException: UNIQUE constraint failed: message_media.message_row_id (code 1555 SQLITE_CONSTRAINT_PRIMARYKEY)
03-08 21:38:12.797 10581 10637 E SQLiteDatabase: at android.database.sqlite.SQLiteConnection.nativeExecuteForLastInsertedRowId(Native Method)
03-08 21:38:12.797 10581 10637 E SQLiteDatabase: at android.database.sqlite.SQLiteConnection.executeForLastInsertedRowId(SQLiteConnecti on.java:948)
03-08 21:38:12.797 10581 10637 E SQLiteDatabase: at android.database.sqlite.SQLiteSession.executeForLastInsertedRowId(SQLiteSession.jav a:790)
03-08 21:38:12.797 10581 10637 E SQLiteDatabase: at android.database.sqlite.SQLiteStatement.executeInsert(SQLiteStatement.java:88)
03-08 21:38:12.797 10581 10637 E SQLiteDatabase: at android.database.sqlite.SQLiteDatabase.insertWithOnConflict(SQLiteDatabase.java:171 2)
03-08 21:38:12.797 10581 10637 E SQLiteDatabase: at android.database.sqlite.SQLiteDatabase.insert(SQLiteDatabase.java:1581)
03-08 21:38:12.797 10581 10637 E SQLiteDatabase: at X.2tm.A08(Unknown Source:6)
03-08 21:38:12.797 10581 10637 E SQLiteDatabase: at X.35Y.A07(Unknown Source:212)
03-08 21:38:12.797 10581 10637 E SQLiteDatabase: at X.3QF.A14(Unknown Source:470)
03-08 21:38:12.797 10581 10637 E SQLiteDatabase: at X.3gU.run(Unknown Source:982)
03-08 21:38:12.797 10581 10637 E SQLiteDatabase: at android.os.Handler.handleCallback(Handler.java:938)
03-08 21:38:12.797 10581 10637 E SQLiteDatabase: at android.os.Handler.dispatchMessage(Handler.java:99)
03-08 21:38:12.797 10581 10637 E SQLiteDatabase: at X.0zq.dispatchMessage(Unknown Source:4)
03-08 21:38:12.797 10581 10637 E SQLiteDatabase: at android.os.Looper.loop(Looper.java:263)
03-08 21:38:12.797 10581 10637 E SQLiteDatabase: at android.os.HandlerThread.run(HandlerThread.java:67)
03-08 21:38:14.233 10581 10595 W System : A resource failed to call release.
03-08 21:38:14.233 10581 10595 W System : A resource failed to call release.
03-08 21:38:15.118 10581 10581 E Parcel : Reading a NULL string not supported here.
03-08 21:38:15.191 10581 16041 E libEGL : Invalid file path for libcolorx- loader.so
03-08 21:38:15.332 10581 10581 W BottomSheetBehavior: BottomSheetBehavior now supports multiple callbacks. `setBottomSheetCallback()` removes all existing callbacks, including ones set internally by library authors, which may result in unintended behavior. This may change in the future. Please use `addBottomSheetCallback()` and `removeBottomSheetCallback()` instead to set your own callbacks.
03-08 21:38:15.332 10581 10581 W BottomSheetBehavior: BottomSheetBehavior now supports multiple callbacks. `setBottomSheetCallback()` removes all existing callbacks, including ones set internally by library authors, which may result in unintended behavior. This may change in the future. Please use `addBottomSheetCallback()` and `removeBottomSheetCallback()` instead to set your own callbacks.
03-08 21:38:15.375 10581 10581 W BottomSheetBehavior: BottomSheetBehavior now supports multiple callbacks. `setBottomSheetCallback()` removes all existing callbacks, including ones set internally by library authors, which may result in unintended behavior. This may change in the future. Please use `addBottomSheetCallback()` and `removeBottomSheetCallback()` instead to set your own callbacks.
03-08 21:38:15.375 10581 10581 W BottomSheetBehavior: BottomSheetBehavior now supports multiple callbacks. `setBottomSheetCallback()` removes all existing callbacks, including ones set internally by library authors, which may result in unintended behavior. This may change in the future. Please use `addBottomSheetCallback()` and `removeBottomSheetCallback()` instead to set your own callbacks.
03-08 21:38:15.395 10581 10581 E RecyclerView: No adapter attached; skipping layout
03-08 21:38:15.397 10581 10581 E RecyclerView: No adapter attached; skipping layout
03-08 21:38:15.439 10581 16043 E Parcel : Reading a NULL string not supported here.
03-08 21:38:15.479 10581 16054 E OplusACodec: [GetVideoCodingTypeFromMime:L726] mime:video/avc
03-08 21:38:15.542 10581 16058 W Codec2Client: query -- param skipped: index = 1107298332.
03-08 21:38:15.542 10581 16058 W CCodec : This behavior is subject to change. It is recommended that app developers double check whether the requested max input size is in reasonable range.
03-08 21:38:15.545 10581 16058 W Codec2Client: query -- param skipped: index = 1342179345.
03-08 21:38:15.545 10581 16058 W Codec2Client: query -- param skipped: index = 2415921170.
03-08 21:38:15.545 10581 16058 W Codec2Client: query -- param skipped: index = 1610614798.
03-08 21:38:15.545 10581 16058 E FMQ : grantorIdx must be less than 3
03-08 21:38:15.545 10581 16058 E FMQ : grantorIdx must be less than 3
03-08 21:38:15.549 10581 16058 E FMQ : grantorIdx must be less than 3
03-08 21:38:15.560 10581 12965 E FMQ : grantorIdx must be less than 3
03-08 21:38:17.804 10581 14012 E Parcel : Reading a NULL string not supported here.
03-08 21:38:17.814 10581 10637 E SQLiteDatabase: Error inserting transferred=1 media_job_uuid=328fcbbe-70a0-4819-840b-7225bda60ee9 transcoded=1 gif_attribution=0 first_scan_length=0 direct_path=/v/t62.7161- 24/32517461_941809114250096_5092510870865621003_n.enc?ccb=11- 4&oh=01_AdQYX1xACy0kRRWPKMC62rbztwMe_YoL9hqqr4cy3QIARQ&oe=66126C23&_nc_sid=5e03e0 thumbnail_height_width_ratio=1.7777778 is_animated_sticker=0 file_hash=Uu2O5tRHlExI7UYPu9M1e2kQkVFmFgqwUfLwrEdeD6Q= file_path=Media/MBWhatsApp Video/Sent/VID-20240308-WA0000.mp4 file_size=8450889 partial_media_hash=null face_x=0 face_y=0 height=1278 trim_to=0 media_key_timestamp=1709901470048 message_url=https://mmg.whatsapp.net/v/t62.7161- 24/32517461_941809114250096_5092510870865621003_n.enc?ccb=11- 4&oh=01_AdQYX1xACy0kRRWPKMC62rbztwMe_YoL9hqqr4cy3QIARQ&oe=66126C23&_nc_sid=5e03e0&m ms3=true media_caption=null trim_from=0 mime_type=video/mp4 partial_media_enc_hash=null width=720 original_file_hash=null has_streaming_sidecar=1 autotransfer_retry_enabled=0 media_upload_handle=null message_row_id=40 multicast_id=null enc_file_hash=71m4vARBjWVdNAYBipAGzimzpQwtVMIKLhb1MTnvQ4E= mute_video=0 page_count=0 first_scan_sidecar=null suspicious_content=0 file_length=8450889 media_name=d35d48fa-e0f5-4a93-b598-5aa6d36bd8bc.mp4 media_duration=14 chat_row_id=5 media_key=[B@1a67e3c
03-08 21:38:17.814 10581 10637 E SQLiteDatabase: android.database.sqlite.SQLiteConstraintException: UNIQUE constraint failed: message_media.message_row_id (code 1555 SQLITE_CONSTRAINT_PRIMARYKEY)
03-08 21:38:17.814 10581 10637 E SQLiteDatabase: at android.database.sqlite.SQLiteConnection.nativeExecuteForLastInsertedRowId(Native Method)
03-08 21:38:17.814 10581 10637 E SQLiteDatabase: at android.database.sqlite.SQLiteConnection.executeForLastInsertedRowId(SQLiteConnecti on.java:948)
03-08 21:38:17.814 10581 10637 E SQLiteDatabase: at android.database.sqlite.SQLiteSession.executeForLastInsertedRowId(SQLiteSession.jav a:790)
03-08 21:38:17.814 10581 10637 E SQLiteDatabase: at android.database.sqlite.SQLiteStatement.executeInsert(SQLiteStatement.java:88)
03-08 21:38:17.814 10581 10637 E SQLiteDatabase: at android.database.sqlite.SQLiteDatabase.insertWithOnConflict(SQLiteDatabase.java:171 2)
03-08 21:38:17.814 10581 10637 E SQLiteDatabase: at android.database.sqlite.SQLiteDatabase.insert(SQLiteDatabase.java:1581)
03-08 21:38:17.814 10581 10637 E SQLiteDatabase: at X.2tm.A08(Unknown Source:6)
03-08 21:38:17.814 10581 10637 E SQLiteDatabase: at X.35Y.A07(Unknown Source:212)
03-08 21:38:17.814 10581 10637 E SQLiteDatabase: at X.3QF.A14(Unknown Source:470)
03-08 21:38:17.814 10581 10637 E SQLiteDatabase: at X.3gU.run(Unknown Source:982)
03-08 21:38:17.814 10581 10637 E SQLiteDatabase: at android.os.Handler.handleCallback(Handler.java:938)
03-08 21:38:17.814 10581 10637 E SQLiteDatabase: at android.os.Handler.dispatchMessage(Handler.java:99)
03-08 21:38:17.814 10581 10637 E SQLiteDatabase: at X.0zq.dispatchMessage(Unknown Source:4)
03-08 21:38:17.814 10581 10637 E SQLiteDatabase: at android.os.Looper.loop(Looper.java:263)
03-08 21:38:17.814 10581 10637 E SQLiteDatabase: at android.os.HandlerThread.run(HandlerThread.java:67)
