03-09 01:40:26.486 25138 25138 W System.err: at android.os.Handler.dispatchMessage(Handler.java:106)
03-09 01:40:26.486 25138 25138 W System.err: at android.os.Looper.loop(Looper.java:263)
03-09 01:40:26.486 25138 25138 W System.err: at android.app.ActivityThread.main(ActivityThread.java:8292)
03-09 01:40:26.486 25138 25138 W System.err: at java.lang.reflect.Method.invoke(Native Method)
03-09 01:40:26.486 25138 25138 W System.err: at com.android.internal.os.RuntimeInit$MethodAndArgsCaller.run(RuntimeInit.java:612)
03-09 01:40:26.486 25138 25138 W System.err: at com.android.internal.os.ZygoteInit.main(ZygoteInit.java:1006)
03-09 01:40:26.601 25138 25138 E CustomActivityOnCrash: IMPORTANT WARNING! You already have an UncaughtExceptionHandler, are you sure this is correct? If you use a custom UncaughtExceptionHandler, you must initialize it AFTER CustomActivityOnCrash! Installing anyway, but your original handler will not be called.
03-09 01:40:26.983 25138 25138 W com.mbwhatsapp: Accessing hidden method Lcom/android/org/conscrypt/OpenSSLSocketImpl;->setUseSessionTickets(Z)V (greylist- max-q,test-api, reflection, denied)
03-09 01:40:26.983 25138 25138 W com.mbwhatsapp: Accessing hidden method Lcom/android/org/conscrypt/AbstractConscryptSocket;->setUseSessionTickets(Z)V (greylist-max-q, reflection, denied)
03-09 01:40:27.107 25138 25138 W linker : Warning: "/data/data/com.mbwhatsapp/files/decompressed/libs.spk.zst/libc++_shared.so" unused DT entry: unknown processor-specific (type 0x70000001 arg 0x0) (ignoring)
03-09 01:40:27.596 25138 25274 W com.mbwhatsapp: Class X.2rL failed lock verification and will run slower.
03-09 01:40:27.596 25138 25274 W com.mbwhatsapp: Common causes for lock verification issues are non-optimized dex code
03-09 01:40:27.596 25138 25274 W com.mbwhatsapp: and incorrect proguard optimizations.
03-09 01:40:30.490 25138 25313 W com.mbwhatsapp: Verification of void X.3e2.run() took 418.774ms (9293.79 bytecodes/s) (101616B approximate peak alloc)
03-09 01:40:32.826 25138 25313 E CheckPermission: _bluetooth code = 1
03-09 01:40:32.829 25138 25313 E CheckPermission: _bluetooth code = 3
03-09 01:40:32.832 25138 25313 E CheckPermission: _bluetooth code = 11
03-09 04:29:44.197 25138 25161 W System : A resource failed to call end.
03-09 04:29:44.197 25138 25161 W System : A resource failed to call end.
03-09 04:29:49.197 25138 25161 W System : A resource failed to call end.
03-09 04:29:49.197 25138 25161 W System : A resource failed to call end. --------- beginning of system
03-09 04:29:55.170 25138 26989 E Parcel : Reading a NULL string not supported here.
03-09 04:30:07.718 25138 26989 E Parcel : Reading a NULL string not supported here.
03-09 04:30:08.685 25138 25251 E SQLiteDatabase: Error inserting transferred=0 media_job_uuid=2a055683-1c7f-44bf-97c0-915b3455a8ae transcoded=0 gif_attribution=0 first_scan_length=0 direct_path=/v/t62.7161- 24/40690451_945706160561783_4880863955820655577_n.enc?ccb=11- 4&oh=01_AdQ9v9fPh8mgjUOvaCK-_2803hMIPFJaZF_ZFJ-4HWhlQA&oe=66128296&_nc_sid=5e03e0 thumbnail_height_width_ratio=1.8113208 is_animated_sticker=0 file_hash=2/pWmMiNbhsZrPkVgEvY407Dvyty8is9X04TYBbI1kY= file_path=null file_size=0 partial_media_hash=null face_x=0 face_y=0 height=640 trim_to=0 media_key_timestamp=1709904335000 message_url=https://mmg.whatsapp.net/v/t62.7161- 24/40690451_945706160561783_4880863955820655577_n.enc?ccb=11- 4&oh=01_AdQ9v9fPh8mgjUOvaCK-_2803hMIPFJaZF_ZFJ- 4HWhlQA&oe=66128296&_nc_sid=5e03e0&mms3=true media_caption=null trim_from=0 mime_type=video/mp4 partial_media_enc_hash=null width=352 original_file_hash=null has_streaming_sidecar=1 autotransfer_retry_enabled=1 media_upload_handle=null message_row_id=67 multicast_id=null enc_file_hash=3vjKeIq0Hc+J8snZeN2VsO2yu9Xg9iKaI6AdwwQVd8w= mute_video=0 page_count=0 first_scan_sidecar=null suspicious_content=0 file_length=2128964 media_name=null media_duration=15 chat_row_id=5 media_key=[B@997c57
03-09 04:30:08.685 25138 25251 E SQLiteDatabase: android.database.sqlite.SQLiteConstraintException: UNIQUE constraint failed: message_media.message_row_id (code 1555 SQLITE_CONSTRAINT_PRIMARYKEY)
03-09 04:30:08.685 25138 25251 E SQLiteDatabase: at android.database.sqlite.SQLiteConnection.nativeExecuteForLastInsertedRowId(Native Method)
03-09 04:30:08.685 25138 25251 E SQLiteDatabase: at android.database.sqlite.SQLiteConnection.executeForLastInsertedRowId(SQLiteConnecti on.java:948)
03-09 04:30:08.685 25138 25251 E SQLiteDatabase: at android.database.sqlite.SQLiteSession.executeForLastInsertedRowId(SQLiteSession.jav a:790)
03-09 04:30:08.685 25138 25251 E SQLiteDatabase: at android.database.sqlite.SQLiteStatement.executeInsert(SQLiteStatement.java:88)
03-09 04:30:08.685 25138 25251 E SQLiteDatabase: at android.database.sqlite.SQLiteDatabase.insertWithOnConflict(SQLiteDatabase.java:171 2)
03-09 04:30:08.685 25138 25251 E SQLiteDatabase: at android.database.sqlite.SQLiteDatabase.insert(SQLiteDatabase.java:1581)
03-09 04:30:08.685 25138 25251 E SQLiteDatabase: at X.2tm.A08(Unknown Source:6)
03-09 04:30:08.685 25138 25251 E SQLiteDatabase: at X.35Y.A07(Unknown Source:212)
03-09 04:30:08.685 25138 25251 E SQLiteDatabase: at X.3QF.A14(Unknown Source:470)
03-09 04:30:08.685 25138 25251 E SQLiteDatabase: at X.3gU.run(Unknown Source:982)
03-09 04:30:08.685 25138 25251 E SQLiteDatabase: at android.os.Handler.handleCallback(Handler.java:938)
03-09 04:30:08.685 25138 25251 E SQLiteDatabase: at android.os.Handler.dispatchMessage(Handler.java:99)
03-09 04:30:08.685 25138 25251 E SQLiteDatabase: at X.0zq.dispatchMessage(Unknown Source:4)
03-09 04:30:08.685 25138 25251 E SQLiteDatabase: at android.os.Looper.loop(Looper.java:263)
03-09 04:30:08.685 25138 25251 E SQLiteDatabase: at android.os.HandlerThread.run(HandlerThread.java:67)
03-09 04:30:10.804 25138 27195 E Parcel : Reading a NULL string not supported here.
03-09 04:30:10.829 25138 27374 E Parcel : Reading a NULL string not supported here.
03-09 04:30:16.197 25138 25251 E SQLiteDatabase: Error inserting transferred=0 media_job_uuid=b64e5eb3-9771-4930-a18c-1870d487eb1c transcoded=0 gif_attribution=0 first_scan_length=0 direct_path=/v/t62.7161- 24/22527706_1909845609431168_6351924547021456475_n.enc?ccb=11- 4&oh=01_AdSiy_Rdx8HETSPmS32EXVgTmEkGuXeownOHBxtKqvjgXw&oe=6612A92A&_nc_sid=5e03e0 thumbnail_height_width_ratio=1.2467532 is_animated_sticker=0 file_hash=0OEJzYIpZWaNFXFBl7Vnhs22VMr3RXl9FS4IB9ImEEA= file_path=null file_size=0 partial_media_hash=null face_x=0 face_y=0 height=720 trim_to=0 media_key_timestamp=1709913905000 message_url=https://mmg.whatsapp.net/v/t62.7161- 24/22527706_1909845609431168_6351924547021456475_n.enc?ccb=11- 4&oh=01_AdSiy_Rdx8HETSPmS32EXVgTmEkGuXeownOHBxtKqvjgXw&oe=6612A92A&_nc_sid=5e03e0&m ms3=true media_caption=null trim_from=0 mime_type=video/mp4 partial_media_enc_hash=null width=576 original_file_hash=null has_streaming_sidecar=1 autotransfer_retry_enabled=1 media_upload_handle=null message_row_id=68 multicast_id=null enc_file_hash=+hcfIkzg3+2oA3ZEiQ5pIXOzw2j6MzmoH0eTDL5LR/k= mute_video=0 page_count=0 first_scan_sidecar=null suspicious_content=0 file_length=1688166 media_name=null media_duration=27 chat_row_id=5 media_key=[B@5cf67ea
03-09 04:30:16.197 25138 25251 E SQLiteDatabase: android.database.sqlite.SQLiteConstraintException: UNIQUE constraint failed: message_media.message_row_id (code 1555 SQLITE_CONSTRAINT_PRIMARYKEY)
03-09 04:30:16.197 25138 25251 E SQLiteDatabase: at android.database.sqlite.SQLiteConnection.nativeExecuteForLastInsertedRowId(Native Method)
03-09 04:30:16.197 25138 25251 E SQLiteDatabase: at android.database.sqlite.SQLiteConnection.executeForLastInsertedRowId(SQLiteConnecti on.java:948)
03-09 04:30:16.197 25138 25251 E SQLiteDatabase: at android.database.sqlite.SQLiteSession.executeForLastInsertedRowId(SQLiteSession.jav a:790)
03-09 04:30:16.197 25138 25251 E SQLiteDatabase: at android.database.sqlite.SQLiteStatement.executeInsert(SQLiteStatement.java:88)
03-09 04:30:16.197 25138 25251 E SQLiteDatabase: at android.database.sqlite.SQLiteDatabase.insertWithOnConflict(SQLiteDatabase.java:171 2)
03-09 04:30:16.197 25138 25251 E SQLiteDatabase: at android.database.sqlite.SQLiteDatabase.insert(SQLiteDatabase.java:1581)
03-09 04:30:16.197 25138 25251 E SQLiteDatabase: at X.2tm.A08(Unknown Source:6)
03-09 04:30:16.197 25138 25251 E SQLiteDatabase: at X.35Y.A07(Unknown Source:212)
03-09 04:30:16.197 25138 25251 E SQLiteDatabase: at X.3QF.A14(Unknown Source:470)
03-09 04:30:16.197 25138 25251 E SQLiteDatabase: at X.3gU.run(Unknown Source:982)
03-09 04:30:16.197 25138 25251 E SQLiteDatabase: at android.os.Handler.handleCallback(Handler.java:938)
03-09 04:30:16.197 25138 25251 E SQLiteDatabase: at android.os.Handler.dispatchMessage(Handler.java:99)
03-09 04:30:16.197 25138 25251 E SQLiteDatabase: at X.0zq.dispatchMessage(Unknown Source:4)
03-09 04:30:16.197 25138 25251 E SQLiteDatabase: at android.os.Looper.loop(Looper.java:263)
03-09 04:30:16.197 25138 25251 E SQLiteDatabase: at android.os.HandlerThread.run(HandlerThread.java:67)
03-09 04:30:20.797 25138 25251 E SQLiteDatabase: Error inserting transferred=0 media_job_uuid=2a055683-1c7f-44bf-97c0-915b3455a8ae transcoded=0 gif_attribution=0 first_scan_length=0 direct_path=/v/t62.7161- 24/40690451_945706160561783_4880863955820655577_n.enc?ccb=11- 4&oh=01_AdQ9v9fPh8mgjUOvaCK-_2803hMIPFJaZF_ZFJ-4HWhlQA&oe=66128296&_nc_sid=5e03e0 thumbnail_height_width_ratio=1.8113208 is_animated_sticker=0 file_hash=2/pWmMiNbhsZrPkVgEvY407Dvyty8is9X04TYBbI1kY= file_path=null file_size=0 partial_media_hash=null face_x=0 face_y=0 height=640 trim_to=0 media_key_timestamp=1709904335000 message_url=https://mmg.whatsapp.net/v/t62.7161- 24/40690451_945706160561783_4880863955820655577_n.enc?ccb=11- 4&oh=01_AdQ9v9fPh8mgjUOvaCK-_2803hMIPFJaZF_ZFJ- 4HWhlQA&oe=66128296&_nc_sid=5e03e0&mms3=true media_caption=null trim_from=0 mime_type=video/mp4 partial_media_enc_hash=null width=352 original_file_hash=null has_streaming_sidecar=1 autotransfer_retry_enabled=1 media_upload_handle=null message_row_id=67 multicast_id=null enc_file_hash=3vjKeIq0Hc+J8snZeN2VsO2yu9Xg9iKaI6AdwwQVd8w= mute_video=0 page_count=0 first_scan_sidecar=null suspicious_content=0 file_length=2128964 media_name=null media_duration=15 chat_row_id=5 media_key=[B@997c57
03-09 04:30:20.797 25138 25251 E SQLiteDatabase: android.database.sqlite.SQLiteConstraintException: UNIQUE constraint failed: message_media.message_row_id (code 1555 SQLITE_CONSTRAINT_PRIMARYKEY)
03-09 04:30:20.797 25138 25251 E SQLiteDatabase: at android.database.sqlite.SQLiteConnection.nativeExecuteForLastInsertedRowId(Native Method)
03-09 04:30:20.797 25138 25251 E SQLiteDatabase: at android.database.sqlite.SQLiteConnection.executeForLastInsertedRowId(SQLiteConnecti on.java:948)
03-09 04:30:20.797 25138 25251 E SQLiteDatabase: at android.database.sqlite.SQLiteSession.executeForLastInsertedRowId(SQLiteSession.jav a:790)
03-09 04:30:20.797 25138 25251 E SQLiteDatabase: at android.database.sqlite.SQLiteStatement.executeInsert(SQLiteStatement.java:88)
03-09 04:30:20.797 25138 25251 E SQLiteDatabase: at android.database.sqlite.SQLiteDatabase.insertWithOnConflict(SQLiteDatabase.java:171 2)
03-09 04:30:20.797 25138 25251 E SQLiteDatabase: at android.database.sqlite.SQLiteDatabase.insert(SQLiteDatabase.java:1581)
03-09 04:30:20.797 25138 25251 E SQLiteDatabase: at X.2tm.A08(Unknown Source:6)
03-09 04:30:20.797 25138 25251 E SQLiteDatabase: at X.35Y.A07(Unknown Source:212)
03-09 04:30:20.797 25138 25251 E SQLiteDatabase: at X.3QF.A14(Unknown Source:470)
03-09 04:30:20.797 25138 25251 E SQLiteDatabase: at X.3gU.run(Unknown Source:982)
03-09 04:30:20.797 25138 25251 E SQLiteDatabase: at android.os.Handler.handleCallback(Handler.java:938)
03-09 04:30:20.797 25138 25251 E SQLiteDatabase: at android.os.Handler.dispatchMessage(Handler.java:99)
03-09 04:30:20.797 25138 25251 E SQLiteDatabase: at X.0zq.dispatchMessage(Unknown Source:4)
03-09 04:30:20.797 25138 25251 E SQLiteDatabase: at android.os.Looper.loop(Looper.java:263)
03-09 04:30:20.797 25138 25251 E SQLiteDatabase: at android.os.HandlerThread.run(HandlerThread.java:67) --------- beginning of main
03-09 05:33:38.414 4812 4812 E com.mbwhatsapp: Unknown bits set in runtime_flags: 0x40000000
03-09 05:33:38.422 4812 4812 E com.mbwhatsapp: Not starting debugger since process cannot load the jdwp agent.
03-09 05:33:38.431 4812 4812 E RefClass: java.lang.reflect.InvocationTargetException --------- beginning of system
03-09 05:33:38.551 4812 4812 E Perf : perftest packageName : com.mbwhatsapp App is allowed to use Hide APIs
03-09 05:33:38.662 4812 4812 W System.err: java.lang.ClassNotFoundException: mbmodsd.mbmodsw.ui.views.btn.BtnBK
03-09 05:33:38.662 4812 4812 W System.err: at java.lang.Runtime.nativeLoad(Native Method)
03-09 05:33:38.662 4812 4812 W System.err: at java.lang.Runtime.nativeLoad(Runtime.java:1131)
03-09 05:33:38.663 4812 4812 W System.err: at java.lang.Runtime.loadLibrary0(Runtime.java:1085)
03-09 05:33:38.663 4812 4812 W System.err: at java.lang.Runtime.loadLibrary0(Runtime.java:1008)
03-09 05:33:38.663 4812 4812 W System.err: at java.lang.System.loadLibrary(System.java:1664)
03-09 05:33:38.663 4812 4812 W System.err: at arm.EpicVm.<clinit>(Unknown Source:2)
03-09 05:33:38.663 4812 4812 W System.err: at java.lang.Class.newInstance(Native Method)
03-09 05:33:38.663 4812 4812 W System.err: at android.app.AppComponentFactory.instantiateApplication(AppComponentFactory.java:76)
03-09 05:33:38.663 4812 4812 W System.err: at androidx.core.app.CoreComponentFactory.instantiateApplication(Unknown Source:0)
03-09 05:33:38.663 4812 4812 W System.err: at android.app.Instrumentation.newApplication(Instrumentation.java:1159)
03-09 05:33:38.663 4812 4812 W System.err: at android.app.LoadedApk.makeApplication(LoadedApk.java:1316)
03-09 05:33:38.663 4812 4812 W System.err: at android.app.ActivityThread.handleBindApplication(ActivityThread.java:7227)
03-09 05:33:38.663 4812 4812 W System.err: at android.app.ActivityThread.access$1600(ActivityThread.java:293)
03-09 05:33:38.663 4812 4812 W System.err: at android.app.ActivityThread$H.handleMessage(ActivityThread.java:2151)
03-09 05:33:38.663 4812 4812 W System.err: at android.os.Handler.dispatchMessage(Handler.java:106)
03-09 05:33:38.663 4812 4812 W System.err: at android.os.Looper.loop(Looper.java:263)
03-09 05:33:38.663 4812 4812 W System.err: at android.app.ActivityThread.main(ActivityThread.java:8292)
03-09 05:33:38.663 4812 4812 W System.err: at java.lang.reflect.Method.invoke(Native Method)
03-09 05:33:38.663 4812 4812 W System.err: at com.android.internal.os.RuntimeInit$MethodAndArgsCaller.run(RuntimeInit.java:612)
03-09 05:33:38.663 4812 4812 W System.err: at com.android.internal.os.ZygoteInit.main(ZygoteInit.java:1006)
03-09 05:33:38.753 4812 4812 E CustomActivityOnCrash: IMPORTANT WARNING! You already have an UncaughtExceptionHandler, are you sure this is correct? If you use a custom UncaughtExceptionHandler, you must initialize it AFTER CustomActivityOnCrash! Installing anyway, but your original handler will not be called.
03-09 05:33:39.227 4812 4812 W com.mbwhatsapp: Accessing hidden method Lcom/android/org/conscrypt/OpenSSLSocketImpl;->setUseSessionTickets(Z)V (greylist- max-q,test-api, reflection, denied)
03-09 05:33:39.227 4812 4812 W com.mbwhatsapp: Accessing hidden method Lcom/android/org/conscrypt/AbstractConscryptSocket;->setUseSessionTickets(Z)V (greylist-max-q, reflection, denied)
03-09 05:33:39.343 4812 4812 W linker : Warning: "/data/data/com.mbwhatsapp/files/decompressed/libs.spk.zst/libc++_shared.so" unused DT entry: unknown processor-specific (type 0x70000001 arg 0x0) (ignoring)
03-09 05:33:39.339 4812 4812 W com.mbwhatsapp: type=1400 audit(0.0:28009): avc: granted { execute } for path="/data/data/com.mbwhatsapp/files/decompressed/libs.spk.zst/libc++_shared.so" dev="sda10" ino=6827490 scontext=u:r:untrusted_app:s0:c193,c257,c512,c768 tcontext=u:object_r:app_data_file:s0:c193,c257,c512,c768 tclass=file app=com.mbwhatsapp
03-09 05:33:39.343 4812 4812 W com.mbwhatsapp: type=1400 audit(0.0:28010): avc: granted { execute } for path="/data/data/com.mbwhatsapp/files/decompressed/libs.spk.zst/libvlc.so" dev="sda10" ino=6826114 scontext=u:r:untrusted_app:s0:c193,c257,c512,c768 tcontext=u:object_r:app_data_file:s0:c193,c257,c512,c768 tclass=file app=com.mbwhatsapp
03-09 05:33:39.359 4812 4812 W com.mbwhatsapp: type=1400 audit(0.0:28011): avc: granted { execute } for path="/data/data/com.mbwhatsapp/files/decompressed/libs.spk.zst/libwhatsapp.so" dev="sda10" ino=6827470 scontext=u:r:untrusted_app:s0:c193,c257,c512,c768 tcontext=u:object_r:app_data_file:s0:c193,c257,c512,c768 tclass=file app=com.mbwhatsapp
03-09 05:33:39.387 4812 4812 W com.mbwhatsapp: type=1400 audit(0.0:28012): avc: granted { execute } for path="/data/data/com.mbwhatsapp/files/decompressed/libs.spk.zst/libcurve25519.so" dev="sda10" ino=6827472 scontext=u:r:untrusted_app:s0:c193,c257,c512,c768 tcontext=u:object_r:app_data_file:s0:c193,c257,c512,c768 tclass=file app=com.mbwhatsapp
03-09 05:33:39.395 4812 4812 W com.mbwhatsapp: type=1400 audit(0.0:28013): avc: granted { execute } for path="/data/data/com.mbwhatsapp/files/decompressed/libs.spk.zst/libwhatsapp.so" dev="sda10" ino=6827470 scontext=u:r:untrusted_app:s0:c193,c257,c512,c768 tcontext=u:object_r:app_data_file:s0:c193,c257,c512,c768 tclass=file app=com.mbwhatsapp
03-09 05:33:39.521 4812 4872 W com.mbwhatsapp: Class X.2rL failed lock verification and will run slower.
03-09 05:33:39.521 4812 4872 W com.mbwhatsapp: Common causes for lock verification issues are non-optimized dex code
03-09 05:33:39.521 4812 4872 W com.mbwhatsapp: and incorrect proguard optimizations.
03-09 05:33:39.706 4812 4880 E Parcel : Reading a NULL string not supported here.
03-09 05:33:40.047 4812 4882 E CheckPermission: _bluetooth code = 1
03-09 05:33:40.049 4812 4882 E CheckPermission: _bluetooth code = 3
03-09 05:33:40.050 4812 4882 E CheckPermission: _bluetooth code = 11
03-09 05:33:40.855 4812 4934 E Parcel : Reading a NULL string not supported here.
03-09 05:33:40.888 4812 4812 E OplusCustomizeRestrictionManager: sInstance is null, start a new sInstance
03-09 05:33:48.337 4812 4880 E Parcel : Reading a NULL string not supported here.
03-09 05:34:14.464 4812 4880 E Parcel : Reading a NULL string not supported here. --------- beginning of system --------- beginning of main
03-09 07:11:50.587 4812 16276 W Codec2Client: query -- param skipped: index = 1342179345.
03-09 07:11:50.588 4812 16276 W Codec2Client: query -- param skipped: index = 2415921170.
03-09 07:11:50.588 4812 16276 W Codec2Client: query -- param skipped: index = 1610614798.
03-09 07:11:50.624 4812 16324 E OplusACodec: [GetVideoCodingTypeFromMime:L726] mime:video/avc
03-09 07:11:50.666 4812 16329 W Codec2Client: query -- param skipped: index = 1107298332.
03-09 07:11:50.666 4812 16329 W CCodec : This behavior is subject to change. It is recommended that app developers double check whether the requested max input size is in reasonable range.
03-09 07:11:50.667 4812 16329 W Codec2Client: query -- param skipped: index = 1342179345.
03-09 07:11:50.667 4812 16329 W Codec2Client: query -- param skipped: index = 2415921170.
03-09 07:11:50.667 4812 16329 W Codec2Client: query -- param skipped: index = 1610614798.
03-09 07:11:50.668 4812 16329 E FMQ : grantorIdx must be less than 3
03-09 07:11:50.668 4812 16329 E FMQ : grantorIdx must be less than 3
03-09 07:11:50.670 4812 16329 E FMQ : grantorIdx must be less than 3
03-09 07:11:50.676 4812 15960 E FMQ : grantorIdx must be less than 3
03-09 07:12:10.079 4812 16329 W Codec2Client: query -- param skipped: index = 1342179345.
03-09 07:12:10.079 4812 16329 W Codec2Client: query -- param skipped: index = 2415921170.
03-09 07:12:10.079 4812 16329 W Codec2Client: query -- param skipped: index = 1610614798.
03-09 07:12:23.886 16424 16424 E com.mbwhatsapp: Unknown bits set in runtime_flags: 0x40000000
03-09 07:12:23.892 16424 16424 E com.mbwhatsapp: Not starting debugger since process cannot load the jdwp agent.
03-09 07:12:23.902 16424 16424 E RefClass: java.lang.reflect.InvocationTargetException
03-09 07:12:23.987 16424 16424 E Perf : perftest packageName : com.mbwhatsapp App is allowed to use Hide APIs
03-09 07:12:24.053 16424 16424 W System.err: java.lang.ClassNotFoundException: mbmodsd.mbmodsw.ui.views.btn.BtnBK
03-09 07:12:24.053 16424 16424 W System.err: at java.lang.Runtime.nativeLoad(Native Method)
03-09 07:12:24.053 16424 16424 W System.err: at java.lang.Runtime.nativeLoad(Runtime.java:1131)
03-09 07:12:24.053 16424 16424 W System.err: at java.lang.Runtime.loadLibrary0(Runtime.java:1085)
03-09 07:12:24.053 16424 16424 W System.err: at java.lang.Runtime.loadLibrary0(Runtime.java:1008)
03-09 07:12:24.053 16424 16424 W System.err: at java.lang.System.loadLibrary(System.java:1664)
03-09 07:12:24.053 16424 16424 W System.err: at arm.EpicVm.<clinit>(Unknown Source:2)
03-09 07:12:24.053 16424 16424 W System.err: at java.lang.Class.newInstance(Native Method)
03-09 07:12:24.053 16424 16424 W System.err: at android.app.AppComponentFactory.instantiateApplication(AppComponentFactory.java:76)
03-09 07:12:24.053 16424 16424 W System.err: at androidx.core.app.CoreComponentFactory.instantiateApplication(Unknown Source:0)
03-09 07:12:24.053 16424 16424 W System.err: at android.app.Instrumentation.newApplication(Instrumentation.java:1159)
03-09 07:12:24.053 16424 16424 W System.err: at android.app.LoadedApk.makeApplication(LoadedApk.java:1316)
03-09 07:12:24.053 16424 16424 W System.err: at android.app.ActivityThread.handleBindApplication(ActivityThread.java:7227)
03-09 07:12:24.053 16424 16424 W System.err: at android.app.ActivityThread.access$1600(ActivityThread.java:293)
03-09 07:12:24.053 16424 16424 W System.err: at android.app.ActivityThread$H.handleMessage(ActivityThread.java:2151)
03-09 07:12:24.053 16424 16424 W System.err: at android.os.Handler.dispatchMessage(Handler.java:106)
03-09 07:12:24.053 16424 16424 W System.err: at android.os.Looper.loop(Looper.java:263)
03-09 07:12:24.053 16424 16424 W System.err: at android.app.ActivityThread.main(ActivityThread.java:8292)
03-09 07:12:24.053 16424 16424 W System.err: at java.lang.reflect.Method.invoke(Native Method)
03-09 07:12:24.054 16424 16424 W System.err: at com.android.internal.os.RuntimeInit$MethodAndArgsCaller.run(RuntimeInit.java:612)
03-09 07:12:24.054 16424 16424 W System.err: at com.android.internal.os.ZygoteInit.main(ZygoteInit.java:1006)
03-09 07:12:24.155 16424 16424 E CustomActivityOnCrash: IMPORTANT WARNING! You already have an UncaughtExceptionHandler, are you sure this is correct? If you use a custom UncaughtExceptionHandler, you must initialize it AFTER CustomActivityOnCrash! Installing anyway, but your original handler will not be called.
03-09 07:12:24.241 16424 16447 W LibraryVersion: Failed to get app version for libraryName: firebase-iid
03-09 07:12:24.476 16424 16424 W com.mbwhatsapp: Accessing hidden method Lcom/android/org/conscrypt/OpenSSLSocketImpl;->setUseSessionTickets(Z)V (greylist- max-q,test-api, reflection, denied)
03-09 07:12:24.477 16424 16424 W com.mbwhatsapp: Accessing hidden method Lcom/android/org/conscrypt/AbstractConscryptSocket;->setUseSessionTickets(Z)V (greylist-max-q, reflection, denied)
03-09 07:12:24.567 16424 16424 W com.mbwhatsapp: type=1400 audit(0.0:30146): avc: granted { execute } for path="/data/data/com.mbwhatsapp/files/decompressed/libs.spk.zst/libc++_shared.so" dev="sda10" ino=6827490 scontext=u:r:untrusted_app:s0:c193,c257,c512,c768 tcontext=u:object_r:app_data_file:s0:c193,c257,c512,c768 tclass=file app=com.mbwhatsapp
03-09 07:12:24.568 16424 16424 W linker : Warning: "/data/data/com.mbwhatsapp/files/decompressed/libs.spk.zst/libc++_shared.so" unused DT entry: unknown processor-specific (type 0x70000001 arg 0x0) (ignoring)
03-09 07:12:24.571 16424 16424 W com.mbwhatsapp: type=1400 audit(0.0:30147): avc: granted { execute } for path="/data/data/com.mbwhatsapp/files/decompressed/libs.spk.zst/libvlc.so" dev="sda10" ino=6826114 scontext=u:r:untrusted_app:s0:c193,c257,c512,c768 tcontext=u:object_r:app_data_file:s0:c193,c257,c512,c768 tclass=file app=com.mbwhatsapp
03-09 07:12:24.591 16424 16424 W com.mbwhatsapp: type=1400 audit(0.0:30148): avc: granted { execute } for path="/data/data/com.mbwhatsapp/files/decompressed/libs.spk.zst/libwhatsapp.so" dev="sda10" ino=6827470 scontext=u:r:untrusted_app:s0:c193,c257,c512,c768 tcontext=u:object_r:app_data_file:s0:c193,c257,c512,c768 tclass=file app=com.mbwhatsapp
03-09 07:12:24.623 16424 16424 W com.mbwhatsapp: type=1400 audit(0.0:30149): avc: granted { execute } for path="/data/data/com.mbwhatsapp/files/decompressed/libs.spk.zst/libcurve25519.so" dev="sda10" ino=6827472 scontext=u:r:untrusted_app:s0:c193,c257,c512,c768 tcontext=u:object_r:app_data_file:s0:c193,c257,c512,c768 tclass=file app=com.mbwhatsapp
03-09 07:12:24.639 16424 16424 W com.mbwhatsapp: type=1400 audit(0.0:30150): avc: granted { execute } for path="/data/data/com.mbwhatsapp/files/decompressed/libs.spk.zst/libwhatsapp.so" dev="sda10" ino=6827470 scontext=u:r:untrusted_app:s0:c193,c257,c512,c768 tcontext=u:object_r:app_data_file:s0:c193,c257,c512,c768 tclass=file app=com.mbwhatsapp
03-09 07:12:24.818 16424 16482 W com.mbwhatsapp: Class X.2rL failed lock verification and will run slower.
03-09 07:12:24.818 16424 16482 W com.mbwhatsapp: Common causes for lock verification issues are non-optimized dex code
03-09 07:12:24.818 16424 16482 W com.mbwhatsapp: and incorrect proguard optimizations.
03-09 07:12:24.823 16424 16452 E Parcel : Reading a NULL string not supported here.
03-09 07:12:25.530 16424 16487 E CheckPermission: _bluetooth code = 1
03-09 07:12:25.532 16424 16487 E CheckPermission: _bluetooth code = 3
03-09 07:12:25.534 16424 16487 E CheckPermission: _bluetooth code = 11
03-09 07:12:27.042 16424 16538 E Parcel : Reading a NULL string not supported here.
03-09 07:12:30.341 16424 16441 W OplusExSystemServiceHelper: checkOplusExSystemService intent getComponent is null --------- beginning of main
03-09 07:48:40.338 29495 29495 E com.mbwhatsapp: Unknown bits set in runtime_flags: 0x40000000
03-09 07:48:40.344 29495 29495 E com.mbwhatsapp: Not starting debugger since process cannot load the jdwp agent.
03-09 07:48:40.358 29495 29495 E RefClass: java.lang.reflect.InvocationTargetException
03-09 07:48:40.433 29495 29495 E Perf : perftest packageName : com.mbwhatsapp App is allowed to use Hide APIs
03-09 07:48:40.493 29495 29495 W System.err: java.lang.ClassNotFoundException: mbmodsd.mbmodsw.ui.views.btn.BtnBK
03-09 07:48:40.494 29495 29495 W System.err: at java.lang.Runtime.nativeLoad(Native Method)
03-09 07:48:40.494 29495 29495 W System.err: at java.lang.Runtime.nativeLoad(Runtime.java:1131)
03-09 07:48:40.494 29495 29495 W System.err: at java.lang.Runtime.loadLibrary0(Runtime.java:1085)
03-09 07:48:40.494 29495 29495 W System.err: at java.lang.Runtime.loadLibrary0(Runtime.java:1008)
03-09 07:48:40.494 29495 29495 W System.err: at java.lang.System.loadLibrary(System.java:1664)
03-09 07:48:40.494 29495 29495 W System.err: at arm.EpicVm.<clinit>(Unknown Source:2)
03-09 07:48:40.494 29495 29495 W System.err: at java.lang.Class.newInstance(Native Method)
03-09 07:48:40.494 29495 29495 W System.err: at android.app.AppComponentFactory.instantiateApplication(AppComponentFactory.java:76)
03-09 07:48:40.494 29495 29495 W System.err: at androidx.core.app.CoreComponentFactory.instantiateApplication(Unknown Source:0)
03-09 07:48:40.494 29495 29495 W System.err: at android.app.Instrumentation.newApplication(Instrumentation.java:1159)
03-09 07:48:40.494 29495 29495 W System.err: at android.app.LoadedApk.makeApplication(LoadedApk.java:1316)
03-09 07:48:40.494 29495 29495 W System.err: at android.app.ActivityThread.handleBindApplication(ActivityThread.java:7227)
03-09 07:48:40.494 29495 29495 W System.err: at android.app.ActivityThread.access$1600(ActivityThread.java:293)
03-09 07:48:40.494 29495 29495 W System.err: at android.app.ActivityThread$H.handleMessage(ActivityThread.java:2151)
03-09 07:48:40.494 29495 29495 W System.err: at android.os.Handler.dispatchMessage(Handler.java:106)
03-09 07:48:40.494 29495 29495 W System.err: at android.os.Looper.loop(Looper.java:263)
03-09 07:48:40.494 29495 29495 W System.err: at android.app.ActivityThread.main(ActivityThread.java:8292)
03-09 07:48:40.494 29495 29495 W System.err: at java.lang.reflect.Method.invoke(Native Method)
03-09 07:48:40.494 29495 29495 W System.err: at com.android.internal.os.RuntimeInit$MethodAndArgsCaller.run(RuntimeInit.java:612)
03-09 07:48:40.494 29495 29495 W System.err: at com.android.internal.os.ZygoteInit.main(ZygoteInit.java:1006)
03-09 07:48:40.599 29495 29495 E CustomActivityOnCrash: IMPORTANT WARNING! You already have an UncaughtExceptionHandler, are you sure this is correct? If you use a custom UncaughtExceptionHandler, you must initialize it AFTER CustomActivityOnCrash! Installing anyway, but your original handler will not be called.
03-09 07:48:40.844 29495 29495 W com.mbwhatsapp: Accessing hidden method Lcom/android/org/conscrypt/OpenSSLSocketImpl;->setUseSessionTickets(Z)V (greylist- max-q,test-api, reflection, denied)
03-09 07:48:40.845 29495 29495 W com.mbwhatsapp: Accessing hidden method Lcom/android/org/conscrypt/AbstractConscryptSocket;->setUseSessionTickets(Z)V (greylist-max-q, reflection, denied)
03-09 07:48:40.894 29495 29495 W linker : Warning: "/data/data/com.mbwhatsapp/files/decompressed/libs.spk.zst/libc++_shared.so" unused DT entry: unknown processor-specific (type 0x70000001 arg 0x0) (ignoring)
03-09 07:48:40.889 29495 29495 W com.mbwhatsapp: type=1400 audit(0.0:31163): avc: granted { execute } for path="/data/data/com.mbwhatsapp/files/decompressed/libs.spk.zst/libc++_shared.so" dev="sda10" ino=6827490 scontext=u:r:untrusted_app:s0:c193,c257,c512,c768 tcontext=u:object_r:app_data_file:s0:c193,c257,c512,c768 tclass=file app=com.mbwhatsapp
03-09 07:48:40.893 29495 29495 W com.mbwhatsapp: type=1400 audit(0.0:31164): avc: granted { execute } for path="/data/data/com.mbwhatsapp/files/decompressed/libs.spk.zst/libvlc.so" dev="sda10" ino=6826114 scontext=u:r:untrusted_app:s0:c193,c257,c512,c768 tcontext=u:object_r:app_data_file:s0:c193,c257,c512,c768 tclass=file app=com.mbwhatsapp
03-09 07:48:40.901 29495 29495 W com.mbwhatsapp: type=1400 audit(0.0:31165): avc: granted { execute } for path="/data/data/com.mbwhatsapp/files/decompressed/libs.spk.zst/libwhatsapp.so" dev="sda10" ino=6827470 scontext=u:r:untrusted_app:s0:c193,c257,c512,c768 tcontext=u:object_r:app_data_file:s0:c193,c257,c512,c768 tclass=file app=com.mbwhatsapp
03-09 07:48:40.921 29495 29495 W com.mbwhatsapp: type=1400 audit(0.0:31166): avc: granted { execute } for path="/data/data/com.mbwhatsapp/files/decompressed/libs.spk.zst/libcurve25519.so" dev="sda10" ino=6827472 scontext=u:r:untrusted_app:s0:c193,c257,c512,c768 tcontext=u:object_r:app_data_file:s0:c193,c257,c512,c768 tclass=file app=com.mbwhatsapp
03-09 07:48:40.925 29495 29495 W com.mbwhatsapp: type=1400 audit(0.0:31167): avc: granted { execute } for path="/data/data/com.mbwhatsapp/files/decompressed/libs.spk.zst/libwhatsapp.so" dev="sda10" ino=6827470 scontext=u:r:untrusted_app:s0:c193,c257,c512,c768 tcontext=u:object_r:app_data_file:s0:c193,c257,c512,c768 tclass=file app=com.mbwhatsapp
03-09 07:48:40.925 29495 29495 W com.mbwhatsapp: type=1400 audit(0.0:31168): avc: granted { execute } for path="/data/data/com.mbwhatsapp/files/decompressed/libs.spk.zst/libwhatsapp.so" dev="sda10" ino=6827470 scontext=u:r:untrusted_app:s0:c193,c257,c512,c768 tcontext=u:object_r:app_data_file:s0:c193,c257,c512,c768 tclass=file app=com.mbwhatsapp
03-09 07:48:41.024 29495 29546 W com.mbwhatsapp: Class X.2rL failed lock verification and will run slower.
03-09 07:48:41.024 29495 29546 W com.mbwhatsapp: Common causes for lock verification issues are non-optimized dex code
03-09 07:48:41.024 29495 29546 W com.mbwhatsapp: and incorrect proguard optimizations.
03-09 07:48:41.052 29495 29495 W com.mbwhatsapp: Class X.0eU failed lock verification and will run slower.
03-09 07:48:41.166 29495 29495 E Parcel : Reading a NULL string not supported here.
03-09 07:48:41.249 29495 29557 E libEGL : Invalid file path for libcolorx- loader.so
03-09 07:48:41.285 29495 29495 W com.mbwhatsapp: Class com.mbwhatsapp.HomeActivity failed lock verification and will run slower. --------- beginning of system
03-09 07:48:41.338 29495 29495 E OplusCustomizeRestrictionManager: sInstance is null, start a new sInstance
03-09 07:48:41.621 29495 29495 E ArmVmp : Match on catch block at 0x0a in for 0xc5
03-09 07:48:41.651 29495 29495 E ArmVmp : Match on catch block at 0x0a in for 0x131
03-09 07:48:41.654 29495 29495 E Parcel : Reading a NULL string not supported here.
03-09 07:48:41.679 29495 29495 E Parcel : Reading a NULL string not supported here.
03-09 07:48:42.236 29495 29556 E libEGL : Invalid file path for libcolorx- loader.so
03-09 07:48:42.254 29495 29556 E libEGL : Invalid file path for libcolorx- loader.so
03-09 07:48:42.262 29495 29556 E libEGL : Invalid file path for libcolorx- loader.so
03-09 07:48:42.452 29495 29495 E RecyclerView: No adapter attached; skipping layout
03-09 07:48:42.633 29495 29495 E RecyclerView: No adapter attached; skipping layout
03-09 07:48:42.667 29495 29616 E libEGL : Invalid file path for libcolorx- loader.so
03-09 07:48:42.670 29495 29495 E ArmVmp : Match on catch block at 0x0a in for 0xd1
03-09 07:48:42.723 29495 29495 E ScreenmodeClient: display mode not support
03-09 07:48:42.859 29495 29620 W LOTTIE : Animation contains merge paths. Merge paths are only supported on KitKat+ and must be manually enabled by calling enableMergePathsForKitKatAndAbove().
03-09 07:48:42.947 29495 29495 W LOTTIE : Animation contains merge paths but they are disabled.
03-09 07:48:43.080 29495 29495 E ArmVmp : Match on catch block at 0x5b in for 0x81
03-09 07:48:43.642 29495 29546 E CheckPermission: _bluetooth code = 1
03-09 07:48:43.644 29495 29546 E CheckPermission: _bluetooth code = 3
03-09 07:48:43.645 29495 29546 E CheckPermission: _bluetooth code = 11
03-09 07:48:44.382 29495 29495 E Parcel : Reading a NULL string not supported here.
03-09 07:48:44.436 29495 29638 E libEGL : Invalid file path for libcolorx- loader.so
03-09 07:48:46.015 29495 29495 E Parcel : Reading a NULL string not supported here.
03-09 07:48:46.063 29495 29645 E libEGL : Invalid file path for libcolorx- loader.so
03-09 07:48:46.303 29495 29648 E linker : library "" ("/apex/com.android.vndk.v30/lib64") needed or dlopened by "/apex/com.android.vndk.v30/lib64/libRS_internal.so" is not accessible for the namespace: [name="rs", ld_library_paths="", default_library_paths="/apex/com.android.vndk.v30/lib64:/odm/lib64:/vendor/lib64", permitted_paths="/odm/lib64:/vendor/lib64:/system/vendor/lib64:/data"]
03-09 07:48:46.303 29495 29648 E RenderScript: Failed loading RS driver: dlopen failed: library "" needed or dlopened by "/apex/com.android.vndk.v30/lib64/libRS_internal.so" is not accessible for the namespace "rs"
03-09 07:48:46.303 29495 29648 E RenderScript: Failed to load runtime , loading default
03-09 07:48:46.527 29495 29495 E ArmVmp : Match on catch block at 0x0a in for 0xc5
03-09 07:48:46.531 29495 29495 E ArmVmp : Match on catch block at 0x0a in for 0xc5
03-09 07:48:46.765 29495 29495 E ArmVmp : Match on catch block at 0xc3 in for 0xb9
03-09 07:48:46.769 29495 29495 E ArmVmp : Match on catch block at 0xc3 in for 0xb5
03-09 07:48:46.772 29495 29495 E ArmVmp : Match on catch block at 0xc3 in for 0xb5
03-09 07:48:46.834 29495 29668 E Parcel : Reading a NULL string not supported here.
03-09 07:48:46.899 29495 29495 E ArmVmp : Match on catch block at 0xc3 in for 0xa9
03-09 07:48:46.901 29495 29495 E ArmVmp : Match on catch block at 0xc3 in for 0xa5
03-09 07:48:46.903 29495 29495 E ArmVmp : Match on catch block at 0xc3 in for 0xa5
03-09 07:48:46.997 29495 29495 E ArmVmp : Match on catch block at 0xc3 in for 0xa1
03-09 07:48:46.999 29495 29495 E ArmVmp : Match on catch block at 0xc3 in for 0xa5
03-09 07:48:47.001 29495 29517 W LibraryVersion: Failed to get app version for libraryName: firebase-iid
03-09 07:48:47.001 29495 29495 E ArmVmp : Match on catch block at 0xc3 in for 0xa5
03-09 07:48:47.146 29495 29495 E ArmVmp : Match on catch block at 0xc3 in for 0xa9
03-09 07:48:47.149 29495 29495 E ArmVmp : Match on catch block at 0xc3 in for 0xa1
03-09 07:48:47.151 29495 29495 E ArmVmp : Match on catch block at 0xc3 in for 0xa1
03-09 07:48:47.167 29495 29673 E Parcel : Reading a NULL string not supported here.
03-09 07:48:47.473 29495 29495 E ArmVmp : Match on catch block at 0xc3 in for 0xa5
03-09 07:48:47.475 29495 29495 E ArmVmp : Match on catch block at 0xc3 in for 0xa9
03-09 07:48:47.477 29495 29495 E ArmVmp : Match on catch block at 0xc3 in for 0xa9
03-09 07:48:47.795 29495 29559 W com.mbwhatsapp: Accessing hidden method Lcom/android/org/conscrypt/ConscryptEngineSocket;->setUseSessionTickets(Z)V (greylist-max-q,test-api, reflection, denied)
03-09 07:48:47.795 29495 29559 W com.mbwhatsapp: Accessing hidden method Lcom/android/org/conscrypt/OpenSSLSocketImpl;->setUseSessionTickets(Z)V (greylist- max-q,test-api, reflection, denied)
03-09 07:48:47.795 29495 29559 W com.mbwhatsapp: Accessing hidden method Lcom/android/org/conscrypt/AbstractConscryptSocket;->setUseSessionTickets(Z)V (greylist-max-q, reflection, denied)
03-09 07:48:47.796 29495 29559 W com.mbwhatsapp: Accessing hidden method Lcom/android/org/conscrypt/ConscryptEngineSocket;->setHostname(Ljava/lang/String;)V (greylist-max-q,test-api, reflection, denied)
03-09 07:48:47.796 29495 29559 W com.mbwhatsapp: Accessing hidden method Lcom/android/org/conscrypt/OpenSSLSocketImpl;->setHostname(Ljava/lang/String;)V (greylist-max-q,test-api, reflection, denied)
03-09 07:48:47.796 29495 29559 W com.mbwhatsapp: Accessing hidden method Lcom/android/org/conscrypt/AbstractConscryptSocket;->setHostname(Ljava/lang/ String;)V (greylist-max-q, reflection, denied)
03-09 07:48:47.796 29495 29559 W com.mbwhatsapp: Accessing hidden method Lcom/android/org/conscrypt/OpenSSLSocketImpl;->setAlpnProtocols([B)V (greylist-max- q,test-api, reflection, denied)
03-09 07:48:47.796 29495 29559 W com.mbwhatsapp: Accessing hidden method Lcom/android/org/conscrypt/AbstractConscryptSocket;->setAlpnProtocols([B)V (greylist-max-q, reflection, denied)
03-09 07:48:47.973 29495 29495 E ArmVmp : Match on catch block at 0xc3 in for 0xa9
03-09 07:48:47.975 29495 29495 E ArmVmp : Match on catch block at 0xc3 in for 0xa1
03-09 07:48:47.977 29495 29495 E ArmVmp : Match on catch block at 0xc3 in for 0xa1
03-09 07:48:48.478 29495 29495 E ArmVmp : Match on catch block at 0xc3 in for 0xa5
03-09 07:48:48.484 29495 29495 E ArmVmp : Match on catch block at 0xc3 in for 0xa9
03-09 07:48:48.490 29495 29495 E ArmVmp : Match on catch block at 0xc3 in for 0xa9
03-09 07:48:48.775 29495 29559 W com.mbwhatsapp: Accessing hidden method Lcom/android/org/conscrypt/OpenSSLSocketImpl;->getAlpnSelectedProtocol()[B (greylist-max-q,test-api, reflection, denied)
03-09 07:48:48.776 29495 29559 W com.mbwhatsapp: Accessing hidden method Lcom/android/org/conscrypt/AbstractConscryptSocket;->getAlpnSelectedProtocol()[B (greylist-max-q, reflection, denied)
03-09 07:48:48.977 29495 29495 E ArmVmp : Match on catch block at 0xc3 in for 0xa9
03-09 07:48:48.979 29495 29495 E ArmVmp : Match on catch block at 0xc3 in for 0xa1
03-09 07:48:48.981 29495 29495 E ArmVmp : Match on catch block at 0xc3 in for 0xa1
03-09 07:48:49.477 29495 29495 E ArmVmp : Match on catch block at 0xc3 in for 0xa5
03-09 07:48:49.481 29495 29495 E ArmVmp : Match on catch block at 0xc3 in for 0xa9
03-09 07:48:49.483 29495 29495 E ArmVmp : Match on catch block at 0xc3 in for 0xa9
03-09 07:48:49.978 29495 29495 E ArmVmp : Match on catch block at 0xc3 in for 0xa9
03-09 07:48:49.982 29495 29495 E ArmVmp : Match on catch block at 0xc3 in for 0xa1
03-09 07:48:49.985 29495 29495 E ArmVmp : Match on catch block at 0xc3 in for 0xa1
03-09 07:48:50.145 29495 29495 E ArmVmp : Match on catch block at 0xc3 in for 0xa1
03-09 07:48:50.148 29495 29495 E ArmVmp : Match on catch block at 0xc3 in for 0xa5
03-09 07:48:50.150 29495 29495 E ArmVmp : Match on catch block at 0xc3 in for 0xa5
03-09 07:48:50.155 29495 29495 E ArmVmp : Match on catch block at 0xc3 in for 0xa9
03-09 07:48:50.158 29495 29495 E ArmVmp : Match on catch block at 0xc3 in for 0xa1
03-09 07:48:50.160 29495 29495 E ArmVmp : Match on catch block at 0xc3 in for 0xa1
03-09 07:48:50.169 29495 29495 E ArmVmp : Match on catch block at 0xc3 in for 0xa9
03-09 07:48:50.171 29495 29495 E ArmVmp : Match on catch block at 0xc3 in for 0xa1
03-09 07:48:50.173 29495 29495 E ArmVmp : Match on catch block at 0xc3 in for 0xa1
03-09 07:48:50.178 29495 29495 E ArmVmp : Match on catch block at 0xc3 in for 0xa5
03-09 07:48:50.181 29495 29495 E ArmVmp : Match on catch block at 0xc3 in for 0xa9
03-09 07:48:50.183 29495 29495 E ArmVmp : Match on catch block at 0xc3 in for 0xa9
03-09 07:48:50.196 29495 29495 E ArmVmp : Match on catch block at 0xc3 in for 0xa1
03-09 07:48:50.198 29495 29495 E ArmVmp : Match on catch block at 0xc3 in for 0xa5
03-09 07:48:50.200 29495 29495 E ArmVmp : Match on catch block at 0xc3 in for 0xa5
03-09 07:48:50.213 29495 29495 E ArmVmp : Match on catch block at 0xc3 in for 0xa9
03-09 07:48:50.215 29495 29495 E ArmVmp : Match on catch block at 0xc3 in for 0xa1
03-09 07:48:50.217 29495 29495 E ArmVmp : Match on catch block at 0xc3 in for 0xa1
03-09 07:48:50.229 29495 29495 E ArmVmp : Match on catch block at 0xc3 in for 0xa5
03-09 07:48:50.231 29495 29495 E ArmVmp : Match on catch block at 0xc3 in for 0xa9
03-09 07:48:50.233 29495 29495 E ArmVmp : Match on catch block at 0xc3 in for 0xa9
03-09 07:48:50.245 29495 29495 E ArmVmp : Match on catch block at 0xc3 in for 0xa1
03-09 07:48:50.247 29495 29495 E ArmVmp : Match on catch block at 0xc3 in for 0xa5
03-09 07:48:50.249 29495 29495 E ArmVmp : Match on catch block at 0xc3 in for 0xa5
03-09 07:48:50.262 29495 29495 E ArmVmp : Match on catch block at 0xc3 in for 0xa9
03-09 07:48:50.264 29495 29495 E ArmVmp : Match on catch block at 0xc3 in for 0xa1
03-09 07:48:50.266 29495 29495 E ArmVmp : Match on catch block at 0xc3 in for 0xa1
03-09 07:48:50.279 29495 29495 E ArmVmp : Match on catch block at 0xc3 in for 0xa5
03-09 07:48:50.281 29495 29495 E ArmVmp : Match on catch block at 0xc3 in for 0xa9
03-09 07:48:50.283 29495 29495 E ArmVmp : Match on catch block at 0xc3 in for 0xa9
03-09 07:48:50.296 29495 29495 E ArmVmp : Match on catch block at 0xc3 in for 0xa1
03-09 07:48:50.298 29495 29495 E ArmVmp : Match on catch block at 0xc3 in for 0xa5
03-09 07:48:50.300 29495 29495 E ArmVmp : Match on catch block at 0xc3 in for 0xa5
03-09 07:48:50.313 29495 29495 E ArmVmp : Match on catch block at 0xc3 in for 0xa9
03-09 07:48:50.315 29495 29495 E ArmVmp : Match on catch block at 0xc3 in for 0xa1
03-09 07:48:50.316 29495 29495 E ArmVmp : Match on catch block at 0xc3 in for 0xa1
03-09 07:48:50.329 29495 29495 E ArmVmp : Match on catch block at 0xc3 in for 0xa5
03-09 07:48:50.332 29495 29495 E ArmVmp : Match on catch block at 0xc3 in for 0xa9
03-09 07:48:50.334 29495 29495 E ArmVmp : Match on catch block at 0xc3 in for 0xa9
03-09 07:48:50.346 29495 29495 E ArmVmp : Match on catch block at 0xc3 in for 0xa1
03-09 07:48:50.348 29495 29495 E ArmVmp : Match on catch block at 0xc3 in for 0xa5
03-09 07:48:50.350 29495 29495 E ArmVmp : Match on catch block at 0xc3 in for 0xa5
03-09 07:48:50.363 29495 29495 E ArmVmp : Match on catch block at 0xc3 in for 0xa9
03-09 07:48:50.365 29495 29495 E ArmVmp : Match on catch block at 0xc3 in for 0xa1
03-09 07:48:50.367 29495 29495 E ArmVmp : Match on catch block at 0xc3 in for 0xa1
03-09 07:48:50.380 29495 29495 E ArmVmp : Match on catch block at 0xc3 in for 0xa5
03-09 07:48:50.382 29495 29495 E ArmVmp : Match on catch block at 0xc3 in for 0xa9
03-09 07:48:50.384 29495 29495 E ArmVmp : Match on catch block at 0xc3 in for 0xa9
03-09 07:48:50.396 29495 29495 E ArmVmp : Match on catch block at 0xc3 in for 0xa1
03-09 07:48:50.398 29495 29495 E ArmVmp : Match on catch block at 0xc3 in for 0xa5
03-09 07:48:50.400 29495 29495 E ArmVmp : Match on catch block at 0xc3 in for 0xa5
03-09 07:48:50.412 29495 29495 E ArmVmp : Match on catch block at 0xc3 in for 0xa9
03-09 07:48:50.415 29495 29495 E ArmVmp : Match on catch block at 0xc3 in for 0xa1
03-09 07:48:50.417 29495 29495 E ArmVmp : Match on catch block at 0xc3 in for 0xa1
03-09 07:48:50.430 29495 29495 E ArmVmp : Match on catch block at 0xc3 in for 0xa5
03-09 07:48:50.431 29495 29495 E ArmVmp : Match on catch block at 0xc3 in for 0xa9
03-09 07:48:50.433 29495 29495 E ArmVmp : Match on catch block at 0xc3 in for 0xa9
03-09 07:48:50.450 29495 29495 E ArmVmp : Match on catch block at 0xc3 in for 0xa1
03-09 07:48:50.452 29495 29495 E ArmVmp : Match on catch block at 0xc3 in for 0xa5
03-09 07:48:50.454 29495 29495 E ArmVmp : Match on catch block at 0xc3 in for 0xa5
03-09 07:48:50.463 29495 29495 E ArmVmp : Match on catch block at 0xc3 in for 0xa9
03-09 07:48:50.466 29495 29495 E ArmVmp : Match on catch block at 0xc3 in for 0xa1
03-09 07:48:50.468 29495 29495 E ArmVmp : Match on catch block at 0xc3 in for 0xa1
03-09 07:48:50.789 29495 29495 E ArmVmp : Match on catch block at 0xc3 in for 0xa1
03-09 07:48:50.793 29495 29495 E ArmVmp : Match on catch block at 0xc3 in for 0xa5
03-09 07:48:50.796 29495 29495 E ArmVmp : Match on catch block at 0xc3 in for 0xa5
03-09 07:48:50.896 29495 29495 E ArmVmp : Match on catch block at 0xc3 in for 0xa9
03-09 07:48:50.898 29495 29495 E ArmVmp : Match on catch block at 0xc3 in for 0xa1
03-09 07:48:50.900 29495 29495 E ArmVmp : Match on catch block at 0xc3 in for 0xa1
03-09 07:48:50.973 29495 29495 E ArmVmp : Match on catch block at 0xc3 in for 0xa1
03-09 07:48:50.975 29495 29495 E ArmVmp : Match on catch block at 0xc3 in for 0xa5
03-09 07:48:50.977 29495 29495 E ArmVmp : Match on catch block at 0xc3 in for 0xa5
03-09 07:48:51.189 29495 29495 E ArmVmp : Match on catch block at 0xc3 in for 0xa9
03-09 07:48:51.191 29495 29495 E ArmVmp : Match on catch block at 0xc3 in for 0xa1
03-09 07:48:51.193 29495 29495 E ArmVmp : Match on catch block at 0xc3 in for 0xa1
03-09 07:48:53.140 29495 29495 E Parcel : Reading a NULL string not supported here.
03-09 07:48:53.180 29495 29706 E libEGL : Invalid file path for libcolorx- loader.so
03-09 07:48:53.328 29495 29495 W BottomSheetBehavior: BottomSheetBehavior now supports multiple callbacks. `setBottomSheetCallback()` removes all existing callbacks, including ones set internally by library authors, which may result in unintended behavior. This may change in the future. Please use `addBottomSheetCallback()` and `removeBottomSheetCallback()` instead to set your own callbacks.
03-09 07:48:53.375 29495 29495 W BottomSheetBehavior: BottomSheetBehavior now supports multiple callbacks. `setBottomSheetCallback()` removes all existing callbacks, including ones set internally by library authors, which may result in unintended behavior. This may change in the future. Please use `addBottomSheetCallback()` and `removeBottomSheetCallback()` instead to set your own callbacks.
03-09 07:48:53.411 29495 29495 E RecyclerView: No adapter attached; skipping layout --------- beginning of main
03-09 07:49:04.357 29753 29753 E com.mbwhatsapp: Unknown bits set in runtime_flags: 0x40000000
03-09 07:49:04.361 29753 29753 E com.mbwhatsapp: Not starting debugger since process cannot load the jdwp agent.
03-09 07:49:04.368 29753 29753 E RefClass: java.lang.reflect.InvocationTargetException
03-09 07:49:04.452 29753 29753 E Perf : perftest packageName : com.mbwhatsapp App is allowed to use Hide APIs
03-09 07:49:04.517 29753 29753 W System.err: java.lang.ClassNotFoundException: mbmodsd.mbmodsw.ui.views.btn.BtnBK
03-09 07:49:04.517 29753 29753 W System.err: at java.lang.Runtime.nativeLoad(Native Method)
03-09 07:49:04.517 29753 29753 W System.err: at java.lang.Runtime.nativeLoad(Runtime.java:1131)
03-09 07:49:04.517 29753 29753 W System.err: at java.lang.Runtime.loadLibrary0(Runtime.java:1085)
03-09 07:49:04.517 29753 29753 W System.err: at java.lang.Runtime.loadLibrary0(Runtime.java:1008)
03-09 07:49:04.518 29753 29753 W System.err: at java.lang.System.loadLibrary(System.java:1664)
03-09 07:49:04.518 29753 29753 W System.err: at arm.EpicVm.<clinit>(Unknown Source:2)
03-09 07:49:04.518 29753 29753 W System.err: at java.lang.Class.newInstance(Native Method)
03-09 07:49:04.518 29753 29753 W System.err: at android.app.AppComponentFactory.instantiateApplication(AppComponentFactory.java:76)
03-09 07:49:04.518 29753 29753 W System.err: at androidx.core.app.CoreComponentFactory.instantiateApplication(Unknown Source:0)
03-09 07:49:04.518 29753 29753 W System.err: at android.app.Instrumentation.newApplication(Instrumentation.java:1159)
03-09 07:49:04.518 29753 29753 W System.err: at android.app.LoadedApk.makeApplication(LoadedApk.java:1316)
03-09 07:49:04.518 29753 29753 W System.err: at android.app.ActivityThread.handleBindApplication(ActivityThread.java:7227)
03-09 07:49:04.518 29753 29753 W System.err: at android.app.ActivityThread.access$1600(ActivityThread.java:293)
03-09 07:49:04.518 29753 29753 W System.err: at android.app.ActivityThread$H.handleMessage(ActivityThread.java:2151)
03-09 07:49:04.518 29753 29753 W System.err: at android.os.Handler.dispatchMessage(Handler.java:106)
03-09 07:49:04.518 29753 29753 W System.err: at android.os.Looper.loop(Looper.java:263)
03-09 07:49:04.518 29753 29753 W System.err: at android.app.ActivityThread.main(ActivityThread.java:8292)
03-09 07:49:04.518 29753 29753 W System.err: at java.lang.reflect.Method.invoke(Native Method)
03-09 07:49:04.518 29753 29753 W System.err: at com.android.internal.os.RuntimeInit$MethodAndArgsCaller.run(RuntimeInit.java:612)
