03-29 11:27:15.732 13564 13564 E ArmVmp : Match on catch block at 0xc3 in for 0xa1
03-29 11:27:15.745 13564 13564 E ArmVmp : Match on catch block at 0xc3 in for 0xa1
03-29 11:27:15.748 13564 13564 E ArmVmp : Match on catch block at 0xc3 in for 0xa5
03-29 11:27:15.762 13564 13564 E ArmVmp : Match on catch block at 0xc3 in for 0xa5
03-29 11:27:15.765 13564 13564 E ArmVmp : Match on catch block at 0xc3 in for 0xa9
03-29 11:27:15.779 13564 13564 E ArmVmp : Match on catch block at 0xc3 in for 0xa9
03-29 11:27:15.783 13564 13564 E ArmVmp : Match on catch block at 0xc3 in for 0xa1
03-29 11:27:15.795 13564 13564 E ArmVmp : Match on catch block at 0xc3 in for 0xa1
03-29 11:27:15.799 13564 13564 E ArmVmp : Match on catch block at 0xc3 in for 0xa5
03-29 11:27:15.811 13564 13564 E ArmVmp : Match on catch block at 0xc3 in for 0xa5
03-29 11:27:15.814 13564 13564 E ArmVmp : Match on catch block at 0xc3 in for 0xa9
03-29 11:27:15.829 13564 13564 E ArmVmp : Match on catch block at 0xc3 in for 0xa9
03-29 11:27:15.833 13564 13564 E ArmVmp : Match on catch block at 0xc3 in for 0xa1
03-29 11:27:15.845 13564 13564 E ArmVmp : Match on catch block at 0xc3 in for 0xa1
03-29 11:27:15.849 13564 13564 E ArmVmp : Match on catch block at 0xc3 in for 0xa5
03-29 11:27:15.863 13564 13564 E ArmVmp : Match on catch block at 0xc3 in for 0xa5
03-29 11:27:15.867 13564 13564 E ArmVmp : Match on catch block at 0xc3 in for 0xa9
03-29 11:27:15.879 13564 13564 E ArmVmp : Match on catch block at 0xc3 in for 0xa9
03-29 11:27:15.883 13564 13564 E ArmVmp : Match on catch block at 0xc3 in for 0xa1
03-29 11:27:15.896 13564 13564 E ArmVmp : Match on catch block at 0xc3 in for 0xa1
03-29 11:27:15.900 13564 13564 E ArmVmp : Match on catch block at 0xc3 in for 0xa5
03-29 11:27:15.913 13564 13564 E ArmVmp : Match on catch block at 0xc3 in for 0xa5
03-29 11:27:15.916 13564 13564 E ArmVmp : Match on catch block at 0xc3 in for 0xa9
03-29 11:27:15.929 13564 13564 E ArmVmp : Match on catch block at 0xc3 in for 0xa9
03-29 11:27:15.933 13564 13564 E ArmVmp : Match on catch block at 0xc3 in for 0xa1
03-29 11:27:15.947 13564 13564 E ArmVmp : Match on catch block at 0xc3 in for 0xa1
03-29 11:27:15.951 13564 13564 E ArmVmp : Match on catch block at 0xc3 in for 0xa5
03-29 11:27:15.963 13564 13564 E ArmVmp : Match on catch block at 0xc3 in for 0xa5
03-29 11:27:15.967 13564 13564 E ArmVmp : Match on catch block at 0xc3 in for 0xa9
03-29 11:27:15.995 13564 13564 E ArmVmp : Match on catch block at 0xc3 in for 0xa9
03-29 11:27:16.000 13564 13564 E ArmVmp : Match on catch block at 0xc3 in for 0xa1
03-29 11:27:16.032 13564 13564 E ArmVmp : Match on catch block at 0xc3 in for 0xa1
03-29 11:27:16.035 13564 13564 E ArmVmp : Match on catch block at 0xc3 in for 0xa5
03-29 11:27:16.077 13564 13564 E ArmVmp : Match on catch block at 0xc3 in for 0xa1
03-29 11:27:16.082 13564 13564 E ArmVmp : Match on catch block at 0xc3 in for 0xa5
03-29 11:27:16.095 13564 13564 E ArmVmp : Match on catch block at 0xc3 in for 0xa5
03-29 11:27:16.098 13564 13564 E ArmVmp : Match on catch block at 0xc3 in for 0xa9
03-29 11:27:16.112 13564 13564 E ArmVmp : Match on catch block at 0xc3 in for 0xa9
03-29 11:27:16.115 13564 13564 E ArmVmp : Match on catch block at 0xc3 in for 0xa1
03-29 11:27:16.130 13564 13564 E ArmVmp : Match on catch block at 0xc3 in for 0xa1
03-29 11:27:16.133 13564 13564 E ArmVmp : Match on catch block at 0xc3 in for 0xa5
03-29 11:27:16.147 13564 13564 E ArmVmp : Match on catch block at 0xc3 in for 0xa5
03-29 11:27:16.150 13564 13564 E ArmVmp : Match on catch block at 0xc3 in for 0xa9
03-29 11:27:16.162 13564 13564 E ArmVmp : Match on catch block at 0xc3 in for 0xa9
03-29 11:27:16.166 13564 13564 E ArmVmp : Match on catch block at 0xc3 in for 0xa1
03-29 11:27:16.179 13564 13564 E ArmVmp : Match on catch block at 0xc3 in for 0xa1
03-29 11:27:16.183 13564 13564 E ArmVmp : Match on catch block at 0xc3 in for 0xa5
03-29 11:27:16.195 13564 13564 E ArmVmp : Match on catch block at 0xc3 in for 0xa5
03-29 11:27:16.199 13564 13564 E ArmVmp : Match on catch block at 0xc3 in for 0xa9
03-29 11:27:16.216 13564 13564 E ArmVmp : Match on catch block at 0xc3 in for 0xa9
03-29 11:27:16.219 13564 13564 E ArmVmp : Match on catch block at 0xc3 in for 0xa1
03-29 11:27:16.228 13564 13564 E ArmVmp : Match on catch block at 0xc3 in for 0xa1
03-29 11:27:16.231 13564 13564 E ArmVmp : Match on catch block at 0xc3 in for 0xa5
03-29 11:27:16.246 13564 13564 E ArmVmp : Match on catch block at 0xc3 in for 0xa5
03-29 11:27:16.248 13564 13564 E ArmVmp : Match on catch block at 0xc3 in for 0xa9
03-29 11:27:16.262 13564 13564 E ArmVmp : Match on catch block at 0xc3 in for 0xa9
03-29 11:27:16.266 13564 13564 E ArmVmp : Match on catch block at 0xc3 in for 0xa1
03-29 11:27:16.279 13564 13564 E ArmVmp : Match on catch block at 0xc3 in for 0xa1
03-29 11:27:16.283 13564 13564 E ArmVmp : Match on catch block at 0xc3 in for 0xa5
03-29 11:27:16.296 13564 13564 E ArmVmp : Match on catch block at 0xc3 in for 0xa5
03-29 11:27:16.300 13564 13564 E ArmVmp : Match on catch block at 0xc3 in for 0xa9
03-29 11:27:16.313 13564 13564 E ArmVmp : Match on catch block at 0xc3 in for 0xa9
03-29 11:27:16.317 13564 13564 E ArmVmp : Match on catch block at 0xc3 in for 0xa1
03-29 11:27:16.331 13564 13564 E ArmVmp : Match on catch block at 0xc3 in for 0xa1
03-29 11:27:16.335 13564 13564 E ArmVmp : Match on catch block at 0xc3 in for 0xa5
03-29 11:27:16.346 13564 13564 E ArmVmp : Match on catch block at 0xc3 in for 0xa5
03-29 11:27:16.350 13564 13564 E ArmVmp : Match on catch block at 0xc3 in for 0xa9
03-29 11:27:16.363 13564 13564 E ArmVmp : Match on catch block at 0xc3 in for 0xa9
03-29 11:27:16.368 13564 13564 E ArmVmp : Match on catch block at 0xc3 in for 0xa1
03-29 11:27:16.379 13564 13564 E ArmVmp : Match on catch block at 0xc3 in for 0xa1
03-29 11:27:16.383 13564 13564 E ArmVmp : Match on catch block at 0xc3 in for 0xa5
03-29 11:27:16.396 13564 13564 E ArmVmp : Match on catch block at 0xc3 in for 0xa5
03-29 11:27:16.399 13564 13564 E ArmVmp : Match on catch block at 0xc3 in for 0xa9
03-29 11:27:16.413 13564 13564 E ArmVmp : Match on catch block at 0xc3 in for 0xa9
03-29 11:27:16.417 13564 13564 E ArmVmp : Match on catch block at 0xc3 in for 0xa1
03-29 11:27:16.430 13564 13564 E ArmVmp : Match on catch block at 0xc3 in for 0xa1
03-29 11:27:16.434 13564 13564 E ArmVmp : Match on catch block at 0xc3 in for 0xa5
03-29 11:27:16.446 13564 13564 E ArmVmp : Match on catch block at 0xc3 in for 0xa5
03-29 11:27:16.450 13564 13564 E ArmVmp : Match on catch block at 0xc3 in for 0xa9
03-29 11:27:16.463 13564 13564 E ArmVmp : Match on catch block at 0xc3 in for 0xa9
03-29 11:27:16.467 13564 13564 E ArmVmp : Match on catch block at 0xc3 in for 0xa1
03-29 11:27:16.481 13564 13564 E ArmVmp : Match on catch block at 0xc3 in for 0xa1
03-29 11:27:16.485 13564 13564 E ArmVmp : Match on catch block at 0xc3 in for 0xa5
03-29 11:27:16.496 13564 13564 E ArmVmp : Match on catch block at 0xc3 in for 0xa5
03-29 11:27:16.501 13564 13564 E ArmVmp : Match on catch block at 0xc3 in for 0xa9
03-29 11:27:16.514 13564 13564 E ArmVmp : Match on catch block at 0xc3 in for 0xa9
03-29 11:27:16.517 13564 13564 E ArmVmp : Match on catch block at 0xc3 in for 0xa1
03-29 11:27:16.530 13564 13564 E ArmVmp : Match on catch block at 0xc3 in for 0xa1
03-29 11:27:16.534 13564 13564 E ArmVmp : Match on catch block at 0xc3 in for 0xa5
03-29 11:27:16.547 13564 13564 E ArmVmp : Match on catch block at 0xc3 in for 0xa5
03-29 11:27:16.550 13564 13564 E ArmVmp : Match on catch block at 0xc3 in for 0xa9
03-29 11:27:16.564 13564 13564 E ArmVmp : Match on catch block at 0xc3 in for 0xa9
03-29 11:27:16.568 13564 13564 E ArmVmp : Match on catch block at 0xc3 in for 0xa1
03-29 11:27:16.580 13564 13564 E ArmVmp : Match on catch block at 0xc3 in for 0xa1
03-29 11:27:16.585 13564 13564 E ArmVmp : Match on catch block at 0xc3 in for 0xa5
03-29 11:27:16.597 13564 13564 E ArmVmp : Match on catch block at 0xc3 in for 0xa5
03-29 11:27:16.601 13564 13564 E ArmVmp : Match on catch block at 0xc3 in for 0xa9
03-29 11:27:16.614 13564 13564 E ArmVmp : Match on catch block at 0xc3 in for 0xa9
03-29 11:27:16.617 13564 13564 E ArmVmp : Match on catch block at 0xc3 in for 0xa1
03-29 11:27:16.631 13564 13564 E ArmVmp : Match on catch block at 0xc3 in for 0xa1
03-29 11:27:16.635 13564 13564 E ArmVmp : Match on catch block at 0xc3 in for 0xa5
03-29 11:27:16.647 13564 13564 E ArmVmp : Match on catch block at 0xc3 in for 0xa5
03-29 11:27:16.651 13564 13564 E ArmVmp : Match on catch block at 0xc3 in for 0xa9
03-29 11:27:16.664 13564 13564 E ArmVmp : Match on catch block at 0xc3 in for 0xa9
03-29 11:27:16.668 13564 13564 E ArmVmp : Match on catch block at 0xc3 in for 0xa1
03-29 11:27:16.682 13564 13564 E ArmVmp : Match on catch block at 0xc3 in for 0xa1
03-29 11:27:16.686 13564 13564 E ArmVmp : Match on catch block at 0xc3 in for 0xa5
03-29 11:27:16.697 13564 13564 E ArmVmp : Match on catch block at 0xc3 in for 0xa5
03-29 11:27:16.701 13564 13564 E ArmVmp : Match on catch block at 0xc3 in for 0xa9
03-29 11:27:16.714 13564 13564 E ArmVmp : Match on catch block at 0xc3 in for 0xa9
03-29 11:27:16.717 13564 13564 E ArmVmp : Match on catch block at 0xc3 in for 0xa1
03-29 11:27:16.731 13564 13564 E ArmVmp : Match on catch block at 0xc3 in for 0xa1
03-29 11:27:16.734 13564 13564 E ArmVmp : Match on catch block at 0xc3 in for 0xa5
03-29 11:27:16.748 13564 13564 E ArmVmp : Match on catch block at 0xc3 in for 0xa5
03-29 11:27:16.752 13564 13564 E ArmVmp : Match on catch block at 0xc3 in for 0xa9
03-29 11:27:16.765 13564 13564 E ArmVmp : Match on catch block at 0xc3 in for 0xa9
03-29 11:27:16.769 13564 13564 E ArmVmp : Match on catch block at 0xc3 in for 0xa1
03-29 11:27:16.781 13564 13564 E ArmVmp : Match on catch block at 0xc3 in for 0xa1
03-29 11:27:16.785 13564 13564 E ArmVmp : Match on catch block at 0xc3 in for 0xa5
03-29 11:27:16.797 13564 13564 E ArmVmp : Match on catch block at 0xc3 in for 0xa5
03-29 11:27:16.800 13564 13564 E ArmVmp : Match on catch block at 0xc3 in for 0xa9
03-29 11:27:16.813 13564 13564 E ArmVmp : Match on catch block at 0xc3 in for 0xa9
03-29 11:27:16.816 13564 13564 E ArmVmp : Match on catch block at 0xc3 in for 0xa1
03-29 11:27:16.830 13564 13564 E ArmVmp : Match on catch block at 0xc3 in for 0xa5
03-29 11:27:16.832 13564 13564 E ArmVmp : Match on catch block at 0xc3 in for 0xa9
03-29 11:27:16.838 13564 13622 E SQLiteDatabase: Error inserting transferred=1 media_job_uuid=97c6aa2e-5069-4dcc-83f0-d8f06cda0303 transcoded=0 gif_attribution=0 first_scan_length=0 direct_path=/m1/v/t24/An91k7xrcuyWDLBPjj8XPy72EhKQbVvPSPEPualEF2crJ0hzWQNfnSwMA9327 rQZsOck9yC-6wQUTXwAyY_B67XmUNOOBkzNq6LDprfV-5x6-MsXtKxm2c779cYCMyCcX5rD?ccb=10- 5&oh=01_AdRtc02Y9rYWyQ2nUCmDayF2UUG-MnghePZauospJoT__A&oe=6620606F&_nc_sid=5e03e0 thumbnail_height_width_ratio=1.7560976 is_animated_sticker=0 file_hash=WEXnDAIkFtr2OCsIEpozk8DafsEHjzRu8hOFTikYAjk= file_path=Media/MBWhatsApp Video/VID-20240329-WA0002 file_size=1608510 partial_media_hash=null face_x=0 face_y=0 height=1024 trim_to=0 media_key_timestamp=0 message_url=null media_caption=null trim_from=0 mime_type=video/mp4 partial_media_enc_hash=null width=576 original_file_hash=null has_streaming_sidecar=0 autotransfer_retry_enabled=1 media_upload_handle=null message_row_id=207 multicast_id=null enc_file_hash=null mute_video=0 page_count=0 first_scan_sidecar=null suspicious_content=0 file_length=1608510 media_name=null media_duration=20 chat_row_id=32 media_key=null
03-29 11:27:16.838 13564 13622 E SQLiteDatabase: android.database.sqlite.SQLiteConstraintException: UNIQUE constraint failed: message_media.message_row_id (code 1555 SQLITE_CONSTRAINT_PRIMARYKEY)
03-29 11:27:16.838 13564 13622 E SQLiteDatabase: at android.database.sqlite.SQLiteConnection.nativeExecuteForLastInsertedRowId(Native Method)
03-29 11:27:16.838 13564 13622 E SQLiteDatabase: at android.database.sqlite.SQLiteConnection.executeForLastInsertedRowId(SQLiteConnecti on.java:948)
03-29 11:27:16.838 13564 13622 E SQLiteDatabase: at android.database.sqlite.SQLiteSession.executeForLastInsertedRowId(SQLiteSession.jav a:790)
03-29 11:27:16.838 13564 13622 E SQLiteDatabase: at android.database.sqlite.SQLiteStatement.executeInsert(SQLiteStatement.java:88)
03-29 11:27:16.838 13564 13622 E SQLiteDatabase: at android.database.sqlite.SQLiteDatabase.insertWithOnConflict(SQLiteDatabase.java:171 2)
03-29 11:27:16.838 13564 13622 E SQLiteDatabase: at android.database.sqlite.SQLiteDatabase.insert(SQLiteDatabase.java:1581)
03-29 11:27:16.838 13564 13622 E SQLiteDatabase: at X.2tm.A08(Unknown Source:6)
03-29 11:27:16.838 13564 13622 E SQLiteDatabase: at X.35Y.A07(Unknown Source:212)
03-29 11:27:16.838 13564 13622 E SQLiteDatabase: at X.3QF.A14(Unknown Source:470)
03-29 11:27:16.838 13564 13622 E SQLiteDatabase: at X.3gU.run(Unknown Source:982)
03-29 11:27:16.838 13564 13622 E SQLiteDatabase: at android.os.Handler.handleCallback(Handler.java:938)
03-29 11:27:16.838 13564 13622 E SQLiteDatabase: at android.os.Handler.dispatchMessage(Handler.java:99)
03-29 11:27:16.838 13564 13622 E SQLiteDatabase: at X.0zq.dispatchMessage(Unknown Source:4)
03-29 11:27:16.838 13564 13622 E SQLiteDatabase: at android.os.Looper.loop(Looper.java:263)
03-29 11:27:16.838 13564 13622 E SQLiteDatabase: at android.os.HandlerThread.run(HandlerThread.java:67)
03-29 11:27:16.848 13564 13564 E ArmVmp : Match on catch block at 0xc3 in for 0xa9
03-29 11:27:16.852 13564 13564 E ArmVmp : Match on catch block at 0xc3 in for 0xa1
03-29 11:27:16.880 13564 13564 E ArmVmp : Match on catch block at 0xc3 in for 0xa1
03-29 11:27:16.883 13564 13564 E ArmVmp : Match on catch block at 0xc3 in for 0xa5
03-29 11:27:16.900 13564 13564 E ArmVmp : Match on catch block at 0xc3 in for 0xa5
03-29 11:27:16.903 13564 13564 E ArmVmp : Match on catch block at 0xc3 in for 0xa9
03-29 11:27:16.914 13564 13564 E ArmVmp : Match on catch block at 0xc3 in for 0xa9
03-29 11:27:16.917 13564 13564 E ArmVmp : Match on catch block at 0xc3 in for 0xa1
03-29 11:27:16.930 13564 13564 E ArmVmp : Match on catch block at 0xc3 in for 0xa1
03-29 11:27:16.933 13564 13564 E ArmVmp : Match on catch block at 0xc3 in for 0xa5
03-29 11:27:16.947 13564 13564 E ArmVmp : Match on catch block at 0xc3 in for 0xa5
03-29 11:27:16.950 13564 13564 E ArmVmp : Match on catch block at 0xc3 in for 0xa9
03-29 11:27:16.963 13564 13564 E ArmVmp : Match on catch block at 0xc3 in for 0xa9
03-29 11:27:16.966 13564 13564 E ArmVmp : Match on catch block at 0xc3 in for 0xa1
03-29 11:27:16.980 13564 13564 E ArmVmp : Match on catch block at 0xc3 in for 0xa1
03-29 11:27:16.984 13564 13564 E ArmVmp : Match on catch block at 0xc3 in for 0xa5
03-29 11:27:16.997 13564 13564 E ArmVmp : Match on catch block at 0xc3 in for 0xa5
03-29 11:27:17.000 13564 13564 E ArmVmp : Match on catch block at 0xc3 in for 0xa9
03-29 11:27:17.014 13564 13564 E ArmVmp : Match on catch block at 0xc3 in for 0xa9
03-29 11:27:17.017 13564 13564 E ArmVmp : Match on catch block at 0xc3 in for 0xa1
03-29 11:27:17.030 13564 13564 E ArmVmp : Match on catch block at 0xc3 in for 0xa1
03-29 11:27:17.033 13564 13564 E ArmVmp : Match on catch block at 0xc3 in for 0xa5
03-29 11:27:17.047 13564 13564 E ArmVmp : Match on catch block at 0xc3 in for 0xa5
03-29 11:27:17.050 13564 13564 E ArmVmp : Match on catch block at 0xc3 in for 0xa9
03-29 11:27:17.064 13564 13564 E ArmVmp : Match on catch block at 0xc3 in for 0xa9
03-29 11:27:17.068 13564 13564 E ArmVmp : Match on catch block at 0xc3 in for 0xa1
03-29 11:27:17.080 13564 13564 E ArmVmp : Match on catch block at 0xc3 in for 0xa1
03-29 11:27:17.084 13564 13564 E ArmVmp : Match on catch block at 0xc3 in for 0xa5
03-29 11:27:17.097 13564 13564 E ArmVmp : Match on catch block at 0xc3 in for 0xa5
03-29 11:27:17.100 13564 13564 E ArmVmp : Match on catch block at 0xc3 in for 0xa9
03-29 11:27:17.113 13564 13564 E ArmVmp : Match on catch block at 0xc3 in for 0xa9
03-29 11:27:17.116 13564 13564 E ArmVmp : Match on catch block at 0xc3 in for 0xa1
03-29 11:27:17.130 13564 13564 E ArmVmp : Match on catch block at 0xc3 in for 0xa1
03-29 11:27:17.132 13564 13564 E ArmVmp : Match on catch block at 0xc3 in for 0xa5
03-29 11:27:17.147 13564 13564 E ArmVmp : Match on catch block at 0xc3 in for 0xa5
03-29 11:27:17.150 13564 13564 E ArmVmp : Match on catch block at 0xc3 in for 0xa9
03-29 11:27:17.164 13564 13564 E ArmVmp : Match on catch block at 0xc3 in for 0xa9
03-29 11:27:17.167 13564 13564 E ArmVmp : Match on catch block at 0xc3 in for 0xa1
03-29 11:27:17.180 13564 13564 E ArmVmp : Match on catch block at 0xc3 in for 0xa1
03-29 11:27:17.183 13564 13564 E ArmVmp : Match on catch block at 0xc3 in for 0xa5
03-29 11:27:17.197 13564 13564 E ArmVmp : Match on catch block at 0xc3 in for 0xa5
03-29 11:27:17.201 13564 13564 E ArmVmp : Match on catch block at 0xc3 in for 0xa9
03-29 11:27:17.214 13564 13564 E ArmVmp : Match on catch block at 0xc3 in for 0xa9
03-29 11:27:17.218 13564 13564 E ArmVmp : Match on catch block at 0xc3 in for 0xa1
03-29 11:27:17.230 13564 13564 E ArmVmp : Match on catch block at 0xc3 in for 0xa1
03-29 11:27:17.233 13564 13564 E ArmVmp : Match on catch block at 0xc3 in for 0xa5
03-29 11:27:17.251 13564 13564 E ArmVmp : Match on catch block at 0xc3 in for 0xa9
03-29 11:27:17.254 13564 13564 E ArmVmp : Match on catch block at 0xc3 in for 0xa1
03-29 11:27:17.265 13564 13564 E ArmVmp : Match on catch block at 0xc3 in for 0xa1
03-29 11:27:17.268 13564 13564 E ArmVmp : Match on catch block at 0xc3 in for 0xa5
03-29 11:27:17.280 13564 13564 E ArmVmp : Match on catch block at 0xc3 in for 0xa5
03-29 11:27:17.284 13564 13564 E ArmVmp : Match on catch block at 0xc3 in for 0xa9
03-29 11:27:17.298 13564 13564 E ArmVmp : Match on catch block at 0xc3 in for 0xa9
03-29 11:27:17.301 13564 13564 E ArmVmp : Match on catch block at 0xc3 in for 0xa1
03-29 11:27:17.314 13564 13564 E ArmVmp : Match on catch block at 0xc3 in for 0xa1
03-29 11:27:17.318 13564 13564 E ArmVmp : Match on catch block at 0xc3 in for 0xa5
03-29 11:27:17.331 13564 13564 E ArmVmp : Match on catch block at 0xc3 in for 0xa5
03-29 11:27:17.335 13564 13564 E ArmVmp : Match on catch block at 0xc3 in for 0xa9
03-29 11:27:17.348 13564 13564 E ArmVmp : Match on catch block at 0xc3 in for 0xa9
03-29 11:27:17.353 13564 13564 E ArmVmp : Match on catch block at 0xc3 in for 0xa1
03-29 11:27:17.365 13564 13564 E ArmVmp : Match on catch block at 0xc3 in for 0xa1
03-29 11:27:17.368 13564 13564 E ArmVmp : Match on catch block at 0xc3 in for 0xa5
03-29 11:27:17.381 13564 13564 E ArmVmp : Match on catch block at 0xc3 in for 0xa5
03-29 11:27:17.385 13564 13564 E ArmVmp : Match on catch block at 0xc3 in for 0xa9
03-29 11:27:17.398 13564 13564 E ArmVmp : Match on catch block at 0xc3 in for 0xa9
03-29 11:27:17.401 13564 13564 E ArmVmp : Match on catch block at 0xc3 in for 0xa1
03-29 11:27:17.415 13564 13564 E ArmVmp : Match on catch block at 0xc3 in for 0xa1
03-29 11:27:17.417 13564 13564 E ArmVmp : Match on catch block at 0xc3 in for 0xa5
03-29 11:27:17.431 13564 13564 E ArmVmp : Match on catch block at 0xc3 in for 0xa5
03-29 11:27:17.435 13564 13564 E ArmVmp : Match on catch block at 0xc3 in for 0xa9
03-29 11:27:17.449 13564 13564 E ArmVmp : Match on catch block at 0xc3 in for 0xa9
03-29 11:27:17.452 13564 13564 E ArmVmp : Match on catch block at 0xc3 in for 0xa1
03-29 11:27:17.465 13564 13564 E ArmVmp : Match on catch block at 0xc3 in for 0xa1
03-29 11:27:17.468 13564 13564 E ArmVmp : Match on catch block at 0xc3 in for 0xa5
03-29 11:27:17.482 13564 13564 E ArmVmp : Match on catch block at 0xc3 in for 0xa5
03-29 11:27:17.486 13564 13564 E ArmVmp : Match on catch block at 0xc3 in for 0xa9
03-29 11:27:17.498 13564 13564 E ArmVmp : Match on catch block at 0xc3 in for 0xa9
03-29 11:27:17.502 13564 13564 E ArmVmp : Match on catch block at 0xc3 in for 0xa1
03-29 11:27:17.515 13564 13564 E ArmVmp : Match on catch block at 0xc3 in for 0xa1
03-29 11:27:17.518 13564 13564 E ArmVmp : Match on catch block at 0xc3 in for 0xa5
03-29 11:27:17.532 13564 13564 E ArmVmp : Match on catch block at 0xc3 in for 0xa5
03-29 11:27:17.535 13564 13564 E ArmVmp : Match on catch block at 0xc3 in for 0xa9
03-29 11:27:17.549 13564 13564 E ArmVmp : Match on catch block at 0xc3 in for 0xa9
03-29 11:27:17.553 13564 13564 E ArmVmp : Match on catch block at 0xc3 in for 0xa1
03-29 11:27:17.565 13564 13564 E ArmVmp : Match on catch block at 0xc3 in for 0xa1
03-29 11:27:17.567 13564 13564 E ArmVmp : Match on catch block at 0xc3 in for 0xa5
03-29 11:27:17.582 13564 13564 E ArmVmp : Match on catch block at 0xc3 in for 0xa5
03-29 11:27:17.586 13564 13564 E ArmVmp : Match on catch block at 0xc3 in for 0xa9
03-29 11:27:17.599 13564 13564 E ArmVmp : Match on catch block at 0xc3 in for 0xa9
03-29 11:27:17.603 13564 13564 E ArmVmp : Match on catch block at 0xc3 in for 0xa1
03-29 11:27:17.616 13564 13564 E ArmVmp : Match on catch block at 0xc3 in for 0xa1
03-29 11:27:17.620 13564 13564 E ArmVmp : Match on catch block at 0xc3 in for 0xa5
03-29 11:27:17.633 13564 13564 E ArmVmp : Match on catch block at 0xc3 in for 0xa5
03-29 11:27:17.636 13564 13564 E ArmVmp : Match on catch block at 0xc3 in for 0xa9
03-29 11:27:17.650 13564 13564 E ArmVmp : Match on catch block at 0xc3 in for 0xa9
03-29 11:27:17.653 13564 13564 E ArmVmp : Match on catch block at 0xc3 in for 0xa1
03-29 11:27:17.666 13564 13564 E ArmVmp : Match on catch block at 0xc3 in for 0xa1
03-29 11:27:17.670 13564 13564 E ArmVmp : Match on catch block at 0xc3 in for 0xa5
03-29 11:27:17.683 13564 13564 E ArmVmp : Match on catch block at 0xc3 in for 0xa5
03-29 11:27:17.687 13564 13564 E ArmVmp : Match on catch block at 0xc3 in for 0xa9
03-29 11:27:17.700 13564 13564 E ArmVmp : Match on catch block at 0xc3 in for 0xa9
03-29 11:27:17.703 13564 13564 E ArmVmp : Match on catch block at 0xc3 in for 0xa1
03-29 11:27:17.716 13564 13564 E ArmVmp : Match on catch block at 0xc3 in for 0xa1
03-29 11:27:17.719 13564 13564 E ArmVmp : Match on catch block at 0xc3 in for 0xa5
03-29 11:27:17.732 13564 13564 E ArmVmp : Match on catch block at 0xc3 in for 0xa5
03-29 11:27:17.735 13564 13564 E ArmVmp : Match on catch block at 0xc3 in for 0xa9
03-29 11:27:17.749 13564 13564 E ArmVmp : Match on catch block at 0xc3 in for 0xa9
03-29 11:27:17.753 13564 13564 E ArmVmp : Match on catch block at 0xc3 in for 0xa1
03-29 11:27:17.766 13564 13564 E ArmVmp : Match on catch block at 0xc3 in for 0xa1
03-29 11:27:17.769 13564 13564 E ArmVmp : Match on catch block at 0xc3 in for 0xa5
03-29 11:27:17.783 13564 13564 E ArmVmp : Match on catch block at 0xc3 in for 0xa5
03-29 11:27:17.786 13564 13564 E ArmVmp : Match on catch block at 0xc3 in for 0xa9
03-29 11:27:17.799 13564 13564 E ArmVmp : Match on catch block at 0xc3 in for 0xa9
03-29 11:27:17.803 13564 13564 E ArmVmp : Match on catch block at 0xc3 in for 0xa1
03-29 11:27:17.816 13564 13564 E ArmVmp : Match on catch block at 0xc3 in for 0xa1
03-29 11:27:17.820 13564 13564 E ArmVmp : Match on catch block at 0xc3 in for 0xa5
03-29 11:27:17.833 13564 13564 E ArmVmp : Match on catch block at 0xc3 in for 0xa5
03-29 11:27:17.836 13564 13564 E ArmVmp : Match on catch block at 0xc3 in for 0xa9
03-29 11:27:17.849 13564 13564 E ArmVmp : Match on catch block at 0xc3 in for 0xa9
03-29 11:27:17.853 13564 13564 E ArmVmp : Match on catch block at 0xc3 in for 0xa1
03-29 11:27:17.867 13564 13564 E ArmVmp : Match on catch block at 0xc3 in for 0xa1
03-29 11:27:17.871 13564 13564 E ArmVmp : Match on catch block at 0xc3 in for 0xa5
03-29 11:27:17.883 13564 13564 E ArmVmp : Match on catch block at 0xc3 in for 0xa5
03-29 11:27:17.887 13564 13564 E ArmVmp : Match on catch block at 0xc3 in for 0xa9
03-29 11:27:17.899 13564 13564 E ArmVmp : Match on catch block at 0xc3 in for 0xa9
03-29 11:27:17.903 13564 13564 E ArmVmp : Match on catch block at 0xc3 in for 0xa1
03-29 11:27:17.916 13564 13564 E ArmVmp : Match on catch block at 0xc3 in for 0xa1
03-29 11:27:17.918 13564 13564 E ArmVmp : Match on catch block at 0xc3 in for 0xa5
03-29 11:27:17.933 13564 13564 E ArmVmp : Match on catch block at 0xc3 in for 0xa5
03-29 11:27:17.936 13564 13564 E ArmVmp : Match on catch block at 0xc3 in for 0xa9
03-29 11:27:17.949 13564 13564 E ArmVmp : Match on catch block at 0xc3 in for 0xa9
03-29 11:27:17.952 13564 13564 E ArmVmp : Match on catch block at 0xc3 in for 0xa1
03-29 11:27:17.966 13564 13564 E ArmVmp : Match on catch block at 0xc3 in for 0xa1
03-29 11:27:17.969 13564 13564 E ArmVmp : Match on catch block at 0xc3 in for 0xa5
03-29 11:27:17.982 13564 13564 E ArmVmp : Match on catch block at 0xc3 in for 0xa5
03-29 11:27:17.985 13564 13564 E ArmVmp : Match on catch block at 0xc3 in for 0xa9
03-29 11:27:18.009 13564 13564 E ArmVmp : Match on catch block at 0xc3 in for 0xa5
03-29 11:27:18.011 13564 13564 E ArmVmp : Match on catch block at 0xc3 in for 0xa9
03-29 11:27:18.032 13564 13564 E ArmVmp : Match on catch block at 0xc3 in for 0xa5
03-29 11:27:18.034 13564 13564 E ArmVmp : Match on catch block at 0xc3 in for 0xa9
03-29 11:27:18.060 13564 13564 E ArmVmp : Match on catch block at 0xc3 in for 0xa1
03-29 11:27:18.063 13564 13564 E ArmVmp : Match on catch block at 0xc3 in for 0xa5
03-29 11:27:18.073 13564 13564 E ArmVmp : Match on catch block at 0xc3 in for 0xa5
03-29 11:27:18.076 13564 13564 E ArmVmp : Match on catch block at 0xc3 in for 0xa9
03-29 11:27:18.086 13564 13622 E SQLiteDatabase: Error inserting transferred=1 media_job_uuid=09ec05b8-e7b9-4f7f-aa8f-542060f45737 transcoded=0 gif_attribution=0 first_scan_length=0 direct_path=/m1/v/t24/An_X7mmGvKASL9rAg41qIU9VHrKF_lnIMu89gkgoQmd8nLqIckvZbnTtJiO- cJ6tUVgA6pLqC1D0WXFbTocWoADdsqkk64dw5Z_I3CYtaFEIQs3Ez_GRoASV_46Hti1I5k8r?ccb=10- 5&oh=01_AdRAvDnFrwHx63fiMHmd9xWM9Y93ih8JtbBLjJZL4PlCNg&oe=661FCDCF&_nc_sid=5e03e0 thumbnail_height_width_ratio=1.7560976 is_animated_sticker=0 file_hash=kBhImLOPy1tExOaQwbpi+CE9O3Tk1l7Bu9sNC/LMKCI= file_path=Media/MBWhatsApp Video/VID-20240329-WA0003 file_size=1274145 partial_media_hash=null face_x=0 face_y=0 height=1024 trim_to=0 media_key_timestamp=0 message_url=null media_caption=null trim_from=0 mime_type=video/mp4 partial_media_enc_hash=null width=576 original_file_hash=null has_streaming_sidecar=0 autotransfer_retry_enabled=1 media_upload_handle=null message_row_id=206 multicast_id=null enc_file_hash=null mute_video=0 page_count=0 first_scan_sidecar=null suspicious_content=0 file_length=1274145 media_name=null media_duration=14 chat_row_id=32 media_key=null
03-29 11:27:18.086 13564 13622 E SQLiteDatabase: android.database.sqlite.SQLiteConstraintException: UNIQUE constraint failed: message_media.message_row_id (code 1555 SQLITE_CONSTRAINT_PRIMARYKEY)
03-29 11:27:18.086 13564 13622 E SQLiteDatabase: at android.database.sqlite.SQLiteConnection.nativeExecuteForLastInsertedRowId(Native Method)
03-29 11:27:18.086 13564 13622 E SQLiteDatabase: at android.database.sqlite.SQLiteConnection.executeForLastInsertedRowId(SQLiteConnecti on.java:948)
03-29 11:27:18.086 13564 13622 E SQLiteDatabase: at android.database.sqlite.SQLiteSession.executeForLastInsertedRowId(SQLiteSession.jav a:790)
03-29 11:27:18.086 13564 13622 E SQLiteDatabase: at android.database.sqlite.SQLiteStatement.executeInsert(SQLiteStatement.java:88)
03-29 11:27:18.086 13564 13622 E SQLiteDatabase: at android.database.sqlite.SQLiteDatabase.insertWithOnConflict(SQLiteDatabase.java:171 2)
03-29 11:27:18.086 13564 13622 E SQLiteDatabase: at android.database.sqlite.SQLiteDatabase.insert(SQLiteDatabase.java:1581)
03-29 11:27:18.086 13564 13622 E SQLiteDatabase: at X.2tm.A08(Unknown Source:6)
03-29 11:27:18.086 13564 13622 E SQLiteDatabase: at X.35Y.A07(Unknown Source:212)
03-29 11:27:18.086 13564 13622 E SQLiteDatabase: at X.3QF.A14(Unknown Source:470)
03-29 11:27:18.086 13564 13622 E SQLiteDatabase: at X.3gU.run(Unknown Source:982)
03-29 11:27:18.086 13564 13622 E SQLiteDatabase: at android.os.Handler.handleCallback(Handler.java:938)
03-29 11:27:18.086 13564 13622 E SQLiteDatabase: at android.os.Handler.dispatchMessage(Handler.java:99)
03-29 11:27:18.086 13564 13622 E SQLiteDatabase: at X.0zq.dispatchMessage(Unknown Source:4)
03-29 11:27:18.086 13564 13622 E SQLiteDatabase: at android.os.Looper.loop(Looper.java:263)
03-29 11:27:18.086 13564 13622 E SQLiteDatabase: at android.os.HandlerThread.run(HandlerThread.java:67)
03-29 11:27:18.086 13564 13564 E ArmVmp : Match on catch block at 0xc3 in for 0xa5
03-29 11:27:18.089 13564 13564 E ArmVmp : Match on catch block at 0xc3 in for 0xa9
03-29 11:27:18.099 13564 13564 E ArmVmp : Match on catch block at 0xc3 in for 0xa9
03-29 11:27:18.102 13564 13564 E ArmVmp : Match on catch block at 0xc3 in for 0xa1
03-29 11:27:18.141 13564 13564 E ArmVmp : Match on catch block at 0xc3 in for 0xa9
03-29 11:27:18.144 13564 13564 E ArmVmp : Match on catch block at 0xc3 in for 0xa1
03-29 11:27:18.159 13564 13564 E Parcel : Reading a NULL string not supported here.
03-29 11:27:18.191 13564 13564 E ArmVmp : Match on catch block at 0xc3 in for 0xa1
03-29 11:27:18.194 13564 13564 E ArmVmp : Match on catch block at 0xc3 in for 0xa5
03-29 11:27:18.238 13564 19053 E libEGL : Invalid file path for libcolorx- loader.so
03-29 11:27:18.451 13564 13564 E ArmVmp : Match on catch block at 0xc3 in for 0xa5
03-29 11:27:18.453 13564 13564 E ArmVmp : Match on catch block at 0xc3 in for 0xa9
03-29 11:27:18.552 13564 13564 E ArmVmp : Match on catch block at 0xc3 in for 0xa1
03-29 11:27:18.555 13564 13564 E ArmVmp : Match on catch block at 0xc3 in for 0xa5
03-29 11:27:18.783 13564 13564 W AudioManager: Use of stream types is deprecated for operations other than volume control
03-29 11:27:18.783 13564 13564 W AudioManager: See the documentation of requestAudioFocus() for what to use instead with android.media.AudioAttributes to qualify your playback use case
03-29 11:27:18.803 13564 19074 E Parcel : Reading a NULL string not supported here.
03-29 11:27:18.842 13564 19077 E OplusACodec: [GetVideoCodingTypeFromMime:L726] mime:video/avc
03-29 11:27:18.887 13564 13564 E ArmVmp : Match on catch block at 0xc3 in for 0xa5
03-29 11:27:18.888 13564 19081 W Codec2Client: query -- param skipped: index = 1107298332.
03-29 11:27:18.888 13564 19081 W CCodec : This behavior is subject to change. It is recommended that app developers double check whether the requested max input size is in reasonable range.
03-29 11:27:18.890 13564 13564 E ArmVmp : Match on catch block at 0xc3 in for 0xa9
03-29 11:27:18.891 13564 19081 W Codec2Client: query -- param skipped: index = 1342179345.
03-29 11:27:18.891 13564 19081 W Codec2Client: query -- param skipped: index = 2415921170.
03-29 11:27:18.891 13564 19081 W Codec2Client: query -- param skipped: index = 1610614798.
03-29 11:27:18.892 13564 19081 E FMQ : grantorIdx must be less than 3
03-29 11:27:18.893 13564 19081 E FMQ : grantorIdx must be less than 3
03-29 11:27:18.899 13564 19081 E FMQ : grantorIdx must be less than 3
03-29 11:27:18.905 13564 13564 E ArmVmp : Match on catch block at 0xc3 in for 0xa9
03-29 11:27:18.911 13564 13564 E ArmVmp : Match on catch block at 0xc3 in for 0xa1
03-29 11:27:18.915 13564 13969 E FMQ : grantorIdx must be less than 3
03-29 11:27:18.920 13564 13564 E ArmVmp : Match on catch block at 0xc3 in for 0xa1
03-29 11:27:18.928 13564 13564 E ArmVmp : Match on catch block at 0xc3 in for 0xa5
03-29 11:27:18.940 13564 13564 E ArmVmp : Match on catch block at 0xc3 in for 0xa5
03-29 11:27:18.945 13564 13564 E ArmVmp : Match on catch block at 0xc3 in for 0xa9
03-29 11:27:18.957 13564 13564 E ArmVmp : Match on catch block at 0xc3 in for 0xa9
03-29 11:27:18.961 13564 13564 E ArmVmp : Match on catch block at 0xc3 in for 0xa1
03-29 11:27:18.970 13564 13564 E ArmVmp : Match on catch block at 0xc3 in for 0xa1
03-29 11:27:18.975 13564 13564 E ArmVmp : Match on catch block at 0xc3 in for 0xa5
03-29 11:27:18.989 13564 13564 E ArmVmp : Match on catch block at 0xc3 in for 0xa5
03-29 11:27:18.994 13564 13564 E ArmVmp : Match on catch block at 0xc3 in for 0xa9
03-29 11:27:19.006 13564 13564 E ArmVmp : Match on catch block at 0xc3 in for 0xa9
03-29 11:27:19.015 13564 13564 E ArmVmp : Match on catch block at 0xc3 in for 0xa1
03-29 11:27:19.070 13564 13564 E ArmVmp : Match on catch block at 0xc3 in for 0xa9
03-29 11:27:19.076 13564 13564 E ArmVmp : Match on catch block at 0xc3 in for 0xa1
03-29 11:27:19.090 13564 13564 E ArmVmp : Match on catch block at 0xc3 in for 0xa1
03-29 11:27:19.099 13564 13564 E ArmVmp : Match on catch block at 0xc3 in for 0xa5
03-29 11:27:19.142 13564 13564 E ArmVmp : Match on catch block at 0xc3 in for 0xa5
03-29 11:27:19.147 13564 13564 E ArmVmp : Match on catch block at 0xc3 in for 0xa9
03-29 11:27:19.165 13564 13564 E ArmVmp : Match on catch block at 0xc3 in for 0xa9
03-29 11:27:19.171 13564 13564 E ArmVmp : Match on catch block at 0xc3 in for 0xa1
03-29 11:27:19.186 13564 13564 E ArmVmp : Match on catch block at 0xc3 in for 0xa1
03-29 11:27:19.190 13564 13564 E ArmVmp : Match on catch block at 0xc3 in for 0xa5
03-29 11:27:19.203 13564 13564 E ArmVmp : Match on catch block at 0xc3 in for 0xa5
03-29 11:27:19.207 13564 13564 E ArmVmp : Match on catch block at 0xc3 in for 0xa9
03-29 11:27:19.215 13564 13564 E ArmVmp : Match on catch block at 0xc3 in for 0xa9
03-29 11:27:19.218 13564 13564 E ArmVmp : Match on catch block at 0xc3 in for 0xa1
03-29 11:27:19.226 13564 13564 E ArmVmp : Match on catch block at 0xc3 in for 0xa1
03-29 11:27:19.229 13564 13564 E ArmVmp : Match on catch block at 0xc3 in for 0xa5
03-29 11:27:19.238 13564 13564 E ArmVmp : Match on catch block at 0xc3 in for 0xa5
03-29 11:27:19.241 13564 13564 E ArmVmp : Match on catch block at 0xc3 in for 0xa9
03-29 11:27:19.257 13564 13564 E ArmVmp : Match on catch block at 0xc3 in for 0xa9
03-29 11:27:19.260 13564 13564 E ArmVmp : Match on catch block at 0xc3 in for 0xa1
03-29 11:27:19.271 13564 13564 E ArmVmp : Match on catch block at 0xc3 in for 0xa1
03-29 11:27:19.274 13564 13564 E ArmVmp : Match on catch block at 0xc3 in for 0xa5
03-29 11:27:19.288 13564 13564 E ArmVmp : Match on catch block at 0xc3 in for 0xa5
03-29 11:27:19.291 13564 13564 E ArmVmp : Match on catch block at 0xc3 in for 0xa9
03-29 11:27:19.304 13564 13564 E ArmVmp : Match on catch block at 0xc3 in for 0xa9
03-29 11:27:19.307 13564 13564 E ArmVmp : Match on catch block at 0xc3 in for 0xa1
03-29 11:27:19.327 13564 13564 E ArmVmp : Match on catch block at 0xc3 in for 0xa1
03-29 11:27:19.331 13564 13564 E ArmVmp : Match on catch block at 0xc3 in for 0xa5
03-29 11:27:19.342 13564 13564 E ArmVmp : Match on catch block at 0xc3 in for 0xa5
03-29 11:27:19.346 13564 13564 E ArmVmp : Match on catch block at 0xc3 in for 0xa9
03-29 11:27:19.359 13564 13564 E ArmVmp : Match on catch block at 0xc3 in for 0xa9
03-29 11:27:19.363 13564 13564 E ArmVmp : Match on catch block at 0xc3 in for 0xa1
03-29 11:27:19.376 13564 13564 E ArmVmp : Match on catch block at 0xc3 in for 0xa1
03-29 11:27:19.380 13564 13564 E ArmVmp : Match on catch block at 0xc3 in for 0xa5
03-29 11:27:19.390 13564 13564 E ArmVmp : Match on catch block at 0xc3 in for 0xa5
03-29 11:27:19.394 13564 13564 E ArmVmp : Match on catch block at 0xc3 in for 0xa9
03-29 11:27:19.405 13564 13564 E ArmVmp : Match on catch block at 0xc3 in for 0xa9
03-29 11:27:19.408 13564 13564 E ArmVmp : Match on catch block at 0xc3 in for 0xa1
03-29 11:27:19.422 13564 13564 E ArmVmp : Match on catch block at 0xc3 in for 0xa1
03-29 11:27:19.427 13564 13564 E ArmVmp : Match on catch block at 0xc3 in for 0xa5
03-29 11:27:19.575 13564 13564 E ArmVmp : Match on catch block at 0xc3 in for 0xa5
03-29 11:27:19.578 13564 13564 E ArmVmp : Match on catch block at 0xc3 in for 0xa9
03-29 11:27:20.528 13564 13564 E ArmVmp : Match on catch block at 0xc3 in for 0xa9
03-29 11:27:20.532 13564 13564 E ArmVmp : Match on catch block at 0xc3 in for 0xa1
03-29 11:27:20.548 13564 13564 E ArmVmp : Match on catch block at 0xc3 in for 0xa1
03-29 11:27:20.551 13564 13564 E ArmVmp : Match on catch block at 0xc3 in for 0xa5
03-29 11:27:20.569 13564 13564 E ArmVmp : Match on catch block at 0xc3 in for 0xa5
03-29 11:27:20.574 13564 13564 E ArmVmp : Match on catch block at 0xc3 in for 0xa9
03-29 11:27:20.586 13564 13564 E ArmVmp : Match on catch block at 0xc3 in for 0xa9
03-29 11:27:20.590 13564 13564 E ArmVmp : Match on catch block at 0xc3 in for 0xa1
03-29 11:27:20.601 13564 13564 E ArmVmp : Match on catch block at 0xc3 in for 0xa1
03-29 11:27:20.604 13564 13564 E ArmVmp : Match on catch block at 0xc3 in for 0xa5
03-29 11:27:20.616 13564 13564 E ArmVmp : Match on catch block at 0xc3 in for 0xa5
03-29 11:27:20.619 13564 13564 E ArmVmp : Match on catch block at 0xc3 in for 0xa9
03-29 11:27:20.631 13564 13564 E ArmVmp : Match on catch block at 0xc3 in for 0xa9
03-29 11:27:20.635 13564 13564 E ArmVmp : Match on catch block at 0xc3 in for 0xa1
03-29 11:27:20.650 13564 13564 E ArmVmp : Match on catch block at 0xc3 in for 0xa1
03-29 11:27:20.653 13564 13564 E ArmVmp : Match on catch block at 0xc3 in for 0xa5
03-29 11:27:20.666 13564 13564 E ArmVmp : Match on catch block at 0xc3 in for 0xa5
03-29 11:27:20.668 13564 13564 E ArmVmp : Match on catch block at 0xc3 in for 0xa9
03-29 11:27:20.684 13564 13564 E ArmVmp : Match on catch block at 0xc3 in for 0xa9
03-29 11:27:20.687 13564 13564 E ArmVmp : Match on catch block at 0xc3 in for 0xa1
03-29 11:27:20.699 13564 13564 E ArmVmp : Match on catch block at 0xc3 in for 0xa1
03-29 11:27:20.702 13564 13564 E ArmVmp : Match on catch block at 0xc3 in for 0xa5
03-29 11:27:20.715 13564 13564 E ArmVmp : Match on catch block at 0xc3 in for 0xa5
03-29 11:27:20.718 13564 13564 E ArmVmp : Match on catch block at 0xc3 in for 0xa9
03-29 11:27:20.732 13564 13564 E ArmVmp : Match on catch block at 0xc3 in for 0xa9
03-29 11:27:20.736 13564 13564 E ArmVmp : Match on catch block at 0xc3 in for 0xa1
03-29 11:27:20.748 13564 13564 E ArmVmp : Match on catch block at 0xc3 in for 0xa1
03-29 11:27:20.751 13564 13564 E ArmVmp : Match on catch block at 0xc3 in for 0xa5
03-29 11:27:20.765 13564 13564 E ArmVmp : Match on catch block at 0xc3 in for 0xa5
03-29 11:27:20.768 13564 13564 E ArmVmp : Match on catch block at 0xc3 in for 0xa9
03-29 11:27:20.781 13564 13564 E ArmVmp : Match on catch block at 0xc3 in for 0xa9
03-29 11:27:20.785 13564 13564 E ArmVmp : Match on catch block at 0xc3 in for 0xa1
03-29 11:27:20.798 13564 13564 E ArmVmp : Match on catch block at 0xc3 in for 0xa1
03-29 11:27:20.801 13564 13564 E ArmVmp : Match on catch block at 0xc3 in for 0xa5
03-29 11:27:20.815 13564 13564 E ArmVmp : Match on catch block at 0xc3 in for 0xa5
03-29 11:27:20.818 13564 13564 E ArmVmp : Match on catch block at 0xc3 in for 0xa9
03-29 11:27:23.535 13564 13564 E ArmVmp : Match on catch block at 0xc3 in for 0xa5
03-29 11:27:23.538 13564 13564 E ArmVmp : Match on catch block at 0xc3 in for 0xa9
03-29 11:27:23.550 13564 13564 E ArmVmp : Match on catch block at 0xc3 in for 0xa9
03-29 11:27:23.552 13564 13564 E ArmVmp : Match on catch block at 0xc3 in for 0xa1
03-29 11:27:23.566 13564 13564 E ArmVmp : Match on catch block at 0xc3 in for 0xa1
03-29 11:27:23.569 13564 13564 E ArmVmp : Match on catch block at 0xc3 in for 0xa5
03-29 11:27:23.583 13564 13564 E ArmVmp : Match on catch block at 0xc3 in for 0xa5
03-29 11:27:23.587 13564 13564 E ArmVmp : Match on catch block at 0xc3 in for 0xa9
03-29 11:27:23.603 13564 13564 E ArmVmp : Match on catch block at 0xc3 in for 0xa9
03-29 11:27:23.607 13564 13564 E ArmVmp : Match on catch block at 0xc3 in for 0xa1
03-29 11:27:23.620 13564 13564 E ArmVmp : Match on catch block at 0xc3 in for 0xa1
03-29 11:27:23.626 13564 13564 E ArmVmp : Match on catch block at 0xc3 in for 0xa5
03-29 11:27:23.636 13564 13564 E ArmVmp : Match on catch block at 0xc3 in for 0xa5
03-29 11:27:23.639 13564 13564 E ArmVmp : Match on catch block at 0xc3 in for 0xa9
03-29 11:27:23.650 13564 13564 E ArmVmp : Match on catch block at 0xc3 in for 0xa9
03-29 11:27:23.654 13564 13564 E ArmVmp : Match on catch block at 0xc3 in for 0xa1
03-29 11:27:23.668 13564 13564 E ArmVmp : Match on catch block at 0xc3 in for 0xa1
03-29 11:27:23.671 13564 13564 E ArmVmp : Match on catch block at 0xc3 in for 0xa5
03-29 11:27:23.691 13564 13564 E ArmVmp : Match on catch block at 0xc3 in for 0xa5
03-29 11:27:23.696 13564 13564 E ArmVmp : Match on catch block at 0xc3 in for 0xa9
03-29 11:27:23.709 13564 13564 E ArmVmp : Match on catch block at 0xc3 in for 0xa9
03-29 11:27:23.713 13564 13564 E ArmVmp : Match on catch block at 0xc3 in for 0xa1
03-29 11:27:23.724 13564 13564 E ArmVmp : Match on catch block at 0xc3 in for 0xa1
03-29 11:27:23.727 13564 13564 E ArmVmp : Match on catch block at 0xc3 in for 0xa5
03-29 11:27:23.742 13564 13564 E ArmVmp : Match on catch block at 0xc3 in for 0xa5
03-29 11:27:23.746 13564 13564 E ArmVmp : Match on catch block at 0xc3 in for 0xa9
03-29 11:27:23.758 13564 13564 E ArmVmp : Match on catch block at 0xc3 in for 0xa9
03-29 11:27:23.762 13564 13564 E ArmVmp : Match on catch block at 0xc3 in for 0xa1
03-29 11:27:23.772 13564 13564 E ArmVmp : Match on catch block at 0xc3 in for 0xa1
03-29 11:27:23.776 13564 13564 E ArmVmp : Match on catch block at 0xc3 in for 0xa5
03-29 11:27:23.788 13564 13564 E ArmVmp : Match on catch block at 0xc3 in for 0xa5
03-29 11:27:23.792 13564 13564 E ArmVmp : Match on catch block at 0xc3 in for 0xa9
03-29 11:27:23.806 13564 13564 E ArmVmp : Match on catch block at 0xc3 in for 0xa9
03-29 11:27:23.810 13564 13564 E ArmVmp : Match on catch block at 0xc3 in for 0xa1
03-29 11:27:23.823 13564 13564 E ArmVmp : Match on catch block at 0xc3 in for 0xa1
03-29 11:27:23.827 13564 13564 E ArmVmp : Match on catch block at 0xc3 in for 0xa5
03-29 11:27:23.915 13564 13564 E ArmVmp : Match on catch block at 0xc3 in for 0xa5
03-29 11:27:23.920 13564 13564 E ArmVmp : Match on catch block at 0xc3 in for 0xa9
03-29 11:27:23.931 13564 13564 E ArmVmp : Match on catch block at 0xc3 in for 0xa9
03-29 11:27:23.935 13564 13564 E ArmVmp : Match on catch block at 0xc3 in for 0xa1
03-29 11:27:23.946 13564 13564 E ArmVmp : Match on catch block at 0xc3 in for 0xa1
03-29 11:27:23.950 13564 13564 E ArmVmp : Match on catch block at 0xc3 in for 0xa5
03-29 11:27:23.960 13564 13564 E ArmVmp : Match on catch block at 0xc3 in for 0xa5
03-29 11:27:23.964 13564 13564 E ArmVmp : Match on catch block at 0xc3 in for 0xa9
03-29 11:27:23.974 13564 13564 E ArmVmp : Match on catch block at 0xc3 in for 0xa9
03-29 11:27:23.977 13564 13564 E ArmVmp : Match on catch block at 0xc3 in for 0xa1
03-29 11:27:23.990 13564 13564 E ArmVmp : Match on catch block at 0xc3 in for 0xa1
03-29 11:27:23.993 13564 13564 E ArmVmp : Match on catch block at 0xc3 in for 0xa5
03-29 11:27:24.008 13564 13564 E ArmVmp : Match on catch block at 0xc3 in for 0xa5
03-29 11:27:24.011 13564 13564 E ArmVmp : Match on catch block at 0xc3 in for 0xa9
03-29 11:27:24.024 13564 13564 E ArmVmp : Match on catch block at 0xc3 in for 0xa9
03-29 11:27:24.027 13564 13564 E ArmVmp : Match on catch block at 0xc3 in for 0xa1
03-29 11:27:24.046 13564 13564 E ArmVmp : Match on catch block at 0xc3 in for 0xa1
03-29 11:27:24.050 13564 13564 E ArmVmp : Match on catch block at 0xc3 in for 0xa5
03-29 11:27:24.059 13564 13564 E ArmVmp : Match on catch block at 0xc3 in for 0xa5
03-29 11:27:24.063 13564 13564 E ArmVmp : Match on catch block at 0xc3 in for 0xa9
03-29 11:27:24.075 13564 13564 E ArmVmp : Match on catch block at 0xc3 in for 0xa9
03-29 11:27:24.078 13564 13564 E ArmVmp : Match on catch block at 0xc3 in for 0xa1
03-29 11:27:24.091 13564 13564 E ArmVmp : Match on catch block at 0xc3 in for 0xa1
03-29 11:27:24.095 13564 13564 E ArmVmp : Match on catch block at 0xc3 in for 0xa5
03-29 11:27:24.109 13564 13564 E ArmVmp : Match on catch block at 0xc3 in for 0xa5
03-29 11:27:24.112 13564 13564 E ArmVmp : Match on catch block at 0xc3 in for 0xa9
03-29 11:27:24.126 13564 13564 E ArmVmp : Match on catch block at 0xc3 in for 0xa9
03-29 11:27:24.129 13564 13564 E ArmVmp : Match on catch block at 0xc3 in for 0xa1
03-29 11:27:24.140 13564 13564 E ArmVmp : Match on catch block at 0xc3 in for 0xa1
03-29 11:27:24.143 13564 13564 E ArmVmp : Match on catch block at 0xc3 in for 0xa5
03-29 11:27:24.158 13564 13564 E ArmVmp : Match on catch block at 0xc3 in for 0xa5
03-29 11:27:24.161 13564 13564 E ArmVmp : Match on catch block at 0xc3 in for 0xa9
03-29 11:27:24.177 13564 13564 E ArmVmp : Match on catch block at 0xc3 in for 0xa9
03-29 11:27:24.180 13564 13564 E ArmVmp : Match on catch block at 0xc3 in for 0xa1
03-29 11:27:24.193 13564 13564 E ArmVmp : Match on catch block at 0xc3 in for 0xa1
03-29 11:27:24.196 13564 13564 E ArmVmp : Match on catch block at 0xc3 in for 0xa5
03-29 11:27:24.212 13564 13564 E ArmVmp : Match on catch block at 0xc3 in for 0xa5
03-29 11:27:24.219 13564 13564 E ArmVmp : Match on catch block at 0xc3 in for 0xa9
03-29 11:27:24.230 13564 13564 E ArmVmp : Match on catch block at 0xc3 in for 0xa9
03-29 11:27:24.233 13564 13564 E ArmVmp : Match on catch block at 0xc3 in for 0xa1
03-29 11:27:24.243 13564 13564 E ArmVmp : Match on catch block at 0xc3 in for 0xa1
03-29 11:27:24.246 13564 13564 E ArmVmp : Match on catch block at 0xc3 in for 0xa5
03-29 11:27:24.264 13564 13564 E ArmVmp : Match on catch block at 0xc3 in for 0xa5
03-29 11:27:24.269 13564 13564 E ArmVmp : Match on catch block at 0xc3 in for 0xa9
03-29 11:27:24.279 13564 13564 E ArmVmp : Match on catch block at 0xc3 in for 0xa9
03-29 11:27:24.283 13564 13564 E ArmVmp : Match on catch block at 0xc3 in for 0xa1
03-29 11:27:24.294 13564 13564 E ArmVmp : Match on catch block at 0xc3 in for 0xa1
03-29 11:27:24.298 13564 13564 E ArmVmp : Match on catch block at 0xc3 in for 0xa5
03-29 11:27:24.307 13564 13564 E ArmVmp : Match on catch block at 0xc3 in for 0xa5
03-29 11:27:24.310 13564 13564 E ArmVmp : Match on catch block at 0xc3 in for 0xa9
03-29 11:27:24.326 13564 13564 E ArmVmp : Match on catch block at 0xc3 in for 0xa9
03-29 11:27:24.331 13564 13564 E ArmVmp : Match on catch block at 0xc3 in for 0xa1
03-29 11:27:24.340 13564 13564 E ArmVmp : Match on catch block at 0xc3 in for 0xa1
03-29 11:27:24.343 13564 13564 E ArmVmp : Match on catch block at 0xc3 in for 0xa5
03-29 11:27:24.358 13564 13564 E ArmVmp : Match on catch block at 0xc3 in for 0xa5
03-29 11:27:24.361 13564 13564 E ArmVmp : Match on catch block at 0xc3 in for 0xa9
03-29 11:27:24.374 13564 13564 E ArmVmp : Match on catch block at 0xc3 in for 0xa9
03-29 11:27:24.378 13564 13564 E ArmVmp : Match on catch block at 0xc3 in for 0xa1
03-29 11:27:24.391 13564 13564 E ArmVmp : Match on catch block at 0xc3 in for 0xa1
03-29 11:27:24.395 13564 13564 E ArmVmp : Match on catch block at 0xc3 in for 0xa5
03-29 11:27:24.408 13564 13564 E ArmVmp : Match on catch block at 0xc3 in for 0xa5
03-29 11:27:24.412 13564 13564 E ArmVmp : Match on catch block at 0xc3 in for 0xa9
03-29 11:27:24.423 13564 13564 E ArmVmp : Match on catch block at 0xc3 in for 0xa9
03-29 11:27:24.426 13564 13564 E ArmVmp : Match on catch block at 0xc3 in for 0xa1
03-29 11:27:24.442 13564 13564 E ArmVmp : Match on catch block at 0xc3 in for 0xa1
03-29 11:27:24.446 13564 13564 E ArmVmp : Match on catch block at 0xc3 in for 0xa5
03-29 11:27:24.456 13564 13564 E ArmVmp : Match on catch block at 0xc3 in for 0xa5
03-29 11:27:24.459 13564 13564 E ArmVmp : Match on catch block at 0xc3 in for 0xa9
03-29 11:27:24.474 13564 13564 E ArmVmp : Match on catch block at 0xc3 in for 0xa9
03-29 11:27:24.477 13564 13564 E ArmVmp : Match on catch block at 0xc3 in for 0xa1
03-29 11:27:24.492 13564 13564 E ArmVmp : Match on catch block at 0xc3 in for 0xa1
03-29 11:27:24.496 13564 13564 E ArmVmp : Match on catch block at 0xc3 in for 0xa5
03-29 11:27:24.508 13564 13564 E ArmVmp : Match on catch block at 0xc3 in for 0xa5
03-29 11:27:24.511 13564 13564 E ArmVmp : Match on catch block at 0xc3 in for 0xa9
03-29 11:27:24.674 13564 13564 E ArmVmp : Match on catch block at 0xc3 in for 0xa1
03-29 11:27:24.677 13564 13564 E ArmVmp : Match on catch block at 0xc3 in for 0xa5
03-29 11:27:24.696 13564 13564 E ArmVmp : Match on catch block at 0xc3 in for 0xa5
03-29 11:27:24.698 13564 13564 E ArmVmp : Match on catch block at 0xc3 in for 0xa9
03-29 11:27:25.018 13564 13564 E ArmVmp : Match on catch block at 0xc3 in for 0xa1
03-29 11:27:25.023 13564 13564 E ArmVmp : Match on catch block at 0xc3 in for 0xa5
03-29 11:27:25.037 13564 13564 E ArmVmp : Match on catch block at 0xc3 in for 0xa9
03-29 11:27:25.041 13564 13564 E ArmVmp : Match on catch block at 0xc3 in for 0xa1
03-29 11:27:25.054 13564 13564 E ArmVmp : Match on catch block at 0xc3 in for 0xa1
03-29 11:27:25.057 13564 13564 E ArmVmp : Match on catch block at 0xc3 in for 0xa5
03-29 11:27:25.172 13564 19081 W Codec2Client: query -- param skipped: index = 1342179345.
03-29 11:27:25.172 13564 19081 W Codec2Client: query -- param skipped: index = 2415921170.
03-29 11:27:25.172 13564 19081 W Codec2Client: query -- param skipped: index = 1610614798.
03-29 11:27:25.234 13564 13564 E ArmVmp : Match on catch block at 0xc3 in for 0xa1
03-29 11:27:25.237 13564 13564 E ArmVmp : Match on catch block at 0xc3 in for 0xa5
03-29 11:27:25.253 13564 13564 E ArmVmp : Match on catch block at 0xc3 in for 0xa9
03-29 11:27:25.256 13564 13564 E ArmVmp : Match on catch block at 0xc3 in for 0xa1
03-29 11:27:25.269 13564 13564 E ArmVmp : Match on catch block at 0xc3 in for 0xa1
03-29 11:27:25.273 13564 13564 E ArmVmp : Match on catch block at 0xc3 in for 0xa5
03-29 11:27:25.285 13564 13564 E ArmVmp : Match on catch block at 0xc3 in for 0xa5
03-29 11:27:25.288 13564 13564 E ArmVmp : Match on catch block at 0xc3 in for 0xa9
03-29 11:27:25.303 13564 13564 E ArmVmp : Match on catch block at 0xc3 in for 0xa9
03-29 11:27:25.306 13564 13564 E ArmVmp : Match on catch block at 0xc3 in for 0xa1
03-29 11:27:25.320 13564 13564 E ArmVmp : Match on catch block at 0xc3 in for 0xa1
03-29 11:27:25.323 13564 13564 E ArmVmp : Match on catch block at 0xc3 in for 0xa5
03-29 11:27:25.335 13564 13564 E ArmVmp : Match on catch block at 0xc3 in for 0xa5
03-29 11:27:25.338 13564 13564 E ArmVmp : Match on catch block at 0xc3 in for 0xa9
