03-29 13:46:49.311 19281 19281 W BottomSheetBehavior: BottomSheetBehavior now supports multiple callbacks. `setBottomSheetCallback()` removes all existing callbacks, including ones set internally by library authors, which may result in unintended behavior. This may change in the future. Please use `addBottomSheetCallback()` and `removeBottomSheetCallback()` instead to set your own callbacks.
03-29 13:46:49.345 19281 23930 E OplusACodec: [GetVideoCodingTypeFromMime:L726] mime:video/avc
03-29 13:46:49.390 19281 23936 W Codec2Client: query -- param skipped: index = 1107298332.
03-29 13:46:49.391 19281 23936 W CCodec : This behavior is subject to change. It is recommended that app developers double check whether the requested max input size is in reasonable range.
03-29 13:46:49.392 19281 23936 W Codec2Client: query -- param skipped: index = 1342179345.
03-29 13:46:49.392 19281 23936 W Codec2Client: query -- param skipped: index = 2415921170.
03-29 13:46:49.392 19281 23936 W Codec2Client: query -- param skipped: index = 1610614798.
03-29 13:46:49.393 19281 23936 E FMQ : grantorIdx must be less than 3
03-29 13:46:49.393 19281 23936 E FMQ : grantorIdx must be less than 3
03-29 13:46:49.400 19281 23936 E FMQ : grantorIdx must be less than 3
03-29 13:46:49.415 19281 19832 E FMQ : grantorIdx must be less than 3
03-29 13:46:53.525 19281 23936 W Codec2Client: query -- param skipped: index = 1342179345.
03-29 13:46:53.525 19281 23936 W Codec2Client: query -- param skipped: index = 2415921170.
03-29 13:46:53.525 19281 23936 W Codec2Client: query -- param skipped: index = 1610614798.
03-29 13:46:53.568 19281 23844 E Parcel : Reading a NULL string not supported here.
03-29 13:46:53.597 19281 23955 E OplusACodec: [GetVideoCodingTypeFromMime:L726] mime:video/avc
03-29 13:46:53.640 19281 23959 W Codec2Client: query -- param skipped: index = 1107298332.
03-29 13:46:53.640 19281 23959 W CCodec : This behavior is subject to change. It is recommended that app developers double check whether the requested max input size is in reasonable range.
03-29 13:46:53.641 19281 23959 W Codec2Client: query -- param skipped: index = 1342179345.
03-29 13:46:53.641 19281 23959 W Codec2Client: query -- param skipped: index = 2415921170.
03-29 13:46:53.641 19281 23959 W Codec2Client: query -- param skipped: index = 1610614798.
03-29 13:46:53.642 19281 23959 E FMQ : grantorIdx must be less than 3
03-29 13:46:53.642 19281 23959 E FMQ : grantorIdx must be less than 3
03-29 13:46:53.645 19281 23959 E FMQ : grantorIdx must be less than 3
03-29 13:46:53.654 19281 19832 E FMQ : grantorIdx must be less than 3
03-29 13:46:57.406 19281 23959 W Codec2Client: query -- param skipped: index = 1342179345.
03-29 13:46:57.406 19281 23959 W Codec2Client: query -- param skipped: index = 2415921170.
03-29 13:46:57.406 19281 23959 W Codec2Client: query -- param skipped: index = 1610614798.
03-29 13:46:59.467 19281 19281 E Parcel : Reading a NULL string not supported here.
03-29 13:46:59.516 19281 23993 E libEGL : Invalid file path for libcolorx- loader.so
03-29 13:47:00.250 19281 19281 E Parcel : Reading a NULL string not supported here.
03-29 13:47:00.286 19281 23995 E libEGL : Invalid file path for libcolorx- loader.so
03-29 13:47:00.469 19281 19281 W BottomSheetBehavior: BottomSheetBehavior now supports multiple callbacks. `setBottomSheetCallback()` removes all existing callbacks, including ones set internally by library authors, which may result in unintended behavior. This may change in the future. Please use `addBottomSheetCallback()` and `removeBottomSheetCallback()` instead to set your own callbacks.
03-29 13:47:00.470 19281 19281 W BottomSheetBehavior: BottomSheetBehavior now supports multiple callbacks. `setBottomSheetCallback()` removes all existing callbacks, including ones set internally by library authors, which may result in unintended behavior. This may change in the future. Please use `addBottomSheetCallback()` and `removeBottomSheetCallback()` instead to set your own callbacks.
03-29 13:47:00.510 19281 19281 W BottomSheetBehavior: BottomSheetBehavior now supports multiple callbacks. `setBottomSheetCallback()` removes all existing callbacks, including ones set internally by library authors, which may result in unintended behavior. This may change in the future. Please use `addBottomSheetCallback()` and `removeBottomSheetCallback()` instead to set your own callbacks.
03-29 13:47:00.510 19281 19281 W BottomSheetBehavior: BottomSheetBehavior now supports multiple callbacks. `setBottomSheetCallback()` removes all existing callbacks, including ones set internally by library authors, which may result in unintended behavior. This may change in the future. Please use `addBottomSheetCallback()` and `removeBottomSheetCallback()` instead to set your own callbacks.
03-29 13:47:00.590 19281 23998 E Parcel : Reading a NULL string not supported here.
03-29 13:47:00.648 19281 24003 E OplusACodec: [GetVideoCodingTypeFromMime:L726] mime:video/avc
03-29 13:47:00.697 19281 24010 W Codec2Client: query -- param skipped: index = 1107298332.
03-29 13:47:00.697 19281 24010 W CCodec : This behavior is subject to change. It is recommended that app developers double check whether the requested max input size is in reasonable range.
03-29 13:47:00.702 19281 24010 W Codec2Client: query -- param skipped: index = 1342179345.
03-29 13:47:00.702 19281 24010 W Codec2Client: query -- param skipped: index = 2415921170.
03-29 13:47:00.702 19281 24010 W Codec2Client: query -- param skipped: index = 1610614798.
03-29 13:47:00.702 19281 24010 E FMQ : grantorIdx must be less than 3
03-29 13:47:00.702 19281 24010 E FMQ : grantorIdx must be less than 3
03-29 13:47:00.707 19281 24010 E FMQ : grantorIdx must be less than 3
03-29 13:47:00.728 19281 19832 E FMQ : grantorIdx must be less than 3
03-29 13:47:04.903 19281 24010 W Codec2Client: query -- param skipped: index = 1342179345.
03-29 13:47:04.903 19281 24010 W Codec2Client: query -- param skipped: index = 2415921170.
03-29 13:47:04.903 19281 24010 W Codec2Client: query -- param skipped: index = 1610614798.
03-29 13:47:06.855 19281 19281 E Parcel : Reading a NULL string not supported here.
03-29 13:47:06.905 19281 24040 E libEGL : Invalid file path for libcolorx- loader.so --------- beginning of system --------- beginning of main
03-29 15:07:18.779 19281 19281 E Parcel : Reading a NULL string not supported here.
03-29 15:07:18.831 19281 15744 E libEGL : Invalid file path for libcolorx- loader.so
03-29 15:07:19.047 19281 19281 E ArmVmp : Match on catch block at 0x0a in for 0xc1
03-29 15:07:19.050 19281 19281 E ArmVmp : Match on catch block at 0x0a in for 0xc9
03-29 15:07:19.172 19281 19281 E ArmVmp : Match on catch block at 0xc3 in for 0xb1
03-29 15:07:19.174 19281 19281 E ArmVmp : Match on catch block at 0xc3 in for 0xb1
03-29 15:07:19.225 19281 19281 E ArmVmp : Match on catch block at 0xc3 in for 0xa9
03-29 15:07:19.227 19281 19281 E ArmVmp : Match on catch block at 0xc3 in for 0xa1
03-29 15:07:19.258 19281 19281 E ArmVmp : Match on catch block at 0xc3 in for 0xa5
03-29 15:07:19.260 19281 19281 E ArmVmp : Match on catch block at 0xc3 in for 0xa9
03-29 15:07:19.274 19281 19281 E ArmVmp : Match on catch block at 0xc3 in for 0xa9
03-29 15:07:19.277 19281 19281 E ArmVmp : Match on catch block at 0xc3 in for 0xa1
03-29 15:07:19.286 19281 19281 E ArmVmp : Match on catch block at 0xc3 in for 0xa1
03-29 15:07:19.289 19281 19281 E ArmVmp : Match on catch block at 0xc3 in for 0xa5
03-29 15:07:19.754 19281 19281 E ArmVmp : Match on catch block at 0xc3 in for 0xa5
03-29 15:07:19.759 19281 19281 E ArmVmp : Match on catch block at 0xc3 in for 0xa9
03-29 15:07:20.253 19281 19281 E ArmVmp : Match on catch block at 0xc3 in for 0xa5
03-29 15:07:20.261 19281 19281 E ArmVmp : Match on catch block at 0xc3 in for 0xa9
03-29 15:07:20.320 19281 19281 E ArmVmp : Match on catch block at 0xc3 in for 0xa9
03-29 15:07:20.323 19281 19281 E ArmVmp : Match on catch block at 0xc3 in for 0xa1
03-29 15:07:20.861 19281 19281 E ArmVmp : Match on catch block at 0xc3 in for 0xa9
03-29 15:07:20.864 19281 19281 E ArmVmp : Match on catch block at 0xc3 in for 0xa1
03-29 15:07:20.899 19281 19281 E ArmVmp : Match on catch block at 0xc3 in for 0xa1
03-29 15:07:20.901 19281 19281 E ArmVmp : Match on catch block at 0xc3 in for 0xa5
03-29 15:07:20.947 19281 19281 E ArmVmp : Match on catch block at 0xc3 in for 0xa5
03-29 15:07:20.949 19281 19281 E ArmVmp : Match on catch block at 0xc3 in for 0xa9
03-29 15:07:20.964 19281 19281 E ArmVmp : Match on catch block at 0xc3 in for 0xa9
03-29 15:07:20.967 19281 19281 E ArmVmp : Match on catch block at 0xc3 in for 0xa1
03-29 15:07:20.990 19281 19281 E ArmVmp : Match on catch block at 0xc3 in for 0xa1
03-29 15:07:20.992 19281 19281 E ArmVmp : Match on catch block at 0xc3 in for 0xa5
03-29 15:07:20.999 19281 19281 E ArmVmp : Match on catch block at 0xc3 in for 0xa1
03-29 15:07:21.002 19281 19281 E ArmVmp : Match on catch block at 0xc3 in for 0xa5
03-29 15:07:21.012 19281 19281 E ArmVmp : Match on catch block at 0xc3 in for 0xa5
03-29 15:07:21.016 19281 19281 E ArmVmp : Match on catch block at 0xc3 in for 0xa9
03-29 15:07:21.031 19281 19281 E ArmVmp : Match on catch block at 0xc3 in for 0xa1
03-29 15:07:21.034 19281 19281 E ArmVmp : Match on catch block at 0xc3 in for 0xa5
03-29 15:07:21.061 19281 19281 E ArmVmp : Match on catch block at 0xc3 in for 0xa5
03-29 15:07:21.063 19281 19281 E ArmVmp : Match on catch block at 0xc3 in for 0xa9
03-29 15:07:21.089 19281 19281 E ArmVmp : Match on catch block at 0xc3 in for 0xa9
03-29 15:07:21.092 19281 19281 E ArmVmp : Match on catch block at 0xc3 in for 0xa1
03-29 15:07:21.100 19281 19281 E ArmVmp : Match on catch block at 0xc3 in for 0xa1
03-29 15:07:21.103 19281 19281 E ArmVmp : Match on catch block at 0xc3 in for 0xa5
03-29 15:07:21.112 19281 19281 E ArmVmp : Match on catch block at 0xc3 in for 0xa5
03-29 15:07:21.114 19281 19281 E ArmVmp : Match on catch block at 0xc3 in for 0xa9
03-29 15:07:21.132 19281 19281 E ArmVmp : Match on catch block at 0xc3 in for 0xa9
03-29 15:07:21.134 19281 19281 E ArmVmp : Match on catch block at 0xc3 in for 0xa1
03-29 15:07:21.149 19281 19281 E ArmVmp : Match on catch block at 0xc3 in for 0xa1
03-29 15:07:21.152 19281 19281 E ArmVmp : Match on catch block at 0xc3 in for 0xa5
03-29 15:07:21.174 19281 19281 E ArmVmp : Match on catch block at 0xc3 in for 0xa5
03-29 15:07:21.177 19281 19281 E ArmVmp : Match on catch block at 0xc3 in for 0xa9
03-29 15:07:21.184 19281 19281 E ArmVmp : Match on catch block at 0xc3 in for 0xa9
03-29 15:07:21.186 19281 19281 E ArmVmp : Match on catch block at 0xc3 in for 0xa1
03-29 15:07:21.197 19281 19281 E ArmVmp : Match on catch block at 0xc3 in for 0xa1
03-29 15:07:21.199 19281 19281 E ArmVmp : Match on catch block at 0xc3 in for 0xa5
03-29 15:07:21.393 19281 19281 E ArmVmp : Match on catch block at 0xc3 in for 0xa5
03-29 15:07:21.398 19281 19281 E ArmVmp : Match on catch block at 0xc3 in for 0xa9
03-29 15:07:21.729 19281 19281 W InputEventReceiver: Attempted to finish an input event but the input event receiver has already been disposed.
03-29 15:07:21.735 19281 19281 E ArmVmp : Match on catch block at 0xc3 in for 0xa5
03-29 15:07:21.742 19281 19281 E ArmVmp : Match on catch block at 0xc3 in for 0xa9
03-29 15:07:21.792 19281 19281 E ArmVmp : Match on catch block at 0xc3 in for 0xa1
03-29 15:07:21.797 19281 19281 E ArmVmp : Match on catch block at 0xc3 in for 0xa5
03-29 15:07:21.807 19281 19281 E ArmVmp : Match on catch block at 0xc3 in for 0xa9
03-29 15:07:21.810 19281 19281 E ArmVmp : Match on catch block at 0xc3 in for 0xa1
03-29 15:07:21.870 19281 19281 E ArmVmp : Match on catch block at 0xc3 in for 0xa1
03-29 15:07:21.874 19281 19281 E ArmVmp : Match on catch block at 0xc3 in for 0xa5
03-29 15:07:21.931 19281 19281 E ArmVmp : Match on catch block at 0xc3 in for 0xa5
03-29 15:07:21.934 19281 19281 E ArmVmp : Match on catch block at 0xc3 in for 0xa9
03-29 15:07:21.943 19281 19281 E ArmVmp : Match on catch block at 0xc3 in for 0xa9
03-29 15:07:21.946 19281 19281 E ArmVmp : Match on catch block at 0xc3 in for 0xa1
03-29 15:07:21.957 19281 19281 E ArmVmp : Match on catch block at 0xc3 in for 0xa1
03-29 15:07:21.960 19281 19281 E ArmVmp : Match on catch block at 0xc3 in for 0xa5
03-29 15:07:21.973 19281 19281 E ArmVmp : Match on catch block at 0xc3 in for 0xa5
03-29 15:07:21.976 19281 19281 E ArmVmp : Match on catch block at 0xc3 in for 0xa9
03-29 15:07:21.991 19281 19281 E ArmVmp : Match on catch block at 0xc3 in for 0xa9
03-29 15:07:21.993 19281 19281 E ArmVmp : Match on catch block at 0xc3 in for 0xa1
03-29 15:07:22.008 19281 19281 E ArmVmp : Match on catch block at 0xc3 in for 0xa1
03-29 15:07:22.011 19281 19281 E ArmVmp : Match on catch block at 0xc3 in for 0xa5
03-29 15:07:22.025 19281 19281 E ArmVmp : Match on catch block at 0xc3 in for 0xa5
03-29 15:07:22.028 19281 19281 E ArmVmp : Match on catch block at 0xc3 in for 0xa9
03-29 15:07:22.042 19281 19281 E ArmVmp : Match on catch block at 0xc3 in for 0xa9
03-29 15:07:22.045 19281 19281 E ArmVmp : Match on catch block at 0xc3 in for 0xa1
03-29 15:07:22.831 19281 19281 E ArmVmp : Match on catch block at 0xc3 in for 0xa9
03-29 15:07:22.834 19281 19281 E ArmVmp : Match on catch block at 0xc3 in for 0xa1
03-29 15:07:22.842 19281 19281 E ArmVmp : Match on catch block at 0xc3 in for 0xa1
03-29 15:07:22.846 19281 19281 E ArmVmp : Match on catch block at 0xc3 in for 0xa5
03-29 15:07:22.866 19281 19281 E ArmVmp : Match on catch block at 0xc3 in for 0xa9
03-29 15:07:22.868 19281 19281 E ArmVmp : Match on catch block at 0xc3 in for 0xa1
03-29 15:07:22.904 19281 19281 E ArmVmp : Match on catch block at 0xc3 in for 0xa1
03-29 15:07:22.908 19281 19281 E ArmVmp : Match on catch block at 0xc3 in for 0xa5
03-29 15:07:22.916 19281 19281 E ArmVmp : Match on catch block at 0xc3 in for 0xa5
03-29 15:07:22.920 19281 19281 E ArmVmp : Match on catch block at 0xc3 in for 0xa9
03-29 15:07:22.954 19281 19281 E ArmVmp : Match on catch block at 0xc3 in for 0xa1
03-29 15:07:22.956 19281 19281 E ArmVmp : Match on catch block at 0xc3 in for 0xa5
03-29 15:07:22.968 19281 19281 E ArmVmp : Match on catch block at 0xc3 in for 0xa5
03-29 15:07:22.971 19281 19281 E ArmVmp : Match on catch block at 0xc3 in for 0xa9
03-29 15:07:22.976 19281 19281 E ArmVmp : Match on catch block at 0xc3 in for 0xa9
03-29 15:07:22.979 19281 19281 E ArmVmp : Match on catch block at 0xc3 in for 0xa1
03-29 15:07:22.993 19281 19281 E ArmVmp : Match on catch block at 0xc3 in for 0xa1
03-29 15:07:22.995 19281 19281 E ArmVmp : Match on catch block at 0xc3 in for 0xa5
03-29 15:07:23.009 19281 19281 E ArmVmp : Match on catch block at 0xc3 in for 0xa5
03-29 15:07:23.012 19281 19281 E ArmVmp : Match on catch block at 0xc3 in for 0xa9
03-29 15:07:23.027 19281 19281 E ArmVmp : Match on catch block at 0xc3 in for 0xa9
03-29 15:07:23.030 19281 19281 E ArmVmp : Match on catch block at 0xc3 in for 0xa1
03-29 15:07:23.043 19281 19281 E ArmVmp : Match on catch block at 0xc3 in for 0xa1
03-29 15:07:23.046 19281 19281 E ArmVmp : Match on catch block at 0xc3 in for 0xa5
03-29 15:07:23.059 19281 19281 E ArmVmp : Match on catch block at 0xc3 in for 0xa5
03-29 15:07:23.063 19281 19281 E ArmVmp : Match on catch block at 0xc3 in for 0xa9
03-29 15:07:23.079 19281 19281 E ArmVmp : Match on catch block at 0xc3 in for 0xa9
03-29 15:07:23.083 19281 19281 E ArmVmp : Match on catch block at 0xc3 in for 0xa1
03-29 15:07:23.093 19281 19281 E ArmVmp : Match on catch block at 0xc3 in for 0xa1
03-29 15:07:23.096 19281 19281 E ArmVmp : Match on catch block at 0xc3 in for 0xa5
03-29 15:07:23.111 19281 19281 E ArmVmp : Match on catch block at 0xc3 in for 0xa5
03-29 15:07:23.114 19281 19281 E ArmVmp : Match on catch block at 0xc3 in for 0xa9
03-29 15:07:23.128 19281 19281 E ArmVmp : Match on catch block at 0xc3 in for 0xa9
03-29 15:07:23.131 19281 19281 E ArmVmp : Match on catch block at 0xc3 in for 0xa1
03-29 15:07:23.147 19281 19281 E ArmVmp : Match on catch block at 0xc3 in for 0xa1
03-29 15:07:23.150 19281 19281 E ArmVmp : Match on catch block at 0xc3 in for 0xa5
03-29 15:07:23.364 19281 19281 E ArmVmp : Match on catch block at 0xc3 in for 0xa5
03-29 15:07:23.371 19281 19281 E ArmVmp : Match on catch block at 0xc3 in for 0xa9
03-29 15:07:23.872 19281 19281 E ArmVmp : Match on catch block at 0xc3 in for 0xa9
03-29 15:07:23.883 19281 19281 E ArmVmp : Match on catch block at 0xc3 in for 0xa1
03-29 15:07:24.121 19281 19281 E ArmVmp : Match on catch block at 0xc3 in for 0xa5
03-29 15:07:24.125 19281 19281 E ArmVmp : Match on catch block at 0xc3 in for 0xa9
03-29 15:07:24.214 19281 19281 E ArmVmp : Match on catch block at 0xc3 in for 0xa5
03-29 15:07:24.217 19281 19281 E ArmVmp : Match on catch block at 0xc3 in for 0xa9
03-29 15:07:24.310 19281 19281 E ArmVmp : Match on catch block at 0xc3 in for 0xa5
03-29 15:07:24.312 19281 19281 E ArmVmp : Match on catch block at 0xc3 in for 0xa9
03-29 15:07:26.559 19281 19281 E Parcel : Reading a NULL string not supported here.
03-29 15:07:26.600 19281 15778 E libEGL : Invalid file path for libcolorx- loader.so
03-29 15:07:26.782 19281 19281 E ArmVmp : Match on catch block at 0x0a in for 0xc5
03-29 15:07:26.785 19281 19281 E ArmVmp : Match on catch block at 0x0a in for 0xc1
03-29 15:07:26.874 19281 19281 E ArmVmp : Match on catch block at 0xc3 in for 0xb1
03-29 15:07:26.877 19281 19281 E ArmVmp : Match on catch block at 0xc3 in for 0xb1
03-29 15:07:26.925 19281 19281 E ArmVmp : Match on catch block at 0xc3 in for 0xa5
03-29 15:07:26.927 19281 19281 E ArmVmp : Match on catch block at 0xc3 in for 0xa9
03-29 15:07:26.944 19281 19281 E ArmVmp : Match on catch block at 0xc3 in for 0xa1
03-29 15:07:26.946 19281 19281 E ArmVmp : Match on catch block at 0xc3 in for 0xa5
03-29 15:07:26.983 19281 19281 E ArmVmp : Match on catch block at 0xc3 in for 0xa9
03-29 15:07:26.986 19281 19281 E ArmVmp : Match on catch block at 0xc3 in for 0xa1
03-29 15:07:26.994 19281 19281 E ArmVmp : Match on catch block at 0xc3 in for 0xa1
03-29 15:07:26.996 19281 19281 E ArmVmp : Match on catch block at 0xc3 in for 0xa5
03-29 15:07:27.001 19281 19281 E ArmVmp : Match on catch block at 0xc3 in for 0xa5
03-29 15:07:27.005 19281 19281 E ArmVmp : Match on catch block at 0xc3 in for 0xa9
03-29 15:07:27.018 19281 19281 E ArmVmp : Match on catch block at 0xc3 in for 0xa9
03-29 15:07:27.021 19281 19281 E ArmVmp : Match on catch block at 0xc3 in for 0xa1
03-29 15:07:27.477 19281 19281 E ArmVmp : Match on catch block at 0xc3 in for 0xa1
03-29 15:07:27.486 19281 19281 E ArmVmp : Match on catch block at 0xc3 in for 0xa5
03-29 15:07:27.792 19281 19281 E ArmVmp : Match on catch block at 0xc3 in for 0xa9
03-29 15:07:27.795 19281 19281 E ArmVmp : Match on catch block at 0xc3 in for 0xa1
03-29 15:07:27.905 19281 19281 E ArmVmp : Match on catch block at 0xc3 in for 0xa1
03-29 15:07:27.908 19281 19281 E ArmVmp : Match on catch block at 0xc3 in for 0xa5
03-29 15:07:27.998 19281 19281 E ArmVmp : Match on catch block at 0xc3 in for 0xa1
03-29 15:07:28.001 19281 19281 E ArmVmp : Match on catch block at 0xc3 in for 0xa5
03-29 15:07:28.228 19281 19281 E ArmVmp : Match on catch block at 0xc3 in for 0xa5
03-29 15:07:28.231 19281 19281 E ArmVmp : Match on catch block at 0xc3 in for 0xa9
03-29 15:07:29.071 19281 12870 E ArmVmp : Match on catch block at 0x48 in for 0x81
03-29 15:07:29.073 19281 12870 W System.err: java.net.UnknownHostException: Unable to resolve host "translate.googleapis.com": No address associated with hostname
03-29 15:07:29.074 19281 12870 W System.err:
03-29 15:07:29.076 19281 12870 W System.err: at java.net.Inet6AddressImpl.lookupHostByName(Inet6AddressImpl.java:156)
03-29 15:07:29.077 19281 12870 W System.err:
03-29 15:07:29.078 19281 12870 W System.err: at java.net.Inet6AddressImpl.lookupAllHostAddr(Inet6AddressImpl.java:103)
03-29 15:07:29.078 19281 12870 W System.err:
03-29 15:07:29.079 19281 12870 W System.err: at java.net.InetAddress.getAllByName(InetAddress.java:1152)
03-29 15:07:29.079 19281 12870 W System.err:
03-29 15:07:29.081 19281 12870 W System.err: at com.android.okhttp.Dns$1.lookup(Dns.java:41)
03-29 15:07:29.081 19281 12870 W System.err:
03-29 15:07:29.082 19281 12870 W System.err: at com.android.okhttp.internal.http.RouteSelector.resetNextInetSocketAddress(RouteSele ctor.java:178)
03-29 15:07:29.082 19281 12870 W System.err:
03-29 15:07:29.082 19281 12870 W System.err: at com.android.okhttp.internal.http.RouteSelector.nextProxy(RouteSelector.java:144)
03-29 15:07:29.083 19281 12870 W System.err:
03-29 15:07:29.083 19281 12870 W System.err: at com.android.okhttp.internal.http.RouteSelector.next(RouteSelector.java:86)
03-29 15:07:29.083 19281 12870 W System.err:
03-29 15:07:29.084 19281 12870 W System.err: at com.android.okhttp.internal.http.StreamAllocation.findConnection(StreamAllocation.j ava:176)
03-29 15:07:29.084 19281 12870 W System.err:
03-29 15:07:29.085 19281 12870 W System.err: at com.android.okhttp.internal.http.StreamAllocation.findHealthyConnection(StreamAlloc ation.java:128)
03-29 15:07:29.085 19281 12870 W System.err:
03-29 15:07:29.085 19281 12870 W System.err: at com.android.okhttp.internal.http.StreamAllocation.newStream(StreamAllocation.java:9 7)
03-29 15:07:29.086 19281 12870 W System.err:
03-29 15:07:29.086 19281 12870 W System.err: at com.android.okhttp.internal.http.HttpEngine.connect(HttpEngine.java:289)
03-29 15:07:29.086 19281 12870 W System.err:
03-29 15:07:29.087 19281 12870 W System.err: at com.android.okhttp.internal.http.HttpEngine.sendRequest(HttpEngine.java:232)
03-29 15:07:29.087 19281 12870 W System.err:
03-29 15:07:29.087 19281 12870 W System.err: at com.android.okhttp.internal.huc.HttpURLConnectionImpl.execute(HttpURLConnectionImpl .java:465)
03-29 15:07:29.087 19281 12870 W System.err:
03-29 15:07:29.089 19281 12870 W System.err: at com.android.okhttp.internal.huc.HttpURLConnectionImpl.connect(HttpURLConnectionImpl .java:131)
03-29 15:07:29.089 19281 12870 W System.err:
03-29 15:07:29.090 19281 12870 W System.err: at com.android.okhttp.internal.huc.DelegatingHttpsURLConnection.connect(DelegatingHttp sURLConnection.java:90)
03-29 15:07:29.090 19281 12870 W System.err:
03-29 15:07:29.090 19281 12870 W System.err: at com.android.okhttp.internal.huc.HttpsURLConnectionImpl.connect(HttpsURLConnectionIm pl.java:30)
03-29 15:07:29.090 19281 12870 W System.err:
03-29 15:07:29.091 19281 12870 W System.err: at mbmodsd.mbmodsw.home.MBTranslator.translate(Native Method)
03-29 15:07:29.091 19281 12870 W System.err:
03-29 15:07:29.092 19281 12870 W System.err: at mbmodsd.mbmodsw.home.MBTranslator$Async.doInBackground(Native Method)
03-29 15:07:29.093 19281 12870 W System.err:
03-29 15:07:29.093 19281 12870 W System.err: at mbmodsd.mbmodsw.home.MBTranslator$Async.doInBackground(Native Method)
03-29 15:07:29.094 19281 12870 W System.err:
03-29 15:07:29.094 19281 12870 W System.err: at android.os.AsyncTask$3.call(AsyncTask.java:394)
03-29 15:07:29.094 19281 12870 W System.err:
03-29 15:07:29.095 19281 12870 W System.err: at java.util.concurrent.FutureTask.run(FutureTask.java:266)
03-29 15:07:29.095 19281 12870 W System.err:
03-29 15:07:29.096 19281 12870 W System.err: at android.os.AsyncTask$SerialExecutor$1.run(AsyncTask.java:305)
03-29 15:07:29.096 19281 12870 W System.err:
03-29 15:07:29.097 19281 12870 W System.err: at java.util.concurrent.ThreadPoolExecutor.runWorker(ThreadPoolExecutor.java:1167)
03-29 15:07:29.097 19281 12870 W System.err:
03-29 15:07:29.097 19281 12870 W System.err: at java.util.concurrent.ThreadPoolExecutor$Worker.run(ThreadPoolExecutor.java:641)
03-29 15:07:29.098 19281 12870 W System.err:
03-29 15:07:29.098 19281 12870 W System.err: at java.lang.Thread.run(Thread.java:923)
03-29 15:07:29.098 19281 12870 W System.err:
03-29 15:07:29.099 19281 12870 W System.err: Caused by: android.system.GaiException: android_getaddrinfo failed: EAI_NODATA (No address associated with hostname)
03-29 15:07:29.099 19281 12870 W System.err:
03-29 15:07:29.099 19281 12870 W System.err: at libcore.io.Linux.android_getaddrinfo(Native Method)
03-29 15:07:29.099 19281 12870 W System.err:
03-29 15:07:29.100 19281 12870 W System.err: at libcore.io.ForwardingOs.android_getaddrinfo(ForwardingOs.java:73)
03-29 15:07:29.100 19281 12870 W System.err:
03-29 15:07:29.100 19281 12870 W System.err: at libcore.io.BlockGuardOs.android_getaddrinfo(BlockGuardOs.java:202)
03-29 15:07:29.100 19281 12870 W System.err:
03-29 15:07:29.101 19281 12870 W System.err: at libcore.io.ForwardingOs.android_getaddrinfo(ForwardingOs.java:73)
03-29 15:07:29.101 19281 12870 W System.err:
03-29 15:07:29.101 19281 12870 W System.err: at java.net.Inet6AddressImpl.lookupHostByName(Inet6AddressImpl.java:135)
03-29 15:07:29.101 19281 12870 W System.err:
03-29 15:07:29.101 19281 12870 W System.err: ... 24 more
03-29 15:07:29.101 19281 12870 W System.err:
03-29 15:07:29.103 19281 12870 E ArmVmp : Match on catch block at 0x48 in for 0x91
03-29 15:07:29.104 19281 12870 W System.err: java.net.UnknownHostException: Unable to resolve host "translate.googleapis.com": No address associated with hostname
03-29 15:07:29.105 19281 12870 W System.err:
03-29 15:07:29.106 19281 12870 W System.err: at java.net.Inet6AddressImpl.lookupHostByName(Inet6AddressImpl.java:124)
03-29 15:07:29.106 19281 12870 W System.err:
03-29 15:07:29.107 19281 12870 W System.err: at java.net.Inet6AddressImpl.lookupAllHostAddr(Inet6AddressImpl.java:103)
03-29 15:07:29.107 19281 12870 W System.err:
03-29 15:07:29.108 19281 12870 W System.err: at java.net.InetAddress.getAllByName(InetAddress.java:1152)
03-29 15:07:29.108 19281 12870 W System.err:
03-29 15:07:29.108 19281 12870 W System.err: at com.android.okhttp.Dns$1.lookup(Dns.java:41)
03-29 15:07:29.109 19281 12870 W System.err:
03-29 15:07:29.109 19281 12870 W System.err: at com.android.okhttp.internal.http.RouteSelector.resetNextInetSocketAddress(RouteSele ctor.java:178)
03-29 15:07:29.109 19281 12870 W System.err:
03-29 15:07:29.110 19281 12870 W System.err: at com.android.okhttp.internal.http.RouteSelector.nextProxy(RouteSelector.java:144)
03-29 15:07:29.110 19281 12870 W System.err:
03-29 15:07:29.111 19281 12870 W System.err: at com.android.okhttp.internal.http.RouteSelector.next(RouteSelector.java:86)
03-29 15:07:29.111 19281 12870 W System.err:
03-29 15:07:29.112 19281 12870 W System.err: at com.android.okhttp.internal.http.StreamAllocation.findConnection(StreamAllocation.j ava:176)
03-29 15:07:29.112 19281 12870 W System.err:
03-29 15:07:29.113 19281 12870 W System.err: at com.android.okhttp.internal.http.StreamAllocation.findHealthyConnection(StreamAlloc ation.java:128)
03-29 15:07:29.113 19281 12870 W System.err:
03-29 15:07:29.114 19281 12870 W System.err: at com.android.okhttp.internal.http.StreamAllocation.newStream(StreamAllocation.java:9 7)
03-29 15:07:29.114 19281 12870 W System.err:
03-29 15:07:29.114 19281 12870 W System.err: at com.android.okhttp.internal.http.HttpEngine.connect(HttpEngine.java:289)
03-29 15:07:29.115 19281 12870 W System.err:
03-29 15:07:29.115 19281 12870 W System.err: at com.android.okhttp.internal.http.HttpEngine.sendRequest(HttpEngine.java:232)
03-29 15:07:29.116 19281 12870 W System.err:
03-29 15:07:29.116 19281 12870 W System.err: at com.android.okhttp.internal.huc.HttpURLConnectionImpl.execute(HttpURLConnectionImpl .java:465)
03-29 15:07:29.116 19281 12870 W System.err:
03-29 15:07:29.116 19281 12870 W System.err: at com.android.okhttp.internal.huc.HttpURLConnectionImpl.connect(HttpURLConnectionImpl .java:131)
03-29 15:07:29.117 19281 12870 W System.err:
03-29 15:07:29.117 19281 12870 W System.err: at com.android.okhttp.internal.huc.DelegatingHttpsURLConnection.connect(DelegatingHttp sURLConnection.java:90)
03-29 15:07:29.117 19281 12870 W System.err:
03-29 15:07:29.117 19281 12870 W System.err: at com.android.okhttp.internal.huc.HttpsURLConnectionImpl.connect(HttpsURLConnectionIm pl.java:30)
03-29 15:07:29.117 19281 12870 W System.err:
03-29 15:07:29.117 19281 12870 W System.err: at mbmodsd.mbmodsw.home.MBTranslator.translate(Native Method)
03-29 15:07:29.117 19281 12870 W System.err:
03-29 15:07:29.117 19281 12870 W System.err: at mbmodsd.mbmodsw.home.MBTranslator$Async.doInBackground(Native Method)
03-29 15:07:29.117 19281 12870 W System.err:
03-29 15:07:29.118 19281 12870 W System.err: at mbmodsd.mbmodsw.home.MBTranslator$Async.doInBackground(Native Method)
03-29 15:07:29.118 19281 12870 W System.err:
03-29 15:07:29.118 19281 12870 W System.err: at android.os.AsyncTask$3.call(AsyncTask.java:394)
03-29 15:07:29.118 19281 12870 W System.err:
03-29 15:07:29.118 19281 12870 W System.err: at java.util.concurrent.FutureTask.run(FutureTask.java:266)
03-29 15:07:29.118 19281 12870 W System.err:
03-29 15:07:29.118 19281 12870 W System.err: at android.os.AsyncTask$SerialExecutor$1.run(AsyncTask.java:305)
03-29 15:07:29.119 19281 12870 W System.err:
03-29 15:07:29.119 19281 12870 W System.err: at java.util.concurrent.ThreadPoolExecutor.runWorker(ThreadPoolExecutor.java:1167)
03-29 15:07:29.119 19281 12870 W System.err:
03-29 15:07:29.120 19281 12870 W System.err: at java.util.concurrent.ThreadPoolExecutor$Worker.run(ThreadPoolExecutor.java:641)
03-29 15:07:29.120 19281 12870 W System.err:
03-29 15:07:29.120 19281 12870 W System.err: at java.lang.Thread.run(Thread.java:923)
03-29 15:07:29.120 19281 12870 W System.err:
03-29 15:07:29.130 19281 12870 E ArmVmp : Match on catch block at 0x48 in for 0x89
03-29 15:07:29.130 19281 12870 W System.err: java.net.UnknownHostException: Unable to resolve host "translate.googleapis.com": No address associated with hostname
03-29 15:07:29.130 19281 12870 W System.err:
03-29 15:07:29.131 19281 12870 W System.err: at java.net.Inet6AddressImpl.lookupHostByName(Inet6AddressImpl.java:124)
03-29 15:07:29.131 19281 12870 W System.err:
03-29 15:07:29.131 19281 12870 W System.err: at java.net.Inet6AddressImpl.lookupAllHostAddr(Inet6AddressImpl.java:103)
03-29 15:07:29.131 19281 12870 W System.err:
03-29 15:07:29.131 19281 12870 W System.err: at java.net.InetAddress.getAllByName(InetAddress.java:1152)
03-29 15:07:29.131 19281 12870 W System.err:
03-29 15:07:29.131 19281 12870 W System.err: at com.android.okhttp.Dns$1.lookup(Dns.java:41)
03-29 15:07:29.131 19281 12870 W System.err:
03-29 15:07:29.132 19281 12870 W System.err: at com.android.okhttp.internal.http.RouteSelector.resetNextInetSocketAddress(RouteSele ctor.java:178)
03-29 15:07:29.132 19281 12870 W System.err:
03-29 15:07:29.132 19281 12870 W System.err: at com.android.okhttp.internal.http.RouteSelector.nextProxy(RouteSelector.java:144)
03-29 15:07:29.132 19281 12870 W System.err:
03-29 15:07:29.132 19281 12870 W System.err: at com.android.okhttp.internal.http.RouteSelector.next(RouteSelector.java:86)
03-29 15:07:29.132 19281 12870 W System.err:
03-29 15:07:29.132 19281 12870 W System.err: at com.android.okhttp.internal.http.StreamAllocation.findConnection(StreamAllocation.j ava:176)
03-29 15:07:29.132 19281 12870 W System.err:
03-29 15:07:29.132 19281 12870 W System.err: at com.android.okhttp.internal.http.StreamAllocation.findHealthyConnection(StreamAlloc ation.java:128)
03-29 15:07:29.132 19281 12870 W System.err:
03-29 15:07:29.133 19281 12870 W System.err: at com.android.okhttp.internal.http.StreamAllocation.newStream(StreamAllocation.java:9 7)
03-29 15:07:29.133 19281 12870 W System.err:
03-29 15:07:29.133 19281 12870 W System.err: at com.android.okhttp.internal.http.HttpEngine.connect(HttpEngine.java:289)
03-29 15:07:29.133 19281 12870 W System.err:
03-29 15:07:29.133 19281 12870 W System.err: at com.android.okhttp.internal.http.HttpEngine.sendRequest(HttpEngine.java:232)
03-29 15:07:29.133 19281 12870 W System.err:
03-29 15:07:29.133 19281 12870 W System.err: at com.android.okhttp.internal.huc.HttpURLConnectionImpl.execute(HttpURLConnectionImpl .java:465)
03-29 15:07:29.133 19281 12870 W System.err:
03-29 15:07:29.134 19281 12870 W System.err: at com.android.okhttp.internal.huc.HttpURLConnectionImpl.connect(HttpURLConnectionImpl .java:131)
03-29 15:07:29.134 19281 12870 W System.err:
03-29 15:07:29.134 19281 12870 W System.err: at com.android.okhttp.internal.huc.DelegatingHttpsURLConnection.connect(DelegatingHttp sURLConnection.java:90)
03-29 15:07:29.134 19281 12870 W System.err:
03-29 15:07:29.134 19281 12870 W System.err: at com.android.okhttp.internal.huc.HttpsURLConnectionImpl.connect(HttpsURLConnectionIm pl.java:30)
03-29 15:07:29.134 19281 12870 W System.err:
03-29 15:07:29.134 19281 12870 W System.err: at mbmodsd.mbmodsw.home.MBTranslator.translate(Native Method)
03-29 15:07:29.134 19281 12870 W System.err:
03-29 15:07:29.134 19281 12870 W System.err: at mbmodsd.mbmodsw.home.MBTranslator$Async.doInBackground(Native Method)
03-29 15:07:29.134 19281 12870 W System.err:
03-29 15:07:29.135 19281 12870 W System.err: at mbmodsd.mbmodsw.home.MBTranslator$Async.doInBackground(Native Method)
03-29 15:07:29.135 19281 12870 W System.err:
03-29 15:07:29.135 19281 12870 W System.err: at android.os.AsyncTask$3.call(AsyncTask.java:394)
03-29 15:07:29.135 19281 12870 W System.err:
03-29 15:07:29.135 19281 12870 W System.err: at java.util.concurrent.FutureTask.run(FutureTask.java:266)
03-29 15:07:29.135 19281 12870 W System.err:
03-29 15:07:29.135 19281 12870 W System.err: at android.os.AsyncTask$SerialExecutor$1.run(AsyncTask.java:305)
03-29 15:07:29.136 19281 12870 W System.err:
03-29 15:07:29.136 19281 12870 W System.err: at java.util.concurrent.ThreadPoolExecutor.runWorker(ThreadPoolExecutor.java:1167)
03-29 15:07:29.136 19281 12870 W System.err:
03-29 15:07:29.136 19281 12870 W System.err: at java.util.concurrent.ThreadPoolExecutor$Worker.run(ThreadPoolExecutor.java:641)
03-29 15:07:29.136 19281 12870 W System.err:
03-29 15:07:29.136 19281 12870 W System.err: at java.lang.Thread.run(Thread.java:923)
03-29 15:07:29.136 19281 12870 W System.err:
03-29 15:07:29.137 19281 12870 E ArmVmp : Match on catch block at 0x48 in for 0x99
03-29 15:07:29.137 19281 12870 W System.err: java.net.UnknownHostException: Unable to resolve host "translate.googleapis.com": No address associated with hostname
03-29 15:07:29.138 19281 12870 W System.err:
03-29 15:07:29.138 19281 12870 W System.err: at java.net.Inet6AddressImpl.lookupHostByName(Inet6AddressImpl.java:124)
03-29 15:07:29.138 19281 12870 W System.err:
03-29 15:07:29.138 19281 12870 W System.err: at java.net.Inet6AddressImpl.lookupAllHostAddr(Inet6AddressImpl.java:103)
03-29 15:07:29.138 19281 12870 W System.err:
03-29 15:07:29.138 19281 12870 W System.err: at java.net.InetAddress.getAllByName(InetAddress.java:1152)
03-29 15:07:29.138 19281 12870 W System.err:
03-29 15:07:29.139 19281 12870 W System.err: at com.android.okhttp.Dns$1.lookup(Dns.java:41)
03-29 15:07:29.139 19281 12870 W System.err:
03-29 15:07:29.139 19281 12870 W System.err: at com.android.okhttp.internal.http.RouteSelector.resetNextInetSocketAddress(RouteSele ctor.java:178)
03-29 15:07:29.139 19281 12870 W System.err:
03-29 15:07:29.139 19281 12870 W System.err: at com.android.okhttp.internal.http.RouteSelector.nextProxy(RouteSelector.java:144)
03-29 15:07:29.139 19281 12870 W System.err:
03-29 15:07:29.139 19281 12870 W System.err: at com.android.okhttp.internal.http.RouteSelector.next(RouteSelector.java:86)
03-29 15:07:29.139 19281 12870 W System.err:
03-29 15:07:29.140 19281 12870 W System.err: at com.android.okhttp.internal.http.StreamAllocation.findConnection(StreamAllocation.j ava:176)
03-29 15:07:29.140 19281 12870 W System.err:
03-29 15:07:29.140 19281 12870 W System.err: at com.android.okhttp.internal.http.StreamAllocation.findHealthyConnection(StreamAlloc ation.java:128)
03-29 15:07:29.140 19281 12870 W System.err:
03-29 15:07:29.140 19281 12870 W System.err: at com.android.okhttp.internal.http.StreamAllocation.newStream(StreamAllocation.java:9 7)
03-29 15:07:29.140 19281 12870 W System.err:
03-29 15:07:29.140 19281 12870 W System.err: at com.android.okhttp.internal.http.HttpEngine.connect(HttpEngine.java:289)
03-29 15:07:29.140 19281 12870 W System.err:
03-29 15:07:29.141 19281 12870 W System.err: at com.android.okhttp.internal.http.HttpEngine.sendRequest(HttpEngine.java:232)
03-29 15:07:29.141 19281 12870 W System.err:
03-29 15:07:29.141 19281 12870 W System.err: at com.android.okhttp.internal.huc.HttpURLConnectionImpl.execute(HttpURLConnectionImpl .java:465)
03-29 15:07:29.141 19281 12870 W System.err:
03-29 15:07:29.141 19281 12870 W System.err: at com.android.okhttp.internal.huc.HttpURLConnectionImpl.connect(HttpURLConnectionImpl .java:131)
03-29 15:07:29.141 19281 12870 W System.err:
03-29 15:07:29.141 19281 12870 W System.err: at com.android.okhttp.internal.huc.DelegatingHttpsURLConnection.connect(DelegatingHttp sURLConnection.java:90)
03-29 15:07:29.141 19281 12870 W System.err:
03-29 15:07:29.141 19281 12870 W System.err: at com.android.okhttp.internal.huc.HttpsURLConnectionImpl.connect(HttpsURLConnectionIm pl.java:30)
03-29 15:07:29.142 19281 12870 W System.err:
03-29 15:07:29.142 19281 12870 W System.err: at mbmodsd.mbmodsw.home.MBTranslator.translate(Native Method)
03-29 15:07:29.142 19281 12870 W System.err:
03-29 15:07:29.142 19281 12870 W System.err: at mbmodsd.mbmodsw.home.MBTranslator$Async.doInBackground(Native Method)
03-29 15:07:29.142 19281 12870 W System.err:
03-29 15:07:29.142 19281 12870 W System.err: at mbmodsd.mbmodsw.home.MBTranslator$Async.doInBackground(Native Method)
03-29 15:07:29.142 19281 12870 W System.err:
03-29 15:07:29.142 19281 12870 W System.err: at android.os.AsyncTask$3.call(AsyncTask.java:394)
03-29 15:07:29.142 19281 12870 W System.err:
03-29 15:07:29.143 19281 12870 W System.err: at java.util.concurrent.FutureTask.run(FutureTask.java:266)
03-29 15:07:29.143 19281 12870 W System.err:
03-29 15:07:29.143 19281 12870 W System.err: at android.os.AsyncTask$SerialExecutor$1.run(AsyncTask.java:305)
03-29 15:07:29.143 19281 12870 W System.err:
03-29 15:07:29.143 19281 12870 W System.err: at java.util.concurrent.ThreadPoolExecutor.runWorker(ThreadPoolExecutor.java:1167)
03-29 15:07:29.143 19281 12870 W System.err:
03-29 15:07:29.143 19281 12870 W System.err: at java.util.concurrent.ThreadPoolExecutor$Worker.run(ThreadPoolExecutor.java:641)
03-29 15:07:29.143 19281 12870 W System.err:
03-29 15:07:29.143 19281 12870 W System.err: at java.lang.Thread.run(Thread.java:923)
03-29 15:07:29.143 19281 12870 W System.err:
03-29 15:07:48.429 15942 15942 E com.mbwhatsapp: Unknown bits set in runtime_flags: 0x40000000
03-29 15:07:48.444 15942 15942 E com.mbwhatsapp: Not starting debugger since process cannot load the jdwp agent.
03-29 15:07:48.456 15942 15942 E RefClass: java.lang.reflect.InvocationTargetException
03-29 15:07:48.565 15942 15942 E Perf : perftest packageName : com.mbwhatsapp App is allowed to use Hide APIs
03-29 15:07:48.670 15942 15942 W System.err: java.lang.ClassNotFoundException: mbmodsd.mbmodsw.ui.views.btn.BtnBK
03-29 15:07:48.671 15942 15942 W System.err: at java.lang.Runtime.nativeLoad(Native Method)
03-29 15:07:48.671 15942 15942 W System.err: at java.lang.Runtime.nativeLoad(Runtime.java:1131)
03-29 15:07:48.671 15942 15942 W System.err: at java.lang.Runtime.loadLibrary0(Runtime.java:1085)
03-29 15:07:48.671 15942 15942 W System.err: at java.lang.Runtime.loadLibrary0(Runtime.java:1008)
03-29 15:07:48.671 15942 15942 W System.err: at java.lang.System.loadLibrary(System.java:1664)
03-29 15:07:48.671 15942 15942 W System.err: at arm.EpicVm.<clinit>(Unknown Source:2)
03-29 15:07:48.671 15942 15942 W System.err: at java.lang.Class.newInstance(Native Method)
03-29 15:07:48.671 15942 15942 W System.err: at android.app.AppComponentFactory.instantiateApplication(AppComponentFactory.java:76)
03-29 15:07:48.671 15942 15942 W System.err: at androidx.core.app.CoreComponentFactory.instantiateApplication(Unknown Source:0)
03-29 15:07:48.671 15942 15942 W System.err: at android.app.Instrumentation.newApplication(Instrumentation.java:1159)
03-29 15:07:48.671 15942 15942 W System.err: at android.app.LoadedApk.makeApplication(LoadedApk.java:1316)
03-29 15:07:48.671 15942 15942 W System.err: at android.app.ActivityThread.handleBindApplication(ActivityThread.java:7227)
03-29 15:07:48.671 15942 15942 W System.err: at android.app.ActivityThread.access$1600(ActivityThread.java:293)
03-29 15:07:48.671 15942 15942 W System.err: at android.app.ActivityThread$H.handleMessage(ActivityThread.java:2151)
03-29 15:07:48.671 15942 15942 W System.err: at android.os.Handler.dispatchMessage(Handler.java:106)
03-29 15:07:48.671 15942 15942 W System.err: at android.os.Looper.loop(Looper.java:263)
03-29 15:07:48.671 15942 15942 W System.err: at android.app.ActivityThread.main(ActivityThread.java:8292)
03-29 15:07:48.671 15942 15942 W System.err: at java.lang.reflect.Method.invoke(Native Method)
03-29 15:07:48.671 15942 15942 W System.err: at com.android.internal.os.RuntimeInit$MethodAndArgsCaller.run(RuntimeInit.java:612)
03-29 15:07:48.671 15942 15942 W System.err: at com.android.internal.os.ZygoteInit.main(ZygoteInit.java:1006)
03-29 15:07:48.793 15942 15942 E CustomActivityOnCrash: IMPORTANT WARNING! You already have an UncaughtExceptionHandler, are you sure this is correct? If you use a custom UncaughtExceptionHandler, you must initialize it AFTER CustomActivityOnCrash! Installing anyway, but your original handler will not be called.
03-29 15:07:49.372 15942 15942 W com.mbwhatsapp: Accessing hidden method Lcom/android/org/conscrypt/OpenSSLSocketImpl;->setUseSessionTickets(Z)V (greylist- max-q,test-api, reflection, denied)
03-29 15:07:49.373 15942 15942 W com.mbwhatsapp: Accessing hidden method Lcom/android/org/conscrypt/AbstractConscryptSocket;->setUseSessionTickets(Z)V (greylist-max-q, reflection, denied)
03-29 15:07:49.494 15942 15942 W linker : Warning: "/data/data/com.mbwhatsapp/files/decompressed/libs.spk.zst/libc++_shared.so" unused DT entry: unknown processor-specific (type 0x70000001 arg 0x0) (ignoring)
03-29 15:07:49.489 15942 15942 W com.mbwhatsapp: type=1400 audit(0.0:1343075): avc: granted { execute } for path="/data/data/com.mbwhatsapp/files/decompressed/libs.spk.zst/libc++_shared.so" dev="sda10" ino=6828526 scontext=u:r:untrusted_app:s0:c223,c257,c512,c768 tcontext=u:object_r:app_data_file:s0:c223,c257,c512,c768 tclass=file app=com.mbwhatsapp
03-29 15:07:49.497 15942 15942 W com.mbwhatsapp: type=1400 audit(0.0:1343076): avc: granted { execute } for path="/data/data/com.mbwhatsapp/files/decompressed/libs.spk.zst/libvlc.so" dev="sda10" ino=6828519 scontext=u:r:untrusted_app:s0:c223,c257,c512,c768 tcontext=u:object_r:app_data_file:s0:c223,c257,c512,c768 tclass=file app=com.mbwhatsapp
03-29 15:07:49.521 15942 15942 W com.mbwhatsapp: type=1400 audit(0.0:1343077): avc: granted { execute } for path="/data/data/com.mbwhatsapp/files/decompressed/libs.spk.zst/libwhatsapp.so" dev="sda10" ino=6828520 scontext=u:r:untrusted_app:s0:c223,c257,c512,c768 tcontext=u:object_r:app_data_file:s0:c223,c257,c512,c768 tclass=file app=com.mbwhatsapp
03-29 15:07:49.585 15942 15942 W com.mbwhatsapp: type=1400 audit(0.0:1343078): avc: granted { execute } for path="/data/data/com.mbwhatsapp/files/decompressed/libs.spk.zst/libcurve25519.so" dev="sda10" ino=6828521 scontext=u:r:untrusted_app:s0:c223,c257,c512,c768 tcontext=u:object_r:app_data_file:s0:c223,c257,c512,c768 tclass=file app=com.mbwhatsapp
03-29 15:07:49.597 15942 15942 W com.mbwhatsapp: type=1400 audit(0.0:1343079): avc: granted { execute } for path="/data/data/com.mbwhatsapp/files/decompressed/libs.spk.zst/libwhatsapp.so" dev="sda10" ino=6828520 scontext=u:r:untrusted_app:s0:c223,c257,c512,c768 tcontext=u:object_r:app_data_file:s0:c223,c257,c512,c768 tclass=file app=com.mbwhatsapp
03-29 15:07:49.798 15942 15997 W com.mbwhatsapp: Class X.2rL failed lock verification and will run slower.
03-29 15:07:49.798 15942 15997 W com.mbwhatsapp: Common causes for lock verification issues are non-optimized dex code
03-29 15:07:49.798 15942 15997 W com.mbwhatsapp: and incorrect proguard optimizations.
03-29 15:07:50.662 15942 16002 E CheckPermission: _bluetooth code = 1
03-29 15:07:50.664 15942 16002 E CheckPermission: _bluetooth code = 3
03-29 15:07:50.666 15942 16002 E CheckPermission: _bluetooth code = 11
03-29 15:07:52.006 15942 16077 E Parcel : Reading a NULL string not supported here.
03-29 15:09:25.678 15942 15942 W com.mbwhatsapp: Class X.0eU failed lock verification and will run slower.
03-29 15:09:25.814 15942 15942 E Parcel : Reading a NULL string not supported here.
03-29 15:09:25.890 15942 16447 E libEGL : Invalid file path for libcolorx- loader.so
03-29 15:09:25.951 15942 15942 W com.mbwhatsapp: Class com.mbwhatsapp.HomeActivity failed lock verification and will run slower.
03-29 15:09:26.074 15942 15942 E OplusCustomizeRestrictionManager: sInstance is null, start a new sInstance
03-29 15:09:26.379 15942 15942 E ArmVmp : Match on catch block at 0x0a in for 0xc5
03-29 15:09:26.407 15942 15942 E ArmVmp : Match on catch block at 0x0a in for 0x135
03-29 15:09:26.410 15942 15942 E Parcel : Reading a NULL string not supported here.
03-29 15:09:26.433 15942 15942 E Parcel : Reading a NULL string not supported here.
03-29 15:09:26.959 15942 16446 E libEGL : Invalid file path for libcolorx- loader.so
03-29 15:09:26.981 15942 16446 E libEGL : Invalid file path for libcolorx- loader.so
03-29 15:09:26.990 15942 16446 E libEGL : Invalid file path for libcolorx- loader.so
03-29 15:09:27.626 15942 15942 E RecyclerView: No adapter attached; skipping layout
03-29 15:09:27.739 15942 15942 E RecyclerView: No adapter attached; skipping layout
03-29 15:09:27.777 15942 16523 E libEGL : Invalid file path for libcolorx- loader.so
03-29 15:09:27.780 15942 15942 E ArmVmp : Match on catch block at 0x0a in for 0xd1
03-29 15:09:27.858 15942 15942 E ScreenmodeClient: display mode not support
03-29 15:09:27.990 15942 16532 W LOTTIE : Animation contains merge paths. Merge paths are only supported on KitKat+ and must be manually enabled by calling enableMergePathsForKitKatAndAbove().
03-29 15:09:28.223 15942 15942 W LOTTIE : Animation contains merge paths but they are disabled.
03-29 15:09:28.418 15942 15942 E ArmVmp : Match on catch block at 0x5b in for 0x89
03-29 15:09:28.463 15942 15942 E ArmVmp : Match on catch block at 0x5b in for 0x85
03-29 15:09:28.486 15942 15942 E ArmVmp : Match on catch block at 0x5b in for 0x89
03-29 15:09:28.844 15942 15942 E Parcel : Reading a NULL string not supported here.
03-29 15:09:28.916 15942 16542 E libEGL : Invalid file path for libcolorx- loader.so
03-29 15:09:30.455 15942 15942 E Parcel : Reading a NULL string not supported here.
03-29 15:09:30.522 15942 16550 E libEGL : Invalid file path for libcolorx- loader.so
03-29 15:09:30.778 15942 16551 E linker : library "" ("/apex/com.android.vndk.v30/lib64") needed or dlopened by "/apex/com.android.vndk.v30/lib64/libRS_internal.so" is not accessible for the namespace: [name="rs", ld_library_paths="", default_library_paths="/apex/com.android.vndk.v30/lib64:/odm/lib64:/vendor/lib64", permitted_paths="/odm/lib64:/vendor/lib64:/system/vendor/lib64:/data"]
03-29 15:09:30.778 15942 16551 E RenderScript: Failed loading RS driver: dlopen failed: library "" needed or dlopened by "/apex/com.android.vndk.v30/lib64/libRS_internal.so" is not accessible for the namespace "rs"
03-29 15:09:30.778 15942 16551 E RenderScript: Failed to load runtime , loading default
03-29 15:09:30.919 15942 16569 W LOTTIE : Unknown shape type rd
03-29 15:09:30.919 15942 16532 W LOTTIE : Unknown shape type rd
03-29 15:09:31.014 15942 15942 E ArmVmp : Match on catch block at 0x0a in for 0xc1
03-29 15:09:31.019 15942 15942 E ArmVmp : Match on catch block at 0x0a in for 0xc1
03-29 15:09:31.207 15942 15942 E ArmVmp : Match on catch block at 0xc3 in for 0xb1
03-29 15:09:31.210 15942 15942 E ArmVmp : Match on catch block at 0xc3 in for 0xb9
03-29 15:09:31.288 15942 15942 E ArmVmp : Match on catch block at 0xc3 in for 0xa5
03-29 15:09:31.290 15942 15942 E ArmVmp : Match on catch block at 0xc3 in for 0xa1
03-29 15:09:31.337 15942 15942 E ArmVmp : Match on catch block at 0xc3 in for 0xa9
03-29 15:09:31.339 15942 15942 E ArmVmp : Match on catch block at 0xc3 in for 0xa1
03-29 15:09:31.365 15942 15942 E ArmVmp : Match on catch block at 0xc3 in for 0xa1
03-29 15:09:31.368 15942 15942 E ArmVmp : Match on catch block at 0xc3 in for 0xa5
03-29 15:09:31.840 15942 15942 E ArmVmp : Match on catch block at 0xc3 in for 0xa5
03-29 15:09:31.852 15942 15942 E ArmVmp : Match on catch block at 0xc3 in for 0xa9
03-29 15:09:32.342 15942 15942 E ArmVmp : Match on catch block at 0xc3 in for 0xa9
03-29 15:09:32.353 15942 15942 E ArmVmp : Match on catch block at 0xc3 in for 0xa1
03-29 15:09:32.834 15942 15942 E ArmVmp : Match on catch block at 0xc3 in for 0xa1
03-29 15:09:32.841 15942 15942 E ArmVmp : Match on catch block at 0xc3 in for 0xa5
03-29 15:09:33.209 15942 16449 W com.mbwhatsapp: Accessing hidden method Lcom/android/org/conscrypt/ConscryptEngineSocket;->setUseSessionTickets(Z)V (greylist-max-q,test-api, reflection, denied)
03-29 15:09:33.209 15942 16449 W com.mbwhatsapp: Accessing hidden method Lcom/android/org/conscrypt/OpenSSLSocketImpl;->setUseSessionTickets(Z)V (greylist- max-q,test-api, reflection, denied)
03-29 15:09:33.209 15942 16449 W com.mbwhatsapp: Accessing hidden method Lcom/android/org/conscrypt/AbstractConscryptSocket;->setUseSessionTickets(Z)V (greylist-max-q, reflection, denied)
03-29 15:09:33.210 15942 16449 W com.mbwhatsapp: Accessing hidden method Lcom/android/org/conscrypt/ConscryptEngineSocket;->setHostname(Ljava/lang/String;)V (greylist-max-q,test-api, reflection, denied)
03-29 15:09:33.210 15942 16449 W com.mbwhatsapp: Accessing hidden method Lcom/android/org/conscrypt/OpenSSLSocketImpl;->setHostname(Ljava/lang/String;)V (greylist-max-q,test-api, reflection, denied)
03-29 15:09:33.210 15942 16449 W com.mbwhatsapp: Accessing hidden method Lcom/android/org/conscrypt/AbstractConscryptSocket;->setHostname(Ljava/lang/ String;)V (greylist-max-q, reflection, denied)
