03-29 11:26:03.290 13564 17361 W Codec2Client: query -- param skipped: index = 1342179345.
03-29 11:26:03.290 13564 17361 W Codec2Client: query -- param skipped: index = 2415921170.
03-29 11:26:03.290 13564 17361 W Codec2Client: query -- param skipped: index = 1610614798.
03-29 11:26:10.979 13564 13751 E Parcel : Reading a NULL string not supported here.
03-29 11:26:11.066 13564 13751 E Parcel : Reading a NULL string not supported here.
03-29 11:26:11.101 13564 13751 E Parcel : Reading a NULL string not supported here.
03-29 11:26:11.605 13564 13751 E Parcel : Reading a NULL string not supported here.
03-29 11:26:11.626 13564 13751 E Parcel : Reading a NULL string not supported here.
03-29 11:26:11.640 13564 13751 E Parcel : Reading a NULL string not supported here.
03-29 11:26:11.664 13564 13751 E Parcel : Reading a NULL string not supported here.
03-29 11:26:11.703 13564 13751 E Parcel : Reading a NULL string not supported here.
03-29 11:26:14.565 13564 13564 E Parcel : Reading a NULL string not supported here.
03-29 11:26:14.616 13564 17426 E libEGL : Invalid file path for libcolorx- loader.so
03-29 11:26:16.130 13564 13564 E Parcel : Reading a NULL string not supported here.
03-29 11:26:16.205 13564 17436 E libEGL : Invalid file path for libcolorx- loader.so
03-29 11:26:18.731 13564 13564 E Parcel : Reading a NULL string not supported here.
03-29 11:26:18.780 13564 17605 E libEGL : Invalid file path for libcolorx- loader.so
03-29 11:26:30.438 13564 13751 E Parcel : Reading a NULL string not supported here.
03-29 11:26:30.807 13564 13751 E Parcel : Reading a NULL string not supported here.
03-29 11:26:30.869 13564 13564 E Parcel : Reading a NULL string not supported here.
03-29 11:26:30.942 13564 18245 E libEGL : Invalid file path for libcolorx- loader.so
03-29 11:26:32.161 13564 13564 E Parcel : Reading a NULL string not supported here.
03-29 11:26:32.219 13564 18260 E libEGL : Invalid file path for libcolorx- loader.so
03-29 11:26:32.367 13564 13564 W BottomSheetBehavior: BottomSheetBehavior now supports multiple callbacks. `setBottomSheetCallback()` removes all existing callbacks, including ones set internally by library authors, which may result in unintended behavior. This may change in the future. Please use `addBottomSheetCallback()` and `removeBottomSheetCallback()` instead to set your own callbacks.
03-29 11:26:32.367 13564 13564 W BottomSheetBehavior: BottomSheetBehavior now supports multiple callbacks. `setBottomSheetCallback()` removes all existing callbacks, including ones set internally by library authors, which may result in unintended behavior. This may change in the future. Please use `addBottomSheetCallback()` and `removeBottomSheetCallback()` instead to set your own callbacks.
03-29 11:26:32.423 13564 18263 E Parcel : Reading a NULL string not supported here.
03-29 11:26:32.464 13564 18267 E OplusACodec: [GetVideoCodingTypeFromMime:L726] mime:video/avc
03-29 11:26:32.531 13564 18278 W Codec2Client: query -- param skipped: index = 1107298332.
03-29 11:26:32.531 13564 18278 W CCodec : This behavior is subject to change. It is recommended that app developers double check whether the requested max input size is in reasonable range.
03-29 11:26:32.533 13564 18278 W Codec2Client: query -- param skipped: index = 1342179345.
03-29 11:26:32.533 13564 18278 W Codec2Client: query -- param skipped: index = 2415921170.
03-29 11:26:32.533 13564 18278 W Codec2Client: query -- param skipped: index = 1610614798.
03-29 11:26:32.533 13564 18278 E FMQ : grantorIdx must be less than 3
03-29 11:26:32.534 13564 18278 E FMQ : grantorIdx must be less than 3
03-29 11:26:32.542 13564 18278 E FMQ : grantorIdx must be less than 3
03-29 11:26:32.554 13564 13969 E FMQ : grantorIdx must be less than 3
03-29 11:26:38.824 13564 18278 W Codec2Client: query -- param skipped: index = 1342179345.
03-29 11:26:38.824 13564 18278 W Codec2Client: query -- param skipped: index = 2415921170.
03-29 11:26:38.824 13564 18278 W Codec2Client: query -- param skipped: index = 1610614798.
03-29 11:26:40.676 13564 13564 E Parcel : Reading a NULL string not supported here.
03-29 11:26:40.720 13564 18319 E libEGL : Invalid file path for libcolorx- loader.so
03-29 11:26:43.068 13564 17396 E Parcel : Reading a NULL string not supported here.
03-29 11:26:49.070 13564 13564 E ArmVmp : Match on catch block at 0x5b in for 0x81
03-29 11:26:49.274 13564 13564 E ArmVmp : Match on catch block at 0x5b in for 0x89
03-29 11:26:49.634 13564 13564 E Parcel : Reading a NULL string not supported here.
03-29 11:26:49.678 13564 18432 E libEGL : Invalid file path for libcolorx- loader.so
03-29 11:26:57.992 13564 13564 W BottomSheetBehavior: BottomSheetBehavior now supports multiple callbacks. `setBottomSheetCallback()` removes all existing callbacks, including ones set internally by library authors, which may result in unintended behavior. This may change in the future. Please use `addBottomSheetCallback()` and `removeBottomSheetCallback()` instead to set your own callbacks.
03-29 11:26:59.358 13564 13564 E Parcel : Reading a NULL string not supported here.
03-29 11:26:59.431 13564 18485 E libEGL : Invalid file path for libcolorx- loader.so
03-29 11:26:59.637 13564 13564 E ArmVmp : Match on catch block at 0x0a in for 0xc5
03-29 11:26:59.640 13564 13564 E ArmVmp : Match on catch block at 0x0a in for 0xc1
03-29 11:26:59.721 13564 13564 E ArmVmp : Match on catch block at 0xc3 in for 0xb1
03-29 11:26:59.723 13564 13564 E ArmVmp : Match on catch block at 0xc3 in for 0xb1
03-29 11:26:59.766 13564 13564 E ArmVmp : Match on catch block at 0xc3 in for 0xa5
03-29 11:26:59.769 13564 13564 E ArmVmp : Match on catch block at 0xc3 in for 0xa9
03-29 11:26:59.785 13564 13564 E ArmVmp : Match on catch block at 0xc3 in for 0xa1
03-29 11:26:59.789 13564 13564 E ArmVmp : Match on catch block at 0xc3 in for 0xa5
03-29 11:26:59.821 13564 13564 E ArmVmp : Match on catch block at 0xc3 in for 0xa5
03-29 11:26:59.824 13564 13564 E ArmVmp : Match on catch block at 0xc3 in for 0xa9
03-29 11:27:00.017 13564 13564 E ArmVmp : Match on catch block at 0xc3 in for 0xa1
03-29 11:27:00.018 13564 13564 E ArmVmp : Match on catch block at 0xc3 in for 0xa5
03-29 11:27:00.130 13564 13564 E ArmVmp : Match on catch block at 0xc3 in for 0xa1
03-29 11:27:00.132 13564 13564 E ArmVmp : Match on catch block at 0xc3 in for 0xa5
03-29 11:27:00.172 13564 13564 E ArmVmp : Match on catch block at 0xc3 in for 0xa1
03-29 11:27:00.174 13564 13564 E ArmVmp : Match on catch block at 0xc3 in for 0xa5
03-29 11:27:00.226 13564 13564 E ArmVmp : Match on catch block at 0xc3 in for 0xa5
03-29 11:27:00.228 13564 13564 E ArmVmp : Match on catch block at 0xc3 in for 0xa9
03-29 11:27:00.303 13564 13564 E ArmVmp : Match on catch block at 0xc3 in for 0xa1
03-29 11:27:00.306 13564 13564 E ArmVmp : Match on catch block at 0xc3 in for 0xa5
03-29 11:27:00.347 13564 13564 E ArmVmp : Match on catch block at 0xc3 in for 0xa1
03-29 11:27:00.349 13564 13564 E ArmVmp : Match on catch block at 0xc3 in for 0xa5
03-29 11:27:00.929 13564 13578 W System : A resource failed to call end.
03-29 11:27:01.562 13564 13564 E ArmVmp : Match on catch block at 0xc3 in for 0xa1
03-29 11:27:01.565 13564 13564 E ArmVmp : Match on catch block at 0xc3 in for 0xa5
03-29 11:27:01.575 13564 13564 E ArmVmp : Match on catch block at 0xc3 in for 0xa5
03-29 11:27:01.585 13564 13564 E ArmVmp : Match on catch block at 0xc3 in for 0xa9
03-29 11:27:01.618 13564 13564 E ArmVmp : Match on catch block at 0xc3 in for 0xa1
03-29 11:27:01.621 13564 13564 E ArmVmp : Match on catch block at 0xc3 in for 0xa5
03-29 11:27:01.629 13564 13564 E ArmVmp : Match on catch block at 0xc3 in for 0xa5
03-29 11:27:01.632 13564 13564 E ArmVmp : Match on catch block at 0xc3 in for 0xa9
03-29 11:27:01.678 13564 13564 E ArmVmp : Match on catch block at 0xc3 in for 0xa9
03-29 11:27:01.682 13564 13564 E ArmVmp : Match on catch block at 0xc3 in for 0xa1
03-29 11:27:01.694 13564 13564 E ArmVmp : Match on catch block at 0xc3 in for 0xa1
03-29 11:27:01.697 13564 13564 E ArmVmp : Match on catch block at 0xc3 in for 0xa5
03-29 11:27:01.711 13564 13564 E ArmVmp : Match on catch block at 0xc3 in for 0xa5
03-29 11:27:01.713 13564 13564 E ArmVmp : Match on catch block at 0xc3 in for 0xa9
03-29 11:27:01.727 13564 13564 E ArmVmp : Match on catch block at 0xc3 in for 0xa9
03-29 11:27:01.730 13564 13564 E ArmVmp : Match on catch block at 0xc3 in for 0xa1
03-29 11:27:01.744 13564 13564 E ArmVmp : Match on catch block at 0xc3 in for 0xa1
03-29 11:27:01.748 13564 13564 E ArmVmp : Match on catch block at 0xc3 in for 0xa5
03-29 11:27:01.761 13564 13564 E ArmVmp : Match on catch block at 0xc3 in for 0xa5
03-29 11:27:01.765 13564 13564 E ArmVmp : Match on catch block at 0xc3 in for 0xa9
03-29 11:27:01.778 13564 13564 E ArmVmp : Match on catch block at 0xc3 in for 0xa9
03-29 11:27:01.781 13564 13564 E ArmVmp : Match on catch block at 0xc3 in for 0xa1
03-29 11:27:01.795 13564 13564 E ArmVmp : Match on catch block at 0xc3 in for 0xa1
03-29 11:27:01.798 13564 13564 E ArmVmp : Match on catch block at 0xc3 in for 0xa5
03-29 11:27:01.811 13564 13564 E ArmVmp : Match on catch block at 0xc3 in for 0xa5
03-29 11:27:01.815 13564 13564 E ArmVmp : Match on catch block at 0xc3 in for 0xa9
03-29 11:27:01.828 13564 13564 E ArmVmp : Match on catch block at 0xc3 in for 0xa9
03-29 11:27:01.831 13564 13564 E ArmVmp : Match on catch block at 0xc3 in for 0xa1
03-29 11:27:01.845 13564 13564 E ArmVmp : Match on catch block at 0xc3 in for 0xa1
03-29 11:27:01.848 13564 13564 E ArmVmp : Match on catch block at 0xc3 in for 0xa5
03-29 11:27:01.862 13564 13564 E ArmVmp : Match on catch block at 0xc3 in for 0xa5
03-29 11:27:01.865 13564 13564 E ArmVmp : Match on catch block at 0xc3 in for 0xa9
03-29 11:27:01.878 13564 13564 E ArmVmp : Match on catch block at 0xc3 in for 0xa9
03-29 11:27:01.882 13564 13564 E ArmVmp : Match on catch block at 0xc3 in for 0xa1
03-29 11:27:01.895 13564 13564 E ArmVmp : Match on catch block at 0xc3 in for 0xa1
03-29 11:27:01.898 13564 13564 E ArmVmp : Match on catch block at 0xc3 in for 0xa5
03-29 11:27:01.911 13564 13564 E ArmVmp : Match on catch block at 0xc3 in for 0xa5
03-29 11:27:01.915 13564 13564 E ArmVmp : Match on catch block at 0xc3 in for 0xa9
03-29 11:27:01.936 13564 13564 E ArmVmp : Match on catch block at 0xc3 in for 0xa1
03-29 11:27:01.940 13564 13564 E ArmVmp : Match on catch block at 0xc3 in for 0xa5
03-29 11:27:01.947 13564 13564 E ArmVmp : Match on catch block at 0xc3 in for 0xa5
03-29 11:27:01.951 13564 13564 E ArmVmp : Match on catch block at 0xc3 in for 0xa9
03-29 11:27:01.961 13564 13564 E ArmVmp : Match on catch block at 0xc3 in for 0xa9
03-29 11:27:01.965 13564 13564 E ArmVmp : Match on catch block at 0xc3 in for 0xa1
03-29 11:27:01.978 13564 13564 E ArmVmp : Match on catch block at 0xc3 in for 0xa1
03-29 11:27:01.982 13564 13564 E ArmVmp : Match on catch block at 0xc3 in for 0xa5
03-29 11:27:01.996 13564 13564 E ArmVmp : Match on catch block at 0xc3 in for 0xa5
03-29 11:27:01.999 13564 13564 E ArmVmp : Match on catch block at 0xc3 in for 0xa9
03-29 11:27:02.012 13564 13564 E ArmVmp : Match on catch block at 0xc3 in for 0xa9
03-29 11:27:02.015 13564 13564 E ArmVmp : Match on catch block at 0xc3 in for 0xa1
03-29 11:27:02.028 13564 13564 E ArmVmp : Match on catch block at 0xc3 in for 0xa1
03-29 11:27:02.032 13564 13564 E ArmVmp : Match on catch block at 0xc3 in for 0xa5
03-29 11:27:02.046 13564 13564 E ArmVmp : Match on catch block at 0xc3 in for 0xa5
03-29 11:27:02.049 13564 13564 E ArmVmp : Match on catch block at 0xc3 in for 0xa9
03-29 11:27:02.062 13564 13564 E ArmVmp : Match on catch block at 0xc3 in for 0xa9
03-29 11:27:02.065 13564 13564 E ArmVmp : Match on catch block at 0xc3 in for 0xa1
03-29 11:27:02.079 13564 13564 E ArmVmp : Match on catch block at 0xc3 in for 0xa1
03-29 11:27:02.082 13564 13564 E ArmVmp : Match on catch block at 0xc3 in for 0xa5
03-29 11:27:02.095 13564 13564 E ArmVmp : Match on catch block at 0xc3 in for 0xa5
03-29 11:27:02.099 13564 13564 E ArmVmp : Match on catch block at 0xc3 in for 0xa9
03-29 11:27:02.112 13564 13564 E ArmVmp : Match on catch block at 0xc3 in for 0xa9
03-29 11:27:02.116 13564 13564 E ArmVmp : Match on catch block at 0xc3 in for 0xa1
03-29 11:27:02.128 13564 13564 E ArmVmp : Match on catch block at 0xc3 in for 0xa1
03-29 11:27:02.132 13564 13564 E ArmVmp : Match on catch block at 0xc3 in for 0xa5
03-29 11:27:02.145 13564 13564 E ArmVmp : Match on catch block at 0xc3 in for 0xa5
03-29 11:27:02.149 13564 13564 E ArmVmp : Match on catch block at 0xc3 in for 0xa9
03-29 11:27:02.162 13564 13564 E ArmVmp : Match on catch block at 0xc3 in for 0xa9
03-29 11:27:02.166 13564 13564 E ArmVmp : Match on catch block at 0xc3 in for 0xa1
03-29 11:27:02.179 13564 13564 E ArmVmp : Match on catch block at 0xc3 in for 0xa1
03-29 11:27:02.182 13564 13564 E ArmVmp : Match on catch block at 0xc3 in for 0xa5
03-29 11:27:02.196 13564 13564 E ArmVmp : Match on catch block at 0xc3 in for 0xa5
03-29 11:27:02.199 13564 13564 E ArmVmp : Match on catch block at 0xc3 in for 0xa9
03-29 11:27:02.518 13564 13564 E ArmVmp : Match on catch block at 0xc3 in for 0xa5
03-29 11:27:02.521 13564 13564 E ArmVmp : Match on catch block at 0xc3 in for 0xa9
03-29 11:27:02.551 13564 13564 E ArmVmp : Match on catch block at 0xc3 in for 0xa1
03-29 11:27:02.555 13564 13564 E ArmVmp : Match on catch block at 0xc3 in for 0xa5
03-29 11:27:02.666 13564 13564 E ArmVmp : Match on catch block at 0xc3 in for 0xa5
03-29 11:27:02.670 13564 13564 E ArmVmp : Match on catch block at 0xc3 in for 0xa9
03-29 11:27:02.683 13564 13564 E ArmVmp : Match on catch block at 0xc3 in for 0xa9
03-29 11:27:02.688 13564 13564 E ArmVmp : Match on catch block at 0xc3 in for 0xa1
03-29 11:27:02.701 13564 13564 E ArmVmp : Match on catch block at 0xc3 in for 0xa1
03-29 11:27:02.705 13564 13564 E ArmVmp : Match on catch block at 0xc3 in for 0xa5
03-29 11:27:02.716 13564 13564 E ArmVmp : Match on catch block at 0xc3 in for 0xa5
03-29 11:27:02.719 13564 13564 E ArmVmp : Match on catch block at 0xc3 in for 0xa9
03-29 11:27:02.730 13564 13564 E ArmVmp : Match on catch block at 0xc3 in for 0xa9
03-29 11:27:02.732 13564 13564 E ArmVmp : Match on catch block at 0xc3 in for 0xa1
03-29 11:27:02.747 13564 13564 E ArmVmp : Match on catch block at 0xc3 in for 0xa1
03-29 11:27:02.749 13564 13564 E ArmVmp : Match on catch block at 0xc3 in for 0xa5
03-29 11:27:02.763 13564 13564 E ArmVmp : Match on catch block at 0xc3 in for 0xa5
03-29 11:27:02.765 13564 13564 E ArmVmp : Match on catch block at 0xc3 in for 0xa9
03-29 11:27:02.780 13564 13564 E ArmVmp : Match on catch block at 0xc3 in for 0xa9
03-29 11:27:02.782 13564 13564 E ArmVmp : Match on catch block at 0xc3 in for 0xa1
03-29 11:27:02.797 13564 13564 E ArmVmp : Match on catch block at 0xc3 in for 0xa1
03-29 11:27:02.800 13564 13564 E ArmVmp : Match on catch block at 0xc3 in for 0xa5
03-29 11:27:02.814 13564 13564 E ArmVmp : Match on catch block at 0xc3 in for 0xa5
03-29 11:27:02.816 13564 13564 E ArmVmp : Match on catch block at 0xc3 in for 0xa9
03-29 11:27:02.832 13564 13564 E ArmVmp : Match on catch block at 0xc3 in for 0xa9
03-29 11:27:02.834 13564 13564 E ArmVmp : Match on catch block at 0xc3 in for 0xa1
03-29 11:27:02.847 13564 13564 E ArmVmp : Match on catch block at 0xc3 in for 0xa1
03-29 11:27:02.851 13564 13564 E ArmVmp : Match on catch block at 0xc3 in for 0xa5
03-29 11:27:02.863 13564 13564 E ArmVmp : Match on catch block at 0xc3 in for 0xa5
03-29 11:27:02.865 13564 13564 E ArmVmp : Match on catch block at 0xc3 in for 0xa9
03-29 11:27:02.943 13564 13564 E ArmVmp : Match on catch block at 0xc3 in for 0xa5
03-29 11:27:02.946 13564 13564 E ArmVmp : Match on catch block at 0xc3 in for 0xa9
03-29 11:27:02.975 13564 13564 E ArmVmp : Match on catch block at 0xc3 in for 0xa5
03-29 11:27:02.979 13564 13564 E ArmVmp : Match on catch block at 0xc3 in for 0xa9
03-29 11:27:02.995 13564 13564 E ArmVmp : Match on catch block at 0xc3 in for 0xa9
03-29 11:27:03.000 13564 13564 E ArmVmp : Match on catch block at 0xc3 in for 0xa1
03-29 11:27:03.013 13564 13564 E ArmVmp : Match on catch block at 0xc3 in for 0xa1
03-29 11:27:03.017 13564 13564 E ArmVmp : Match on catch block at 0xc3 in for 0xa5
03-29 11:27:03.029 13564 13564 E ArmVmp : Match on catch block at 0xc3 in for 0xa5
03-29 11:27:03.034 13564 13564 E ArmVmp : Match on catch block at 0xc3 in for 0xa9
03-29 11:27:03.046 13564 13564 E ArmVmp : Match on catch block at 0xc3 in for 0xa9
03-29 11:27:03.051 13564 13564 E ArmVmp : Match on catch block at 0xc3 in for 0xa1
03-29 11:27:03.063 13564 13564 E ArmVmp : Match on catch block at 0xc3 in for 0xa1
03-29 11:27:03.069 13564 13564 E ArmVmp : Match on catch block at 0xc3 in for 0xa5
03-29 11:27:03.079 13564 13564 E ArmVmp : Match on catch block at 0xc3 in for 0xa5
03-29 11:27:03.083 13564 13564 E ArmVmp : Match on catch block at 0xc3 in for 0xa9
03-29 11:27:03.096 13564 13564 E ArmVmp : Match on catch block at 0xc3 in for 0xa9
03-29 11:27:03.100 13564 13564 E ArmVmp : Match on catch block at 0xc3 in for 0xa1
03-29 11:27:03.113 13564 13564 E ArmVmp : Match on catch block at 0xc3 in for 0xa1
03-29 11:27:03.117 13564 13564 E ArmVmp : Match on catch block at 0xc3 in for 0xa5
03-29 11:27:03.129 13564 13564 E ArmVmp : Match on catch block at 0xc3 in for 0xa5
03-29 11:27:03.134 13564 13564 E ArmVmp : Match on catch block at 0xc3 in for 0xa9
03-29 11:27:03.146 13564 13564 E ArmVmp : Match on catch block at 0xc3 in for 0xa9
03-29 11:27:03.150 13564 13564 E ArmVmp : Match on catch block at 0xc3 in for 0xa1
03-29 11:27:03.163 13564 13564 E ArmVmp : Match on catch block at 0xc3 in for 0xa1
03-29 11:27:03.168 13564 13564 E ArmVmp : Match on catch block at 0xc3 in for 0xa5
03-29 11:27:03.179 13564 13564 E ArmVmp : Match on catch block at 0xc3 in for 0xa5
03-29 11:27:03.184 13564 13564 E ArmVmp : Match on catch block at 0xc3 in for 0xa9
03-29 11:27:03.196 13564 13564 E ArmVmp : Match on catch block at 0xc3 in for 0xa9
03-29 11:27:03.200 13564 13564 E ArmVmp : Match on catch block at 0xc3 in for 0xa1
03-29 11:27:03.213 13564 13564 E ArmVmp : Match on catch block at 0xc3 in for 0xa1
03-29 11:27:03.216 13564 13564 E ArmVmp : Match on catch block at 0xc3 in for 0xa5
03-29 11:27:03.229 13564 13564 E ArmVmp : Match on catch block at 0xc3 in for 0xa5
03-29 11:27:03.232 13564 13564 E ArmVmp : Match on catch block at 0xc3 in for 0xa9
03-29 11:27:03.249 13564 13564 E ArmVmp : Match on catch block at 0xc3 in for 0xa9
03-29 11:27:03.253 13564 13564 E ArmVmp : Match on catch block at 0xc3 in for 0xa1
03-29 11:27:03.263 13564 13564 E ArmVmp : Match on catch block at 0xc3 in for 0xa9
03-29 11:27:03.267 13564 13564 E ArmVmp : Match on catch block at 0xc3 in for 0xa1
03-29 11:27:03.283 13564 13564 E ArmVmp : Match on catch block at 0xc3 in for 0xa5
03-29 11:27:03.286 13564 13564 E ArmVmp : Match on catch block at 0xc3 in for 0xa9
03-29 11:27:03.295 13564 13564 E ArmVmp : Match on catch block at 0xc3 in for 0xa5
03-29 11:27:03.299 13564 13564 E ArmVmp : Match on catch block at 0xc3 in for 0xa9
03-29 11:27:03.313 13564 13564 E ArmVmp : Match on catch block at 0xc3 in for 0xa9
03-29 11:27:03.316 13564 13564 E ArmVmp : Match on catch block at 0xc3 in for 0xa1
03-29 11:27:03.329 13564 13564 E ArmVmp : Match on catch block at 0xc3 in for 0xa1
03-29 11:27:03.332 13564 13564 E ArmVmp : Match on catch block at 0xc3 in for 0xa5
03-29 11:27:03.346 13564 13564 E ArmVmp : Match on catch block at 0xc3 in for 0xa5
03-29 11:27:03.349 13564 13564 E ArmVmp : Match on catch block at 0xc3 in for 0xa9
03-29 11:27:03.363 13564 13564 E ArmVmp : Match on catch block at 0xc3 in for 0xa9
03-29 11:27:03.366 13564 13564 E ArmVmp : Match on catch block at 0xc3 in for 0xa1
03-29 11:27:03.379 13564 13564 E ArmVmp : Match on catch block at 0xc3 in for 0xa1
03-29 11:27:03.383 13564 13564 E ArmVmp : Match on catch block at 0xc3 in for 0xa5
03-29 11:27:03.396 13564 13564 E ArmVmp : Match on catch block at 0xc3 in for 0xa5
03-29 11:27:03.398 13564 13564 E ArmVmp : Match on catch block at 0xc3 in for 0xa9
03-29 11:27:03.412 13564 13564 E ArmVmp : Match on catch block at 0xc3 in for 0xa9
03-29 11:27:03.415 13564 13564 E ArmVmp : Match on catch block at 0xc3 in for 0xa1
03-29 11:27:03.430 13564 13564 E ArmVmp : Match on catch block at 0xc3 in for 0xa1
03-29 11:27:03.433 13564 13564 E ArmVmp : Match on catch block at 0xc3 in for 0xa5
03-29 11:27:03.446 13564 13564 E ArmVmp : Match on catch block at 0xc3 in for 0xa5
03-29 11:27:03.461 13564 13564 E ArmVmp : Match on catch block at 0xc3 in for 0xa9
03-29 11:27:03.480 13564 13564 E ArmVmp : Match on catch block at 0xc3 in for 0xa9
03-29 11:27:03.482 13564 13564 E ArmVmp : Match on catch block at 0xc3 in for 0xa1
03-29 11:27:03.496 13564 13564 E ArmVmp : Match on catch block at 0xc3 in for 0xa1
03-29 11:27:03.499 13564 13564 E ArmVmp : Match on catch block at 0xc3 in for 0xa5
03-29 11:27:03.513 13564 13564 E ArmVmp : Match on catch block at 0xc3 in for 0xa5
03-29 11:27:03.515 13564 13564 E ArmVmp : Match on catch block at 0xc3 in for 0xa9
03-29 11:27:03.530 13564 13564 E ArmVmp : Match on catch block at 0xc3 in for 0xa9
03-29 11:27:03.533 13564 13564 E ArmVmp : Match on catch block at 0xc3 in for 0xa1
03-29 11:27:03.547 13564 13564 E ArmVmp : Match on catch block at 0xc3 in for 0xa1
03-29 11:27:03.549 13564 13564 E ArmVmp : Match on catch block at 0xc3 in for 0xa5
03-29 11:27:03.563 13564 13564 E ArmVmp : Match on catch block at 0xc3 in for 0xa5
03-29 11:27:03.565 13564 13564 E ArmVmp : Match on catch block at 0xc3 in for 0xa9
03-29 11:27:03.580 13564 13564 E ArmVmp : Match on catch block at 0xc3 in for 0xa9
03-29 11:27:03.582 13564 13564 E ArmVmp : Match on catch block at 0xc3 in for 0xa1
03-29 11:27:03.597 13564 13564 E ArmVmp : Match on catch block at 0xc3 in for 0xa1
03-29 11:27:03.600 13564 13564 E ArmVmp : Match on catch block at 0xc3 in for 0xa5
03-29 11:27:03.613 13564 13564 E ArmVmp : Match on catch block at 0xc3 in for 0xa5
03-29 11:27:03.616 13564 13564 E ArmVmp : Match on catch block at 0xc3 in for 0xa9
03-29 11:27:03.630 13564 13564 E ArmVmp : Match on catch block at 0xc3 in for 0xa9
03-29 11:27:03.633 13564 13564 E ArmVmp : Match on catch block at 0xc3 in for 0xa1
03-29 11:27:03.647 13564 13564 E ArmVmp : Match on catch block at 0xc3 in for 0xa1
03-29 11:27:03.650 13564 13564 E ArmVmp : Match on catch block at 0xc3 in for 0xa5
03-29 11:27:03.664 13564 13564 E ArmVmp : Match on catch block at 0xc3 in for 0xa5
03-29 11:27:03.666 13564 13564 E ArmVmp : Match on catch block at 0xc3 in for 0xa9
03-29 11:27:03.680 13564 13564 E ArmVmp : Match on catch block at 0xc3 in for 0xa9
03-29 11:27:03.683 13564 13564 E ArmVmp : Match on catch block at 0xc3 in for 0xa1
03-29 11:27:03.697 13564 13564 E ArmVmp : Match on catch block at 0xc3 in for 0xa1
03-29 11:27:03.699 13564 13564 E ArmVmp : Match on catch block at 0xc3 in for 0xa5
03-29 11:27:03.714 13564 13564 E ArmVmp : Match on catch block at 0xc3 in for 0xa5
03-29 11:27:03.717 13564 13564 E ArmVmp : Match on catch block at 0xc3 in for 0xa9
03-29 11:27:03.730 13564 13564 E ArmVmp : Match on catch block at 0xc3 in for 0xa9
03-29 11:27:03.733 13564 13564 E ArmVmp : Match on catch block at 0xc3 in for 0xa1
03-29 11:27:03.787 13564 13564 E ArmVmp : Match on catch block at 0xc3 in for 0xa9
03-29 11:27:03.792 13564 13564 E ArmVmp : Match on catch block at 0xc3 in for 0xa1
03-29 11:27:03.808 13564 13564 E ArmVmp : Match on catch block at 0xc3 in for 0xa5
03-29 11:27:03.812 13564 13564 E ArmVmp : Match on catch block at 0xc3 in for 0xa9
03-29 11:27:03.830 13564 13564 E ArmVmp : Match on catch block at 0xc3 in for 0xa9
03-29 11:27:03.834 13564 13564 E ArmVmp : Match on catch block at 0xc3 in for 0xa1
03-29 11:27:03.848 13564 13564 E ArmVmp : Match on catch block at 0xc3 in for 0xa1
03-29 11:27:03.851 13564 13564 E ArmVmp : Match on catch block at 0xc3 in for 0xa5
03-29 11:27:03.864 13564 13564 E ArmVmp : Match on catch block at 0xc3 in for 0xa5
03-29 11:27:03.869 13564 13564 E ArmVmp : Match on catch block at 0xc3 in for 0xa9
03-29 11:27:03.882 13564 13564 E ArmVmp : Match on catch block at 0xc3 in for 0xa9
03-29 11:27:03.887 13564 13564 E ArmVmp : Match on catch block at 0xc3 in for 0xa1
03-29 11:27:03.898 13564 13564 E ArmVmp : Match on catch block at 0xc3 in for 0xa1
03-29 11:27:03.903 13564 13564 E ArmVmp : Match on catch block at 0xc3 in for 0xa5
03-29 11:27:03.915 13564 13564 E ArmVmp : Match on catch block at 0xc3 in for 0xa5
03-29 11:27:03.919 13564 13564 E ArmVmp : Match on catch block at 0xc3 in for 0xa9
03-29 11:27:03.932 13564 13564 E ArmVmp : Match on catch block at 0xc3 in for 0xa9
03-29 11:27:03.935 13564 13564 E ArmVmp : Match on catch block at 0xc3 in for 0xa1
03-29 11:27:03.948 13564 13564 E ArmVmp : Match on catch block at 0xc3 in for 0xa1
03-29 11:27:03.952 13564 13564 E ArmVmp : Match on catch block at 0xc3 in for 0xa5
03-29 11:27:03.965 13564 13564 E ArmVmp : Match on catch block at 0xc3 in for 0xa5
03-29 11:27:03.969 13564 13564 E ArmVmp : Match on catch block at 0xc3 in for 0xa9
03-29 11:27:03.981 13564 13564 E ArmVmp : Match on catch block at 0xc3 in for 0xa9
03-29 11:27:03.985 13564 13564 E ArmVmp : Match on catch block at 0xc3 in for 0xa1
03-29 11:27:04.891 13564 13564 E ArmVmp : Match on catch block at 0xc3 in for 0xa1
03-29 11:27:04.894 13564 13564 E ArmVmp : Match on catch block at 0xc3 in for 0xa5
03-29 11:27:04.920 13564 13564 E ArmVmp : Match on catch block at 0xc3 in for 0xa5
03-29 11:27:04.923 13564 13564 E ArmVmp : Match on catch block at 0xc3 in for 0xa9
03-29 11:27:04.952 13564 13564 E ArmVmp : Match on catch block at 0xc3 in for 0xa5
03-29 11:27:04.955 13564 13564 E ArmVmp : Match on catch block at 0xc3 in for 0xa9
03-29 11:27:04.969 13564 13564 E ArmVmp : Match on catch block at 0xc3 in for 0xa9
03-29 11:27:04.972 13564 13564 E ArmVmp : Match on catch block at 0xc3 in for 0xa1
03-29 11:27:04.985 13564 13564 E ArmVmp : Match on catch block at 0xc3 in for 0xa1
03-29 11:27:04.988 13564 13564 E ArmVmp : Match on catch block at 0xc3 in for 0xa5
03-29 11:27:05.002 13564 13564 E ArmVmp : Match on catch block at 0xc3 in for 0xa5
03-29 11:27:05.005 13564 13564 E ArmVmp : Match on catch block at 0xc3 in for 0xa9
03-29 11:27:05.071 13564 13564 E ArmVmp : Match on catch block at 0xc3 in for 0xa9
03-29 11:27:05.076 13564 13564 E ArmVmp : Match on catch block at 0xc3 in for 0xa1
03-29 11:27:05.086 13564 13564 E ArmVmp : Match on catch block at 0xc3 in for 0xa1
03-29 11:27:05.091 13564 13564 E ArmVmp : Match on catch block at 0xc3 in for 0xa5
03-29 11:27:05.105 13564 13564 E ArmVmp : Match on catch block at 0xc3 in for 0xa9
03-29 11:27:05.107 13564 13564 E ArmVmp : Match on catch block at 0xc3 in for 0xa1
03-29 11:27:05.119 13564 13564 E ArmVmp : Match on catch block at 0xc3 in for 0xa1
03-29 11:27:05.122 13564 13564 E ArmVmp : Match on catch block at 0xc3 in for 0xa5
03-29 11:27:05.135 13564 13564 E ArmVmp : Match on catch block at 0xc3 in for 0xa5
03-29 11:27:05.139 13564 13564 E ArmVmp : Match on catch block at 0xc3 in for 0xa9
03-29 11:27:05.152 13564 13564 E ArmVmp : Match on catch block at 0xc3 in for 0xa9
03-29 11:27:05.155 13564 13564 E ArmVmp : Match on catch block at 0xc3 in for 0xa1
03-29 11:27:05.168 13564 13564 E ArmVmp : Match on catch block at 0xc3 in for 0xa1
03-29 11:27:05.171 13564 13564 E ArmVmp : Match on catch block at 0xc3 in for 0xa5
03-29 11:27:05.185 13564 13564 E ArmVmp : Match on catch block at 0xc3 in for 0xa9
03-29 11:27:05.189 13564 13564 E ArmVmp : Match on catch block at 0xc3 in for 0xa1
03-29 11:27:05.202 13564 13564 E ArmVmp : Match on catch block at 0xc3 in for 0xa5
03-29 11:27:05.205 13564 13564 E ArmVmp : Match on catch block at 0xc3 in for 0xa9
03-29 11:27:05.219 13564 13564 E ArmVmp : Match on catch block at 0xc3 in for 0xa1
03-29 11:27:05.224 13564 13564 E ArmVmp : Match on catch block at 0xc3 in for 0xa5
03-29 11:27:05.235 13564 13564 E ArmVmp : Match on catch block at 0xc3 in for 0xa9
03-29 11:27:05.238 13564 13564 E ArmVmp : Match on catch block at 0xc3 in for 0xa1
03-29 11:27:05.253 13564 13564 E ArmVmp : Match on catch block at 0xc3 in for 0xa5
03-29 11:27:05.257 13564 13564 E ArmVmp : Match on catch block at 0xc3 in for 0xa9
03-29 11:27:05.270 13564 13564 E ArmVmp : Match on catch block at 0xc3 in for 0xa1
03-29 11:27:05.273 13564 13564 E ArmVmp : Match on catch block at 0xc3 in for 0xa5
03-29 11:27:05.286 13564 13564 E ArmVmp : Match on catch block at 0xc3 in for 0xa9
03-29 11:27:05.290 13564 13564 E ArmVmp : Match on catch block at 0xc3 in for 0xa1
03-29 11:27:05.304 13564 13564 E ArmVmp : Match on catch block at 0xc3 in for 0xa5
03-29 11:27:05.307 13564 13564 E ArmVmp : Match on catch block at 0xc3 in for 0xa9
03-29 11:27:05.320 13564 13564 E ArmVmp : Match on catch block at 0xc3 in for 0xa1
03-29 11:27:05.323 13564 13564 E ArmVmp : Match on catch block at 0xc3 in for 0xa5
03-29 11:27:05.335 13564 13564 E ArmVmp : Match on catch block at 0xc3 in for 0xa9
03-29 11:27:05.339 13564 13564 E ArmVmp : Match on catch block at 0xc3 in for 0xa1
03-29 11:27:05.353 13564 13564 E ArmVmp : Match on catch block at 0xc3 in for 0xa5
03-29 11:27:05.357 13564 13564 E ArmVmp : Match on catch block at 0xc3 in for 0xa9
03-29 11:27:05.370 13564 13564 E ArmVmp : Match on catch block at 0xc3 in for 0xa9
03-29 11:27:05.373 13564 13564 E ArmVmp : Match on catch block at 0xc3 in for 0xa1
03-29 11:27:05.387 13564 13564 E ArmVmp : Match on catch block at 0xc3 in for 0xa5
03-29 11:27:05.390 13564 13564 E ArmVmp : Match on catch block at 0xc3 in for 0xa9
03-29 11:27:05.404 13564 13564 E ArmVmp : Match on catch block at 0xc3 in for 0xa9
03-29 11:27:05.407 13564 13564 E ArmVmp : Match on catch block at 0xc3 in for 0xa1
03-29 11:27:05.435 13564 13564 E ArmVmp : Match on catch block at 0xc3 in for 0xa1
03-29 11:27:05.436 13564 13622 E SQLiteDatabase: Error inserting transferred=0 media_job_uuid=30c3e17e-71ad-42b7-9479-1424c823282c transcoded=0 gif_attribution=0 first_scan_length=0 direct_path=/m1/v/t24/An_M0KO0YYD_lhAdhY0kdBQhfTNhykoCtC9nZDT2ymDcIWdJy- ggxrl_LXPKSiFBwnZ2H0uxTVJIMnlNNmKBRu4IxbJqSzhikBIwWf-Aj2SYLbzq-E95zTvfVNEWltKyH3El? ccb=10- 5&oh=01_AdTYYuejdn4di2K6ihHOFdiY5BdaFWwvY1dPEFvN6x4s1A&oe=6620A5F6&_nc_sid=5e03e0 thumbnail_height_width_ratio=1.3333334 is_animated_sticker=0 file_hash=z7WJEnRTUgtursubmK6dLbF7IdG/igsvmBaIsxs/q4U= file_path=null file_size=0 partial_media_hash=null face_x=0 face_y=0 height=768 trim_to=0 media_key_timestamp=0 message_url=null media_caption=null trim_from=0 mime_type=video/mp4 partial_media_enc_hash=null width=576 original_file_hash=null has_streaming_sidecar=0 autotransfer_retry_enabled=0 media_upload_handle=null message_row_id=110 multicast_id=null enc_file_hash=null mute_video=0 page_count=0 first_scan_sidecar=null suspicious_content=0 file_length=2210892 media_name=null media_duration=15 chat_row_id=32 media_key=null
03-29 11:27:05.436 13564 13622 E SQLiteDatabase: android.database.sqlite.SQLiteConstraintException: UNIQUE constraint failed: message_media.message_row_id (code 1555 SQLITE_CONSTRAINT_PRIMARYKEY)
03-29 11:27:05.436 13564 13622 E SQLiteDatabase: at android.database.sqlite.SQLiteConnection.nativeExecuteForLastInsertedRowId(Native Method)
03-29 11:27:05.436 13564 13622 E SQLiteDatabase: at android.database.sqlite.SQLiteConnection.executeForLastInsertedRowId(SQLiteConnecti on.java:948)
03-29 11:27:05.436 13564 13622 E SQLiteDatabase: at android.database.sqlite.SQLiteSession.executeForLastInsertedRowId(SQLiteSession.jav a:790)
03-29 11:27:05.436 13564 13622 E SQLiteDatabase: at android.database.sqlite.SQLiteStatement.executeInsert(SQLiteStatement.java:88)
03-29 11:27:05.436 13564 13622 E SQLiteDatabase: at android.database.sqlite.SQLiteDatabase.insertWithOnConflict(SQLiteDatabase.java:171 2)
03-29 11:27:05.436 13564 13622 E SQLiteDatabase: at android.database.sqlite.SQLiteDatabase.insert(SQLiteDatabase.java:1581)
03-29 11:27:05.436 13564 13622 E SQLiteDatabase: at X.2tm.A08(Unknown Source:6)
03-29 11:27:05.436 13564 13622 E SQLiteDatabase: at X.35Y.A07(Unknown Source:212)
03-29 11:27:05.436 13564 13622 E SQLiteDatabase: at X.3QF.A14(Unknown Source:470)
03-29 11:27:05.436 13564 13622 E SQLiteDatabase: at X.3gU.run(Unknown Source:982)
03-29 11:27:05.436 13564 13622 E SQLiteDatabase: at android.os.Handler.handleCallback(Handler.java:938)
03-29 11:27:05.436 13564 13622 E SQLiteDatabase: at android.os.Handler.dispatchMessage(Handler.java:99)
03-29 11:27:05.436 13564 13622 E SQLiteDatabase: at X.0zq.dispatchMessage(Unknown Source:4)
03-29 11:27:05.436 13564 13622 E SQLiteDatabase: at android.os.Looper.loop(Looper.java:263)
03-29 11:27:05.436 13564 13622 E SQLiteDatabase: at android.os.HandlerThread.run(HandlerThread.java:67)
03-29 11:27:05.438 13564 13564 E ArmVmp : Match on catch block at 0xc3 in for 0xa5
03-29 11:27:05.461 13564 13622 E SQLiteDatabase: Error inserting transferred=0 media_job_uuid=5cf3cf35-5b5f-4e13-b25e-8ea4438bd1f9 transcoded=0 gif_attribution=0 first_scan_length=0 direct_path=/m1/v/t24/An- duT0UOZwMItHLUZAi8jj7D0CGhEmfXo4IigkGnW9G8_9SquL5Xtz1Zko- TNPUXYCGC4ihPgOngVIz_URqdNE0evLUs0fUP-r3GgEBobUujzJpyP_fJ6-pvx6VrD49syAE?ccb=10- 5&oh=01_AdSzyK2ru1otYfLEwU0_hWkA5iLS5oqTaSfVpEJ9BZ3yDA&oe=66207F94&_nc_sid=5e03e0 thumbnail_height_width_ratio=0.75 is_animated_sticker=0 file_hash=L4CU+rv6nbHJ1P8gzX9rG9qIZ2LqnuLng7qRQQqaVDo= file_path=null file_size=0 partial_media_hash=null face_x=0 face_y=0 height=576 trim_to=0 media_key_timestamp=0 message_url=null media_caption=null trim_from=0 mime_type=video/mp4 partial_media_enc_hash=null width=768 original_file_hash=null has_streaming_sidecar=0 autotransfer_retry_enabled=0 media_upload_handle=null message_row_id=109 multicast_id=null enc_file_hash=null mute_video=0 page_count=0 first_scan_sidecar=null suspicious_content=0 file_length=2139470 media_name=null media_duration=43 chat_row_id=32 media_key=null
03-29 11:27:05.461 13564 13622 E SQLiteDatabase: android.database.sqlite.SQLiteConstraintException: UNIQUE constraint failed: message_media.message_row_id (code 1555 SQLITE_CONSTRAINT_PRIMARYKEY)
03-29 11:27:05.461 13564 13622 E SQLiteDatabase: at android.database.sqlite.SQLiteConnection.nativeExecuteForLastInsertedRowId(Native Method)
03-29 11:27:05.461 13564 13622 E SQLiteDatabase: at android.database.sqlite.SQLiteConnection.executeForLastInsertedRowId(SQLiteConnecti on.java:948)
03-29 11:27:05.461 13564 13622 E SQLiteDatabase: at android.database.sqlite.SQLiteSession.executeForLastInsertedRowId(SQLiteSession.jav a:790)
03-29 11:27:05.461 13564 13622 E SQLiteDatabase: at android.database.sqlite.SQLiteStatement.executeInsert(SQLiteStatement.java:88)
03-29 11:27:05.461 13564 13622 E SQLiteDatabase: at android.database.sqlite.SQLiteDatabase.insertWithOnConflict(SQLiteDatabase.java:171 2)
03-29 11:27:05.461 13564 13622 E SQLiteDatabase: at android.database.sqlite.SQLiteDatabase.insert(SQLiteDatabase.java:1581)
03-29 11:27:05.461 13564 13622 E SQLiteDatabase: at X.2tm.A08(Unknown Source:6)
03-29 11:27:05.461 13564 13622 E SQLiteDatabase: at X.35Y.A07(Unknown Source:212)
03-29 11:27:05.461 13564 13622 E SQLiteDatabase: at X.3QF.A14(Unknown Source:470)
03-29 11:27:05.461 13564 13622 E SQLiteDatabase: at X.3gU.run(Unknown Source:982)
03-29 11:27:05.461 13564 13622 E SQLiteDatabase: at android.os.Handler.handleCallback(Handler.java:938)
03-29 11:27:05.461 13564 13622 E SQLiteDatabase: at android.os.Handler.dispatchMessage(Handler.java:99)
03-29 11:27:05.461 13564 13622 E SQLiteDatabase: at X.0zq.dispatchMessage(Unknown Source:4)
03-29 11:27:05.461 13564 13622 E SQLiteDatabase: at android.os.Looper.loop(Looper.java:263)
03-29 11:27:05.461 13564 13622 E SQLiteDatabase: at android.os.HandlerThread.run(HandlerThread.java:67)
03-29 11:27:05.469 13564 13622 E SQLiteDatabase: Error inserting transferred=0 media_job_uuid=5cf3cf35-5b5f-4e13-b25e-8ea4438bd1f9 transcoded=0 gif_attribution=0 first_scan_length=0 direct_path=/m1/v/t24/An- duT0UOZwMItHLUZAi8jj7D0CGhEmfXo4IigkGnW9G8_9SquL5Xtz1Zko- TNPUXYCGC4ihPgOngVIz_URqdNE0evLUs0fUP-r3GgEBobUujzJpyP_fJ6-pvx6VrD49syAE?ccb=10- 5&oh=01_AdSzyK2ru1otYfLEwU0_hWkA5iLS5oqTaSfVpEJ9BZ3yDA&oe=66207F94&_nc_sid=5e03e0 thumbnail_height_width_ratio=0.75 is_animated_sticker=0 file_hash=L4CU+rv6nbHJ1P8gzX9rG9qIZ2LqnuLng7qRQQqaVDo= file_path=null file_size=0 partial_media_hash=null face_x=0 face_y=0 height=576 trim_to=0 media_key_timestamp=0 message_url=null media_caption=null trim_from=0 mime_type=video/mp4 partial_media_enc_hash=null width=768 original_file_hash=null has_streaming_sidecar=0 autotransfer_retry_enabled=0 media_upload_handle=null message_row_id=109 multicast_id=null enc_file_hash=null mute_video=0 page_count=0 first_scan_sidecar=null suspicious_content=0 file_length=2139470 media_name=null media_duration=43 chat_row_id=32 media_key=null
03-29 11:27:05.469 13564 13622 E SQLiteDatabase: android.database.sqlite.SQLiteConstraintException: UNIQUE constraint failed: message_media.message_row_id (code 1555 SQLITE_CONSTRAINT_PRIMARYKEY)
03-29 11:27:05.469 13564 13622 E SQLiteDatabase: at android.database.sqlite.SQLiteConnection.nativeExecuteForLastInsertedRowId(Native Method)
03-29 11:27:05.469 13564 13622 E SQLiteDatabase: at android.database.sqlite.SQLiteConnection.executeForLastInsertedRowId(SQLiteConnecti on.java:948)
03-29 11:27:05.469 13564 13622 E SQLiteDatabase: at android.database.sqlite.SQLiteSession.executeForLastInsertedRowId(SQLiteSession.jav a:790)
03-29 11:27:05.469 13564 13622 E SQLiteDatabase: at android.database.sqlite.SQLiteStatement.executeInsert(SQLiteStatement.java:88)
03-29 11:27:05.469 13564 13622 E SQLiteDatabase: at android.database.sqlite.SQLiteDatabase.insertWithOnConflict(SQLiteDatabase.java:171 2)
03-29 11:27:05.469 13564 13622 E SQLiteDatabase: at android.database.sqlite.SQLiteDatabase.insert(SQLiteDatabase.java:1581)
03-29 11:27:05.469 13564 13622 E SQLiteDatabase: at X.2tm.A08(Unknown Source:6)
03-29 11:27:05.469 13564 13622 E SQLiteDatabase: at X.35Y.A07(Unknown Source:212)
03-29 11:27:05.469 13564 13622 E SQLiteDatabase: at X.3QF.A14(Unknown Source:470)
03-29 11:27:05.469 13564 13622 E SQLiteDatabase: at X.3gU.run(Unknown Source:982)
03-29 11:27:05.469 13564 13622 E SQLiteDatabase: at android.os.Handler.handleCallback(Handler.java:938)
03-29 11:27:05.469 13564 13622 E SQLiteDatabase: at android.os.Handler.dispatchMessage(Handler.java:99)
03-29 11:27:05.469 13564 13622 E SQLiteDatabase: at X.0zq.dispatchMessage(Unknown Source:4)
03-29 11:27:05.469 13564 13622 E SQLiteDatabase: at android.os.Looper.loop(Looper.java:263)
03-29 11:27:05.469 13564 13622 E SQLiteDatabase: at android.os.HandlerThread.run(HandlerThread.java:67)
03-29 11:27:05.472 13564 13622 E SQLiteDatabase: Error inserting transferred=0 media_job_uuid=30c3e17e-71ad-42b7-9479-1424c823282c transcoded=0 gif_attribution=0 first_scan_length=0 direct_path=/m1/v/t24/An_M0KO0YYD_lhAdhY0kdBQhfTNhykoCtC9nZDT2ymDcIWdJy- ggxrl_LXPKSiFBwnZ2H0uxTVJIMnlNNmKBRu4IxbJqSzhikBIwWf-Aj2SYLbzq-E95zTvfVNEWltKyH3El? ccb=10- 5&oh=01_AdTYYuejdn4di2K6ihHOFdiY5BdaFWwvY1dPEFvN6x4s1A&oe=6620A5F6&_nc_sid=5e03e0 thumbnail_height_width_ratio=1.3333334 is_animated_sticker=0 file_hash=z7WJEnRTUgtursubmK6dLbF7IdG/igsvmBaIsxs/q4U= file_path=null file_size=0 partial_media_hash=null face_x=0 face_y=0 height=768 trim_to=0 media_key_timestamp=0 message_url=null media_caption=null trim_from=0 mime_type=video/mp4 partial_media_enc_hash=null width=576 original_file_hash=null has_streaming_sidecar=0 autotransfer_retry_enabled=0 media_upload_handle=null message_row_id=110 multicast_id=null enc_file_hash=null mute_video=0 page_count=0 first_scan_sidecar=null suspicious_content=0 file_length=2210892 media_name=null media_duration=15 chat_row_id=32 media_key=null
03-29 11:27:05.472 13564 13622 E SQLiteDatabase: android.database.sqlite.SQLiteConstraintException: UNIQUE constraint failed: message_media.message_row_id (code 1555 SQLITE_CONSTRAINT_PRIMARYKEY)
03-29 11:27:05.472 13564 13622 E SQLiteDatabase: at android.database.sqlite.SQLiteConnection.nativeExecuteForLastInsertedRowId(Native Method)
03-29 11:27:05.472 13564 13622 E SQLiteDatabase: at android.database.sqlite.SQLiteConnection.executeForLastInsertedRowId(SQLiteConnecti on.java:948)
03-29 11:27:05.472 13564 13622 E SQLiteDatabase: at android.database.sqlite.SQLiteSession.executeForLastInsertedRowId(SQLiteSession.jav a:790)
03-29 11:27:05.472 13564 13622 E SQLiteDatabase: at android.database.sqlite.SQLiteStatement.executeInsert(SQLiteStatement.java:88)
03-29 11:27:05.472 13564 13622 E SQLiteDatabase: at android.database.sqlite.SQLiteDatabase.insertWithOnConflict(SQLiteDatabase.java:171 2)
03-29 11:27:05.472 13564 13622 E SQLiteDatabase: at android.database.sqlite.SQLiteDatabase.insert(SQLiteDatabase.java:1581)
03-29 11:27:05.472 13564 13622 E SQLiteDatabase: at X.2tm.A08(Unknown Source:6)
03-29 11:27:05.472 13564 13622 E SQLiteDatabase: at X.35Y.A07(Unknown Source:212)
03-29 11:27:05.472 13564 13622 E SQLiteDatabase: at X.3QF.A14(Unknown Source:470)
03-29 11:27:05.472 13564 13622 E SQLiteDatabase: at X.3gU.run(Unknown Source:982)
03-29 11:27:05.472 13564 13622 E SQLiteDatabase: at android.os.Handler.handleCallback(Handler.java:938)
03-29 11:27:05.472 13564 13622 E SQLiteDatabase: at android.os.Handler.dispatchMessage(Handler.java:99)
03-29 11:27:05.472 13564 13622 E SQLiteDatabase: at X.0zq.dispatchMessage(Unknown Source:4)
03-29 11:27:05.472 13564 13622 E SQLiteDatabase: at android.os.Looper.loop(Looper.java:263)
03-29 11:27:05.472 13564 13622 E SQLiteDatabase: at android.os.HandlerThread.run(HandlerThread.java:67)
03-29 11:27:05.474 13564 13564 E ArmVmp : Match on catch block at 0xc3 in for 0xa1
03-29 11:27:05.478 13564 13564 E ArmVmp : Match on catch block at 0xc3 in for 0xa5
03-29 11:27:05.490 13564 13564 E ArmVmp : Match on catch block at 0xc3 in for 0xa1
03-29 11:27:05.495 13564 13564 E ArmVmp : Match on catch block at 0xc3 in for 0xa5
03-29 11:27:05.518 13564 13564 E ArmVmp : Match on catch block at 0xc3 in for 0xa5
03-29 11:27:05.523 13564 13564 E ArmVmp : Match on catch block at 0xc3 in for 0xa9
03-29 11:27:05.535 13564 13564 E ArmVmp : Match on catch block at 0xc3 in for 0xa9
03-29 11:27:05.541 13564 13564 E ArmVmp : Match on catch block at 0xc3 in for 0xa1
03-29 11:27:05.553 13564 13564 E ArmVmp : Match on catch block at 0xc3 in for 0xa1
03-29 11:27:05.558 13564 13564 E ArmVmp : Match on catch block at 0xc3 in for 0xa5
03-29 11:27:05.570 13564 13564 E ArmVmp : Match on catch block at 0xc3 in for 0xa5
03-29 11:27:05.575 13564 13564 E ArmVmp : Match on catch block at 0xc3 in for 0xa9
03-29 11:27:05.586 13564 13564 E ArmVmp : Match on catch block at 0xc3 in for 0xa9
03-29 11:27:05.591 13564 13564 E ArmVmp : Match on catch block at 0xc3 in for 0xa1
03-29 11:27:05.603 13564 13564 E ArmVmp : Match on catch block at 0xc3 in for 0xa1
03-29 11:27:05.606 13564 13564 E ArmVmp : Match on catch block at 0xc3 in for 0xa5
03-29 11:27:05.620 13564 13564 E ArmVmp : Match on catch block at 0xc3 in for 0xa5
03-29 11:27:05.624 13564 13564 E ArmVmp : Match on catch block at 0xc3 in for 0xa9
03-29 11:27:05.636 13564 13564 E ArmVmp : Match on catch block at 0xc3 in for 0xa9
03-29 11:27:05.641 13564 13564 E ArmVmp : Match on catch block at 0xc3 in for 0xa1
03-29 11:27:05.653 13564 13564 E ArmVmp : Match on catch block at 0xc3 in for 0xa1
03-29 11:27:05.657 13564 13564 E ArmVmp : Match on catch block at 0xc3 in for 0xa5
03-29 11:27:05.671 13564 13564 E ArmVmp : Match on catch block at 0xc3 in for 0xa5
03-29 11:27:05.675 13564 13564 E ArmVmp : Match on catch block at 0xc3 in for 0xa9
03-29 11:27:05.687 13564 13564 E ArmVmp : Match on catch block at 0xc3 in for 0xa9
03-29 11:27:05.692 13564 13564 E ArmVmp : Match on catch block at 0xc3 in for 0xa1
03-29 11:27:05.706 13564 13564 E ArmVmp : Match on catch block at 0xc3 in for 0xa1
03-29 11:27:05.714 13564 13564 E ArmVmp : Match on catch block at 0xc3 in for 0xa5
03-29 11:27:05.720 13564 13564 E ArmVmp : Match on catch block at 0xc3 in for 0xa5
03-29 11:27:05.727 13564 13564 E ArmVmp : Match on catch block at 0xc3 in for 0xa9
03-29 11:27:05.741 13564 13564 E ArmVmp : Match on catch block at 0xc3 in for 0xa1
03-29 11:27:05.746 13564 13564 E ArmVmp : Match on catch block at 0xc3 in for 0xa5
03-29 11:27:05.753 13564 13564 E ArmVmp : Match on catch block at 0xc3 in for 0xa5
03-29 11:27:05.759 13564 13564 E ArmVmp : Match on catch block at 0xc3 in for 0xa9
03-29 11:27:05.770 13564 13564 E ArmVmp : Match on catch block at 0xc3 in for 0xa9
03-29 11:27:05.774 13564 13564 E ArmVmp : Match on catch block at 0xc3 in for 0xa1
03-29 11:27:05.790 13564 13564 E ArmVmp : Match on catch block at 0xc3 in for 0xa5
03-29 11:27:05.795 13564 13564 E ArmVmp : Match on catch block at 0xc3 in for 0xa9
03-29 11:27:05.804 13564 13564 E ArmVmp : Match on catch block at 0xc3 in for 0xa9
03-29 11:27:05.807 13564 13564 E ArmVmp : Match on catch block at 0xc3 in for 0xa1
03-29 11:27:05.821 13564 13564 E ArmVmp : Match on catch block at 0xc3 in for 0xa1
03-29 11:27:05.825 13564 13564 E ArmVmp : Match on catch block at 0xc3 in for 0xa5
03-29 11:27:05.837 13564 13564 E ArmVmp : Match on catch block at 0xc3 in for 0xa5
03-29 11:27:05.842 13564 13564 E ArmVmp : Match on catch block at 0xc3 in for 0xa9
03-29 11:27:05.854 13564 13564 E ArmVmp : Match on catch block at 0xc3 in for 0xa9
03-29 11:27:05.859 13564 13564 E ArmVmp : Match on catch block at 0xc3 in for 0xa1
03-29 11:27:05.871 13564 13564 E ArmVmp : Match on catch block at 0xc3 in for 0xa1
03-29 11:27:05.875 13564 13564 E ArmVmp : Match on catch block at 0xc3 in for 0xa5
03-29 11:27:05.887 13564 13564 E ArmVmp : Match on catch block at 0xc3 in for 0xa5
03-29 11:27:05.892 13564 13564 E ArmVmp : Match on catch block at 0xc3 in for 0xa9
03-29 11:27:05.905 13564 13564 E ArmVmp : Match on catch block at 0xc3 in for 0xa9
03-29 11:27:05.910 13564 13564 E ArmVmp : Match on catch block at 0xc3 in for 0xa1
03-29 11:27:05.921 13564 13564 E ArmVmp : Match on catch block at 0xc3 in for 0xa1
03-29 11:27:05.926 13564 13564 E ArmVmp : Match on catch block at 0xc3 in for 0xa5
03-29 11:27:05.938 13564 13564 E ArmVmp : Match on catch block at 0xc3 in for 0xa5
03-29 11:27:05.943 13564 13564 E ArmVmp : Match on catch block at 0xc3 in for 0xa9
03-29 11:27:05.954 13564 13564 E ArmVmp : Match on catch block at 0xc3 in for 0xa9
03-29 11:27:05.958 13564 13564 E ArmVmp : Match on catch block at 0xc3 in for 0xa1
03-29 11:27:05.970 13564 13564 E ArmVmp : Match on catch block at 0xc3 in for 0xa1
03-29 11:27:05.975 13564 13564 E ArmVmp : Match on catch block at 0xc3 in for 0xa5
03-29 11:27:05.987 13564 13564 E ArmVmp : Match on catch block at 0xc3 in for 0xa5
03-29 11:27:05.991 13564 13564 E ArmVmp : Match on catch block at 0xc3 in for 0xa9
03-29 11:27:06.004 13564 13564 E ArmVmp : Match on catch block at 0xc3 in for 0xa9
03-29 11:27:06.010 13564 13564 E ArmVmp : Match on catch block at 0xc3 in for 0xa1
03-29 11:27:06.021 13564 13564 E ArmVmp : Match on catch block at 0xc3 in for 0xa1
03-29 11:27:06.026 13564 13564 E ArmVmp : Match on catch block at 0xc3 in for 0xa5
03-29 11:27:06.037 13564 13564 E ArmVmp : Match on catch block at 0xc3 in for 0xa5
03-29 11:27:06.041 13564 13564 E ArmVmp : Match on catch block at 0xc3 in for 0xa9
03-29 11:27:06.055 13564 13564 E ArmVmp : Match on catch block at 0xc3 in for 0xa9
03-29 11:27:06.059 13564 13564 E ArmVmp : Match on catch block at 0xc3 in for 0xa1
03-29 11:27:06.072 13564 13564 E ArmVmp : Match on catch block at 0xc3 in for 0xa1
03-29 11:27:06.076 13564 13564 E ArmVmp : Match on catch block at 0xc3 in for 0xa5
03-29 11:27:06.088 13564 13564 E ArmVmp : Match on catch block at 0xc3 in for 0xa5
03-29 11:27:06.093 13564 13564 E ArmVmp : Match on catch block at 0xc3 in for 0xa9
03-29 11:27:06.104 13564 13564 E ArmVmp : Match on catch block at 0xc3 in for 0xa9
03-29 11:27:06.109 13564 13564 E ArmVmp : Match on catch block at 0xc3 in for 0xa1
03-29 11:27:06.121 13564 13564 E ArmVmp : Match on catch block at 0xc3 in for 0xa1
03-29 11:27:06.126 13564 13564 E ArmVmp : Match on catch block at 0xc3 in for 0xa5
03-29 11:27:06.138 13564 13564 E ArmVmp : Match on catch block at 0xc3 in for 0xa5
03-29 11:27:06.142 13564 13564 E ArmVmp : Match on catch block at 0xc3 in for 0xa9
03-29 11:27:06.155 13564 13564 E ArmVmp : Match on catch block at 0xc3 in for 0xa9
03-29 11:27:06.160 13564 13564 E ArmVmp : Match on catch block at 0xc3 in for 0xa1
03-29 11:27:06.171 13564 13564 E ArmVmp : Match on catch block at 0xc3 in for 0xa1
03-29 11:27:06.175 13564 13564 E ArmVmp : Match on catch block at 0xc3 in for 0xa5
03-29 11:27:06.188 13564 13564 E ArmVmp : Match on catch block at 0xc3 in for 0xa5
03-29 11:27:06.192 13564 13564 E ArmVmp : Match on catch block at 0xc3 in for 0xa9
03-29 11:27:06.204 13564 13564 E ArmVmp : Match on catch block at 0xc3 in for 0xa9
03-29 11:27:06.209 13564 13564 E ArmVmp : Match on catch block at 0xc3 in for 0xa1
03-29 11:27:06.222 13564 13564 E ArmVmp : Match on catch block at 0xc3 in for 0xa1
03-29 11:27:06.226 13564 13564 E ArmVmp : Match on catch block at 0xc3 in for 0xa5
03-29 11:27:06.238 13564 13564 E ArmVmp : Match on catch block at 0xc3 in for 0xa5
03-29 11:27:06.242 13564 13564 E ArmVmp : Match on catch block at 0xc3 in for 0xa9
03-29 11:27:06.255 13564 13564 E ArmVmp : Match on catch block at 0xc3 in for 0xa9
03-29 11:27:06.258 13564 13564 E ArmVmp : Match on catch block at 0xc3 in for 0xa1
03-29 11:27:06.271 13564 13564 E ArmVmp : Match on catch block at 0xc3 in for 0xa1
03-29 11:27:06.275 13564 13564 E ArmVmp : Match on catch block at 0xc3 in for 0xa5
03-29 11:27:06.288 13564 13564 E ArmVmp : Match on catch block at 0xc3 in for 0xa5
03-29 11:27:06.292 13564 13564 E ArmVmp : Match on catch block at 0xc3 in for 0xa9
03-29 11:27:06.305 13564 13564 E ArmVmp : Match on catch block at 0xc3 in for 0xa9
03-29 11:27:06.310 13564 13564 E ArmVmp : Match on catch block at 0xc3 in for 0xa1
03-29 11:27:06.322 13564 13564 E ArmVmp : Match on catch block at 0xc3 in for 0xa1
03-29 11:27:06.326 13564 13564 E ArmVmp : Match on catch block at 0xc3 in for 0xa5
