03-29 11:27:35.633 13564 13622 E SQLiteDatabase: Error inserting transferred=1 media_job_uuid=97c6aa2e-5069-4dcc-83f0-d8f06cda0303 transcoded=0 gif_attribution=0 first_scan_length=0 direct_path=/m1/v/t24/An91k7xrcuyWDLBPjj8XPy72EhKQbVvPSPEPualEF2crJ0hzWQNfnSwMA9327 rQZsOck9yC-6wQUTXwAyY_B67XmUNOOBkzNq6LDprfV-5x6-MsXtKxm2c779cYCMyCcX5rD?ccb=10- 5&oh=01_AdRtc02Y9rYWyQ2nUCmDayF2UUG-MnghePZauospJoT__A&oe=6620606F&_nc_sid=5e03e0 thumbnail_height_width_ratio=1.7560976 is_animated_sticker=0 file_hash=WEXnDAIkFtr2OCsIEpozk8DafsEHjzRu8hOFTikYAjk= file_path=Media/MBWhatsApp Video/VID-20240329-WA0002 file_size=1608510 partial_media_hash=null face_x=0 face_y=0 height=1024 trim_to=0 media_key_timestamp=0 message_url=null media_caption=null trim_from=0 mime_type=video/mp4 partial_media_enc_hash=null width=576 original_file_hash=null has_streaming_sidecar=0 autotransfer_retry_enabled=1 media_upload_handle=null message_row_id=207 multicast_id=null enc_file_hash=null mute_video=0 page_count=0 first_scan_sidecar=null suspicious_content=0 file_length=1608510 media_name=null media_duration=20 chat_row_id=32 media_key=null
03-29 11:27:35.633 13564 13622 E SQLiteDatabase: android.database.sqlite.SQLiteConstraintException: UNIQUE constraint failed: message_media.message_row_id (code 1555 SQLITE_CONSTRAINT_PRIMARYKEY)
03-29 11:27:35.633 13564 13622 E SQLiteDatabase: at android.database.sqlite.SQLiteConnection.nativeExecuteForLastInsertedRowId(Native Method)
03-29 11:27:35.633 13564 13622 E SQLiteDatabase: at android.database.sqlite.SQLiteConnection.executeForLastInsertedRowId(SQLiteConnecti on.java:948)
03-29 11:27:35.633 13564 13622 E SQLiteDatabase: at android.database.sqlite.SQLiteSession.executeForLastInsertedRowId(SQLiteSession.jav a:790)
03-29 11:27:35.633 13564 13622 E SQLiteDatabase: at android.database.sqlite.SQLiteStatement.executeInsert(SQLiteStatement.java:88)
03-29 11:27:35.633 13564 13622 E SQLiteDatabase: at android.database.sqlite.SQLiteDatabase.insertWithOnConflict(SQLiteDatabase.java:171 2)
03-29 11:27:35.633 13564 13622 E SQLiteDatabase: at android.database.sqlite.SQLiteDatabase.insert(SQLiteDatabase.java:1581)
03-29 11:27:35.633 13564 13622 E SQLiteDatabase: at X.2tm.A08(Unknown Source:6)
03-29 11:27:35.633 13564 13622 E SQLiteDatabase: at X.35Y.A07(Unknown Source:212)
03-29 11:27:35.633 13564 13622 E SQLiteDatabase: at X.3QF.A14(Unknown Source:470)
03-29 11:27:35.633 13564 13622 E SQLiteDatabase: at X.31e.A03(Unknown Source:174)
03-29 11:27:35.633 13564 13622 E SQLiteDatabase: at X.3g7.run(Unknown Source:1017)
03-29 11:27:35.633 13564 13622 E SQLiteDatabase: at android.os.Handler.handleCallback(Handler.java:938)
03-29 11:27:35.633 13564 13622 E SQLiteDatabase: at android.os.Handler.dispatchMessage(Handler.java:99)
03-29 11:27:35.633 13564 13622 E SQLiteDatabase: at X.0zq.dispatchMessage(Unknown Source:4)
03-29 11:27:35.633 13564 13622 E SQLiteDatabase: at android.os.Looper.loop(Looper.java:263)
03-29 11:27:35.633 13564 13622 E SQLiteDatabase: at android.os.HandlerThread.run(HandlerThread.java:67)
03-29 11:27:35.636 13564 13564 E ArmVmp : Match on catch block at 0xc3 in for 0xa5
03-29 11:27:35.644 13564 13564 E ArmVmp : Match on catch block at 0xc3 in for 0xa5
03-29 11:27:35.647 13564 13564 E ArmVmp : Match on catch block at 0xc3 in for 0xa9
03-29 11:27:35.662 13564 13564 E ArmVmp : Match on catch block at 0xc3 in for 0xa9
03-29 11:27:35.667 13564 13564 E ArmVmp : Match on catch block at 0xc3 in for 0xa1
03-29 11:27:35.678 13564 13564 E ArmVmp : Match on catch block at 0xc3 in for 0xa1
03-29 11:27:35.683 13564 13564 E ArmVmp : Match on catch block at 0xc3 in for 0xa5
03-29 11:27:35.695 13564 13564 E ArmVmp : Match on catch block at 0xc3 in for 0xa5
03-29 11:27:35.700 13564 13564 E ArmVmp : Match on catch block at 0xc3 in for 0xa9
03-29 11:27:35.712 13564 13564 E ArmVmp : Match on catch block at 0xc3 in for 0xa9
03-29 11:27:35.716 13564 13564 E ArmVmp : Match on catch block at 0xc3 in for 0xa1
03-29 11:27:35.729 13564 13564 E ArmVmp : Match on catch block at 0xc3 in for 0xa1
03-29 11:27:35.735 13564 13564 E ArmVmp : Match on catch block at 0xc3 in for 0xa5
03-29 11:27:35.748 13564 13564 E ArmVmp : Match on catch block at 0xc3 in for 0xa5
03-29 11:27:35.755 13564 13564 E ArmVmp : Match on catch block at 0xc3 in for 0xa9
03-29 11:27:35.762 13564 13564 E ArmVmp : Match on catch block at 0xc3 in for 0xa9
03-29 11:27:35.767 13564 13564 E ArmVmp : Match on catch block at 0xc3 in for 0xa1
03-29 11:27:35.778 13564 13564 E ArmVmp : Match on catch block at 0xc3 in for 0xa1
03-29 11:27:35.783 13564 13564 E ArmVmp : Match on catch block at 0xc3 in for 0xa5
03-29 11:27:35.796 13564 13564 E ArmVmp : Match on catch block at 0xc3 in for 0xa5
03-29 11:27:35.800 13564 13564 E ArmVmp : Match on catch block at 0xc3 in for 0xa9
03-29 11:27:35.812 13564 13564 E ArmVmp : Match on catch block at 0xc3 in for 0xa9
03-29 11:27:35.816 13564 13564 E ArmVmp : Match on catch block at 0xc3 in for 0xa1
03-29 11:27:35.830 13564 13564 E ArmVmp : Match on catch block at 0xc3 in for 0xa1
03-29 11:27:35.835 13564 13564 E ArmVmp : Match on catch block at 0xc3 in for 0xa5
03-29 11:27:35.845 13564 13564 E ArmVmp : Match on catch block at 0xc3 in for 0xa5
03-29 11:27:35.849 13564 13564 E ArmVmp : Match on catch block at 0xc3 in for 0xa9
03-29 11:27:35.861 13564 13564 E ArmVmp : Match on catch block at 0xc3 in for 0xa9
03-29 11:27:35.865 13564 13564 E ArmVmp : Match on catch block at 0xc3 in for 0xa1
03-29 11:27:35.879 13564 13564 E ArmVmp : Match on catch block at 0xc3 in for 0xa1
03-29 11:27:35.884 13564 13564 E ArmVmp : Match on catch block at 0xc3 in for 0xa5
03-29 11:27:35.896 13564 13564 E ArmVmp : Match on catch block at 0xc3 in for 0xa5
03-29 11:27:35.900 13564 13564 E ArmVmp : Match on catch block at 0xc3 in for 0xa9
03-29 11:27:35.912 13564 13564 E ArmVmp : Match on catch block at 0xc3 in for 0xa9
03-29 11:27:35.917 13564 13564 E ArmVmp : Match on catch block at 0xc3 in for 0xa1
03-29 11:27:35.927 13564 13564 E ArmVmp : Match on catch block at 0xc3 in for 0xa1
03-29 11:27:35.932 13564 13564 E ArmVmp : Match on catch block at 0xc3 in for 0xa5
03-29 11:27:35.946 13564 13564 E ArmVmp : Match on catch block at 0xc3 in for 0xa1
03-29 11:27:35.949 13564 13564 E ArmVmp : Match on catch block at 0xc3 in for 0xa5
03-29 11:27:35.965 13564 13564 E ArmVmp : Match on catch block at 0xc3 in for 0xa1
03-29 11:27:35.970 13564 13564 E ArmVmp : Match on catch block at 0xc3 in for 0xa5
03-29 11:27:35.980 13564 13564 E ArmVmp : Match on catch block at 0xc3 in for 0xa5
03-29 11:27:35.985 13564 13564 E ArmVmp : Match on catch block at 0xc3 in for 0xa9
03-29 11:27:35.997 13564 13564 E ArmVmp : Match on catch block at 0xc3 in for 0xa5
03-29 11:27:36.001 13564 13564 E ArmVmp : Match on catch block at 0xc3 in for 0xa9
03-29 11:27:36.015 13564 13564 E ArmVmp : Match on catch block at 0xc3 in for 0xa9
03-29 11:27:36.020 13564 13564 E ArmVmp : Match on catch block at 0xc3 in for 0xa1
03-29 11:27:36.032 13564 13564 E ArmVmp : Match on catch block at 0xc3 in for 0xa1
03-29 11:27:36.037 13564 13564 E ArmVmp : Match on catch block at 0xc3 in for 0xa5
03-29 11:27:36.052 13564 13564 E ArmVmp : Match on catch block at 0xc3 in for 0xa5
03-29 11:27:36.055 13564 13564 E ArmVmp : Match on catch block at 0xc3 in for 0xa9
03-29 11:27:36.062 13564 13564 E ArmVmp : Match on catch block at 0xc3 in for 0xa1
03-29 11:27:36.065 13564 13564 E ArmVmp : Match on catch block at 0xc3 in for 0xa5
03-29 11:27:36.071 13564 13622 E SQLiteDatabase: Error inserting transferred=1 media_job_uuid=30c3e17e-71ad-42b7-9479-1424c823282c transcoded=0 gif_attribution=0 first_scan_length=0 direct_path=/m1/v/t24/An_M0KO0YYD_lhAdhY0kdBQhfTNhykoCtC9nZDT2ymDcIWdJy- ggxrl_LXPKSiFBwnZ2H0uxTVJIMnlNNmKBRu4IxbJqSzhikBIwWf-Aj2SYLbzq-E95zTvfVNEWltKyH3El? ccb=10- 5&oh=01_AdTYYuejdn4di2K6ihHOFdiY5BdaFWwvY1dPEFvN6x4s1A&oe=6620A5F6&_nc_sid=5e03e0 thumbnail_height_width_ratio=1.3333334 is_animated_sticker=0 file_hash=z7WJEnRTUgtursubmK6dLbF7IdG/igsvmBaIsxs/q4U= file_path=Media/MBWhatsApp Video/VID-20240329-WA0005 file_size=2210892 partial_media_hash=null face_x=0 face_y=0 height=768 trim_to=0 media_key_timestamp=0 message_url=null media_caption=null trim_from=0 mime_type=video/mp4 partial_media_enc_hash=null width=576 original_file_hash=null has_streaming_sidecar=0 autotransfer_retry_enabled=1 media_upload_handle=null message_row_id=110 multicast_id=null enc_file_hash=null mute_video=0 page_count=0 first_scan_sidecar=null suspicious_content=0 file_length=2210892 media_name=null media_duration=15 chat_row_id=32 media_key=null
03-29 11:27:36.071 13564 13622 E SQLiteDatabase: android.database.sqlite.SQLiteConstraintException: UNIQUE constraint failed: message_media.message_row_id (code 1555 SQLITE_CONSTRAINT_PRIMARYKEY)
03-29 11:27:36.071 13564 13622 E SQLiteDatabase: at android.database.sqlite.SQLiteConnection.nativeExecuteForLastInsertedRowId(Native Method)
03-29 11:27:36.071 13564 13622 E SQLiteDatabase: at android.database.sqlite.SQLiteConnection.executeForLastInsertedRowId(SQLiteConnecti on.java:948)
03-29 11:27:36.071 13564 13622 E SQLiteDatabase: at android.database.sqlite.SQLiteSession.executeForLastInsertedRowId(SQLiteSession.jav a:790)
03-29 11:27:36.071 13564 13622 E SQLiteDatabase: at android.database.sqlite.SQLiteStatement.executeInsert(SQLiteStatement.java:88)
03-29 11:27:36.071 13564 13622 E SQLiteDatabase: at android.database.sqlite.SQLiteDatabase.insertWithOnConflict(SQLiteDatabase.java:171 2)
03-29 11:27:36.071 13564 13622 E SQLiteDatabase: at android.database.sqlite.SQLiteDatabase.insert(SQLiteDatabase.java:1581)
03-29 11:27:36.071 13564 13622 E SQLiteDatabase: at X.2tm.A08(Unknown Source:6)
03-29 11:27:36.071 13564 13622 E SQLiteDatabase: at X.35Y.A07(Unknown Source:212)
03-29 11:27:36.071 13564 13622 E SQLiteDatabase: at X.3QF.A14(Unknown Source:470)
03-29 11:27:36.071 13564 13622 E SQLiteDatabase: at X.3gU.run(Unknown Source:982)
03-29 11:27:36.071 13564 13622 E SQLiteDatabase: at android.os.Handler.handleCallback(Handler.java:938)
03-29 11:27:36.071 13564 13622 E SQLiteDatabase: at android.os.Handler.dispatchMessage(Handler.java:99)
03-29 11:27:36.071 13564 13622 E SQLiteDatabase: at X.0zq.dispatchMessage(Unknown Source:4)
03-29 11:27:36.071 13564 13622 E SQLiteDatabase: at android.os.Looper.loop(Looper.java:263)
03-29 11:27:36.071 13564 13622 E SQLiteDatabase: at android.os.HandlerThread.run(HandlerThread.java:67)
03-29 11:27:36.080 13564 13564 E ArmVmp : Match on catch block at 0xc3 in for 0xa5
03-29 11:27:36.085 13564 13564 E ArmVmp : Match on catch block at 0xc3 in for 0xa9
03-29 11:27:36.122 13564 13564 E ArmVmp : Match on catch block at 0xc3 in for 0xa5
03-29 11:27:36.125 13564 13564 E ArmVmp : Match on catch block at 0xc3 in for 0xa9
03-29 11:27:36.141 13564 13564 E ArmVmp : Match on catch block at 0xc3 in for 0xa1
03-29 11:27:36.146 13564 13564 E ArmVmp : Match on catch block at 0xc3 in for 0xa5
03-29 11:27:36.157 13564 13564 E ArmVmp : Match on catch block at 0xc3 in for 0xa5
03-29 11:27:36.160 13564 13564 E ArmVmp : Match on catch block at 0xc3 in for 0xa9
03-29 11:27:36.168 13564 13564 E ArmVmp : Match on catch block at 0xc3 in for 0xa9
03-29 11:27:36.172 13564 13564 E ArmVmp : Match on catch block at 0xc3 in for 0xa1
03-29 11:27:36.182 13564 13564 E ArmVmp : Match on catch block at 0xc3 in for 0xa1
03-29 11:27:36.186 13564 13564 E ArmVmp : Match on catch block at 0xc3 in for 0xa5
03-29 11:27:36.196 13564 13564 E ArmVmp : Match on catch block at 0xc3 in for 0xa5
03-29 11:27:36.200 13564 13564 E ArmVmp : Match on catch block at 0xc3 in for 0xa9
03-29 11:27:36.213 13564 13564 E ArmVmp : Match on catch block at 0xc3 in for 0xa9
03-29 11:27:36.216 13564 13564 E ArmVmp : Match on catch block at 0xc3 in for 0xa1
03-29 11:27:36.230 13564 13564 E ArmVmp : Match on catch block at 0xc3 in for 0xa1
03-29 11:27:36.233 13564 13564 E ArmVmp : Match on catch block at 0xc3 in for 0xa5
03-29 11:27:36.246 13564 13564 E ArmVmp : Match on catch block at 0xc3 in for 0xa5
03-29 11:27:36.250 13564 13564 E ArmVmp : Match on catch block at 0xc3 in for 0xa9
03-29 11:27:36.263 13564 13564 E ArmVmp : Match on catch block at 0xc3 in for 0xa9
03-29 11:27:36.266 13564 13564 E ArmVmp : Match on catch block at 0xc3 in for 0xa1
03-29 11:27:36.280 13564 13564 E ArmVmp : Match on catch block at 0xc3 in for 0xa1
03-29 11:27:36.283 13564 13564 E ArmVmp : Match on catch block at 0xc3 in for 0xa5
03-29 11:27:36.298 13564 13564 E ArmVmp : Match on catch block at 0xc3 in for 0xa5
03-29 11:27:36.302 13564 13564 E ArmVmp : Match on catch block at 0xc3 in for 0xa9
03-29 11:27:36.312 13564 13564 E ArmVmp : Match on catch block at 0xc3 in for 0xa9
03-29 11:27:36.316 13564 13564 E ArmVmp : Match on catch block at 0xc3 in for 0xa1
03-29 11:27:36.329 13564 13564 E ArmVmp : Match on catch block at 0xc3 in for 0xa5
03-29 11:27:36.332 13564 13564 E ArmVmp : Match on catch block at 0xc3 in for 0xa9
03-29 11:27:36.347 13564 13564 E ArmVmp : Match on catch block at 0xc3 in for 0xa1
03-29 11:27:36.352 13564 13564 E ArmVmp : Match on catch block at 0xc3 in for 0xa5
03-29 11:27:36.364 13564 13564 E ArmVmp : Match on catch block at 0xc3 in for 0xa9
03-29 11:27:36.368 13564 13564 E ArmVmp : Match on catch block at 0xc3 in for 0xa1
03-29 11:27:36.381 13564 13564 E ArmVmp : Match on catch block at 0xc3 in for 0xa5
03-29 11:27:36.384 13564 13564 E ArmVmp : Match on catch block at 0xc3 in for 0xa9
03-29 11:27:36.397 13564 13564 E ArmVmp : Match on catch block at 0xc3 in for 0xa1
03-29 11:27:36.401 13564 13564 E ArmVmp : Match on catch block at 0xc3 in for 0xa5
03-29 11:27:36.414 13564 13564 E ArmVmp : Match on catch block at 0xc3 in for 0xa9
03-29 11:27:36.417 13564 13564 E ArmVmp : Match on catch block at 0xc3 in for 0xa1
03-29 11:27:36.432 13564 13564 E ArmVmp : Match on catch block at 0xc3 in for 0xa5
03-29 11:27:36.437 13564 13564 E ArmVmp : Match on catch block at 0xc3 in for 0xa9
03-29 11:27:36.448 13564 13564 E ArmVmp : Match on catch block at 0xc3 in for 0xa1
03-29 11:27:36.453 13564 13564 E ArmVmp : Match on catch block at 0xc3 in for 0xa5
03-29 11:27:36.465 13564 13564 E ArmVmp : Match on catch block at 0xc3 in for 0xa9
03-29 11:27:36.469 13564 13564 E ArmVmp : Match on catch block at 0xc3 in for 0xa1
03-29 11:27:36.481 13564 13564 E ArmVmp : Match on catch block at 0xc3 in for 0xa5
03-29 11:27:36.485 13564 13564 E ArmVmp : Match on catch block at 0xc3 in for 0xa9
03-29 11:27:36.498 13564 13564 E ArmVmp : Match on catch block at 0xc3 in for 0xa1
03-29 11:27:36.502 13564 13564 E ArmVmp : Match on catch block at 0xc3 in for 0xa5
03-29 11:27:36.515 13564 13564 E ArmVmp : Match on catch block at 0xc3 in for 0xa9
03-29 11:27:36.519 13564 13564 E ArmVmp : Match on catch block at 0xc3 in for 0xa1
03-29 11:27:36.533 13564 13564 E ArmVmp : Match on catch block at 0xc3 in for 0xa5
03-29 11:27:36.537 13564 13564 E ArmVmp : Match on catch block at 0xc3 in for 0xa9
03-29 11:27:36.548 13564 13564 E ArmVmp : Match on catch block at 0xc3 in for 0xa1
03-29 11:27:36.553 13564 13564 E ArmVmp : Match on catch block at 0xc3 in for 0xa5
03-29 11:27:36.565 13564 13564 E ArmVmp : Match on catch block at 0xc3 in for 0xa9
03-29 11:27:36.569 13564 13564 E ArmVmp : Match on catch block at 0xc3 in for 0xa1
03-29 11:27:36.582 13564 13564 E ArmVmp : Match on catch block at 0xc3 in for 0xa5
03-29 11:27:36.586 13564 13564 E ArmVmp : Match on catch block at 0xc3 in for 0xa9
03-29 11:27:36.598 13564 13564 E ArmVmp : Match on catch block at 0xc3 in for 0xa1
03-29 11:27:36.602 13564 13564 E ArmVmp : Match on catch block at 0xc3 in for 0xa5
03-29 11:27:36.615 13564 13564 E ArmVmp : Match on catch block at 0xc3 in for 0xa9
03-29 11:27:36.619 13564 13564 E ArmVmp : Match on catch block at 0xc3 in for 0xa1
03-29 11:27:36.649 13564 13564 E ArmVmp : Match on catch block at 0xc3 in for 0xa5
03-29 11:27:36.653 13564 13564 E ArmVmp : Match on catch block at 0xc3 in for 0xa9
03-29 11:27:36.672 13564 13564 E ArmVmp : Match on catch block at 0xc3 in for 0xa5
03-29 11:27:36.676 13564 13564 E ArmVmp : Match on catch block at 0xc3 in for 0xa9
03-29 11:27:36.696 13564 13564 E ArmVmp : Match on catch block at 0xc3 in for 0xa9
03-29 11:27:36.701 13564 13564 E ArmVmp : Match on catch block at 0xc3 in for 0xa1
03-29 11:27:36.714 13564 13564 E ArmVmp : Match on catch block at 0xc3 in for 0xa1
03-29 11:27:36.721 13564 13564 E ArmVmp : Match on catch block at 0xc3 in for 0xa5
03-29 11:27:36.730 13564 13564 E ArmVmp : Match on catch block at 0xc3 in for 0xa5
03-29 11:27:36.737 13564 13564 E ArmVmp : Match on catch block at 0xc3 in for 0xa9
03-29 11:27:36.747 13564 13564 E ArmVmp : Match on catch block at 0xc3 in for 0xa9
03-29 11:27:36.753 13564 13564 E ArmVmp : Match on catch block at 0xc3 in for 0xa1
03-29 11:27:36.765 13564 13564 E ArmVmp : Match on catch block at 0xc3 in for 0xa1
03-29 11:27:36.773 13564 13564 E ArmVmp : Match on catch block at 0xc3 in for 0xa5
03-29 11:27:36.780 13564 13564 E ArmVmp : Match on catch block at 0xc3 in for 0xa5
03-29 11:27:36.785 13564 13564 E ArmVmp : Match on catch block at 0xc3 in for 0xa9
03-29 11:27:36.796 13564 13564 E ArmVmp : Match on catch block at 0xc3 in for 0xa9
03-29 11:27:36.801 13564 13564 E ArmVmp : Match on catch block at 0xc3 in for 0xa1
03-29 11:27:36.813 13564 13564 E ArmVmp : Match on catch block at 0xc3 in for 0xa1
03-29 11:27:36.818 13564 13564 E ArmVmp : Match on catch block at 0xc3 in for 0xa5
03-29 11:27:36.830 13564 13564 E ArmVmp : Match on catch block at 0xc3 in for 0xa5
03-29 11:27:36.835 13564 13564 E ArmVmp : Match on catch block at 0xc3 in for 0xa9
03-29 11:27:36.847 13564 13564 E ArmVmp : Match on catch block at 0xc3 in for 0xa9
03-29 11:27:36.851 13564 13564 E ArmVmp : Match on catch block at 0xc3 in for 0xa1
03-29 11:27:36.864 13564 13564 E ArmVmp : Match on catch block at 0xc3 in for 0xa1
03-29 11:27:36.868 13564 13564 E ArmVmp : Match on catch block at 0xc3 in for 0xa5
03-29 11:27:36.880 13564 13564 E ArmVmp : Match on catch block at 0xc3 in for 0xa5
03-29 11:27:36.886 13564 13564 E ArmVmp : Match on catch block at 0xc3 in for 0xa9
03-29 11:27:36.897 13564 13564 E ArmVmp : Match on catch block at 0xc3 in for 0xa9
03-29 11:27:36.903 13564 13564 E ArmVmp : Match on catch block at 0xc3 in for 0xa1
03-29 11:27:36.914 13564 13564 E ArmVmp : Match on catch block at 0xc3 in for 0xa1
03-29 11:27:36.919 13564 13564 E ArmVmp : Match on catch block at 0xc3 in for 0xa5
03-29 11:27:36.934 13564 13564 E ArmVmp : Match on catch block at 0xc3 in for 0xa9
03-29 11:27:36.938 13564 13564 E ArmVmp : Match on catch block at 0xc3 in for 0xa1
03-29 11:27:36.947 13564 13564 E ArmVmp : Match on catch block at 0xc3 in for 0xa1
03-29 11:27:36.952 13564 13564 E ArmVmp : Match on catch block at 0xc3 in for 0xa5
03-29 11:27:36.964 13564 13564 E ArmVmp : Match on catch block at 0xc3 in for 0xa5
03-29 11:27:36.969 13564 13564 E ArmVmp : Match on catch block at 0xc3 in for 0xa9
03-29 11:27:36.985 13564 13564 E ArmVmp : Match on catch block at 0xc3 in for 0xa1
03-29 11:27:36.991 13564 13564 E ArmVmp : Match on catch block at 0xc3 in for 0xa5
03-29 11:27:36.998 13564 13564 E ArmVmp : Match on catch block at 0xc3 in for 0xa5
03-29 11:27:37.004 13564 13564 E ArmVmp : Match on catch block at 0xc3 in for 0xa9
03-29 11:27:37.015 13564 13564 E ArmVmp : Match on catch block at 0xc3 in for 0xa9
03-29 11:27:37.019 13564 13564 E ArmVmp : Match on catch block at 0xc3 in for 0xa1
03-29 11:27:37.030 13564 13564 E ArmVmp : Match on catch block at 0xc3 in for 0xa1
03-29 11:27:37.035 13564 13564 E ArmVmp : Match on catch block at 0xc3 in for 0xa5
03-29 11:27:37.048 13564 13564 E ArmVmp : Match on catch block at 0xc3 in for 0xa5
03-29 11:27:37.052 13564 13564 E ArmVmp : Match on catch block at 0xc3 in for 0xa9
03-29 11:27:37.065 13564 13564 E ArmVmp : Match on catch block at 0xc3 in for 0xa9
03-29 11:27:37.070 13564 13564 E ArmVmp : Match on catch block at 0xc3 in for 0xa1
03-29 11:27:37.081 13564 13564 E ArmVmp : Match on catch block at 0xc3 in for 0xa1
03-29 11:27:37.088 13564 13564 E ArmVmp : Match on catch block at 0xc3 in for 0xa5
03-29 11:27:37.098 13564 13564 E ArmVmp : Match on catch block at 0xc3 in for 0xa5
03-29 11:27:37.103 13564 13564 E ArmVmp : Match on catch block at 0xc3 in for 0xa9
03-29 11:27:37.115 13564 13564 E ArmVmp : Match on catch block at 0xc3 in for 0xa9
03-29 11:27:37.120 13564 13564 E ArmVmp : Match on catch block at 0xc3 in for 0xa1
03-29 11:27:37.131 13564 13564 E ArmVmp : Match on catch block at 0xc3 in for 0xa1
03-29 11:27:37.136 13564 13564 E ArmVmp : Match on catch block at 0xc3 in for 0xa5
03-29 11:27:37.149 13564 13564 E ArmVmp : Match on catch block at 0xc3 in for 0xa5
03-29 11:27:37.154 13564 13564 E ArmVmp : Match on catch block at 0xc3 in for 0xa9
03-29 11:27:37.165 13564 13564 E ArmVmp : Match on catch block at 0xc3 in for 0xa9
03-29 11:27:37.171 13564 13564 E ArmVmp : Match on catch block at 0xc3 in for 0xa1
03-29 11:27:37.182 13564 13564 E ArmVmp : Match on catch block at 0xc3 in for 0xa1
03-29 11:27:37.187 13564 13564 E ArmVmp : Match on catch block at 0xc3 in for 0xa5
03-29 11:27:37.198 13564 13564 E ArmVmp : Match on catch block at 0xc3 in for 0xa5
03-29 11:27:37.203 13564 13564 E ArmVmp : Match on catch block at 0xc3 in for 0xa9
03-29 11:27:37.215 13564 13564 E ArmVmp : Match on catch block at 0xc3 in for 0xa1
03-29 11:27:37.219 13564 13564 E ArmVmp : Match on catch block at 0xc3 in for 0xa5
03-29 11:27:37.225 13564 13622 E SQLiteDatabase: Error inserting transferred=1 media_job_uuid=e0931302-a965-4161-a74c-a3bb51684783 transcoded=0 gif_attribution=0 first_scan_length=0 direct_path=/m1/v/t24/An9v_OV4jPa5DX_ZXiD4KWi- L59Z7PEC6kkISRlKe0nyvfNV1uKSt3zKTBLJAvrvfGEv5vKMFLEf_gO9dIKAGFGkF3RSMjCmMoIP1jOe7Ya sSUTcSJjF5BWCfVONuuaFoMik?ccb=10-5&oh=01_AdS9H35fg6vzqsDfjL5Y0-_ZrBwo2inQd85- WwEzhVv2jA&oe=6620BC15&_nc_sid=5e03e0 thumbnail_height_width_ratio=1.5 is_animated_sticker=0 file_hash=XaulqEEW+jpaxXdo6lCQn+Ubftg6ocv1vNxm/ROxDXY= file_path=Media/MBWhatsApp Video/VID-20240329-WA0006 file_size=447157 partial_media_hash=null face_x=0 face_y=0 height=864 trim_to=0 media_key_timestamp=0 message_url=null media_caption=null trim_from=0 mime_type=video/mp4 partial_media_enc_hash=null width=576 original_file_hash=null has_streaming_sidecar=0 autotransfer_retry_enabled=1 media_upload_handle=null message_row_id=111 multicast_id=null enc_file_hash=null mute_video=0 page_count=0 first_scan_sidecar=null suspicious_content=0 file_length=447157 media_name=null media_duration=20 chat_row_id=32 media_key=null
03-29 11:27:37.225 13564 13622 E SQLiteDatabase: android.database.sqlite.SQLiteConstraintException: UNIQUE constraint failed: message_media.message_row_id (code 1555 SQLITE_CONSTRAINT_PRIMARYKEY)
03-29 11:27:37.225 13564 13622 E SQLiteDatabase: at android.database.sqlite.SQLiteConnection.nativeExecuteForLastInsertedRowId(Native Method)
03-29 11:27:37.225 13564 13622 E SQLiteDatabase: at android.database.sqlite.SQLiteConnection.executeForLastInsertedRowId(SQLiteConnecti on.java:948)
03-29 11:27:37.225 13564 13622 E SQLiteDatabase: at android.database.sqlite.SQLiteSession.executeForLastInsertedRowId(SQLiteSession.jav a:790)
03-29 11:27:37.225 13564 13622 E SQLiteDatabase: at android.database.sqlite.SQLiteStatement.executeInsert(SQLiteStatement.java:88)
03-29 11:27:37.225 13564 13622 E SQLiteDatabase: at android.database.sqlite.SQLiteDatabase.insertWithOnConflict(SQLiteDatabase.java:171 2)
03-29 11:27:37.225 13564 13622 E SQLiteDatabase: at android.database.sqlite.SQLiteDatabase.insert(SQLiteDatabase.java:1581)
03-29 11:27:37.225 13564 13622 E SQLiteDatabase: at X.2tm.A08(Unknown Source:6)
03-29 11:27:37.225 13564 13622 E SQLiteDatabase: at X.35Y.A07(Unknown Source:212)
03-29 11:27:37.225 13564 13622 E SQLiteDatabase: at X.3QF.A14(Unknown Source:470)
03-29 11:27:37.225 13564 13622 E SQLiteDatabase: at X.3gU.run(Unknown Source:982)
03-29 11:27:37.225 13564 13622 E SQLiteDatabase: at android.os.Handler.handleCallback(Handler.java:938)
03-29 11:27:37.225 13564 13622 E SQLiteDatabase: at android.os.Handler.dispatchMessage(Handler.java:99)
03-29 11:27:37.225 13564 13622 E SQLiteDatabase: at X.0zq.dispatchMessage(Unknown Source:4)
03-29 11:27:37.225 13564 13622 E SQLiteDatabase: at android.os.Looper.loop(Looper.java:263)
03-29 11:27:37.225 13564 13622 E SQLiteDatabase: at android.os.HandlerThread.run(HandlerThread.java:67)
03-29 11:27:37.232 13564 13564 E ArmVmp : Match on catch block at 0xc3 in for 0xa5
03-29 11:27:37.236 13564 13564 E ArmVmp : Match on catch block at 0xc3 in for 0xa9
03-29 11:27:37.260 13564 13564 E ArmVmp : Match on catch block at 0xc3 in for 0xa9
03-29 11:27:37.265 13564 13564 E ArmVmp : Match on catch block at 0xc3 in for 0xa1
03-29 11:27:37.283 13564 13564 E ArmVmp : Match on catch block at 0xc3 in for 0xa1
03-29 11:27:37.289 13564 13564 E ArmVmp : Match on catch block at 0xc3 in for 0xa5
03-29 11:27:37.298 13564 13564 E ArmVmp : Match on catch block at 0xc3 in for 0xa5
03-29 11:27:37.302 13564 13564 E ArmVmp : Match on catch block at 0xc3 in for 0xa9
03-29 11:27:37.487 13564 13564 E ArmVmp : Match on catch block at 0xc3 in for 0xa1
03-29 11:27:37.492 13564 13564 E ArmVmp : Match on catch block at 0xc3 in for 0xa5
03-29 11:27:37.682 13564 13564 E ArmVmp : Match on catch block at 0xc3 in for 0xa1
03-29 11:27:37.694 13564 13564 E ArmVmp : Match on catch block at 0xc3 in for 0xa5
03-29 11:27:37.717 13564 13564 E ArmVmp : Match on catch block at 0xc3 in for 0xa1
03-29 11:27:37.726 13564 13564 E ArmVmp : Match on catch block at 0xc3 in for 0xa5
03-29 11:27:37.740 13564 13564 E Parcel : Reading a NULL string not supported here.
03-29 11:27:37.767 13564 13564 E ArmVmp : Match on catch block at 0xc3 in for 0xa5
03-29 11:27:37.772 13564 13564 E ArmVmp : Match on catch block at 0xc3 in for 0xa9
03-29 11:27:37.800 13564 13564 E ArmVmp : Match on catch block at 0xc3 in for 0xa9
03-29 11:27:37.804 13564 13564 E ArmVmp : Match on catch block at 0xc3 in for 0xa1
03-29 11:27:37.810 13564 19259 E libEGL : Invalid file path for libcolorx- loader.so
03-29 11:27:37.892 13564 13564 E ArmVmp : Match on catch block at 0xc3 in for 0xa1
03-29 11:27:37.895 13564 13564 E ArmVmp : Match on catch block at 0xc3 in for 0xa5
03-29 11:27:37.984 13564 13564 E ArmVmp : Match on catch block at 0xc3 in for 0xa1
03-29 11:27:37.987 13564 13564 E ArmVmp : Match on catch block at 0xc3 in for 0xa5
03-29 11:27:38.067 13564 13564 E ArmVmp : Match on catch block at 0xc3 in for 0xa9
03-29 11:27:38.070 13564 13564 E ArmVmp : Match on catch block at 0xc3 in for 0xa1
03-29 11:27:38.300 13564 13564 W AudioManager: Use of stream types is deprecated for operations other than volume control
03-29 11:27:38.300 13564 13564 W AudioManager: See the documentation of requestAudioFocus() for what to use instead with android.media.AudioAttributes to qualify your playback use case
03-29 11:27:38.311 13564 19272 E Parcel : Reading a NULL string not supported here.
03-29 11:27:38.335 13564 19275 E OplusACodec: [GetVideoCodingTypeFromMime:L726] mime:video/avc
03-29 11:27:38.372 13564 19284 W Codec2Client: query -- param skipped: index = 1107298332.
03-29 11:27:38.372 13564 19284 W CCodec : This behavior is subject to change. It is recommended that app developers double check whether the requested max input size is in reasonable range.
03-29 11:27:38.373 13564 19284 W Codec2Client: query -- param skipped: index = 1342179345.
03-29 11:27:38.373 13564 19284 W Codec2Client: query -- param skipped: index = 2415921170.
03-29 11:27:38.373 13564 19284 W Codec2Client: query -- param skipped: index = 1610614798.
03-29 11:27:38.373 13564 19284 E FMQ : grantorIdx must be less than 3
03-29 11:27:38.374 13564 19284 E FMQ : grantorIdx must be less than 3
03-29 11:27:38.378 13564 19284 E FMQ : grantorIdx must be less than 3
03-29 11:27:38.390 13564 13969 E FMQ : grantorIdx must be less than 3
03-29 11:27:38.495 13564 13564 E ArmVmp : Match on catch block at 0xc3 in for 0xa9
03-29 11:27:38.500 13564 13564 E ArmVmp : Match on catch block at 0xc3 in for 0xa1
03-29 11:27:38.532 13564 13564 E ArmVmp : Match on catch block at 0xc3 in for 0xa1
03-29 11:27:38.539 13564 13564 E ArmVmp : Match on catch block at 0xc3 in for 0xa5
03-29 11:27:38.547 13564 13564 E ArmVmp : Match on catch block at 0xc3 in for 0xa5
03-29 11:27:38.552 13564 13564 E ArmVmp : Match on catch block at 0xc3 in for 0xa9
03-29 11:27:38.561 13564 13564 E ArmVmp : Match on catch block at 0xc3 in for 0xa9
03-29 11:27:38.566 13564 13564 E ArmVmp : Match on catch block at 0xc3 in for 0xa1
03-29 11:27:38.573 13564 13564 E ArmVmp : Match on catch block at 0xc3 in for 0xa1
03-29 11:27:38.577 13564 13564 E ArmVmp : Match on catch block at 0xc3 in for 0xa5
03-29 11:27:38.585 13564 13564 E ArmVmp : Match on catch block at 0xc3 in for 0xa5
03-29 11:27:38.589 13564 13564 E ArmVmp : Match on catch block at 0xc3 in for 0xa9
03-29 11:27:38.602 13564 13564 E ArmVmp : Match on catch block at 0xc3 in for 0xa9
03-29 11:27:38.606 13564 13564 E ArmVmp : Match on catch block at 0xc3 in for 0xa1
03-29 11:27:38.619 13564 13564 E ArmVmp : Match on catch block at 0xc3 in for 0xa1
03-29 11:27:38.623 13564 13564 E ArmVmp : Match on catch block at 0xc3 in for 0xa5
03-29 11:27:38.640 13564 13564 E ArmVmp : Match on catch block at 0xc3 in for 0xa5
03-29 11:27:38.644 13564 13564 E ArmVmp : Match on catch block at 0xc3 in for 0xa9
03-29 11:27:38.654 13564 19272 W AudioTrack: getTimestamp_l(3302): retrograde timestamp time corrected, 223089649480676 < 223089932774270
03-29 11:27:38.658 13564 13564 E ArmVmp : Match on catch block at 0xc3 in for 0xa9
03-29 11:27:38.663 13564 13564 E ArmVmp : Match on catch block at 0xc3 in for 0xa1
03-29 11:27:38.676 13564 13564 E ArmVmp : Match on catch block at 0xc3 in for 0xa1
03-29 11:27:38.681 13564 13564 E ArmVmp : Match on catch block at 0xc3 in for 0xa5
03-29 11:27:38.691 13564 13564 E ArmVmp : Match on catch block at 0xc3 in for 0xa5
03-29 11:27:38.696 13564 13564 E ArmVmp : Match on catch block at 0xc3 in for 0xa9
03-29 11:27:38.706 13564 13564 E ArmVmp : Match on catch block at 0xc3 in for 0xa9
03-29 11:27:38.711 13564 13564 E ArmVmp : Match on catch block at 0xc3 in for 0xa1
03-29 11:27:38.722 13564 13564 E ArmVmp : Match on catch block at 0xc3 in for 0xa1
03-29 11:27:38.727 13564 13564 E ArmVmp : Match on catch block at 0xc3 in for 0xa5
03-29 11:27:38.740 13564 13564 E ArmVmp : Match on catch block at 0xc3 in for 0xa5
03-29 11:27:38.744 13564 13564 E ArmVmp : Match on catch block at 0xc3 in for 0xa9
03-29 11:27:38.755 13564 13564 E ArmVmp : Match on catch block at 0xc3 in for 0xa9
03-29 11:27:38.759 13564 13564 E ArmVmp : Match on catch block at 0xc3 in for 0xa1
03-29 11:27:38.773 13564 13564 E ArmVmp : Match on catch block at 0xc3 in for 0xa1
03-29 11:27:38.777 13564 13564 E ArmVmp : Match on catch block at 0xc3 in for 0xa5
03-29 11:27:38.788 13564 13564 E ArmVmp : Match on catch block at 0xc3 in for 0xa5
03-29 11:27:38.792 13564 13564 E ArmVmp : Match on catch block at 0xc3 in for 0xa9
03-29 11:27:38.804 13564 13564 E ArmVmp : Match on catch block at 0xc3 in for 0xa9
03-29 11:27:38.808 13564 13564 E ArmVmp : Match on catch block at 0xc3 in for 0xa1
03-29 11:27:39.024 13564 13564 E ArmVmp : Match on catch block at 0xc3 in for 0xa1
03-29 11:27:39.028 13564 13564 E ArmVmp : Match on catch block at 0xc3 in for 0xa5
03-29 11:27:39.913 13564 13564 E ArmVmp : Match on catch block at 0xc3 in for 0xa5
03-29 11:27:39.917 13564 13564 E ArmVmp : Match on catch block at 0xc3 in for 0xa9
03-29 11:27:39.927 13564 13564 E ArmVmp : Match on catch block at 0xc3 in for 0xa9
03-29 11:27:39.931 13564 13564 E ArmVmp : Match on catch block at 0xc3 in for 0xa1
03-29 11:27:39.942 13564 13564 E ArmVmp : Match on catch block at 0xc3 in for 0xa1
03-29 11:27:39.946 13564 13564 E ArmVmp : Match on catch block at 0xc3 in for 0xa5
03-29 11:27:39.956 13564 13564 E ArmVmp : Match on catch block at 0xc3 in for 0xa5
03-29 11:27:39.961 13564 13564 E ArmVmp : Match on catch block at 0xc3 in for 0xa9
03-29 11:27:39.975 13564 13564 E ArmVmp : Match on catch block at 0xc3 in for 0xa9
03-29 11:27:39.979 13564 13564 E ArmVmp : Match on catch block at 0xc3 in for 0xa1
03-29 11:27:39.990 13564 13564 E ArmVmp : Match on catch block at 0xc3 in for 0xa1
03-29 11:27:39.993 13564 13564 E ArmVmp : Match on catch block at 0xc3 in for 0xa5
03-29 11:27:40.007 13564 13564 E ArmVmp : Match on catch block at 0xc3 in for 0xa5
03-29 11:27:40.011 13564 13564 E ArmVmp : Match on catch block at 0xc3 in for 0xa9
03-29 11:27:40.030 13564 13564 E ArmVmp : Match on catch block at 0xc3 in for 0xa9
03-29 11:27:40.036 13564 13564 E ArmVmp : Match on catch block at 0xc3 in for 0xa1
03-29 11:27:40.044 13564 13564 E ArmVmp : Match on catch block at 0xc3 in for 0xa1
03-29 11:27:40.048 13564 13564 E ArmVmp : Match on catch block at 0xc3 in for 0xa5
03-29 11:27:40.059 13564 13564 E ArmVmp : Match on catch block at 0xc3 in for 0xa5
03-29 11:27:40.064 13564 13564 E ArmVmp : Match on catch block at 0xc3 in for 0xa9
03-29 11:27:40.073 13564 13564 E ArmVmp : Match on catch block at 0xc3 in for 0xa9
03-29 11:27:40.077 13564 13564 E ArmVmp : Match on catch block at 0xc3 in for 0xa1
03-29 11:27:40.093 13564 13564 E ArmVmp : Match on catch block at 0xc3 in for 0xa1
03-29 11:27:40.097 13564 13564 E ArmVmp : Match on catch block at 0xc3 in for 0xa5
03-29 11:27:40.109 13564 13564 E ArmVmp : Match on catch block at 0xc3 in for 0xa5
03-29 11:27:40.113 13564 13564 E ArmVmp : Match on catch block at 0xc3 in for 0xa9
03-29 11:27:40.126 13564 13564 E ArmVmp : Match on catch block at 0xc3 in for 0xa9
03-29 11:27:40.130 13564 13564 E ArmVmp : Match on catch block at 0xc3 in for 0xa1
03-29 11:27:40.141 13564 13564 E ArmVmp : Match on catch block at 0xc3 in for 0xa1
03-29 11:27:40.146 13564 13564 E ArmVmp : Match on catch block at 0xc3 in for 0xa5
03-29 11:27:40.157 13564 13564 E ArmVmp : Match on catch block at 0xc3 in for 0xa5
03-29 11:27:40.161 13564 13564 E ArmVmp : Match on catch block at 0xc3 in for 0xa9
03-29 11:27:40.173 13564 13564 E ArmVmp : Match on catch block at 0xc3 in for 0xa9
03-29 11:27:40.177 13564 13564 E ArmVmp : Match on catch block at 0xc3 in for 0xa1
03-29 11:27:40.192 13564 13564 E ArmVmp : Match on catch block at 0xc3 in for 0xa1
03-29 11:27:40.196 13564 13564 E ArmVmp : Match on catch block at 0xc3 in for 0xa5
03-29 11:27:40.524 13564 13564 E ArmVmp : Match on catch block at 0xc3 in for 0xa5
03-29 11:27:40.528 13564 13564 E ArmVmp : Match on catch block at 0xc3 in for 0xa9
03-29 11:27:40.542 13564 13564 E ArmVmp : Match on catch block at 0xc3 in for 0xa9
03-29 11:27:40.546 13564 13564 E ArmVmp : Match on catch block at 0xc3 in for 0xa1
03-29 11:27:40.558 13564 13564 E ArmVmp : Match on catch block at 0xc3 in for 0xa1
03-29 11:27:40.562 13564 13564 E ArmVmp : Match on catch block at 0xc3 in for 0xa5
03-29 11:27:40.588 13564 13564 E ArmVmp : Match on catch block at 0xc3 in for 0xa5
03-29 11:27:40.592 13564 13564 E ArmVmp : Match on catch block at 0xc3 in for 0xa9
03-29 11:27:40.624 13564 13564 E ArmVmp : Match on catch block at 0xc3 in for 0xa9
03-29 11:27:40.628 13564 13564 E ArmVmp : Match on catch block at 0xc3 in for 0xa1
03-29 11:27:40.641 13564 13564 E ArmVmp : Match on catch block at 0xc3 in for 0xa1
03-29 11:27:40.645 13564 13564 E ArmVmp : Match on catch block at 0xc3 in for 0xa5
03-29 11:27:42.658 13564 17396 E Parcel : Reading a NULL string not supported here.
03-29 11:27:42.909 13564 13564 E ArmVmp : Match on catch block at 0xc3 in for 0xa1
03-29 11:27:42.919 13564 13564 E ArmVmp : Match on catch block at 0xc3 in for 0xa5
03-29 11:27:42.944 13564 13564 E ArmVmp : Match on catch block at 0xc3 in for 0xa5
03-29 11:27:42.951 13564 13564 E ArmVmp : Match on catch block at 0xc3 in for 0xa9
03-29 11:27:42.965 13564 13564 E ArmVmp : Match on catch block at 0xc3 in for 0xa9
03-29 11:27:42.971 13564 13564 E ArmVmp : Match on catch block at 0xc3 in for 0xa1
03-29 11:27:42.984 13564 13564 E ArmVmp : Match on catch block at 0xc3 in for 0xa1
03-29 11:27:42.990 13564 13564 E ArmVmp : Match on catch block at 0xc3 in for 0xa5
03-29 11:27:42.998 13564 13564 E ArmVmp : Match on catch block at 0xc3 in for 0xa5
03-29 11:27:43.003 13564 13564 E ArmVmp : Match on catch block at 0xc3 in for 0xa9
03-29 11:27:43.015 13564 13564 E ArmVmp : Match on catch block at 0xc3 in for 0xa9
03-29 11:27:43.020 13564 13564 E ArmVmp : Match on catch block at 0xc3 in for 0xa1
03-29 11:27:43.034 13564 13564 E ArmVmp : Match on catch block at 0xc3 in for 0xa1
03-29 11:27:43.038 13564 13564 E ArmVmp : Match on catch block at 0xc3 in for 0xa5
03-29 11:27:43.050 13564 13564 E ArmVmp : Match on catch block at 0xc3 in for 0xa5
03-29 11:27:43.054 13564 13564 E ArmVmp : Match on catch block at 0xc3 in for 0xa9
03-29 11:27:43.068 13564 13564 E ArmVmp : Match on catch block at 0xc3 in for 0xa9
03-29 11:27:43.073 13564 13564 E ArmVmp : Match on catch block at 0xc3 in for 0xa1
03-29 11:27:43.084 13564 13564 E ArmVmp : Match on catch block at 0xc3 in for 0xa1
03-29 11:27:43.089 13564 13564 E ArmVmp : Match on catch block at 0xc3 in for 0xa5
03-29 11:27:43.100 13564 13564 E ArmVmp : Match on catch block at 0xc3 in for 0xa5
03-29 11:27:43.105 13564 13564 E ArmVmp : Match on catch block at 0xc3 in for 0xa9
03-29 11:27:43.118 13564 13564 E ArmVmp : Match on catch block at 0xc3 in for 0xa9
03-29 11:27:43.123 13564 13564 E ArmVmp : Match on catch block at 0xc3 in for 0xa1
03-29 11:27:43.135 13564 13564 E ArmVmp : Match on catch block at 0xc3 in for 0xa1
03-29 11:27:43.140 13564 13564 E ArmVmp : Match on catch block at 0xc3 in for 0xa5
03-29 11:27:43.153 13564 13564 E ArmVmp : Match on catch block at 0xc3 in for 0xa5
03-29 11:27:43.157 13564 13564 E ArmVmp : Match on catch block at 0xc3 in for 0xa9
03-29 11:27:43.162 13564 13564 E ArmVmp : Match on catch block at 0xc3 in for 0xa9
03-29 11:27:43.168 13564 13564 E ArmVmp : Match on catch block at 0xc3 in for 0xa1
03-29 11:27:43.181 13564 13564 E ArmVmp : Match on catch block at 0xc3 in for 0xa1
03-29 11:27:43.188 13564 13564 E ArmVmp : Match on catch block at 0xc3 in for 0xa5
03-29 11:27:43.196 13564 13564 E ArmVmp : Match on catch block at 0xc3 in for 0xa5
03-29 11:27:43.202 13564 13564 E ArmVmp : Match on catch block at 0xc3 in for 0xa9
03-29 11:27:43.215 13564 13564 E ArmVmp : Match on catch block at 0xc3 in for 0xa9
03-29 11:27:43.219 13564 13564 E ArmVmp : Match on catch block at 0xc3 in for 0xa1
03-29 11:27:43.773 13564 13564 E ArmVmp : Match on catch block at 0xc3 in for 0xa1
03-29 11:27:43.777 13564 13564 E ArmVmp : Match on catch block at 0xc3 in for 0xa5
03-29 11:27:43.790 13564 13564 E ArmVmp : Match on catch block at 0xc3 in for 0xa5
03-29 11:27:43.794 13564 13564 E ArmVmp : Match on catch block at 0xc3 in for 0xa9
03-29 11:27:43.809 13564 13564 E ArmVmp : Match on catch block at 0xc3 in for 0xa9
03-29 11:27:43.815 13564 13564 E ArmVmp : Match on catch block at 0xc3 in for 0xa1
03-29 11:27:43.827 13564 13564 E ArmVmp : Match on catch block at 0xc3 in for 0xa1
03-29 11:27:43.832 13564 13564 E ArmVmp : Match on catch block at 0xc3 in for 0xa5
03-29 11:27:43.846 13564 13564 E ArmVmp : Match on catch block at 0xc3 in for 0xa5
03-29 11:27:43.855 13564 13564 E ArmVmp : Match on catch block at 0xc3 in for 0xa9
03-29 11:27:43.866 13564 13564 E ArmVmp : Match on catch block at 0xc3 in for 0xa9
03-29 11:27:43.874 13564 13564 E ArmVmp : Match on catch block at 0xc3 in for 0xa1
03-29 11:27:43.886 13564 13564 E ArmVmp : Match on catch block at 0xc3 in for 0xa1
03-29 11:27:43.891 13564 13564 E ArmVmp : Match on catch block at 0xc3 in for 0xa5
03-29 11:27:43.900 13564 13564 E ArmVmp : Match on catch block at 0xc3 in for 0xa5
03-29 11:27:43.906 13564 13564 E ArmVmp : Match on catch block at 0xc3 in for 0xa9
03-29 11:27:43.923 13564 13564 E ArmVmp : Match on catch block at 0xc3 in for 0xa9
03-29 11:27:43.927 13564 13564 E ArmVmp : Match on catch block at 0xc3 in for 0xa1
03-29 11:27:43.944 13564 13564 E ArmVmp : Match on catch block at 0xc3 in for 0xa1
03-29 11:27:43.949 13564 13564 E ArmVmp : Match on catch block at 0xc3 in for 0xa5
03-29 11:27:43.959 13564 13564 E ArmVmp : Match on catch block at 0xc3 in for 0xa5
03-29 11:27:43.964 13564 13564 E ArmVmp : Match on catch block at 0xc3 in for 0xa9
03-29 11:27:43.973 13564 13564 E ArmVmp : Match on catch block at 0xc3 in for 0xa9
03-29 11:27:43.977 13564 13564 E ArmVmp : Match on catch block at 0xc3 in for 0xa1
03-29 11:27:43.987 13564 13564 E ArmVmp : Match on catch block at 0xc3 in for 0xa1
03-29 11:27:43.991 13564 13564 E ArmVmp : Match on catch block at 0xc3 in for 0xa5
03-29 11:27:44.003 13564 13564 E ArmVmp : Match on catch block at 0xc3 in for 0xa5
03-29 11:27:44.008 13564 13564 E ArmVmp : Match on catch block at 0xc3 in for 0xa9
03-29 11:27:44.019 13564 13564 E ArmVmp : Match on catch block at 0xc3 in for 0xa9
03-29 11:27:44.024 13564 13564 E ArmVmp : Match on catch block at 0xc3 in for 0xa1
03-29 11:27:44.035 13564 13564 E ArmVmp : Match on catch block at 0xc3 in for 0xa1
03-29 11:27:44.039 13564 13564 E ArmVmp : Match on catch block at 0xc3 in for 0xa5
03-29 11:27:44.053 13564 13564 E ArmVmp : Match on catch block at 0xc3 in for 0xa5
03-29 11:27:44.058 13564 13564 E ArmVmp : Match on catch block at 0xc3 in for 0xa9
03-29 11:27:44.226 13564 13564 E ArmVmp : Match on catch block at 0xc3 in for 0xa1
03-29 11:27:44.231 13564 13564 E ArmVmp : Match on catch block at 0xc3 in for 0xa5
03-29 11:27:44.238 13564 13564 E ArmVmp : Match on catch block at 0xc3 in for 0xa5
03-29 11:27:44.242 13564 13564 E ArmVmp : Match on catch block at 0xc3 in for 0xa9
03-29 11:27:44.516 13564 13564 E ArmVmp : Match on catch block at 0xc3 in for 0xa5
03-29 11:27:44.520 13564 13564 E ArmVmp : Match on catch block at 0xc3 in for 0xa9
03-29 11:27:44.537 13564 13564 E ArmVmp : Match on catch block at 0xc3 in for 0xa1
03-29 11:27:44.542 13564 13564 E ArmVmp : Match on catch block at 0xc3 in for 0xa5
03-29 11:27:44.558 13564 13564 E ArmVmp : Match on catch block at 0xc3 in for 0xa5
03-29 11:27:44.562 13564 13564 E ArmVmp : Match on catch block at 0xc3 in for 0xa9
03-29 11:27:44.666 13564 19284 W Codec2Client: query -- param skipped: index = 1342179345.
03-29 11:27:44.666 13564 19284 W Codec2Client: query -- param skipped: index = 2415921170.
03-29 11:27:44.666 13564 19284 W Codec2Client: query -- param skipped: index = 1610614798.
03-29 11:27:44.722 13564 13564 E ArmVmp : Match on catch block at 0xc3 in for 0xa9
03-29 11:27:44.726 13564 13564 E ArmVmp : Match on catch block at 0xc3 in for 0xa1
03-29 11:27:44.760 13564 13564 E ArmVmp : Match on catch block at 0xc3 in for 0xa5
03-29 11:27:44.766 13564 13564 E ArmVmp : Match on catch block at 0xc3 in for 0xa9
03-29 11:27:45.082 13564 13564 E ArmVmp : Match on catch block at 0xc3 in for 0xa9
03-29 11:27:45.087 13564 13564 E ArmVmp : Match on catch block at 0xc3 in for 0xa1
03-29 11:27:45.108 13564 13564 E ArmVmp : Match on catch block at 0xc3 in for 0xa9
03-29 11:27:45.112 13564 13564 E ArmVmp : Match on catch block at 0xc3 in for 0xa1
03-29 11:27:45.458 13564 13564 E ArmVmp : Match on catch block at 0xc3 in for 0xa9
03-29 11:27:45.466 13564 13564 E ArmVmp : Match on catch block at 0xc3 in for 0xa1
03-29 11:27:45.484 13564 13564 E ArmVmp : Match on catch block at 0xc3 in for 0xa9
03-29 11:27:45.488 13564 13564 E ArmVmp : Match on catch block at 0xc3 in for 0xa1
03-29 11:27:45.625 13564 13622 E SQLiteDatabase: Error inserting transferred=1 media_job_uuid=30c3e17e-71ad-42b7-9479-1424c823282c transcoded=0 gif_attribution=0 first_scan_length=0 direct_path=/m1/v/t24/An_M0KO0YYD_lhAdhY0kdBQhfTNhykoCtC9nZDT2ymDcIWdJy- ggxrl_LXPKSiFBwnZ2H0uxTVJIMnlNNmKBRu4IxbJqSzhikBIwWf-Aj2SYLbzq-E95zTvfVNEWltKyH3El? ccb=10- 5&oh=01_AdTYYuejdn4di2K6ihHOFdiY5BdaFWwvY1dPEFvN6x4s1A&oe=6620A5F6&_nc_sid=5e03e0 thumbnail_height_width_ratio=1.3333334 is_animated_sticker=0 file_hash=z7WJEnRTUgtursubmK6dLbF7IdG/igsvmBaIsxs/q4U= file_path=Media/MBWhatsApp Video/VID-20240329-WA0005 file_size=2210892 partial_media_hash=null face_x=0 face_y=0 height=768 trim_to=0 media_key_timestamp=0 message_url=null media_caption=null trim_from=0 mime_type=video/mp4 partial_media_enc_hash=null width=576 original_file_hash=null has_streaming_sidecar=0 autotransfer_retry_enabled=1 media_upload_handle=null message_row_id=110 multicast_id=null enc_file_hash=null mute_video=0 page_count=0 first_scan_sidecar=null suspicious_content=0 file_length=2210892 media_name=null media_duration=15 chat_row_id=32 media_key=null
03-29 11:27:45.625 13564 13622 E SQLiteDatabase: android.database.sqlite.SQLiteConstraintException: UNIQUE constraint failed: message_media.message_row_id (code 1555 SQLITE_CONSTRAINT_PRIMARYKEY)
03-29 11:27:45.625 13564 13622 E SQLiteDatabase: at android.database.sqlite.SQLiteConnection.nativeExecuteForLastInsertedRowId(Native Method)
03-29 11:27:45.625 13564 13622 E SQLiteDatabase: at android.database.sqlite.SQLiteConnection.executeForLastInsertedRowId(SQLiteConnecti on.java:948)
03-29 11:27:45.625 13564 13622 E SQLiteDatabase: at android.database.sqlite.SQLiteSession.executeForLastInsertedRowId(SQLiteSession.jav a:790)
03-29 11:27:45.625 13564 13622 E SQLiteDatabase: at android.database.sqlite.SQLiteStatement.executeInsert(SQLiteStatement.java:88)
03-29 11:27:45.625 13564 13622 E SQLiteDatabase: at android.database.sqlite.SQLiteDatabase.insertWithOnConflict(SQLiteDatabase.java:171 2)
03-29 11:27:45.625 13564 13622 E SQLiteDatabase: at android.database.sqlite.SQLiteDatabase.insert(SQLiteDatabase.java:1581)
03-29 11:27:45.625 13564 13622 E SQLiteDatabase: at X.2tm.A08(Unknown Source:6)
03-29 11:27:45.625 13564 13622 E SQLiteDatabase: at X.35Y.A07(Unknown Source:212)
03-29 11:27:45.625 13564 13622 E SQLiteDatabase: at X.3QF.A14(Unknown Source:470)
03-29 11:27:45.625 13564 13622 E SQLiteDatabase: at X.31e.A03(Unknown Source:174)
03-29 11:27:45.625 13564 13622 E SQLiteDatabase: at X.3g7.run(Unknown Source:1017)
03-29 11:27:45.625 13564 13622 E SQLiteDatabase: at android.os.Handler.handleCallback(Handler.java:938)
03-29 11:27:45.625 13564 13622 E SQLiteDatabase: at android.os.Handler.dispatchMessage(Handler.java:99)
03-29 11:27:45.625 13564 13622 E SQLiteDatabase: at X.0zq.dispatchMessage(Unknown Source:4)
03-29 11:27:45.625 13564 13622 E SQLiteDatabase: at android.os.Looper.loop(Looper.java:263)
03-29 11:27:45.625 13564 13622 E SQLiteDatabase: at android.os.HandlerThread.run(HandlerThread.java:67)
03-29 11:27:45.678 13564 13564 E ArmVmp : Match on catch block at 0xc3 in for 0xa1
03-29 11:27:45.682 13564 13564 E ArmVmp : Match on catch block at 0xc3 in for 0xa5
03-29 11:27:46.932 13564 13564 E Parcel : Reading a NULL string not supported here.
03-29 11:27:46.993 13564 19351 E libEGL : Invalid file path for libcolorx- loader.so
03-29 11:27:47.060 13564 13564 W TabLayout: MODE_SCROLLABLE + GRAVITY_FILL is not supported, GRAVITY_START will be used instead
03-29 11:27:47.074 13564 13564 E Parcel : Reading a NULL string not supported here.
03-29 11:27:47.076 13564 13564 E Parcel : Reading a NULL string not supported here.
03-29 11:27:47.076 13564 13564 E Parcel : Reading a NULL string not supported here.
03-29 11:27:47.080 13564 13564 W BottomSheetBehavior: BottomSheetBehavior now supports multiple callbacks. `setBottomSheetCallback()` removes all existing callbacks, including ones set internally by library authors, which may result in unintended behavior. This may change in the future. Please use `addBottomSheetCallback()` and `removeBottomSheetCallback()` instead to set your own callbacks.
03-29 11:27:47.082 13564 13564 E Parcel : Reading a NULL string not supported here.
03-29 11:27:47.086 13564 13632 E Parcel : Reading a NULL string not supported here.
03-29 11:27:47.088 13564 13808 E libc : Access denied finding property "persist.vendor.camera.privapp.list"
03-29 11:27:47.082 13564 13564 W Optic-Camera-Ha: type=1400 audit(0.0:1330348): avc: denied { read } for name="u:object_r:vendor_persist_camera_prop:s0" dev="tmpfs" ino=1290 scontext=u:r:untrusted_app:s0:c223,c257,c512,c768 tcontext=u:object_r:vendor_persist_camera_prop:s0 tclass=file permissive=0 app=com.mbwhatsapp
03-29 11:27:47.097 13564 16940 E libc : Access denied finding property "vendor.camera.aux.packagelist"
03-29 11:27:47.097 13564 16940 E CameraManagerGlobal: Camera 5 is not available. Ignore physical camera status change
03-29 11:27:47.097 13564 16940 E CameraManagerGlobal: Camera 6 is not available. Ignore physical camera status change
03-29 11:27:47.097 13564 16940 E CameraManagerGlobal: Camera 7 is not available. Ignore physical camera status change
03-29 11:27:47.098 13564 16940 E libc : Access denied finding property "vendor.camera.aux.packagelist"
03-29 11:27:47.090 13564 13564 W Binder:13564_8: type=1400 audit(0.0:1330350): avc: denied { read } for name="u:object_r:vendor_persist_camera_prop:s0" dev="tmpfs" ino=1290 scontext=u:r:untrusted_app:s0:c223,c257,c512,c768 tcontext=u:object_r:vendor_persist_camera_prop:s0 tclass=file permissive=0 app=com.mbwhatsapp
03-29 11:27:47.094 13564 13564 W Binder:13564_8: type=1400 audit(0.0:1330352): avc: denied { read } for name="u:object_r:vendor_persist_camera_prop:s0" dev="tmpfs" ino=1290 scontext=u:r:untrusted_app:s0:c223,c257,c512,c768 tcontext=u:object_r:vendor_persist_camera_prop:s0 tclass=file permissive=0 app=com.mbwhatsapp
03-29 11:27:47.177 13564 13772 E Parcel : Reading a NULL string not supported here.
03-29 11:27:47.207 13564 13772 E Parcel : Reading a NULL string not supported here.
03-29 11:27:47.216 13564 16910 E Parcel : Reading a NULL string not supported here.
03-29 11:27:47.220 13564 13772 E Parcel : Reading a NULL string not supported here.
03-29 11:27:47.233 13564 13772 E Parcel : Reading a NULL string not supported here.
03-29 11:27:47.243 13564 13772 E Parcel : Reading a NULL string not supported here.
03-29 11:27:47.263 13564 13807 E libEGL : Invalid file path for libcolorx- loader.so
03-29 11:27:47.268 13564 13772 E Parcel : Reading a NULL string not supported here.
03-29 11:27:47.282 13564 13772 E Parcel : Reading a NULL string not supported here.
