03-29 13:08:15.986 8230 8230 W BottomSheetBehavior: BottomSheetBehavior now supports multiple callbacks. `setBottomSheetCallback()` removes all existing callbacks, including ones set internally by library authors, which may result in unintended behavior. This may change in the future. Please use `addBottomSheetCallback()` and `removeBottomSheetCallback()` instead to set your own callbacks.
03-29 13:08:16.051 8230 9457 E Parcel : Reading a NULL string not supported here.
03-29 13:08:16.082 8230 9465 E OplusACodec: [GetVideoCodingTypeFromMime:L726] mime:video/avc
03-29 13:08:16.137 8230 9473 W Codec2Client: query -- param skipped: index = 1107298332.
03-29 13:08:16.137 8230 9473 W CCodec : This behavior is subject to change. It is recommended that app developers double check whether the requested max input size is in reasonable range.
03-29 13:08:16.139 8230 9473 W Codec2Client: query -- param skipped: index = 1342179345.
03-29 13:08:16.139 8230 9473 W Codec2Client: query -- param skipped: index = 2415921170.
03-29 13:08:16.139 8230 9473 W Codec2Client: query -- param skipped: index = 1610614798.
03-29 13:08:16.139 8230 9473 E FMQ : grantorIdx must be less than 3
03-29 13:08:16.139 8230 9473 E FMQ : grantorIdx must be less than 3
03-29 13:08:16.142 8230 9473 E FMQ : grantorIdx must be less than 3
03-29 13:08:16.147 8230 9135 E FMQ : grantorIdx must be less than 3
03-29 13:08:21.870 8230 9473 W Codec2Client: query -- param skipped: index = 1342179345.
03-29 13:08:21.870 8230 9473 W Codec2Client: query -- param skipped: index = 2415921170.
03-29 13:08:21.870 8230 9473 W Codec2Client: query -- param skipped: index = 1610614798.
03-29 13:08:21.943 8230 9511 E OplusACodec: [GetVideoCodingTypeFromMime:L726] mime:video/avc
03-29 13:08:21.987 8230 9515 W Codec2Client: query -- param skipped: index = 1107298332.
03-29 13:08:21.987 8230 9515 W CCodec : This behavior is subject to change. It is recommended that app developers double check whether the requested max input size is in reasonable range.
03-29 13:08:21.989 8230 9515 W Codec2Client: query -- param skipped: index = 1342179345.
03-29 13:08:21.989 8230 9515 W Codec2Client: query -- param skipped: index = 2415921170.
03-29 13:08:21.989 8230 9515 W Codec2Client: query -- param skipped: index = 1610614798.
03-29 13:08:21.990 8230 9515 E FMQ : grantorIdx must be less than 3
03-29 13:08:21.990 8230 9515 E FMQ : grantorIdx must be less than 3
03-29 13:08:21.993 8230 9515 E FMQ : grantorIdx must be less than 3
03-29 13:08:22.003 8230 9135 E FMQ : grantorIdx must be less than 3
03-29 13:08:23.118 8230 9515 W Codec2Client: query -- param skipped: index = 1342179345.
03-29 13:08:23.118 8230 9515 W Codec2Client: query -- param skipped: index = 2415921170.
03-29 13:08:23.118 8230 9515 W Codec2Client: query -- param skipped: index = 1610614798.
03-29 13:08:23.156 8230 9457 E Parcel : Reading a NULL string not supported here.
03-29 13:08:23.184 8230 9525 E OplusACodec: [GetVideoCodingTypeFromMime:L726] mime:video/avc
03-29 13:08:23.229 8230 9529 W Codec2Client: query -- param skipped: index = 1107298332.
03-29 13:08:23.229 8230 9529 W CCodec : This behavior is subject to change. It is recommended that app developers double check whether the requested max input size is in reasonable range.
03-29 13:08:23.230 8230 9529 W Codec2Client: query -- param skipped: index = 1342179345.
03-29 13:08:23.230 8230 9529 W Codec2Client: query -- param skipped: index = 2415921170.
03-29 13:08:23.230 8230 9529 W Codec2Client: query -- param skipped: index = 1610614798.
03-29 13:08:23.231 8230 9529 E FMQ : grantorIdx must be less than 3
03-29 13:08:23.231 8230 9529 E FMQ : grantorIdx must be less than 3
03-29 13:08:23.234 8230 9529 E FMQ : grantorIdx must be less than 3
03-29 13:08:23.242 8230 9135 E FMQ : grantorIdx must be less than 3
03-29 13:08:23.835 8230 9529 W Codec2Client: query -- param skipped: index = 1342179345.
03-29 13:08:23.835 8230 9529 W Codec2Client: query -- param skipped: index = 2415921170.
03-29 13:08:23.835 8230 9529 W Codec2Client: query -- param skipped: index = 1610614798.
03-29 13:08:23.903 8230 9537 E OplusACodec: [GetVideoCodingTypeFromMime:L726] mime:video/avc
03-29 13:08:23.944 8230 9541 W Codec2Client: query -- param skipped: index = 1107298332.
03-29 13:08:23.944 8230 9541 W CCodec : This behavior is subject to change. It is recommended that app developers double check whether the requested max input size is in reasonable range.
03-29 13:08:23.946 8230 9541 W Codec2Client: query -- param skipped: index = 1342179345.
03-29 13:08:23.946 8230 9541 W Codec2Client: query -- param skipped: index = 2415921170.
03-29 13:08:23.946 8230 9541 W Codec2Client: query -- param skipped: index = 1610614798.
03-29 13:08:23.947 8230 9541 E FMQ : grantorIdx must be less than 3
03-29 13:08:23.947 8230 9541 E FMQ : grantorIdx must be less than 3
03-29 13:08:23.949 8230 9541 E FMQ : grantorIdx must be less than 3
03-29 13:08:23.957 8230 9135 E FMQ : grantorIdx must be less than 3
03-29 13:08:24.102 8230 9457 W AudioTrack: getTimestamp_l(3521): retrograde timestamp time corrected, 228472363921800 < 228472384218102
03-29 13:08:26.546 8230 9541 W Codec2Client: query -- param skipped: index = 1342179345.
03-29 13:08:26.547 8230 9541 W Codec2Client: query -- param skipped: index = 2415921170.
03-29 13:08:26.547 8230 9541 W Codec2Client: query -- param skipped: index = 1610614798. --------- beginning of main
03-29 13:08:30.826 9586 9586 E com.mbwhatsapp: Unknown bits set in runtime_flags: 0x40000000
03-29 13:08:30.836 9586 9586 E com.mbwhatsapp: Not starting debugger since process cannot load the jdwp agent.
03-29 13:08:30.853 9586 9586 E RefClass: java.lang.reflect.InvocationTargetException
03-29 13:08:30.983 9586 9586 E Perf : perftest packageName : com.mbwhatsapp App is allowed to use Hide APIs
03-29 13:08:31.590 9586 9586 W System.err: java.lang.ClassNotFoundException: mbmodsd.mbmodsw.ui.views.btn.BtnBK
03-29 13:08:31.590 9586 9586 W System.err: at java.lang.Runtime.nativeLoad(Native Method)
03-29 13:08:31.590 9586 9586 W System.err: at java.lang.Runtime.nativeLoad(Runtime.java:1131)
03-29 13:08:31.590 9586 9586 W System.err: at java.lang.Runtime.loadLibrary0(Runtime.java:1085)
03-29 13:08:31.590 9586 9586 W System.err: at java.lang.Runtime.loadLibrary0(Runtime.java:1008)
03-29 13:08:31.590 9586 9586 W System.err: at java.lang.System.loadLibrary(System.java:1664)
03-29 13:08:31.590 9586 9586 W System.err: at arm.EpicVm.<clinit>(Unknown Source:2)
03-29 13:08:31.590 9586 9586 W System.err: at java.lang.Class.newInstance(Native Method)
03-29 13:08:31.590 9586 9586 W System.err: at android.app.AppComponentFactory.instantiateApplication(AppComponentFactory.java:76)
03-29 13:08:31.590 9586 9586 W System.err: at androidx.core.app.CoreComponentFactory.instantiateApplication(Unknown Source:0)
03-29 13:08:31.590 9586 9586 W System.err: at android.app.Instrumentation.newApplication(Instrumentation.java:1159)
03-29 13:08:31.590 9586 9586 W System.err: at android.app.LoadedApk.makeApplication(LoadedApk.java:1316)
03-29 13:08:31.590 9586 9586 W System.err: at android.app.ActivityThread.handleBindApplication(ActivityThread.java:7227)
03-29 13:08:31.590 9586 9586 W System.err: at android.app.ActivityThread.access$1600(ActivityThread.java:293)
03-29 13:08:31.590 9586 9586 W System.err: at android.app.ActivityThread$H.handleMessage(ActivityThread.java:2151)
03-29 13:08:31.590 9586 9586 W System.err: at android.os.Handler.dispatchMessage(Handler.java:106)
03-29 13:08:31.590 9586 9586 W System.err: at android.os.Looper.loop(Looper.java:263)
03-29 13:08:31.591 9586 9586 W System.err: at android.app.ActivityThread.main(ActivityThread.java:8292)
03-29 13:08:31.591 9586 9586 W System.err: at java.lang.reflect.Method.invoke(Native Method)
03-29 13:08:31.591 9586 9586 W System.err: at com.android.internal.os.RuntimeInit$MethodAndArgsCaller.run(RuntimeInit.java:612)
03-29 13:08:31.591 9586 9586 W System.err: at com.android.internal.os.ZygoteInit.main(ZygoteInit.java:1006)
03-29 13:08:31.702 9586 9586 E CustomActivityOnCrash: IMPORTANT WARNING! You already have an UncaughtExceptionHandler, are you sure this is correct? If you use a custom UncaughtExceptionHandler, you must initialize it AFTER CustomActivityOnCrash! Installing anyway, but your original handler will not be called.
03-29 13:08:31.792 9586 9662 W LibraryVersion: Failed to get app version for libraryName: firebase-iid
03-29 13:08:32.242 9586 9586 W com.mbwhatsapp: Accessing hidden method Lcom/android/org/conscrypt/OpenSSLSocketImpl;->setUseSessionTickets(Z)V (greylist- max-q,test-api, reflection, denied)
03-29 13:08:32.243 9586 9586 W com.mbwhatsapp: Accessing hidden method Lcom/android/org/conscrypt/AbstractConscryptSocket;->setUseSessionTickets(Z)V (greylist-max-q, reflection, denied)
03-29 13:08:32.331 9586 9586 W linker : Warning: "/data/data/com.mbwhatsapp/files/decompressed/libs.spk.zst/libc++_shared.so" unused DT entry: unknown processor-specific (type 0x70000001 arg 0x0) (ignoring)
03-29 13:08:32.326 9586 9586 W com.mbwhatsapp: type=1400 audit(0.0:1335873): avc: granted { execute } for path="/data/data/com.mbwhatsapp/files/decompressed/libs.spk.zst/libc++_shared.so" dev="sda10" ino=6828526 scontext=u:r:untrusted_app:s0:c223,c257,c512,c768 tcontext=u:object_r:app_data_file:s0:c223,c257,c512,c768 tclass=file app=com.mbwhatsapp
03-29 13:08:32.330 9586 9586 W com.mbwhatsapp: type=1400 audit(0.0:1335874): avc: granted { execute } for path="/data/data/com.mbwhatsapp/files/decompressed/libs.spk.zst/libvlc.so" dev="sda10" ino=6828519 scontext=u:r:untrusted_app:s0:c223,c257,c512,c768 tcontext=u:object_r:app_data_file:s0:c223,c257,c512,c768 tclass=file app=com.mbwhatsapp
03-29 13:08:32.350 9586 9586 W com.mbwhatsapp: type=1400 audit(0.0:1335875): avc: granted { execute } for path="/data/data/com.mbwhatsapp/files/decompressed/libs.spk.zst/libwhatsapp.so" dev="sda10" ino=6828520 scontext=u:r:untrusted_app:s0:c223,c257,c512,c768 tcontext=u:object_r:app_data_file:s0:c223,c257,c512,c768 tclass=file app=com.mbwhatsapp
03-29 13:08:32.382 9586 9586 W com.mbwhatsapp: type=1400 audit(0.0:1335876): avc: granted { execute } for path="/data/data/com.mbwhatsapp/files/decompressed/libs.spk.zst/libcurve25519.so" dev="sda10" ino=6828521 scontext=u:r:untrusted_app:s0:c223,c257,c512,c768 tcontext=u:object_r:app_data_file:s0:c223,c257,c512,c768 tclass=file app=com.mbwhatsapp
03-29 13:08:32.410 9586 9586 W com.mbwhatsapp: type=1400 audit(0.0:1335877): avc: granted { execute } for path="/data/data/com.mbwhatsapp/files/decompressed/libs.spk.zst/libwhatsapp.so" dev="sda10" ino=6828520 scontext=u:r:untrusted_app:s0:c223,c257,c512,c768 tcontext=u:object_r:app_data_file:s0:c223,c257,c512,c768 tclass=file app=com.mbwhatsapp
03-29 13:08:32.410 9586 9586 W com.mbwhatsapp: type=1400 audit(0.0:1335878): avc: granted { execute } for path="/data/data/com.mbwhatsapp/files/decompressed/libs.spk.zst/libwhatsapp.so" dev="sda10" ino=6828520 scontext=u:r:untrusted_app:s0:c223,c257,c512,c768 tcontext=u:object_r:app_data_file:s0:c223,c257,c512,c768 tclass=file app=com.mbwhatsapp
03-29 13:08:32.410 9586 9586 W com.mbwhatsapp: type=1400 audit(0.0:1335879): avc: granted { execute } for path="/data/data/com.mbwhatsapp/files/decompressed/libs.spk.zst/libwhatsapp.so" dev="sda10" ino=6828520 scontext=u:r:untrusted_app:s0:c223,c257,c512,c768 tcontext=u:object_r:app_data_file:s0:c223,c257,c512,c768 tclass=file app=com.mbwhatsapp
03-29 13:08:32.410 9586 9586 W com.mbwhatsapp: type=1400 audit(0.0:1335880): avc: denied { execmod } for path="/apex/com.android.runtime/lib64/bionic/libc.so" dev="loop35" ino=33 scontext=u:r:untrusted_app:s0:c223,c257,c512,c768 tcontext=u:object_r:system_lib_file:s0 tclass=file permissive=0 app=com.mbwhatsapp
03-29 13:08:32.605 9586 9586 E ANR_LOG : >>> msg's executing time is too long
03-29 13:08:32.605 9586 9586 E ANR_LOG : Blocked msg = { when=-1s712ms what=110 target=android.app.ActivityThread$H obj=AppBindData{appInfo=ApplicationInfo{189102a com.mbwhatsapp}} } , cost = 1704 ms
03-29 13:08:32.605 9586 9586 E ANR_LOG : >>>Current msg List is:
03-29 13:08:32.605 9586 9586 E ANR_LOG : Current msg <1> = { when=-1s711ms what=116 target=android.app.ActivityThread$H obj=android.os.BinderProxy@4c4de1b }
03-29 13:08:32.606 9586 9586 E ANR_LOG : Current msg <2> = { when=-1s710ms what=114 target=android.app.ActivityThread$H obj=CreateServiceData{token=android.os.BinderProxy@4c4de1b className=com.mbwhatsapp.messaging.MessageService packageName=com.mbwhatsapp intent=null} }
03-29 13:08:32.606 9586 9586 E ANR_LOG : Current msg <3> = { when=-1s709ms what=116 target=android.app.ActivityThread$H obj=android.os.BinderProxy@4c4de1b }
03-29 13:08:32.606 9586 9586 E ANR_LOG : Current msg <4> = { when=-1s708ms what=9999 target=android.app.ActivityThread$H }
03-29 13:08:32.606 9586 9586 E ANR_LOG : Current msg <5> = { when=-778ms what=0 target=android.app.ActivityThread$H callback=android.app.LoadedApk$ServiceDispatcher$RunConnection }
03-29 13:08:32.606 9586 9586 E ANR_LOG : Current msg <6> = { when=-659ms what=0 target=android.app.ActivityThread$H callback=android.app.-$ $Lambda$LoadedApk$ReceiverDispatcher$Args$_BumDX2UKsnxLVrE6UJsJZkotuA }
03-29 13:08:32.606 9586 9586 E ANR_LOG : >>>CURRENT MSG DUMP OVER<<< --------- beginning of system
03-29 13:08:32.621 9586 9674 E Parcel : Reading a NULL string not supported here.
03-29 13:08:32.646 9586 9743 W com.mbwhatsapp: Class X.2rL failed lock verification and will run slower.
03-29 13:08:32.646 9586 9743 W com.mbwhatsapp: Common causes for lock verification issues are non-optimized dex code
03-29 13:08:32.646 9586 9743 W com.mbwhatsapp: and incorrect proguard optimizations.
03-29 13:08:33.491 9586 9757 E CheckPermission: _bluetooth code = 1
03-29 13:08:33.494 9586 9757 E CheckPermission: _bluetooth code = 3
03-29 13:08:33.496 9586 9757 E CheckPermission: _bluetooth code = 11
03-29 13:08:34.273 9586 9605 W OplusExSystemServiceHelper: checkOplusExSystemService intent getComponent is null --------- beginning of system
03-29 13:11:18.720 9586 9586 E OplusCustomizeRestrictionManager: sInstance is null, start a new sInstance --------- beginning of main
03-29 13:11:34.454 9586 11509 W Codec2Client: query -- param skipped: index = 1107298332.
03-29 13:11:34.454 9586 11509 W CCodec : This behavior is subject to change. It is recommended that app developers double check whether the requested max input size is in reasonable range.
03-29 13:11:34.456 9586 11509 W Codec2Client: query -- param skipped: index = 1342179345.
03-29 13:11:34.456 9586 11509 W Codec2Client: query -- param skipped: index = 2415921170.
03-29 13:11:34.456 9586 11509 W Codec2Client: query -- param skipped: index = 1610614798.
03-29 13:11:34.457 9586 11509 E FMQ : grantorIdx must be less than 3
03-29 13:11:34.457 9586 11509 E FMQ : grantorIdx must be less than 3
03-29 13:11:34.459 9586 11509 E FMQ : grantorIdx must be less than 3
03-29 13:11:34.466 9586 11432 E FMQ : grantorIdx must be less than 3
03-29 13:11:35.276 9586 11509 W Codec2Client: query -- param skipped: index = 1342179345.
03-29 13:11:35.276 9586 11509 W Codec2Client: query -- param skipped: index = 2415921170.
03-29 13:11:35.276 9586 11509 W Codec2Client: query -- param skipped: index = 1610614798.
03-29 13:11:35.327 9586 11517 E OplusACodec: [GetVideoCodingTypeFromMime:L726] mime:video/avc
03-29 13:11:35.372 9586 11521 W Codec2Client: query -- param skipped: index = 1107298332.
03-29 13:11:35.372 9586 11521 W CCodec : This behavior is subject to change. It is recommended that app developers double check whether the requested max input size is in reasonable range.
03-29 13:11:35.373 9586 11521 W Codec2Client: query -- param skipped: index = 1342179345.
03-29 13:11:35.373 9586 11521 W Codec2Client: query -- param skipped: index = 2415921170.
03-29 13:11:35.373 9586 11521 W Codec2Client: query -- param skipped: index = 1610614798.
03-29 13:11:35.374 9586 11521 E FMQ : grantorIdx must be less than 3
03-29 13:11:35.374 9586 11521 E FMQ : grantorIdx must be less than 3
03-29 13:11:35.378 9586 11521 E FMQ : grantorIdx must be less than 3
03-29 13:11:35.388 9586 11432 E FMQ : grantorIdx must be less than 3
03-29 13:11:37.245 9586 11521 W Codec2Client: query -- param skipped: index = 1342179345.
03-29 13:11:37.245 9586 11521 W Codec2Client: query -- param skipped: index = 2415921170.
03-29 13:11:37.245 9586 11521 W Codec2Client: query -- param skipped: index = 1610614798.
03-29 13:11:39.969 9586 9586 E Parcel : Reading a NULL string not supported here.
03-29 13:11:40.038 9586 11536 E libEGL : Invalid file path for libcolorx- loader.so
03-29 13:11:48.823 11849 11849 E com.mbwhatsapp: Unknown bits set in runtime_flags: 0x40000000
03-29 13:11:48.841 11849 11849 E com.mbwhatsapp: Not starting debugger since process cannot load the jdwp agent.
03-29 13:11:48.890 11849 11849 E RefClass: java.lang.reflect.InvocationTargetException
03-29 13:11:49.014 11849 11849 E Perf : perftest packageName : com.mbwhatsapp App is allowed to use Hide APIs
03-29 13:11:49.095 11849 11849 W System.err: java.lang.ClassNotFoundException: mbmodsd.mbmodsw.ui.views.btn.BtnBK
03-29 13:11:49.096 11849 11849 W System.err: at java.lang.Runtime.nativeLoad(Native Method)
03-29 13:11:49.096 11849 11849 W System.err: at java.lang.Runtime.nativeLoad(Runtime.java:1131)
03-29 13:11:49.096 11849 11849 W System.err: at java.lang.Runtime.loadLibrary0(Runtime.java:1085)
03-29 13:11:49.096 11849 11849 W System.err: at java.lang.Runtime.loadLibrary0(Runtime.java:1008)
03-29 13:11:49.096 11849 11849 W System.err: at java.lang.System.loadLibrary(System.java:1664)
03-29 13:11:49.096 11849 11849 W System.err: at arm.EpicVm.<clinit>(Unknown Source:2)
03-29 13:11:49.096 11849 11849 W System.err: at java.lang.Class.newInstance(Native Method)
03-29 13:11:49.096 11849 11849 W System.err: at android.app.AppComponentFactory.instantiateApplication(AppComponentFactory.java:76)
03-29 13:11:49.096 11849 11849 W System.err: at androidx.core.app.CoreComponentFactory.instantiateApplication(Unknown Source:0)
03-29 13:11:49.096 11849 11849 W System.err: at android.app.Instrumentation.newApplication(Instrumentation.java:1159)
03-29 13:11:49.096 11849 11849 W System.err: at android.app.LoadedApk.makeApplication(LoadedApk.java:1316)
03-29 13:11:49.096 11849 11849 W System.err: at android.app.ActivityThread.handleBindApplication(ActivityThread.java:7227)
03-29 13:11:49.096 11849 11849 W System.err: at android.app.ActivityThread.access$1600(ActivityThread.java:293)
03-29 13:11:49.096 11849 11849 W System.err: at android.app.ActivityThread$H.handleMessage(ActivityThread.java:2151)
03-29 13:11:49.096 11849 11849 W System.err: at android.os.Handler.dispatchMessage(Handler.java:106)
03-29 13:11:49.096 11849 11849 W System.err: at android.os.Looper.loop(Looper.java:263)
03-29 13:11:49.096 11849 11849 W System.err: at android.app.ActivityThread.main(ActivityThread.java:8292)
03-29 13:11:49.096 11849 11849 W System.err: at java.lang.reflect.Method.invoke(Native Method)
03-29 13:11:49.096 11849 11849 W System.err: at com.android.internal.os.RuntimeInit$MethodAndArgsCaller.run(RuntimeInit.java:612)
03-29 13:11:49.096 11849 11849 W System.err: at com.android.internal.os.ZygoteInit.main(ZygoteInit.java:1006)
03-29 13:11:49.230 11849 11849 E CustomActivityOnCrash: IMPORTANT WARNING! You already have an UncaughtExceptionHandler, are you sure this is correct? If you use a custom UncaughtExceptionHandler, you must initialize it AFTER CustomActivityOnCrash! Installing anyway, but your original handler will not be called.
03-29 13:11:49.741 11849 11849 W com.mbwhatsapp: Accessing hidden method Lcom/android/org/conscrypt/OpenSSLSocketImpl;->setUseSessionTickets(Z)V (greylist- max-q,test-api, reflection, denied)
03-29 13:11:49.742 11849 11849 W com.mbwhatsapp: Accessing hidden method Lcom/android/org/conscrypt/AbstractConscryptSocket;->setUseSessionTickets(Z)V (greylist-max-q, reflection, denied)
03-29 13:11:49.871 11849 11849 W linker : Warning: "/data/data/com.mbwhatsapp/files/decompressed/libs.spk.zst/libc++_shared.so" unused DT entry: unknown processor-specific (type 0x70000001 arg 0x0) (ignoring)
03-29 13:11:49.866 11849 11849 W com.mbwhatsapp: type=1400 audit(0.0:1336024): avc: granted { execute } for path="/data/data/com.mbwhatsapp/files/decompressed/libs.spk.zst/libc++_shared.so" dev="sda10" ino=6828526 scontext=u:r:untrusted_app:s0:c223,c257,c512,c768 tcontext=u:object_r:app_data_file:s0:c223,c257,c512,c768 tclass=file app=com.mbwhatsapp
03-29 13:11:49.870 11849 11849 W com.mbwhatsapp: type=1400 audit(0.0:1336025): avc: granted { execute } for path="/data/data/com.mbwhatsapp/files/decompressed/libs.spk.zst/libvlc.so" dev="sda10" ino=6828519 scontext=u:r:untrusted_app:s0:c223,c257,c512,c768 tcontext=u:object_r:app_data_file:s0:c223,c257,c512,c768 tclass=file app=com.mbwhatsapp
03-29 13:11:49.890 11849 11849 W com.mbwhatsapp: type=1400 audit(0.0:1336026): avc: granted { execute } for path="/data/data/com.mbwhatsapp/files/decompressed/libs.spk.zst/libwhatsapp.so" dev="sda10" ino=6828520 scontext=u:r:untrusted_app:s0:c223,c257,c512,c768 tcontext=u:object_r:app_data_file:s0:c223,c257,c512,c768 tclass=file app=com.mbwhatsapp
03-29 13:11:49.918 11849 11849 W com.mbwhatsapp: type=1400 audit(0.0:1336027): avc: granted { execute } for path="/data/data/com.mbwhatsapp/files/decompressed/libs.spk.zst/libcurve25519.so" dev="sda10" ino=6828521 scontext=u:r:untrusted_app:s0:c223,c257,c512,c768 tcontext=u:object_r:app_data_file:s0:c223,c257,c512,c768 tclass=file app=com.mbwhatsapp
03-29 13:11:49.934 11849 11849 W com.mbwhatsapp: type=1400 audit(0.0:1336028): avc: granted { execute } for path="/data/data/com.mbwhatsapp/files/decompressed/libs.spk.zst/libwhatsapp.so" dev="sda10" ino=6828520 scontext=u:r:untrusted_app:s0:c223,c257,c512,c768 tcontext=u:object_r:app_data_file:s0:c223,c257,c512,c768 tclass=file app=com.mbwhatsapp
03-29 13:11:49.934 11849 11849 W com.mbwhatsapp: type=1400 audit(0.0:1336029): avc: granted { execute } for path="/data/data/com.mbwhatsapp/files/decompressed/libs.spk.zst/libwhatsapp.so" dev="sda10" ino=6828520 scontext=u:r:untrusted_app:s0:c223,c257,c512,c768 tcontext=u:object_r:app_data_file:s0:c223,c257,c512,c768 tclass=file app=com.mbwhatsapp
03-29 13:11:49.934 11849 11849 W com.mbwhatsapp: type=1400 audit(0.0:1336030): avc: granted { execute } for path="/data/data/com.mbwhatsapp/files/decompressed/libs.spk.zst/libwhatsapp.so" dev="sda10" ino=6828520 scontext=u:r:untrusted_app:s0:c223,c257,c512,c768 tcontext=u:object_r:app_data_file:s0:c223,c257,c512,c768 tclass=file app=com.mbwhatsapp
03-29 13:11:49.934 11849 11849 W com.mbwhatsapp: type=1400 audit(0.0:1336031): avc: denied { execmod } for path="/apex/com.android.runtime/lib64/bionic/libc.so" dev="loop35" ino=33 scontext=u:r:untrusted_app:s0:c223,c257,c512,c768 tcontext=u:object_r:system_lib_file:s0 tclass=file permissive=0 app=com.mbwhatsapp
03-29 13:11:50.115 11849 11984 W com.mbwhatsapp: Class X.2rL failed lock verification and will run slower.
03-29 13:11:50.115 11849 11984 W com.mbwhatsapp: Common causes for lock verification issues are non-optimized dex code
03-29 13:11:50.115 11849 11984 W com.mbwhatsapp: and incorrect proguard optimizations.
03-29 13:11:50.806 11849 11984 E CheckPermission: _bluetooth code = 1
03-29 13:11:50.809 11849 11984 E CheckPermission: _bluetooth code = 3
03-29 13:11:50.811 11849 11984 E CheckPermission: _bluetooth code = 11
03-29 13:11:55.379 11849 12222 E Parcel : Reading a NULL string not supported here. --------- beginning of system
03-29 13:17:31.280 11849 11849 E OplusCustomizeRestrictionManager: sInstance is null, start a new sInstance --------- beginning of main
03-29 13:32:36.389 19281 19281 E com.mbwhatsapp: Unknown bits set in runtime_flags: 0x40000000
03-29 13:32:36.402 19281 19281 E com.mbwhatsapp: Not starting debugger since process cannot load the jdwp agent.
03-29 13:32:36.432 19281 19281 E RefClass: java.lang.reflect.InvocationTargetException
03-29 13:32:36.748 19281 19281 E Perf : perftest packageName : com.mbwhatsapp App is allowed to use Hide APIs
03-29 13:32:36.985 19281 19281 W System.err: java.lang.ClassNotFoundException: mbmodsd.mbmodsw.ui.views.btn.BtnBK
03-29 13:32:36.985 19281 19281 W System.err: at java.lang.Runtime.nativeLoad(Native Method)
03-29 13:32:36.985 19281 19281 W System.err: at java.lang.Runtime.nativeLoad(Runtime.java:1131)
03-29 13:32:36.985 19281 19281 W System.err: at java.lang.Runtime.loadLibrary0(Runtime.java:1085)
03-29 13:32:36.985 19281 19281 W System.err: at java.lang.Runtime.loadLibrary0(Runtime.java:1008)
03-29 13:32:36.985 19281 19281 W System.err: at java.lang.System.loadLibrary(System.java:1664)
03-29 13:32:36.985 19281 19281 W System.err: at arm.EpicVm.<clinit>(Unknown Source:2)
03-29 13:32:36.985 19281 19281 W System.err: at java.lang.Class.newInstance(Native Method)
03-29 13:32:36.985 19281 19281 W System.err: at android.app.AppComponentFactory.instantiateApplication(AppComponentFactory.java:76)
03-29 13:32:36.985 19281 19281 W System.err: at androidx.core.app.CoreComponentFactory.instantiateApplication(Unknown Source:0)
03-29 13:32:36.985 19281 19281 W System.err: at android.app.Instrumentation.newApplication(Instrumentation.java:1159)
03-29 13:32:36.985 19281 19281 W System.err: at android.app.LoadedApk.makeApplication(LoadedApk.java:1316)
03-29 13:32:36.985 19281 19281 W System.err: at android.app.ActivityThread.handleBindApplication(ActivityThread.java:7227)
03-29 13:32:36.985 19281 19281 W System.err: at android.app.ActivityThread.access$1600(ActivityThread.java:293)
03-29 13:32:36.985 19281 19281 W System.err: at android.app.ActivityThread$H.handleMessage(ActivityThread.java:2151)
03-29 13:32:36.985 19281 19281 W System.err: at android.os.Handler.dispatchMessage(Handler.java:106)
03-29 13:32:36.985 19281 19281 W System.err: at android.os.Looper.loop(Looper.java:263)
03-29 13:32:36.985 19281 19281 W System.err: at android.app.ActivityThread.main(ActivityThread.java:8292)
03-29 13:32:36.985 19281 19281 W System.err: at java.lang.reflect.Method.invoke(Native Method)
03-29 13:32:36.985 19281 19281 W System.err: at com.android.internal.os.RuntimeInit$MethodAndArgsCaller.run(RuntimeInit.java:612)
03-29 13:32:36.985 19281 19281 W System.err: at com.android.internal.os.ZygoteInit.main(ZygoteInit.java:1006)
03-29 13:32:37.182 19281 19281 E CustomActivityOnCrash: IMPORTANT WARNING! You already have an UncaughtExceptionHandler, are you sure this is correct? If you use a custom UncaughtExceptionHandler, you must initialize it AFTER CustomActivityOnCrash! Installing anyway, but your original handler will not be called.
03-29 13:32:37.672 19281 19281 W com.mbwhatsapp: Accessing hidden method Lcom/android/org/conscrypt/OpenSSLSocketImpl;->setUseSessionTickets(Z)V (greylist- max-q,test-api, reflection, denied)
03-29 13:32:37.672 19281 19281 W com.mbwhatsapp: Accessing hidden method Lcom/android/org/conscrypt/AbstractConscryptSocket;->setUseSessionTickets(Z)V (greylist-max-q, reflection, denied)
03-29 13:32:37.759 19281 19281 W linker : Warning: "/data/data/com.mbwhatsapp/files/decompressed/libs.spk.zst/libc++_shared.so" unused DT entry: unknown processor-specific (type 0x70000001 arg 0x0) (ignoring)
03-29 13:32:37.757 19281 19281 W com.mbwhatsapp: type=1400 audit(0.0:1337102): avc: granted { execute } for path="/data/data/com.mbwhatsapp/files/decompressed/libs.spk.zst/libc++_shared.so" dev="sda10" ino=6828526 scontext=u:r:untrusted_app:s0:c223,c257,c512,c768 tcontext=u:object_r:app_data_file:s0:c223,c257,c512,c768 tclass=file app=com.mbwhatsapp
03-29 13:32:37.761 19281 19281 W com.mbwhatsapp: type=1400 audit(0.0:1337103): avc: granted { execute } for path="/data/data/com.mbwhatsapp/files/decompressed/libs.spk.zst/libvlc.so" dev="sda10" ino=6828519 scontext=u:r:untrusted_app:s0:c223,c257,c512,c768 tcontext=u:object_r:app_data_file:s0:c223,c257,c512,c768 tclass=file app=com.mbwhatsapp
03-29 13:32:37.769 19281 19281 W com.mbwhatsapp: type=1400 audit(0.0:1337104): avc: granted { execute } for path="/data/data/com.mbwhatsapp/files/decompressed/libs.spk.zst/libwhatsapp.so" dev="sda10" ino=6828520 scontext=u:r:untrusted_app:s0:c223,c257,c512,c768 tcontext=u:object_r:app_data_file:s0:c223,c257,c512,c768 tclass=file app=com.mbwhatsapp
03-29 13:32:37.817 19281 19281 W com.mbwhatsapp: type=1400 audit(0.0:1337105): avc: granted { execute } for path="/data/data/com.mbwhatsapp/files/decompressed/libs.spk.zst/libcurve25519.so" dev="sda10" ino=6828521 scontext=u:r:untrusted_app:s0:c223,c257,c512,c768 tcontext=u:object_r:app_data_file:s0:c223,c257,c512,c768 tclass=file app=com.mbwhatsapp
03-29 13:32:37.833 19281 19281 W com.mbwhatsapp: type=1400 audit(0.0:1337106): avc: granted { execute } for path="/data/data/com.mbwhatsapp/files/decompressed/libs.spk.zst/libwhatsapp.so" dev="sda10" ino=6828520 scontext=u:r:untrusted_app:s0:c223,c257,c512,c768 tcontext=u:object_r:app_data_file:s0:c223,c257,c512,c768 tclass=file app=com.mbwhatsapp
03-29 13:32:37.833 19281 19281 W com.mbwhatsapp: type=1400 audit(0.0:1337107): avc: granted { execute } for path="/data/data/com.mbwhatsapp/files/decompressed/libs.spk.zst/libwhatsapp.so" dev="sda10" ino=6828520 scontext=u:r:untrusted_app:s0:c223,c257,c512,c768 tcontext=u:object_r:app_data_file:s0:c223,c257,c512,c768 tclass=file app=com.mbwhatsapp
03-29 13:32:37.940 19281 19374 W com.mbwhatsapp: Class X.2rL failed lock verification and will run slower.
03-29 13:32:37.940 19281 19374 W com.mbwhatsapp: Common causes for lock verification issues are non-optimized dex code
03-29 13:32:37.940 19281 19374 W com.mbwhatsapp: and incorrect proguard optimizations.
03-29 13:32:38.401 19281 19387 E Parcel : Reading a NULL string not supported here.
03-29 13:32:39.154 19281 19380 E CheckPermission: _bluetooth code = 1
03-29 13:32:39.156 19281 19380 E CheckPermission: _bluetooth code = 3
03-29 13:32:39.158 19281 19380 E CheckPermission: _bluetooth code = 11
03-29 13:32:41.152 19281 19487 E Parcel : Reading a NULL string not supported here.
03-29 13:32:41.247 19281 19485 E Parcel : Reading a NULL string not supported here.
03-29 13:32:53.428 19281 19281 W com.mbwhatsapp: Class X.0eU failed lock verification and will run slower.
03-29 13:32:53.531 19281 19281 E Parcel : Reading a NULL string not supported here.
03-29 13:32:53.641 19281 19634 E libEGL : Invalid file path for libcolorx- loader.so
03-29 13:32:53.735 19281 19281 W com.mbwhatsapp: Class com.mbwhatsapp.HomeActivity failed lock verification and will run slower.
03-29 13:32:53.841 19281 19281 E OplusCustomizeRestrictionManager: sInstance is null, start a new sInstance
03-29 13:32:54.129 19281 19281 E ArmVmp : Match on catch block at 0x0a in for 0xc9
03-29 13:32:54.164 19281 19281 E ArmVmp : Match on catch block at 0x0a in for 0x139
03-29 13:32:54.168 19281 19281 E Parcel : Reading a NULL string not supported here.
03-29 13:32:54.190 19281 19281 E Parcel : Reading a NULL string not supported here.
03-29 13:32:54.583 19281 19636 W com.mbwhatsapp: Accessing hidden method Lcom/android/org/conscrypt/ConscryptEngineSocket;->setUseSessionTickets(Z)V (greylist-max-q,test-api, reflection, denied)
03-29 13:32:54.583 19281 19636 W com.mbwhatsapp: Accessing hidden method Lcom/android/org/conscrypt/OpenSSLSocketImpl;->setUseSessionTickets(Z)V (greylist- max-q,test-api, reflection, denied)
03-29 13:32:54.583 19281 19636 W com.mbwhatsapp: Accessing hidden method Lcom/android/org/conscrypt/AbstractConscryptSocket;->setUseSessionTickets(Z)V (greylist-max-q, reflection, denied)
03-29 13:32:54.583 19281 19636 W com.mbwhatsapp: Accessing hidden method Lcom/android/org/conscrypt/ConscryptEngineSocket;->setHostname(Ljava/lang/String;)V (greylist-max-q,test-api, reflection, denied)
03-29 13:32:54.584 19281 19636 W com.mbwhatsapp: Accessing hidden method Lcom/android/org/conscrypt/OpenSSLSocketImpl;->setHostname(Ljava/lang/String;)V (greylist-max-q,test-api, reflection, denied)
03-29 13:32:54.584 19281 19636 W com.mbwhatsapp: Accessing hidden method Lcom/android/org/conscrypt/AbstractConscryptSocket;->setHostname(Ljava/lang/ String;)V (greylist-max-q, reflection, denied)
03-29 13:32:54.584 19281 19636 W com.mbwhatsapp: Accessing hidden method Lcom/android/org/conscrypt/OpenSSLSocketImpl;->setAlpnProtocols([B)V (greylist-max- q,test-api, reflection, denied)
03-29 13:32:54.584 19281 19636 W com.mbwhatsapp: Accessing hidden method Lcom/android/org/conscrypt/AbstractConscryptSocket;->setAlpnProtocols([B)V (greylist-max-q, reflection, denied)
03-29 13:32:54.713 19281 19633 E libEGL : Invalid file path for libcolorx- loader.so
03-29 13:32:54.734 19281 19633 E libEGL : Invalid file path for libcolorx- loader.so
03-29 13:32:54.740 19281 19633 E libEGL : Invalid file path for libcolorx- loader.so
03-29 13:32:54.977 19281 19636 W com.mbwhatsapp: Accessing hidden method Lcom/android/org/conscrypt/OpenSSLSocketImpl;->getAlpnSelectedProtocol()[B (greylist-max-q,test-api, reflection, denied)
03-29 13:32:54.978 19281 19636 W com.mbwhatsapp: Accessing hidden method Lcom/android/org/conscrypt/AbstractConscryptSocket;->getAlpnSelectedProtocol()[B (greylist-max-q, reflection, denied)
03-29 13:32:55.369 19281 19281 E RecyclerView: No adapter attached; skipping layout
03-29 13:32:55.481 19281 19281 E RecyclerView: No adapter attached; skipping layout
03-29 13:32:55.518 19281 19689 E libEGL : Invalid file path for libcolorx- loader.so
03-29 13:32:55.521 19281 19281 E ArmVmp : Match on catch block at 0x0a in for 0xd9
03-29 13:32:55.592 19281 19281 E ScreenmodeClient: display mode not support
03-29 13:32:55.714 19281 19695 W LOTTIE : Animation contains merge paths. Merge paths are only supported on KitKat+ and must be manually enabled by calling enableMergePathsForKitKatAndAbove().
03-29 13:32:55.931 19281 19281 W LOTTIE : Animation contains merge paths but they are disabled.
03-29 13:32:56.045 19281 19281 E ArmVmp : Match on catch block at 0x5b in for 0x85
03-29 13:32:56.081 19281 19281 E ArmVmp : Match on catch block at 0x5b in for 0x89
03-29 13:32:56.104 19281 19281 E ArmVmp : Match on catch block at 0x5b in for 0x81
03-29 13:32:56.101 19281 19281 W pool-10-thread-: type=1400 audit(0.0:1337121): avc: granted { execute } for path="/data/data/com.mbwhatsapp/files/decompressed/libs.spk.zst/libgifimage.so" dev="sda10" ino=6828523 scontext=u:r:untrusted_app:s0:c223,c257,c512,c768 tcontext=u:object_r:app_data_file:s0:c223,c257,c512,c768 tclass=file app=com.mbwhatsapp
03-29 13:32:56.119 19281 19281 E ArmVmp : Match on catch block at 0x5b in for 0x81
03-29 13:32:57.142 19281 19281 E Parcel : Reading a NULL string not supported here.
03-29 13:32:57.217 19281 19713 E libEGL : Invalid file path for libcolorx- loader.so
03-29 13:32:57.434 19281 19714 E linker : library "" ("/apex/com.android.vndk.v30/lib64") needed or dlopened by "/apex/com.android.vndk.v30/lib64/libRS_internal.so" is not accessible for the namespace: [name="rs", ld_library_paths="", default_library_paths="/apex/com.android.vndk.v30/lib64:/odm/lib64:/vendor/lib64", permitted_paths="/odm/lib64:/vendor/lib64:/system/vendor/lib64:/data"]
03-29 13:32:57.434 19281 19714 E RenderScript: Failed loading RS driver: dlopen failed: library "" needed or dlopened by "/apex/com.android.vndk.v30/lib64/libRS_internal.so" is not accessible for the namespace "rs"
03-29 13:32:57.434 19281 19714 E RenderScript: Failed to load runtime , loading default
03-29 13:32:57.581 19281 19695 W LOTTIE : Unknown shape type rd
03-29 13:32:57.675 19281 19281 E ArmVmp : Match on catch block at 0x0a in for 0xc5
03-29 13:32:57.679 19281 19281 E ArmVmp : Match on catch block at 0x0a in for 0xc5
03-29 13:32:57.901 19281 19281 E ArmVmp : Match on catch block at 0xc3 in for 0xb9
03-29 13:32:57.905 19281 19281 E ArmVmp : Match on catch block at 0xc3 in for 0xb5
03-29 13:32:58.015 19281 19281 E ArmVmp : Match on catch block at 0xc3 in for 0xa5
03-29 13:32:58.017 19281 19281 E ArmVmp : Match on catch block at 0xc3 in for 0xa1
03-29 13:32:58.068 19281 19281 E ArmVmp : Match on catch block at 0xc3 in for 0xa9
03-29 13:32:58.071 19281 19281 E ArmVmp : Match on catch block at 0xc3 in for 0xa1
03-29 13:32:58.087 19281 19281 E ArmVmp : Match on catch block at 0xc3 in for 0xa9
03-29 13:32:58.090 19281 19281 E ArmVmp : Match on catch block at 0xc3 in for 0xa1
03-29 13:32:58.169 19281 19281 E ArmVmp : Match on catch block at 0xc3 in for 0xa9
03-29 13:32:58.172 19281 19281 E ArmVmp : Match on catch block at 0xc3 in for 0xa1
03-29 13:32:58.557 19281 19281 E ArmVmp : Match on catch block at 0xc3 in for 0xa1
03-29 13:32:58.570 19281 19281 E ArmVmp : Match on catch block at 0xc3 in for 0xa5
03-29 13:32:59.058 19281 19281 E ArmVmp : Match on catch block at 0xc3 in for 0xa5
03-29 13:32:59.060 19281 19281 E ArmVmp : Match on catch block at 0xc3 in for 0xa9
03-29 13:32:59.068 19281 19281 E ArmVmp : Match on catch block at 0xc3 in for 0xa9
03-29 13:32:59.071 19281 19281 E ArmVmp : Match on catch block at 0xc3 in for 0xa1
03-29 13:32:59.084 19281 19281 E ArmVmp : Match on catch block at 0xc3 in for 0xa1
03-29 13:32:59.087 19281 19281 E ArmVmp : Match on catch block at 0xc3 in for 0xa5
03-29 13:32:59.106 19281 19281 E ArmVmp : Match on catch block at 0xc3 in for 0xa5
03-29 13:32:59.108 19281 19281 E ArmVmp : Match on catch block at 0xc3 in for 0xa9
03-29 13:32:59.117 19281 19281 E ArmVmp : Match on catch block at 0xc3 in for 0xa9
03-29 13:32:59.119 19281 19281 E ArmVmp : Match on catch block at 0xc3 in for 0xa1
03-29 13:32:59.134 19281 19281 E ArmVmp : Match on catch block at 0xc3 in for 0xa1
03-29 13:32:59.136 19281 19281 E ArmVmp : Match on catch block at 0xc3 in for 0xa5
03-29 13:32:59.151 19281 19281 E ArmVmp : Match on catch block at 0xc3 in for 0xa5
03-29 13:32:59.153 19281 19281 E ArmVmp : Match on catch block at 0xc3 in for 0xa9
03-29 13:32:59.168 19281 19281 E ArmVmp : Match on catch block at 0xc3 in for 0xa9
03-29 13:32:59.171 19281 19281 E ArmVmp : Match on catch block at 0xc3 in for 0xa1
03-29 13:32:59.184 19281 19281 E ArmVmp : Match on catch block at 0xc3 in for 0xa1
03-29 13:32:59.186 19281 19281 E ArmVmp : Match on catch block at 0xc3 in for 0xa5
03-29 13:32:59.201 19281 19281 E ArmVmp : Match on catch block at 0xc3 in for 0xa5
03-29 13:32:59.203 19281 19281 E ArmVmp : Match on catch block at 0xc3 in for 0xa9
03-29 13:32:59.218 19281 19281 E ArmVmp : Match on catch block at 0xc3 in for 0xa9
03-29 13:32:59.220 19281 19281 E ArmVmp : Match on catch block at 0xc3 in for 0xa1
03-29 13:32:59.234 19281 19281 E ArmVmp : Match on catch block at 0xc3 in for 0xa1
03-29 13:32:59.237 19281 19281 E ArmVmp : Match on catch block at 0xc3 in for 0xa5
03-29 13:32:59.251 19281 19281 E ArmVmp : Match on catch block at 0xc3 in for 0xa5
03-29 13:32:59.254 19281 19281 E ArmVmp : Match on catch block at 0xc3 in for 0xa9
03-29 13:32:59.268 19281 19281 E ArmVmp : Match on catch block at 0xc3 in for 0xa9
03-29 13:32:59.270 19281 19281 E ArmVmp : Match on catch block at 0xc3 in for 0xa1
03-29 13:32:59.284 19281 19281 E ArmVmp : Match on catch block at 0xc3 in for 0xa1
03-29 13:32:59.287 19281 19281 E ArmVmp : Match on catch block at 0xc3 in for 0xa5
03-29 13:32:59.301 19281 19281 E ArmVmp : Match on catch block at 0xc3 in for 0xa5
03-29 13:32:59.306 19281 19281 E ArmVmp : Match on catch block at 0xc3 in for 0xa9
03-29 13:32:59.317 19281 19281 E ArmVmp : Match on catch block at 0xc3 in for 0xa9
03-29 13:32:59.320 19281 19281 E ArmVmp : Match on catch block at 0xc3 in for 0xa1
03-29 13:32:59.373 19281 19281 E ArmVmp : Match on catch block at 0xc3 in for 0xa5
03-29 13:32:59.376 19281 19281 E ArmVmp : Match on catch block at 0xc3 in for 0xa9
03-29 13:32:59.395 19281 19281 E ArmVmp : Match on catch block at 0xc3 in for 0xa1
03-29 13:32:59.399 19281 19281 E ArmVmp : Match on catch block at 0xc3 in for 0xa5
03-29 13:32:59.408 19281 19281 E ArmVmp : Match on catch block at 0xc3 in for 0xa5
03-29 13:32:59.411 19281 19281 E ArmVmp : Match on catch block at 0xc3 in for 0xa9
03-29 13:32:59.417 19281 19281 E ArmVmp : Match on catch block at 0xc3 in for 0xa9
03-29 13:32:59.422 19281 19281 E ArmVmp : Match on catch block at 0xc3 in for 0xa1
03-29 13:32:59.433 19281 19281 E ArmVmp : Match on catch block at 0xc3 in for 0xa1
03-29 13:32:59.435 19281 19281 E ArmVmp : Match on catch block at 0xc3 in for 0xa5
03-29 13:32:59.450 19281 19281 E ArmVmp : Match on catch block at 0xc3 in for 0xa5
03-29 13:32:59.453 19281 19281 E ArmVmp : Match on catch block at 0xc3 in for 0xa9
03-29 13:32:59.467 19281 19281 E ArmVmp : Match on catch block at 0xc3 in for 0xa9
03-29 13:32:59.470 19281 19281 E ArmVmp : Match on catch block at 0xc3 in for 0xa1
03-29 13:32:59.485 19281 19281 E ArmVmp : Match on catch block at 0xc3 in for 0xa1
03-29 13:32:59.487 19281 19281 E ArmVmp : Match on catch block at 0xc3 in for 0xa5
03-29 13:32:59.501 19281 19281 E ArmVmp : Match on catch block at 0xc3 in for 0xa5
03-29 13:32:59.503 19281 19281 E ArmVmp : Match on catch block at 0xc3 in for 0xa9
03-29 13:32:59.517 19281 19281 E ArmVmp : Match on catch block at 0xc3 in for 0xa9
03-29 13:32:59.519 19281 19281 E ArmVmp : Match on catch block at 0xc3 in for 0xa1
03-29 13:32:59.533 19281 19281 E ArmVmp : Match on catch block at 0xc3 in for 0xa1
03-29 13:32:59.537 19281 19281 E ArmVmp : Match on catch block at 0xc3 in for 0xa5
03-29 13:32:59.551 19281 19281 E ArmVmp : Match on catch block at 0xc3 in for 0xa5
03-29 13:32:59.553 19281 19281 E ArmVmp : Match on catch block at 0xc3 in for 0xa9
03-29 13:32:59.567 19281 19281 E ArmVmp : Match on catch block at 0xc3 in for 0xa9
03-29 13:32:59.570 19281 19281 E ArmVmp : Match on catch block at 0xc3 in for 0xa1
03-29 13:32:59.584 19281 19281 E ArmVmp : Match on catch block at 0xc3 in for 0xa1
03-29 13:32:59.587 19281 19281 E ArmVmp : Match on catch block at 0xc3 in for 0xa5
03-29 13:32:59.600 19281 19281 E ArmVmp : Match on catch block at 0xc3 in for 0xa5
03-29 13:32:59.603 19281 19281 E ArmVmp : Match on catch block at 0xc3 in for 0xa9
03-29 13:32:59.625 19281 19281 E ArmVmp : Match on catch block at 0xc3 in for 0xa5
03-29 13:32:59.628 19281 19281 E ArmVmp : Match on catch block at 0xc3 in for 0xa9
03-29 13:32:59.651 19281 19281 E ArmVmp : Match on catch block at 0xc3 in for 0xa9
03-29 13:32:59.653 19281 19281 E ArmVmp : Match on catch block at 0xc3 in for 0xa1
03-29 13:32:59.736 19281 19281 E ArmVmp : Match on catch block at 0xc3 in for 0xa9
03-29 13:32:59.739 19281 19281 E ArmVmp : Match on catch block at 0xc3 in for 0xa1
03-29 13:32:59.774 19281 19281 E ArmVmp : Match on catch block at 0xc3 in for 0xa1
03-29 13:32:59.776 19281 19281 E ArmVmp : Match on catch block at 0xc3 in for 0xa5
03-29 13:33:00.069 19281 19281 E ArmVmp : Match on catch block at 0xc3 in for 0xa5
03-29 13:33:00.079 19281 19281 E ArmVmp : Match on catch block at 0xc3 in for 0xa9
03-29 13:33:00.102 19281 19281 E ArmVmp : Match on catch block at 0xc3 in for 0xa9
03-29 13:33:00.105 19281 19281 E ArmVmp : Match on catch block at 0xc3 in for 0xa1
03-29 13:33:00.118 19281 19281 E ArmVmp : Match on catch block at 0xc3 in for 0xa1
03-29 13:33:00.121 19281 19281 E ArmVmp : Match on catch block at 0xc3 in for 0xa5
03-29 13:33:00.135 19281 19281 E ArmVmp : Match on catch block at 0xc3 in for 0xa5
03-29 13:33:00.138 19281 19281 E ArmVmp : Match on catch block at 0xc3 in for 0xa9
03-29 13:33:00.152 19281 19281 E ArmVmp : Match on catch block at 0xc3 in for 0xa9
03-29 13:33:00.155 19281 19281 E ArmVmp : Match on catch block at 0xc3 in for 0xa1
03-29 13:33:00.169 19281 19281 E ArmVmp : Match on catch block at 0xc3 in for 0xa1
03-29 13:33:00.173 19281 19281 E ArmVmp : Match on catch block at 0xc3 in for 0xa5
03-29 13:33:00.187 19281 19281 E ArmVmp : Match on catch block at 0xc3 in for 0xa5
03-29 13:33:00.191 19281 19281 E ArmVmp : Match on catch block at 0xc3 in for 0xa9
03-29 13:33:00.204 19281 19281 E ArmVmp : Match on catch block at 0xc3 in for 0xa9
03-29 13:33:00.207 19281 19281 E ArmVmp : Match on catch block at 0xc3 in for 0xa1
03-29 13:33:00.220 19281 19281 E ArmVmp : Match on catch block at 0xc3 in for 0xa1
03-29 13:33:00.224 19281 19281 E ArmVmp : Match on catch block at 0xc3 in for 0xa5
03-29 13:33:00.237 19281 19281 E ArmVmp : Match on catch block at 0xc3 in for 0xa5
03-29 13:33:00.242 19281 19281 E ArmVmp : Match on catch block at 0xc3 in for 0xa9
03-29 13:33:00.254 19281 19281 E ArmVmp : Match on catch block at 0xc3 in for 0xa9
03-29 13:33:00.257 19281 19281 E ArmVmp : Match on catch block at 0xc3 in for 0xa1
03-29 13:33:00.271 19281 19281 E ArmVmp : Match on catch block at 0xc3 in for 0xa1
03-29 13:33:00.275 19281 19281 E ArmVmp : Match on catch block at 0xc3 in for 0xa5
03-29 13:33:00.288 19281 19281 E ArmVmp : Match on catch block at 0xc3 in for 0xa5
03-29 13:33:00.291 19281 19281 E ArmVmp : Match on catch block at 0xc3 in for 0xa9
03-29 13:33:00.304 19281 19281 E ArmVmp : Match on catch block at 0xc3 in for 0xa9
03-29 13:33:00.307 19281 19281 E ArmVmp : Match on catch block at 0xc3 in for 0xa1
03-29 13:33:00.321 19281 19281 E ArmVmp : Match on catch block at 0xc3 in for 0xa1
03-29 13:33:00.325 19281 19281 E ArmVmp : Match on catch block at 0xc3 in for 0xa5
03-29 13:33:00.337 19281 19281 E ArmVmp : Match on catch block at 0xc3 in for 0xa5
03-29 13:33:00.341 19281 19281 E ArmVmp : Match on catch block at 0xc3 in for 0xa9
03-29 13:33:00.354 19281 19281 E ArmVmp : Match on catch block at 0xc3 in for 0xa9
03-29 13:33:00.357 19281 19281 E ArmVmp : Match on catch block at 0xc3 in for 0xa1
03-29 13:33:00.571 19281 19281 E ArmVmp : Match on catch block at 0xc3 in for 0xa1
03-29 13:33:00.578 19281 19281 E ArmVmp : Match on catch block at 0xc3 in for 0xa5
03-29 13:33:00.799 19281 19281 E ArmVmp : Match on catch block at 0xc3 in for 0xa9
03-29 13:33:00.803 19281 19281 E ArmVmp : Match on catch block at 0xc3 in for 0xa1
03-29 13:33:00.821 19281 19281 E ArmVmp : Match on catch block at 0xc3 in for 0xa1
03-29 13:33:00.825 19281 19281 E ArmVmp : Match on catch block at 0xc3 in for 0xa5
03-29 13:33:01.202 19281 19281 E ArmVmp : Match on catch block at 0xc3 in for 0xa9
03-29 13:33:01.206 19281 19281 E ArmVmp : Match on catch block at 0xc3 in for 0xa1
03-29 13:33:01.716 19281 19281 E ArmVmp : Match on catch block at 0xc3 in for 0xa1
03-29 13:33:01.727 19281 19281 E ArmVmp : Match on catch block at 0xc3 in for 0xa5
03-29 13:33:01.980 19281 19281 E ArmVmp : Match on catch block at 0xc3 in for 0xa5
03-29 13:33:01.985 19281 19281 E ArmVmp : Match on catch block at 0xc3 in for 0xa9
03-29 13:33:02.006 19281 19281 E ArmVmp : Match on catch block at 0xc3 in for 0xa5
03-29 13:33:02.010 19281 19281 E ArmVmp : Match on catch block at 0xc3 in for 0xa9
03-29 13:33:02.023 19281 19281 E ArmVmp : Match on catch block at 0xc3 in for 0xa9
03-29 13:33:02.027 19281 19281 E ArmVmp : Match on catch block at 0xc3 in for 0xa1
03-29 13:33:02.040 19281 19281 E ArmVmp : Match on catch block at 0xc3 in for 0xa1
03-29 13:33:02.043 19281 19281 E ArmVmp : Match on catch block at 0xc3 in for 0xa5
03-29 13:33:02.056 19281 19281 E ArmVmp : Match on catch block at 0xc3 in for 0xa5
03-29 13:33:02.060 19281 19281 E ArmVmp : Match on catch block at 0xc3 in for 0xa9
03-29 13:33:02.078 19281 19281 E ArmVmp : Match on catch block at 0xc3 in for 0xa9
03-29 13:33:02.082 19281 19281 E ArmVmp : Match on catch block at 0xc3 in for 0xa1
03-29 13:33:02.101 19281 19281 E ArmVmp : Match on catch block at 0xc3 in for 0xa9
03-29 13:33:02.104 19281 19281 E ArmVmp : Match on catch block at 0xc3 in for 0xa1
03-29 13:33:02.123 19281 19281 E ArmVmp : Match on catch block at 0xc3 in for 0xa1
03-29 13:33:02.127 19281 19281 E ArmVmp : Match on catch block at 0xc3 in for 0xa5
03-29 13:33:02.139 19281 19281 E ArmVmp : Match on catch block at 0xc3 in for 0xa5
03-29 13:33:02.143 19281 19281 E ArmVmp : Match on catch block at 0xc3 in for 0xa9
03-29 13:33:02.156 19281 19281 E ArmVmp : Match on catch block at 0xc3 in for 0xa9
03-29 13:33:02.160 19281 19281 E ArmVmp : Match on catch block at 0xc3 in for 0xa1
03-29 13:33:02.609 19281 19281 E ArmVmp : Match on catch block at 0xc3 in for 0xa9
03-29 13:33:02.614 19281 19281 E ArmVmp : Match on catch block at 0xc3 in for 0xa1
03-29 13:33:02.677 19281 19281 E ArmVmp : Match on catch block at 0xc3 in for 0xa9
03-29 13:33:02.681 19281 19281 E ArmVmp : Match on catch block at 0xc3 in for 0xa1
03-29 13:33:02.726 19281 19281 E ArmVmp : Match on catch block at 0xc3 in for 0xa5
03-29 13:33:02.729 19281 19281 E ArmVmp : Match on catch block at 0xc3 in for 0xa9
03-29 13:33:02.761 19281 19281 E ArmVmp : Match on catch block at 0xc3 in for 0xa1
03-29 13:33:02.764 19281 19281 E ArmVmp : Match on catch block at 0xc3 in for 0xa5
03-29 13:33:02.775 19281 19281 E ArmVmp : Match on catch block at 0xc3 in for 0xa5
03-29 13:33:02.778 19281 19281 E ArmVmp : Match on catch block at 0xc3 in for 0xa9
03-29 13:33:02.791 19281 19281 E ArmVmp : Match on catch block at 0xc3 in for 0xa9
03-29 13:33:02.794 19281 19281 E ArmVmp : Match on catch block at 0xc3 in for 0xa1
03-29 13:33:02.809 19281 19281 E ArmVmp : Match on catch block at 0xc3 in for 0xa1
03-29 13:33:02.812 19281 19281 E ArmVmp : Match on catch block at 0xc3 in for 0xa5
03-29 13:33:02.881 19281 19281 E ArmVmp : Match on catch block at 0xc3 in for 0xa5
03-29 13:33:02.885 19281 19281 E ArmVmp : Match on catch block at 0xc3 in for 0xa9
03-29 13:33:02.904 19281 19281 E ArmVmp : Match on catch block at 0xc3 in for 0xa9
03-29 13:33:02.908 19281 19281 E ArmVmp : Match on catch block at 0xc3 in for 0xa1
03-29 13:33:02.944 19281 19281 E ArmVmp : Match on catch block at 0xc3 in for 0xa5
03-29 13:33:02.948 19281 19281 E ArmVmp : Match on catch block at 0xc3 in for 0xa9
03-29 13:33:02.959 19281 19281 E ArmVmp : Match on catch block at 0xc3 in for 0xa9
03-29 13:33:02.962 19281 19281 E ArmVmp : Match on catch block at 0xc3 in for 0xa1
03-29 13:33:03.007 19281 19281 E ArmVmp : Match on catch block at 0xc3 in for 0xa1
03-29 13:33:03.010 19281 19281 E ArmVmp : Match on catch block at 0xc3 in for 0xa5
03-29 13:33:03.025 19281 19281 E ArmVmp : Match on catch block at 0xc3 in for 0xa5
