03-29 11:25:09.910 13564 13564 E ArmVmp : Match on catch block at 0xc3 in for 0xa5
03-29 11:25:09.928 13564 13564 E ArmVmp : Match on catch block at 0xc3 in for 0xa9
03-29 11:25:09.931 13564 13564 E ArmVmp : Match on catch block at 0xc3 in for 0xa1
03-29 11:25:09.961 13564 13564 E ArmVmp : Match on catch block at 0xc3 in for 0xa5
03-29 11:25:09.965 13564 13564 E ArmVmp : Match on catch block at 0xc3 in for 0xa9
03-29 11:25:09.974 13564 13564 W ResourceType: Bad XML block: header size 18254 or total size 169478669 is larger than data size 853
03-29 11:25:09.981 13564 13564 E ArmVmp : Match on catch block at 0xc3 in for 0xa9
03-29 11:25:09.985 13564 13564 E ArmVmp : Match on catch block at 0xc3 in for 0xa1
03-29 11:25:09.991 13564 13564 E ArmVmp : Match on catch block at 0xc3 in for 0xa9
03-29 11:25:09.995 13564 13564 E ArmVmp : Match on catch block at 0xc3 in for 0xa1
03-29 11:25:09.999 13564 13564 E ArmVmp : Match on catch block at 0xc3 in for 0xa9
03-29 11:25:10.003 13564 13564 E ArmVmp : Match on catch block at 0xc3 in for 0xa1
03-29 11:25:10.014 13564 13564 E ArmVmp : Match on catch block at 0xc3 in for 0xa9
03-29 11:25:10.018 13564 13564 E ArmVmp : Match on catch block at 0xc3 in for 0xa1
03-29 11:25:10.031 13564 13564 E ArmVmp : Match on catch block at 0xc3 in for 0xa9
03-29 11:25:10.035 13564 13564 E ArmVmp : Match on catch block at 0xc3 in for 0xa1
03-29 11:25:10.048 13564 13564 E ArmVmp : Match on catch block at 0xc3 in for 0xa9
03-29 11:25:10.059 13564 13564 E ArmVmp : Match on catch block at 0xc3 in for 0xa1
03-29 11:25:10.065 13564 13564 E ArmVmp : Match on catch block at 0xc3 in for 0xa9
03-29 11:25:10.068 13564 13564 E ArmVmp : Match on catch block at 0xc3 in for 0xa1
03-29 11:25:10.081 13564 13564 E ArmVmp : Match on catch block at 0xc3 in for 0xa9
03-29 11:25:10.085 13564 13564 E ArmVmp : Match on catch block at 0xc3 in for 0xa1
03-29 11:25:10.099 13564 13564 E ArmVmp : Match on catch block at 0xc3 in for 0xa9
03-29 11:25:10.103 13564 13564 E ArmVmp : Match on catch block at 0xc3 in for 0xa1
03-29 11:25:10.115 13564 13564 E ArmVmp : Match on catch block at 0xc3 in for 0xa9
03-29 11:25:10.120 13564 13564 E ArmVmp : Match on catch block at 0xc3 in for 0xa1
03-29 11:25:10.132 13564 13564 E ArmVmp : Match on catch block at 0xc3 in for 0xa9
03-29 11:25:10.138 13564 13564 E ArmVmp : Match on catch block at 0xc3 in for 0xa1
03-29 11:25:10.149 13564 13564 E ArmVmp : Match on catch block at 0xc3 in for 0xa9
03-29 11:25:10.154 13564 13564 E ArmVmp : Match on catch block at 0xc3 in for 0xa1
03-29 11:25:10.166 13564 13564 E ArmVmp : Match on catch block at 0xc3 in for 0xa9
03-29 11:25:10.171 13564 13564 E ArmVmp : Match on catch block at 0xc3 in for 0xa1
03-29 11:25:10.182 13564 13564 E ArmVmp : Match on catch block at 0xc3 in for 0xa9
03-29 11:25:10.187 13564 13564 E ArmVmp : Match on catch block at 0xc3 in for 0xa1
03-29 11:25:10.198 13564 13564 E ArmVmp : Match on catch block at 0xc3 in for 0xa9
03-29 11:25:10.203 13564 13564 E ArmVmp : Match on catch block at 0xc3 in for 0xa1
03-29 11:25:10.216 13564 13564 E ArmVmp : Match on catch block at 0xc3 in for 0xa9
03-29 11:25:10.221 13564 13564 E ArmVmp : Match on catch block at 0xc3 in for 0xa1
03-29 11:25:10.232 13564 13564 E ArmVmp : Match on catch block at 0xc3 in for 0xa9
03-29 11:25:10.236 13564 13564 E ArmVmp : Match on catch block at 0xc3 in for 0xa1
03-29 11:25:10.249 13564 13564 E ArmVmp : Match on catch block at 0xc3 in for 0xa9
03-29 11:25:10.254 13564 13564 E ArmVmp : Match on catch block at 0xc3 in for 0xa1
03-29 11:25:10.266 13564 13564 E ArmVmp : Match on catch block at 0xc3 in for 0xa9
03-29 11:25:10.271 13564 13564 E ArmVmp : Match on catch block at 0xc3 in for 0xa1
03-29 11:25:10.283 13564 13564 E ArmVmp : Match on catch block at 0xc3 in for 0xa9
03-29 11:25:10.288 13564 13564 E ArmVmp : Match on catch block at 0xc3 in for 0xa1
03-29 11:25:10.299 13564 13564 E ArmVmp : Match on catch block at 0xc3 in for 0xa9
03-29 11:25:10.304 13564 13564 E ArmVmp : Match on catch block at 0xc3 in for 0xa1
03-29 11:25:10.387 13564 13564 E ArmVmp : Match on catch block at 0xc3 in for 0xa1
03-29 11:25:10.392 13564 13564 E ArmVmp : Match on catch block at 0xc3 in for 0xa5
03-29 11:25:10.404 13564 13652 W MediaPlayer: Use of stream types is deprecated for operations other than volume control
03-29 11:25:10.404 13564 13652 W MediaPlayer: See the documentation of setAudioStreamType() for what to use instead with android.media.AudioAttributes to qualify your playback use case
03-29 11:25:10.790 13564 13564 E ArmVmp : Match on catch block at 0xc3 in for 0xa5
03-29 11:25:10.795 13564 13564 E ArmVmp : Match on catch block at 0xc3 in for 0xa9
03-29 11:25:10.847 13564 13564 E ArmVmp : Match on catch block at 0xc3 in for 0xa1
03-29 11:25:10.851 13564 13564 E ArmVmp : Match on catch block at 0xc3 in for 0xa5
03-29 11:25:10.864 13564 13564 E ArmVmp : Match on catch block at 0xc3 in for 0xa1
03-29 11:25:10.867 13564 13564 E ArmVmp : Match on catch block at 0xc3 in for 0xa5
03-29 11:25:10.878 13564 13564 E ArmVmp : Match on catch block at 0xc3 in for 0xa5
03-29 11:25:10.882 13564 13564 E ArmVmp : Match on catch block at 0xc3 in for 0xa9
03-29 11:25:10.887 13564 13564 E ArmVmp : Match on catch block at 0xc3 in for 0xa5
03-29 11:25:10.891 13564 13564 E ArmVmp : Match on catch block at 0xc3 in for 0xa9
03-29 11:25:10.900 13564 13564 E ArmVmp : Match on catch block at 0xc3 in for 0xa5
03-29 11:25:10.904 13564 13564 E ArmVmp : Match on catch block at 0xc3 in for 0xa9
03-29 11:25:10.917 13564 13564 E ArmVmp : Match on catch block at 0xc3 in for 0xa5
03-29 11:25:10.922 13564 13564 E ArmVmp : Match on catch block at 0xc3 in for 0xa9
03-29 11:25:10.935 13564 13564 E ArmVmp : Match on catch block at 0xc3 in for 0xa5
03-29 11:25:10.939 13564 13564 E ArmVmp : Match on catch block at 0xc3 in for 0xa9
03-29 11:25:10.950 13564 13564 E ArmVmp : Match on catch block at 0xc3 in for 0xa5
03-29 11:25:10.955 13564 13564 E ArmVmp : Match on catch block at 0xc3 in for 0xa9
03-29 11:25:10.968 13564 13564 E ArmVmp : Match on catch block at 0xc3 in for 0xa5
03-29 11:25:10.973 13564 13564 E ArmVmp : Match on catch block at 0xc3 in for 0xa9
03-29 11:25:10.984 13564 13564 E ArmVmp : Match on catch block at 0xc3 in for 0xa5
03-29 11:25:10.989 13564 13564 E ArmVmp : Match on catch block at 0xc3 in for 0xa9
03-29 11:25:11.001 13564 13564 E ArmVmp : Match on catch block at 0xc3 in for 0xa5
03-29 11:25:11.006 13564 13564 E ArmVmp : Match on catch block at 0xc3 in for 0xa9
03-29 11:25:11.018 13564 13564 E ArmVmp : Match on catch block at 0xc3 in for 0xa5
03-29 11:25:11.022 13564 13564 E ArmVmp : Match on catch block at 0xc3 in for 0xa9
03-29 11:25:11.034 13564 13564 E ArmVmp : Match on catch block at 0xc3 in for 0xa5
03-29 11:25:11.039 13564 13564 E ArmVmp : Match on catch block at 0xc3 in for 0xa9
03-29 11:25:11.052 13564 13564 E ArmVmp : Match on catch block at 0xc3 in for 0xa5
03-29 11:25:11.057 13564 13564 E ArmVmp : Match on catch block at 0xc3 in for 0xa9
03-29 11:25:11.067 13564 13564 E ArmVmp : Match on catch block at 0xc3 in for 0xa5
03-29 11:25:11.071 13564 13564 E ArmVmp : Match on catch block at 0xc3 in for 0xa9
03-29 11:25:11.085 13564 13564 E ArmVmp : Match on catch block at 0xc3 in for 0xa5
03-29 11:25:11.089 13564 13564 E ArmVmp : Match on catch block at 0xc3 in for 0xa9
03-29 11:25:11.102 13564 13564 E ArmVmp : Match on catch block at 0xc3 in for 0xa5
03-29 11:25:11.106 13564 13564 E ArmVmp : Match on catch block at 0xc3 in for 0xa9
03-29 11:25:11.118 13564 13564 E ArmVmp : Match on catch block at 0xc3 in for 0xa5
03-29 11:25:11.122 13564 13564 E ArmVmp : Match on catch block at 0xc3 in for 0xa9
03-29 11:25:11.135 13564 13564 E ArmVmp : Match on catch block at 0xc3 in for 0xa5
03-29 11:25:11.139 13564 13564 E ArmVmp : Match on catch block at 0xc3 in for 0xa9
03-29 11:25:11.151 13564 13564 E ArmVmp : Match on catch block at 0xc3 in for 0xa5
03-29 11:25:11.156 13564 13564 E ArmVmp : Match on catch block at 0xc3 in for 0xa9
03-29 11:25:11.168 13564 13564 E ArmVmp : Match on catch block at 0xc3 in for 0xa5
03-29 11:25:11.172 13564 13564 E ArmVmp : Match on catch block at 0xc3 in for 0xa9
03-29 11:25:11.185 13564 13564 E ArmVmp : Match on catch block at 0xc3 in for 0xa5
03-29 11:25:11.190 13564 13564 E ArmVmp : Match on catch block at 0xc3 in for 0xa9
03-29 11:25:11.202 13564 13564 E ArmVmp : Match on catch block at 0xc3 in for 0xa5
03-29 11:25:11.206 13564 13564 E ArmVmp : Match on catch block at 0xc3 in for 0xa9
03-29 11:25:11.230 13564 13564 E ArmVmp : Match on catch block at 0xc3 in for 0xa5
03-29 11:25:11.235 13564 13564 E ArmVmp : Match on catch block at 0xc3 in for 0xa9
03-29 11:25:11.370 13564 13564 E ArmVmp : Match on catch block at 0xc3 in for 0xa1
03-29 11:25:11.375 13564 13564 E ArmVmp : Match on catch block at 0xc3 in for 0xa5
03-29 11:25:11.870 13564 13564 E ArmVmp : Match on catch block at 0xc3 in for 0xa1
03-29 11:25:11.875 13564 13564 E ArmVmp : Match on catch block at 0xc3 in for 0xa5
03-29 11:25:12.384 13564 13564 E ArmVmp : Match on catch block at 0xc3 in for 0xa1
03-29 11:25:12.399 13564 13564 E ArmVmp : Match on catch block at 0xc3 in for 0xa5
03-29 11:25:12.881 13564 13564 E ArmVmp : Match on catch block at 0xc3 in for 0xa1
03-29 11:25:12.893 13564 13564 E ArmVmp : Match on catch block at 0xc3 in for 0xa5
03-29 11:25:13.395 13564 13564 E ArmVmp : Match on catch block at 0xc3 in for 0xa9
03-29 11:25:13.399 13564 13564 E ArmVmp : Match on catch block at 0xc3 in for 0xa1
03-29 11:25:13.892 13564 13564 E ArmVmp : Match on catch block at 0xc3 in for 0xa9
03-29 11:25:13.898 13564 13564 E ArmVmp : Match on catch block at 0xc3 in for 0xa1
03-29 11:25:14.402 13564 13564 E ArmVmp : Match on catch block at 0xc3 in for 0xa9
03-29 11:25:14.425 13564 13564 E ArmVmp : Match on catch block at 0xc3 in for 0xa1
03-29 11:25:14.895 13564 13564 E ArmVmp : Match on catch block at 0xc3 in for 0xa9
03-29 11:25:14.899 13564 13564 E ArmVmp : Match on catch block at 0xc3 in for 0xa1
03-29 11:25:15.414 13564 13564 E ArmVmp : Match on catch block at 0xc3 in for 0xa5
03-29 11:25:15.419 13564 13564 E ArmVmp : Match on catch block at 0xc3 in for 0xa9
03-29 11:25:15.914 13564 13564 E ArmVmp : Match on catch block at 0xc3 in for 0xa5
03-29 11:25:15.925 13564 13564 E ArmVmp : Match on catch block at 0xc3 in for 0xa9
03-29 11:25:16.090 13564 13564 E ArmVmp : Match on catch block at 0xc3 in for 0xa9
03-29 11:25:16.098 13564 13564 E ArmVmp : Match on catch block at 0xc3 in for 0xa1
03-29 11:25:16.255 13564 13564 W ResourceType: Bad XML block: header size 18254 or total size 169478669 is larger than data size 853
03-29 11:25:16.304 13564 13564 E ArmVmp : Match on catch block at 0xc3 in for 0xa9
03-29 11:25:16.307 13564 13564 E ArmVmp : Match on catch block at 0xc3 in for 0xa1
03-29 11:25:16.318 13564 13652 W MediaPlayer: Use of stream types is deprecated for operations other than volume control
03-29 11:25:16.318 13564 13652 W MediaPlayer: See the documentation of setAudioStreamType() for what to use instead with android.media.AudioAttributes to qualify your playback use case
03-29 11:25:16.328 13564 13564 E ArmVmp : Match on catch block at 0xc3 in for 0xa1
03-29 11:25:16.334 13564 13564 E ArmVmp : Match on catch block at 0xc3 in for 0xa5
03-29 11:25:16.348 13564 13564 E ArmVmp : Match on catch block at 0xc3 in for 0xa5
03-29 11:25:16.351 13564 13564 E ArmVmp : Match on catch block at 0xc3 in for 0xa9
03-29 11:25:16.385 13564 13564 E ArmVmp : Match on catch block at 0xc3 in for 0xa5
03-29 11:25:16.388 13564 13564 E ArmVmp : Match on catch block at 0xc3 in for 0xa9
03-29 11:25:16.401 13564 13564 E ArmVmp : Match on catch block at 0xc3 in for 0xa5
03-29 11:25:16.404 13564 13564 E ArmVmp : Match on catch block at 0xc3 in for 0xa9
03-29 11:25:16.414 13564 13564 E ArmVmp : Match on catch block at 0xc3 in for 0xa1
03-29 11:25:16.417 13564 13564 E ArmVmp : Match on catch block at 0xc3 in for 0xa5
03-29 11:25:16.431 13564 13564 E ArmVmp : Match on catch block at 0xc3 in for 0xa9
03-29 11:25:16.434 13564 13564 E ArmVmp : Match on catch block at 0xc3 in for 0xa1
03-29 11:25:16.447 13564 13564 E ArmVmp : Match on catch block at 0xc3 in for 0xa9
03-29 11:25:16.451 13564 13564 E ArmVmp : Match on catch block at 0xc3 in for 0xa1
03-29 11:25:16.465 13564 13564 E ArmVmp : Match on catch block at 0xc3 in for 0xa9
03-29 11:25:16.470 13564 13564 E ArmVmp : Match on catch block at 0xc3 in for 0xa1
03-29 11:25:16.481 13564 13564 E ArmVmp : Match on catch block at 0xc3 in for 0xa5
03-29 11:25:16.486 13564 13564 E ArmVmp : Match on catch block at 0xc3 in for 0xa9
03-29 11:25:16.497 13564 13564 E ArmVmp : Match on catch block at 0xc3 in for 0xa1
03-29 11:25:16.500 13564 13564 E ArmVmp : Match on catch block at 0xc3 in for 0xa5
03-29 11:25:16.514 13564 13564 E ArmVmp : Match on catch block at 0xc3 in for 0xa9
03-29 11:25:16.516 13564 13564 E ArmVmp : Match on catch block at 0xc3 in for 0xa1
03-29 11:25:16.531 13564 13564 E ArmVmp : Match on catch block at 0xc3 in for 0xa5
03-29 11:25:16.533 13564 13564 E ArmVmp : Match on catch block at 0xc3 in for 0xa9
03-29 11:25:16.548 13564 13564 E ArmVmp : Match on catch block at 0xc3 in for 0xa1
03-29 11:25:16.552 13564 13564 E ArmVmp : Match on catch block at 0xc3 in for 0xa5
03-29 11:25:16.564 13564 13564 E ArmVmp : Match on catch block at 0xc3 in for 0xa1
03-29 11:25:16.567 13564 13564 E ArmVmp : Match on catch block at 0xc3 in for 0xa5
03-29 11:25:16.617 13564 13564 E ArmVmp : Match on catch block at 0xc3 in for 0xa9
03-29 11:25:16.621 13564 13564 E ArmVmp : Match on catch block at 0xc3 in for 0xa1
03-29 11:25:16.815 13564 13564 E ArmVmp : Match on catch block at 0xc3 in for 0xa1
03-29 11:25:16.819 13564 13564 E ArmVmp : Match on catch block at 0xc3 in for 0xa5
03-29 11:25:16.883 13564 13564 E ArmVmp : Match on catch block at 0xc3 in for 0xa9
03-29 11:25:16.889 13564 13564 E ArmVmp : Match on catch block at 0xc3 in for 0xa1
03-29 11:25:16.917 13564 13564 E ArmVmp : Match on catch block at 0xc3 in for 0xa5
03-29 11:25:16.922 13564 13564 E ArmVmp : Match on catch block at 0xc3 in for 0xa9
03-29 11:25:17.433 13564 13564 E ArmVmp : Match on catch block at 0xc3 in for 0xa5
03-29 11:25:17.438 13564 13564 E ArmVmp : Match on catch block at 0xc3 in for 0xa9
03-29 11:25:17.587 13564 13564 E ArmVmp : Match on catch block at 0xc3 in for 0xa5
03-29 11:25:17.594 13564 13564 E ArmVmp : Match on catch block at 0xc3 in for 0xa9
03-29 11:25:17.613 13564 13564 E ArmVmp : Match on catch block at 0xc3 in for 0xa5
03-29 11:25:17.618 13564 13564 E ArmVmp : Match on catch block at 0xc3 in for 0xa9
03-29 11:25:17.627 13564 13564 E ArmVmp : Match on catch block at 0xc3 in for 0xa5
03-29 11:25:17.631 13564 13564 E ArmVmp : Match on catch block at 0xc3 in for 0xa9
03-29 11:25:17.641 13564 13564 E ArmVmp : Match on catch block at 0xc3 in for 0xa5
03-29 11:25:17.644 13564 13564 E ArmVmp : Match on catch block at 0xc3 in for 0xa9
03-29 11:25:17.655 13564 13564 E ArmVmp : Match on catch block at 0xc3 in for 0xa5
03-29 11:25:17.659 13564 13564 E ArmVmp : Match on catch block at 0xc3 in for 0xa9
03-29 11:25:17.671 13564 13564 E ArmVmp : Match on catch block at 0xc3 in for 0xa5
03-29 11:25:17.674 13564 13564 E ArmVmp : Match on catch block at 0xc3 in for 0xa9
03-29 11:25:17.690 13564 13564 E ArmVmp : Match on catch block at 0xc3 in for 0xa5
03-29 11:25:17.694 13564 13564 E ArmVmp : Match on catch block at 0xc3 in for 0xa9
03-29 11:25:17.706 13564 13564 E ArmVmp : Match on catch block at 0xc3 in for 0xa5
03-29 11:25:17.711 13564 13564 E ArmVmp : Match on catch block at 0xc3 in for 0xa9
03-29 11:25:17.723 13564 13564 E ArmVmp : Match on catch block at 0xc3 in for 0xa5
03-29 11:25:17.727 13564 13564 E ArmVmp : Match on catch block at 0xc3 in for 0xa9
03-29 11:25:17.740 13564 13564 E ArmVmp : Match on catch block at 0xc3 in for 0xa5
03-29 11:25:17.744 13564 13564 E ArmVmp : Match on catch block at 0xc3 in for 0xa9
03-29 11:25:17.761 13564 13564 E ArmVmp : Match on catch block at 0xc3 in for 0xa5
03-29 11:25:17.766 13564 13564 E ArmVmp : Match on catch block at 0xc3 in for 0xa9
03-29 11:25:17.782 13564 13564 E ArmVmp : Match on catch block at 0xc3 in for 0xa5
03-29 11:25:17.787 13564 13564 E ArmVmp : Match on catch block at 0xc3 in for 0xa9
03-29 11:25:17.799 13564 13564 E ArmVmp : Match on catch block at 0xc3 in for 0xa5
03-29 11:25:17.803 13564 13564 E ArmVmp : Match on catch block at 0xc3 in for 0xa9
03-29 11:25:17.812 13564 13564 E ArmVmp : Match on catch block at 0xc3 in for 0xa5
03-29 11:25:17.816 13564 13564 E ArmVmp : Match on catch block at 0xc3 in for 0xa9
03-29 11:25:17.828 13564 13564 E ArmVmp : Match on catch block at 0xc3 in for 0xa5
03-29 11:25:17.832 13564 13564 E ArmVmp : Match on catch block at 0xc3 in for 0xa9
03-29 11:25:17.843 13564 13564 E ArmVmp : Match on catch block at 0xc3 in for 0xa5
03-29 11:25:17.847 13564 13564 E ArmVmp : Match on catch block at 0xc3 in for 0xa9
03-29 11:25:17.917 13564 13564 E ArmVmp : Match on catch block at 0xc3 in for 0xa1
03-29 11:25:17.922 13564 13564 E ArmVmp : Match on catch block at 0xc3 in for 0xa5
03-29 11:25:17.971 13564 13564 E ArmVmp : Match on catch block at 0xc3 in for 0xa1
03-29 11:25:17.975 13564 13564 E ArmVmp : Match on catch block at 0xc3 in for 0xa5
03-29 11:25:17.987 13564 13564 E ArmVmp : Match on catch block at 0xc3 in for 0xa1
03-29 11:25:17.991 13564 13564 E ArmVmp : Match on catch block at 0xc3 in for 0xa5
03-29 11:25:18.002 13564 13564 E ArmVmp : Match on catch block at 0xc3 in for 0xa1
03-29 11:25:18.005 13564 13564 E ArmVmp : Match on catch block at 0xc3 in for 0xa5
03-29 11:25:18.019 13564 13564 E ArmVmp : Match on catch block at 0xc3 in for 0xa1
03-29 11:25:18.022 13564 13564 E ArmVmp : Match on catch block at 0xc3 in for 0xa5
03-29 11:25:18.038 13564 13564 E ArmVmp : Match on catch block at 0xc3 in for 0xa1
03-29 11:25:18.041 13564 13564 E ArmVmp : Match on catch block at 0xc3 in for 0xa5
03-29 11:25:18.052 13564 13564 E ArmVmp : Match on catch block at 0xc3 in for 0xa1
03-29 11:25:18.055 13564 13564 E ArmVmp : Match on catch block at 0xc3 in for 0xa5
03-29 11:25:18.069 13564 13564 E ArmVmp : Match on catch block at 0xc3 in for 0xa1
03-29 11:25:18.073 13564 13564 E ArmVmp : Match on catch block at 0xc3 in for 0xa5
03-29 11:25:18.085 13564 13564 E ArmVmp : Match on catch block at 0xc3 in for 0xa1
03-29 11:25:18.088 13564 13564 E ArmVmp : Match on catch block at 0xc3 in for 0xa5
03-29 11:25:18.103 13564 13564 E ArmVmp : Match on catch block at 0xc3 in for 0xa1
03-29 11:25:18.107 13564 13564 E ArmVmp : Match on catch block at 0xc3 in for 0xa5
03-29 11:25:18.120 13564 13564 E ArmVmp : Match on catch block at 0xc3 in for 0xa1
03-29 11:25:18.123 13564 13564 E ArmVmp : Match on catch block at 0xc3 in for 0xa5
03-29 11:25:18.135 13564 13564 E ArmVmp : Match on catch block at 0xc3 in for 0xa1
03-29 11:25:18.138 13564 13564 E ArmVmp : Match on catch block at 0xc3 in for 0xa5
03-29 11:25:18.153 13564 13564 E ArmVmp : Match on catch block at 0xc3 in for 0xa1
03-29 11:25:18.156 13564 13564 E ArmVmp : Match on catch block at 0xc3 in for 0xa5
03-29 11:25:18.170 13564 13564 E ArmVmp : Match on catch block at 0xc3 in for 0xa1
03-29 11:25:18.173 13564 13564 E ArmVmp : Match on catch block at 0xc3 in for 0xa5
03-29 11:25:18.186 13564 13564 E ArmVmp : Match on catch block at 0xc3 in for 0xa1
03-29 11:25:18.190 13564 13564 E ArmVmp : Match on catch block at 0xc3 in for 0xa5
03-29 11:25:18.202 13564 13564 E ArmVmp : Match on catch block at 0xc3 in for 0xa1
03-29 11:25:18.205 13564 13564 E ArmVmp : Match on catch block at 0xc3 in for 0xa5
03-29 11:25:18.219 13564 13564 E ArmVmp : Match on catch block at 0xc3 in for 0xa1
03-29 11:25:18.222 13564 13564 E ArmVmp : Match on catch block at 0xc3 in for 0xa5
03-29 11:25:18.236 13564 13564 E ArmVmp : Match on catch block at 0xc3 in for 0xa1
03-29 11:25:18.239 13564 13564 E ArmVmp : Match on catch block at 0xc3 in for 0xa5
03-29 11:25:18.254 13564 13564 E ArmVmp : Match on catch block at 0xc3 in for 0xa1
03-29 11:25:18.256 13564 13564 E ArmVmp : Match on catch block at 0xc3 in for 0xa5
03-29 11:25:18.270 13564 13564 E ArmVmp : Match on catch block at 0xc3 in for 0xa1
03-29 11:25:18.273 13564 13564 E ArmVmp : Match on catch block at 0xc3 in for 0xa5
03-29 11:25:18.304 13564 13564 E ArmVmp : Match on catch block at 0xc3 in for 0xa1
03-29 11:25:18.309 13564 13564 E ArmVmp : Match on catch block at 0xc3 in for 0xa5
03-29 11:25:18.336 13564 13564 E ArmVmp : Match on catch block at 0xc3 in for 0xa1
03-29 11:25:18.339 13564 13564 E ArmVmp : Match on catch block at 0xc3 in for 0xa5
03-29 11:25:18.353 13564 13564 E ArmVmp : Match on catch block at 0xc3 in for 0xa1
03-29 11:25:18.356 13564 13564 E ArmVmp : Match on catch block at 0xc3 in for 0xa5
03-29 11:25:18.370 13564 13564 E ArmVmp : Match on catch block at 0xc3 in for 0xa1
03-29 11:25:18.373 13564 13564 E ArmVmp : Match on catch block at 0xc3 in for 0xa5
03-29 11:25:18.387 13564 13564 E ArmVmp : Match on catch block at 0xc3 in for 0xa1
03-29 11:25:18.390 13564 13564 E ArmVmp : Match on catch block at 0xc3 in for 0xa5
03-29 11:25:18.420 13564 13564 E ArmVmp : Match on catch block at 0xc3 in for 0xa1
03-29 11:25:18.425 13564 13564 E ArmVmp : Match on catch block at 0xc3 in for 0xa5
03-29 11:25:18.435 13564 13564 E ArmVmp : Match on catch block at 0xc3 in for 0xa1
03-29 11:25:18.439 13564 13564 E ArmVmp : Match on catch block at 0xc3 in for 0xa5
03-29 11:25:18.470 13564 13564 E ArmVmp : Match on catch block at 0xc3 in for 0xa1
03-29 11:25:18.474 13564 13564 E ArmVmp : Match on catch block at 0xc3 in for 0xa5
03-29 11:25:18.531 13564 13564 E ArmVmp : Match on catch block at 0xc3 in for 0xa5
03-29 11:25:18.533 13564 13564 E ArmVmp : Match on catch block at 0xc3 in for 0xa9
03-29 11:25:18.550 13564 13564 E ArmVmp : Match on catch block at 0xc3 in for 0xa5
03-29 11:25:18.552 13564 13564 E ArmVmp : Match on catch block at 0xc3 in for 0xa9
03-29 11:25:18.558 13564 13564 E ArmVmp : Match on catch block at 0xc3 in for 0xa5
03-29 11:25:18.561 13564 13564 E ArmVmp : Match on catch block at 0xc3 in for 0xa9
03-29 11:25:18.568 13564 13564 E ArmVmp : Match on catch block at 0xc3 in for 0xa5
03-29 11:25:18.571 13564 13564 E ArmVmp : Match on catch block at 0xc3 in for 0xa9
03-29 11:25:18.585 13564 13564 E ArmVmp : Match on catch block at 0xc3 in for 0xa5
03-29 11:25:18.588 13564 13564 E ArmVmp : Match on catch block at 0xc3 in for 0xa9
03-29 11:25:18.602 13564 13564 E ArmVmp : Match on catch block at 0xc3 in for 0xa5
03-29 11:25:18.605 13564 13564 E ArmVmp : Match on catch block at 0xc3 in for 0xa9
03-29 11:25:18.618 13564 13564 E ArmVmp : Match on catch block at 0xc3 in for 0xa5
03-29 11:25:18.622 13564 13564 E ArmVmp : Match on catch block at 0xc3 in for 0xa9
03-29 11:25:18.635 13564 13564 E ArmVmp : Match on catch block at 0xc3 in for 0xa5
03-29 11:25:18.638 13564 13564 E ArmVmp : Match on catch block at 0xc3 in for 0xa9
03-29 11:25:18.652 13564 13564 E ArmVmp : Match on catch block at 0xc3 in for 0xa5
03-29 11:25:18.655 13564 13564 E ArmVmp : Match on catch block at 0xc3 in for 0xa9
03-29 11:25:18.670 13564 13564 E ArmVmp : Match on catch block at 0xc3 in for 0xa5
03-29 11:25:18.673 13564 13564 E ArmVmp : Match on catch block at 0xc3 in for 0xa9
03-29 11:25:18.685 13564 13564 E ArmVmp : Match on catch block at 0xc3 in for 0xa5
03-29 11:25:18.688 13564 13564 E ArmVmp : Match on catch block at 0xc3 in for 0xa9
03-29 11:25:18.702 13564 13564 E ArmVmp : Match on catch block at 0xc3 in for 0xa5
03-29 11:25:18.705 13564 13564 E ArmVmp : Match on catch block at 0xc3 in for 0xa9
03-29 11:25:18.719 13564 13564 E ArmVmp : Match on catch block at 0xc3 in for 0xa5
03-29 11:25:18.723 13564 13564 E ArmVmp : Match on catch block at 0xc3 in for 0xa9
03-29 11:25:18.735 13564 13564 E ArmVmp : Match on catch block at 0xc3 in for 0xa5
03-29 11:25:18.739 13564 13564 E ArmVmp : Match on catch block at 0xc3 in for 0xa9
03-29 11:25:18.752 13564 13564 E ArmVmp : Match on catch block at 0xc3 in for 0xa5
03-29 11:25:18.755 13564 13564 E ArmVmp : Match on catch block at 0xc3 in for 0xa9
03-29 11:25:18.769 13564 13564 E ArmVmp : Match on catch block at 0xc3 in for 0xa5
03-29 11:25:18.772 13564 13564 E ArmVmp : Match on catch block at 0xc3 in for 0xa9
03-29 11:25:18.794 13564 13564 E ArmVmp : Match on catch block at 0xc3 in for 0xa9
03-29 11:25:18.797 13564 13564 E ArmVmp : Match on catch block at 0xc3 in for 0xa1
03-29 11:25:18.803 13564 13564 E ArmVmp : Match on catch block at 0xc3 in for 0xa9
03-29 11:25:18.807 13564 13564 E ArmVmp : Match on catch block at 0xc3 in for 0xa1
03-29 11:25:18.919 13564 13564 E ArmVmp : Match on catch block at 0xc3 in for 0xa9
03-29 11:25:18.923 13564 13564 E ArmVmp : Match on catch block at 0xc3 in for 0xa1
03-29 11:25:19.279 13564 13564 E ArmVmp : Match on catch block at 0xc3 in for 0xa9
03-29 11:25:19.289 13564 13564 E ArmVmp : Match on catch block at 0xc3 in for 0xa1
03-29 11:25:19.305 13564 13564 E ArmVmp : Match on catch block at 0xc3 in for 0xa9
03-29 11:25:19.310 13564 13564 E ArmVmp : Match on catch block at 0xc3 in for 0xa1
03-29 11:25:19.322 13564 13564 E ArmVmp : Match on catch block at 0xc3 in for 0xa9
03-29 11:25:19.327 13564 13564 E ArmVmp : Match on catch block at 0xc3 in for 0xa1
03-29 11:25:19.338 13564 13564 E ArmVmp : Match on catch block at 0xc3 in for 0xa9
03-29 11:25:19.343 13564 13564 E ArmVmp : Match on catch block at 0xc3 in for 0xa1
03-29 11:25:19.373 13564 13564 E ArmVmp : Match on catch block at 0xc3 in for 0xa9
03-29 11:25:19.377 13564 13564 E ArmVmp : Match on catch block at 0xc3 in for 0xa1
03-29 11:25:19.388 13564 13564 E ArmVmp : Match on catch block at 0xc3 in for 0xa9
03-29 11:25:19.392 13564 13564 E ArmVmp : Match on catch block at 0xc3 in for 0xa1
03-29 11:25:19.404 13564 13564 E ArmVmp : Match on catch block at 0xc3 in for 0xa9
03-29 11:25:19.411 13564 13564 E ArmVmp : Match on catch block at 0xc3 in for 0xa1
03-29 11:25:19.421 13564 13564 E ArmVmp : Match on catch block at 0xc3 in for 0xa9
03-29 11:25:19.425 13564 13564 E ArmVmp : Match on catch block at 0xc3 in for 0xa1
03-29 11:25:19.437 13564 13564 E ArmVmp : Match on catch block at 0xc3 in for 0xa9
03-29 11:25:19.441 13564 13564 E ArmVmp : Match on catch block at 0xc3 in for 0xa1
03-29 11:25:19.454 13564 13564 E ArmVmp : Match on catch block at 0xc3 in for 0xa9
03-29 11:25:19.460 13564 13564 E ArmVmp : Match on catch block at 0xc3 in for 0xa1
03-29 11:25:19.471 13564 13564 E ArmVmp : Match on catch block at 0xc3 in for 0xa9
03-29 11:25:19.475 13564 13564 E ArmVmp : Match on catch block at 0xc3 in for 0xa1
03-29 11:25:19.487 13564 13564 E ArmVmp : Match on catch block at 0xc3 in for 0xa9
03-29 11:25:19.490 13564 13564 E ArmVmp : Match on catch block at 0xc3 in for 0xa1
03-29 11:25:19.504 13564 13564 E ArmVmp : Match on catch block at 0xc3 in for 0xa9
03-29 11:25:19.508 13564 13564 E ArmVmp : Match on catch block at 0xc3 in for 0xa1
03-29 11:25:19.521 13564 13564 E ArmVmp : Match on catch block at 0xc3 in for 0xa9
03-29 11:25:19.524 13564 13564 E ArmVmp : Match on catch block at 0xc3 in for 0xa1
03-29 11:25:19.537 13564 13564 E ArmVmp : Match on catch block at 0xc3 in for 0xa9
03-29 11:25:19.541 13564 13564 E ArmVmp : Match on catch block at 0xc3 in for 0xa1
03-29 11:25:19.607 13564 13564 E ArmVmp : Match on catch block at 0xc3 in for 0xa5
03-29 11:25:19.611 13564 13564 E ArmVmp : Match on catch block at 0xc3 in for 0xa9
03-29 11:25:19.621 13564 13564 E ArmVmp : Match on catch block at 0xc3 in for 0xa5
03-29 11:25:19.626 13564 13564 E ArmVmp : Match on catch block at 0xc3 in for 0xa9
03-29 11:25:19.939 13564 13564 E ArmVmp : Match on catch block at 0xc3 in for 0xa5
03-29 11:25:19.943 13564 13564 E ArmVmp : Match on catch block at 0xc3 in for 0xa9
03-29 11:25:20.440 13564 13564 E ArmVmp : Match on catch block at 0xc3 in for 0xa5
03-29 11:25:20.444 13564 13564 E ArmVmp : Match on catch block at 0xc3 in for 0xa9
03-29 11:25:20.532 13564 13564 E ArmVmp : Match on catch block at 0xc3 in for 0xa5
03-29 11:25:20.535 13564 13564 E ArmVmp : Match on catch block at 0xc3 in for 0xa9
03-29 11:25:20.552 13564 13564 E ArmVmp : Match on catch block at 0xc3 in for 0xa1
03-29 11:25:20.555 13564 13564 E ArmVmp : Match on catch block at 0xc3 in for 0xa5
03-29 11:25:20.573 13564 13564 E ArmVmp : Match on catch block at 0xc3 in for 0xa1
03-29 11:25:20.576 13564 13564 E ArmVmp : Match on catch block at 0xc3 in for 0xa5
03-29 11:25:20.590 13564 13564 E ArmVmp : Match on catch block at 0xc3 in for 0xa1
03-29 11:25:20.594 13564 13564 E ArmVmp : Match on catch block at 0xc3 in for 0xa5
03-29 11:25:20.607 13564 13564 E ArmVmp : Match on catch block at 0xc3 in for 0xa1
03-29 11:25:20.611 13564 13564 E ArmVmp : Match on catch block at 0xc3 in for 0xa5
03-29 11:25:20.624 13564 13564 E ArmVmp : Match on catch block at 0xc3 in for 0xa1
03-29 11:25:20.628 13564 13564 E ArmVmp : Match on catch block at 0xc3 in for 0xa5
03-29 11:25:20.646 13564 13564 E ArmVmp : Match on catch block at 0xc3 in for 0xa1
03-29 11:25:20.649 13564 13564 E ArmVmp : Match on catch block at 0xc3 in for 0xa5
03-29 11:25:20.658 13564 13564 E ArmVmp : Match on catch block at 0xc3 in for 0xa1
03-29 11:25:20.662 13564 13564 E ArmVmp : Match on catch block at 0xc3 in for 0xa5
03-29 11:25:20.674 13564 13564 E ArmVmp : Match on catch block at 0xc3 in for 0xa1
03-29 11:25:20.678 13564 13564 E ArmVmp : Match on catch block at 0xc3 in for 0xa5
03-29 11:25:20.690 13564 13564 E ArmVmp : Match on catch block at 0xc3 in for 0xa1
03-29 11:25:20.694 13564 13564 E ArmVmp : Match on catch block at 0xc3 in for 0xa5
03-29 11:25:20.708 13564 13564 E ArmVmp : Match on catch block at 0xc3 in for 0xa1
03-29 11:25:20.711 13564 13564 E ArmVmp : Match on catch block at 0xc3 in for 0xa5
03-29 11:25:20.724 13564 13564 E ArmVmp : Match on catch block at 0xc3 in for 0xa1
03-29 11:25:20.728 13564 13564 E ArmVmp : Match on catch block at 0xc3 in for 0xa5
03-29 11:25:21.028 13564 13564 E ArmVmp : Match on catch block at 0xc3 in for 0xa1
03-29 11:25:21.033 13564 13564 E ArmVmp : Match on catch block at 0xc3 in for 0xa5
03-29 11:25:21.394 13564 13564 E ArmVmp : Match on catch block at 0xc3 in for 0xa5
03-29 11:25:21.400 13564 13564 E ArmVmp : Match on catch block at 0xc3 in for 0xa9
03-29 11:25:21.454 13564 13564 E ArmVmp : Match on catch block at 0xc3 in for 0xa9
03-29 11:25:21.458 13564 13564 E ArmVmp : Match on catch block at 0xc3 in for 0xa1
03-29 11:25:21.489 13564 13564 E ArmVmp : Match on catch block at 0xc3 in for 0xa1
03-29 11:25:21.493 13564 13564 E ArmVmp : Match on catch block at 0xc3 in for 0xa5
03-29 11:25:21.534 13564 13564 E ArmVmp : Match on catch block at 0xc3 in for 0xa5
03-29 11:25:21.538 13564 13564 E ArmVmp : Match on catch block at 0xc3 in for 0xa9
03-29 11:25:21.552 13564 13564 E ArmVmp : Match on catch block at 0xc3 in for 0xa1
03-29 11:25:21.555 13564 13564 E ArmVmp : Match on catch block at 0xc3 in for 0xa5
03-29 11:25:21.576 13564 13564 E ArmVmp : Match on catch block at 0xc3 in for 0xa9
03-29 11:25:21.580 13564 13564 E ArmVmp : Match on catch block at 0xc3 in for 0xa1
03-29 11:25:21.592 13564 13564 E ArmVmp : Match on catch block at 0xc3 in for 0xa9
03-29 11:25:21.595 13564 13564 E ArmVmp : Match on catch block at 0xc3 in for 0xa1
03-29 11:25:21.609 13564 13564 E ArmVmp : Match on catch block at 0xc3 in for 0xa9
03-29 11:25:21.612 13564 13564 E ArmVmp : Match on catch block at 0xc3 in for 0xa1
03-29 11:25:21.626 13564 13564 E ArmVmp : Match on catch block at 0xc3 in for 0xa9
03-29 11:25:21.630 13564 13564 E ArmVmp : Match on catch block at 0xc3 in for 0xa1
03-29 11:25:21.743 13564 13564 E ArmVmp : Match on catch block at 0xc3 in for 0xa9
03-29 11:25:21.747 13564 13564 E ArmVmp : Match on catch block at 0xc3 in for 0xa1
03-29 11:25:21.755 13564 13564 E ArmVmp : Match on catch block at 0xc3 in for 0xa9
03-29 11:25:21.760 13564 13564 E ArmVmp : Match on catch block at 0xc3 in for 0xa1
03-29 11:25:21.929 13564 13564 E ArmVmp : Match on catch block at 0xc3 in for 0xa9
03-29 11:25:21.933 13564 13564 E ArmVmp : Match on catch block at 0xc3 in for 0xa1
03-29 11:25:22.116 13564 13564 E ArmVmp : Match on catch block at 0xc3 in for 0xa5
03-29 11:25:22.121 13564 13564 E ArmVmp : Match on catch block at 0xc3 in for 0xa9
03-29 11:25:22.138 13564 13652 W MediaPlayer: Use of stream types is deprecated for operations other than volume control
03-29 11:25:22.138 13564 13652 W MediaPlayer: See the documentation of setAudioStreamType() for what to use instead with android.media.AudioAttributes to qualify your playback use case
03-29 11:25:22.431 13564 13564 E ArmVmp : Match on catch block at 0xc3 in for 0xa1
03-29 11:25:22.436 13564 13564 E ArmVmp : Match on catch block at 0xc3 in for 0xa5
03-29 11:25:22.459 13564 13564 E ArmVmp : Match on catch block at 0xc3 in for 0xa1
03-29 11:25:22.462 13564 13564 E ArmVmp : Match on catch block at 0xc3 in for 0xa5
03-29 11:25:22.932 13564 13564 E ArmVmp : Match on catch block at 0xc3 in for 0xa5
03-29 11:25:22.940 13564 13564 E ArmVmp : Match on catch block at 0xc3 in for 0xa9
03-29 11:25:23.442 13564 13564 E ArmVmp : Match on catch block at 0xc3 in for 0xa5
03-29 11:25:23.451 13564 13564 E ArmVmp : Match on catch block at 0xc3 in for 0xa9
03-29 11:25:23.934 13564 13564 E ArmVmp : Match on catch block at 0xc3 in for 0xa5
03-29 11:25:23.942 13564 13564 E ArmVmp : Match on catch block at 0xc3 in for 0xa9
03-29 11:25:24.463 13564 13564 E ArmVmp : Match on catch block at 0xc3 in for 0xa5
03-29 11:25:24.474 13564 13564 E ArmVmp : Match on catch block at 0xc3 in for 0xa9
03-29 11:25:24.691 13564 13564 E ArmVmp : Match on catch block at 0xc3 in for 0xa1
03-29 11:25:24.695 13564 13564 E ArmVmp : Match on catch block at 0xc3 in for 0xa5
03-29 11:25:24.704 13564 13564 E ArmVmp : Match on catch block at 0xc3 in for 0xa1
03-29 11:25:24.707 13564 13564 E ArmVmp : Match on catch block at 0xc3 in for 0xa5
03-29 11:25:24.747 13564 13564 E ArmVmp : Match on catch block at 0xc3 in for 0xa1
03-29 11:25:24.752 13564 13564 E ArmVmp : Match on catch block at 0xc3 in for 0xa5
03-29 11:25:24.801 13564 13564 E ArmVmp : Match on catch block at 0xc3 in for 0xa5
03-29 11:25:24.804 13564 13564 E ArmVmp : Match on catch block at 0xc3 in for 0xa9
03-29 11:25:24.857 13564 13564 W ResourceType: Bad XML block: header size 18254 or total size 169478669 is larger than data size 650
03-29 11:25:24.972 13564 13564 E ArmVmp : Match on catch block at 0xc3 in for 0xa1
03-29 11:25:24.975 13564 13564 E ArmVmp : Match on catch block at 0xc3 in for 0xa5
03-29 11:25:25.242 13564 13564 E ArmVmp : Match on catch block at 0xc3 in for 0xa1
03-29 11:25:25.245 13564 13564 E ArmVmp : Match on catch block at 0xc3 in for 0xa5
03-29 11:25:26.806 13564 13564 E Parcel : Reading a NULL string not supported here.
03-29 11:25:26.874 13564 17160 E libEGL : Invalid file path for libcolorx- loader.so
03-29 11:25:34.136 13564 13666 E Parcel : Reading a NULL string not supported here.
03-29 11:25:34.268 13564 13751 E Parcel : Reading a NULL string not supported here.
03-29 11:25:34.385 13564 13751 E Parcel : Reading a NULL string not supported here.
03-29 11:25:34.417 13564 13564 W IInputConnectionWrapper: requestCursorAnchorInfo on inactive InputConnection
03-29 11:25:34.453 13564 13751 E Parcel : Reading a NULL string not supported here.
03-29 11:25:34.955 13564 13622 E SQLiteDatabase: Error inserting transferred=0 media_job_uuid=853fc292-c994-4674-8086-38154aa8eac6 transcoded=0 gif_attribution=0 first_scan_length=0 direct_path=/v/t62.7161- 24/30632224_439742851825130_1247121057671488372_n.enc?ccb=11-4&oh=01_ASB- YfL89ToCDR1WdmBMOMSWzAMz5sP2jT5exMZ5c3PWeg&oe=662DAA09&_nc_sid=5e03e0 thumbnail_height_width_ratio=1.3333334 is_animated_sticker=0 file_hash=VE0+JJehvxFf759+gIMNxDOwXXjrsPQw2t4T07k+JPc= file_path=null file_size=0 partial_media_hash=null face_x=0 face_y=0 height=960 trim_to=0 media_key_timestamp=1711678629000 message_url=https://mmg.whatsapp.net/v/t62.7161- 24/30632224_439742851825130_1247121057671488372_n.enc?ccb=11-4&oh=01_ASB- YfL89ToCDR1WdmBMOMSWzAMz5sP2jT5exMZ5c3PWeg&oe=662DAA09&_nc_sid=5e03e0&mms3=true media_caption=null trim_from=0 mime_type=video/mp4 partial_media_enc_hash=null width=720 original_file_hash=null has_streaming_sidecar=1 autotransfer_retry_enabled=1 media_upload_handle=null message_row_id=106 multicast_id=null enc_file_hash=Z0uJXXXKwgQLDSsIo1J6d5eRkkjDQNOSJFIpCbvHz0I= mute_video=0 page_count=0 first_scan_sidecar=null suspicious_content=0 file_length=2145977 media_name=null media_duration=15 chat_row_id=29 media_key=[B@b75710
03-29 11:25:34.955 13564 13622 E SQLiteDatabase: android.database.sqlite.SQLiteConstraintException: UNIQUE constraint failed: message_media.message_row_id (code 1555 SQLITE_CONSTRAINT_PRIMARYKEY)
03-29 11:25:34.955 13564 13622 E SQLiteDatabase: at android.database.sqlite.SQLiteConnection.nativeExecuteForLastInsertedRowId(Native Method)
03-29 11:25:34.955 13564 13622 E SQLiteDatabase: at android.database.sqlite.SQLiteConnection.executeForLastInsertedRowId(SQLiteConnecti on.java:948)
03-29 11:25:34.955 13564 13622 E SQLiteDatabase: at android.database.sqlite.SQLiteSession.executeForLastInsertedRowId(SQLiteSession.jav a:790)
03-29 11:25:34.955 13564 13622 E SQLiteDatabase: at android.database.sqlite.SQLiteStatement.executeInsert(SQLiteStatement.java:88)
03-29 11:25:34.955 13564 13622 E SQLiteDatabase: at android.database.sqlite.SQLiteDatabase.insertWithOnConflict(SQLiteDatabase.java:171 2)
03-29 11:25:34.955 13564 13622 E SQLiteDatabase: at android.database.sqlite.SQLiteDatabase.insert(SQLiteDatabase.java:1581)
03-29 11:25:34.955 13564 13622 E SQLiteDatabase: at X.2tm.A08(Unknown Source:6)
03-29 11:25:34.955 13564 13622 E SQLiteDatabase: at X.35Y.A07(Unknown Source:212)
03-29 11:25:34.955 13564 13622 E SQLiteDatabase: at X.3QF.A14(Unknown Source:470)
03-29 11:25:34.955 13564 13622 E SQLiteDatabase: at X.3gU.run(Unknown Source:982)
03-29 11:25:34.955 13564 13622 E SQLiteDatabase: at android.os.Handler.handleCallback(Handler.java:938)
03-29 11:25:34.955 13564 13622 E SQLiteDatabase: at android.os.Handler.dispatchMessage(Handler.java:99)
03-29 11:25:34.955 13564 13622 E SQLiteDatabase: at X.0zq.dispatchMessage(Unknown Source:4)
03-29 11:25:34.955 13564 13622 E SQLiteDatabase: at android.os.Looper.loop(Looper.java:263)
03-29 11:25:34.955 13564 13622 E SQLiteDatabase: at android.os.HandlerThread.run(HandlerThread.java:67)
03-29 11:25:35.411 13564 13564 W ResourceType: Bad XML block: header size 18254 or total size 169478669 is larger than data size 650
03-29 11:25:35.425 13564 13564 W ResourceType: Bad XML block: header size 18254 or total size 169478669 is larger than data size 650
03-29 11:25:35.444 13564 13751 E Parcel : Reading a NULL string not supported here.
03-29 11:25:35.448 13564 13564 W ResourceType: Bad XML block: header size 18254 or total size 169478669 is larger than data size 650
03-29 11:25:35.468 13564 13751 E Parcel : Reading a NULL string not supported here.
03-29 11:25:35.476 13564 13632 E Parcel : Reading a NULL string not supported here.
03-29 11:25:35.499 13564 13632 E Parcel : Reading a NULL string not supported here.
03-29 11:25:35.530 13564 13751 E Parcel : Reading a NULL string not supported here.
03-29 11:25:35.550 13564 13751 E Parcel : Reading a NULL string not supported here.
03-29 11:25:35.593 13564 13751 E Parcel : Reading a NULL string not supported here.
03-29 11:25:35.673 13564 13564 W ResourceType: Bad XML block: header size 18254 or total size 169478669 is larger than data size 650
03-29 11:25:35.683 13564 13751 E Parcel : Reading a NULL string not supported here.
03-29 11:25:35.698 13564 13625 E Parcel : Reading a NULL string not supported here.
03-29 11:25:35.712 13564 13625 E Parcel : Reading a NULL string not supported here.
03-29 11:25:35.766 13564 13751 E Parcel : Reading a NULL string not supported here.
03-29 11:25:35.786 13564 13751 E Parcel : Reading a NULL string not supported here.
03-29 11:25:39.526 13564 13564 E Parcel : Reading a NULL string not supported here.
03-29 11:25:39.593 13564 17278 E libEGL : Invalid file path for libcolorx- loader.so
03-29 11:25:40.585 13564 13564 E Parcel : Reading a NULL string not supported here.
03-29 11:25:40.632 13564 17289 E libEGL : Invalid file path for libcolorx- loader.so
03-29 11:25:40.754 13564 13564 W ResourceType: Bad XML block: header size 18254 or total size 169478669 is larger than data size 380
03-29 11:25:40.758 13564 13564 W ResourceType: Bad XML block: header size 18254 or total size 169478669 is larger than data size 431
03-29 11:25:40.770 13564 13564 W ResourceType: Bad XML block: header size 18254 or total size 169478669 is larger than data size 677
03-29 11:25:40.774 13564 13564 W ResourceType: Bad XML block: header size 18254 or total size 169478669 is larger than data size 248
03-29 11:25:40.782 13564 13564 W ResourceType: Bad XML block: header size 18254 or total size 169478669 is larger than data size 571
03-29 11:25:40.788 13564 13564 W ResourceType: Bad XML block: header size 18254 or total size 169478669 is larger than data size 333
03-29 11:25:40.792 13564 13564 W ResourceType: Bad XML block: header size 18254 or total size 169478669 is larger than data size 650
03-29 11:25:40.796 13564 13564 W ResourceType: Bad XML block: header size 18254 or total size 169478669 is larger than data size 1150
03-29 11:25:40.800 13564 13564 W ResourceType: Bad XML block: header size 18254 or total size 169478669 is larger than data size 491
03-29 11:25:40.805 13564 13564 W ResourceType: Bad XML block: header size 18254 or total size 169478669 is larger than data size 1150
03-29 11:25:40.810 13564 13564 W ResourceType: Bad XML block: header size 18254 or total size 169478669 is larger than data size 659
03-29 11:25:40.814 13564 13564 W ResourceType: Bad XML block: header size 18254 or total size 169478669 is larger than data size 593
03-29 11:25:40.823 13564 13564 W ResourceType: Bad XML block: header size 18254 or total size 169478669 is larger than data size 1171
03-29 11:25:40.827 13564 13564 W ResourceType: Bad XML block: header size 18254 or total size 169478669 is larger than data size 510
03-29 11:25:40.853 13564 13620 E Parcel : Reading a NULL string not supported here.
03-29 11:25:40.862 13564 13620 E Parcel : Reading a NULL string not supported here.
03-29 11:25:40.883 13564 13564 W ResourceType: Bad XML block: header size 18254 or total size 169478669 is larger than data size 853
03-29 11:25:40.923 13564 13564 W ResourceType: Bad XML block: header size 18254 or total size 169478669 is larger than data size 650
03-29 11:25:42.582 13564 13564 E Parcel : Reading a NULL string not supported here.
03-29 11:25:42.640 13564 17294 E libEGL : Invalid file path for libcolorx- loader.so
03-29 11:25:48.474 13564 13564 W IInputConnectionWrapper: requestCursorAnchorInfo on inactive InputConnection
03-29 11:25:51.545 13564 13666 E Parcel : Reading a NULL string not supported here.
03-29 11:25:51.628 13564 13751 E Parcel : Reading a NULL string not supported here.
03-29 11:25:51.704 13564 13751 E Parcel : Reading a NULL string not supported here.
03-29 11:25:51.761 13564 13751 E Parcel : Reading a NULL string not supported here.
03-29 11:25:51.771 13564 13564 W IInputConnectionWrapper: requestCursorAnchorInfo on inactive InputConnection
03-29 11:25:52.554 13564 13751 E Parcel : Reading a NULL string not supported here.
03-29 11:25:52.568 13564 13564 W ResourceType: Bad XML block: header size 18254 or total size 169478669 is larger than data size 650
03-29 11:25:52.570 13564 13751 E Parcel : Reading a NULL string not supported here.
03-29 11:25:52.597 13564 16910 E Parcel : Reading a NULL string not supported here.
03-29 11:25:52.599 13564 13751 E Parcel : Reading a NULL string not supported here.
03-29 11:25:52.608 13564 16910 E Parcel : Reading a NULL string not supported here.
03-29 11:25:52.642 13564 13751 E Parcel : Reading a NULL string not supported here.
03-29 11:25:52.712 13564 13751 E Parcel : Reading a NULL string not supported here.
03-29 11:25:52.720 13564 13564 W ResourceType: Bad XML block: header size 18254 or total size 169478669 is larger than data size 650
03-29 11:25:52.761 13564 13625 E Parcel : Reading a NULL string not supported here.
03-29 11:25:52.773 13564 13625 E Parcel : Reading a NULL string not supported here.
03-29 11:25:53.190 13564 13564 W ResourceType: Bad XML block: header size 18254 or total size 169478669 is larger than data size 650
03-29 11:25:53.718 13564 13564 W ResourceType: Bad XML block: header size 18254 or total size 169478669 is larger than data size 650
03-29 11:25:53.753 13564 13772 E Parcel : Reading a NULL string not supported here.
03-29 11:25:53.774 13564 13772 E Parcel : Reading a NULL string not supported here.
03-29 11:25:57.253 13564 13564 E Parcel : Reading a NULL string not supported here.
03-29 11:25:57.304 13564 17343 E libEGL : Invalid file path for libcolorx- loader.so
03-29 11:25:57.455 13564 13564 W BottomSheetBehavior: BottomSheetBehavior now supports multiple callbacks. `setBottomSheetCallback()` removes all existing callbacks, including ones set internally by library authors, which may result in unintended behavior. This may change in the future. Please use `addBottomSheetCallback()` and `removeBottomSheetCallback()` instead to set your own callbacks.
03-29 11:25:57.455 13564 13564 W BottomSheetBehavior: BottomSheetBehavior now supports multiple callbacks. `setBottomSheetCallback()` removes all existing callbacks, including ones set internally by library authors, which may result in unintended behavior. This may change in the future. Please use `addBottomSheetCallback()` and `removeBottomSheetCallback()` instead to set your own callbacks.
03-29 11:25:57.498 13564 13564 E RecyclerView: No adapter attached; skipping layout
03-29 11:25:57.499 13564 17347 E Parcel : Reading a NULL string not supported here.
03-29 11:25:57.543 13564 17357 E libEGL : Invalid file path for libcolorx- loader.so
03-29 11:25:57.552 13564 17350 E OplusACodec: [GetVideoCodingTypeFromMime:L726] mime:video/avc
03-29 11:25:57.593 13564 17361 W Codec2Client: query -- param skipped: index = 1107298332.
03-29 11:25:57.594 13564 17361 W CCodec : This behavior is subject to change. It is recommended that app developers double check whether the requested max input size is in reasonable range.
03-29 11:25:57.600 13564 17361 W Codec2Client: query -- param skipped: index = 1342179345.
03-29 11:25:57.600 13564 17361 W Codec2Client: query -- param skipped: index = 2415921170.
03-29 11:25:57.600 13564 17361 W Codec2Client: query -- param skipped: index = 1610614798.
03-29 11:25:57.601 13564 17361 E FMQ : grantorIdx must be less than 3
03-29 11:25:57.601 13564 17361 E FMQ : grantorIdx must be less than 3
03-29 11:25:57.607 13564 17361 E FMQ : grantorIdx must be less than 3
03-29 11:25:57.613 13564 13969 E FMQ : grantorIdx must be less than 3
03-29 11:26:01.079 13564 13622 E SQLiteDatabase: Error inserting transferred=1 media_job_uuid=853fc292-c994-4674-8086-38154aa8eac6 transcoded=0 gif_attribution=0 first_scan_length=0 direct_path=/v/t62.7161- 24/30632224_439742851825130_1247121057671488372_n.enc?ccb=11-4&oh=01_ASB- YfL89ToCDR1WdmBMOMSWzAMz5sP2jT5exMZ5c3PWeg&oe=662DAA09&_nc_sid=5e03e0 thumbnail_height_width_ratio=1.3333334 is_animated_sticker=0 file_hash=VE0+JJehvxFf759+gIMNxDOwXXjrsPQw2t4T07k+JPc= file_path=Media/.Statuses/56ee8065cdda471dbab19136797e9ac6.mp4 file_size=2145977 partial_media_hash=null face_x=0 face_y=0 height=960 trim_to=0 media_key_timestamp=1711678629000 message_url=https://mmg.whatsapp.net/v/t62.7161- 24/30632224_439742851825130_1247121057671488372_n.enc?ccb=11-4&oh=01_ASB- YfL89ToCDR1WdmBMOMSWzAMz5sP2jT5exMZ5c3PWeg&oe=662DAA09&_nc_sid=5e03e0&mms3=true media_caption=null trim_from=0 mime_type=video/mp4 partial_media_enc_hash=null width=720 original_file_hash=null has_streaming_sidecar=1 autotransfer_retry_enabled=1 media_upload_handle=null message_row_id=106 multicast_id=null enc_file_hash=Z0uJXXXKwgQLDSsIo1J6d5eRkkjDQNOSJFIpCbvHz0I= mute_video=0 page_count=0 first_scan_sidecar=null suspicious_content=0 file_length=2145977 media_name=null media_duration=15 chat_row_id=29 media_key=[B@b75710
03-29 11:26:01.079 13564 13622 E SQLiteDatabase: android.database.sqlite.SQLiteConstraintException: UNIQUE constraint failed: message_media.message_row_id (code 1555 SQLITE_CONSTRAINT_PRIMARYKEY)
03-29 11:26:01.079 13564 13622 E SQLiteDatabase: at android.database.sqlite.SQLiteConnection.nativeExecuteForLastInsertedRowId(Native Method)
03-29 11:26:01.079 13564 13622 E SQLiteDatabase: at android.database.sqlite.SQLiteConnection.executeForLastInsertedRowId(SQLiteConnecti on.java:948)
03-29 11:26:01.079 13564 13622 E SQLiteDatabase: at android.database.sqlite.SQLiteSession.executeForLastInsertedRowId(SQLiteSession.jav a:790)
03-29 11:26:01.079 13564 13622 E SQLiteDatabase: at android.database.sqlite.SQLiteStatement.executeInsert(SQLiteStatement.java:88)
03-29 11:26:01.079 13564 13622 E SQLiteDatabase: at android.database.sqlite.SQLiteDatabase.insertWithOnConflict(SQLiteDatabase.java:171 2)
03-29 11:26:01.079 13564 13622 E SQLiteDatabase: at android.database.sqlite.SQLiteDatabase.insert(SQLiteDatabase.java:1581)
03-29 11:26:01.079 13564 13622 E SQLiteDatabase: at X.2tm.A08(Unknown Source:6)
03-29 11:26:01.079 13564 13622 E SQLiteDatabase: at X.35Y.A07(Unknown Source:212)
03-29 11:26:01.079 13564 13622 E SQLiteDatabase: at X.3QF.A14(Unknown Source:470)
03-29 11:26:01.079 13564 13622 E SQLiteDatabase: at X.3gU.run(Unknown Source:982)
03-29 11:26:01.079 13564 13622 E SQLiteDatabase: at android.os.Handler.handleCallback(Handler.java:938)
03-29 11:26:01.079 13564 13622 E SQLiteDatabase: at android.os.Handler.dispatchMessage(Handler.java:99)
03-29 11:26:01.079 13564 13622 E SQLiteDatabase: at X.0zq.dispatchMessage(Unknown Source:4)
03-29 11:26:01.079 13564 13622 E SQLiteDatabase: at android.os.Looper.loop(Looper.java:263)
03-29 11:26:01.079 13564 13622 E SQLiteDatabase: at android.os.HandlerThread.run(HandlerThread.java:67)
