03-09 19:12:11.602 16664 16664 E ArmVmp : Match on catch block at 0xc3 in for 0xa1
03-09 19:12:11.604 16664 16664 E ArmVmp : Match on catch block at 0xc3 in for 0xa5
03-09 19:12:11.618 16664 16664 E ArmVmp : Match on catch block at 0xc3 in for 0xa5
03-09 19:12:11.621 16664 16664 E ArmVmp : Match on catch block at 0xc3 in for 0xa9
03-09 19:12:11.635 16664 16664 E ArmVmp : Match on catch block at 0xc3 in for 0xa9
03-09 19:12:11.638 16664 16664 E ArmVmp : Match on catch block at 0xc3 in for 0xa1
03-09 19:12:11.652 16664 16664 E ArmVmp : Match on catch block at 0xc3 in for 0xa1
03-09 19:12:11.654 16664 16664 E ArmVmp : Match on catch block at 0xc3 in for 0xa5
03-09 19:12:11.672 16664 16664 E ArmVmp : Match on catch block at 0xc3 in for 0xa5
03-09 19:12:11.675 16664 16664 E ArmVmp : Match on catch block at 0xc3 in for 0xa9
03-09 19:12:11.685 16664 16664 E ArmVmp : Match on catch block at 0xc3 in for 0xa9
03-09 19:12:11.688 16664 16664 E ArmVmp : Match on catch block at 0xc3 in for 0xa1
03-09 19:12:11.702 16664 16664 E ArmVmp : Match on catch block at 0xc3 in for 0xa1
03-09 19:12:11.704 16664 16664 E ArmVmp : Match on catch block at 0xc3 in for 0xa5
03-09 19:12:11.719 16664 16664 E ArmVmp : Match on catch block at 0xc3 in for 0xa5
03-09 19:12:11.721 16664 16664 E ArmVmp : Match on catch block at 0xc3 in for 0xa9
03-09 19:12:11.735 16664 16664 E ArmVmp : Match on catch block at 0xc3 in for 0xa9
03-09 19:12:11.738 16664 16664 E ArmVmp : Match on catch block at 0xc3 in for 0xa1
03-09 19:12:11.752 16664 16664 E ArmVmp : Match on catch block at 0xc3 in for 0xa1
03-09 19:12:11.754 16664 16664 E ArmVmp : Match on catch block at 0xc3 in for 0xa5
03-09 19:12:11.852 16664 16664 E ArmVmp : Match on catch block at 0xc3 in for 0xa5
03-09 19:12:11.855 16664 16664 E ArmVmp : Match on catch block at 0xc3 in for 0xa9
03-09 19:12:12.287 16664 16664 E ArmVmp : Match on catch block at 0xc3 in for 0xa1
03-09 19:12:12.289 16664 16664 E ArmVmp : Match on catch block at 0xc3 in for 0xa5
03-09 19:12:12.313 16664 16664 E ArmVmp : Match on catch block at 0xc3 in for 0xa9
03-09 19:12:12.316 16664 16664 E ArmVmp : Match on catch block at 0xc3 in for 0xa1
03-09 19:12:12.345 16664 16664 E ArmVmp : Match on catch block at 0xc3 in for 0xa9
03-09 19:12:12.347 16664 16664 E ArmVmp : Match on catch block at 0xc3 in for 0xa1
03-09 19:12:12.370 16664 16664 E ArmVmp : Match on catch block at 0xc3 in for 0xa1
03-09 19:12:12.372 16664 16664 E ArmVmp : Match on catch block at 0xc3 in for 0xa5
03-09 19:12:12.420 16664 16664 E ArmVmp : Match on catch block at 0xc3 in for 0xa5
03-09 19:12:12.423 16664 16664 E ArmVmp : Match on catch block at 0xc3 in for 0xa9
03-09 19:12:12.446 16664 16664 E ArmVmp : Match on catch block at 0xc3 in for 0xa9
03-09 19:12:12.449 16664 16664 E ArmVmp : Match on catch block at 0xc3 in for 0xa1
03-09 19:12:12.470 16664 16664 E ArmVmp : Match on catch block at 0xc3 in for 0xa5
03-09 19:12:12.473 16664 16664 E ArmVmp : Match on catch block at 0xc3 in for 0xa9
03-09 19:12:12.486 16664 16664 E ArmVmp : Match on catch block at 0xc3 in for 0xa9
03-09 19:12:12.488 16664 16664 E ArmVmp : Match on catch block at 0xc3 in for 0xa1
03-09 19:12:12.504 16664 16664 E ArmVmp : Match on catch block at 0xc3 in for 0xa1
03-09 19:12:12.507 16664 16664 E ArmVmp : Match on catch block at 0xc3 in for 0xa5
03-09 19:12:12.821 16664 16664 E ArmVmp : Match on catch block at 0xc3 in for 0xa1
03-09 19:12:12.823 16664 16664 E ArmVmp : Match on catch block at 0xc3 in for 0xa5
03-09 19:12:12.891 16664 16664 E ArmVmp : Match on catch block at 0xc3 in for 0xa9
03-09 19:12:12.894 16664 16664 E ArmVmp : Match on catch block at 0xc3 in for 0xa1
03-09 19:12:12.910 16664 16664 E ArmVmp : Match on catch block at 0xc3 in for 0xa9
03-09 19:12:12.912 16664 16664 E ArmVmp : Match on catch block at 0xc3 in for 0xa1
03-09 19:12:12.922 16664 16664 E ArmVmp : Match on catch block at 0xc3 in for 0xa1
03-09 19:12:12.925 16664 16664 E ArmVmp : Match on catch block at 0xc3 in for 0xa5
03-09 19:12:12.939 16664 16664 E ArmVmp : Match on catch block at 0xc3 in for 0xa5
03-09 19:12:12.941 16664 16664 E ArmVmp : Match on catch block at 0xc3 in for 0xa9
03-09 19:12:12.955 16664 16664 E ArmVmp : Match on catch block at 0xc3 in for 0xa9
03-09 19:12:12.956 16664 16664 E ArmVmp : Match on catch block at 0xc3 in for 0xa1
03-09 19:12:12.972 16664 16664 E ArmVmp : Match on catch block at 0xc3 in for 0xa1
03-09 19:12:12.974 16664 16664 E ArmVmp : Match on catch block at 0xc3 in for 0xa5
03-09 19:12:12.988 16664 16664 E ArmVmp : Match on catch block at 0xc3 in for 0xa5
03-09 19:12:12.990 16664 16664 E ArmVmp : Match on catch block at 0xc3 in for 0xa9
03-09 19:12:13.007 16664 16664 E ArmVmp : Match on catch block at 0xc3 in for 0xa9
03-09 19:12:13.010 16664 16664 E ArmVmp : Match on catch block at 0xc3 in for 0xa1
03-09 19:12:13.022 16664 16664 E ArmVmp : Match on catch block at 0xc3 in for 0xa1
03-09 19:12:13.025 16664 16664 E ArmVmp : Match on catch block at 0xc3 in for 0xa5
03-09 19:12:13.038 16664 16664 E ArmVmp : Match on catch block at 0xc3 in for 0xa5
03-09 19:12:13.040 16664 16664 E ArmVmp : Match on catch block at 0xc3 in for 0xa9
03-09 19:12:13.056 16664 16664 E ArmVmp : Match on catch block at 0xc3 in for 0xa9
03-09 19:12:13.058 16664 16664 E ArmVmp : Match on catch block at 0xc3 in for 0xa1
03-09 19:12:13.072 16664 16664 E ArmVmp : Match on catch block at 0xc3 in for 0xa1
03-09 19:12:13.074 16664 16664 E ArmVmp : Match on catch block at 0xc3 in for 0xa5
03-09 19:12:13.089 16664 16664 E ArmVmp : Match on catch block at 0xc3 in for 0xa5
03-09 19:12:13.092 16664 16664 E ArmVmp : Match on catch block at 0xc3 in for 0xa9
03-09 19:12:13.172 16664 16664 E ArmVmp : Match on catch block at 0xc3 in for 0xa9
03-09 19:12:13.175 16664 16664 E ArmVmp : Match on catch block at 0xc3 in for 0xa1
03-09 19:12:13.339 16664 16664 E ArmVmp : Match on catch block at 0xc3 in for 0xa1
03-09 19:12:13.343 16664 16664 E ArmVmp : Match on catch block at 0xc3 in for 0xa5
03-09 19:12:13.377 16664 16664 E ArmVmp : Match on catch block at 0xc3 in for 0xa1
03-09 19:12:13.379 16664 16664 E ArmVmp : Match on catch block at 0xc3 in for 0xa5
03-09 19:12:13.387 16664 16737 W MediaPlayer: Use of stream types is deprecated for operations other than volume control
03-09 19:12:13.387 16664 16737 W MediaPlayer: See the documentation of setAudioStreamType() for what to use instead with android.media.AudioAttributes to qualify your playback use case
03-09 19:12:13.506 16664 16664 E ArmVmp : Match on catch block at 0xc3 in for 0xa9
03-09 19:12:13.510 16664 16664 E ArmVmp : Match on catch block at 0xc3 in for 0xa1
03-09 19:12:13.573 16664 16664 E ArmVmp : Match on catch block at 0xc3 in for 0xa1
03-09 19:12:13.580 16664 16664 E ArmVmp : Match on catch block at 0xc3 in for 0xa5
03-09 19:12:13.792 16664 16664 E ArmVmp : Match on catch block at 0xc3 in for 0xa1
03-09 19:12:13.801 16664 16664 E ArmVmp : Match on catch block at 0xc3 in for 0xa5
03-09 19:12:13.957 16664 16664 E ArmVmp : Match on catch block at 0xc3 in for 0xa5
03-09 19:12:13.959 16664 16664 E ArmVmp : Match on catch block at 0xc3 in for 0xa9
03-09 19:12:14.459 16664 16664 E ArmVmp : Match on catch block at 0xc3 in for 0xa9
03-09 19:12:14.463 16664 16664 E ArmVmp : Match on catch block at 0xc3 in for 0xa1
03-09 19:12:14.475 16664 16664 E ArmVmp : Match on catch block at 0xc3 in for 0xa1
03-09 19:12:14.478 16664 16664 E ArmVmp : Match on catch block at 0xc3 in for 0xa5
03-09 19:12:14.977 16664 16664 E ArmVmp : Match on catch block at 0xc3 in for 0xa5
03-09 19:12:14.982 16664 16664 E ArmVmp : Match on catch block at 0xc3 in for 0xa9
03-09 19:12:15.227 16664 16664 E ArmVmp : Match on catch block at 0xc3 in for 0xa9
03-09 19:12:15.230 16664 16664 E ArmVmp : Match on catch block at 0xc3 in for 0xa1
03-09 19:12:15.729 16664 16664 E ArmVmp : Match on catch block at 0xc3 in for 0xa1
03-09 19:12:15.733 16664 16664 E ArmVmp : Match on catch block at 0xc3 in for 0xa5
03-09 19:12:16.013 16664 16664 E ArmVmp : Match on catch block at 0xc3 in for 0xa5
03-09 19:12:16.017 16664 16664 E ArmVmp : Match on catch block at 0xc3 in for 0xa9
03-09 19:12:16.347 16664 16664 E ArmVmp : Match on catch block at 0xc3 in for 0xa9
03-09 19:12:16.351 16664 16664 E ArmVmp : Match on catch block at 0xc3 in for 0xa1
03-09 19:12:16.514 16664 16664 E ArmVmp : Match on catch block at 0xc3 in for 0xa1
03-09 19:12:16.517 16664 16664 E ArmVmp : Match on catch block at 0xc3 in for 0xa5
03-09 19:12:16.714 16664 16664 E ArmVmp : Match on catch block at 0xc3 in for 0xa5
03-09 19:12:16.717 16664 16664 E ArmVmp : Match on catch block at 0xc3 in for 0xa9
03-09 19:12:17.217 16664 16664 E ArmVmp : Match on catch block at 0xc3 in for 0xa9
03-09 19:12:17.222 16664 16664 E ArmVmp : Match on catch block at 0xc3 in for 0xa1
03-09 19:12:17.433 16664 16664 E ArmVmp : Match on catch block at 0xc3 in for 0xa9
03-09 19:12:17.437 16664 16664 E ArmVmp : Match on catch block at 0xc3 in for 0xa1
03-09 19:12:17.470 16664 16664 E ArmVmp : Match on catch block at 0xc3 in for 0xa9
03-09 19:12:17.473 16664 16664 E ArmVmp : Match on catch block at 0xc3 in for 0xa1
03-09 19:12:17.492 16664 16664 E ArmVmp : Match on catch block at 0xc3 in for 0xa1
03-09 19:12:17.496 16664 16664 E ArmVmp : Match on catch block at 0xc3 in for 0xa5
03-09 19:12:17.517 16664 16664 E ArmVmp : Match on catch block at 0xc3 in for 0xa5
03-09 19:12:17.519 16664 16664 E ArmVmp : Match on catch block at 0xc3 in for 0xa9
03-09 19:12:17.569 16664 16664 E ArmVmp : Match on catch block at 0xc3 in for 0xa1
03-09 19:12:17.572 16664 16664 E ArmVmp : Match on catch block at 0xc3 in for 0xa5
03-09 19:12:17.591 16664 16664 E ArmVmp : Match on catch block at 0xc3 in for 0xa9
03-09 19:12:17.593 16664 16664 E ArmVmp : Match on catch block at 0xc3 in for 0xa1
03-09 19:12:17.599 16664 16664 E ArmVmp : Match on catch block at 0xc3 in for 0xa5
03-09 19:12:17.602 16664 16664 E ArmVmp : Match on catch block at 0xc3 in for 0xa9
03-09 19:12:17.616 16664 16664 E ArmVmp : Match on catch block at 0xc3 in for 0xa9
03-09 19:12:17.619 16664 16664 E ArmVmp : Match on catch block at 0xc3 in for 0xa1
03-09 19:12:17.633 16664 16664 E ArmVmp : Match on catch block at 0xc3 in for 0xa1
03-09 19:12:17.635 16664 16664 E ArmVmp : Match on catch block at 0xc3 in for 0xa5
03-09 19:12:17.649 16664 16664 E ArmVmp : Match on catch block at 0xc3 in for 0xa5
03-09 19:12:17.652 16664 16664 E ArmVmp : Match on catch block at 0xc3 in for 0xa9
03-09 19:12:17.969 16664 16664 E ArmVmp : Match on catch block at 0xc3 in for 0xa5
03-09 19:12:17.973 16664 16664 E ArmVmp : Match on catch block at 0xc3 in for 0xa9
03-09 19:12:18.189 16664 16664 E ArmVmp : Match on catch block at 0xc3 in for 0xa9
03-09 19:12:18.192 16664 16664 E ArmVmp : Match on catch block at 0xc3 in for 0xa1
03-09 19:12:18.202 16664 16737 W MediaPlayer: Use of stream types is deprecated for operations other than volume control
03-09 19:12:18.202 16664 16737 W MediaPlayer: See the documentation of setAudioStreamType() for what to use instead with android.media.AudioAttributes to qualify your playback use case
03-09 19:12:18.469 16664 16664 E ArmVmp : Match on catch block at 0xc3 in for 0xa1
03-09 19:12:18.473 16664 16664 E ArmVmp : Match on catch block at 0xc3 in for 0xa5
03-09 19:12:18.971 16664 16664 E ArmVmp : Match on catch block at 0xc3 in for 0xa5
03-09 19:12:18.975 16664 16664 E ArmVmp : Match on catch block at 0xc3 in for 0xa9
03-09 19:12:19.472 16664 16664 E ArmVmp : Match on catch block at 0xc3 in for 0xa9
03-09 19:12:19.476 16664 16664 E ArmVmp : Match on catch block at 0xc3 in for 0xa1
03-09 19:12:19.974 16664 16664 E ArmVmp : Match on catch block at 0xc3 in for 0xa1
03-09 19:12:19.979 16664 16664 E ArmVmp : Match on catch block at 0xc3 in for 0xa5
03-09 19:12:20.475 16664 16664 E ArmVmp : Match on catch block at 0xc3 in for 0xa5
03-09 19:12:20.480 16664 16664 E ArmVmp : Match on catch block at 0xc3 in for 0xa9
03-09 19:12:20.978 16664 16664 E ArmVmp : Match on catch block at 0xc3 in for 0xa9
03-09 19:12:20.984 16664 16664 E ArmVmp : Match on catch block at 0xc3 in for 0xa1
03-09 19:12:21.446 16664 16664 E ArmVmp : Match on catch block at 0xc3 in for 0xa5
03-09 19:12:21.449 16664 16664 E ArmVmp : Match on catch block at 0xc3 in for 0xa9
03-09 19:12:21.465 16664 16664 E ArmVmp : Match on catch block at 0xc3 in for 0xa5
03-09 19:12:21.467 16664 16664 E ArmVmp : Match on catch block at 0xc3 in for 0xa9
03-09 19:12:21.476 16664 16664 E ArmVmp : Match on catch block at 0xc3 in for 0xa9
03-09 19:12:21.479 16664 16664 E ArmVmp : Match on catch block at 0xc3 in for 0xa1
03-09 19:12:21.493 16664 16664 E ArmVmp : Match on catch block at 0xc3 in for 0xa1
03-09 19:12:21.495 16664 16664 E ArmVmp : Match on catch block at 0xc3 in for 0xa5
03-09 19:12:21.510 16664 16664 E ArmVmp : Match on catch block at 0xc3 in for 0xa5
03-09 19:12:21.512 16664 16664 E ArmVmp : Match on catch block at 0xc3 in for 0xa9
03-09 19:12:21.526 16664 16664 E ArmVmp : Match on catch block at 0xc3 in for 0xa9
03-09 19:12:21.529 16664 16664 E ArmVmp : Match on catch block at 0xc3 in for 0xa1
03-09 19:12:21.543 16664 16664 E ArmVmp : Match on catch block at 0xc3 in for 0xa1
03-09 19:12:21.546 16664 16664 E ArmVmp : Match on catch block at 0xc3 in for 0xa5
03-09 19:12:21.563 16664 16664 E ArmVmp : Match on catch block at 0xc3 in for 0xa5
03-09 19:12:21.566 16664 16664 E ArmVmp : Match on catch block at 0xc3 in for 0xa9
03-09 19:12:21.577 16664 16664 E ArmVmp : Match on catch block at 0xc3 in for 0xa9
03-09 19:12:21.579 16664 16664 E ArmVmp : Match on catch block at 0xc3 in for 0xa1
03-09 19:12:21.593 16664 16664 E ArmVmp : Match on catch block at 0xc3 in for 0xa1
03-09 19:12:21.596 16664 16664 E ArmVmp : Match on catch block at 0xc3 in for 0xa5
03-09 19:12:21.610 16664 16664 E ArmVmp : Match on catch block at 0xc3 in for 0xa5
03-09 19:12:21.612 16664 16664 E ArmVmp : Match on catch block at 0xc3 in for 0xa9
03-09 19:12:21.627 16664 16664 E ArmVmp : Match on catch block at 0xc3 in for 0xa9
03-09 19:12:21.629 16664 16664 E ArmVmp : Match on catch block at 0xc3 in for 0xa1
03-09 19:12:21.644 16664 16664 E ArmVmp : Match on catch block at 0xc3 in for 0xa1
03-09 19:12:21.646 16664 16664 E ArmVmp : Match on catch block at 0xc3 in for 0xa5
03-09 19:12:21.660 16664 16664 E ArmVmp : Match on catch block at 0xc3 in for 0xa5
03-09 19:12:21.663 16664 16664 E ArmVmp : Match on catch block at 0xc3 in for 0xa9
03-09 19:12:21.977 16664 16664 E ArmVmp : Match on catch block at 0xc3 in for 0xa9
03-09 19:12:21.980 16664 16664 E ArmVmp : Match on catch block at 0xc3 in for 0xa1
03-09 19:12:22.194 16664 16664 E ArmVmp : Match on catch block at 0xc3 in for 0xa1
03-09 19:12:22.197 16664 16664 E ArmVmp : Match on catch block at 0xc3 in for 0xa5
03-09 19:12:22.517 16664 16664 E ArmVmp : Match on catch block at 0xc3 in for 0xa1
03-09 19:12:22.520 16664 16664 E ArmVmp : Match on catch block at 0xc3 in for 0xa5
03-09 19:12:22.529 16664 16664 E ArmVmp : Match on catch block at 0xc3 in for 0xa5
03-09 19:12:22.533 16664 16664 E ArmVmp : Match on catch block at 0xc3 in for 0xa9
03-09 19:12:22.546 16664 16664 E ArmVmp : Match on catch block at 0xc3 in for 0xa9
03-09 19:12:22.548 16664 16664 E ArmVmp : Match on catch block at 0xc3 in for 0xa1
03-09 19:12:22.563 16664 16664 E ArmVmp : Match on catch block at 0xc3 in for 0xa1
03-09 19:12:22.565 16664 16664 E ArmVmp : Match on catch block at 0xc3 in for 0xa5
03-09 19:12:22.580 16664 16664 E ArmVmp : Match on catch block at 0xc3 in for 0xa5
03-09 19:12:22.582 16664 16664 E ArmVmp : Match on catch block at 0xc3 in for 0xa9
03-09 19:12:22.596 16664 16664 E ArmVmp : Match on catch block at 0xc3 in for 0xa9
03-09 19:12:22.598 16664 16664 E ArmVmp : Match on catch block at 0xc3 in for 0xa1
03-09 19:12:22.613 16664 16664 E ArmVmp : Match on catch block at 0xc3 in for 0xa1
03-09 19:12:22.615 16664 16664 E ArmVmp : Match on catch block at 0xc3 in for 0xa5
03-09 19:12:22.632 16664 16664 E ArmVmp : Match on catch block at 0xc3 in for 0xa5
03-09 19:12:22.634 16664 16664 E ArmVmp : Match on catch block at 0xc3 in for 0xa9
03-09 19:12:22.646 16664 16664 E ArmVmp : Match on catch block at 0xc3 in for 0xa9
03-09 19:12:22.649 16664 16664 E ArmVmp : Match on catch block at 0xc3 in for 0xa1
03-09 19:12:22.663 16664 16664 E ArmVmp : Match on catch block at 0xc3 in for 0xa1
03-09 19:12:22.665 16664 16664 E ArmVmp : Match on catch block at 0xc3 in for 0xa5
03-09 19:12:22.680 16664 16664 E ArmVmp : Match on catch block at 0xc3 in for 0xa5
03-09 19:12:22.682 16664 16664 E ArmVmp : Match on catch block at 0xc3 in for 0xa9
03-09 19:12:22.696 16664 16664 E ArmVmp : Match on catch block at 0xc3 in for 0xa9
03-09 19:12:22.698 16664 16664 E ArmVmp : Match on catch block at 0xc3 in for 0xa1
03-09 19:12:22.713 16664 16664 E ArmVmp : Match on catch block at 0xc3 in for 0xa1
03-09 19:12:22.715 16664 16664 E ArmVmp : Match on catch block at 0xc3 in for 0xa5
03-09 19:12:22.730 16664 16664 E ArmVmp : Match on catch block at 0xc3 in for 0xa5
03-09 19:12:22.732 16664 16664 E ArmVmp : Match on catch block at 0xc3 in for 0xa9
03-09 19:12:22.747 16664 16664 E ArmVmp : Match on catch block at 0xc3 in for 0xa9
03-09 19:12:22.749 16664 16664 E ArmVmp : Match on catch block at 0xc3 in for 0xa1
03-09 19:12:22.763 16664 16664 E ArmVmp : Match on catch block at 0xc3 in for 0xa1
03-09 19:12:22.765 16664 16664 E ArmVmp : Match on catch block at 0xc3 in for 0xa5
03-09 19:12:22.779 16664 16664 E ArmVmp : Match on catch block at 0xc3 in for 0xa5
03-09 19:12:22.781 16664 16664 E ArmVmp : Match on catch block at 0xc3 in for 0xa9
03-09 19:12:22.796 16664 16664 E ArmVmp : Match on catch block at 0xc3 in for 0xa9
03-09 19:12:22.799 16664 16664 E ArmVmp : Match on catch block at 0xc3 in for 0xa1
03-09 19:12:22.813 16664 16664 E ArmVmp : Match on catch block at 0xc3 in for 0xa1
03-09 19:12:22.815 16664 16664 E ArmVmp : Match on catch block at 0xc3 in for 0xa5
03-09 19:12:22.830 16664 16664 E ArmVmp : Match on catch block at 0xc3 in for 0xa5
03-09 19:12:22.832 16664 16664 E ArmVmp : Match on catch block at 0xc3 in for 0xa9
03-09 19:12:22.846 16664 16664 E ArmVmp : Match on catch block at 0xc3 in for 0xa9
03-09 19:12:22.849 16664 16664 E ArmVmp : Match on catch block at 0xc3 in for 0xa1
03-09 19:12:22.863 16664 16664 E ArmVmp : Match on catch block at 0xc3 in for 0xa1
03-09 19:12:22.865 16664 16664 E ArmVmp : Match on catch block at 0xc3 in for 0xa5
03-09 19:12:22.879 16664 16664 E ArmVmp : Match on catch block at 0xc3 in for 0xa5
03-09 19:12:22.881 16664 16664 E ArmVmp : Match on catch block at 0xc3 in for 0xa9
03-09 19:12:22.896 16664 16664 E ArmVmp : Match on catch block at 0xc3 in for 0xa9
03-09 19:12:22.899 16664 16664 E ArmVmp : Match on catch block at 0xc3 in for 0xa1
03-09 19:12:22.913 16664 16664 E ArmVmp : Match on catch block at 0xc3 in for 0xa1
03-09 19:12:22.915 16664 16664 E ArmVmp : Match on catch block at 0xc3 in for 0xa5
03-09 19:12:22.929 16664 16664 E ArmVmp : Match on catch block at 0xc3 in for 0xa5
03-09 19:12:22.931 16664 16664 E ArmVmp : Match on catch block at 0xc3 in for 0xa9
03-09 19:12:23.031 16664 16664 E ArmVmp : Match on catch block at 0xc3 in for 0xa9
03-09 19:12:23.034 16664 16664 E ArmVmp : Match on catch block at 0xc3 in for 0xa1
03-09 19:12:23.533 16664 16664 E ArmVmp : Match on catch block at 0xc3 in for 0xa1
03-09 19:12:23.538 16664 16664 E ArmVmp : Match on catch block at 0xc3 in for 0xa5
03-09 19:12:23.984 16664 16664 E ArmVmp : Match on catch block at 0xc3 in for 0xa5
03-09 19:12:23.987 16664 16664 E ArmVmp : Match on catch block at 0xc3 in for 0xa9
03-09 19:12:24.284 16664 16664 E ArmVmp : Match on catch block at 0xc3 in for 0xa9
03-09 19:12:24.288 16664 16664 E ArmVmp : Match on catch block at 0xc3 in for 0xa1
03-09 19:12:24.451 16664 16664 E ArmVmp : Match on catch block at 0xc3 in for 0xa1
03-09 19:12:24.454 16664 16664 E ArmVmp : Match on catch block at 0xc3 in for 0xa5
03-09 19:12:24.668 16664 16664 E ArmVmp : Match on catch block at 0xc3 in for 0xa5
03-09 19:12:24.670 16664 16664 E ArmVmp : Match on catch block at 0xc3 in for 0xa9
03-09 19:12:24.869 16664 16664 E ArmVmp : Match on catch block at 0xc3 in for 0xa9
03-09 19:12:24.873 16664 16664 E ArmVmp : Match on catch block at 0xc3 in for 0xa1
03-09 19:12:25.136 16664 16664 E ArmVmp : Match on catch block at 0xc3 in for 0xa1
03-09 19:12:25.144 16664 16664 E ArmVmp : Match on catch block at 0xc3 in for 0xa5
03-09 19:12:25.637 16664 16664 E ArmVmp : Match on catch block at 0xc3 in for 0xa5
03-09 19:12:25.640 16664 16664 E ArmVmp : Match on catch block at 0xc3 in for 0xa9
03-09 19:12:25.787 16664 16664 E ArmVmp : Match on catch block at 0xc3 in for 0xa9
03-09 19:12:25.794 16664 16664 E ArmVmp : Match on catch block at 0xc3 in for 0xa1
03-09 19:12:25.954 16664 16664 E ArmVmp : Match on catch block at 0xc3 in for 0xa1
03-09 19:12:25.957 16664 16664 E ArmVmp : Match on catch block at 0xc3 in for 0xa5
03-09 19:12:26.188 16664 16664 E ArmVmp : Match on catch block at 0xc3 in for 0xa5
03-09 19:12:26.193 16664 16664 E ArmVmp : Match on catch block at 0xc3 in for 0xa9
03-09 19:12:26.372 16664 16664 E ArmVmp : Match on catch block at 0xc3 in for 0xa9
03-09 19:12:26.375 16664 16664 E ArmVmp : Match on catch block at 0xc3 in for 0xa1
03-09 19:12:26.541 16664 16664 E ArmVmp : Match on catch block at 0xc3 in for 0xa1
03-09 19:12:26.545 16664 16664 E ArmVmp : Match on catch block at 0xc3 in for 0xa5
03-09 19:12:26.556 16664 16664 E ArmVmp : Match on catch block at 0xc3 in for 0xa5
03-09 19:12:26.558 16664 16664 E ArmVmp : Match on catch block at 0xc3 in for 0xa9
03-09 19:12:26.573 16664 16664 E ArmVmp : Match on catch block at 0xc3 in for 0xa9
03-09 19:12:26.575 16664 16664 E ArmVmp : Match on catch block at 0xc3 in for 0xa1
03-09 19:12:26.590 16664 16664 E ArmVmp : Match on catch block at 0xc3 in for 0xa1
03-09 19:12:26.592 16664 16664 E ArmVmp : Match on catch block at 0xc3 in for 0xa5
03-09 19:12:26.607 16664 16664 E ArmVmp : Match on catch block at 0xc3 in for 0xa5
03-09 19:12:26.609 16664 16664 E ArmVmp : Match on catch block at 0xc3 in for 0xa9
03-09 19:12:26.623 16664 16664 E ArmVmp : Match on catch block at 0xc3 in for 0xa9
03-09 19:12:26.625 16664 16664 E ArmVmp : Match on catch block at 0xc3 in for 0xa1
03-09 19:12:26.640 16664 16664 E ArmVmp : Match on catch block at 0xc3 in for 0xa1
03-09 19:12:26.642 16664 16664 E ArmVmp : Match on catch block at 0xc3 in for 0xa5
03-09 19:12:26.657 16664 16664 E ArmVmp : Match on catch block at 0xc3 in for 0xa5
03-09 19:12:26.659 16664 16664 E ArmVmp : Match on catch block at 0xc3 in for 0xa9
03-09 19:12:26.673 16664 16664 E ArmVmp : Match on catch block at 0xc3 in for 0xa9
03-09 19:12:26.675 16664 16664 E ArmVmp : Match on catch block at 0xc3 in for 0xa1
03-09 19:12:26.690 16664 16664 E ArmVmp : Match on catch block at 0xc3 in for 0xa1
03-09 19:12:26.692 16664 16664 E ArmVmp : Match on catch block at 0xc3 in for 0xa5
03-09 19:12:26.707 16664 16664 E ArmVmp : Match on catch block at 0xc3 in for 0xa5
03-09 19:12:26.709 16664 16664 E ArmVmp : Match on catch block at 0xc3 in for 0xa9
03-09 19:12:26.723 16664 16664 E ArmVmp : Match on catch block at 0xc3 in for 0xa9
03-09 19:12:26.726 16664 16664 E ArmVmp : Match on catch block at 0xc3 in for 0xa1
03-09 19:12:26.740 16664 16664 E ArmVmp : Match on catch block at 0xc3 in for 0xa1
03-09 19:12:26.742 16664 16664 E ArmVmp : Match on catch block at 0xc3 in for 0xa5
03-09 19:12:26.757 16664 16664 E ArmVmp : Match on catch block at 0xc3 in for 0xa5
03-09 19:12:26.759 16664 16664 E ArmVmp : Match on catch block at 0xc3 in for 0xa9
03-09 19:12:26.774 16664 16664 E ArmVmp : Match on catch block at 0xc3 in for 0xa9
03-09 19:12:26.777 16664 16664 E ArmVmp : Match on catch block at 0xc3 in for 0xa1
03-09 19:12:26.790 16664 16664 E ArmVmp : Match on catch block at 0xc3 in for 0xa1
03-09 19:12:26.793 16664 16664 E ArmVmp : Match on catch block at 0xc3 in for 0xa5
03-09 19:12:26.807 16664 16664 E ArmVmp : Match on catch block at 0xc3 in for 0xa5
03-09 19:12:26.809 16664 16664 E ArmVmp : Match on catch block at 0xc3 in for 0xa9
03-09 19:12:26.823 16664 16664 E ArmVmp : Match on catch block at 0xc3 in for 0xa9
03-09 19:12:26.826 16664 16664 E ArmVmp : Match on catch block at 0xc3 in for 0xa1
03-09 19:12:26.840 16664 16664 E ArmVmp : Match on catch block at 0xc3 in for 0xa1
03-09 19:12:26.843 16664 16664 E ArmVmp : Match on catch block at 0xc3 in for 0xa5
03-09 19:12:26.857 16664 16664 E ArmVmp : Match on catch block at 0xc3 in for 0xa5
03-09 19:12:26.859 16664 16664 E ArmVmp : Match on catch block at 0xc3 in for 0xa9
03-09 19:12:26.874 16664 16664 E ArmVmp : Match on catch block at 0xc3 in for 0xa9
03-09 19:12:26.876 16664 16664 E ArmVmp : Match on catch block at 0xc3 in for 0xa1
03-09 19:12:26.890 16664 16664 E ArmVmp : Match on catch block at 0xc3 in for 0xa1
03-09 19:12:26.893 16664 16664 E ArmVmp : Match on catch block at 0xc3 in for 0xa5
03-09 19:12:26.907 16664 16664 E ArmVmp : Match on catch block at 0xc3 in for 0xa5
03-09 19:12:26.909 16664 16664 E ArmVmp : Match on catch block at 0xc3 in for 0xa9
03-09 19:12:26.924 16664 16664 E ArmVmp : Match on catch block at 0xc3 in for 0xa9
03-09 19:12:26.926 16664 16664 E ArmVmp : Match on catch block at 0xc3 in for 0xa1
03-09 19:12:26.940 16664 16664 E ArmVmp : Match on catch block at 0xc3 in for 0xa1
03-09 19:12:26.942 16664 16664 E ArmVmp : Match on catch block at 0xc3 in for 0xa5
03-09 19:12:26.957 16664 16664 E ArmVmp : Match on catch block at 0xc3 in for 0xa5
03-09 19:12:26.959 16664 16664 E ArmVmp : Match on catch block at 0xc3 in for 0xa9
03-09 19:12:27.057 16664 16664 E ArmVmp : Match on catch block at 0xc3 in for 0xa9
03-09 19:12:27.060 16664 16664 E ArmVmp : Match on catch block at 0xc3 in for 0xa1
03-09 19:12:27.559 16664 16664 E ArmVmp : Match on catch block at 0xc3 in for 0xa1
03-09 19:12:27.562 16664 16664 E ArmVmp : Match on catch block at 0xc3 in for 0xa5
03-09 19:12:27.671 16664 16664 E ArmVmp : Match on catch block at 0xc3 in for 0xa9
03-09 19:12:27.674 16664 16664 E ArmVmp : Match on catch block at 0xc3 in for 0xa1
03-09 19:12:27.692 16664 16664 E ArmVmp : Match on catch block at 0xc3 in for 0xa1
03-09 19:12:27.695 16664 16664 E ArmVmp : Match on catch block at 0xc3 in for 0xa5
03-09 19:12:27.842 16664 16664 E ArmVmp : Match on catch block at 0xc3 in for 0xa5
03-09 19:12:27.845 16664 16664 E ArmVmp : Match on catch block at 0xc3 in for 0xa9
03-09 19:12:27.926 16664 16664 E ArmVmp : Match on catch block at 0xc3 in for 0xa9
03-09 19:12:27.929 16664 16664 E ArmVmp : Match on catch block at 0xc3 in for 0xa1
03-09 19:12:28.026 16664 16664 E ArmVmp : Match on catch block at 0xc3 in for 0xa1
03-09 19:12:28.030 16664 16664 E ArmVmp : Match on catch block at 0xc3 in for 0xa5
03-09 19:12:28.528 16664 16664 E ArmVmp : Match on catch block at 0xc3 in for 0xa5
03-09 19:12:28.532 16664 16664 E ArmVmp : Match on catch block at 0xc3 in for 0xa9
03-09 19:12:29.029 16664 16664 E ArmVmp : Match on catch block at 0xc3 in for 0xa9
03-09 19:12:29.031 16664 16664 E ArmVmp : Match on catch block at 0xc3 in for 0xa1
03-09 19:12:29.530 16664 16664 E ArmVmp : Match on catch block at 0xc3 in for 0xa1
03-09 19:12:29.534 16664 16664 E ArmVmp : Match on catch block at 0xc3 in for 0xa5
03-09 19:12:30.032 16664 16664 E ArmVmp : Match on catch block at 0xc3 in for 0xa5
03-09 19:12:30.034 16664 16664 E ArmVmp : Match on catch block at 0xc3 in for 0xa9
03-09 19:12:30.532 16664 16664 E ArmVmp : Match on catch block at 0xc3 in for 0xa9
03-09 19:12:30.537 16664 16664 E ArmVmp : Match on catch block at 0xc3 in for 0xa1
03-09 19:12:30.637 16664 16664 E ArmVmp : Match on catch block at 0xc3 in for 0xa9
03-09 19:12:30.639 16664 16664 E ArmVmp : Match on catch block at 0xc3 in for 0xa1
03-09 19:12:30.799 16664 16664 E ArmVmp : Match on catch block at 0xc3 in for 0xa1
03-09 19:12:30.802 16664 16664 E ArmVmp : Match on catch block at 0xc3 in for 0xa5
03-09 19:12:30.969 16664 16664 E ArmVmp : Match on catch block at 0xc3 in for 0xa5
03-09 19:12:30.973 16664 16664 E ArmVmp : Match on catch block at 0xc3 in for 0xa9
03-09 19:12:31.284 16664 16664 E ArmVmp : Match on catch block at 0xc3 in for 0xa9
03-09 19:12:31.289 16664 16664 E ArmVmp : Match on catch block at 0xc3 in for 0xa1
03-09 19:12:31.451 16664 16664 E ArmVmp : Match on catch block at 0xc3 in for 0xa1
03-09 19:12:31.455 16664 16664 E ArmVmp : Match on catch block at 0xc3 in for 0xa5
03-09 19:12:31.601 16664 16664 E ArmVmp : Match on catch block at 0xc3 in for 0xa5
03-09 19:12:31.605 16664 16664 E ArmVmp : Match on catch block at 0xc3 in for 0xa9
03-09 19:12:31.769 16664 16664 E ArmVmp : Match on catch block at 0xc3 in for 0xa9
03-09 19:12:31.776 16664 16664 E ArmVmp : Match on catch block at 0xc3 in for 0xa1
03-09 19:12:32.204 16664 16664 E ArmVmp : Match on catch block at 0xc3 in for 0xa9
03-09 19:12:32.208 16664 16664 E ArmVmp : Match on catch block at 0xc3 in for 0xa1
03-09 19:12:32.246 16664 16664 E ArmVmp : Match on catch block at 0xc3 in for 0xa9
03-09 19:12:32.249 16664 16664 E ArmVmp : Match on catch block at 0xc3 in for 0xa1
03-09 19:12:32.279 16664 16664 E ArmVmp : Match on catch block at 0xc3 in for 0xa5
03-09 19:12:32.282 16664 16664 E ArmVmp : Match on catch block at 0xc3 in for 0xa9
03-09 19:12:32.347 16664 16664 E ArmVmp : Match on catch block at 0xc3 in for 0xa5
03-09 19:12:32.350 16664 16664 E ArmVmp : Match on catch block at 0xc3 in for 0xa9
03-09 19:12:32.378 16664 16664 E ArmVmp : Match on catch block at 0xc3 in for 0xa5
03-09 19:12:32.380 16664 16664 E ArmVmp : Match on catch block at 0xc3 in for 0xa9
03-09 19:12:32.387 16664 16664 E ArmVmp : Match on catch block at 0xc3 in for 0xa1
03-09 19:12:32.389 16664 16664 E ArmVmp : Match on catch block at 0xc3 in for 0xa5
03-09 19:12:32.403 16664 16664 E ArmVmp : Match on catch block at 0xc3 in for 0xa5
03-09 19:12:32.406 16664 16664 E ArmVmp : Match on catch block at 0xc3 in for 0xa9
03-09 19:12:32.420 16664 16664 E ArmVmp : Match on catch block at 0xc3 in for 0xa9
03-09 19:12:32.422 16664 16664 E ArmVmp : Match on catch block at 0xc3 in for 0xa1
03-09 19:12:32.740 16664 16664 E ArmVmp : Match on catch block at 0xc3 in for 0xa9
03-09 19:12:32.744 16664 16664 E ArmVmp : Match on catch block at 0xc3 in for 0xa1
03-09 19:12:33.009 16664 16664 E ArmVmp : Match on catch block at 0xc3 in for 0xa5
03-09 19:12:33.011 16664 16664 E ArmVmp : Match on catch block at 0xc3 in for 0xa9
03-09 19:12:33.020 16664 16737 W MediaPlayer: Use of stream types is deprecated for operations other than volume control
03-09 19:12:33.020 16664 16737 W MediaPlayer: See the documentation of setAudioStreamType() for what to use instead with android.media.AudioAttributes to qualify your playback use case
03-09 19:12:33.154 16664 16664 E ArmVmp : Match on catch block at 0xc3 in for 0xa9
03-09 19:12:33.158 16664 16664 E ArmVmp : Match on catch block at 0xc3 in for 0xa1
03-09 19:12:33.172 16664 16664 E ArmVmp : Match on catch block at 0xc3 in for 0xa1
03-09 19:12:33.176 16664 16664 E ArmVmp : Match on catch block at 0xc3 in for 0xa5
03-09 19:12:33.239 16664 16664 E ArmVmp : Match on catch block at 0xc3 in for 0xa5
03-09 19:12:33.244 16664 16664 E ArmVmp : Match on catch block at 0xc3 in for 0xa9
03-09 19:12:33.740 16664 16664 E ArmVmp : Match on catch block at 0xc3 in for 0xa5
03-09 19:12:33.743 16664 16664 E ArmVmp : Match on catch block at 0xc3 in for 0xa9
03-09 19:12:34.243 16664 16664 E ArmVmp : Match on catch block at 0xc3 in for 0xa9
03-09 19:12:34.249 16664 16664 E ArmVmp : Match on catch block at 0xc3 in for 0xa1
03-09 19:12:34.744 16664 16664 E ArmVmp : Match on catch block at 0xc3 in for 0xa1
03-09 19:12:34.750 16664 16664 E ArmVmp : Match on catch block at 0xc3 in for 0xa5
03-09 19:12:35.243 16664 16664 E ArmVmp : Match on catch block at 0xc3 in for 0xa5
03-09 19:12:35.247 16664 16664 E ArmVmp : Match on catch block at 0xc3 in for 0xa9
03-09 19:12:35.746 16664 16664 E ArmVmp : Match on catch block at 0xc3 in for 0xa9
03-09 19:12:35.753 16664 16664 E ArmVmp : Match on catch block at 0xc3 in for 0xa1
03-09 19:12:36.246 16664 16664 E ArmVmp : Match on catch block at 0xc3 in for 0xa1
03-09 19:12:36.250 16664 16664 E ArmVmp : Match on catch block at 0xc3 in for 0xa5
03-09 19:12:36.748 16664 16664 E ArmVmp : Match on catch block at 0xc3 in for 0xa5
03-09 19:12:36.752 16664 16664 E ArmVmp : Match on catch block at 0xc3 in for 0xa9
03-09 19:12:37.250 16664 16664 E ArmVmp : Match on catch block at 0xc3 in for 0xa9
03-09 19:12:37.256 16664 16664 E ArmVmp : Match on catch block at 0xc3 in for 0xa1
03-09 19:12:37.752 16664 16664 E ArmVmp : Match on catch block at 0xc3 in for 0xa1
03-09 19:12:37.758 16664 16664 E ArmVmp : Match on catch block at 0xc3 in for 0xa5
03-09 19:12:38.252 16664 16664 E ArmVmp : Match on catch block at 0xc3 in for 0xa5
03-09 19:12:38.254 16664 16664 E ArmVmp : Match on catch block at 0xc3 in for 0xa9
03-09 19:12:38.771 16664 16664 E ArmVmp : Match on catch block at 0xc3 in for 0xa9
03-09 19:12:38.777 16664 16664 E ArmVmp : Match on catch block at 0xc3 in for 0xa1
03-09 19:12:39.272 16664 16664 E ArmVmp : Match on catch block at 0xc3 in for 0xa1
03-09 19:12:39.277 16664 16664 E ArmVmp : Match on catch block at 0xc3 in for 0xa5
03-09 19:12:39.756 16664 16664 E ArmVmp : Match on catch block at 0xc3 in for 0xa5
03-09 19:12:39.760 16664 16664 E ArmVmp : Match on catch block at 0xc3 in for 0xa9
03-09 19:12:40.275 16664 16664 E ArmVmp : Match on catch block at 0xc3 in for 0xa9
03-09 19:12:40.281 16664 16664 E ArmVmp : Match on catch block at 0xc3 in for 0xa1
03-09 19:12:40.775 16664 16664 E ArmVmp : Match on catch block at 0xc3 in for 0xa1
03-09 19:12:40.779 16664 16664 E ArmVmp : Match on catch block at 0xc3 in for 0xa5
03-09 19:12:41.277 16664 16664 E ArmVmp : Match on catch block at 0xc3 in for 0xa5
03-09 19:12:41.283 16664 16664 E ArmVmp : Match on catch block at 0xc3 in for 0xa9
03-09 19:12:41.777 16664 16664 E ArmVmp : Match on catch block at 0xc3 in for 0xa9
03-09 19:12:41.781 16664 16664 E ArmVmp : Match on catch block at 0xc3 in for 0xa1
03-09 19:12:42.282 16664 16664 E ArmVmp : Match on catch block at 0xc3 in for 0xa1
03-09 19:12:42.291 16664 16664 E ArmVmp : Match on catch block at 0xc3 in for 0xa5
03-09 19:12:42.781 16664 16664 E ArmVmp : Match on catch block at 0xc3 in for 0xa5
03-09 19:12:42.787 16664 16664 E ArmVmp : Match on catch block at 0xc3 in for 0xa9
03-09 19:12:43.282 16664 16664 E ArmVmp : Match on catch block at 0xc3 in for 0xa9
03-09 19:12:43.285 16664 16664 E ArmVmp : Match on catch block at 0xc3 in for 0xa1
03-09 19:12:43.782 16664 16664 E ArmVmp : Match on catch block at 0xc3 in for 0xa1
03-09 19:12:43.788 16664 16664 E ArmVmp : Match on catch block at 0xc3 in for 0xa5
03-09 19:12:44.283 16664 16664 E ArmVmp : Match on catch block at 0xc3 in for 0xa5
03-09 19:12:44.288 16664 16664 E ArmVmp : Match on catch block at 0xc3 in for 0xa9
03-09 19:12:44.662 16664 16664 E ArmVmp : Match on catch block at 0xc3 in for 0xa9
03-09 19:12:44.665 16664 16664 E ArmVmp : Match on catch block at 0xc3 in for 0xa1
03-09 19:12:44.684 16664 16664 E ArmVmp : Match on catch block at 0xc3 in for 0xa9
03-09 19:12:44.687 16664 16664 E ArmVmp : Match on catch block at 0xc3 in for 0xa1
03-09 19:12:44.700 16664 16664 E ArmVmp : Match on catch block at 0xc3 in for 0xa1
03-09 19:12:44.703 16664 16664 E ArmVmp : Match on catch block at 0xc3 in for 0xa5
03-09 19:12:44.717 16664 16664 E ArmVmp : Match on catch block at 0xc3 in for 0xa5
03-09 19:12:44.721 16664 16664 E ArmVmp : Match on catch block at 0xc3 in for 0xa9
03-09 19:12:44.734 16664 16664 E ArmVmp : Match on catch block at 0xc3 in for 0xa9
03-09 19:12:44.737 16664 16664 E ArmVmp : Match on catch block at 0xc3 in for 0xa1
03-09 19:12:44.751 16664 16664 E ArmVmp : Match on catch block at 0xc3 in for 0xa1
03-09 19:12:44.756 16664 16664 E ArmVmp : Match on catch block at 0xc3 in for 0xa5
03-09 19:12:44.774 16664 16664 E ArmVmp : Match on catch block at 0xc3 in for 0xa5
03-09 19:12:44.777 16664 16664 E ArmVmp : Match on catch block at 0xc3 in for 0xa9
03-09 19:12:44.785 16664 16664 E ArmVmp : Match on catch block at 0xc3 in for 0xa9
03-09 19:12:44.790 16664 16664 E ArmVmp : Match on catch block at 0xc3 in for 0xa1
03-09 19:12:44.801 16664 16664 E ArmVmp : Match on catch block at 0xc3 in for 0xa1
03-09 19:12:44.812 16664 16664 E ArmVmp : Match on catch block at 0xc3 in for 0xa5
03-09 19:12:44.843 16664 16664 E ArmVmp : Match on catch block at 0xc3 in for 0xa1
03-09 19:12:44.847 16664 16664 E ArmVmp : Match on catch block at 0xc3 in for 0xa5
03-09 19:12:44.868 16664 16664 E ArmVmp : Match on catch block at 0xc3 in for 0xa5
03-09 19:12:44.874 16664 16664 E ArmVmp : Match on catch block at 0xc3 in for 0xa9
03-09 19:12:44.887 16664 16664 E ArmVmp : Match on catch block at 0xc3 in for 0xa9
03-09 19:12:44.891 16664 16664 E ArmVmp : Match on catch block at 0xc3 in for 0xa1
03-09 19:12:45.336 16664 16664 E ArmVmp : Match on catch block at 0xc3 in for 0xa1
03-09 19:12:45.341 16664 16664 E ArmVmp : Match on catch block at 0xc3 in for 0xa5
03-09 19:12:45.838 16664 16664 E ArmVmp : Match on catch block at 0xc3 in for 0xa5
03-09 19:12:45.841 16664 16664 E ArmVmp : Match on catch block at 0xc3 in for 0xa9
03-09 19:12:46.340 16664 16664 E ArmVmp : Match on catch block at 0xc3 in for 0xa9
03-09 19:12:46.345 16664 16664 E ArmVmp : Match on catch block at 0xc3 in for 0xa1
03-09 19:12:46.840 16664 16664 E ArmVmp : Match on catch block at 0xc3 in for 0xa1
03-09 19:12:46.843 16664 16664 E ArmVmp : Match on catch block at 0xc3 in for 0xa5
03-09 19:12:47.340 16664 16664 E ArmVmp : Match on catch block at 0xc3 in for 0xa5
03-09 19:12:47.343 16664 16664 E ArmVmp : Match on catch block at 0xc3 in for 0xa9
03-09 19:12:47.842 16664 16664 E ArmVmp : Match on catch block at 0xc3 in for 0xa9
03-09 19:12:47.847 16664 16664 E ArmVmp : Match on catch block at 0xc3 in for 0xa1
03-09 19:12:48.343 16664 16664 E ArmVmp : Match on catch block at 0xc3 in for 0xa1
03-09 19:12:48.349 16664 16664 E ArmVmp : Match on catch block at 0xc3 in for 0xa5
03-09 19:12:48.844 16664 16664 E ArmVmp : Match on catch block at 0xc3 in for 0xa5
03-09 19:12:48.850 16664 16664 E ArmVmp : Match on catch block at 0xc3 in for 0xa9
03-09 19:12:49.348 16664 16664 E ArmVmp : Match on catch block at 0xc3 in for 0xa9
03-09 19:12:49.353 16664 16664 E ArmVmp : Match on catch block at 0xc3 in for 0xa1
03-09 19:12:49.848 16664 16664 E ArmVmp : Match on catch block at 0xc3 in for 0xa1
03-09 19:12:49.854 16664 16664 E ArmVmp : Match on catch block at 0xc3 in for 0xa5
03-09 19:12:50.348 16664 16664 E ArmVmp : Match on catch block at 0xc3 in for 0xa1
03-09 19:12:50.352 16664 16664 E ArmVmp : Match on catch block at 0xc3 in for 0xa5
03-09 19:12:50.851 16664 16664 E ArmVmp : Match on catch block at 0xc3 in for 0xa9
03-09 19:12:50.856 16664 16664 E ArmVmp : Match on catch block at 0xc3 in for 0xa1
03-09 19:12:51.268 16664 16664 E ArmVmp : Match on catch block at 0xc3 in for 0xa9
03-09 19:12:51.272 16664 16664 E ArmVmp : Match on catch block at 0xc3 in for 0xa1
03-09 19:12:51.297 16664 16664 E ArmVmp : Match on catch block at 0xc3 in for 0xa5
03-09 19:12:51.300 16664 16664 E ArmVmp : Match on catch block at 0xc3 in for 0xa9
03-09 19:12:51.329 16664 16664 E ArmVmp : Match on catch block at 0xc3 in for 0xa5
03-09 19:12:51.333 16664 16664 E ArmVmp : Match on catch block at 0xc3 in for 0xa9
03-09 19:12:51.397 16664 16664 E ArmVmp : Match on catch block at 0xc3 in for 0xa1
03-09 19:12:51.402 16664 16664 E ArmVmp : Match on catch block at 0xc3 in for 0xa5
03-09 19:12:51.427 16664 16664 E ArmVmp : Match on catch block at 0xc3 in for 0xa5
03-09 19:12:51.430 16664 16664 E ArmVmp : Match on catch block at 0xc3 in for 0xa9
03-09 19:12:51.451 16664 16664 E ArmVmp : Match on catch block at 0xc3 in for 0xa1
03-09 19:12:51.456 16664 16664 E ArmVmp : Match on catch block at 0xc3 in for 0xa5
03-09 19:12:51.468 16664 16664 E ArmVmp : Match on catch block at 0xc3 in for 0xa5
03-09 19:12:51.471 16664 16664 E ArmVmp : Match on catch block at 0xc3 in for 0xa9
03-09 19:12:51.484 16664 16664 E ArmVmp : Match on catch block at 0xc3 in for 0xa9
03-09 19:12:51.488 16664 16664 E ArmVmp : Match on catch block at 0xc3 in for 0xa1
03-09 19:12:51.565 16664 16664 E ArmVmp : Match on catch block at 0xc3 in for 0xa1
03-09 19:12:51.567 16664 16664 E ArmVmp : Match on catch block at 0xc3 in for 0xa5
03-09 19:12:51.584 16664 16664 E ArmVmp : Match on catch block at 0xc3 in for 0xa5
03-09 19:12:51.587 16664 16664 E ArmVmp : Match on catch block at 0xc3 in for 0xa9
03-09 19:12:51.803 16664 16664 E ArmVmp : Match on catch block at 0xc3 in for 0xa5
03-09 19:12:51.805 16664 16664 E ArmVmp : Match on catch block at 0xc3 in for 0xa9
03-09 19:12:51.840 16664 16664 E ArmVmp : Match on catch block at 0xc3 in for 0xa9
03-09 19:12:51.842 16664 16664 E ArmVmp : Match on catch block at 0xc3 in for 0xa1
03-09 19:12:51.849 16664 16737 W MediaPlayer: Use of stream types is deprecated for operations other than volume control
03-09 19:12:51.849 16664 16737 W MediaPlayer: See the documentation of setAudioStreamType() for what to use instead with android.media.AudioAttributes to qualify your playback use case
03-09 19:12:52.304 16664 16664 E ArmVmp : Match on catch block at 0xc3 in for 0xa1
03-09 19:12:52.309 16664 16664 E ArmVmp : Match on catch block at 0xc3 in for 0xa5
03-09 19:12:52.634 16664 16664 E ArmVmp : Match on catch block at 0xc3 in for 0xa5
03-09 19:12:52.639 16664 16664 E ArmVmp : Match on catch block at 0xc3 in for 0xa9
03-09 19:12:52.654 16664 16664 E ArmVmp : Match on catch block at 0xc3 in for 0xa9
03-09 19:12:52.657 16664 16664 E ArmVmp : Match on catch block at 0xc3 in for 0xa1
03-09 19:12:52.804 16664 16664 E ArmVmp : Match on catch block at 0xc3 in for 0xa1
03-09 19:12:52.807 16664 16664 E ArmVmp : Match on catch block at 0xc3 in for 0xa5
03-09 19:12:52.955 16664 16664 E ArmVmp : Match on catch block at 0xc3 in for 0xa1
03-09 19:12:52.958 16664 16664 E ArmVmp : Match on catch block at 0xc3 in for 0xa5
03-09 19:12:53.006 16664 16664 E ArmVmp : Match on catch block at 0xc3 in for 0xa9
03-09 19:12:53.009 16664 16664 E ArmVmp : Match on catch block at 0xc3 in for 0xa1
03-09 19:12:53.239 16664 16664 E ArmVmp : Match on catch block at 0xc3 in for 0xa9
03-09 19:12:53.242 16664 16664 E ArmVmp : Match on catch block at 0xc3 in for 0xa1
03-09 19:12:53.437 16664 16664 E ArmVmp : Match on catch block at 0xc3 in for 0xa1
03-09 19:12:53.439 16664 16664 E ArmVmp : Match on catch block at 0xc3 in for 0xa5
03-09 19:12:56.886 16664 16664 E Parcel : Reading a NULL string not supported here.
03-09 19:12:56.936 16664 17394 E libEGL : Invalid file path for libcolorx- loader.so
03-09 19:12:57.736 16664 16664 E Parcel : Reading a NULL string not supported here.
03-09 19:12:57.796 16664 17397 E libEGL : Invalid file path for libcolorx- loader.so
03-09 19:12:57.949 16664 16664 W ResourceType: Bad XML block: header size 18254 or total size 169478669 is larger than data size 380
03-09 19:12:57.955 16664 16664 W ResourceType: Bad XML block: header size 18254 or total size 169478669 is larger than data size 431
03-09 19:12:57.973 16664 16664 W ResourceType: Bad XML block: header size 18254 or total size 169478669 is larger than data size 677
03-09 19:12:57.978 16664 16664 W ResourceType: Bad XML block: header size 18254 or total size 169478669 is larger than data size 248
03-09 19:12:57.988 16664 16664 W ResourceType: Bad XML block: header size 18254 or total size 169478669 is larger than data size 571
03-09 19:12:57.997 16664 16664 W ResourceType: Bad XML block: header size 18254 or total size 169478669 is larger than data size 333
03-09 19:12:58.002 16664 16664 W ResourceType: Bad XML block: header size 18254 or total size 169478669 is larger than data size 650
03-09 19:12:58.009 16664 16664 W ResourceType: Bad XML block: header size 18254 or total size 169478669 is larger than data size 1150
03-09 19:12:58.014 16664 16664 W ResourceType: Bad XML block: header size 18254 or total size 169478669 is larger than data size 491
03-09 19:12:58.020 16664 16664 W ResourceType: Bad XML block: header size 18254 or total size 169478669 is larger than data size 1150
03-09 19:12:58.028 16664 16664 W ResourceType: Bad XML block: header size 18254 or total size 169478669 is larger than data size 659
03-09 19:12:58.034 16664 16664 W ResourceType: Bad XML block: header size 18254 or total size 169478669 is larger than data size 593
03-09 19:12:58.048 16664 16664 W ResourceType: Bad XML block: header size 18254 or total size 169478669 is larger than data size 1171
03-09 19:12:58.053 16664 16664 W ResourceType: Bad XML block: header size 18254 or total size 169478669 is larger than data size 510
03-09 19:12:58.086 16664 16664 W ResourceType: Bad XML block: header size 18254 or total size 169478669 is larger than data size 853
03-09 19:12:58.103 16664 16740 E Parcel : Reading a NULL string not supported here.
03-09 19:12:58.133 16664 16740 E Parcel : Reading a NULL string not supported here.
03-09 19:12:58.173 16664 16664 W ResourceType: Bad XML block: header size 18254 or total size 169478669 is larger than data size 650
03-09 19:13:00.763 16664 16664 E Parcel : Reading a NULL string not supported here.
03-09 19:13:00.819 16664 17403 E libEGL : Invalid file path for libcolorx- loader.so
03-09 19:13:07.784 16664 16746 E Parcel : Reading a NULL string not supported here.
03-09 19:13:07.952 16664 16776 E Parcel : Reading a NULL string not supported here.
03-09 19:13:08.018 16664 16776 E Parcel : Reading a NULL string not supported here.
03-09 19:13:08.073 16664 16776 E Parcel : Reading a NULL string not supported here.
03-09 19:13:08.111 16664 16664 W IInputConnectionWrapper: requestCursorAnchorInfo on inactive InputConnection
03-09 19:13:08.671 16664 16776 E Parcel : Reading a NULL string not supported here.
03-09 19:13:08.680 16664 16664 W ResourceType: Bad XML block: header size 18254 or total size 169478669 is larger than data size 650
03-09 19:13:08.689 16664 16776 E Parcel : Reading a NULL string not supported here.
03-09 19:13:08.703 16664 16763 E Parcel : Reading a NULL string not supported here.
03-09 19:13:08.716 16664 16776 E Parcel : Reading a NULL string not supported here.
03-09 19:13:08.722 16664 16763 E Parcel : Reading a NULL string not supported here.
03-09 19:13:08.751 16664 16776 E Parcel : Reading a NULL string not supported here.
03-09 19:13:08.814 16664 16776 E Parcel : Reading a NULL string not supported here.
03-09 19:13:08.826 16664 16664 W ResourceType: Bad XML block: header size 18254 or total size 169478669 is larger than data size 650
03-09 19:13:08.837 16664 16714 E Parcel : Reading a NULL string not supported here.
03-09 19:13:08.850 16664 16714 E Parcel : Reading a NULL string not supported here. --------- beginning of main
03-09 19:13:14.887 17650 17650 E com.mbwhatsapp: Unknown bits set in runtime_flags: 0x40000000
03-09 19:13:14.895 17650 17650 E com.mbwhatsapp: Not starting debugger since process cannot load the jdwp agent.
03-09 19:13:14.908 17650 17650 E RefClass: java.lang.reflect.InvocationTargetException
03-09 19:13:15.011 17650 17650 E Perf : perftest packageName : com.mbwhatsapp App is allowed to use Hide APIs
03-09 19:13:15.083 17650 17650 W System.err: java.lang.ClassNotFoundException: mbmodsd.mbmodsw.ui.views.btn.BtnBK
03-09 19:13:15.083 17650 17650 W System.err: at java.lang.Runtime.nativeLoad(Native Method)
03-09 19:13:15.083 17650 17650 W System.err: at java.lang.Runtime.nativeLoad(Runtime.java:1131)
03-09 19:13:15.083 17650 17650 W System.err: at java.lang.Runtime.loadLibrary0(Runtime.java:1085)
03-09 19:13:15.083 17650 17650 W System.err: at java.lang.Runtime.loadLibrary0(Runtime.java:1008)
03-09 19:13:15.084 17650 17650 W System.err: at java.lang.System.loadLibrary(System.java:1664)
03-09 19:13:15.084 17650 17650 W System.err: at arm.EpicVm.<clinit>(Unknown Source:2)
03-09 19:13:15.084 17650 17650 W System.err: at java.lang.Class.newInstance(Native Method)
03-09 19:13:15.084 17650 17650 W System.err: at android.app.AppComponentFactory.instantiateApplication(AppComponentFactory.java:76)
03-09 19:13:15.084 17650 17650 W System.err: at androidx.core.app.CoreComponentFactory.instantiateApplication(Unknown Source:0)
03-09 19:13:15.084 17650 17650 W System.err: at android.app.Instrumentation.newApplication(Instrumentation.java:1159)
03-09 19:13:15.084 17650 17650 W System.err: at android.app.LoadedApk.makeApplication(LoadedApk.java:1316)
03-09 19:13:15.084 17650 17650 W System.err: at android.app.ActivityThread.handleBindApplication(ActivityThread.java:7227)
03-09 19:13:15.084 17650 17650 W System.err: at android.app.ActivityThread.access$1600(ActivityThread.java:293)
03-09 19:13:15.084 17650 17650 W System.err: at android.app.ActivityThread$H.handleMessage(ActivityThread.java:2151)
03-09 19:13:15.084 17650 17650 W System.err: at android.os.Handler.dispatchMessage(Handler.java:106)
03-09 19:13:15.084 17650 17650 W System.err: at android.os.Looper.loop(Looper.java:263)
03-09 19:13:15.084 17650 17650 W System.err: at android.app.ActivityThread.main(ActivityThread.java:8292)
03-09 19:13:15.084 17650 17650 W System.err: at java.lang.reflect.Method.invoke(Native Method)
03-09 19:13:15.084 17650 17650 W System.err: at com.android.internal.os.RuntimeInit$MethodAndArgsCaller.run(RuntimeInit.java:612)
03-09 19:13:15.084 17650 17650 W System.err: at com.android.internal.os.ZygoteInit.main(ZygoteInit.java:1006)
03-09 19:13:15.200 17650 17650 E CustomActivityOnCrash: IMPORTANT WARNING! You already have an UncaughtExceptionHandler, are you sure this is correct? If you use a custom UncaughtExceptionHandler, you must initialize it AFTER CustomActivityOnCrash! Installing anyway, but your original handler will not be called.
03-09 19:13:15.547 17650 17650 W com.mbwhatsapp: Accessing hidden method Lcom/android/org/conscrypt/OpenSSLSocketImpl;->setUseSessionTickets(Z)V (greylist- max-q,test-api, reflection, denied)
