03-08 22:13:24.266 8766 8766 W System.err: java.lang.ClassNotFoundException: mbmodsd.mbmodsw.ui.views.btn.BtnBK
03-08 22:13:24.267 8766 8766 W System.err: at java.lang.Runtime.nativeLoad(Native Method)
03-08 22:13:24.267 8766 8766 W System.err: at java.lang.Runtime.nativeLoad(Runtime.java:1131)
03-08 22:13:24.267 8766 8766 W System.err: at java.lang.Runtime.loadLibrary0(Runtime.java:1085)
03-08 22:13:24.267 8766 8766 W System.err: at java.lang.Runtime.loadLibrary0(Runtime.java:1008)
03-08 22:13:24.267 8766 8766 W System.err: at java.lang.System.loadLibrary(System.java:1664)
03-08 22:13:24.267 8766 8766 W System.err: at arm.EpicVm.<clinit>(Unknown Source:2)
03-08 22:13:24.267 8766 8766 W System.err: at java.lang.Class.newInstance(Native Method)
03-08 22:13:24.267 8766 8766 W System.err: at android.app.AppComponentFactory.instantiateApplication(AppComponentFactory.java:76)
03-08 22:13:24.267 8766 8766 W System.err: at androidx.core.app.CoreComponentFactory.instantiateApplication(Unknown Source:0)
03-08 22:13:24.267 8766 8766 W System.err: at android.app.Instrumentation.newApplication(Instrumentation.java:1159)
03-08 22:13:24.267 8766 8766 W System.err: at android.app.LoadedApk.makeApplication(LoadedApk.java:1316)
03-08 22:13:24.267 8766 8766 W System.err: at android.app.ActivityThread.handleBindApplication(ActivityThread.java:7227)
03-08 22:13:24.267 8766 8766 W System.err: at android.app.ActivityThread.access$1600(ActivityThread.java:293)
03-08 22:13:24.267 8766 8766 W System.err: at android.app.ActivityThread$H.handleMessage(ActivityThread.java:2151)
03-08 22:13:24.267 8766 8766 W System.err: at android.os.Handler.dispatchMessage(Handler.java:106)
03-08 22:13:24.267 8766 8766 W System.err: at android.os.Looper.loop(Looper.java:263)
03-08 22:13:24.267 8766 8766 W System.err: at android.app.ActivityThread.main(ActivityThread.java:8292)
03-08 22:13:24.267 8766 8766 W System.err: at java.lang.reflect.Method.invoke(Native Method)
03-08 22:13:24.267 8766 8766 W System.err: at com.android.internal.os.RuntimeInit$MethodAndArgsCaller.run(RuntimeInit.java:612)
03-08 22:13:24.267 8766 8766 W System.err: at com.android.internal.os.ZygoteInit.main(ZygoteInit.java:1006)
03-08 22:13:24.376 8766 8766 E CustomActivityOnCrash: IMPORTANT WARNING! You already have an UncaughtExceptionHandler, are you sure this is correct? If you use a custom UncaughtExceptionHandler, you must initialize it AFTER CustomActivityOnCrash! Installing anyway, but your original handler will not be called.
03-08 22:13:24.722 8766 8766 W com.mbwhatsapp: Accessing hidden method Lcom/android/org/conscrypt/OpenSSLSocketImpl;->setUseSessionTickets(Z)V (greylist- max-q,test-api, reflection, denied)
03-08 22:13:24.722 8766 8766 W com.mbwhatsapp: Accessing hidden method Lcom/android/org/conscrypt/AbstractConscryptSocket;->setUseSessionTickets(Z)V (greylist-max-q, reflection, denied)
03-08 22:13:24.795 8766 8766 W linker : Warning: "/data/data/com.mbwhatsapp/files/decompressed/libs.spk.zst/libc++_shared.so" unused DT entry: unknown processor-specific (type 0x70000001 arg 0x0) (ignoring)
03-08 22:13:24.791 8766 8766 W com.mbwhatsapp: type=1400 audit(0.0:20703): avc: granted { execute } for path="/data/data/com.mbwhatsapp/files/decompressed/libs.spk.zst/libc++_shared.so" dev="sda10" ino=6827490 scontext=u:r:untrusted_app:s0:c193,c257,c512,c768 tcontext=u:object_r:app_data_file:s0:c193,c257,c512,c768 tclass=file app=com.mbwhatsapp
03-08 22:13:24.799 8766 8766 W com.mbwhatsapp: type=1400 audit(0.0:20704): avc: granted { execute } for path="/data/data/com.mbwhatsapp/files/decompressed/libs.spk.zst/libvlc.so" dev="sda10" ino=6826114 scontext=u:r:untrusted_app:s0:c193,c257,c512,c768 tcontext=u:object_r:app_data_file:s0:c193,c257,c512,c768 tclass=file app=com.mbwhatsapp
03-08 22:13:24.811 8766 8766 W com.mbwhatsapp: type=1400 audit(0.0:20705): avc: granted { execute } for path="/data/data/com.mbwhatsapp/files/decompressed/libs.spk.zst/libwhatsapp.so" dev="sda10" ino=6827470 scontext=u:r:untrusted_app:s0:c193,c257,c512,c768 tcontext=u:object_r:app_data_file:s0:c193,c257,c512,c768 tclass=file app=com.mbwhatsapp
03-08 22:13:24.895 8766 8766 W com.mbwhatsapp: type=1400 audit(0.0:20706): avc: granted { execute } for path="/data/data/com.mbwhatsapp/files/decompressed/libs.spk.zst/libcurve25519.so" dev="sda10" ino=6827472 scontext=u:r:untrusted_app:s0:c193,c257,c512,c768 tcontext=u:object_r:app_data_file:s0:c193,c257,c512,c768 tclass=file app=com.mbwhatsapp
03-08 22:13:24.899 8766 8766 W com.mbwhatsapp: type=1400 audit(0.0:20707): avc: granted { execute } for path="/data/data/com.mbwhatsapp/files/decompressed/libs.spk.zst/libwhatsapp.so" dev="sda10" ino=6827470 scontext=u:r:untrusted_app:s0:c193,c257,c512,c768 tcontext=u:object_r:app_data_file:s0:c193,c257,c512,c768 tclass=file app=com.mbwhatsapp
03-08 22:13:24.899 8766 8766 W com.mbwhatsapp: type=1400 audit(0.0:20708): avc: granted { execute } for path="/data/data/com.mbwhatsapp/files/decompressed/libs.spk.zst/libwhatsapp.so" dev="sda10" ino=6827470 scontext=u:r:untrusted_app:s0:c193,c257,c512,c768 tcontext=u:object_r:app_data_file:s0:c193,c257,c512,c768 tclass=file app=com.mbwhatsapp
03-08 22:13:25.028 8766 8817 W com.mbwhatsapp: Class X.2rL failed lock verification and will run slower.
03-08 22:13:25.028 8766 8817 W com.mbwhatsapp: Common causes for lock verification issues are non-optimized dex code
03-08 22:13:25.028 8766 8817 W com.mbwhatsapp: and incorrect proguard optimizations.
03-08 22:13:25.049 8766 8766 W com.mbwhatsapp: Class X.0eU failed lock verification and will run slower.
03-08 22:13:25.201 8766 8766 E Parcel : Reading a NULL string not supported here.
03-08 22:13:25.292 8766 8828 E libEGL : Invalid file path for libcolorx- loader.so
03-08 22:13:25.326 8766 8766 W com.mbwhatsapp: Class com.mbwhatsapp.HomeActivity failed lock verification and will run slower. --------- beginning of system
03-08 22:13:25.405 8766 8766 E OplusCustomizeRestrictionManager: sInstance is null, start a new sInstance
03-08 22:13:25.852 8766 8766 E ArmVmp : Match on catch block at 0x0a in for 0xc5
03-08 22:13:25.892 8766 8766 E ArmVmp : Match on catch block at 0x0a in for 0x139
03-08 22:13:25.896 8766 8766 E Parcel : Reading a NULL string not supported here.
03-08 22:13:25.936 8766 8766 E Parcel : Reading a NULL string not supported here.
03-08 22:13:26.400 8766 8832 W com.mbwhatsapp: Accessing hidden method Lcom/android/org/conscrypt/ConscryptEngineSocket;->setUseSessionTickets(Z)V (greylist-max-q,test-api, reflection, denied)
03-08 22:13:26.400 8766 8832 W com.mbwhatsapp: Accessing hidden method Lcom/android/org/conscrypt/OpenSSLSocketImpl;->setUseSessionTickets(Z)V (greylist- max-q,test-api, reflection, denied)
03-08 22:13:26.401 8766 8832 W com.mbwhatsapp: Accessing hidden method Lcom/android/org/conscrypt/AbstractConscryptSocket;->setUseSessionTickets(Z)V (greylist-max-q, reflection, denied)
03-08 22:13:26.406 8766 8832 W com.mbwhatsapp: Accessing hidden method Lcom/android/org/conscrypt/ConscryptEngineSocket;->setHostname(Ljava/lang/String;)V (greylist-max-q,test-api, reflection, denied)
03-08 22:13:26.407 8766 8832 W com.mbwhatsapp: Accessing hidden method Lcom/android/org/conscrypt/OpenSSLSocketImpl;->setHostname(Ljava/lang/String;)V (greylist-max-q,test-api, reflection, denied)
03-08 22:13:26.407 8766 8832 W com.mbwhatsapp: Accessing hidden method Lcom/android/org/conscrypt/AbstractConscryptSocket;->setHostname(Ljava/lang/ String;)V (greylist-max-q, reflection, denied)
03-08 22:13:26.408 8766 8832 W com.mbwhatsapp: Accessing hidden method Lcom/android/org/conscrypt/OpenSSLSocketImpl;->setAlpnProtocols([B)V (greylist-max- q,test-api, reflection, denied)
03-08 22:13:26.408 8766 8832 W com.mbwhatsapp: Accessing hidden method Lcom/android/org/conscrypt/AbstractConscryptSocket;->setAlpnProtocols([B)V (greylist-max-q, reflection, denied)
03-08 22:13:26.644 8766 8827 E libEGL : Invalid file path for libcolorx- loader.so
03-08 22:13:26.670 8766 8827 E libEGL : Invalid file path for libcolorx- loader.so
03-08 22:13:26.680 8766 8827 E libEGL : Invalid file path for libcolorx- loader.so
03-08 22:13:26.959 8766 8766 E RecyclerView: No adapter attached; skipping layout
03-08 22:13:27.114 8766 8766 E RecyclerView: No adapter attached; skipping layout
03-08 22:13:27.141 8766 8893 E libEGL : Invalid file path for libcolorx- loader.so
03-08 22:13:27.145 8766 8766 E ArmVmp : Match on catch block at 0x0a in for 0xd1
03-08 22:13:27.220 8766 8766 E ScreenmodeClient: display mode not support
03-08 22:13:27.247 8766 8832 W com.mbwhatsapp: Accessing hidden method Lcom/android/org/conscrypt/OpenSSLSocketImpl;->getAlpnSelectedProtocol()[B (greylist-max-q,test-api, reflection, denied)
03-08 22:13:27.247 8766 8832 W com.mbwhatsapp: Accessing hidden method Lcom/android/org/conscrypt/AbstractConscryptSocket;->getAlpnSelectedProtocol()[B (greylist-max-q, reflection, denied)
03-08 22:13:27.430 8766 8903 W LOTTIE : Animation contains merge paths. Merge paths are only supported on KitKat+ and must be manually enabled by calling enableMergePathsForKitKatAndAbove().
03-08 22:13:27.586 8766 8766 W LOTTIE : Animation contains merge paths but they are disabled.
03-08 22:13:27.777 8766 8766 E ArmVmp : Match on catch block at 0x5b in for 0x85
03-08 22:13:27.854 8766 8788 W LibraryVersion: Failed to get app version for libraryName: firebase-iid
03-08 22:13:27.925 8766 8912 E Parcel : Reading a NULL string not supported here.
03-08 22:13:28.365 8766 8926 E Parcel : Reading a NULL string not supported here.
03-08 22:13:28.461 8766 8850 E CheckPermission: _bluetooth code = 1
03-08 22:13:28.463 8766 8850 E CheckPermission: _bluetooth code = 3
03-08 22:13:28.464 8766 8850 E CheckPermission: _bluetooth code = 11
03-08 22:13:28.864 8766 8766 E Parcel : Reading a NULL string not supported here.
03-08 22:13:28.942 8766 8935 E libEGL : Invalid file path for libcolorx- loader.so
03-08 22:13:28.942 8766 8814 E SQLiteDatabase: Error inserting transferred=0 media_job_uuid=36fe0745-df92-49a4-b2c2-e5a28a6ee1cb transcoded=0 gif_attribution=0 first_scan_length=0 direct_path=/v/t62.7161- 24/40794000_1147909279538692_5337470680402602742_n.enc?ccb=11- 4&oh=01_AdQoSMScsqUaGVpErRlmywYv_WIGfz05J5e7N6dmLrYmjg&oe=66128993&_nc_sid=5e03e0 thumbnail_height_width_ratio=1.7777778 is_animated_sticker=0 file_hash=qPT49h1VsN4q4hVgi2yH88iOVcVsyU+IsmHJETTJhPY= file_path=null file_size=0 partial_media_hash=null face_x=0 face_y=0 height=656 trim_to=0 media_key_timestamp=1709902870000 message_url=https://mmg.whatsapp.net/v/t62.7161- 24/40794000_1147909279538692_5337470680402602742_n.enc?ccb=11- 4&oh=01_AdQoSMScsqUaGVpErRlmywYv_WIGfz05J5e7N6dmLrYmjg&oe=66128993&_nc_sid=5e03e0&m ms3=true media_caption=null trim_from=0 mime_type=video/mp4 partial_media_enc_hash=null width=368 original_file_hash=null has_streaming_sidecar=1 autotransfer_retry_enabled=0 media_upload_handle=null message_row_id=62 multicast_id=null enc_file_hash=+wKydj+txx9+XO6KOioEh4uj+rXng0vHhbjUfCS5pJU= mute_video=0 page_count=0 first_scan_sidecar=null suspicious_content=0 file_length=1909554 media_name=null media_duration=15 chat_row_id=5 media_key=[B@2608dc7
03-08 22:13:28.942 8766 8814 E SQLiteDatabase: android.database.sqlite.SQLiteConstraintException: UNIQUE constraint failed: message_media.message_row_id (code 1555 SQLITE_CONSTRAINT_PRIMARYKEY)
03-08 22:13:28.942 8766 8814 E SQLiteDatabase: at android.database.sqlite.SQLiteConnection.nativeExecuteForLastInsertedRowId(Native Method)
03-08 22:13:28.942 8766 8814 E SQLiteDatabase: at android.database.sqlite.SQLiteConnection.executeForLastInsertedRowId(SQLiteConnecti on.java:948)
03-08 22:13:28.942 8766 8814 E SQLiteDatabase: at android.database.sqlite.SQLiteSession.executeForLastInsertedRowId(SQLiteSession.jav a:790)
03-08 22:13:28.942 8766 8814 E SQLiteDatabase: at android.database.sqlite.SQLiteStatement.executeInsert(SQLiteStatement.java:88)
03-08 22:13:28.942 8766 8814 E SQLiteDatabase: at android.database.sqlite.SQLiteDatabase.insertWithOnConflict(SQLiteDatabase.java:171 2)
03-08 22:13:28.942 8766 8814 E SQLiteDatabase: at android.database.sqlite.SQLiteDatabase.insert(SQLiteDatabase.java:1581)
03-08 22:13:28.942 8766 8814 E SQLiteDatabase: at X.2tm.A08(Unknown Source:6)
03-08 22:13:28.942 8766 8814 E SQLiteDatabase: at X.35Y.A07(Unknown Source:212)
03-08 22:13:28.942 8766 8814 E SQLiteDatabase: at X.3QF.A14(Unknown Source:470)
03-08 22:13:28.942 8766 8814 E SQLiteDatabase: at X.3gU.run(Unknown Source:982)
03-08 22:13:28.942 8766 8814 E SQLiteDatabase: at android.os.Handler.handleCallback(Handler.java:938)
03-08 22:13:28.942 8766 8814 E SQLiteDatabase: at android.os.Handler.dispatchMessage(Handler.java:99)
03-08 22:13:28.942 8766 8814 E SQLiteDatabase: at X.0zq.dispatchMessage(Unknown Source:4)
03-08 22:13:28.942 8766 8814 E SQLiteDatabase: at android.os.Looper.loop(Looper.java:263)
03-08 22:13:28.942 8766 8814 E SQLiteDatabase: at android.os.HandlerThread.run(HandlerThread.java:67)
03-08 22:13:29.150 8766 8766 W com.mbwhatsapp: Verification of void X.5pH.A1Z(android.os.Bundle) took 135.508ms (74777.37 bytecodes/s) (247944B approximate peak alloc)
03-08 22:13:29.282 8766 8936 E linker : library "" ("/apex/com.android.vndk.v30/lib64") needed or dlopened by "/apex/com.android.vndk.v30/lib64/libRS_internal.so" is not accessible for the namespace: [name="rs", ld_library_paths="", default_library_paths="/apex/com.android.vndk.v30/lib64:/odm/lib64:/vendor/lib64", permitted_paths="/odm/lib64:/vendor/lib64:/system/vendor/lib64:/data"]
03-08 22:13:29.282 8766 8936 E RenderScript: Failed loading RS driver: dlopen failed: library "" needed or dlopened by "/apex/com.android.vndk.v30/lib64/libRS_internal.so" is not accessible for the namespace "rs"
03-08 22:13:29.282 8766 8936 E RenderScript: Failed to load runtime , loading default
03-08 22:13:29.491 8766 8903 W LOTTIE : Unknown shape type rd
03-08 22:13:29.491 8766 8945 W LOTTIE : Unknown shape type rd
03-08 22:13:29.589 8766 8766 E ArmVmp : Match on catch block at 0x0a in for 0xc9
03-08 22:13:29.594 8766 8766 E ArmVmp : Match on catch block at 0x0a in for 0xc9
03-08 22:13:29.673 8766 8814 E SQLiteDatabase: Error inserting transferred=0 media_job_uuid=36fe0745-df92-49a4-b2c2-e5a28a6ee1cb transcoded=0 gif_attribution=0 first_scan_length=0 direct_path=/v/t62.7161- 24/40794000_1147909279538692_5337470680402602742_n.enc?ccb=11- 4&oh=01_AdQoSMScsqUaGVpErRlmywYv_WIGfz05J5e7N6dmLrYmjg&oe=66128993&_nc_sid=5e03e0 thumbnail_height_width_ratio=1.7777778 is_animated_sticker=0 file_hash=qPT49h1VsN4q4hVgi2yH88iOVcVsyU+IsmHJETTJhPY= file_path=null file_size=0 partial_media_hash=null face_x=0 face_y=0 height=656 trim_to=0 media_key_timestamp=1709902870000 message_url=https://mmg.whatsapp.net/v/t62.7161- 24/40794000_1147909279538692_5337470680402602742_n.enc?ccb=11- 4&oh=01_AdQoSMScsqUaGVpErRlmywYv_WIGfz05J5e7N6dmLrYmjg&oe=66128993&_nc_sid=5e03e0&m ms3=true media_caption=null trim_from=0 mime_type=video/mp4 partial_media_enc_hash=null width=368 original_file_hash=null has_streaming_sidecar=1 autotransfer_retry_enabled=0 media_upload_handle=null message_row_id=62 multicast_id=null enc_file_hash=+wKydj+txx9+XO6KOioEh4uj+rXng0vHhbjUfCS5pJU= mute_video=0 page_count=0 first_scan_sidecar=null suspicious_content=0 file_length=1909554 media_name=null media_duration=15 chat_row_id=5 media_key=[B@2608dc7
03-08 22:13:29.673 8766 8814 E SQLiteDatabase: android.database.sqlite.SQLiteConstraintException: UNIQUE constraint failed: message_media.message_row_id (code 1555 SQLITE_CONSTRAINT_PRIMARYKEY)
03-08 22:13:29.673 8766 8814 E SQLiteDatabase: at android.database.sqlite.SQLiteConnection.nativeExecuteForLastInsertedRowId(Native Method)
03-08 22:13:29.673 8766 8814 E SQLiteDatabase: at android.database.sqlite.SQLiteConnection.executeForLastInsertedRowId(SQLiteConnecti on.java:948)
03-08 22:13:29.673 8766 8814 E SQLiteDatabase: at android.database.sqlite.SQLiteSession.executeForLastInsertedRowId(SQLiteSession.jav a:790)
03-08 22:13:29.673 8766 8814 E SQLiteDatabase: at android.database.sqlite.SQLiteStatement.executeInsert(SQLiteStatement.java:88)
03-08 22:13:29.673 8766 8814 E SQLiteDatabase: at android.database.sqlite.SQLiteDatabase.insertWithOnConflict(SQLiteDatabase.java:171 2)
03-08 22:13:29.673 8766 8814 E SQLiteDatabase: at android.database.sqlite.SQLiteDatabase.insert(SQLiteDatabase.java:1581)
03-08 22:13:29.673 8766 8814 E SQLiteDatabase: at X.2tm.A08(Unknown Source:6)
03-08 22:13:29.673 8766 8814 E SQLiteDatabase: at X.35Y.A07(Unknown Source:212)
03-08 22:13:29.673 8766 8814 E SQLiteDatabase: at X.3QF.A14(Unknown Source:470)
03-08 22:13:29.673 8766 8814 E SQLiteDatabase: at X.3gU.run(Unknown Source:982)
03-08 22:13:29.673 8766 8814 E SQLiteDatabase: at android.os.Handler.handleCallback(Handler.java:938)
03-08 22:13:29.673 8766 8814 E SQLiteDatabase: at android.os.Handler.dispatchMessage(Handler.java:99)
03-08 22:13:29.673 8766 8814 E SQLiteDatabase: at X.0zq.dispatchMessage(Unknown Source:4)
03-08 22:13:29.673 8766 8814 E SQLiteDatabase: at android.os.Looper.loop(Looper.java:263)
03-08 22:13:29.673 8766 8814 E SQLiteDatabase: at android.os.HandlerThread.run(HandlerThread.java:67)
03-08 22:13:30.125 8766 8766 E ArmVmp : Match on catch block at 0xc3 in for 0xb1
03-08 22:13:30.133 8766 8766 E ArmVmp : Match on catch block at 0xc3 in for 0xb9
03-08 22:13:30.138 8766 8766 E ArmVmp : Match on catch block at 0xc3 in for 0xb9
03-08 22:13:30.266 8766 8766 E ArmVmp : Match on catch block at 0xc3 in for 0xa5
03-08 22:13:30.270 8766 8766 E ArmVmp : Match on catch block at 0xc3 in for 0xa1
03-08 22:13:30.273 8766 8766 E ArmVmp : Match on catch block at 0xc3 in for 0xa1
03-08 22:13:30.341 8766 8766 E ArmVmp : Match on catch block at 0xc3 in for 0xa1
03-08 22:13:30.345 8766 8766 E ArmVmp : Match on catch block at 0xc3 in for 0xa5
03-08 22:13:30.349 8766 8766 E ArmVmp : Match on catch block at 0xc3 in for 0xa5
03-08 22:13:30.377 8766 8766 E ArmVmp : Match on catch block at 0xc3 in for 0xa9
03-08 22:13:30.381 8766 8766 E ArmVmp : Match on catch block at 0xc3 in for 0xa1
03-08 22:13:30.383 8766 8766 E ArmVmp : Match on catch block at 0xc3 in for 0xa1
03-08 22:13:30.834 8766 8766 E ArmVmp : Match on catch block at 0xc3 in for 0xa5
03-08 22:13:30.842 8766 8766 E ArmVmp : Match on catch block at 0xc3 in for 0xa9
03-08 22:13:30.847 8766 8766 E ArmVmp : Match on catch block at 0xc3 in for 0xa9
03-08 22:13:31.335 8766 8766 E ArmVmp : Match on catch block at 0xc3 in for 0xa5
03-08 22:13:31.342 8766 8766 E ArmVmp : Match on catch block at 0xc3 in for 0xa9
03-08 22:13:31.345 8766 8766 E ArmVmp : Match on catch block at 0xc3 in for 0xa9
03-08 22:13:31.537 8766 8766 E ArmVmp : Match on catch block at 0xc3 in for 0xa5
03-08 22:13:31.542 8766 8766 E ArmVmp : Match on catch block at 0xc3 in for 0xa9
03-08 22:13:31.546 8766 8766 E ArmVmp : Match on catch block at 0xc3 in for 0xa9
03-08 22:13:31.656 8766 8766 E ArmVmp : Match on catch block at 0xc3 in for 0xa1
03-08 22:13:31.660 8766 8766 E ArmVmp : Match on catch block at 0xc3 in for 0xa5
03-08 22:13:31.662 8766 8766 E ArmVmp : Match on catch block at 0xc3 in for 0xa5
03-08 22:13:31.786 8766 8766 E ArmVmp : Match on catch block at 0xc3 in for 0xa5
03-08 22:13:31.790 8766 8766 E ArmVmp : Match on catch block at 0xc3 in for 0xa9
03-08 22:13:31.792 8766 8766 E ArmVmp : Match on catch block at 0xc3 in for 0xa9
03-08 22:13:31.981 8766 8766 E ArmVmp : Match on catch block at 0xc3 in for 0xa1
03-08 22:13:31.984 8766 8766 E ArmVmp : Match on catch block at 0xc3 in for 0xa5
03-08 22:13:31.987 8766 8766 E ArmVmp : Match on catch block at 0xc3 in for 0xa5
03-08 22:13:37.802 8766 8766 E Parcel : Reading a NULL string not supported here.
03-08 22:13:37.892 8766 8995 E libEGL : Invalid file path for libcolorx- loader.so
03-08 22:13:38.076 8766 8766 W BottomSheetBehavior: BottomSheetBehavior now supports multiple callbacks. `setBottomSheetCallback()` removes all existing callbacks, including ones set internally by library authors, which may result in unintended behavior. This may change in the future. Please use `addBottomSheetCallback()` and `removeBottomSheetCallback()` instead to set your own callbacks.
03-08 22:13:38.077 8766 8766 W BottomSheetBehavior: BottomSheetBehavior now supports multiple callbacks. `setBottomSheetCallback()` removes all existing callbacks, including ones set internally by library authors, which may result in unintended behavior. This may change in the future. Please use `addBottomSheetCallback()` and `removeBottomSheetCallback()` instead to set your own callbacks.
03-08 22:13:38.115 8766 8766 W pool-6-thread-1: type=1400 audit(0.0:20717): avc: granted { execute } for path="/data/data/com.mbwhatsapp/files/decompressed/libs.spk.zst/libgifimage.so" dev="sda10" ino=6827477 scontext=u:r:untrusted_app:s0:c193,c257,c512,c768 tcontext=u:object_r:app_data_file:s0:c193,c257,c512,c768 tclass=file app=com.mbwhatsapp
03-08 22:13:38.230 8766 8766 W BottomSheetBehavior: BottomSheetBehavior now supports multiple callbacks. `setBottomSheetCallback()` removes all existing callbacks, including ones set internally by library authors, which may result in unintended behavior. This may change in the future. Please use `addBottomSheetCallback()` and `removeBottomSheetCallback()` instead to set your own callbacks.
03-08 22:13:38.230 8766 8766 W BottomSheetBehavior: BottomSheetBehavior now supports multiple callbacks. `setBottomSheetCallback()` removes all existing callbacks, including ones set internally by library authors, which may result in unintended behavior. This may change in the future. Please use `addBottomSheetCallback()` and `removeBottomSheetCallback()` instead to set your own callbacks.
03-08 22:13:38.246 8766 9004 W AudioCapabilities: Unsupported mime audio/ffmpeg
03-08 22:13:38.246 8766 9004 W VideoCapabilities: Unsupported mime image/vnd.android.heic
03-08 22:13:38.247 8766 9004 W VideoCapabilities: Unsupported mime video/ffmpeg
03-08 22:13:38.249 8766 9004 W VideoCapabilities: Unrecognized profile/level 0/3 for video/mpeg2
03-08 22:13:38.249 8766 9004 W VideoCapabilities: Unrecognized profile/level 0/3 for video/mpeg2
03-08 22:13:38.278 8766 9004 E Parcel : Reading a NULL string not supported here.
03-08 22:13:38.292 8766 9018 W com.mbwhatsapp: OPPOLoadFrame::init -- failed: dlopen failed: library "libOplusDualHeadPhoneEx.so" not found
03-08 22:13:38.323 8766 8766 W BottomSheetBehavior: BottomSheetBehavior now supports multiple callbacks. `setBottomSheetCallback()` removes all existing callbacks, including ones set internally by library authors, which may result in unintended behavior. This may change in the future. Please use `addBottomSheetCallback()` and `removeBottomSheetCallback()` instead to set your own callbacks.
03-08 22:13:38.323 8766 8766 W BottomSheetBehavior: BottomSheetBehavior now supports multiple callbacks. `setBottomSheetCallback()` removes all existing callbacks, including ones set internally by library authors, which may result in unintended behavior. This may change in the future. Please use `addBottomSheetCallback()` and `removeBottomSheetCallback()` instead to set your own callbacks.
03-08 22:13:38.325 8766 9025 E libEGL : Invalid file path for libcolorx- loader.so
03-08 22:13:38.336 8766 9018 E OplusACodec: [GetVideoCodingTypeFromMime:L726] mime:video/avc
03-08 22:13:38.355 8766 8766 E RecyclerView: No adapter attached; skipping layout
03-08 22:13:38.427 8766 9027 W Codec2Client: query -- param skipped: index = 1107298332.
03-08 22:13:38.427 8766 9027 W CCodec : This behavior is subject to change. It is recommended that app developers double check whether the requested max input size is in reasonable range.
03-08 22:13:38.432 8766 9027 W Codec2Client: query -- param skipped: index = 1342179345.
03-08 22:13:38.432 8766 9027 W Codec2Client: query -- param skipped: index = 2415921170.
03-08 22:13:38.432 8766 9027 W Codec2Client: query -- param skipped: index = 1610614798.
03-08 22:13:38.433 8766 9027 E FMQ : grantorIdx must be less than 3
03-08 22:13:38.433 8766 9027 E FMQ : grantorIdx must be less than 3
03-08 22:13:38.439 8766 9027 E ion : ioctl c0044901 failed with code -1: Inappropriate ioctl for device
03-08 22:13:38.440 8766 9027 E FMQ : grantorIdx must be less than 3
03-08 22:13:38.450 8766 9019 E FMQ : grantorIdx must be less than 3
03-08 22:13:40.618 8766 9027 W Codec2Client: query -- param skipped: index = 1342179345.
03-08 22:13:40.618 8766 9027 W Codec2Client: query -- param skipped: index = 2415921170.
03-08 22:13:40.618 8766 9027 W Codec2Client: query -- param skipped: index = 1610614798.
03-08 22:13:40.625 8766 8766 E RecyclerView: No adapter attached; skipping layout
03-08 22:13:40.725 8766 8814 E SQLiteDatabase: Error inserting transferred=1 media_job_uuid=36fe0745-df92-49a4-b2c2-e5a28a6ee1cb transcoded=0 gif_attribution=0 first_scan_length=0 direct_path=/v/t62.7161- 24/40794000_1147909279538692_5337470680402602742_n.enc?ccb=11- 4&oh=01_AdQoSMScsqUaGVpErRlmywYv_WIGfz05J5e7N6dmLrYmjg&oe=66128993&_nc_sid=5e03e0 thumbnail_height_width_ratio=1.7777778 is_animated_sticker=0 file_hash=qPT49h1VsN4q4hVgi2yH88iOVcVsyU+IsmHJETTJhPY= file_path=Media/.Statuses/579500d31ce946638dfe036ec895e352.mp4 file_size=1909554 partial_media_hash=null face_x=0 face_y=0 height=656 trim_to=0 media_key_timestamp=1709902870000 message_url=https://mmg.whatsapp.net/v/t62.7161- 24/40794000_1147909279538692_5337470680402602742_n.enc?ccb=11- 4&oh=01_AdQoSMScsqUaGVpErRlmywYv_WIGfz05J5e7N6dmLrYmjg&oe=66128993&_nc_sid=5e03e0&m ms3=true media_caption=null trim_from=0 mime_type=video/mp4 partial_media_enc_hash=null width=368 original_file_hash=null has_streaming_sidecar=1 autotransfer_retry_enabled=1 media_upload_handle=null message_row_id=62 multicast_id=null enc_file_hash=+wKydj+txx9+XO6KOioEh4uj+rXng0vHhbjUfCS5pJU= mute_video=0 page_count=0 first_scan_sidecar=null suspicious_content=0 file_length=1909554 media_name=null media_duration=15 chat_row_id=5 media_key=[B@2608dc7
03-08 22:13:40.725 8766 8814 E SQLiteDatabase: android.database.sqlite.SQLiteConstraintException: UNIQUE constraint failed: message_media.message_row_id (code 1555 SQLITE_CONSTRAINT_PRIMARYKEY)
03-08 22:13:40.725 8766 8814 E SQLiteDatabase: at android.database.sqlite.SQLiteConnection.nativeExecuteForLastInsertedRowId(Native Method)
03-08 22:13:40.725 8766 8814 E SQLiteDatabase: at android.database.sqlite.SQLiteConnection.executeForLastInsertedRowId(SQLiteConnecti on.java:948)
03-08 22:13:40.725 8766 8814 E SQLiteDatabase: at android.database.sqlite.SQLiteSession.executeForLastInsertedRowId(SQLiteSession.jav a:790)
03-08 22:13:40.725 8766 8814 E SQLiteDatabase: at android.database.sqlite.SQLiteStatement.executeInsert(SQLiteStatement.java:88)
03-08 22:13:40.725 8766 8814 E SQLiteDatabase: at android.database.sqlite.SQLiteDatabase.insertWithOnConflict(SQLiteDatabase.java:171 2)
03-08 22:13:40.725 8766 8814 E SQLiteDatabase: at android.database.sqlite.SQLiteDatabase.insert(SQLiteDatabase.java:1581)
03-08 22:13:40.725 8766 8814 E SQLiteDatabase: at X.2tm.A08(Unknown Source:6)
03-08 22:13:40.725 8766 8814 E SQLiteDatabase: at X.35Y.A07(Unknown Source:212)
03-08 22:13:40.725 8766 8814 E SQLiteDatabase: at X.3QF.A14(Unknown Source:470)
03-08 22:13:40.725 8766 8814 E SQLiteDatabase: at X.3gU.run(Unknown Source:982)
03-08 22:13:40.725 8766 8814 E SQLiteDatabase: at android.os.Handler.handleCallback(Handler.java:938)
03-08 22:13:40.725 8766 8814 E SQLiteDatabase: at android.os.Handler.dispatchMessage(Handler.java:99)
03-08 22:13:40.725 8766 8814 E SQLiteDatabase: at X.0zq.dispatchMessage(Unknown Source:4)
03-08 22:13:40.725 8766 8814 E SQLiteDatabase: at android.os.Looper.loop(Looper.java:263)
03-08 22:13:40.725 8766 8814 E SQLiteDatabase: at android.os.HandlerThread.run(HandlerThread.java:67)
03-08 22:13:42.770 8766 8766 E Parcel : Reading a NULL string not supported here.
03-08 22:13:42.811 8766 9053 E libEGL : Invalid file path for libcolorx- loader.so
03-08 22:13:42.994 8766 8766 W BottomSheetBehavior: BottomSheetBehavior now supports multiple callbacks. `setBottomSheetCallback()` removes all existing callbacks, including ones set internally by library authors, which may result in unintended behavior. This may change in the future. Please use `addBottomSheetCallback()` and `removeBottomSheetCallback()` instead to set your own callbacks.
03-08 22:13:43.051 8766 8766 W BottomSheetBehavior: BottomSheetBehavior now supports multiple callbacks. `setBottomSheetCallback()` removes all existing callbacks, including ones set internally by library authors, which may result in unintended behavior. This may change in the future. Please use `addBottomSheetCallback()` and `removeBottomSheetCallback()` instead to set your own callbacks.
03-08 22:13:43.075 8766 8766 E RecyclerView: No adapter attached; skipping layout
03-08 22:13:43.076 8766 8766 E RecyclerView: No adapter attached; skipping layout
03-08 22:13:43.693 8766 8766 W BottomSheetBehavior: BottomSheetBehavior now supports multiple callbacks. `setBottomSheetCallback()` removes all existing callbacks, including ones set internally by library authors, which may result in unintended behavior. This may change in the future. Please use `addBottomSheetCallback()` and `removeBottomSheetCallback()` instead to set your own callbacks.
03-08 22:13:43.693 8766 8766 W BottomSheetBehavior: BottomSheetBehavior now supports multiple callbacks. `setBottomSheetCallback()` removes all existing callbacks, including ones set internally by library authors, which may result in unintended behavior. This may change in the future. Please use `addBottomSheetCallback()` and `removeBottomSheetCallback()` instead to set your own callbacks.
03-08 22:13:43.698 8766 8766 E RecyclerView: No adapter attached; skipping layout
03-08 22:13:43.914 8766 8766 W BottomSheetBehavior: BottomSheetBehavior now supports multiple callbacks. `setBottomSheetCallback()` removes all existing callbacks, including ones set internally by library authors, which may result in unintended behavior. This may change in the future. Please use `addBottomSheetCallback()` and `removeBottomSheetCallback()` instead to set your own callbacks.
03-08 22:13:43.914 8766 8766 W BottomSheetBehavior: BottomSheetBehavior now supports multiple callbacks. `setBottomSheetCallback()` removes all existing callbacks, including ones set internally by library authors, which may result in unintended behavior. This may change in the future. Please use `addBottomSheetCallback()` and `removeBottomSheetCallback()` instead to set your own callbacks.
03-08 22:13:43.922 8766 8766 E RecyclerView: No adapter attached; skipping layout
03-08 22:13:44.361 8766 8766 W BottomSheetBehavior: BottomSheetBehavior now supports multiple callbacks. `setBottomSheetCallback()` removes all existing callbacks, including ones set internally by library authors, which may result in unintended behavior. This may change in the future. Please use `addBottomSheetCallback()` and `removeBottomSheetCallback()` instead to set your own callbacks.
03-08 22:13:44.361 8766 8766 W BottomSheetBehavior: BottomSheetBehavior now supports multiple callbacks. `setBottomSheetCallback()` removes all existing callbacks, including ones set internally by library authors, which may result in unintended behavior. This may change in the future. Please use `addBottomSheetCallback()` and `removeBottomSheetCallback()` instead to set your own callbacks.
03-08 22:13:44.402 8766 8766 E RecyclerView: No adapter attached; skipping layout
03-08 22:13:44.422 8766 9070 E Parcel : Reading a NULL string not supported here.
03-08 22:13:44.445 8766 9073 E OplusACodec: [GetVideoCodingTypeFromMime:L726] mime:video/avc
03-08 22:13:44.488 8766 9077 W Codec2Client: query -- param skipped: index = 1107298332.
03-08 22:13:44.488 8766 9077 W CCodec : This behavior is subject to change. It is recommended that app developers double check whether the requested max input size is in reasonable range.
03-08 22:13:44.490 8766 9077 W Codec2Client: query -- param skipped: index = 1342179345.
03-08 22:13:44.490 8766 9077 W Codec2Client: query -- param skipped: index = 2415921170.
03-08 22:13:44.490 8766 9077 W Codec2Client: query -- param skipped: index = 1610614798.
03-08 22:13:44.490 8766 9077 E FMQ : grantorIdx must be less than 3
03-08 22:13:44.490 8766 9077 E FMQ : grantorIdx must be less than 3
03-08 22:13:44.493 8766 9077 E FMQ : grantorIdx must be less than 3
03-08 22:13:44.501 8766 9019 E FMQ : grantorIdx must be less than 3
03-08 22:13:44.704 8766 9070 W AudioTrack: getTimestamp_l(895): retrograde timestamp time corrected, 19402371609003 < 19402373896138
03-08 22:13:44.859 8766 9077 W Codec2Client: query -- param skipped: index = 1342179345.
03-08 22:13:44.859 8766 9077 W Codec2Client: query -- param skipped: index = 2415921170.
03-08 22:13:44.859 8766 9077 W Codec2Client: query -- param skipped: index = 1610614798.
03-08 22:13:44.867 8766 8766 E RecyclerView: No adapter attached; skipping layout
03-08 22:13:46.412 8766 8766 E Parcel : Reading a NULL string not supported here.
03-08 22:13:46.468 8766 9089 E libEGL : Invalid file path for libcolorx- loader.so
03-08 22:13:46.635 8766 8766 W SoundPool: Use of stream types is deprecated for operations other than volume control
03-08 22:13:46.635 8766 8766 W SoundPool: See the documentation of SoundPool() for what to use instead with android.media.AudioAttributes to qualify your playback use case
03-08 22:13:46.647 8766 9091 E Parcel : Reading a NULL string not supported here.
03-08 22:13:46.659 8766 9092 W Codec2Client: query -- param skipped: index = 1107298332.
03-08 22:13:46.659 8766 9094 W Codec2Client: query -- param skipped: index = 1107298332.
03-08 22:13:46.660 8766 9092 W Codec2Client: query -- param skipped: index = 1342179345.
03-08 22:13:46.660 8766 9092 W Codec2Client: query -- param skipped: index = 2415921170.
03-08 22:13:46.661 8766 9094 W Codec2Client: query -- param skipped: index = 1342179345.
03-08 22:13:46.661 8766 9094 W Codec2Client: query -- param skipped: index = 2415921170.
03-08 22:13:46.661 8766 9092 E FMQ : grantorIdx must be less than 3
03-08 22:13:46.661 8766 9092 E FMQ : grantorIdx must be less than 3
03-08 22:13:46.661 8766 9094 E FMQ : grantorIdx must be less than 3
03-08 22:13:46.661 8766 9094 E FMQ : grantorIdx must be less than 3
03-08 22:13:46.665 8766 9092 E FMQ : grantorIdx must be less than 3
03-08 22:13:46.666 8766 9094 E FMQ : grantorIdx must be less than 3
03-08 22:13:46.672 8766 9019 E FMQ : grantorIdx must be less than 3
03-08 22:13:46.673 8766 9019 E FMQ : grantorIdx must be less than 3
03-08 22:13:46.675 8766 8766 W BottomSheetBehavior: BottomSheetBehavior now supports multiple callbacks. `setBottomSheetCallback()` removes all existing callbacks, including ones set internally by library authors, which may result in unintended behavior. This may change in the future. Please use `addBottomSheetCallback()` and `removeBottomSheetCallback()` instead to set your own callbacks.
03-08 22:13:46.702 8766 9090 E Parcel : Reading a NULL string not supported here.
03-08 22:13:46.712 8766 9101 W Codec2Client: query -- param skipped: index = 1107298332.
03-08 22:13:46.714 8766 9101 W Codec2Client: query -- param skipped: index = 1342179345.
03-08 22:13:46.714 8766 9101 W Codec2Client: query -- param skipped: index = 2415921170.
03-08 22:13:46.714 8766 9101 E FMQ : grantorIdx must be less than 3
03-08 22:13:46.714 8766 9101 E FMQ : grantorIdx must be less than 3
03-08 22:13:46.718 8766 9101 E FMQ : grantorIdx must be less than 3
03-08 22:13:46.731 8766 9019 E FMQ : grantorIdx must be less than 3
03-08 22:13:46.732 8766 9103 W Codec2Client: query -- param skipped: index = 1107298332.
03-08 22:13:46.734 8766 9103 W Codec2Client: query -- param skipped: index = 1342179345.
03-08 22:13:46.734 8766 9103 W Codec2Client: query -- param skipped: index = 2415921170.
03-08 22:13:46.734 8766 9103 E FMQ : grantorIdx must be less than 3
03-08 22:13:46.735 8766 9103 E FMQ : grantorIdx must be less than 3
03-08 22:13:46.738 8766 9103 E FMQ : grantorIdx must be less than 3
03-08 22:13:46.752 8766 9019 E FMQ : grantorIdx must be less than 3
03-08 22:13:46.814 8766 9108 W Codec2Client: query -- param skipped: index = 1107298332.
03-08 22:13:46.815 8766 9108 W Codec2Client: query -- param skipped: index = 1342179345.
03-08 22:13:46.816 8766 9108 W Codec2Client: query -- param skipped: index = 2415921170.
03-08 22:13:46.816 8766 9108 E FMQ : grantorIdx must be less than 3
03-08 22:13:46.816 8766 9108 E FMQ : grantorIdx must be less than 3
03-08 22:13:46.821 8766 9108 E FMQ : grantorIdx must be less than 3
03-08 22:13:46.830 8766 9019 E FMQ : grantorIdx must be less than 3
03-08 22:13:46.897 8766 9112 W Codec2Client: query -- param skipped: index = 1107298332.
03-08 22:13:46.898 8766 9112 W Codec2Client: query -- param skipped: index = 1342179345.
03-08 22:13:46.898 8766 9112 W Codec2Client: query -- param skipped: index = 2415921170.
03-08 22:13:46.899 8766 9112 E FMQ : grantorIdx must be less than 3
03-08 22:13:46.899 8766 9112 E FMQ : grantorIdx must be less than 3
03-08 22:13:46.903 8766 9112 E FMQ : grantorIdx must be less than 3
03-08 22:13:46.940 8766 9019 E FMQ : grantorIdx must be less than 3
03-08 22:13:53.893 8766 8766 E Toast : setGravity() shouldn't be called on text toasts, the values won't be used
03-08 22:13:59.021 8766 8766 E Parcel : Reading a NULL string not supported here.
03-08 22:13:59.085 8766 9172 E libEGL : Invalid file path for libcolorx- loader.so
03-08 22:14:00.224 8766 8766 E Parcel : Reading a NULL string not supported here.
03-08 22:14:00.272 8766 9176 E libEGL : Invalid file path for libcolorx- loader.so
03-08 22:14:00.527 8766 8766 E ArmVmp : Match on catch block at 0x0a in for 0xc9
03-08 22:14:00.531 8766 8766 E ArmVmp : Match on catch block at 0x0a in for 0xc5
03-08 22:14:00.863 8766 8766 E ArmVmp : Match on catch block at 0xc3 in for 0xb1
03-08 22:14:00.866 8766 8766 E ArmVmp : Match on catch block at 0xc3 in for 0xb1
03-08 22:14:00.921 8766 8766 E ArmVmp : Match on catch block at 0xc3 in for 0xa1
03-08 22:14:00.925 8766 8766 E ArmVmp : Match on catch block at 0xc3 in for 0xa5
03-08 22:14:00.958 8766 8766 E ArmVmp : Match on catch block at 0xc3 in for 0xa1
03-08 22:14:00.960 8766 8766 E ArmVmp : Match on catch block at 0xc3 in for 0xa5
03-08 22:14:00.978 8766 8766 E ArmVmp : Match on catch block at 0xc3 in for 0xa9
03-08 22:14:00.980 8766 8766 E ArmVmp : Match on catch block at 0xc3 in for 0xa1
03-08 22:14:01.256 8766 8766 E ArmVmp : Match on catch block at 0xc3 in for 0xa1
03-08 22:14:01.259 8766 8766 E ArmVmp : Match on catch block at 0xc3 in for 0xa5
03-08 22:14:01.759 8766 8766 E ArmVmp : Match on catch block at 0xc3 in for 0xa5
03-08 22:14:01.765 8766 8766 E ArmVmp : Match on catch block at 0xc3 in for 0xa9
03-08 22:14:02.218 8766 8766 E ArmVmp : Match on catch block at 0xc3 in for 0xa9
03-08 22:14:02.221 8766 8766 E ArmVmp : Match on catch block at 0xc3 in for 0xa1
03-08 22:14:02.501 8766 8766 E ArmVmp : Match on catch block at 0xc3 in for 0xa1
03-08 22:14:02.504 8766 8766 E ArmVmp : Match on catch block at 0xc3 in for 0xa5
03-08 22:14:02.513 8766 8766 E ArmVmp : Match on catch block at 0xc3 in for 0xa9
03-08 22:14:02.516 8766 8766 E ArmVmp : Match on catch block at 0xc3 in for 0xa1
03-08 22:14:02.528 8766 8766 E ArmVmp : Match on catch block at 0xc3 in for 0xa9
03-08 22:14:02.531 8766 8766 E ArmVmp : Match on catch block at 0xc3 in for 0xa1
03-08 22:14:02.543 8766 8766 E ArmVmp : Match on catch block at 0xc3 in for 0xa1
03-08 22:14:02.546 8766 8766 E ArmVmp : Match on catch block at 0xc3 in for 0xa5
03-08 22:14:02.560 8766 8766 E ArmVmp : Match on catch block at 0xc3 in for 0xa5
03-08 22:14:02.563 8766 8766 E ArmVmp : Match on catch block at 0xc3 in for 0xa9
03-08 22:14:02.576 8766 8766 E ArmVmp : Match on catch block at 0xc3 in for 0xa9
03-08 22:14:02.579 8766 8766 E ArmVmp : Match on catch block at 0xc3 in for 0xa1
03-08 22:14:02.593 8766 8766 E ArmVmp : Match on catch block at 0xc3 in for 0xa1
03-08 22:14:02.596 8766 8766 E ArmVmp : Match on catch block at 0xc3 in for 0xa5
03-08 22:14:02.610 8766 8766 E ArmVmp : Match on catch block at 0xc3 in for 0xa5
03-08 22:14:02.612 8766 8766 E ArmVmp : Match on catch block at 0xc3 in for 0xa9
03-08 22:14:02.626 8766 8766 E ArmVmp : Match on catch block at 0xc3 in for 0xa9
03-08 22:14:02.629 8766 8766 E ArmVmp : Match on catch block at 0xc3 in for 0xa1
03-08 22:14:02.643 8766 8766 E ArmVmp : Match on catch block at 0xc3 in for 0xa1
03-08 22:14:02.645 8766 8766 E ArmVmp : Match on catch block at 0xc3 in for 0xa5
03-08 22:14:02.659 8766 8766 E ArmVmp : Match on catch block at 0xc3 in for 0xa5
03-08 22:14:02.662 8766 8766 E ArmVmp : Match on catch block at 0xc3 in for 0xa9
03-08 22:14:02.676 8766 8766 E ArmVmp : Match on catch block at 0xc3 in for 0xa9
03-08 22:14:02.679 8766 8766 E ArmVmp : Match on catch block at 0xc3 in for 0xa1
03-08 22:14:02.693 8766 8766 E ArmVmp : Match on catch block at 0xc3 in for 0xa1
03-08 22:14:02.696 8766 8766 E ArmVmp : Match on catch block at 0xc3 in for 0xa5
03-08 22:14:02.710 8766 8766 E ArmVmp : Match on catch block at 0xc3 in for 0xa5
03-08 22:14:02.712 8766 8766 E ArmVmp : Match on catch block at 0xc3 in for 0xa9
03-08 22:14:02.726 8766 8766 E ArmVmp : Match on catch block at 0xc3 in for 0xa9
03-08 22:14:02.729 8766 8766 E ArmVmp : Match on catch block at 0xc3 in for 0xa1
03-08 22:14:02.743 8766 8766 E ArmVmp : Match on catch block at 0xc3 in for 0xa1
03-08 22:14:02.746 8766 8766 E ArmVmp : Match on catch block at 0xc3 in for 0xa5
03-08 22:14:02.760 8766 8766 E ArmVmp : Match on catch block at 0xc3 in for 0xa5
03-08 22:14:02.762 8766 8766 E ArmVmp : Match on catch block at 0xc3 in for 0xa9
03-08 22:14:02.776 8766 8766 E ArmVmp : Match on catch block at 0xc3 in for 0xa1
03-08 22:14:02.779 8766 8766 E ArmVmp : Match on catch block at 0xc3 in for 0xa5
03-08 22:14:02.793 8766 8766 E ArmVmp : Match on catch block at 0xc3 in for 0xa1
03-08 22:14:02.796 8766 8766 E ArmVmp : Match on catch block at 0xc3 in for 0xa5
03-08 22:14:02.810 8766 8766 E ArmVmp : Match on catch block at 0xc3 in for 0xa5
03-08 22:14:02.813 8766 8766 E ArmVmp : Match on catch block at 0xc3 in for 0xa9
03-08 22:14:02.827 8766 8766 E ArmVmp : Match on catch block at 0xc3 in for 0xa9
03-08 22:14:02.829 8766 8766 E ArmVmp : Match on catch block at 0xc3 in for 0xa1
03-08 22:14:02.844 8766 8766 E ArmVmp : Match on catch block at 0xc3 in for 0xa1
03-08 22:14:02.846 8766 8766 E ArmVmp : Match on catch block at 0xc3 in for 0xa5
03-08 22:14:02.860 8766 8766 E ArmVmp : Match on catch block at 0xc3 in for 0xa5
03-08 22:14:02.862 8766 8766 E ArmVmp : Match on catch block at 0xc3 in for 0xa9
03-08 22:14:02.876 8766 8766 E ArmVmp : Match on catch block at 0xc3 in for 0xa9
03-08 22:14:02.879 8766 8766 E ArmVmp : Match on catch block at 0xc3 in for 0xa1
03-08 22:14:02.893 8766 8766 E ArmVmp : Match on catch block at 0xc3 in for 0xa1
03-08 22:14:02.902 8766 8766 E ArmVmp : Match on catch block at 0xc3 in for 0xa5
03-08 22:14:02.910 8766 8766 E ArmVmp : Match on catch block at 0xc3 in for 0xa5
03-08 22:14:02.913 8766 8766 E ArmVmp : Match on catch block at 0xc3 in for 0xa9
03-08 22:14:02.927 8766 8766 E ArmVmp : Match on catch block at 0xc3 in for 0xa9
03-08 22:14:02.930 8766 8766 E ArmVmp : Match on catch block at 0xc3 in for 0xa1
03-08 22:14:02.944 8766 8766 E ArmVmp : Match on catch block at 0xc3 in for 0xa1
03-08 22:14:02.947 8766 8766 E ArmVmp : Match on catch block at 0xc3 in for 0xa5
03-08 22:14:02.961 8766 8766 E ArmVmp : Match on catch block at 0xc3 in for 0xa5
03-08 22:14:02.963 8766 8766 E ArmVmp : Match on catch block at 0xc3 in for 0xa9
03-08 22:14:02.978 8766 8766 E ArmVmp : Match on catch block at 0xc3 in for 0xa9
03-08 22:14:02.980 8766 8766 E ArmVmp : Match on catch block at 0xc3 in for 0xa1
03-08 22:14:02.994 8766 8766 E ArmVmp : Match on catch block at 0xc3 in for 0xa1
03-08 22:14:02.996 8766 8766 E ArmVmp : Match on catch block at 0xc3 in for 0xa5
03-08 22:14:03.011 8766 8766 E ArmVmp : Match on catch block at 0xc3 in for 0xa5
03-08 22:14:03.013 8766 8766 E ArmVmp : Match on catch block at 0xc3 in for 0xa9
03-08 22:14:03.027 8766 8766 E ArmVmp : Match on catch block at 0xc3 in for 0xa9
03-08 22:14:03.030 8766 8766 E ArmVmp : Match on catch block at 0xc3 in for 0xa1
03-08 22:14:03.044 8766 8766 E ArmVmp : Match on catch block at 0xc3 in for 0xa1
03-08 22:14:03.047 8766 8766 E ArmVmp : Match on catch block at 0xc3 in for 0xa5
03-08 22:14:03.061 8766 8766 E ArmVmp : Match on catch block at 0xc3 in for 0xa5
03-08 22:14:03.063 8766 8766 E ArmVmp : Match on catch block at 0xc3 in for 0xa9
03-08 22:14:03.077 8766 8766 E ArmVmp : Match on catch block at 0xc3 in for 0xa9
03-08 22:14:03.080 8766 8766 E ArmVmp : Match on catch block at 0xc3 in for 0xa1
03-08 22:14:03.094 8766 8766 E ArmVmp : Match on catch block at 0xc3 in for 0xa1
03-08 22:14:03.097 8766 8766 E ArmVmp : Match on catch block at 0xc3 in for 0xa5
03-08 22:14:03.112 8766 8766 E ArmVmp : Match on catch block at 0xc3 in for 0xa5
03-08 22:14:03.115 8766 8766 E ArmVmp : Match on catch block at 0xc3 in for 0xa9
03-08 22:14:03.128 8766 8766 E ArmVmp : Match on catch block at 0xc3 in for 0xa9
03-08 22:14:03.130 8766 8766 E ArmVmp : Match on catch block at 0xc3 in for 0xa1
03-08 22:14:03.144 8766 8766 E ArmVmp : Match on catch block at 0xc3 in for 0xa1
03-08 22:14:03.147 8766 8766 E ArmVmp : Match on catch block at 0xc3 in for 0xa5
03-08 22:14:03.161 8766 8766 E ArmVmp : Match on catch block at 0xc3 in for 0xa5
03-08 22:14:03.164 8766 8766 E ArmVmp : Match on catch block at 0xc3 in for 0xa9
03-08 22:14:03.177 8766 8766 E ArmVmp : Match on catch block at 0xc3 in for 0xa9
03-08 22:14:03.180 8766 8766 E ArmVmp : Match on catch block at 0xc3 in for 0xa1
03-08 22:14:03.194 8766 8766 E ArmVmp : Match on catch block at 0xc3 in for 0xa1
03-08 22:14:03.197 8766 8766 E ArmVmp : Match on catch block at 0xc3 in for 0xa5
03-08 22:14:03.211 8766 8766 E ArmVmp : Match on catch block at 0xc3 in for 0xa5
03-08 22:14:03.214 8766 8766 E ArmVmp : Match on catch block at 0xc3 in for 0xa9
03-08 22:14:03.228 8766 8766 E ArmVmp : Match on catch block at 0xc3 in for 0xa9
03-08 22:14:03.230 8766 8766 E ArmVmp : Match on catch block at 0xc3 in for 0xa1
03-08 22:14:03.244 8766 8766 E ArmVmp : Match on catch block at 0xc3 in for 0xa1
03-08 22:14:03.247 8766 8766 E ArmVmp : Match on catch block at 0xc3 in for 0xa5
03-08 22:14:03.261 8766 8766 E ArmVmp : Match on catch block at 0xc3 in for 0xa5
03-08 22:14:03.263 8766 8766 E ArmVmp : Match on catch block at 0xc3 in for 0xa9
03-08 22:14:03.278 8766 8766 E ArmVmp : Match on catch block at 0xc3 in for 0xa9
03-08 22:14:03.280 8766 8766 E ArmVmp : Match on catch block at 0xc3 in for 0xa1
03-08 22:14:03.295 8766 8766 E ArmVmp : Match on catch block at 0xc3 in for 0xa1
03-08 22:14:03.298 8766 8766 E ArmVmp : Match on catch block at 0xc3 in for 0xa5
03-08 22:14:03.315 8766 8766 E ArmVmp : Match on catch block at 0xc3 in for 0xa1
03-08 22:14:03.317 8766 8766 E ArmVmp : Match on catch block at 0xc3 in for 0xa5
03-08 22:14:03.729 8766 8766 E ArmVmp : Match on catch block at 0xc3 in for 0xa1
03-08 22:14:03.733 8766 8766 E ArmVmp : Match on catch block at 0xc3 in for 0xa5
03-08 22:14:04.001 8766 8766 E ArmVmp : Match on catch block at 0xc3 in for 0xa1
03-08 22:14:04.008 8766 8766 E ArmVmp : Match on catch block at 0xc3 in for 0xa5
03-08 22:14:04.113 8766 8766 E ArmVmp : Match on catch block at 0xc3 in for 0xa5
03-08 22:14:04.116 8766 8766 E ArmVmp : Match on catch block at 0xc3 in for 0xa9
03-08 22:14:04.199 8766 8766 E ArmVmp : Match on catch block at 0xc3 in for 0xa5
03-08 22:14:04.203 8766 8766 E ArmVmp : Match on catch block at 0xc3 in for 0xa9
03-08 22:14:04.472 8766 8766 E ArmVmp : Match on catch block at 0xc3 in for 0xa1
03-08 22:14:04.475 8766 8766 E ArmVmp : Match on catch block at 0xc3 in for 0xa5 --------- beginning of main
03-09 01:40:26.179 25138 25138 E com.mbwhatsapp: Unknown bits set in runtime_flags: 0x40000000
03-09 01:40:26.192 25138 25138 E com.mbwhatsapp: Not starting debugger since process cannot load the jdwp agent.
03-09 01:40:26.212 25138 25138 E RefClass: java.lang.reflect.InvocationTargetException
03-09 01:40:26.407 25138 25138 E Perf : perftest packageName : com.mbwhatsapp App is allowed to use Hide APIs
03-09 01:40:26.485 25138 25138 W System.err: java.lang.ClassNotFoundException: mbmodsd.mbmodsw.ui.views.btn.BtnBK
03-09 01:40:26.485 25138 25138 W System.err: at java.lang.Runtime.nativeLoad(Native Method)
03-09 01:40:26.486 25138 25138 W System.err: at java.lang.Runtime.nativeLoad(Runtime.java:1131)
03-09 01:40:26.486 25138 25138 W System.err: at java.lang.Runtime.loadLibrary0(Runtime.java:1085)
03-09 01:40:26.486 25138 25138 W System.err: at java.lang.Runtime.loadLibrary0(Runtime.java:1008)
03-09 01:40:26.486 25138 25138 W System.err: at java.lang.System.loadLibrary(System.java:1664)
03-09 01:40:26.486 25138 25138 W System.err: at arm.EpicVm.<clinit>(Unknown Source:2)
03-09 01:40:26.486 25138 25138 W System.err: at java.lang.Class.newInstance(Native Method)
03-09 01:40:26.486 25138 25138 W System.err: at android.app.AppComponentFactory.instantiateApplication(AppComponentFactory.java:76)
03-09 01:40:26.486 25138 25138 W System.err: at androidx.core.app.CoreComponentFactory.instantiateApplication(Unknown Source:0)
03-09 01:40:26.486 25138 25138 W System.err: at android.app.Instrumentation.newApplication(Instrumentation.java:1159)
03-09 01:40:26.486 25138 25138 W System.err: at android.app.LoadedApk.makeApplication(LoadedApk.java:1316)
03-09 01:40:26.486 25138 25138 W System.err: at android.app.ActivityThread.handleBindApplication(ActivityThread.java:7227)
03-09 01:40:26.486 25138 25138 W System.err: at android.app.ActivityThread.access$1600(ActivityThread.java:293)
03-09 01:40:26.486 25138 25138 W System.err: at android.app.ActivityThread$H.handleMessage(ActivityThread.java:2151)
