03-08 21:42:20.360 19639 20003 E MultiApp.Impl: OplusMultiAppImpl
03-08 21:42:20.487 19639 20007 E chromium: [0308/214220.487811:ERROR:cronet_context.cc(158)] Invalid QUIC hint host: .whatsapp.com
03-08 21:42:20.488 19639 20007 E chromium: [0308/214220.487999:ERROR:cronet_context.cc(158)] Invalid QUIC hint host: .cdninstagram.com
03-08 21:42:20.488 19639 20007 E chromium: [0308/214220.488041:ERROR:cronet_context.cc(158)] Invalid QUIC hint host: .fbcdn.net
03-08 21:42:20.488 19639 20007 E chromium: [0308/214220.488075:ERROR:cronet_context.cc(158)] Invalid QUIC hint host: .facebook.com
03-08 21:42:20.488 19639 20007 E chromium: [0308/214220.488107:ERROR:cronet_context.cc(158)] Invalid QUIC hint host: .instagram.com
03-08 21:42:20.488 19639 20007 E chromium: [0308/214220.488139:ERROR:cronet_context.cc(158)] Invalid QUIC hint host: .whatsapp.net
03-08 21:42:21.751 19639 19639 W pool-6-thread-1: type=1400 audit(0.0:17388): avc: granted { execute } for path="/data/data/com.mbwhatsapp/files/decompressed/libs.spk.zst/libgifimage.so" dev="sda10" ino=6827477 scontext=u:r:untrusted_app:s0:c193,c257,c512,c768 tcontext=u:object_r:app_data_file:s0:c193,c257,c512,c768 tclass=file app=com.mbwhatsapp
03-08 21:42:54.097 19639 19919 E SQLiteDatabase: Error inserting transferred=1 media_job_uuid=e5865f62-f884-480a-aec2-4b2dc99a2a0c transcoded=1 gif_attribution=0 first_scan_length=0 direct_path=/v/t62.7161- 24/56112744_241279905642584_3191409161752006126_n.enc?ccb=11- 4&oh=01_AdQJXF6lprKOs6IfH4Mff47cYUUf7K0avEBo0pHlVest1w&oe=66125E28&_nc_sid=5e03e0 thumbnail_height_width_ratio=1.0 is_animated_sticker=0 file_hash=H4CV/hbqPJTLYVyjt61H9fm9083c2OYiFMu+z1VY97s= file_path=Media/MBWhatsApp Video/Sent/VID-20240308-WA0001.mp4 file_size=10018576 partial_media_hash=null face_x=0 face_y=0 height=720 trim_to=0 media_key_timestamp=1709901702516 message_url=https://mmg.whatsapp.net/v/t62.7161- 24/56112744_241279905642584_3191409161752006126_n.enc?ccb=11- 4&oh=01_AdQJXF6lprKOs6IfH4Mff47cYUUf7K0avEBo0pHlVest1w&oe=66125E28&_nc_sid=5e03e0&m ms3=true media_caption=null trim_from=0 mime_type=video/mp4 partial_media_enc_hash=null width=720 original_file_hash=null has_streaming_sidecar=1 autotransfer_retry_enabled=0 media_upload_handle=null message_row_id=44 multicast_id=null enc_file_hash=wgFGOqXNc8MdGDzxb9+JZPyRK6oXHUzyiglWiCTyZjU= mute_video=0 page_count=0 first_scan_sidecar=null suspicious_content=0 file_length=10018576 media_name=6e183926-fbf3-47bb-9ffc-eeb467a69406.mp4 media_duration=16 chat_row_id=19 media_key=[B@a344cf2
03-08 21:42:54.097 19639 19919 E SQLiteDatabase: android.database.sqlite.SQLiteConstraintException: UNIQUE constraint failed: message_media.message_row_id (code 1555 SQLITE_CONSTRAINT_PRIMARYKEY)
03-08 21:42:54.097 19639 19919 E SQLiteDatabase: at android.database.sqlite.SQLiteConnection.nativeExecuteForLastInsertedRowId(Native Method)
03-08 21:42:54.097 19639 19919 E SQLiteDatabase: at android.database.sqlite.SQLiteConnection.executeForLastInsertedRowId(SQLiteConnecti on.java:948)
03-08 21:42:54.097 19639 19919 E SQLiteDatabase: at android.database.sqlite.SQLiteSession.executeForLastInsertedRowId(SQLiteSession.jav a:790)
03-08 21:42:54.097 19639 19919 E SQLiteDatabase: at android.database.sqlite.SQLiteStatement.executeInsert(SQLiteStatement.java:88)
03-08 21:42:54.097 19639 19919 E SQLiteDatabase: at android.database.sqlite.SQLiteDatabase.insertWithOnConflict(SQLiteDatabase.java:171 2)
03-08 21:42:54.097 19639 19919 E SQLiteDatabase: at android.database.sqlite.SQLiteDatabase.insert(SQLiteDatabase.java:1581)
03-08 21:42:54.097 19639 19919 E SQLiteDatabase: at X.2tm.A08(Unknown Source:6)
03-08 21:42:54.097 19639 19919 E SQLiteDatabase: at X.35Y.A07(Unknown Source:212)
03-08 21:42:54.097 19639 19919 E SQLiteDatabase: at X.3QF.A14(Unknown Source:470)
03-08 21:42:54.097 19639 19919 E SQLiteDatabase: at X.3gU.run(Unknown Source:982)
03-08 21:42:54.097 19639 19919 E SQLiteDatabase: at android.os.Handler.handleCallback(Handler.java:938)
03-08 21:42:54.097 19639 19919 E SQLiteDatabase: at android.os.Handler.dispatchMessage(Handler.java:99)
03-08 21:42:54.097 19639 19919 E SQLiteDatabase: at X.0zq.dispatchMessage(Unknown Source:4)
03-08 21:42:54.097 19639 19919 E SQLiteDatabase: at android.os.Looper.loop(Looper.java:263)
03-08 21:42:54.097 19639 19919 E SQLiteDatabase: at android.os.HandlerThread.run(HandlerThread.java:67)
03-08 21:42:54.101 19639 19930 E Parcel : Reading a NULL string not supported here.
03-08 21:43:15.345 19639 19919 E SQLiteDatabase: Error inserting transferred=0 media_job_uuid=265e64f3-37cf-459b-879c-16fdc639752d transcoded=0 gif_attribution=0 first_scan_length=0 direct_path=/v/t62.7161- 24/19428366_3312033235767150_7877695999353066864_n.enc?ccb=11-4&oh=01_AdQ47tj- qHWL86UdMxlYhW2Xj8wQTmx5U7YVZUnJ0mvoMw&oe=66129352&_nc_sid=5e03e0 thumbnail_height_width_ratio=1.7777778 is_animated_sticker=0 file_hash=mL+UrBPFlxv2s4r0WW/0AaIYBHQnABUaeB6PDHakz0w= file_path=null file_size=0 partial_media_hash=null face_x=0 face_y=0 height=656 trim_to=0 media_key_timestamp=1709901786000 message_url=https://mmg.whatsapp.net/v/t62.7161- 24/19428366_3312033235767150_7877695999353066864_n.enc?ccb=11-4&oh=01_AdQ47tj- qHWL86UdMxlYhW2Xj8wQTmx5U7YVZUnJ0mvoMw&oe=66129352&_nc_sid=5e03e0&mms3=true media_caption=null trim_from=0 mime_type=video/mp4 partial_media_enc_hash=null width=368 original_file_hash=null has_streaming_sidecar=1 autotransfer_retry_enabled=1 media_upload_handle=null message_row_id=46 multicast_id=null enc_file_hash=MWLSgO6LSWBAyCkWOv83V1ZkbCL/CrPKUbL0p2eNc/Y= mute_video=0 page_count=0 first_scan_sidecar=null suspicious_content=0 file_length=1758864 media_name=null media_duration=11 chat_row_id=5 media_key=[B@4737ad3
03-08 21:43:15.345 19639 19919 E SQLiteDatabase: android.database.sqlite.SQLiteConstraintException: UNIQUE constraint failed: message_media.message_row_id (code 1555 SQLITE_CONSTRAINT_PRIMARYKEY)
03-08 21:43:15.345 19639 19919 E SQLiteDatabase: at android.database.sqlite.SQLiteConnection.nativeExecuteForLastInsertedRowId(Native Method)
03-08 21:43:15.345 19639 19919 E SQLiteDatabase: at android.database.sqlite.SQLiteConnection.executeForLastInsertedRowId(SQLiteConnecti on.java:948)
03-08 21:43:15.345 19639 19919 E SQLiteDatabase: at android.database.sqlite.SQLiteSession.executeForLastInsertedRowId(SQLiteSession.jav a:790)
03-08 21:43:15.345 19639 19919 E SQLiteDatabase: at android.database.sqlite.SQLiteStatement.executeInsert(SQLiteStatement.java:88)
03-08 21:43:15.345 19639 19919 E SQLiteDatabase: at android.database.sqlite.SQLiteDatabase.insertWithOnConflict(SQLiteDatabase.java:171 2)
03-08 21:43:15.345 19639 19919 E SQLiteDatabase: at android.database.sqlite.SQLiteDatabase.insert(SQLiteDatabase.java:1581)
03-08 21:43:15.345 19639 19919 E SQLiteDatabase: at X.2tm.A08(Unknown Source:6)
03-08 21:43:15.345 19639 19919 E SQLiteDatabase: at X.35Y.A07(Unknown Source:212)
03-08 21:43:15.345 19639 19919 E SQLiteDatabase: at X.3QF.A14(Unknown Source:470)
03-08 21:43:15.345 19639 19919 E SQLiteDatabase: at X.3gU.run(Unknown Source:982)
03-08 21:43:15.345 19639 19919 E SQLiteDatabase: at android.os.Handler.handleCallback(Handler.java:938)
03-08 21:43:15.345 19639 19919 E SQLiteDatabase: at android.os.Handler.dispatchMessage(Handler.java:99)
03-08 21:43:15.345 19639 19919 E SQLiteDatabase: at X.0zq.dispatchMessage(Unknown Source:4)
03-08 21:43:15.345 19639 19919 E SQLiteDatabase: at android.os.Looper.loop(Looper.java:263)
03-08 21:43:15.345 19639 19919 E SQLiteDatabase: at android.os.HandlerThread.run(HandlerThread.java:67) --------- beginning of main
03-08 21:46:05.536 22392 22392 E com.mbwhatsapp: Unknown bits set in runtime_flags: 0x40000000
03-08 21:46:05.544 22392 22392 E com.mbwhatsapp: Not starting debugger since process cannot load the jdwp agent.
03-08 21:46:05.551 22392 22392 E RefClass: java.lang.reflect.InvocationTargetException
03-08 21:46:05.627 22392 22392 E Perf : perftest packageName : com.mbwhatsapp App is allowed to use Hide APIs
03-08 21:46:05.677 22392 22392 W System.err: java.lang.ClassNotFoundException: mbmodsd.mbmodsw.ui.views.btn.BtnBK
03-08 21:46:05.677 22392 22392 W System.err: at java.lang.Runtime.nativeLoad(Native Method)
03-08 21:46:05.677 22392 22392 W System.err: at java.lang.Runtime.nativeLoad(Runtime.java:1131)
03-08 21:46:05.677 22392 22392 W System.err: at java.lang.Runtime.loadLibrary0(Runtime.java:1085)
03-08 21:46:05.677 22392 22392 W System.err: at java.lang.Runtime.loadLibrary0(Runtime.java:1008)
03-08 21:46:05.677 22392 22392 W System.err: at java.lang.System.loadLibrary(System.java:1664)
03-08 21:46:05.677 22392 22392 W System.err: at arm.EpicVm.<clinit>(Unknown Source:2)
03-08 21:46:05.677 22392 22392 W System.err: at java.lang.Class.newInstance(Native Method)
03-08 21:46:05.677 22392 22392 W System.err: at android.app.AppComponentFactory.instantiateApplication(AppComponentFactory.java:76)
03-08 21:46:05.677 22392 22392 W System.err: at androidx.core.app.CoreComponentFactory.instantiateApplication(Unknown Source:0)
03-08 21:46:05.677 22392 22392 W System.err: at android.app.Instrumentation.newApplication(Instrumentation.java:1159)
03-08 21:46:05.677 22392 22392 W System.err: at android.app.LoadedApk.makeApplication(LoadedApk.java:1316)
03-08 21:46:05.677 22392 22392 W System.err: at android.app.ActivityThread.handleBindApplication(ActivityThread.java:7227)
03-08 21:46:05.677 22392 22392 W System.err: at android.app.ActivityThread.access$1600(ActivityThread.java:293)
03-08 21:46:05.677 22392 22392 W System.err: at android.app.ActivityThread$H.handleMessage(ActivityThread.java:2151)
03-08 21:46:05.677 22392 22392 W System.err: at android.os.Handler.dispatchMessage(Handler.java:106)
03-08 21:46:05.677 22392 22392 W System.err: at android.os.Looper.loop(Looper.java:263)
03-08 21:46:05.677 22392 22392 W System.err: at android.app.ActivityThread.main(ActivityThread.java:8292)
03-08 21:46:05.677 22392 22392 W System.err: at java.lang.reflect.Method.invoke(Native Method)
03-08 21:46:05.677 22392 22392 W System.err: at com.android.internal.os.RuntimeInit$MethodAndArgsCaller.run(RuntimeInit.java:612)
03-08 21:46:05.677 22392 22392 W System.err: at com.android.internal.os.ZygoteInit.main(ZygoteInit.java:1006)
03-08 21:46:05.732 22392 22392 E CustomActivityOnCrash: IMPORTANT WARNING! You already have an UncaughtExceptionHandler, are you sure this is correct? If you use a custom UncaughtExceptionHandler, you must initialize it AFTER CustomActivityOnCrash! Installing anyway, but your original handler will not be called.
03-08 21:46:05.932 22392 22392 W com.mbwhatsapp: Accessing hidden method Lcom/android/org/conscrypt/OpenSSLSocketImpl;->setUseSessionTickets(Z)V (greylist- max-q,test-api, reflection, denied)
03-08 21:46:05.932 22392 22392 W com.mbwhatsapp: Accessing hidden method Lcom/android/org/conscrypt/AbstractConscryptSocket;->setUseSessionTickets(Z)V (greylist-max-q, reflection, denied)
03-08 21:46:05.982 22392 22392 W linker : Warning: "/data/data/com.mbwhatsapp/files/decompressed/libs.spk.zst/libc++_shared.so" unused DT entry: unknown processor-specific (type 0x70000001 arg 0x0) (ignoring)
03-08 21:46:05.975 22392 22392 W com.mbwhatsapp: type=1400 audit(0.0:17608): avc: granted { execute } for path="/data/data/com.mbwhatsapp/files/decompressed/libs.spk.zst/libc++_shared.so" dev="sda10" ino=6827490 scontext=u:r:untrusted_app:s0:c193,c257,c512,c768 tcontext=u:object_r:app_data_file:s0:c193,c257,c512,c768 tclass=file app=com.mbwhatsapp
03-08 21:46:05.979 22392 22392 W com.mbwhatsapp: type=1400 audit(0.0:17609): avc: granted { execute } for path="/data/data/com.mbwhatsapp/files/decompressed/libs.spk.zst/libvlc.so" dev="sda10" ino=6826114 scontext=u:r:untrusted_app:s0:c193,c257,c512,c768 tcontext=u:object_r:app_data_file:s0:c193,c257,c512,c768 tclass=file app=com.mbwhatsapp
03-08 21:46:05.987 22392 22392 W com.mbwhatsapp: type=1400 audit(0.0:17610): avc: granted { execute } for path="/data/data/com.mbwhatsapp/files/decompressed/libs.spk.zst/libwhatsapp.so" dev="sda10" ino=6827470 scontext=u:r:untrusted_app:s0:c193,c257,c512,c768 tcontext=u:object_r:app_data_file:s0:c193,c257,c512,c768 tclass=file app=com.mbwhatsapp
03-08 21:46:06.007 22392 22392 W com.mbwhatsapp: type=1400 audit(0.0:17611): avc: granted { execute } for path="/data/data/com.mbwhatsapp/files/decompressed/libs.spk.zst/libcurve25519.so" dev="sda10" ino=6827472 scontext=u:r:untrusted_app:s0:c193,c257,c512,c768 tcontext=u:object_r:app_data_file:s0:c193,c257,c512,c768 tclass=file app=com.mbwhatsapp
03-08 21:46:06.011 22392 22392 W com.mbwhatsapp: type=1400 audit(0.0:17612): avc: granted { execute } for path="/data/data/com.mbwhatsapp/files/decompressed/libs.spk.zst/libwhatsapp.so" dev="sda10" ino=6827470 scontext=u:r:untrusted_app:s0:c193,c257,c512,c768 tcontext=u:object_r:app_data_file:s0:c193,c257,c512,c768 tclass=file app=com.mbwhatsapp
03-08 21:46:06.127 22392 22442 W com.mbwhatsapp: Class X.2rL failed lock verification and will run slower.
03-08 21:46:06.127 22392 22442 W com.mbwhatsapp: Common causes for lock verification issues are non-optimized dex code
03-08 21:46:06.127 22392 22442 W com.mbwhatsapp: and incorrect proguard optimizations.
03-08 21:46:06.145 22392 22392 W com.mbwhatsapp: Class X.0eU failed lock verification and will run slower.
03-08 21:46:06.275 22392 22392 E Parcel : Reading a NULL string not supported here.
03-08 21:46:06.350 22392 22453 E libEGL : Invalid file path for libcolorx- loader.so
03-08 21:46:06.377 22392 22392 W com.mbwhatsapp: Class com.mbwhatsapp.HomeActivity failed lock verification and will run slower. --------- beginning of system
03-08 21:46:06.427 22392 22392 E OplusCustomizeRestrictionManager: sInstance is null, start a new sInstance
03-08 21:46:06.727 22392 22392 E ArmVmp : Match on catch block at 0x0a in for 0xc1
03-08 21:46:06.760 22392 22392 E ArmVmp : Match on catch block at 0x0a in for 0x135
03-08 21:46:06.766 22392 22392 E Parcel : Reading a NULL string not supported here.
03-08 21:46:06.797 22392 22392 E Parcel : Reading a NULL string not supported here.
03-08 21:46:07.037 22392 22456 W com.mbwhatsapp: Accessing hidden method Lcom/android/org/conscrypt/ConscryptEngineSocket;->setUseSessionTickets(Z)V (greylist-max-q,test-api, reflection, denied)
03-08 21:46:07.037 22392 22456 W com.mbwhatsapp: Accessing hidden method Lcom/android/org/conscrypt/OpenSSLSocketImpl;->setUseSessionTickets(Z)V (greylist- max-q,test-api, reflection, denied)
03-08 21:46:07.037 22392 22456 W com.mbwhatsapp: Accessing hidden method Lcom/android/org/conscrypt/AbstractConscryptSocket;->setUseSessionTickets(Z)V (greylist-max-q, reflection, denied)
03-08 21:46:07.037 22392 22456 W com.mbwhatsapp: Accessing hidden method Lcom/android/org/conscrypt/ConscryptEngineSocket;->setHostname(Ljava/lang/String;)V (greylist-max-q,test-api, reflection, denied)
03-08 21:46:07.037 22392 22456 W com.mbwhatsapp: Accessing hidden method Lcom/android/org/conscrypt/OpenSSLSocketImpl;->setHostname(Ljava/lang/String;)V (greylist-max-q,test-api, reflection, denied)
03-08 21:46:07.037 22392 22456 W com.mbwhatsapp: Accessing hidden method Lcom/android/org/conscrypt/AbstractConscryptSocket;->setHostname(Ljava/lang/ String;)V (greylist-max-q, reflection, denied)
03-08 21:46:07.037 22392 22456 W com.mbwhatsapp: Accessing hidden method Lcom/android/org/conscrypt/OpenSSLSocketImpl;->setAlpnProtocols([B)V (greylist-max- q,test-api, reflection, denied)
03-08 21:46:07.037 22392 22456 W com.mbwhatsapp: Accessing hidden method Lcom/android/org/conscrypt/AbstractConscryptSocket;->setAlpnProtocols([B)V (greylist-max-q, reflection, denied)
03-08 21:46:07.460 22392 22392 E RecyclerView: No adapter attached; skipping layout
03-08 21:46:07.539 22392 22392 E RecyclerView: No adapter attached; skipping layout
03-08 21:46:07.575 22392 22478 E libEGL : Invalid file path for libcolorx- loader.so
03-08 21:46:07.579 22392 22392 E ArmVmp : Match on catch block at 0x0a in for 0xd5
03-08 21:46:07.643 22392 22392 E ScreenmodeClient: display mode not support
03-08 21:46:07.777 22392 22484 W LOTTIE : Animation contains merge paths. Merge paths are only supported on KitKat+ and must be manually enabled by calling enableMergePathsForKitKatAndAbove().
03-08 21:46:07.828 22392 22452 E libEGL : Invalid file path for libcolorx- loader.so
03-08 21:46:07.845 22392 22452 E libEGL : Invalid file path for libcolorx- loader.so
03-08 21:46:07.851 22392 22452 E libEGL : Invalid file path for libcolorx- loader.so
03-08 21:46:07.922 22392 22392 W LOTTIE : Animation contains merge paths but they are disabled.
03-08 21:46:08.027 22392 22392 E ArmVmp : Match on catch block at 0x5b in for 0x85
03-08 21:46:08.915 22392 22442 E CheckPermission: _bluetooth code = 1
03-08 21:46:08.916 22392 22442 E CheckPermission: _bluetooth code = 3
03-08 21:46:08.917 22392 22442 E CheckPermission: _bluetooth code = 11
03-08 21:46:11.138 22392 22522 E Parcel : Reading a NULL string not supported here.
03-08 21:46:11.156 22392 22415 W LibraryVersion: Failed to get app version for libraryName: firebase-iid
03-08 21:46:11.169 22392 22524 E Parcel : Reading a NULL string not supported here.
03-08 21:46:11.215 22392 22392 E Parcel : Reading a NULL string not supported here.
03-08 21:46:11.293 22392 22528 E libEGL : Invalid file path for libcolorx- loader.so
03-08 21:46:11.294 22392 22439 E SQLiteDatabase: Error inserting transferred=0 media_job_uuid=cb169dca-6507-4dd3-a8d0-363f3ef51d77 transcoded=0 gif_attribution=0 first_scan_length=0 direct_path=/v/t62.7161- 24/30703115_925815295991919_997069366274212730_n.enc?ccb=11- 4&oh=01_AdROWrWKwB4thbXsSpTNQoKergCAWTF3KABPbUJXCdGEfg&oe=66127B58&_nc_sid=5e03e0 thumbnail_height_width_ratio=1.7777778 is_animated_sticker=0 file_hash=mL+UrBPFlxv2s4r0WW/0AaIYBHQnABUaeB6PDHakz0w= file_path=null file_size=0 partial_media_hash=null face_x=0 face_y=0 height=656 trim_to=0 media_key_timestamp=1709901865000 message_url=https://mmg.whatsapp.net/v/t62.7161- 24/30703115_925815295991919_997069366274212730_n.enc?ccb=11- 4&oh=01_AdROWrWKwB4thbXsSpTNQoKergCAWTF3KABPbUJXCdGEfg&oe=66127B58&_nc_sid=5e03e0&m ms3=true media_caption=null trim_from=0 mime_type=video/mp4 partial_media_enc_hash=null width=368 original_file_hash=null has_streaming_sidecar=1 autotransfer_retry_enabled=0 media_upload_handle=null message_row_id=47 multicast_id=null enc_file_hash=EgFrnAxAla9jelCZecPjEKiV85rPy/dqLUzLlFKx0M8= mute_video=0 page_count=0 first_scan_sidecar=null suspicious_content=0 file_length=1758864 media_name=null media_duration=11 chat_row_id=5 media_key=[B@3b639b9
03-08 21:46:11.294 22392 22439 E SQLiteDatabase: android.database.sqlite.SQLiteConstraintException: UNIQUE constraint failed: message_media.message_row_id (code 1555 SQLITE_CONSTRAINT_PRIMARYKEY)
03-08 21:46:11.294 22392 22439 E SQLiteDatabase: at android.database.sqlite.SQLiteConnection.nativeExecuteForLastInsertedRowId(Native Method)
03-08 21:46:11.294 22392 22439 E SQLiteDatabase: at android.database.sqlite.SQLiteConnection.executeForLastInsertedRowId(SQLiteConnecti on.java:948)
03-08 21:46:11.294 22392 22439 E SQLiteDatabase: at android.database.sqlite.SQLiteSession.executeForLastInsertedRowId(SQLiteSession.jav a:790)
03-08 21:46:11.294 22392 22439 E SQLiteDatabase: at android.database.sqlite.SQLiteStatement.executeInsert(SQLiteStatement.java:88)
03-08 21:46:11.294 22392 22439 E SQLiteDatabase: at android.database.sqlite.SQLiteDatabase.insertWithOnConflict(SQLiteDatabase.java:171 2)
03-08 21:46:11.294 22392 22439 E SQLiteDatabase: at android.database.sqlite.SQLiteDatabase.insert(SQLiteDatabase.java:1581)
03-08 21:46:11.294 22392 22439 E SQLiteDatabase: at X.2tm.A08(Unknown Source:6)
03-08 21:46:11.294 22392 22439 E SQLiteDatabase: at X.35Y.A07(Unknown Source:212)
03-08 21:46:11.294 22392 22439 E SQLiteDatabase: at X.3QF.A14(Unknown Source:470)
03-08 21:46:11.294 22392 22439 E SQLiteDatabase: at X.3gU.run(Unknown Source:982)
03-08 21:46:11.294 22392 22439 E SQLiteDatabase: at android.os.Handler.handleCallback(Handler.java:938)
03-08 21:46:11.294 22392 22439 E SQLiteDatabase: at android.os.Handler.dispatchMessage(Handler.java:99)
03-08 21:46:11.294 22392 22439 E SQLiteDatabase: at X.0zq.dispatchMessage(Unknown Source:4)
03-08 21:46:11.294 22392 22439 E SQLiteDatabase: at android.os.Looper.loop(Looper.java:263)
03-08 21:46:11.294 22392 22439 E SQLiteDatabase: at android.os.HandlerThread.run(HandlerThread.java:67)
03-08 21:46:11.366 22392 22439 E SQLiteDatabase: Error inserting transferred=0 media_job_uuid=cb169dca-6507-4dd3-a8d0-363f3ef51d77 transcoded=0 gif_attribution=0 first_scan_length=0 direct_path=/v/t62.7161- 24/30703115_925815295991919_997069366274212730_n.enc?ccb=11- 4&oh=01_AdROWrWKwB4thbXsSpTNQoKergCAWTF3KABPbUJXCdGEfg&oe=66127B58&_nc_sid=5e03e0 thumbnail_height_width_ratio=1.7777778 is_animated_sticker=0 file_hash=mL+UrBPFlxv2s4r0WW/0AaIYBHQnABUaeB6PDHakz0w= file_path=null file_size=0 partial_media_hash=null face_x=0 face_y=0 height=656 trim_to=0 media_key_timestamp=1709901865000 message_url=https://mmg.whatsapp.net/v/t62.7161- 24/30703115_925815295991919_997069366274212730_n.enc?ccb=11- 4&oh=01_AdROWrWKwB4thbXsSpTNQoKergCAWTF3KABPbUJXCdGEfg&oe=66127B58&_nc_sid=5e03e0&m ms3=true media_caption=null trim_from=0 mime_type=video/mp4 partial_media_enc_hash=null width=368 original_file_hash=null has_streaming_sidecar=1 autotransfer_retry_enabled=0 media_upload_handle=null message_row_id=47 multicast_id=null enc_file_hash=EgFrnAxAla9jelCZecPjEKiV85rPy/dqLUzLlFKx0M8= mute_video=0 page_count=0 first_scan_sidecar=null suspicious_content=0 file_length=1758864 media_name=null media_duration=11 chat_row_id=5 media_key=[B@3b639b9
03-08 21:46:11.366 22392 22439 E SQLiteDatabase: android.database.sqlite.SQLiteConstraintException: UNIQUE constraint failed: message_media.message_row_id (code 1555 SQLITE_CONSTRAINT_PRIMARYKEY)
03-08 21:46:11.366 22392 22439 E SQLiteDatabase: at android.database.sqlite.SQLiteConnection.nativeExecuteForLastInsertedRowId(Native Method)
03-08 21:46:11.366 22392 22439 E SQLiteDatabase: at android.database.sqlite.SQLiteConnection.executeForLastInsertedRowId(SQLiteConnecti on.java:948)
03-08 21:46:11.366 22392 22439 E SQLiteDatabase: at android.database.sqlite.SQLiteSession.executeForLastInsertedRowId(SQLiteSession.jav a:790)
03-08 21:46:11.366 22392 22439 E SQLiteDatabase: at android.database.sqlite.SQLiteStatement.executeInsert(SQLiteStatement.java:88)
03-08 21:46:11.366 22392 22439 E SQLiteDatabase: at android.database.sqlite.SQLiteDatabase.insertWithOnConflict(SQLiteDatabase.java:171 2)
03-08 21:46:11.366 22392 22439 E SQLiteDatabase: at android.database.sqlite.SQLiteDatabase.insert(SQLiteDatabase.java:1581)
03-08 21:46:11.366 22392 22439 E SQLiteDatabase: at X.2tm.A08(Unknown Source:6)
03-08 21:46:11.366 22392 22439 E SQLiteDatabase: at X.35Y.A07(Unknown Source:212)
03-08 21:46:11.366 22392 22439 E SQLiteDatabase: at X.3QF.A14(Unknown Source:470)
03-08 21:46:11.366 22392 22439 E SQLiteDatabase: at X.3gU.run(Unknown Source:982)
03-08 21:46:11.366 22392 22439 E SQLiteDatabase: at android.os.Handler.handleCallback(Handler.java:938)
03-08 21:46:11.366 22392 22439 E SQLiteDatabase: at android.os.Handler.dispatchMessage(Handler.java:99)
03-08 21:46:11.366 22392 22439 E SQLiteDatabase: at X.0zq.dispatchMessage(Unknown Source:4)
03-08 21:46:11.366 22392 22439 E SQLiteDatabase: at android.os.Looper.loop(Looper.java:263)
03-08 21:46:11.366 22392 22439 E SQLiteDatabase: at android.os.HandlerThread.run(HandlerThread.java:67)
03-08 21:46:11.491 22392 22392 W BottomSheetBehavior: BottomSheetBehavior now supports multiple callbacks. `setBottomSheetCallback()` removes all existing callbacks, including ones set internally by library authors, which may result in unintended behavior. This may change in the future. Please use `addBottomSheetCallback()` and `removeBottomSheetCallback()` instead to set your own callbacks.
03-08 21:46:11.491 22392 22392 W BottomSheetBehavior: BottomSheetBehavior now supports multiple callbacks. `setBottomSheetCallback()` removes all existing callbacks, including ones set internally by library authors, which may result in unintended behavior. This may change in the future. Please use `addBottomSheetCallback()` and `removeBottomSheetCallback()` instead to set your own callbacks.
03-08 21:46:11.531 22392 22392 W pool-6-thread-1: type=1400 audit(0.0:17616): avc: granted { execute } for path="/data/data/com.mbwhatsapp/files/decompressed/libs.spk.zst/libgifimage.so" dev="sda10" ino=6827477 scontext=u:r:untrusted_app:s0:c193,c257,c512,c768 tcontext=u:object_r:app_data_file:s0:c193,c257,c512,c768 tclass=file app=com.mbwhatsapp
03-08 21:46:11.622 22392 22392 W BottomSheetBehavior: BottomSheetBehavior now supports multiple callbacks. `setBottomSheetCallback()` removes all existing callbacks, including ones set internally by library authors, which may result in unintended behavior. This may change in the future. Please use `addBottomSheetCallback()` and `removeBottomSheetCallback()` instead to set your own callbacks.
03-08 21:46:11.622 22392 22392 W BottomSheetBehavior: BottomSheetBehavior now supports multiple callbacks. `setBottomSheetCallback()` removes all existing callbacks, including ones set internally by library authors, which may result in unintended behavior. This may change in the future. Please use `addBottomSheetCallback()` and `removeBottomSheetCallback()` instead to set your own callbacks.
03-08 21:46:11.652 22392 22392 W BottomSheetBehavior: BottomSheetBehavior now supports multiple callbacks. `setBottomSheetCallback()` removes all existing callbacks, including ones set internally by library authors, which may result in unintended behavior. This may change in the future. Please use `addBottomSheetCallback()` and `removeBottomSheetCallback()` instead to set your own callbacks.
03-08 21:46:11.652 22392 22392 W BottomSheetBehavior: BottomSheetBehavior now supports multiple callbacks. `setBottomSheetCallback()` removes all existing callbacks, including ones set internally by library authors, which may result in unintended behavior. This may change in the future. Please use `addBottomSheetCallback()` and `removeBottomSheetCallback()` instead to set your own callbacks.
03-08 21:46:11.691 22392 22392 E RecyclerView: No adapter attached; skipping layout
03-08 21:46:12.408 22392 22456 W com.mbwhatsapp: Accessing hidden method Lcom/android/org/conscrypt/OpenSSLSocketImpl;->getAlpnSelectedProtocol()[B (greylist-max-q,test-api, reflection, denied)
03-08 21:46:12.408 22392 22456 W com.mbwhatsapp: Accessing hidden method Lcom/android/org/conscrypt/AbstractConscryptSocket;->getAlpnSelectedProtocol()[B (greylist-max-q, reflection, denied)
03-08 21:46:15.406 22392 22535 W AudioCapabilities: Unsupported mime audio/ffmpeg
03-08 21:46:15.408 22392 22535 W VideoCapabilities: Unsupported mime image/vnd.android.heic
03-08 21:46:15.409 22392 22535 W VideoCapabilities: Unsupported mime video/ffmpeg
03-08 21:46:15.411 22392 22535 W VideoCapabilities: Unrecognized profile/level 0/3 for video/mpeg2
03-08 21:46:15.411 22392 22535 W VideoCapabilities: Unrecognized profile/level 0/3 for video/mpeg2
03-08 21:46:15.434 22392 22535 E Parcel : Reading a NULL string not supported here.
03-08 21:46:15.444 22392 22599 W com.mbwhatsapp: OPPOLoadFrame::init -- failed: dlopen failed: library "libOplusDualHeadPhoneEx.so" not found
03-08 21:46:15.481 22392 22599 E OplusACodec: [GetVideoCodingTypeFromMime:L726] mime:video/avc
03-08 21:46:15.538 22392 22604 W Codec2Client: query -- param skipped: index = 1107298332.
03-08 21:46:15.538 22392 22604 W CCodec : This behavior is subject to change. It is recommended that app developers double check whether the requested max input size is in reasonable range.
03-08 21:46:15.540 22392 22604 W Codec2Client: query -- param skipped: index = 1342179345.
03-08 21:46:15.540 22392 22604 W Codec2Client: query -- param skipped: index = 2415921170.
03-08 21:46:15.540 22392 22604 W Codec2Client: query -- param skipped: index = 1610614798.
03-08 21:46:15.541 22392 22604 E FMQ : grantorIdx must be less than 3
03-08 21:46:15.541 22392 22604 E FMQ : grantorIdx must be less than 3
03-08 21:46:15.543 22392 22604 E ion : ioctl c0044901 failed with code -1: Inappropriate ioctl for device
03-08 21:46:15.544 22392 22604 E FMQ : grantorIdx must be less than 3
03-08 21:46:16.955 22392 22600 E FMQ : grantorIdx must be less than 3
03-08 21:46:18.197 22392 22535 W AudioTrack: getTimestamp_l(851): retrograde timestamp time corrected, 17755875109214 < 17755875815204
03-08 21:46:25.434 22392 22439 E SQLiteDatabase: Error inserting transferred=1 media_job_uuid=265e64f3-37cf-459b-879c-16fdc639752d transcoded=0 gif_attribution=0 first_scan_length=0 direct_path=/v/t62.7161- 24/19428366_3312033235767150_7877695999353066864_n.enc?ccb=11-4&oh=01_AdQ47tj- qHWL86UdMxlYhW2Xj8wQTmx5U7YVZUnJ0mvoMw&oe=66129352&_nc_sid=5e03e0 thumbnail_height_width_ratio=1.7777778 is_animated_sticker=0 file_hash=mL+UrBPFlxv2s4r0WW/0AaIYBHQnABUaeB6PDHakz0w= file_path=Media/.Statuses/ce127c61f6cb4e08a8e0963fa7e5f416.mp4 file_size=1758864 partial_media_hash=null face_x=0 face_y=0 height=656 trim_to=0 media_key_timestamp=1709901786000 message_url=https://mmg.whatsapp.net/v/t62.7161- 24/19428366_3312033235767150_7877695999353066864_n.enc?ccb=11-4&oh=01_AdQ47tj- qHWL86UdMxlYhW2Xj8wQTmx5U7YVZUnJ0mvoMw&oe=66129352&_nc_sid=5e03e0&mms3=true media_caption=null trim_from=0 mime_type=video/mp4 partial_media_enc_hash=null width=368 original_file_hash=null has_streaming_sidecar=1 autotransfer_retry_enabled=1 media_upload_handle=null message_row_id=46 multicast_id=null enc_file_hash=MWLSgO6LSWBAyCkWOv83V1ZkbCL/CrPKUbL0p2eNc/Y= mute_video=0 page_count=0 first_scan_sidecar=null suspicious_content=0 file_length=1758864 media_name=null media_duration=11 chat_row_id=5 media_key=[B@39df96f
03-08 21:46:25.434 22392 22439 E SQLiteDatabase: android.database.sqlite.SQLiteConstraintException: UNIQUE constraint failed: message_media.message_row_id (code 1555 SQLITE_CONSTRAINT_PRIMARYKEY)
03-08 21:46:25.434 22392 22439 E SQLiteDatabase: at android.database.sqlite.SQLiteConnection.nativeExecuteForLastInsertedRowId(Native Method)
03-08 21:46:25.434 22392 22439 E SQLiteDatabase: at android.database.sqlite.SQLiteConnection.executeForLastInsertedRowId(SQLiteConnecti on.java:948)
03-08 21:46:25.434 22392 22439 E SQLiteDatabase: at android.database.sqlite.SQLiteSession.executeForLastInsertedRowId(SQLiteSession.jav a:790)
03-08 21:46:25.434 22392 22439 E SQLiteDatabase: at android.database.sqlite.SQLiteStatement.executeInsert(SQLiteStatement.java:88)
03-08 21:46:25.434 22392 22439 E SQLiteDatabase: at android.database.sqlite.SQLiteDatabase.insertWithOnConflict(SQLiteDatabase.java:171 2)
03-08 21:46:25.434 22392 22439 E SQLiteDatabase: at android.database.sqlite.SQLiteDatabase.insert(SQLiteDatabase.java:1581)
03-08 21:46:25.434 22392 22439 E SQLiteDatabase: at X.2tm.A08(Unknown Source:6)
03-08 21:46:25.434 22392 22439 E SQLiteDatabase: at X.35Y.A07(Unknown Source:212)
03-08 21:46:25.434 22392 22439 E SQLiteDatabase: at X.3QF.A14(Unknown Source:470)
03-08 21:46:25.434 22392 22439 E SQLiteDatabase: at X.3gU.run(Unknown Source:982)
03-08 21:46:25.434 22392 22439 E SQLiteDatabase: at android.os.Handler.handleCallback(Handler.java:938)
03-08 21:46:25.434 22392 22439 E SQLiteDatabase: at android.os.Handler.dispatchMessage(Handler.java:99)
03-08 21:46:25.434 22392 22439 E SQLiteDatabase: at X.0zq.dispatchMessage(Unknown Source:4)
03-08 21:46:25.434 22392 22439 E SQLiteDatabase: at android.os.Looper.loop(Looper.java:263)
03-08 21:46:25.434 22392 22439 E SQLiteDatabase: at android.os.HandlerThread.run(HandlerThread.java:67)
03-08 21:46:26.670 22392 22439 E SQLiteDatabase: Error inserting transferred=0 media_job_uuid=cb169dca-6507-4dd3-a8d0-363f3ef51d77 transcoded=0 gif_attribution=0 first_scan_length=0 direct_path=/v/t62.7161- 24/30703115_925815295991919_997069366274212730_n.enc?ccb=11- 4&oh=01_AdROWrWKwB4thbXsSpTNQoKergCAWTF3KABPbUJXCdGEfg&oe=66127B58&_nc_sid=5e03e0 thumbnail_height_width_ratio=1.7777778 is_animated_sticker=0 file_hash=mL+UrBPFlxv2s4r0WW/0AaIYBHQnABUaeB6PDHakz0w= file_path=null file_size=0 partial_media_hash=null face_x=0 face_y=0 height=656 trim_to=0 media_key_timestamp=1709901865000 message_url=https://mmg.whatsapp.net/v/t62.7161- 24/30703115_925815295991919_997069366274212730_n.enc?ccb=11- 4&oh=01_AdROWrWKwB4thbXsSpTNQoKergCAWTF3KABPbUJXCdGEfg&oe=66127B58&_nc_sid=5e03e0&m ms3=true media_caption=null trim_from=0 mime_type=video/mp4 partial_media_enc_hash=null width=368 original_file_hash=null has_streaming_sidecar=1 autotransfer_retry_enabled=1 media_upload_handle=null message_row_id=47 multicast_id=null enc_file_hash=EgFrnAxAla9jelCZecPjEKiV85rPy/dqLUzLlFKx0M8= mute_video=0 page_count=0 first_scan_sidecar=null suspicious_content=0 file_length=1758864 media_name=null media_duration=11 chat_row_id=5 media_key=[B@3b639b9
03-08 21:46:26.670 22392 22439 E SQLiteDatabase: android.database.sqlite.SQLiteConstraintException: UNIQUE constraint failed: message_media.message_row_id (code 1555 SQLITE_CONSTRAINT_PRIMARYKEY)
03-08 21:46:26.670 22392 22439 E SQLiteDatabase: at android.database.sqlite.SQLiteConnection.nativeExecuteForLastInsertedRowId(Native Method)
03-08 21:46:26.670 22392 22439 E SQLiteDatabase: at android.database.sqlite.SQLiteConnection.executeForLastInsertedRowId(SQLiteConnecti on.java:948)
03-08 21:46:26.670 22392 22439 E SQLiteDatabase: at android.database.sqlite.SQLiteSession.executeForLastInsertedRowId(SQLiteSession.jav a:790)
03-08 21:46:26.670 22392 22439 E SQLiteDatabase: at android.database.sqlite.SQLiteStatement.executeInsert(SQLiteStatement.java:88)
03-08 21:46:26.670 22392 22439 E SQLiteDatabase: at android.database.sqlite.SQLiteDatabase.insertWithOnConflict(SQLiteDatabase.java:171 2)
03-08 21:46:26.670 22392 22439 E SQLiteDatabase: at android.database.sqlite.SQLiteDatabase.insert(SQLiteDatabase.java:1581)
03-08 21:46:26.670 22392 22439 E SQLiteDatabase: at X.2tm.A08(Unknown Source:6)
03-08 21:46:26.670 22392 22439 E SQLiteDatabase: at X.35Y.A07(Unknown Source:212)
03-08 21:46:26.670 22392 22439 E SQLiteDatabase: at X.3QF.A14(Unknown Source:470)
03-08 21:46:26.670 22392 22439 E SQLiteDatabase: at X.3gU.run(Unknown Source:982)
03-08 21:46:26.670 22392 22439 E SQLiteDatabase: at android.os.Handler.handleCallback(Handler.java:938)
03-08 21:46:26.670 22392 22439 E SQLiteDatabase: at android.os.Handler.dispatchMessage(Handler.java:99)
03-08 21:46:26.670 22392 22439 E SQLiteDatabase: at X.0zq.dispatchMessage(Unknown Source:4)
03-08 21:46:26.670 22392 22439 E SQLiteDatabase: at android.os.Looper.loop(Looper.java:263)
03-08 21:46:26.670 22392 22439 E SQLiteDatabase: at android.os.HandlerThread.run(HandlerThread.java:67)
03-08 21:46:28.584 22392 22604 W Codec2Client: query -- param skipped: index = 1342179345.
03-08 21:46:28.584 22392 22604 W Codec2Client: query -- param skipped: index = 2415921170.
03-08 21:46:28.584 22392 22604 W Codec2Client: query -- param skipped: index = 1610614798.
03-08 21:46:28.591 22392 22392 E RecyclerView: No adapter attached; skipping layout
03-08 21:46:28.645 22392 22655 E LoadTask: Unexpected exception loading stream
03-08 21:46:28.645 22392 22655 E LoadTask: java.lang.NullPointerException: Attempt to invoke virtual method 'long java.io.RandomAccessFile.getFilePointer()' on a null object reference
03-08 21:46:28.645 22392 22655 E LoadTask: at X.1pa.read(Unknown Source:82)
03-08 21:46:28.645 22392 22655 E LoadTask: at X.3EI.read(Unknown Source:2)
03-08 21:46:28.645 22392 22655 E LoadTask: at X.7pN.read(Unknown Source:2)
03-08 21:46:28.645 22392 22655 E LoadTask: at X.7nR.A00(Unknown Source:10)
03-08 21:46:28.645 22392 22655 E LoadTask: at X.7nR.BaN(Unknown Source:16)
03-08 21:46:28.645 22392 22655 E LoadTask: at X.7nf.BaE(Unknown Source:253)
03-08 21:46:28.645 22392 22655 E LoadTask: at X.7pV.BD5(Unknown Source:455)
03-08 21:46:28.645 22392 22655 E LoadTask: at X.6OQ.run(Unknown Source:39)
03-08 21:46:28.645 22392 22655 E LoadTask: at java.util.concurrent.ThreadPoolExecutor.runWorker(ThreadPoolExecutor.java:1167)
03-08 21:46:28.645 22392 22655 E LoadTask: at java.util.concurrent.ThreadPoolExecutor$Worker.run(ThreadPoolExecutor.java:641)
03-08 21:46:28.645 22392 22655 E LoadTask: at java.lang.Thread.run(Thread.java:923)
03-08 21:46:28.647 22392 22535 E ExoPlayerImplInternal: Playback error
03-08 21:46:28.647 22392 22535 E ExoPlayerImplInternal: X.6x6: Source error
03-08 21:46:28.647 22392 22535 E ExoPlayerImplInternal: at X.7oZ.handleMessage(Unknown Source:3152)
03-08 21:46:28.647 22392 22535 E ExoPlayerImplInternal: at android.os.Handler.dispatchMessage(Handler.java:102)
03-08 21:46:28.647 22392 22535 E ExoPlayerImplInternal: at android.os.Looper.loop(Looper.java:263)
03-08 21:46:28.647 22392 22535 E ExoPlayerImplInternal: at android.os.HandlerThread.run(HandlerThread.java:67)
03-08 21:46:28.647 22392 22535 E ExoPlayerImplInternal: Caused by: X.6sY: Unexpected NullPointerException: Attempt to invoke virtual method 'long java.io.RandomAccessFile.getFilePointer()' on a null object reference
03-08 21:46:28.647 22392 22535 E ExoPlayerImplInternal: at X.6OQ.run(Unknown Source:135)
03-08 21:46:28.647 22392 22535 E ExoPlayerImplInternal: at java.util.concurrent.ThreadPoolExecutor.runWorker(ThreadPoolExecutor.java:1167)
03-08 21:46:28.647 22392 22535 E ExoPlayerImplInternal: at java.util.concurrent.ThreadPoolExecutor$Worker.run(ThreadPoolExecutor.java:641)
03-08 21:46:28.647 22392 22535 E ExoPlayerImplInternal: at java.lang.Thread.run(Thread.java:923)
03-08 21:46:28.647 22392 22535 E ExoPlayerImplInternal: Caused by: java.lang.NullPointerException: Attempt to invoke virtual method 'long java.io.RandomAccessFile.getFilePointer()' on a null object reference
03-08 21:46:28.647 22392 22535 E ExoPlayerImplInternal: at X.1pa.read(Unknown Source:82)
03-08 21:46:28.647 22392 22535 E ExoPlayerImplInternal: at X.3EI.read(Unknown Source:2)
03-08 21:46:28.647 22392 22535 E ExoPlayerImplInternal: at X.7pN.read(Unknown Source:2)
03-08 21:46:28.647 22392 22535 E ExoPlayerImplInternal: at X.7nR.A00(Unknown Source:10)
03-08 21:46:28.647 22392 22535 E ExoPlayerImplInternal: at X.7nR.BaN(Unknown Source:16)
03-08 21:46:28.647 22392 22535 E ExoPlayerImplInternal: at X.7nf.BaE(Unknown Source:253)
03-08 21:46:28.647 22392 22535 E ExoPlayerImplInternal: at X.7pV.BD5(Unknown Source:455)
03-08 21:46:28.647 22392 22535 E ExoPlayerImplInternal: at X.6OQ.run(Unknown Source:39)
03-08 21:46:28.647 22392 22535 E ExoPlayerImplInternal: ... 3 more
03-08 21:46:28.676 22392 22439 E SQLiteDatabase: Error inserting transferred=1 media_job_uuid=cb169dca-6507-4dd3-a8d0-363f3ef51d77 transcoded=0 gif_attribution=0 first_scan_length=0 direct_path=/v/t62.7161- 24/30703115_925815295991919_997069366274212730_n.enc?ccb=11- 4&oh=01_AdROWrWKwB4thbXsSpTNQoKergCAWTF3KABPbUJXCdGEfg&oe=66127B58&_nc_sid=5e03e0 thumbnail_height_width_ratio=1.7777778 is_animated_sticker=0 file_hash=mL+UrBPFlxv2s4r0WW/0AaIYBHQnABUaeB6PDHakz0w= file_path=Media/.Statuses/ce127c61f6cb4e08a8e0963fa7e5f416.mp4 file_size=786432 partial_media_hash=null face_x=0 face_y=0 height=656 trim_to=0 media_key_timestamp=1709901865000 message_url=https://mmg.whatsapp.net/v/t62.7161- 24/30703115_925815295991919_997069366274212730_n.enc?ccb=11- 4&oh=01_AdROWrWKwB4thbXsSpTNQoKergCAWTF3KABPbUJXCdGEfg&oe=66127B58&_nc_sid=5e03e0&m ms3=true media_caption=null trim_from=0 mime_type=video/mp4 partial_media_enc_hash=null width=368 original_file_hash=null has_streaming_sidecar=1 autotransfer_retry_enabled=1 media_upload_handle=null message_row_id=47 multicast_id=null enc_file_hash=EgFrnAxAla9jelCZecPjEKiV85rPy/dqLUzLlFKx0M8= mute_video=0 page_count=0 first_scan_sidecar=null suspicious_content=0 file_length=1758864 media_name=null media_duration=11 chat_row_id=5 media_key=[B@3b639b9
03-08 21:46:28.676 22392 22439 E SQLiteDatabase: android.database.sqlite.SQLiteConstraintException: UNIQUE constraint failed: message_media.message_row_id (code 1555 SQLITE_CONSTRAINT_PRIMARYKEY)
03-08 21:46:28.676 22392 22439 E SQLiteDatabase: at android.database.sqlite.SQLiteConnection.nativeExecuteForLastInsertedRowId(Native Method)
03-08 21:46:28.676 22392 22439 E SQLiteDatabase: at android.database.sqlite.SQLiteConnection.executeForLastInsertedRowId(SQLiteConnecti on.java:948)
03-08 21:46:28.676 22392 22439 E SQLiteDatabase: at android.database.sqlite.SQLiteSession.executeForLastInsertedRowId(SQLiteSession.jav a:790)
03-08 21:46:28.676 22392 22439 E SQLiteDatabase: at android.database.sqlite.SQLiteStatement.executeInsert(SQLiteStatement.java:88)
03-08 21:46:28.676 22392 22439 E SQLiteDatabase: at android.database.sqlite.SQLiteDatabase.insertWithOnConflict(SQLiteDatabase.java:171 2)
03-08 21:46:28.676 22392 22439 E SQLiteDatabase: at android.database.sqlite.SQLiteDatabase.insert(SQLiteDatabase.java:1581)
03-08 21:46:28.676 22392 22439 E SQLiteDatabase: at X.2tm.A08(Unknown Source:6)
03-08 21:46:28.676 22392 22439 E SQLiteDatabase: at X.35Y.A07(Unknown Source:212)
03-08 21:46:28.676 22392 22439 E SQLiteDatabase: at X.3QF.A14(Unknown Source:470)
03-08 21:46:28.676 22392 22439 E SQLiteDatabase: at X.3gU.run(Unknown Source:982)
03-08 21:46:28.676 22392 22439 E SQLiteDatabase: at android.os.Handler.handleCallback(Handler.java:938)
03-08 21:46:28.676 22392 22439 E SQLiteDatabase: at android.os.Handler.dispatchMessage(Handler.java:99)
03-08 21:46:28.676 22392 22439 E SQLiteDatabase: at X.0zq.dispatchMessage(Unknown Source:4)
03-08 21:46:28.676 22392 22439 E SQLiteDatabase: at android.os.Looper.loop(Looper.java:263)
03-08 21:46:28.676 22392 22439 E SQLiteDatabase: at android.os.HandlerThread.run(HandlerThread.java:67)
03-08 21:46:30.210 22392 22392 E Parcel : Reading a NULL string not supported here.
03-08 21:46:30.260 22392 22670 E libEGL : Invalid file path for libcolorx- loader.so
03-08 21:46:30.439 22392 22392 W BottomSheetBehavior: BottomSheetBehavior now supports multiple callbacks. `setBottomSheetCallback()` removes all existing callbacks, including ones set internally by library authors, which may result in unintended behavior. This may change in the future. Please use `addBottomSheetCallback()` and `removeBottomSheetCallback()` instead to set your own callbacks.
03-08 21:46:30.439 22392 22392 W BottomSheetBehavior: BottomSheetBehavior now supports multiple callbacks. `setBottomSheetCallback()` removes all existing callbacks, including ones set internally by library authors, which may result in unintended behavior. This may change in the future. Please use `addBottomSheetCallback()` and `removeBottomSheetCallback()` instead to set your own callbacks.
03-08 21:46:30.484 22392 22392 W BottomSheetBehavior: BottomSheetBehavior now supports multiple callbacks. `setBottomSheetCallback()` removes all existing callbacks, including ones set internally by library authors, which may result in unintended behavior. This may change in the future. Please use `addBottomSheetCallback()` and `removeBottomSheetCallback()` instead to set your own callbacks.
03-08 21:46:30.484 22392 22392 W BottomSheetBehavior: BottomSheetBehavior now supports multiple callbacks. `setBottomSheetCallback()` removes all existing callbacks, including ones set internally by library authors, which may result in unintended behavior. This may change in the future. Please use `addBottomSheetCallback()` and `removeBottomSheetCallback()` instead to set your own callbacks.
03-08 21:46:30.507 22392 22392 E RecyclerView: No adapter attached; skipping layout
03-08 21:46:30.568 22392 22672 E Parcel : Reading a NULL string not supported here.
03-08 21:46:30.612 22392 22681 E OplusACodec: [GetVideoCodingTypeFromMime:L726] mime:video/avc
03-08 21:46:30.669 22392 22685 W Codec2Client: query -- param skipped: index = 1107298332.
03-08 21:46:30.669 22392 22685 W CCodec : This behavior is subject to change. It is recommended that app developers double check whether the requested max input size is in reasonable range.
03-08 21:46:30.672 22392 22685 W Codec2Client: query -- param skipped: index = 1342179345.
03-08 21:46:30.672 22392 22685 W Codec2Client: query -- param skipped: index = 2415921170.
03-08 21:46:30.672 22392 22685 W Codec2Client: query -- param skipped: index = 1610614798.
03-08 21:46:30.672 22392 22685 E FMQ : grantorIdx must be less than 3
03-08 21:46:30.672 22392 22685 E FMQ : grantorIdx must be less than 3
03-08 21:46:30.680 22392 22685 E FMQ : grantorIdx must be less than 3
03-08 21:46:30.690 22392 22600 E FMQ : grantorIdx must be less than 3
03-08 21:46:41.244 22392 22685 W Codec2Client: query -- param skipped: index = 1342179345.
03-08 21:46:41.244 22392 22685 W Codec2Client: query -- param skipped: index = 2415921170.
03-08 21:46:41.244 22392 22685 W Codec2Client: query -- param skipped: index = 1610614798.
03-08 21:46:43.909 22392 22392 E Parcel : Reading a NULL string not supported here.
03-08 21:46:43.956 22392 23082 E libEGL : Invalid file path for libcolorx- loader.so
03-08 21:46:45.965 22392 22392 E Parcel : Reading a NULL string not supported here.
03-08 21:46:46.016 22392 23120 E libEGL : Invalid file path for libcolorx- loader.so
03-08 21:46:46.188 22392 22392 W BottomSheetBehavior: BottomSheetBehavior now supports multiple callbacks. `setBottomSheetCallback()` removes all existing callbacks, including ones set internally by library authors, which may result in unintended behavior. This may change in the future. Please use `addBottomSheetCallback()` and `removeBottomSheetCallback()` instead to set your own callbacks.
03-08 21:46:46.188 22392 22392 W BottomSheetBehavior: BottomSheetBehavior now supports multiple callbacks. `setBottomSheetCallback()` removes all existing callbacks, including ones set internally by library authors, which may result in unintended behavior. This may change in the future. Please use `addBottomSheetCallback()` and `removeBottomSheetCallback()` instead to set your own callbacks.
03-08 21:46:46.251 22392 22392 W BottomSheetBehavior: BottomSheetBehavior now supports multiple callbacks. `setBottomSheetCallback()` removes all existing callbacks, including ones set internally by library authors, which may result in unintended behavior. This may change in the future. Please use `addBottomSheetCallback()` and `removeBottomSheetCallback()` instead to set your own callbacks.
03-08 21:46:46.251 22392 22392 W BottomSheetBehavior: BottomSheetBehavior now supports multiple callbacks. `setBottomSheetCallback()` removes all existing callbacks, including ones set internally by library authors, which may result in unintended behavior. This may change in the future. Please use `addBottomSheetCallback()` and `removeBottomSheetCallback()` instead to set your own callbacks.
03-08 21:46:46.344 22392 23122 E Parcel : Reading a NULL string not supported here.
03-08 21:46:46.377 22392 23131 E OplusACodec: [GetVideoCodingTypeFromMime:L726] mime:video/avc
03-08 21:46:46.423 22392 23135 W Codec2Client: query -- param skipped: index = 1107298332.
03-08 21:46:46.423 22392 23135 W CCodec : This behavior is subject to change. It is recommended that app developers double check whether the requested max input size is in reasonable range.
03-08 21:46:46.432 22392 23135 W Codec2Client: query -- param skipped: index = 1342179345.
03-08 21:46:46.432 22392 23135 W Codec2Client: query -- param skipped: index = 2415921170.
03-08 21:46:46.432 22392 23135 W Codec2Client: query -- param skipped: index = 1610614798.
03-08 21:46:46.433 22392 23135 E FMQ : grantorIdx must be less than 3
03-08 21:46:46.433 22392 23135 E FMQ : grantorIdx must be less than 3
03-08 21:46:46.439 22392 23135 E FMQ : grantorIdx must be less than 3
03-08 21:46:46.447 22392 22600 E FMQ : grantorIdx must be less than 3
03-08 21:46:49.349 22392 23135 W Codec2Client: query -- param skipped: index = 1342179345.
03-08 21:46:49.349 22392 23135 W Codec2Client: query -- param skipped: index = 2415921170.
03-08 21:46:49.349 22392 23135 W Codec2Client: query -- param skipped: index = 1610614798.
03-08 21:46:49.399 22392 23165 E OplusACodec: [GetVideoCodingTypeFromMime:L726] mime:video/avc
03-08 21:46:49.435 22392 23169 W Codec2Client: query -- param skipped: index = 1107298332.
03-08 21:46:49.435 22392 23169 W CCodec : This behavior is subject to change. It is recommended that app developers double check whether the requested max input size is in reasonable range.
03-08 21:46:49.437 22392 23169 W Codec2Client: query -- param skipped: index = 1342179345.
03-08 21:46:49.437 22392 23169 W Codec2Client: query -- param skipped: index = 2415921170.
03-08 21:46:49.437 22392 23169 W Codec2Client: query -- param skipped: index = 1610614798.
03-08 21:46:49.437 22392 23169 E FMQ : grantorIdx must be less than 3
03-08 21:46:49.437 22392 23169 E FMQ : grantorIdx must be less than 3
03-08 21:46:49.440 22392 23169 E FMQ : grantorIdx must be less than 3
03-08 21:46:49.447 22392 22600 E FMQ : grantorIdx must be less than 3
03-08 21:46:51.922 22392 23122 W AudioTrack: getTimestamp_l(854): retrograde timestamp time corrected, 17789591532118 < 17789591553108
03-08 21:47:05.724 22392 23169 W Codec2Client: query -- param skipped: index = 1342179345.
03-08 21:47:05.724 22392 23169 W Codec2Client: query -- param skipped: index = 2415921170.
03-08 21:47:05.724 22392 23169 W Codec2Client: query -- param skipped: index = 1610614798. --------- beginning of main
03-08 22:13:23.995 8766 8766 E com.mbwhatsapp: Unknown bits set in runtime_flags: 0x40000000
03-08 22:13:24.000 8766 8766 E com.mbwhatsapp: Not starting debugger since process cannot load the jdwp agent.
03-08 22:13:24.007 8766 8766 E RefClass: java.lang.reflect.InvocationTargetException
03-08 22:13:24.130 8766 8766 E Perf : perftest packageName : com.mbwhatsapp App is allowed to use Hide APIs
