We take content rights seriously. If you suspect this is your content, claim it here.
Available Formats
Download as TXT, PDF, TXT or read online on Scribd
You are on page 1/ 3735
--------- beginning of main
03-08 21:31:00.847 10535 10535 E com.mbwhatsapp: Unknown bits set in runtime_flags:
0x40000000
03-08 21:31:00.853 10535 10535 E com.mbwhatsapp: Not starting debugger since process cannot load the jdwp agent.
03-08 21:31:00.861 10535 10535 E RefClass: java.lang.reflect.InvocationTargetException
03-08 21:31:00.946 10535 10535 E Perf : perftest packageName : com.mbwhatsapp App is allowed to use Hide APIs
03-08 21:31:01.005 10535 10535 W System.err: java.lang.ClassNotFoundException: mbmodsd.mbmodsw.ui.views.btn.BtnBK
03-08 21:31:01.006 10535 10535 W System.err: at java.lang.Runtime.nativeLoad(Native Method)
03-08 21:31:01.006 10535 10535 W System.err: at java.lang.Runtime.nativeLoad(Runtime.java:1131)
03-08 21:31:01.006 10535 10535 W System.err: at java.lang.Runtime.loadLibrary0(Runtime.java:1085)
03-08 21:31:01.006 10535 10535 W System.err: at java.lang.Runtime.loadLibrary0(Runtime.java:1008)
03-08 21:31:01.006 10535 10535 W System.err: at java.lang.System.loadLibrary(System.java:1664)
03-08 21:31:01.006 10535 10535 W System.err: at arm.EpicVm.<clinit>(Unknown Source:2)
03-08 21:31:01.006 10535 10535 W System.err: at java.lang.Class.newInstance(Native Method)
03-08 21:31:01.006 10535 10535 W System.err: at android.app.AppComponentFactory.instantiateApplication(AppComponentFactory.java:76)
03-08 21:31:01.006 10535 10535 W System.err: at androidx.core.app.CoreComponentFactory.instantiateApplication(Unknown Source:0)
03-08 21:31:01.006 10535 10535 W System.err: at android.app.Instrumentation.newApplication(Instrumentation.java:1159)
03-08 21:31:01.006 10535 10535 W System.err: at android.app.LoadedApk.makeApplication(LoadedApk.java:1316)
03-08 21:31:01.006 10535 10535 W System.err: at android.app.ActivityThread.handleBindApplication(ActivityThread.java:7227)
03-08 21:31:01.006 10535 10535 W System.err: at android.app.ActivityThread.access$1600(ActivityThread.java:293)
03-08 21:31:01.006 10535 10535 W System.err: at android.app.ActivityThread$H.handleMessage(ActivityThread.java:2151)
03-08 21:31:01.006 10535 10535 W System.err: at android.os.Handler.dispatchMessage(Handler.java:106)
03-08 21:31:01.006 10535 10535 W System.err: at android.os.Looper.loop(Looper.java:263)
03-08 21:31:01.006 10535 10535 W System.err: at android.app.ActivityThread.main(ActivityThread.java:8292)
03-08 21:31:01.006 10535 10535 W System.err: at java.lang.reflect.Method.invoke(Native Method)
03-08 21:31:01.006 10535 10535 W System.err: at com.android.internal.os.RuntimeInit$MethodAndArgsCaller.run(RuntimeInit.java:612)
03-08 21:31:01.006 10535 10535 W System.err: at com.android.internal.os.ZygoteInit.main(ZygoteInit.java:1006)
03-08 21:31:01.097 10535 10535 E CustomActivityOnCrash: IMPORTANT WARNING! You already have an UncaughtExceptionHandler, are you sure this is correct? If you use a custom UncaughtExceptionHandler, you must initialize it AFTER CustomActivityOnCrash! Installing anyway, but your original handler will not be called.
03-08 21:31:01.591 10535 10560 W LibraryVersion: Failed to get app version for libraryName: firebase-iid
03-08 21:31:01.803 10581 10581 E com.mbwhatsapp: Unknown bits set in runtime_flags: 0x40000000
03-08 21:31:01.813 10581 10581 E com.mbwhatsapp: Not starting debugger since process cannot load the jdwp agent.
03-08 21:31:01.825 10581 10581 E RefClass: java.lang.reflect.InvocationTargetException
03-08 21:31:01.916 10581 10581 E Perf : perftest packageName : com.mbwhatsapp App is allowed to use Hide APIs
03-08 21:31:01.972 10581 10581 W System.err: java.lang.ClassNotFoundException: mbmodsd.mbmodsw.ui.views.btn.BtnBK
03-08 21:31:01.973 10581 10581 W System.err: at java.lang.Runtime.nativeLoad(Native Method)
03-08 21:31:01.973 10581 10581 W System.err: at java.lang.Runtime.nativeLoad(Runtime.java:1131)
03-08 21:31:01.973 10581 10581 W System.err: at java.lang.Runtime.loadLibrary0(Runtime.java:1085)
03-08 21:31:01.973 10581 10581 W System.err: at java.lang.Runtime.loadLibrary0(Runtime.java:1008)
03-08 21:31:01.973 10581 10581 W System.err: at java.lang.System.loadLibrary(System.java:1664)
03-08 21:31:01.973 10581 10581 W System.err: at arm.EpicVm.<clinit>(Unknown Source:2)
03-08 21:31:01.973 10581 10581 W System.err: at java.lang.Class.newInstance(Native Method)
03-08 21:31:01.973 10581 10581 W System.err: at android.app.AppComponentFactory.instantiateApplication(AppComponentFactory.java:76)
03-08 21:31:01.973 10581 10581 W System.err: at androidx.core.app.CoreComponentFactory.instantiateApplication(Unknown Source:0)
03-08 21:31:01.973 10581 10581 W System.err: at android.app.Instrumentation.newApplication(Instrumentation.java:1159)
03-08 21:31:01.973 10581 10581 W System.err: at android.app.LoadedApk.makeApplication(LoadedApk.java:1316)
03-08 21:31:01.973 10581 10581 W System.err: at android.app.ActivityThread.handleBindApplication(ActivityThread.java:7227)
03-08 21:31:01.973 10581 10581 W System.err: at android.app.ActivityThread.access$1600(ActivityThread.java:293)
03-08 21:31:01.973 10581 10581 W System.err: at android.app.ActivityThread$H.handleMessage(ActivityThread.java:2151)
03-08 21:31:01.973 10581 10581 W System.err: at android.os.Handler.dispatchMessage(Handler.java:106)
03-08 21:31:01.973 10581 10581 W System.err: at android.os.Looper.loop(Looper.java:263)
03-08 21:31:01.973 10581 10581 W System.err: at android.app.ActivityThread.main(ActivityThread.java:8292)
03-08 21:31:01.973 10581 10581 W System.err: at java.lang.reflect.Method.invoke(Native Method)
03-08 21:31:01.973 10581 10581 W System.err: at com.android.internal.os.RuntimeInit$MethodAndArgsCaller.run(RuntimeInit.java:612)
03-08 21:31:01.973 10581 10581 W System.err: at com.android.internal.os.ZygoteInit.main(ZygoteInit.java:1006)
03-08 21:31:02.053 10581 10581 E CustomActivityOnCrash: IMPORTANT WARNING! You already have an UncaughtExceptionHandler, are you sure this is correct? If you use a custom UncaughtExceptionHandler, you must initialize it AFTER CustomActivityOnCrash! Installing anyway, but your original handler will not be called.
03-08 21:31:02.113 10581 10603 W LibraryVersion: Failed to get app version for libraryName: firebase-iid
03-08 21:31:02.357 10581 10581 W com.mbwhatsapp: Accessing hidden method Lcom/android/org/conscrypt/OpenSSLSocketImpl;->setUseSessionTickets(Z)V (greylist- max-q,test-api, reflection, denied)
03-08 21:31:02.358 10581 10581 W com.mbwhatsapp: Accessing hidden method Lcom/android/org/conscrypt/AbstractConscryptSocket;->setUseSessionTickets(Z)V (greylist-max-q, reflection, denied)
03-08 21:31:03.702 10581 10581 W linker : Warning: "/data/data/com.mbwhatsapp/files/decompressed/libs.spk.zst/libc++_shared.so" unused DT entry: unknown processor-specific (type 0x70000001 arg 0x0) (ignoring)
03-08 21:31:03.695 10581 10581 W com.mbwhatsapp: type=1400 audit(0.0:16718): avc: granted { execute } for path="/data/data/com.mbwhatsapp/files/decompressed/libs.spk.zst/libc++_shared.so" dev="sda10" ino=6827490 scontext=u:r:untrusted_app:s0:c193,c257,c512,c768 tcontext=u:object_r:app_data_file:s0:c193,c257,c512,c768 tclass=file app=com.mbwhatsapp
03-08 21:31:03.699 10581 10581 W com.mbwhatsapp: type=1400 audit(0.0:16719): avc: granted { execute } for path="/data/data/com.mbwhatsapp/files/decompressed/libs.spk.zst/libvlc.so" dev="sda10" ino=6826114 scontext=u:r:untrusted_app:s0:c193,c257,c512,c768 tcontext=u:object_r:app_data_file:s0:c193,c257,c512,c768 tclass=file app=com.mbwhatsapp
03-08 21:31:03.707 10581 10581 W com.mbwhatsapp: type=1400 audit(0.0:16720): avc: granted { execute } for path="/data/data/com.mbwhatsapp/files/decompressed/libs.spk.zst/libwhatsapp.so" dev="sda10" ino=6827470 scontext=u:r:untrusted_app:s0:c193,c257,c512,c768 tcontext=u:object_r:app_data_file:s0:c193,c257,c512,c768 tclass=file app=com.mbwhatsapp
03-08 21:31:03.727 10581 10581 W com.mbwhatsapp: type=1400 audit(0.0:16721): avc: granted { execute } for path="/data/data/com.mbwhatsapp/files/decompressed/libs.spk.zst/libcurve25519.so" dev="sda10" ino=6827472 scontext=u:r:untrusted_app:s0:c193,c257,c512,c768 tcontext=u:object_r:app_data_file:s0:c193,c257,c512,c768 tclass=file app=com.mbwhatsapp
03-08 21:31:03.735 10581 10581 W com.mbwhatsapp: type=1400 audit(0.0:16722): avc: granted { execute } for path="/data/data/com.mbwhatsapp/files/decompressed/libs.spk.zst/libwhatsapp.so" dev="sda10" ino=6827470 scontext=u:r:untrusted_app:s0:c193,c257,c512,c768 tcontext=u:object_r:app_data_file:s0:c193,c257,c512,c768 tclass=file app=com.mbwhatsapp
03-08 21:31:03.735 10581 10581 W com.mbwhatsapp: type=1400 audit(0.0:16724): avc: granted { execute } for path="/data/data/com.mbwhatsapp/files/decompressed/libs.spk.zst/libwhatsapp.so" dev="sda10" ino=6827470 scontext=u:r:untrusted_app:s0:c193,c257,c512,c768 tcontext=u:object_r:app_data_file:s0:c193,c257,c512,c768 tclass=file app=com.mbwhatsapp
03-08 21:31:03.884 10581 10581 E ANR_LOG : >>> msg's executing time is too long
03-08 21:31:03.884 10581 10581 E ANR_LOG : Blocked msg = { when=-2s43ms what=110 target=android.app.ActivityThread$H obj=AppBindData{appInfo=ApplicationInfo{fc8b18e com.mbwhatsapp}} } , cost = 2031 ms
03-08 21:31:03.884 10581 10581 E ANR_LOG : >>>Current msg List is:
03-08 21:31:03.885 10581 10581 E ANR_LOG : Current msg <1> = { when=-2s39ms what=159 target=android.app.ActivityThread$H obj=ClientTransaction LaunchActivityItem,ResumeActivityItem hashCode, mActivityToken = android.os.BinderProxy@610daf mLifecycleStateRequest ResumeActivityItem{procState=- 1,updateProcState=false,isForward=true} mActivityCallbacks [LaunchActivityItem{intent=Intent { act=android.intent.action.MAIN cat=[android.intent.category.LAUNCHER] flg=0x10200000 cmp=com.mbwhatsapp/.Icon0 bnds=[360,84][524,275] mCallingUid=10106 },ident=60525153,info=ActivityInfo{fd855bc com.mbwhatsapp.Icon0},curConfig={1.0 ??mcc??mnc [in_ID] ldltr sw360dp w360dp h724dp 320dpi nrml long port night finger -keyb/v/h -nav/h winConfig={ mBounds=Rect(0, 0 - 720, 1600) mAppBounds=Rect(0, 56 - 720, 1512) mWindowingMode=fullscreen mDisplayWindowingMode=fullscreen mActivityType=undefined mAlwaysOnTop=undefined mRotation=ROTATION_0} s.1mThemeChanged= 0, mThemeChangedFlags= 0, mFlipFont= 0, mAccessibleChanged= -1, mUxIconConfig= 3468923383113584961, mMaterialColor= 3, mUserId= 0, mFontUserId= 0, mFontVariationSettings= 226, mIconPackName= , mDarkModeBackgroundMaxL= 0.0, mDarkModeDialogBgMaxL= 27.0, mDarkModeForegroundMinL= 100.0, mOplusConfigType= 1},overrideConfig={1.0 ??mcc??mnc [in_ID] ldltr sw360dp w360dp h724dp 320dpi nrml long port night finger -keyb/v/h -nav/h winConfig={ mBounds=Rect(0, 0 - 720, 1600) mAppBounds=Rect(0, 56 - 720, 1512) mWindowingMode=fullscreen mDisplayWindowingMode=fullscreen mActivityType=standard mAlwaysOnTop=undefined mRotation=ROTATION_0} s.1mThemeChanged= 0, mThemeChangedFlags= 0, mFlipFont= 0, mAccessibleChanged= -1, mUxIconConfig= 3468923383113584961, mMaterialColor= 3, mUserId= 0, mFontUserId= 0, mFontVariationSettings= 226, mIconPackName= , mDarkModeBackgroundMaxL= 0.0, mDarkModeDialogBgMaxL= 27.0, mDarkModeForegroundMinL= 100.0, mOplusConfigType= 1},referrer=com.oppo.launcher,procState=20,state=null,persistentState=null,pendingR esults=null,pendingNewIntents=null,profilerInfo=null,assistToken=android.os.BinderP roxy@4a3f945,rotationAdj=null}] }
03-08 21:31:03.885 10581 10581 E ANR_LOG : Current msg <2> = { when=-2s35ms what=159 target=android.app.ActivityThread$H obj=ClientTransaction TopResumedActivityChangeItem, hashCode, mActivityToken = android.os.BinderProxy@610daf mLifecycleStateRequest null mActivityCallbacks [TopResumedActivityChangeItem{onTop=true}] }
03-08 21:31:03.885 10581 10581 E ANR_LOG : Current msg <3> = { when=-2s33ms what=9999 target=android.app.ActivityThread$H }
03-08 21:31:03.885 10581 10581 E ANR_LOG : Current msg <4> = { when=-2s20ms what=149 target=android.app.ActivityThread$H obj=android.os.BinderProxy@610daf }
03-08 21:31:03.885 10581 10581 E ANR_LOG : Current msg <5> = { when=-1s749ms what=0 target=android.app.ActivityThread$H callback=android.app.LoadedApk$ServiceDispatcher$RunConnection }
03-08 21:31:03.885 10581 10581 E ANR_LOG : Current msg <6> = { when=-1s685ms what=0 target=android.app.ActivityThread$H callback=android.app.-$ $Lambda$LoadedApk$ReceiverDispatcher$Args$_BumDX2UKsnxLVrE6UJsJZkotuA }
03-08 21:31:03.885 10581 10581 E ANR_LOG : Current msg <7> = { when=-1s22ms what=0 target=android.app.ActivityThread$H callback=android.app.-$ $Lambda$ActivityThread$A4ykhsPb8qV3ffTqpQDklHSMDJ0 }
03-08 21:31:03.885 10581 10581 E ANR_LOG : Current msg <8> = { when=-100ms what=0 target=android.os.Handler callback=X.3fq }
03-08 21:31:03.885 10581 10581 E ANR_LOG : Current msg <9> = { when=-10ms what=0 target=android.app.ActivityThread$H callback=android.app.-$ $Lambda$LoadedApk$ReceiverDispatcher$Args$_BumDX2UKsnxLVrE6UJsJZkotuA }
03-08 21:31:03.885 10581 10581 E ANR_LOG : >>>CURRENT MSG DUMP OVER<<<
03-08 21:31:03.891 10581 10641 W com.mbwhatsapp: Class X.2rL failed lock verification and will run slower.
03-08 21:31:03.891 10581 10641 W com.mbwhatsapp: Common causes for lock verification issues are non-optimized dex code
03-08 21:31:03.891 10581 10641 W com.mbwhatsapp: and incorrect proguard optimizations.
03-08 21:31:03.913 10581 10581 W com.mbwhatsapp: Class X.0eU failed lock verification and will run slower.
03-08 21:31:04.107 10581 10581 E Parcel : Reading a NULL string not supported here.
03-08 21:31:04.147 10581 10608 E Parcel : Reading a NULL string not supported here.
03-08 21:31:04.174 10581 10654 E libEGL : Invalid file path for libcolorx- loader.so --------- beginning of system
03-08 21:31:04.230 10581 10581 E OplusCustomizeRestrictionManager: sInstance is null, start a new sInstance
03-08 21:31:04.269 10581 10581 E Parcel : Reading a NULL string not supported here.
03-08 21:31:04.311 10581 10581 E com.mbwhatsapp: Invalid ID 0x00000000.
03-08 21:31:04.312 10581 10581 W System.err: android.content.res.Resources$NotFoundException: String resource ID #0x0
03-08 21:31:04.312 10581 10581 W System.err:
03-08 21:31:04.313 10581 10581 W System.err: at android.content.res.Resources.getText(Resources.java:453)
03-08 21:31:04.313 10581 10581 W System.err:
03-08 21:31:04.314 10581 10581 W System.err: at android.content.res.Resources.getString(Resources.java:546)
03-08 21:31:04.315 10581 10581 W System.err:
03-08 21:31:04.315 10581 10581 W System.err: at X.35t.A0E(Unknown Source:46)
03-08 21:31:04.315 10581 10581 W System.err:
03-08 21:31:04.315 10581 10581 W System.err: at com.mbwhatsapp.yo.yo.getString(Native Method)
03-08 21:31:04.315 10581 10581 W System.err:
03-08 21:31:04.316 10581 10581 W System.err: at com.mbwhatsapp.yo.yo.getString(Native Method)
03-08 21:31:04.316 10581 10581 W System.err:
03-08 21:31:04.316 10581 10581 W System.err: at com.mbwhatsapp.youbasha.task.utils.requestAllFilesAccess14(Native Method)
03-08 21:31:04.316 10581 10581 W System.err:
03-08 21:31:04.316 10581 10581 W System.err: at com.mbwhatsapp.yo.dep.showStoragePermissionRequest(Native Method)
03-08 21:31:04.316 10581 10581 W System.err:
03-08 21:31:04.316 10581 10581 W System.err: at com.mbwhatsapp.registration.EULA.onCreate(Unknown Source:248)
03-08 21:31:04.316 10581 10581 W System.err:
03-08 21:31:04.317 10581 10581 W System.err: at android.app.Activity.performCreate(Activity.java:8146)
03-08 21:31:04.317 10581 10581 W System.err:
03-08 21:31:04.317 10581 10581 W System.err: at android.app.Activity.performCreate(Activity.java:8130)
03-08 21:31:04.317 10581 10581 W System.err:
03-08 21:31:04.317 10581 10581 W System.err: at android.app.Instrumentation.callActivityOnCreate(Instrumentation.java:1310)
03-08 21:31:04.317 10581 10581 W System.err:
03-08 21:31:04.317 10581 10581 W System.err: at android.app.ActivityThread.performLaunchActivity(ActivityThread.java:3689)
03-08 21:31:04.317 10581 10581 W System.err:
03-08 21:31:04.318 10581 10581 W System.err: at android.app.ActivityThread.handleLaunchActivity(ActivityThread.java:3887)
03-08 21:31:04.318 10581 10581 W System.err:
03-08 21:31:04.318 10581 10581 W System.err: at android.app.servertransaction.LaunchActivityItem.execute(LaunchActivityItem.java:85 )
03-08 21:31:04.318 10581 10581 W System.err:
03-08 21:31:04.318 10581 10581 W System.err: at android.app.servertransaction.TransactionExecutor.executeCallbacks(TransactionExecu tor.java:140)
03-08 21:31:04.318 10581 10581 W System.err:
03-08 21:31:04.318 10581 10581 W System.err: at android.app.servertransaction.TransactionExecutor.execute(TransactionExecutor.java: 100)
03-08 21:31:04.318 10581 10581 W System.err:
03-08 21:31:04.319 10581 10581 W System.err: at android.app.ActivityThread$H.handleMessage(ActivityThread.java:2317)
03-08 21:31:04.319 10581 10581 W System.err:
03-08 21:31:04.319 10581 10581 W System.err: at android.os.Handler.dispatchMessage(Handler.java:106)
03-08 21:31:04.319 10581 10581 W System.err:
03-08 21:31:04.319 10581 10581 W System.err: at android.os.Looper.loop(Looper.java:263)
03-08 21:31:04.319 10581 10581 W System.err:
03-08 21:31:04.319 10581 10581 W System.err: at android.app.ActivityThread.main(ActivityThread.java:8292)
03-08 21:31:04.319 10581 10581 W System.err:
03-08 21:31:04.319 10581 10581 W System.err: at java.lang.reflect.Method.invoke(Native Method)
03-08 21:31:04.320 10581 10581 W System.err:
03-08 21:31:04.320 10581 10581 W System.err: at com.android.internal.os.RuntimeInit$MethodAndArgsCaller.run(RuntimeInit.java:612)
03-08 21:31:04.320 10581 10581 W System.err:
03-08 21:31:04.320 10581 10581 W System.err: at com.android.internal.os.ZygoteInit.main(ZygoteInit.java:1006)
03-08 21:31:04.320 10581 10581 W System.err:
03-08 21:31:04.403 10581 10581 E Parcel : Reading a NULL string not supported here.
03-08 21:31:04.427 10581 10581 W Activity: Can request only one set of permissions at a time
03-08 21:31:04.524 10581 10684 E linker : library "" ("/apex/com.android.vndk.v30/lib64") needed or dlopened by "/apex/com.android.vndk.v30/lib64/libRS_internal.so" is not accessible for the namespace: [name="rs", ld_library_paths="", default_library_paths="/apex/com.android.vndk.v30/lib64:/odm/lib64:/vendor/lib64", permitted_paths="/odm/lib64:/vendor/lib64:/system/vendor/lib64:/data"]
03-08 21:31:04.525 10581 10684 E RenderScript: Failed loading RS driver: dlopen failed: library "" needed or dlopened by "/apex/com.android.vndk.v30/lib64/libRS_internal.so" is not accessible for the namespace "rs"
03-08 21:31:04.525 10581 10684 E RenderScript: Failed to load runtime , loading default
03-08 21:31:04.599 10581 10581 E ArmVmp : Match on catch block at 0x0a in for 0x131
03-08 21:31:04.769 10581 10653 E libEGL : Invalid file path for libcolorx- loader.so
03-08 21:31:04.803 10581 10653 E libEGL : Invalid file path for libcolorx- loader.so
03-08 21:31:04.805 10581 10653 E libEGL : Invalid file path for libcolorx- loader.so
03-08 21:31:04.805 10581 10653 E libEGL : Invalid file path for libcolorx- loader.so
03-08 21:31:04.806 10581 10653 E libEGL : Invalid file path for libcolorx- loader.so
03-08 21:31:04.811 10581 10653 E libEGL : Invalid file path for libcolorx- loader.so
03-08 21:31:04.815 10581 10653 E libEGL : Invalid file path for libcolorx- loader.so
03-08 21:31:04.816 10581 10653 E libEGL : Invalid file path for libcolorx- loader.so
03-08 21:31:04.817 10581 10653 E libEGL : Invalid file path for libcolorx- loader.so
03-08 21:31:05.635 10581 10581 E ScreenmodeClient: display mode not support
03-08 21:31:05.882 10581 10581 E com.mbwhatsapp: Invalid ID 0x00000000.
03-08 21:31:05.884 10581 10581 E com.mbwhatsapp: Invalid ID 0x00000000.
03-08 21:31:05.885 10581 10581 E com.mbwhatsapp: Invalid ID 0x00000000.
03-08 21:31:05.887 10581 10581 E com.mbwhatsapp: Invalid ID 0x00000000.
03-08 21:31:05.893 10581 10581 E com.mbwhatsapp: Invalid ID 0x00000000.
03-08 21:31:05.894 10581 10581 E com.mbwhatsapp: Invalid ID 0x00000000.
03-08 21:31:07.003 10581 10641 E CheckPermission: _bluetooth code = 1
03-08 21:31:07.006 10581 10641 E CheckPermission: _bluetooth code = 3
03-08 21:31:07.008 10581 10641 E CheckPermission: _bluetooth code = 11
03-08 21:31:07.946 10581 10858 W OplusExSystemServiceHelper: checkOplusExSystemService intent getComponent is null
03-08 21:31:15.497 10581 10581 E Parcel : Reading a NULL string not supported here.
03-08 21:31:18.498 10581 10948 E ShortcutInfoCompatSaver: Failed to load saved values from file /data/user/0/com.mbwhatsapp/files/ShortcutInfoCompatSaver_share_targets/ targets.xml. Old state removed, new added
03-08 21:31:18.498 10581 10948 E ShortcutInfoCompatSaver: java.io.FileNotFoundException: /data/user/0/com.mbwhatsapp/files/ShortcutInfoCompatSaver_share_targets/ targets.xml: open failed: ENOENT (No such file or directory)
03-08 21:31:18.498 10581 10948 E ShortcutInfoCompatSaver: at libcore.io.IoBridge.open(IoBridge.java:492)
03-08 21:31:18.498 10581 10948 E ShortcutInfoCompatSaver: at java.io.FileInputStream.<init>(FileInputStream.java:160)
03-08 21:31:18.498 10581 10948 E ShortcutInfoCompatSaver: at X.0nz.run(Unknown Source:82)
03-08 21:31:18.498 10581 10948 E ShortcutInfoCompatSaver: at java.util.concurrent.Executors$RunnableAdapter.call(Executors.java:462)
03-08 21:31:18.498 10581 10948 E ShortcutInfoCompatSaver: at java.util.concurrent.FutureTask.run(FutureTask.java:266)
03-08 21:31:18.498 10581 10948 E ShortcutInfoCompatSaver: at java.util.concurrent.ThreadPoolExecutor.runWorker(ThreadPoolExecutor.java:1167)
03-08 21:31:18.498 10581 10948 E ShortcutInfoCompatSaver: at java.util.concurrent.ThreadPoolExecutor$Worker.run(ThreadPoolExecutor.java:641)
03-08 21:31:18.498 10581 10948 E ShortcutInfoCompatSaver: at java.lang.Thread.run(Thread.java:923)
03-08 21:31:18.498 10581 10948 E ShortcutInfoCompatSaver: Caused by: android.system.ErrnoException: open failed: ENOENT (No such file or directory)
03-08 21:31:18.498 10581 10948 E ShortcutInfoCompatSaver: at libcore.io.Linux.open(Native Method)
03-08 21:31:18.498 10581 10948 E ShortcutInfoCompatSaver: at libcore.io.ForwardingOs.open(ForwardingOs.java:170)
03-08 21:31:18.498 10581 10948 E ShortcutInfoCompatSaver: at libcore.io.BlockGuardOs.open(BlockGuardOs.java:254)
03-08 21:31:18.498 10581 10948 E ShortcutInfoCompatSaver: at libcore.io.ForwardingOs.open(ForwardingOs.java:170)
03-08 21:31:18.498 10581 10948 E ShortcutInfoCompatSaver: at android.app.ActivityThread$AndroidOs.open(ActivityThread.java:8165)
03-08 21:31:18.498 10581 10948 E ShortcutInfoCompatSaver: at libcore.io.IoBridge.open(IoBridge.java:478)
03-08 21:31:18.498 10581 10948 E ShortcutInfoCompatSaver: ... 7 more
03-08 21:31:18.524 10581 10653 E FrameEvents: updateAcquireFence: Did not find frame.
03-08 21:31:18.530 10581 10653 E FrameEvents: updateAcquireFence: Did not find frame.
03-08 21:31:18.540 10581 10653 E FrameEvents: updateAcquireFence: Did not find frame.
03-08 21:31:18.547 10581 10581 W com.mbwhatsapp: type=1400 audit(0.0:16760): avc: denied { read } for name="osrelease" dev="proc" ino=1454522 scontext=u:r:untrusted_app:s0:c193,c257,c512,c768 tcontext=u:object_r:proc:s0 tclass=file permissive=0 app=com.mbwhatsapp
03-08 21:31:18.551 10581 10581 W com.mbwhatsapp: type=1400 audit(0.0:16761): avc: denied { read } for name="version" dev="proc" ino=1454523 scontext=u:r:untrusted_app:s0:c193,c257,c512,c768 tcontext=u:object_r:proc:s0 tclass=file permissive=0 app=com.mbwhatsapp
03-08 21:31:18.618 10581 10950 E Parcel : Reading a NULL string not supported here.
03-08 21:31:18.619 10581 10950 E Parcel : Reading a NULL string not supported here.
03-08 21:31:20.711 10581 10581 E Parcel : Reading a NULL string not supported here.
03-08 21:31:20.774 10581 10961 E libEGL : Invalid file path for libcolorx- loader.so
03-08 21:31:51.542 10581 10649 E PlayCore: UID: [10449] PID: [10581] StandardIntegrity : Phonesky is not installed.
03-08 21:31:54.211 10581 10608 E Parcel : Reading a NULL string not supported here.
03-08 21:31:57.165 10581 10950 E Parcel : Reading a NULL string not supported here.
03-08 21:31:57.531 10581 10581 E Parcel : Reading a NULL string not supported here.
03-08 21:31:57.599 10581 11782 E libEGL : Invalid file path for libcolorx- loader.so
03-08 21:31:58.848 10581 10581 W IInputConnectionWrapper: requestCursorAnchorInfo on inactive InputConnection
03-08 21:32:04.844 10581 10581 W Choreographer: Frame time is 0.00514 ms in the future! Check that graphics HAL is generating vsync timestamps using the correct timebase.
03-08 21:32:09.841 10581 10595 W System : A resource failed to call release.
03-08 21:32:20.193 10581 10581 E Parcel : Reading a NULL string not supported here.
03-08 21:32:20.254 10581 11883 E libEGL : Invalid file path for libcolorx- loader.so
03-08 21:32:20.361 10581 10581 E Parcel : Reading a NULL string not supported here.
03-08 21:32:20.524 10581 11888 E libEGL : Invalid file path for libcolorx- loader.so
03-08 21:32:20.725 10581 10581 W IInputConnectionWrapper: requestCursorAnchorInfo on inactive InputConnection
03-08 21:32:23.195 10581 10581 E Parcel : Reading a NULL string not supported here.
03-08 21:32:24.703 10581 10631 E Parcel : Reading a NULL string not supported here.
03-08 21:32:25.079 10581 10581 E Parcel : Reading a NULL string not supported here.
03-08 21:32:25.141 10581 11934 E libEGL : Invalid file path for libcolorx- loader.so
03-08 21:32:26.116 10581 10847 E Parcel : Reading a NULL string not supported here.
03-08 21:32:40.515 10581 10595 W System : A resource failed to call release.
03-08 21:32:44.609 10581 11988 E Parcel : Reading a NULL string not supported here.
03-08 21:32:44.636 10581 11988 E Parcel : Reading a NULL string not supported here.
03-08 21:32:44.696 10581 11988 E Parcel : Reading a NULL string not supported here.
03-08 21:32:44.756 10581 10581 W IInputConnectionWrapper: requestCursorAnchorInfo on inactive InputConnection
03-08 21:32:47.277 10581 11988 E Parcel : Reading a NULL string not supported here.
03-08 21:32:47.293 10581 11988 E Parcel : Reading a NULL string not supported here.
03-08 21:32:47.307 10581 11988 E Parcel : Reading a NULL string not supported here.
03-08 21:32:47.320 10581 11988 E Parcel : Reading a NULL string not supported here.
03-08 21:32:47.335 10581 11988 E Parcel : Reading a NULL string not supported here.
03-08 21:32:47.348 10581 11988 E Parcel : Reading a NULL string not supported here.
03-08 21:32:47.368 10581 11988 E Parcel : Reading a NULL string not supported here.
03-08 21:32:47.404 10581 11988 E Parcel : Reading a NULL string not supported here.
03-08 21:32:48.354 10581 11988 E Parcel : Reading a NULL string not supported here.
03-08 21:32:51.404 10581 10581 E Parcel : Reading a NULL string not supported here.
03-08 21:32:51.477 10581 12663 E Parcel : Reading a NULL string not supported here.
03-08 21:32:51.495 10581 10581 E Parcel : Reading a NULL string not supported here.
03-08 21:32:51.546 10581 12895 E libEGL : Invalid file path for libcolorx- loader.so
03-08 21:32:51.603 10581 10581 W com.mbwhatsapp: Class com.mbwhatsapp.HomeActivity failed lock verification and will run slower.
03-08 21:32:51.879 10581 12663 W MediaCodec-JNI: try to release MediaCodec from JMediaCodec::~JMediaCodec()...
03-08 21:32:51.879 10581 12663 W MediaCodec-JNI: done releasing MediaCodec from JMediaCodec::~JMediaCodec().
03-08 21:32:51.882 10581 12663 E Parcel : Reading a NULL string not supported here.
03-08 21:32:51.971 10581 12978 W ColorUtils: expected specified color aspects (2:0:0:0)
03-08 21:32:52.001 10581 12663 E Parcel : Reading a NULL string not supported here.
03-08 21:32:52.015 10581 12992 W com.mbwhatsapp: OPPOLoadFrame::init -- failed: dlopen failed: library "libOplusDualHeadPhoneEx.so" not found
03-08 21:32:52.087 10581 10581 E ArmVmp : Match on catch block at 0x0a in for 0xc9
03-08 21:32:52.109 10581 12663 W AudioCapabilities: Unsupported mime audio/ffmpeg
03-08 21:32:52.116 10581 12663 W VideoCapabilities: Unsupported mime image/vnd.android.heic
03-08 21:32:52.117 10581 12663 W VideoCapabilities: Unsupported mime video/ffmpeg
03-08 21:32:52.125 10581 12663 W VideoCapabilities: Unrecognized profile/level 0/3 for video/mpeg2
03-08 21:32:52.125 10581 12663 W VideoCapabilities: Unrecognized profile/level 0/3 for video/mpeg2
03-08 21:32:52.130 10581 10581 E ArmVmp : Match on catch block at 0x0a in for 0x139
03-08 21:32:52.134 10581 10581 E Parcel : Reading a NULL string not supported here.
03-08 21:32:52.175 10581 10581 E Parcel : Reading a NULL string not supported here.
03-08 21:32:52.457 10581 12998 W com.mbwhatsapp: Accessing hidden method Lcom/android/org/conscrypt/ConscryptEngineSocket;->setUseSessionTickets(Z)V (greylist-max-q,test-api, reflection, denied)
03-08 21:32:52.457 10581 12998 W com.mbwhatsapp: Accessing hidden method Lcom/android/org/conscrypt/OpenSSLSocketImpl;->setUseSessionTickets(Z)V (greylist- max-q,test-api, reflection, denied)
03-08 21:32:52.457 10581 12998 W com.mbwhatsapp: Accessing hidden method Lcom/android/org/conscrypt/AbstractConscryptSocket;->setUseSessionTickets(Z)V (greylist-max-q, reflection, denied)
03-08 21:32:52.457 10581 12998 W com.mbwhatsapp: Accessing hidden method Lcom/android/org/conscrypt/ConscryptEngineSocket;->setHostname(Ljava/lang/String;)V (greylist-max-q,test-api, reflection, denied)
03-08 21:32:52.458 10581 12998 W com.mbwhatsapp: Accessing hidden method Lcom/android/org/conscrypt/OpenSSLSocketImpl;->setHostname(Ljava/lang/String;)V (greylist-max-q,test-api, reflection, denied)
03-08 21:32:52.458 10581 12998 W com.mbwhatsapp: Accessing hidden method Lcom/android/org/conscrypt/AbstractConscryptSocket;->setHostname(Ljava/lang/ String;)V (greylist-max-q, reflection, denied)
03-08 21:32:52.458 10581 12998 W com.mbwhatsapp: Accessing hidden method Lcom/android/org/conscrypt/OpenSSLSocketImpl;->setAlpnProtocols([B)V (greylist-max- q,test-api, reflection, denied)
03-08 21:32:52.458 10581 12998 W com.mbwhatsapp: Accessing hidden method Lcom/android/org/conscrypt/AbstractConscryptSocket;->setAlpnProtocols([B)V (greylist-max-q, reflection, denied)
03-08 21:32:52.588 10581 12726 E Parcel : Reading a NULL string not supported here.
03-08 21:32:52.750 10581 12726 E Parcel : Reading a NULL string not supported here.
03-08 21:32:52.821 10581 10581 E RecyclerView: No adapter attached; skipping layout
03-08 21:32:52.887 10581 13023 E libEGL : Invalid file path for libcolorx- loader.so
03-08 21:32:52.895 10581 10581 E ArmVmp : Match on catch block at 0x0a in for 0xd9
03-08 21:32:52.969 10581 10581 E RecyclerView: No adapter attached; skipping layout
03-08 21:32:53.299 10581 13029 W LOTTIE : Animation contains merge paths. Merge paths are only supported on KitKat+ and must be manually enabled by calling enableMergePathsForKitKatAndAbove().
03-08 21:32:53.381 10581 10637 E SQLiteDatabase: Error inserting transferred=0 media_job_uuid=5fdefd19-5a7f-4414-b004-c8954521cc9e transcoded=0 gif_attribution=0 first_scan_length=0 direct_path=/v/t62.7161- 24/19973028_769657161753964_8093723459939897507_n.enc?ccb=11- 4&oh=01_AdSFNadVSuySGtKLoo1WK5D2upAoLVY3YkK-1OC2EDeDdQ&oe=661268FF&_nc_sid=5e03e0 thumbnail_height_width_ratio=1.3333334 is_animated_sticker=0 file_hash=aExtasFBCi+yARPhrcuRIALNsRK+2yWlbZGYO7Af+8M= file_path=null file_size=0 partial_media_hash=null face_x=0 face_y=0 height=640 trim_to=0 media_key_timestamp=1709898643000 message_url=https://mmg.whatsapp.net/v/t62.7161- 24/19973028_769657161753964_8093723459939897507_n.enc?ccb=11- 4&oh=01_AdSFNadVSuySGtKLoo1WK5D2upAoLVY3YkK- 1OC2EDeDdQ&oe=661268FF&_nc_sid=5e03e0&mms3=true media_caption=null trim_from=0 mime_type=video/mp4 partial_media_enc_hash=null width=480 original_file_hash=null has_streaming_sidecar=1 autotransfer_retry_enabled=0 media_upload_handle=null message_row_id=8 multicast_id=null enc_file_hash=O2bqohNhYGsFlkVjZfCy0dqYA1VzxBrnqDJ3bAX1504= mute_video=0 page_count=0 first_scan_sidecar=null suspicious_content=0 file_length=2205820 media_name=null media_duration=11 chat_row_id=5 media_key=[B@7cac727
03-08 21:32:53.381 10581 10637 E SQLiteDatabase: android.database.sqlite.SQLiteConstraintException: UNIQUE constraint failed: message_media.message_row_id (code 1555 SQLITE_CONSTRAINT_PRIMARYKEY)
03-08 21:32:53.381 10581 10637 E SQLiteDatabase: at android.database.sqlite.SQLiteConnection.nativeExecuteForLastInsertedRowId(Native Method)
03-08 21:32:53.381 10581 10637 E SQLiteDatabase: at android.database.sqlite.SQLiteConnection.executeForLastInsertedRowId(SQLiteConnecti on.java:948)
03-08 21:32:53.381 10581 10637 E SQLiteDatabase: at android.database.sqlite.SQLiteSession.executeForLastInsertedRowId(SQLiteSession.jav a:790)
03-08 21:32:53.381 10581 10637 E SQLiteDatabase: at android.database.sqlite.SQLiteStatement.executeInsert(SQLiteStatement.java:88)
03-08 21:32:53.381 10581 10637 E SQLiteDatabase: at android.database.sqlite.SQLiteDatabase.insertWithOnConflict(SQLiteDatabase.java:171 2)
03-08 21:32:53.381 10581 10637 E SQLiteDatabase: at android.database.sqlite.SQLiteDatabase.insert(SQLiteDatabase.java:1581)
03-08 21:32:53.381 10581 10637 E SQLiteDatabase: at X.2tm.A08(Unknown Source:6)
03-08 21:32:53.381 10581 10637 E SQLiteDatabase: at X.35Y.A07(Unknown Source:212)
03-08 21:32:53.381 10581 10637 E SQLiteDatabase: at X.3QF.A14(Unknown Source:470)
03-08 21:32:53.381 10581 10637 E SQLiteDatabase: at X.3gU.run(Unknown Source:982)
03-08 21:32:53.381 10581 10637 E SQLiteDatabase: at android.os.Handler.handleCallback(Handler.java:938)
03-08 21:32:53.381 10581 10637 E SQLiteDatabase: at android.os.Handler.dispatchMessage(Handler.java:99)
03-08 21:32:53.381 10581 10637 E SQLiteDatabase: at X.0zq.dispatchMessage(Unknown Source:4)
03-08 21:32:53.381 10581 10637 E SQLiteDatabase: at android.os.Looper.loop(Looper.java:263)
03-08 21:32:53.381 10581 10637 E SQLiteDatabase: at android.os.HandlerThread.run(HandlerThread.java:67)
03-08 21:32:53.383 10581 10581 W LOTTIE : Animation contains merge paths but they are disabled.
03-08 21:32:53.447 10581 10637 E SQLiteDatabase: Error inserting transferred=0 media_job_uuid=5fdefd19-5a7f-4414-b004-c8954521cc9e transcoded=0 gif_attribution=0 first_scan_length=0 direct_path=/v/t62.7161- 24/19973028_769657161753964_8093723459939897507_n.enc?ccb=11- 4&oh=01_AdSFNadVSuySGtKLoo1WK5D2upAoLVY3YkK-1OC2EDeDdQ&oe=661268FF&_nc_sid=5e03e0 thumbnail_height_width_ratio=1.3333334 is_animated_sticker=0 file_hash=aExtasFBCi+yARPhrcuRIALNsRK+2yWlbZGYO7Af+8M= file_path=null file_size=0 partial_media_hash=null face_x=0 face_y=0 height=640 trim_to=0 media_key_timestamp=1709898643000 message_url=https://mmg.whatsapp.net/v/t62.7161- 24/19973028_769657161753964_8093723459939897507_n.enc?ccb=11- 4&oh=01_AdSFNadVSuySGtKLoo1WK5D2upAoLVY3YkK- 1OC2EDeDdQ&oe=661268FF&_nc_sid=5e03e0&mms3=true media_caption=null trim_from=0 mime_type=video/mp4 partial_media_enc_hash=null width=480 original_file_hash=null has_streaming_sidecar=1 autotransfer_retry_enabled=0 media_upload_handle=null message_row_id=8 multicast_id=null enc_file_hash=O2bqohNhYGsFlkVjZfCy0dqYA1VzxBrnqDJ3bAX1504= mute_video=0 page_count=0 first_scan_sidecar=null suspicious_content=0 file_length=2205820 media_name=null media_duration=11 chat_row_id=5 media_key=[B@7cac727
03-08 21:32:53.447 10581 10637 E SQLiteDatabase: android.database.sqlite.SQLiteConstraintException: UNIQUE constraint failed: message_media.message_row_id (code 1555 SQLITE_CONSTRAINT_PRIMARYKEY)
03-08 21:32:53.447 10581 10637 E SQLiteDatabase: at android.database.sqlite.SQLiteConnection.nativeExecuteForLastInsertedRowId(Native Method)
03-08 21:32:53.447 10581 10637 E SQLiteDatabase: at android.database.sqlite.SQLiteConnection.executeForLastInsertedRowId(SQLiteConnecti on.java:948)
03-08 21:32:53.447 10581 10637 E SQLiteDatabase: at android.database.sqlite.SQLiteSession.executeForLastInsertedRowId(SQLiteSession.jav a:790)
03-08 21:32:53.447 10581 10637 E SQLiteDatabase: at android.database.sqlite.SQLiteStatement.executeInsert(SQLiteStatement.java:88)
03-08 21:32:53.447 10581 10637 E SQLiteDatabase: at android.database.sqlite.SQLiteDatabase.insertWithOnConflict(SQLiteDatabase.java:171 2)
03-08 21:32:53.447 10581 10637 E SQLiteDatabase: at android.database.sqlite.SQLiteDatabase.insert(SQLiteDatabase.java:1581)
03-08 21:32:53.447 10581 10637 E SQLiteDatabase: at X.2tm.A08(Unknown Source:6)
03-08 21:32:53.447 10581 10637 E SQLiteDatabase: at X.35Y.A07(Unknown Source:212)
03-08 21:32:53.447 10581 10637 E SQLiteDatabase: at X.3QF.A14(Unknown Source:470)
03-08 21:32:53.447 10581 10637 E SQLiteDatabase: at X.3gU.run(Unknown Source:982)
03-08 21:32:53.447 10581 10637 E SQLiteDatabase: at android.os.Handler.handleCallback(Handler.java:938)
03-08 21:32:53.447 10581 10637 E SQLiteDatabase: at android.os.Handler.dispatchMessage(Handler.java:99)
03-08 21:32:53.447 10581 10637 E SQLiteDatabase: at X.0zq.dispatchMessage(Unknown Source:4)
03-08 21:32:53.447 10581 10637 E SQLiteDatabase: at android.os.Looper.loop(Looper.java:263)
03-08 21:32:53.447 10581 10637 E SQLiteDatabase: at android.os.HandlerThread.run(HandlerThread.java:67)
03-08 21:32:53.657 10581 12998 W com.mbwhatsapp: Accessing hidden method Lcom/android/org/conscrypt/OpenSSLSocketImpl;->getAlpnSelectedProtocol()[B (greylist-max-q,test-api, reflection, denied)
03-08 21:32:53.657 10581 12998 W com.mbwhatsapp: Accessing hidden method Lcom/android/org/conscrypt/AbstractConscryptSocket;->getAlpnSelectedProtocol()[B (greylist-max-q, reflection, denied)
03-08 21:32:54.625 10581 12660 E Parcel : Reading a NULL string not supported here.
03-08 21:32:54.639 10581 12660 E Parcel : Reading a NULL string not supported here.
03-08 21:32:54.691 10581 10581 E ArmVmp : Match on catch block at 0x5b in for 0x85
03-08 21:32:55.044 10581 10651 E Parcel : Reading a NULL string not supported here.
03-08 21:32:55.067 10581 10651 E Parcel : Reading a NULL string not supported here.
03-08 21:32:55.337 10581 10595 W System : A resource failed to call release.
03-08 21:32:55.339 10581 10595 W System : A resource failed to call end.
03-08 21:33:02.785 10581 12660 E Parcel : Reading a NULL string not supported here.
03-08 21:33:02.802 10581 12660 E Parcel : Reading a NULL string not supported here.
03-08 21:33:03.082 10581 10651 E Parcel : Reading a NULL string not supported here.
03-08 21:33:03.092 10581 10651 E Parcel : Reading a NULL string not supported here.
03-08 21:33:03.206 10581 12632 E Parcel : Reading a NULL string not supported here.
03-08 21:33:03.222 10581 12632 E Parcel : Reading a NULL string not supported here.
03-08 21:33:04.887 10581 10581 E ArmVmp : Match on catch block at 0x0a in for 0x119
03-08 21:33:06.531 10581 10581 W InputEventReceiver: Attempted to finish an input event but the input event receiver has already been disposed.
03-08 21:33:07.607 10581 10581 E Parcel : Reading a NULL string not supported here.
03-08 21:33:07.677 10581 13075 E libEGL : Invalid file path for libcolorx- loader.so
03-08 21:33:07.865 10581 10581 W BottomSheetBehavior: BottomSheetBehavior now supports multiple callbacks. `setBottomSheetCallback()` removes all existing callbacks, including ones set internally by library authors, which may result in unintended behavior. This may change in the future. Please use `addBottomSheetCallback()` and `removeBottomSheetCallback()` instead to set your own callbacks.
03-08 21:33:07.865 10581 10581 W BottomSheetBehavior: BottomSheetBehavior now supports multiple callbacks. `setBottomSheetCallback()` removes all existing callbacks, including ones set internally by library authors, which may result in unintended behavior. This may change in the future. Please use `addBottomSheetCallback()` and `removeBottomSheetCallback()` instead to set your own callbacks.
03-08 21:33:07.899 10581 10581 W pool-11-thread-: type=1400 audit(0.0:16829): avc: granted { execute } for path="/data/data/com.mbwhatsapp/files/decompressed/libs.spk.zst/libgifimage.so" dev="sda10" ino=6827477 scontext=u:r:untrusted_app:s0:c193,c257,c512,c768 tcontext=u:object_r:app_data_file:s0:c193,c257,c512,c768 tclass=file app=com.mbwhatsapp
03-08 21:33:07.980 10581 10581 E RecyclerView: No adapter attached; skipping layout
03-08 21:33:08.013 10581 13084 E Parcel : Reading a NULL string not supported here.
03-08 21:33:08.080 10581 13091 E OplusACodec: [GetVideoCodingTypeFromMime:L726] mime:video/avc
03-08 21:33:08.178 10581 13098 W Codec2Client: query -- param skipped: index = 1107298332.
03-08 21:33:08.178 10581 13098 W CCodec : This behavior is subject to change. It is recommended that app developers double check whether the requested max input size is in reasonable range.
03-08 21:33:08.181 10581 13098 W Codec2Client: query -- param skipped: index = 1342179345.
03-08 21:33:08.181 10581 13098 W Codec2Client: query -- param skipped: index = 2415921170.
03-08 21:33:08.181 10581 13098 W Codec2Client: query -- param skipped: index = 1610614798.
03-08 21:33:08.182 10581 13098 E FMQ : grantorIdx must be less than 3
03-08 21:33:08.182 10581 13098 E FMQ : grantorIdx must be less than 3
03-08 21:33:08.185 10581 13098 E ion : ioctl c0044901 failed with code -1: Inappropriate ioctl for device
03-08 21:33:08.187 10581 13098 E FMQ : grantorIdx must be less than 3
03-08 21:33:08.201 10581 12965 E FMQ : grantorIdx must be less than 3
03-08 21:33:09.661 10581 10637 E SQLiteDatabase: Error inserting transferred=1 media_job_uuid=5fdefd19-5a7f-4414-b004-c8954521cc9e transcoded=0 gif_attribution=0 first_scan_length=0 direct_path=/v/t62.7161- 24/19973028_769657161753964_8093723459939897507_n.enc?ccb=11- 4&oh=01_AdSFNadVSuySGtKLoo1WK5D2upAoLVY3YkK-1OC2EDeDdQ&oe=661268FF&_nc_sid=5e03e0 thumbnail_height_width_ratio=1.3333334 is_animated_sticker=0 file_hash=aExtasFBCi+yARPhrcuRIALNsRK+2yWlbZGYO7Af+8M= file_path=Media/.Statuses/2f51d4c4f9804f028d5d51afe6c9d847.mp4 file_size=2205820 partial_media_hash=null face_x=0 face_y=0 height=640 trim_to=0 media_key_timestamp=1709898643000 message_url=https://mmg.whatsapp.net/v/t62.7161- 24/19973028_769657161753964_8093723459939897507_n.enc?ccb=11- 4&oh=01_AdSFNadVSuySGtKLoo1WK5D2upAoLVY3YkK- 1OC2EDeDdQ&oe=661268FF&_nc_sid=5e03e0&mms3=true media_caption=null trim_from=0 mime_type=video/mp4 partial_media_enc_hash=null width=480 original_file_hash=null has_streaming_sidecar=1 autotransfer_retry_enabled=1 media_upload_handle=null message_row_id=8 multicast_id=null enc_file_hash=O2bqohNhYGsFlkVjZfCy0dqYA1VzxBrnqDJ3bAX1504= mute_video=0 page_count=0 first_scan_sidecar=null suspicious_content=0 file_length=2205820 media_name=null media_duration=11 chat_row_id=5 media_key=[B@7cac727
03-08 21:33:09.661 10581 10637 E SQLiteDatabase: android.database.sqlite.SQLiteConstraintException: UNIQUE constraint failed: message_media.message_row_id (code 1555 SQLITE_CONSTRAINT_PRIMARYKEY)
03-08 21:33:09.661 10581 10637 E SQLiteDatabase: at android.database.sqlite.SQLiteConnection.nativeExecuteForLastInsertedRowId(Native Method)
03-08 21:33:09.661 10581 10637 E SQLiteDatabase: at android.database.sqlite.SQLiteConnection.executeForLastInsertedRowId(SQLiteConnecti on.java:948)
03-08 21:33:09.661 10581 10637 E SQLiteDatabase: at android.database.sqlite.SQLiteSession.executeForLastInsertedRowId(SQLiteSession.jav a:790)
03-08 21:33:09.661 10581 10637 E SQLiteDatabase: at android.database.sqlite.SQLiteStatement.executeInsert(SQLiteStatement.java:88)
03-08 21:33:09.661 10581 10637 E SQLiteDatabase: at android.database.sqlite.SQLiteDatabase.insertWithOnConflict(SQLiteDatabase.java:171 2)
03-08 21:33:09.661 10581 10637 E SQLiteDatabase: at android.database.sqlite.SQLiteDatabase.insert(SQLiteDatabase.java:1581)
03-08 21:33:09.661 10581 10637 E SQLiteDatabase: at X.2tm.A08(Unknown Source:6)
03-08 21:33:09.661 10581 10637 E SQLiteDatabase: at X.35Y.A07(Unknown Source:212)
03-08 21:33:09.661 10581 10637 E SQLiteDatabase: at X.3QF.A14(Unknown Source:470)
03-08 21:33:09.661 10581 10637 E SQLiteDatabase: at X.3gU.run(Unknown Source:982)
03-08 21:33:09.661 10581 10637 E SQLiteDatabase: at android.os.Handler.handleCallback(Handler.java:938)
03-08 21:33:09.661 10581 10637 E SQLiteDatabase: at android.os.Handler.dispatchMessage(Handler.java:99)
03-08 21:33:09.661 10581 10637 E SQLiteDatabase: at X.0zq.dispatchMessage(Unknown Source:4)
03-08 21:33:09.661 10581 10637 E SQLiteDatabase: at android.os.Looper.loop(Looper.java:263)
03-08 21:33:09.661 10581 10637 E SQLiteDatabase: at android.os.HandlerThread.run(HandlerThread.java:67)
03-08 21:33:16.556 10581 13098 W Codec2Client: query -- param skipped: index = 1342179345.
03-08 21:33:16.556 10581 13098 W Codec2Client: query -- param skipped: index = 2415921170.
03-08 21:33:16.556 10581 13098 W Codec2Client: query -- param skipped: index = 1610614798.
03-08 21:33:23.122 10581 10581 W InputEventReceiver: Attempted to finish an input event but the input event receiver has already been disposed.
03-08 21:33:26.981 10581 10581 E Parcel : Reading a NULL string not supported here.
03-08 21:33:27.034 10581 13163 E libEGL : Invalid file path for libcolorx- loader.so
03-08 21:33:27.083 10581 10581 E Parcel : Reading a NULL string not supported here.
03-08 21:33:28.554 10581 10581 E Parcel : Reading a NULL string not supported here.
03-08 21:33:28.686 10581 13171 E libEGL : Invalid file path for libcolorx- loader.so
03-08 21:33:28.753 10581 10581 W TabLayout: MODE_SCROLLABLE + GRAVITY_FILL is not supported, GRAVITY_START will be used instead
03-08 21:33:28.780 10581 13172 E libc : Access denied finding property "vendor.camera.aux.packagelist"
03-08 21:33:28.780 10581 13172 E libc : Access denied finding property "vendor.camera.aux.packagelist"
03-08 21:33:28.780 10581 10598 E libc : Access denied finding property "vendor.camera.aux.packagelist"
03-08 21:33:28.775 10581 10581 W Optic-Task-Hand: type=1400 audit(0.0:16830): avc: denied { read } for name="u:object_r:vendor_persist_camera_prop:s0" dev="tmpfs" ino=11537 scontext=u:r:untrusted_app:s0:c193,c257,c512,c768 tcontext=u:object_r:vendor_persist_camera_prop:s0 tclass=file permissive=0 app=com.mbwhatsapp
03-08 21:33:28.781 10581 10598 E libc : Access denied finding property "vendor.camera.aux.packagelist"
03-08 21:33:28.781 10581 10598 W CameraManagerGlobal: ignore the torch status update of camera: 2
03-08 21:33:28.781 10581 10598 E libc : Access denied finding property "vendor.camera.aux.packagelist"
03-08 21:33:28.781 10581 10598 W CameraManagerGlobal: ignore the torch status update of camera: 5
03-08 21:33:28.782 10581 10598 E libc : Access denied finding property "vendor.camera.aux.packagelist"
03-08 21:33:28.782 10581 10598 W CameraManagerGlobal: ignore the torch status update of camera: 6
03-08 21:33:28.782 10581 10598 E libc : Access denied finding property "vendor.camera.aux.packagelist"
03-08 21:33:28.782 10581 10598 W CameraManagerGlobal: ignore the torch status update of camera: 7
03-08 21:33:28.775 10581 10581 W Optic-Task-Hand: type=1400 audit(0.0:16831): avc: denied { read } for name="u:object_r:vendor_persist_camera_prop:s0" dev="tmpfs" ino=11537 scontext=u:r:untrusted_app:s0:c193,c257,c512,c768 tcontext=u:object_r:vendor_persist_camera_prop:s0 tclass=file permissive=0 app=com.mbwhatsapp
03-08 21:33:28.790 10581 10581 E Parcel : Reading a NULL string not supported here.
03-08 21:33:28.813 10581 10581 E Parcel : Reading a NULL string not supported here.
03-08 21:33:28.813 10581 10581 E Parcel : Reading a NULL string not supported here.
03-08 21:33:28.828 10581 10581 W BottomSheetBehavior: BottomSheetBehavior now supports multiple callbacks. `setBottomSheetCallback()` removes all existing callbacks, including ones set internally by library authors, which may result in unintended behavior. This may change in the future. Please use `addBottomSheetCallback()` and `removeBottomSheetCallback()` instead to set your own callbacks.
03-08 21:33:28.832 10581 10581 E Parcel : Reading a NULL string not supported here.
03-08 21:33:28.836 10581 12663 E Parcel : Reading a NULL string not supported here.
03-08 21:33:28.854 10581 13174 E libc : Access denied finding property "persist.vendor.camera.privapp.list"
03-08 21:33:28.864 10581 10598 E libc : Access denied finding property "vendor.camera.aux.packagelist"
03-08 21:33:28.864 10581 10598 E CameraManagerGlobal: Camera 5 is not available. Ignore physical camera status change
03-08 21:33:28.864 10581 10598 E CameraManagerGlobal: Camera 6 is not available. Ignore physical camera status change
03-08 21:33:28.865 10581 10598 E CameraManagerGlobal: Camera 7 is not available. Ignore physical camera status change
03-08 21:33:28.865 10581 10598 E libc : Access denied finding property "vendor.camera.aux.packagelist"
03-08 21:33:28.979 10581 10651 E Parcel : Reading a NULL string not supported here.
03-08 21:33:29.008 10581 10651 E Parcel : Reading a NULL string not supported here.
03-08 21:33:29.022 10581 10651 E Parcel : Reading a NULL string not supported here.
03-08 21:33:29.035 10581 12663 E Parcel : Reading a NULL string not supported here.
03-08 21:33:29.046 10581 10651 E Parcel : Reading a NULL string not supported here.
03-08 21:33:29.062 10581 10651 E Parcel : Reading a NULL string not supported here.
03-08 21:33:29.071 10581 10651 E Parcel : Reading a NULL string not supported here.
03-08 21:33:29.093 10581 10651 E Parcel : Reading a NULL string not supported here.
03-08 21:33:29.115 10581 10651 E Parcel : Reading a NULL string not supported here.
03-08 21:33:29.124 10581 13172 E libEGL : Invalid file path for libcolorx- loader.so
03-08 21:33:29.130 10581 10651 E Parcel : Reading a NULL string not supported here.
03-08 21:33:29.184 10581 10651 E Parcel : Reading a NULL string not supported here.
03-08 21:33:29.203 10581 10651 E Parcel : Reading a NULL string not supported here.
03-08 21:33:29.216 10581 12632 E Parcel : Reading a NULL string not supported here.
03-08 21:33:29.231 10581 10651 E Parcel : Reading a NULL string not supported here.
