03-29 11:29:07.508 13564 13564 E ArmVmp : Match on catch block at 0xc3 in for 0xa1
03-29 11:29:07.512 13564 13564 E ArmVmp : Match on catch block at 0xc3 in for 0xa5
03-29 11:29:07.514 13564 13564 E ArmVmp : Match on catch block at 0xc3 in for 0xa5
03-29 11:29:07.524 13564 13564 E ArmVmp : Match on catch block at 0xc3 in for 0xa9
03-29 11:29:07.528 13564 13564 E ArmVmp : Match on catch block at 0xc3 in for 0xa1
03-29 11:29:07.531 13564 13564 E ArmVmp : Match on catch block at 0xc3 in for 0xa1
03-29 11:29:07.541 13564 13564 E ArmVmp : Match on catch block at 0xc3 in for 0xa5
03-29 11:29:07.545 13564 13564 E ArmVmp : Match on catch block at 0xc3 in for 0xa9
03-29 11:29:07.548 13564 13564 E ArmVmp : Match on catch block at 0xc3 in for 0xa9
03-29 11:29:07.558 13564 13564 E ArmVmp : Match on catch block at 0xc3 in for 0xa1
03-29 11:29:07.566 13564 13564 E ArmVmp : Match on catch block at 0xc3 in for 0xa5
03-29 11:29:07.570 13564 13564 E ArmVmp : Match on catch block at 0xc3 in for 0xa5
03-29 11:29:07.577 13564 13564 E ArmVmp : Match on catch block at 0xc3 in for 0xa9
03-29 11:29:07.582 13564 13564 E ArmVmp : Match on catch block at 0xc3 in for 0xa1
03-29 11:29:07.585 13564 13564 E ArmVmp : Match on catch block at 0xc3 in for 0xa1
03-29 11:29:07.590 13564 13564 E ArmVmp : Match on catch block at 0xc3 in for 0xa5
03-29 11:29:07.593 13564 13564 E ArmVmp : Match on catch block at 0xc3 in for 0xa9
03-29 11:29:07.595 13564 13564 E ArmVmp : Match on catch block at 0xc3 in for 0xa9
03-29 11:29:07.607 13564 13564 E ArmVmp : Match on catch block at 0xc3 in for 0xa1
03-29 11:29:07.611 13564 13564 E ArmVmp : Match on catch block at 0xc3 in for 0xa5
03-29 11:29:07.614 13564 13564 E ArmVmp : Match on catch block at 0xc3 in for 0xa5
03-29 11:29:07.625 13564 13564 E ArmVmp : Match on catch block at 0xc3 in for 0xa9
03-29 11:29:07.630 13564 13564 E ArmVmp : Match on catch block at 0xc3 in for 0xa1
03-29 11:29:07.633 13564 13564 E ArmVmp : Match on catch block at 0xc3 in for 0xa1
03-29 11:29:07.641 13564 13564 E ArmVmp : Match on catch block at 0xc3 in for 0xa5
03-29 11:29:07.645 13564 13564 E ArmVmp : Match on catch block at 0xc3 in for 0xa9
03-29 11:29:07.647 13564 13564 E ArmVmp : Match on catch block at 0xc3 in for 0xa9
03-29 11:29:07.707 13564 13564 E ArmVmp : Match on catch block at 0xc3 in for 0xa1
03-29 11:29:07.712 13564 13564 E ArmVmp : Match on catch block at 0xc3 in for 0xa5
03-29 11:29:07.715 13564 13564 E ArmVmp : Match on catch block at 0xc3 in for 0xa5
03-29 11:29:07.916 13564 13564 E ArmVmp : Match on catch block at 0xc3 in for 0xa5
03-29 11:29:07.925 13564 13564 E ArmVmp : Match on catch block at 0xc3 in for 0xa9
03-29 11:29:07.928 13564 13564 E ArmVmp : Match on catch block at 0xc3 in for 0xa9
03-29 11:29:07.936 13564 13564 E ArmVmp : Match on catch block at 0xc3 in for 0xa1
03-29 11:29:07.941 13564 13564 E ArmVmp : Match on catch block at 0xc3 in for 0xa5
03-29 11:29:07.944 13564 13564 E ArmVmp : Match on catch block at 0xc3 in for 0xa5
03-29 11:29:07.950 13564 13564 E ArmVmp : Match on catch block at 0xc3 in for 0xa9
03-29 11:29:07.953 13564 13564 E ArmVmp : Match on catch block at 0xc3 in for 0xa1
03-29 11:29:07.955 13564 13564 E ArmVmp : Match on catch block at 0xc3 in for 0xa1
03-29 11:29:07.964 13564 13564 E ArmVmp : Match on catch block at 0xc3 in for 0xa5
03-29 11:29:07.967 13564 13564 E ArmVmp : Match on catch block at 0xc3 in for 0xa9
03-29 11:29:07.969 13564 13564 E ArmVmp : Match on catch block at 0xc3 in for 0xa9
03-29 11:29:07.975 13564 13564 E ArmVmp : Match on catch block at 0xc3 in for 0xa1
03-29 11:29:07.977 13564 13564 E ArmVmp : Match on catch block at 0xc3 in for 0xa5
03-29 11:29:07.980 13564 13564 E ArmVmp : Match on catch block at 0xc3 in for 0xa5
03-29 11:29:07.992 13564 13564 E ArmVmp : Match on catch block at 0xc3 in for 0xa9
03-29 11:29:07.995 13564 13564 E ArmVmp : Match on catch block at 0xc3 in for 0xa1
03-29 11:29:07.998 13564 13564 E ArmVmp : Match on catch block at 0xc3 in for 0xa1
03-29 11:29:08.009 13564 13564 E ArmVmp : Match on catch block at 0xc3 in for 0xa5
03-29 11:29:08.012 13564 13564 E ArmVmp : Match on catch block at 0xc3 in for 0xa9
03-29 11:29:08.015 13564 13564 E ArmVmp : Match on catch block at 0xc3 in for 0xa9
03-29 11:29:08.026 13564 13564 E ArmVmp : Match on catch block at 0xc3 in for 0xa1
03-29 11:29:08.029 13564 13564 E ArmVmp : Match on catch block at 0xc3 in for 0xa5
03-29 11:29:08.031 13564 13564 E ArmVmp : Match on catch block at 0xc3 in for 0xa5
03-29 11:29:08.042 13564 13564 E ArmVmp : Match on catch block at 0xc3 in for 0xa9
03-29 11:29:08.046 13564 13564 E ArmVmp : Match on catch block at 0xc3 in for 0xa1
03-29 11:29:08.048 13564 13564 E ArmVmp : Match on catch block at 0xc3 in for 0xa1
03-29 11:29:08.059 13564 13564 E ArmVmp : Match on catch block at 0xc3 in for 0xa5
03-29 11:29:08.063 13564 13564 E ArmVmp : Match on catch block at 0xc3 in for 0xa9
03-29 11:29:08.065 13564 13564 E ArmVmp : Match on catch block at 0xc3 in for 0xa9
03-29 11:29:08.076 13564 13564 E ArmVmp : Match on catch block at 0xc3 in for 0xa1
03-29 11:29:08.079 13564 13564 E ArmVmp : Match on catch block at 0xc3 in for 0xa5
03-29 11:29:08.081 13564 13564 E ArmVmp : Match on catch block at 0xc3 in for 0xa5
03-29 11:29:08.092 13564 13564 E ArmVmp : Match on catch block at 0xc3 in for 0xa9
03-29 11:29:08.096 13564 13564 E ArmVmp : Match on catch block at 0xc3 in for 0xa1
03-29 11:29:08.098 13564 13564 E ArmVmp : Match on catch block at 0xc3 in for 0xa1
03-29 11:29:08.110 13564 13564 E ArmVmp : Match on catch block at 0xc3 in for 0xa5
03-29 11:29:08.113 13564 13564 E ArmVmp : Match on catch block at 0xc3 in for 0xa9
03-29 11:29:08.115 13564 13564 E ArmVmp : Match on catch block at 0xc3 in for 0xa9
03-29 11:29:08.126 13564 13564 E ArmVmp : Match on catch block at 0xc3 in for 0xa1
03-29 11:29:08.130 13564 13564 E ArmVmp : Match on catch block at 0xc3 in for 0xa5
03-29 11:29:08.132 13564 13564 E ArmVmp : Match on catch block at 0xc3 in for 0xa5
03-29 11:29:08.143 13564 13564 E ArmVmp : Match on catch block at 0xc3 in for 0xa9
03-29 11:29:08.146 13564 13564 E ArmVmp : Match on catch block at 0xc3 in for 0xa1
03-29 11:29:08.148 13564 13564 E ArmVmp : Match on catch block at 0xc3 in for 0xa1
03-29 11:29:08.159 13564 13564 E ArmVmp : Match on catch block at 0xc3 in for 0xa5
03-29 11:29:08.162 13564 13564 E ArmVmp : Match on catch block at 0xc3 in for 0xa9
03-29 11:29:08.164 13564 13564 E ArmVmp : Match on catch block at 0xc3 in for 0xa9
03-29 11:29:08.199 13564 13564 E ArmVmp : Match on catch block at 0xc3 in for 0xa5
03-29 11:29:08.201 13564 13564 E ArmVmp : Match on catch block at 0xc3 in for 0xa9
03-29 11:29:08.228 13564 13564 E ArmVmp : Match on catch block at 0xc3 in for 0xa1
03-29 11:29:08.231 13564 13564 E ArmVmp : Match on catch block at 0xc3 in for 0xa5
03-29 11:29:08.242 13564 13564 E ArmVmp : Match on catch block at 0xc3 in for 0xa1
03-29 11:29:08.245 13564 13564 E ArmVmp : Match on catch block at 0xc3 in for 0xa5
03-29 11:29:08.258 13564 13564 E ArmVmp : Match on catch block at 0xc3 in for 0xa1
03-29 11:29:08.262 13564 13564 E ArmVmp : Match on catch block at 0xc3 in for 0xa5
03-29 11:29:08.275 13564 13564 E ArmVmp : Match on catch block at 0xc3 in for 0xa1
03-29 11:29:08.278 13564 13564 E ArmVmp : Match on catch block at 0xc3 in for 0xa5
03-29 11:29:08.280 13564 13564 E ArmVmp : Match on catch block at 0xc3 in for 0xa5
03-29 11:29:08.292 13564 13564 E ArmVmp : Match on catch block at 0xc3 in for 0xa9
03-29 11:29:08.296 13564 13564 E ArmVmp : Match on catch block at 0xc3 in for 0xa1
03-29 11:29:08.299 13564 13564 E ArmVmp : Match on catch block at 0xc3 in for 0xa1
03-29 11:29:08.309 13564 13564 E ArmVmp : Match on catch block at 0xc3 in for 0xa5
03-29 11:29:08.313 13564 13564 E ArmVmp : Match on catch block at 0xc3 in for 0xa9
03-29 11:29:08.316 13564 13564 E ArmVmp : Match on catch block at 0xc3 in for 0xa9
03-29 11:29:08.325 13564 13564 E ArmVmp : Match on catch block at 0xc3 in for 0xa1
03-29 11:29:08.328 13564 13564 E ArmVmp : Match on catch block at 0xc3 in for 0xa5
03-29 11:29:08.331 13564 13564 E ArmVmp : Match on catch block at 0xc3 in for 0xa5
03-29 11:29:08.342 13564 13564 E ArmVmp : Match on catch block at 0xc3 in for 0xa9
03-29 11:29:08.346 13564 13564 E ArmVmp : Match on catch block at 0xc3 in for 0xa1
03-29 11:29:08.348 13564 13564 E ArmVmp : Match on catch block at 0xc3 in for 0xa1
03-29 11:29:08.358 13564 13564 E ArmVmp : Match on catch block at 0xc3 in for 0xa5
03-29 11:29:08.361 13564 13564 E ArmVmp : Match on catch block at 0xc3 in for 0xa9
03-29 11:29:08.364 13564 13564 E ArmVmp : Match on catch block at 0xc3 in for 0xa9
03-29 11:29:08.375 13564 13564 E ArmVmp : Match on catch block at 0xc3 in for 0xa1
03-29 11:29:08.378 13564 13564 E ArmVmp : Match on catch block at 0xc3 in for 0xa5
03-29 11:29:08.381 13564 13564 E ArmVmp : Match on catch block at 0xc3 in for 0xa5
03-29 11:29:08.393 13564 13564 E ArmVmp : Match on catch block at 0xc3 in for 0xa9
03-29 11:29:08.396 13564 13564 E ArmVmp : Match on catch block at 0xc3 in for 0xa1
03-29 11:29:08.399 13564 13564 E ArmVmp : Match on catch block at 0xc3 in for 0xa1
03-29 11:29:08.408 13564 13564 E ArmVmp : Match on catch block at 0xc3 in for 0xa5
03-29 11:29:08.413 13564 13564 E ArmVmp : Match on catch block at 0xc3 in for 0xa9
03-29 11:29:08.415 13564 13564 E ArmVmp : Match on catch block at 0xc3 in for 0xa9
03-29 11:29:08.435 13564 13564 E ArmVmp : Match on catch block at 0xc3 in for 0xa1
03-29 11:29:08.438 13564 13564 E ArmVmp : Match on catch block at 0xc3 in for 0xa5
03-29 11:29:08.441 13564 13564 E ArmVmp : Match on catch block at 0xc3 in for 0xa5
03-29 11:29:08.447 13564 13564 E ArmVmp : Match on catch block at 0xc3 in for 0xa9
03-29 11:29:08.451 13564 13564 E ArmVmp : Match on catch block at 0xc3 in for 0xa1
03-29 11:29:08.453 13564 13564 E ArmVmp : Match on catch block at 0xc3 in for 0xa1
03-29 11:29:08.727 13564 13564 E ArmVmp : Match on catch block at 0xc3 in for 0xa5
03-29 11:29:08.731 13564 13564 E ArmVmp : Match on catch block at 0xc3 in for 0xa9
03-29 11:29:08.734 13564 13564 E ArmVmp : Match on catch block at 0xc3 in for 0xa9
03-29 11:29:08.764 13564 13564 E ArmVmp : Match on catch block at 0xc3 in for 0xa5
03-29 11:29:08.772 13564 13564 E ArmVmp : Match on catch block at 0xc3 in for 0xa9
03-29 11:29:08.793 13564 13564 E ArmVmp : Match on catch block at 0xc3 in for 0xa9
03-29 11:29:08.796 13564 13564 E ArmVmp : Match on catch block at 0xc3 in for 0xa1
03-29 11:29:08.798 13564 13564 E ArmVmp : Match on catch block at 0xc3 in for 0xa1
03-29 11:29:08.809 13564 13564 E ArmVmp : Match on catch block at 0xc3 in for 0xa5
03-29 11:29:08.812 13564 13564 E ArmVmp : Match on catch block at 0xc3 in for 0xa9
03-29 11:29:08.814 13564 13564 E ArmVmp : Match on catch block at 0xc3 in for 0xa9
03-29 11:29:08.827 13564 13564 E ArmVmp : Match on catch block at 0xc3 in for 0xa1
03-29 11:29:08.831 13564 13564 E ArmVmp : Match on catch block at 0xc3 in for 0xa5
03-29 11:29:08.834 13564 13564 E ArmVmp : Match on catch block at 0xc3 in for 0xa5
03-29 11:29:08.844 13564 13564 E ArmVmp : Match on catch block at 0xc3 in for 0xa9
03-29 11:29:08.848 13564 13564 E ArmVmp : Match on catch block at 0xc3 in for 0xa1
03-29 11:29:08.851 13564 13564 E ArmVmp : Match on catch block at 0xc3 in for 0xa1
03-29 11:29:08.861 13564 13564 E ArmVmp : Match on catch block at 0xc3 in for 0xa5
03-29 11:29:08.865 13564 13564 E ArmVmp : Match on catch block at 0xc3 in for 0xa9
03-29 11:29:08.868 13564 13564 E ArmVmp : Match on catch block at 0xc3 in for 0xa9
03-29 11:29:08.882 13564 13564 E ArmVmp : Match on catch block at 0xc3 in for 0xa1
03-29 11:29:08.886 13564 13564 E ArmVmp : Match on catch block at 0xc3 in for 0xa5
03-29 11:29:08.888 13564 13564 E ArmVmp : Match on catch block at 0xc3 in for 0xa5
03-29 11:29:08.911 13564 13564 E ArmVmp : Match on catch block at 0xc3 in for 0xa9
03-29 11:29:08.915 13564 13564 E ArmVmp : Match on catch block at 0xc3 in for 0xa1
03-29 11:29:08.917 13564 13564 E ArmVmp : Match on catch block at 0xc3 in for 0xa1
03-29 11:29:08.927 13564 13564 E ArmVmp : Match on catch block at 0xc3 in for 0xa5
03-29 11:29:08.930 13564 13564 E ArmVmp : Match on catch block at 0xc3 in for 0xa9
03-29 11:29:08.933 13564 13564 E ArmVmp : Match on catch block at 0xc3 in for 0xa9
03-29 11:29:08.944 13564 13564 E ArmVmp : Match on catch block at 0xc3 in for 0xa1
03-29 11:29:08.949 13564 13564 E ArmVmp : Match on catch block at 0xc3 in for 0xa5
03-29 11:29:08.951 13564 13564 E ArmVmp : Match on catch block at 0xc3 in for 0xa5
03-29 11:29:08.960 13564 13564 E ArmVmp : Match on catch block at 0xc3 in for 0xa9
03-29 11:29:08.964 13564 13564 E ArmVmp : Match on catch block at 0xc3 in for 0xa1
03-29 11:29:08.966 13564 13564 E ArmVmp : Match on catch block at 0xc3 in for 0xa1
03-29 11:29:08.977 13564 13564 E ArmVmp : Match on catch block at 0xc3 in for 0xa5
03-29 11:29:08.981 13564 13564 E ArmVmp : Match on catch block at 0xc3 in for 0xa9
03-29 11:29:08.984 13564 13564 E ArmVmp : Match on catch block at 0xc3 in for 0xa9
03-29 11:29:08.995 13564 13564 E ArmVmp : Match on catch block at 0xc3 in for 0xa1
03-29 11:29:08.998 13564 13564 E ArmVmp : Match on catch block at 0xc3 in for 0xa5
03-29 11:29:09.001 13564 13564 E ArmVmp : Match on catch block at 0xc3 in for 0xa5
03-29 11:29:09.011 13564 13564 E ArmVmp : Match on catch block at 0xc3 in for 0xa9
03-29 11:29:09.014 13564 13564 E ArmVmp : Match on catch block at 0xc3 in for 0xa1
03-29 11:29:09.016 13564 13564 E ArmVmp : Match on catch block at 0xc3 in for 0xa1
03-29 11:29:09.028 13564 13564 E ArmVmp : Match on catch block at 0xc3 in for 0xa5
03-29 11:29:09.031 13564 13564 E ArmVmp : Match on catch block at 0xc3 in for 0xa9
03-29 11:29:09.034 13564 13564 E ArmVmp : Match on catch block at 0xc3 in for 0xa9
03-29 11:29:09.045 13564 13564 E ArmVmp : Match on catch block at 0xc3 in for 0xa1
03-29 11:29:09.049 13564 13564 E ArmVmp : Match on catch block at 0xc3 in for 0xa5
03-29 11:29:09.052 13564 13564 E ArmVmp : Match on catch block at 0xc3 in for 0xa5
03-29 11:29:09.062 13564 13564 E ArmVmp : Match on catch block at 0xc3 in for 0xa9
03-29 11:29:09.067 13564 13564 E ArmVmp : Match on catch block at 0xc3 in for 0xa1
03-29 11:29:09.069 13564 13564 E ArmVmp : Match on catch block at 0xc3 in for 0xa1
03-29 11:29:09.079 13564 13564 E ArmVmp : Match on catch block at 0xc3 in for 0xa5
03-29 11:29:09.083 13564 13564 E ArmVmp : Match on catch block at 0xc3 in for 0xa9
03-29 11:29:09.086 13564 13564 E ArmVmp : Match on catch block at 0xc3 in for 0xa9
03-29 11:29:09.095 13564 13564 E ArmVmp : Match on catch block at 0xc3 in for 0xa1
03-29 11:29:09.099 13564 13564 E ArmVmp : Match on catch block at 0xc3 in for 0xa5
03-29 11:29:09.101 13564 13564 E ArmVmp : Match on catch block at 0xc3 in for 0xa5
03-29 11:29:09.111 13564 13564 E ArmVmp : Match on catch block at 0xc3 in for 0xa9
03-29 11:29:09.115 13564 13564 E ArmVmp : Match on catch block at 0xc3 in for 0xa1
03-29 11:29:09.118 13564 13564 E ArmVmp : Match on catch block at 0xc3 in for 0xa1
03-29 11:29:09.128 13564 13564 E ArmVmp : Match on catch block at 0xc3 in for 0xa5
03-29 11:29:09.131 13564 13564 E ArmVmp : Match on catch block at 0xc3 in for 0xa9
03-29 11:29:09.134 13564 13564 E ArmVmp : Match on catch block at 0xc3 in for 0xa9
03-29 11:29:09.145 13564 13564 E ArmVmp : Match on catch block at 0xc3 in for 0xa1
03-29 11:29:09.149 13564 13564 E ArmVmp : Match on catch block at 0xc3 in for 0xa5
03-29 11:29:09.152 13564 13564 E ArmVmp : Match on catch block at 0xc3 in for 0xa5
03-29 11:29:09.161 13564 13564 E ArmVmp : Match on catch block at 0xc3 in for 0xa9
03-29 11:29:09.165 13564 13564 E ArmVmp : Match on catch block at 0xc3 in for 0xa1
03-29 11:29:09.168 13564 13564 E ArmVmp : Match on catch block at 0xc3 in for 0xa1
03-29 11:29:09.178 13564 13564 E ArmVmp : Match on catch block at 0xc3 in for 0xa5
03-29 11:29:09.183 13564 13564 E ArmVmp : Match on catch block at 0xc3 in for 0xa9
03-29 11:29:09.186 13564 13564 E ArmVmp : Match on catch block at 0xc3 in for 0xa9
03-29 11:29:09.195 13564 13564 E ArmVmp : Match on catch block at 0xc3 in for 0xa1
03-29 11:29:09.198 13564 13564 E ArmVmp : Match on catch block at 0xc3 in for 0xa5
03-29 11:29:09.201 13564 13564 E ArmVmp : Match on catch block at 0xc3 in for 0xa5
03-29 11:29:09.211 13564 13564 E ArmVmp : Match on catch block at 0xc3 in for 0xa9
03-29 11:29:09.215 13564 13564 E ArmVmp : Match on catch block at 0xc3 in for 0xa1
03-29 11:29:09.217 13564 13564 E ArmVmp : Match on catch block at 0xc3 in for 0xa1
03-29 11:29:09.280 13564 13564 E ArmVmp : Match on catch block at 0xc3 in for 0xa5
03-29 11:29:09.285 13564 13564 E ArmVmp : Match on catch block at 0xc3 in for 0xa9
03-29 11:29:09.289 13564 13564 E ArmVmp : Match on catch block at 0xc3 in for 0xa9
03-29 11:29:09.495 13564 13564 E ArmVmp : Match on catch block at 0xc3 in for 0xa1
03-29 11:29:09.499 13564 13564 E ArmVmp : Match on catch block at 0xc3 in for 0xa5
03-29 11:29:09.502 13564 13564 E ArmVmp : Match on catch block at 0xc3 in for 0xa5
03-29 11:29:09.612 13564 13564 E ArmVmp : Match on catch block at 0xc3 in for 0xa9
03-29 11:29:09.616 13564 13564 E ArmVmp : Match on catch block at 0xc3 in for 0xa1
03-29 11:29:09.620 13564 13564 E ArmVmp : Match on catch block at 0xc3 in for 0xa1
03-29 11:29:09.713 13564 13564 E ArmVmp : Match on catch block at 0xc3 in for 0xa5
03-29 11:29:09.718 13564 13564 E ArmVmp : Match on catch block at 0xc3 in for 0xa9
03-29 11:29:09.721 13564 13564 E ArmVmp : Match on catch block at 0xc3 in for 0xa9
03-29 11:29:10.014 13564 13564 E ArmVmp : Match on catch block at 0xc3 in for 0xa1
03-29 11:29:10.020 13564 13564 E ArmVmp : Match on catch block at 0xc3 in for 0xa5
03-29 11:29:10.023 13564 13564 E ArmVmp : Match on catch block at 0xc3 in for 0xa5
03-29 11:29:10.516 13564 13564 E ArmVmp : Match on catch block at 0xc3 in for 0xa9
03-29 11:29:10.521 13564 13564 E ArmVmp : Match on catch block at 0xc3 in for 0xa1
03-29 11:29:10.527 13564 13564 E ArmVmp : Match on catch block at 0xc3 in for 0xa1
03-29 11:29:10.547 13564 13564 E ArmVmp : Match on catch block at 0xc3 in for 0xa5
03-29 11:29:10.551 13564 13564 E ArmVmp : Match on catch block at 0xc3 in for 0xa9
03-29 11:29:10.554 13564 13564 E ArmVmp : Match on catch block at 0xc3 in for 0xa9
03-29 11:29:10.749 13564 13564 E ArmVmp : Match on catch block at 0xc3 in for 0xa1
03-29 11:29:10.755 13564 13564 E ArmVmp : Match on catch block at 0xc3 in for 0xa5
03-29 11:29:10.758 13564 13564 E ArmVmp : Match on catch block at 0xc3 in for 0xa5
03-29 11:29:11.259 13564 13564 E ArmVmp : Match on catch block at 0xc3 in for 0xa5
03-29 11:29:11.270 13564 13564 E ArmVmp : Match on catch block at 0xc3 in for 0xa9
03-29 11:29:11.274 13564 13564 E ArmVmp : Match on catch block at 0xc3 in for 0xa9
03-29 11:29:11.303 13564 13564 E ArmVmp : Match on catch block at 0xc3 in for 0xa5
03-29 11:29:11.307 13564 13564 E ArmVmp : Match on catch block at 0xc3 in for 0xa9
03-29 11:29:11.311 13564 13564 E ArmVmp : Match on catch block at 0xc3 in for 0xa9
03-29 11:29:11.351 13564 13564 E ArmVmp : Match on catch block at 0xc3 in for 0xa9
03-29 11:29:11.355 13564 13564 E ArmVmp : Match on catch block at 0xc3 in for 0xa1
03-29 11:29:11.357 13564 13564 E ArmVmp : Match on catch block at 0xc3 in for 0xa1
03-29 11:29:11.378 13564 13564 E ArmVmp : Match on catch block at 0xc3 in for 0xa5
03-29 11:29:11.383 13564 13564 E ArmVmp : Match on catch block at 0xc3 in for 0xa9
03-29 11:29:11.399 13564 13564 E ArmVmp : Match on catch block at 0xc3 in for 0xa5
03-29 11:29:11.402 13564 13564 E ArmVmp : Match on catch block at 0xc3 in for 0xa9
03-29 11:29:11.415 13564 13564 E ArmVmp : Match on catch block at 0xc3 in for 0xa5
03-29 11:29:11.418 13564 13564 E ArmVmp : Match on catch block at 0xc3 in for 0xa9
03-29 11:29:11.478 13564 13564 E ArmVmp : Match on catch block at 0xc3 in for 0xa9
03-29 11:29:11.481 13564 13564 E ArmVmp : Match on catch block at 0xc3 in for 0xa1
03-29 11:29:11.505 13564 13564 E ArmVmp : Match on catch block at 0xc3 in for 0xa1
03-29 11:29:11.509 13564 13564 E ArmVmp : Match on catch block at 0xc3 in for 0xa5
03-29 11:29:11.526 13564 13564 E ArmVmp : Match on catch block at 0xc3 in for 0xa1
03-29 11:29:11.530 13564 13564 E ArmVmp : Match on catch block at 0xc3 in for 0xa5
03-29 11:29:11.534 13564 13564 E ArmVmp : Match on catch block at 0xc3 in for 0xa1
03-29 11:29:11.537 13564 13564 E ArmVmp : Match on catch block at 0xc3 in for 0xa5
03-29 11:29:11.853 13564 13564 E ArmVmp : Match on catch block at 0xc3 in for 0xa1
03-29 11:29:11.858 13564 13564 E ArmVmp : Match on catch block at 0xc3 in for 0xa5
03-29 11:29:12.361 13564 13564 E ArmVmp : Match on catch block at 0xc3 in for 0xa1
03-29 11:29:12.381 13564 13564 E ArmVmp : Match on catch block at 0xc3 in for 0xa5
03-29 11:29:12.572 13564 13564 E ArmVmp : Match on catch block at 0xc3 in for 0xa9
03-29 11:29:12.575 13564 13564 E ArmVmp : Match on catch block at 0xc3 in for 0xa1
03-29 11:29:12.588 13564 13652 W MediaPlayer: Use of stream types is deprecated for operations other than volume control
03-29 11:29:12.588 13564 13652 W MediaPlayer: See the documentation of setAudioStreamType() for what to use instead with android.media.AudioAttributes to qualify your playback use case
03-29 11:29:12.606 13564 13564 E ArmVmp : Match on catch block at 0xc3 in for 0xa5
03-29 11:29:12.610 13564 13564 E ArmVmp : Match on catch block at 0xc3 in for 0xa9
03-29 11:29:12.852 13564 13564 E ArmVmp : Match on catch block at 0xc3 in for 0xa5
03-29 11:29:12.854 13564 13564 E ArmVmp : Match on catch block at 0xc3 in for 0xa9
03-29 11:29:13.366 13564 13564 E ArmVmp : Match on catch block at 0xc3 in for 0xa1
03-29 11:29:13.384 13564 13564 E ArmVmp : Match on catch block at 0xc3 in for 0xa5
03-29 11:29:13.863 13564 13564 E ArmVmp : Match on catch block at 0xc3 in for 0xa1
03-29 11:29:13.872 13564 13564 E ArmVmp : Match on catch block at 0xc3 in for 0xa5
03-29 11:29:14.266 13564 13564 E ArmVmp : Match on catch block at 0xc3 in for 0xa1
03-29 11:29:14.271 13564 13564 E ArmVmp : Match on catch block at 0xc3 in for 0xa5
03-29 11:29:14.280 13564 13564 E ArmVmp : Match on catch block at 0xc3 in for 0xa1
03-29 11:29:14.284 13564 13564 E ArmVmp : Match on catch block at 0xc3 in for 0xa5
03-29 11:29:14.331 13564 13564 E ArmVmp : Match on catch block at 0xc3 in for 0xa9
03-29 11:29:14.337 13564 13564 E ArmVmp : Match on catch block at 0xc3 in for 0xa1
03-29 11:29:14.356 13564 13564 E ArmVmp : Match on catch block at 0xc3 in for 0xa5
03-29 11:29:14.359 13564 13564 E ArmVmp : Match on catch block at 0xc3 in for 0xa9
03-29 11:29:14.462 13564 13564 E ArmVmp : Match on catch block at 0xc3 in for 0xa1
03-29 11:29:14.465 13564 13564 E ArmVmp : Match on catch block at 0xc3 in for 0xa5
03-29 11:29:14.692 13564 13564 E ArmVmp : Match on catch block at 0xc3 in for 0xa1
03-29 11:29:14.696 13564 13564 E ArmVmp : Match on catch block at 0xc3 in for 0xa5
03-29 11:29:22.934 13564 13578 W System : A resource failed to call release.
03-29 11:29:22.936 13564 13578 W System : A resource failed to call release.
03-29 11:29:28.246 13564 13576 W com.mbwhatsapp: Suspending all threads took: 5.583ms
03-29 11:29:53.135 13564 13564 E Parcel : Reading a NULL string not supported here.
03-29 11:29:53.221 13564 20340 E libEGL : Invalid file path for libcolorx- loader.so
03-29 11:29:54.769 13564 13564 E Parcel : Reading a NULL string not supported here.
03-29 11:29:54.807 13564 20374 E libEGL : Invalid file path for libcolorx- loader.so
03-29 11:29:56.708 13564 13564 E Parcel : Reading a NULL string not supported here.
03-29 11:29:56.765 13564 20383 E libEGL : Invalid file path for libcolorx- loader.so
03-29 11:29:56.966 13564 13564 E ArmVmp : Match on catch block at 0x0a in for 0xc9
03-29 11:29:56.969 13564 13564 E ArmVmp : Match on catch block at 0x0a in for 0xc5
03-29 11:29:57.204 13564 13564 E ArmVmp : Match on catch block at 0xc3 in for 0xb5
03-29 11:29:57.207 13564 13564 E ArmVmp : Match on catch block at 0xc3 in for 0xb5
03-29 11:29:57.258 13564 13564 E ArmVmp : Match on catch block at 0xc3 in for 0xa5
03-29 11:29:57.260 13564 13564 E ArmVmp : Match on catch block at 0xc3 in for 0xa9
03-29 11:29:57.283 13564 13564 E ArmVmp : Match on catch block at 0xc3 in for 0xa1
03-29 11:29:57.285 13564 13564 E ArmVmp : Match on catch block at 0xc3 in for 0xa5
03-29 11:29:57.316 13564 13564 E ArmVmp : Match on catch block at 0xc3 in for 0xa9
03-29 11:29:57.318 13564 13564 E ArmVmp : Match on catch block at 0xc3 in for 0xa1
03-29 11:29:57.824 13564 13564 E ArmVmp : Match on catch block at 0xc3 in for 0xa1
03-29 11:29:57.834 13564 13564 E ArmVmp : Match on catch block at 0xc3 in for 0xa5
03-29 11:29:58.327 13564 13564 E ArmVmp : Match on catch block at 0xc3 in for 0xa5
03-29 11:29:58.344 13564 13564 E ArmVmp : Match on catch block at 0xc3 in for 0xa9
03-29 11:29:58.828 13564 13564 E ArmVmp : Match on catch block at 0xc3 in for 0xa1
03-29 11:29:58.836 13564 13564 E ArmVmp : Match on catch block at 0xc3 in for 0xa5
03-29 11:29:58.854 13564 13564 E ArmVmp : Match on catch block at 0xc3 in for 0xa5
03-29 11:29:58.861 13564 13564 E ArmVmp : Match on catch block at 0xc3 in for 0xa9
03-29 11:29:58.886 13564 13564 E ArmVmp : Match on catch block at 0xc3 in for 0xa9
03-29 11:29:58.891 13564 13564 E ArmVmp : Match on catch block at 0xc3 in for 0xa1
03-29 11:29:58.902 13564 13564 E ArmVmp : Match on catch block at 0xc3 in for 0xa1
03-29 11:29:58.905 13564 13564 E ArmVmp : Match on catch block at 0xc3 in for 0xa5
03-29 11:29:58.918 13564 13564 E ArmVmp : Match on catch block at 0xc3 in for 0xa5
03-29 11:29:58.923 13564 13564 E ArmVmp : Match on catch block at 0xc3 in for 0xa9
03-29 11:29:58.935 13564 13564 E ArmVmp : Match on catch block at 0xc3 in for 0xa9
03-29 11:29:58.938 13564 13564 E ArmVmp : Match on catch block at 0xc3 in for 0xa1
03-29 11:29:58.952 13564 13564 E ArmVmp : Match on catch block at 0xc3 in for 0xa1
03-29 11:29:58.955 13564 13564 E ArmVmp : Match on catch block at 0xc3 in for 0xa5
03-29 11:29:58.969 13564 13564 E ArmVmp : Match on catch block at 0xc3 in for 0xa5
03-29 11:29:58.973 13564 13564 E ArmVmp : Match on catch block at 0xc3 in for 0xa9
03-29 11:29:58.986 13564 13564 E ArmVmp : Match on catch block at 0xc3 in for 0xa9
03-29 11:29:58.990 13564 13564 E ArmVmp : Match on catch block at 0xc3 in for 0xa1
03-29 11:29:59.002 13564 13564 E ArmVmp : Match on catch block at 0xc3 in for 0xa1
03-29 11:29:59.006 13564 13564 E ArmVmp : Match on catch block at 0xc3 in for 0xa5
03-29 11:29:59.019 13564 13564 E ArmVmp : Match on catch block at 0xc3 in for 0xa5
03-29 11:29:59.024 13564 13564 E ArmVmp : Match on catch block at 0xc3 in for 0xa9
03-29 11:29:59.036 13564 13564 E ArmVmp : Match on catch block at 0xc3 in for 0xa9
03-29 11:29:59.040 13564 13564 E ArmVmp : Match on catch block at 0xc3 in for 0xa1
03-29 11:29:59.052 13564 13564 E ArmVmp : Match on catch block at 0xc3 in for 0xa1
03-29 11:29:59.055 13564 13564 E ArmVmp : Match on catch block at 0xc3 in for 0xa5
03-29 11:29:59.069 13564 13564 E ArmVmp : Match on catch block at 0xc3 in for 0xa5
03-29 11:29:59.073 13564 13564 E ArmVmp : Match on catch block at 0xc3 in for 0xa9
03-29 11:29:59.086 13564 13564 E ArmVmp : Match on catch block at 0xc3 in for 0xa9
03-29 11:29:59.090 13564 13564 E ArmVmp : Match on catch block at 0xc3 in for 0xa1
03-29 11:29:59.103 13564 13564 E ArmVmp : Match on catch block at 0xc3 in for 0xa1
03-29 11:29:59.107 13564 13564 E ArmVmp : Match on catch block at 0xc3 in for 0xa5
03-29 11:29:59.119 13564 13564 E ArmVmp : Match on catch block at 0xc3 in for 0xa5
03-29 11:29:59.123 13564 13564 E ArmVmp : Match on catch block at 0xc3 in for 0xa9
03-29 11:29:59.135 13564 13564 E ArmVmp : Match on catch block at 0xc3 in for 0xa9
03-29 11:29:59.139 13564 13564 E ArmVmp : Match on catch block at 0xc3 in for 0xa1
03-29 11:29:59.152 13564 13564 E ArmVmp : Match on catch block at 0xc3 in for 0xa1
03-29 11:29:59.155 13564 13564 E ArmVmp : Match on catch block at 0xc3 in for 0xa5
03-29 11:29:59.169 13564 13564 E ArmVmp : Match on catch block at 0xc3 in for 0xa5
03-29 11:29:59.172 13564 13564 E ArmVmp : Match on catch block at 0xc3 in for 0xa9
03-29 11:29:59.187 13564 13564 E ArmVmp : Match on catch block at 0xc3 in for 0xa9
03-29 11:29:59.191 13564 13564 E ArmVmp : Match on catch block at 0xc3 in for 0xa1
03-29 11:29:59.203 13564 13564 E ArmVmp : Match on catch block at 0xc3 in for 0xa1
03-29 11:29:59.207 13564 13564 E ArmVmp : Match on catch block at 0xc3 in for 0xa5
03-29 11:29:59.219 13564 13564 E ArmVmp : Match on catch block at 0xc3 in for 0xa5
03-29 11:29:59.224 13564 13564 E ArmVmp : Match on catch block at 0xc3 in for 0xa9
03-29 11:29:59.237 13564 13564 E ArmVmp : Match on catch block at 0xc3 in for 0xa9
03-29 11:29:59.241 13564 13564 E ArmVmp : Match on catch block at 0xc3 in for 0xa1
03-29 11:29:59.253 13564 13564 E ArmVmp : Match on catch block at 0xc3 in for 0xa1
03-29 11:29:59.257 13564 13564 E ArmVmp : Match on catch block at 0xc3 in for 0xa5
03-29 11:29:59.270 13564 13564 E ArmVmp : Match on catch block at 0xc3 in for 0xa5
03-29 11:29:59.274 13564 13564 E ArmVmp : Match on catch block at 0xc3 in for 0xa9
03-29 11:29:59.287 13564 13564 E ArmVmp : Match on catch block at 0xc3 in for 0xa9
03-29 11:29:59.291 13564 13564 E ArmVmp : Match on catch block at 0xc3 in for 0xa1
03-29 11:29:59.303 13564 13564 E ArmVmp : Match on catch block at 0xc3 in for 0xa1
03-29 11:29:59.308 13564 13564 E ArmVmp : Match on catch block at 0xc3 in for 0xa5
03-29 11:29:59.320 13564 13564 E ArmVmp : Match on catch block at 0xc3 in for 0xa5
03-29 11:29:59.324 13564 13564 E ArmVmp : Match on catch block at 0xc3 in for 0xa9
03-29 11:29:59.336 13564 13564 E ArmVmp : Match on catch block at 0xc3 in for 0xa9
03-29 11:29:59.340 13564 13564 E ArmVmp : Match on catch block at 0xc3 in for 0xa1
03-29 11:29:59.355 13564 13564 E ArmVmp : Match on catch block at 0xc3 in for 0xa1
03-29 11:29:59.359 13564 13564 E ArmVmp : Match on catch block at 0xc3 in for 0xa5
03-29 11:29:59.370 13564 13564 E ArmVmp : Match on catch block at 0xc3 in for 0xa5
03-29 11:29:59.374 13564 13564 E ArmVmp : Match on catch block at 0xc3 in for 0xa9
03-29 11:29:59.387 13564 13564 E ArmVmp : Match on catch block at 0xc3 in for 0xa9
03-29 11:29:59.391 13564 13564 E ArmVmp : Match on catch block at 0xc3 in for 0xa1
03-29 11:29:59.404 13564 13564 E ArmVmp : Match on catch block at 0xc3 in for 0xa9
03-29 11:29:59.408 13564 13564 E ArmVmp : Match on catch block at 0xc3 in for 0xa1
03-29 11:29:59.421 13564 13564 E ArmVmp : Match on catch block at 0xc3 in for 0xa1
03-29 11:29:59.424 13564 13564 E ArmVmp : Match on catch block at 0xc3 in for 0xa5
03-29 11:29:59.437 13564 13564 E ArmVmp : Match on catch block at 0xc3 in for 0xa5
03-29 11:29:59.441 13564 13564 E ArmVmp : Match on catch block at 0xc3 in for 0xa9
03-29 11:29:59.454 13564 13564 E ArmVmp : Match on catch block at 0xc3 in for 0xa9
03-29 11:29:59.457 13564 13564 E ArmVmp : Match on catch block at 0xc3 in for 0xa1
03-29 11:29:59.471 13564 13564 E ArmVmp : Match on catch block at 0xc3 in for 0xa1
03-29 11:29:59.475 13564 13564 E ArmVmp : Match on catch block at 0xc3 in for 0xa5
03-29 11:29:59.489 13564 13564 E ArmVmp : Match on catch block at 0xc3 in for 0xa5
03-29 11:29:59.493 13564 13564 E ArmVmp : Match on catch block at 0xc3 in for 0xa9
03-29 11:29:59.505 13564 13564 E ArmVmp : Match on catch block at 0xc3 in for 0xa9
03-29 11:29:59.509 13564 13564 E ArmVmp : Match on catch block at 0xc3 in for 0xa1
03-29 11:29:59.522 13564 13564 E ArmVmp : Match on catch block at 0xc3 in for 0xa1
03-29 11:29:59.527 13564 13564 E ArmVmp : Match on catch block at 0xc3 in for 0xa5
03-29 11:29:59.539 13564 13564 E ArmVmp : Match on catch block at 0xc3 in for 0xa5
03-29 11:29:59.543 13564 13564 E ArmVmp : Match on catch block at 0xc3 in for 0xa9
03-29 11:29:59.556 13564 13564 E ArmVmp : Match on catch block at 0xc3 in for 0xa1
03-29 11:29:59.560 13564 13564 E ArmVmp : Match on catch block at 0xc3 in for 0xa5
03-29 11:29:59.591 13564 13564 E ArmVmp : Match on catch block at 0xc3 in for 0xa5
03-29 11:29:59.594 13564 13564 E ArmVmp : Match on catch block at 0xc3 in for 0xa9
03-29 11:29:59.600 13564 13564 E ArmVmp : Match on catch block at 0xc3 in for 0xa9
03-29 11:29:59.603 13564 13564 E ArmVmp : Match on catch block at 0xc3 in for 0xa1
03-29 11:29:59.609 13564 13564 E ArmVmp : Match on catch block at 0xc3 in for 0xa1
03-29 11:29:59.613 13564 13564 E ArmVmp : Match on catch block at 0xc3 in for 0xa5
03-29 11:29:59.623 13564 13564 E ArmVmp : Match on catch block at 0xc3 in for 0xa1
03-29 11:29:59.627 13564 13564 E ArmVmp : Match on catch block at 0xc3 in for 0xa5
03-29 11:29:59.637 13564 13564 E ArmVmp : Match on catch block at 0xc3 in for 0xa5
03-29 11:29:59.640 13564 13564 E ArmVmp : Match on catch block at 0xc3 in for 0xa9
03-29 11:29:59.674 13564 13564 E ArmVmp : Match on catch block at 0xc3 in for 0xa9
03-29 11:29:59.677 13564 13564 E ArmVmp : Match on catch block at 0xc3 in for 0xa1
03-29 11:29:59.683 13564 13564 E ArmVmp : Match on catch block at 0xc3 in for 0xa1
03-29 11:29:59.687 13564 13564 E ArmVmp : Match on catch block at 0xc3 in for 0xa5
03-29 11:29:59.694 13564 13564 E ArmVmp : Match on catch block at 0xc3 in for 0xa5
03-29 11:29:59.698 13564 13564 E ArmVmp : Match on catch block at 0xc3 in for 0xa9
03-29 11:29:59.704 13564 13564 E ArmVmp : Match on catch block at 0xc3 in for 0xa9
03-29 11:29:59.708 13564 13564 E ArmVmp : Match on catch block at 0xc3 in for 0xa1
03-29 11:29:59.722 13564 13564 E ArmVmp : Match on catch block at 0xc3 in for 0xa1
03-29 11:29:59.725 13564 13564 E ArmVmp : Match on catch block at 0xc3 in for 0xa5
03-29 11:29:59.738 13564 13564 E ArmVmp : Match on catch block at 0xc3 in for 0xa5
03-29 11:29:59.741 13564 13564 E ArmVmp : Match on catch block at 0xc3 in for 0xa9
03-29 11:29:59.755 13564 13564 E ArmVmp : Match on catch block at 0xc3 in for 0xa9
03-29 11:29:59.758 13564 13564 E ArmVmp : Match on catch block at 0xc3 in for 0xa1
03-29 11:29:59.772 13564 13564 E ArmVmp : Match on catch block at 0xc3 in for 0xa1
03-29 11:29:59.775 13564 13564 E ArmVmp : Match on catch block at 0xc3 in for 0xa5
03-29 11:29:59.788 13564 13564 E ArmVmp : Match on catch block at 0xc3 in for 0xa5
03-29 11:29:59.791 13564 13564 E ArmVmp : Match on catch block at 0xc3 in for 0xa9
03-29 11:29:59.805 13564 13564 E ArmVmp : Match on catch block at 0xc3 in for 0xa9
03-29 11:29:59.809 13564 13564 E ArmVmp : Match on catch block at 0xc3 in for 0xa1
03-29 11:29:59.822 13564 13564 E ArmVmp : Match on catch block at 0xc3 in for 0xa1
03-29 11:29:59.825 13564 13564 E ArmVmp : Match on catch block at 0xc3 in for 0xa5
03-29 11:29:59.839 13564 13564 E ArmVmp : Match on catch block at 0xc3 in for 0xa5
03-29 11:29:59.843 13564 13564 E ArmVmp : Match on catch block at 0xc3 in for 0xa9
03-29 11:29:59.855 13564 13564 E ArmVmp : Match on catch block at 0xc3 in for 0xa9
03-29 11:29:59.858 13564 13564 E ArmVmp : Match on catch block at 0xc3 in for 0xa1
03-29 11:29:59.872 13564 13564 E ArmVmp : Match on catch block at 0xc3 in for 0xa1
03-29 11:29:59.876 13564 13564 E ArmVmp : Match on catch block at 0xc3 in for 0xa5
03-29 11:29:59.888 13564 13564 E ArmVmp : Match on catch block at 0xc3 in for 0xa5
03-29 11:29:59.891 13564 13564 E ArmVmp : Match on catch block at 0xc3 in for 0xa9
03-29 11:29:59.955 13564 13564 E ArmVmp : Match on catch block at 0xc3 in for 0xa1
03-29 11:29:59.959 13564 13564 E ArmVmp : Match on catch block at 0xc3 in for 0xa5
03-29 11:30:00.363 13564 13564 E ArmVmp : Match on catch block at 0xc3 in for 0xa1
03-29 11:30:00.389 13564 13564 E ArmVmp : Match on catch block at 0xc3 in for 0xa5
03-29 11:30:00.406 13564 13564 E ArmVmp : Match on catch block at 0xc3 in for 0xa5
03-29 11:30:00.411 13564 13564 E ArmVmp : Match on catch block at 0xc3 in for 0xa9
03-29 11:30:00.422 13564 13564 E ArmVmp : Match on catch block at 0xc3 in for 0xa9
03-29 11:30:00.427 13564 13564 E ArmVmp : Match on catch block at 0xc3 in for 0xa1
03-29 11:30:00.439 13564 13564 E ArmVmp : Match on catch block at 0xc3 in for 0xa1
03-29 11:30:00.443 13564 13564 E ArmVmp : Match on catch block at 0xc3 in for 0xa5
03-29 11:30:00.456 13564 13564 E ArmVmp : Match on catch block at 0xc3 in for 0xa5
03-29 11:30:00.461 13564 13564 E ArmVmp : Match on catch block at 0xc3 in for 0xa9
03-29 11:30:00.473 13564 13564 E ArmVmp : Match on catch block at 0xc3 in for 0xa9
03-29 11:30:00.478 13564 13564 E ArmVmp : Match on catch block at 0xc3 in for 0xa1
03-29 11:30:00.489 13564 13564 E ArmVmp : Match on catch block at 0xc3 in for 0xa1
03-29 11:30:00.493 13564 13564 E ArmVmp : Match on catch block at 0xc3 in for 0xa5
03-29 11:30:00.506 13564 13564 E ArmVmp : Match on catch block at 0xc3 in for 0xa5
03-29 11:30:00.511 13564 13564 E ArmVmp : Match on catch block at 0xc3 in for 0xa9
03-29 11:30:00.522 13564 13564 E ArmVmp : Match on catch block at 0xc3 in for 0xa9
03-29 11:30:00.527 13564 13564 E ArmVmp : Match on catch block at 0xc3 in for 0xa1
03-29 11:30:00.540 13564 13564 E ArmVmp : Match on catch block at 0xc3 in for 0xa1
03-29 11:30:00.545 13564 13564 E ArmVmp : Match on catch block at 0xc3 in for 0xa5
03-29 11:30:00.556 13564 13564 E ArmVmp : Match on catch block at 0xc3 in for 0xa5
03-29 11:30:00.561 13564 13564 E ArmVmp : Match on catch block at 0xc3 in for 0xa9
03-29 11:30:00.573 13564 13564 E ArmVmp : Match on catch block at 0xc3 in for 0xa9
03-29 11:30:00.577 13564 13564 E ArmVmp : Match on catch block at 0xc3 in for 0xa1
03-29 11:30:00.590 13564 13564 E ArmVmp : Match on catch block at 0xc3 in for 0xa1
03-29 11:30:00.594 13564 13564 E ArmVmp : Match on catch block at 0xc3 in for 0xa5
03-29 11:30:00.606 13564 13564 E ArmVmp : Match on catch block at 0xc3 in for 0xa5
03-29 11:30:00.611 13564 13564 E ArmVmp : Match on catch block at 0xc3 in for 0xa9
03-29 11:30:00.623 13564 13564 E ArmVmp : Match on catch block at 0xc3 in for 0xa9
03-29 11:30:00.628 13564 13564 E ArmVmp : Match on catch block at 0xc3 in for 0xa1
03-29 11:30:00.906 13564 13564 E ArmVmp : Match on catch block at 0xc3 in for 0xa1
03-29 11:30:00.919 13564 13564 E ArmVmp : Match on catch block at 0xc3 in for 0xa5
03-29 11:30:01.056 13564 13564 E ArmVmp : Match on catch block at 0xc3 in for 0xa5
03-29 11:30:01.062 13564 13564 E ArmVmp : Match on catch block at 0xc3 in for 0xa9
03-29 11:30:01.457 13564 13564 E ArmVmp : Match on catch block at 0xc3 in for 0xa9
03-29 11:30:01.463 13564 13564 E ArmVmp : Match on catch block at 0xc3 in for 0xa1 --------- beginning of main
03-29 11:40:03.250 31001 31001 E com.mbwhatsapp: Unknown bits set in runtime_flags: 0x40000000
03-29 11:40:03.257 31001 31001 E com.mbwhatsapp: Not starting debugger since process cannot load the jdwp agent.
03-29 11:40:03.268 31001 31001 E RefClass: java.lang.reflect.InvocationTargetException
03-29 11:40:03.367 31001 31001 E Perf : perftest packageName : com.mbwhatsapp App is allowed to use Hide APIs
03-29 11:40:03.455 31001 31001 W System.err: java.lang.ClassNotFoundException: mbmodsd.mbmodsw.ui.views.btn.BtnBK
03-29 11:40:03.456 31001 31001 W System.err: at java.lang.Runtime.nativeLoad(Native Method)
03-29 11:40:03.456 31001 31001 W System.err: at java.lang.Runtime.nativeLoad(Runtime.java:1131)
03-29 11:40:03.456 31001 31001 W System.err: at java.lang.Runtime.loadLibrary0(Runtime.java:1085)
03-29 11:40:03.456 31001 31001 W System.err: at java.lang.Runtime.loadLibrary0(Runtime.java:1008)
03-29 11:40:03.456 31001 31001 W System.err: at java.lang.System.loadLibrary(System.java:1664)
03-29 11:40:03.456 31001 31001 W System.err: at arm.EpicVm.<clinit>(Unknown Source:2)
03-29 11:40:03.456 31001 31001 W System.err: at java.lang.Class.newInstance(Native Method)
03-29 11:40:03.456 31001 31001 W System.err: at android.app.AppComponentFactory.instantiateApplication(AppComponentFactory.java:76)
03-29 11:40:03.456 31001 31001 W System.err: at androidx.core.app.CoreComponentFactory.instantiateApplication(Unknown Source:0)
03-29 11:40:03.456 31001 31001 W System.err: at android.app.Instrumentation.newApplication(Instrumentation.java:1159)
03-29 11:40:03.456 31001 31001 W System.err: at android.app.LoadedApk.makeApplication(LoadedApk.java:1316)
03-29 11:40:03.456 31001 31001 W System.err: at android.app.ActivityThread.handleBindApplication(ActivityThread.java:7227)
03-29 11:40:03.456 31001 31001 W System.err: at android.app.ActivityThread.access$1600(ActivityThread.java:293)
03-29 11:40:03.456 31001 31001 W System.err: at android.app.ActivityThread$H.handleMessage(ActivityThread.java:2151)
03-29 11:40:03.456 31001 31001 W System.err: at android.os.Handler.dispatchMessage(Handler.java:106)
03-29 11:40:03.456 31001 31001 W System.err: at android.os.Looper.loop(Looper.java:263)
03-29 11:40:03.457 31001 31001 W System.err: at android.app.ActivityThread.main(ActivityThread.java:8292)
03-29 11:40:03.457 31001 31001 W System.err: at java.lang.reflect.Method.invoke(Native Method)
03-29 11:40:03.457 31001 31001 W System.err: at com.android.internal.os.RuntimeInit$MethodAndArgsCaller.run(RuntimeInit.java:612)
03-29 11:40:03.457 31001 31001 W System.err: at com.android.internal.os.ZygoteInit.main(ZygoteInit.java:1006)
03-29 11:40:03.575 31001 31001 E CustomActivityOnCrash: IMPORTANT WARNING! You already have an UncaughtExceptionHandler, are you sure this is correct? If you use a custom UncaughtExceptionHandler, you must initialize it AFTER CustomActivityOnCrash! Installing anyway, but your original handler will not be called.
03-29 11:40:03.932 31001 31001 W com.mbwhatsapp: Accessing hidden method Lcom/android/org/conscrypt/OpenSSLSocketImpl;->setUseSessionTickets(Z)V (greylist- max-q,test-api, reflection, denied)
03-29 11:40:03.932 31001 31001 W com.mbwhatsapp: Accessing hidden method Lcom/android/org/conscrypt/AbstractConscryptSocket;->setUseSessionTickets(Z)V (greylist-max-q, reflection, denied)
03-29 11:40:03.999 31001 31001 W linker : Warning: "/data/data/com.mbwhatsapp/files/decompressed/libs.spk.zst/libc++_shared.so" unused DT entry: unknown processor-specific (type 0x70000001 arg 0x0) (ignoring)
03-29 11:40:03.994 31001 31001 W com.mbwhatsapp: type=1400 audit(0.0:1331699): avc: granted { execute } for path="/data/data/com.mbwhatsapp/files/decompressed/libs.spk.zst/libc++_shared.so" dev="sda10" ino=6828526 scontext=u:r:untrusted_app:s0:c223,c257,c512,c768 tcontext=u:object_r:app_data_file:s0:c223,c257,c512,c768 tclass=file app=com.mbwhatsapp
03-29 11:40:03.994 31001 31001 W com.mbwhatsapp: type=1400 audit(0.0:1331700): avc: granted { execute } for path="/data/data/com.mbwhatsapp/files/decompressed/libs.spk.zst/libvlc.so" dev="sda10" ino=6828519 scontext=u:r:untrusted_app:s0:c223,c257,c512,c768 tcontext=u:object_r:app_data_file:s0:c223,c257,c512,c768 tclass=file app=com.mbwhatsapp
03-29 11:40:04.006 31001 31001 W com.mbwhatsapp: type=1400 audit(0.0:1331701): avc: granted { execute } for path="/data/data/com.mbwhatsapp/files/decompressed/libs.spk.zst/libwhatsapp.so" dev="sda10" ino=6828520 scontext=u:r:untrusted_app:s0:c223,c257,c512,c768 tcontext=u:object_r:app_data_file:s0:c223,c257,c512,c768 tclass=file app=com.mbwhatsapp
03-29 11:40:04.152 31001 31052 W com.mbwhatsapp: Class X.2rL failed lock verification and will run slower.
03-29 11:40:04.152 31001 31052 W com.mbwhatsapp: Common causes for lock verification issues are non-optimized dex code
03-29 11:40:04.152 31001 31052 W com.mbwhatsapp: and incorrect proguard optimizations.
03-29 11:40:04.170 31001 31001 W com.mbwhatsapp: Class X.0eU failed lock verification and will run slower.
03-29 11:40:04.309 31001 31001 E Parcel : Reading a NULL string not supported here.
03-29 11:40:04.370 31001 31064 E libEGL : Invalid file path for libcolorx- loader.so
03-29 11:40:04.401 31001 31001 W com.mbwhatsapp: Class com.mbwhatsapp.HomeActivity failed lock verification and will run slower. --------- beginning of system
03-29 11:40:04.460 31001 31001 E OplusCustomizeRestrictionManager: sInstance is null, start a new sInstance
03-29 11:40:04.767 31001 31001 E ArmVmp : Match on catch block at 0x0a in for 0xc5
03-29 11:40:04.800 31001 31001 E ArmVmp : Match on catch block at 0x0a in for 0x139
03-29 11:40:04.803 31001 31001 E Parcel : Reading a NULL string not supported here.
03-29 11:40:04.835 31001 31001 E Parcel : Reading a NULL string not supported here.
03-29 11:40:05.274 31001 31067 W com.mbwhatsapp: Accessing hidden method Lcom/android/org/conscrypt/ConscryptEngineSocket;->setUseSessionTickets(Z)V (greylist-max-q,test-api, reflection, denied)
03-29 11:40:05.274 31001 31067 W com.mbwhatsapp: Accessing hidden method Lcom/android/org/conscrypt/OpenSSLSocketImpl;->setUseSessionTickets(Z)V (greylist- max-q,test-api, reflection, denied)
03-29 11:40:05.274 31001 31067 W com.mbwhatsapp: Accessing hidden method Lcom/android/org/conscrypt/AbstractConscryptSocket;->setUseSessionTickets(Z)V (greylist-max-q, reflection, denied)
03-29 11:40:05.275 31001 31067 W com.mbwhatsapp: Accessing hidden method Lcom/android/org/conscrypt/ConscryptEngineSocket;->setHostname(Ljava/lang/String;)V (greylist-max-q,test-api, reflection, denied)
03-29 11:40:05.275 31001 31067 W com.mbwhatsapp: Accessing hidden method Lcom/android/org/conscrypt/OpenSSLSocketImpl;->setHostname(Ljava/lang/String;)V (greylist-max-q,test-api, reflection, denied)
03-29 11:40:05.275 31001 31067 W com.mbwhatsapp: Accessing hidden method Lcom/android/org/conscrypt/AbstractConscryptSocket;->setHostname(Ljava/lang/ String;)V (greylist-max-q, reflection, denied)
03-29 11:40:05.275 31001 31067 W com.mbwhatsapp: Accessing hidden method Lcom/android/org/conscrypt/OpenSSLSocketImpl;->setAlpnProtocols([B)V (greylist-max- q,test-api, reflection, denied)
03-29 11:40:05.275 31001 31067 W com.mbwhatsapp: Accessing hidden method Lcom/android/org/conscrypt/AbstractConscryptSocket;->setAlpnProtocols([B)V (greylist-max-q, reflection, denied)
03-29 11:40:05.818 31001 31067 W com.mbwhatsapp: Accessing hidden method Lcom/android/org/conscrypt/OpenSSLSocketImpl;->getAlpnSelectedProtocol()[B (greylist-max-q,test-api, reflection, denied)
03-29 11:40:05.819 31001 31067 W com.mbwhatsapp: Accessing hidden method Lcom/android/org/conscrypt/AbstractConscryptSocket;->getAlpnSelectedProtocol()[B (greylist-max-q, reflection, denied)
03-29 11:40:05.988 31001 31001 E RecyclerView: No adapter attached; skipping layout
03-29 11:40:06.060 31001 31001 E RecyclerView: No adapter attached; skipping layout
03-29 11:40:06.073 31001 31094 E libEGL : Invalid file path for libcolorx- loader.so
03-29 11:40:06.076 31001 31001 E ArmVmp : Match on catch block at 0x0a in for 0xd1
03-29 11:40:06.179 31001 31001 E ScreenmodeClient: display mode not support
03-29 11:40:06.279 31001 31099 W LOTTIE : Animation contains merge paths. Merge paths are only supported on KitKat+ and must be manually enabled by calling enableMergePathsForKitKatAndAbove().
03-29 11:40:06.337 31001 31063 E libEGL : Invalid file path for libcolorx- loader.so
03-29 11:40:06.352 31001 31063 E libEGL : Invalid file path for libcolorx- loader.so
03-29 11:40:06.359 31001 31063 E libEGL : Invalid file path for libcolorx- loader.so
03-29 11:40:06.489 31001 31001 W LOTTIE : Animation contains merge paths but they are disabled.
03-29 11:40:06.746 31001 31001 E ArmVmp : Match on catch block at 0x5b in for 0x89
03-29 11:40:06.783 31001 31001 E ArmVmp : Match on catch block at 0x5b in for 0x89
03-29 11:40:06.793 31001 31001 E ArmVmp : Match on catch block at 0x5b in for 0x89
03-29 11:40:06.786 31001 31001 W pool-4-thread-1: type=1400 audit(0.0:1331707): avc: granted { execute } for path="/data/data/com.mbwhatsapp/files/decompressed/libs.spk.zst/libgifimage.so" dev="sda10" ino=6828523 scontext=u:r:untrusted_app:s0:c223,c257,c512,c768 tcontext=u:object_r:app_data_file:s0:c223,c257,c512,c768 tclass=file app=com.mbwhatsapp
03-29 11:40:07.452 31001 31078 E CheckPermission: _bluetooth code = 1
03-29 11:40:07.454 31001 31078 E CheckPermission: _bluetooth code = 3
03-29 11:40:07.456 31001 31078 E CheckPermission: _bluetooth code = 11
03-29 11:40:09.245 31001 31001 E Parcel : Reading a NULL string not supported here.
03-29 11:40:09.318 31001 31132 E libEGL : Invalid file path for libcolorx- loader.so
03-29 11:40:09.483 31001 31001 W BottomSheetBehavior: BottomSheetBehavior now supports multiple callbacks. `setBottomSheetCallback()` removes all existing callbacks, including ones set internally by library authors, which may result in unintended behavior. This may change in the future. Please use `addBottomSheetCallback()` and `removeBottomSheetCallback()` instead to set your own callbacks.
03-29 11:40:09.483 31001 31001 W BottomSheetBehavior: BottomSheetBehavior now supports multiple callbacks. `setBottomSheetCallback()` removes all existing callbacks, including ones set internally by library authors, which may result in unintended behavior. This may change in the future. Please use `addBottomSheetCallback()` and `removeBottomSheetCallback()` instead to set your own callbacks.
03-29 11:40:09.690 31001 31001 E RecyclerView: No adapter attached; skipping layout
03-29 11:40:09.736 31001 31143 W AudioCapabilities: Unsupported mime audio/ffmpeg
03-29 11:40:09.738 31001 31143 W VideoCapabilities: Unsupported mime image/vnd.android.heic
03-29 11:40:09.739 31001 31143 W VideoCapabilities: Unsupported mime video/ffmpeg
03-29 11:40:09.741 31001 31143 W VideoCapabilities: Unrecognized profile/level 0/3 for video/mpeg2
03-29 11:40:09.741 31001 31143 W VideoCapabilities: Unrecognized profile/level 0/3 for video/mpeg2
03-29 11:40:09.766 31001 31143 E Parcel : Reading a NULL string not supported here.
03-29 11:40:09.783 31001 31148 W com.mbwhatsapp: OPPOLoadFrame::init -- failed: dlopen failed: library "libOplusDualHeadPhoneEx.so" not found
03-29 11:40:09.826 31001 31148 E OplusACodec: [GetVideoCodingTypeFromMime:L726] mime:video/avc
03-29 11:40:09.873 31001 31154 W Codec2Client: query -- param skipped: index = 1107298332.
