03-09 19:09:53.472 14552 14552 W System.err: at com.android.internal.os.RuntimeInit$MethodAndArgsCaller.run(RuntimeInit.java:612)
03-09 19:09:53.472 14552 14552 W System.err: at com.android.internal.os.ZygoteInit.main(ZygoteInit.java:1006)
03-09 19:09:53.618 14552 14552 E CustomActivityOnCrash: IMPORTANT WARNING! You already have an UncaughtExceptionHandler, are you sure this is correct? If you use a custom UncaughtExceptionHandler, you must initialize it AFTER CustomActivityOnCrash! Installing anyway, but your original handler will not be called.
03-09 19:09:54.134 14552 14552 W com.mbwhatsapp: Accessing hidden method Lcom/android/org/conscrypt/OpenSSLSocketImpl;->setUseSessionTickets(Z)V (greylist- max-q,test-api, reflection, denied)
03-09 19:09:54.134 14552 14552 W com.mbwhatsapp: Accessing hidden method Lcom/android/org/conscrypt/AbstractConscryptSocket;->setUseSessionTickets(Z)V (greylist-max-q, reflection, denied)
03-09 19:09:54.220 14552 14552 W linker : Warning: "/data/data/com.mbwhatsapp/files/decompressed/libs.spk.zst/libc++_shared.so" unused DT entry: unknown processor-specific (type 0x70000001 arg 0x0) (ignoring)
03-09 19:09:54.370 14552 14663 W com.mbwhatsapp: Class X.2rL failed lock verification and will run slower.
03-09 19:09:54.370 14552 14663 W com.mbwhatsapp: Common causes for lock verification issues are non-optimized dex code
03-09 19:09:54.370 14552 14663 W com.mbwhatsapp: and incorrect proguard optimizations.
03-09 19:09:54.570 14552 14671 E Parcel : Reading a NULL string not supported here.
03-09 19:09:55.159 14552 14677 E CheckPermission: _bluetooth code = 1
03-09 19:09:55.162 14552 14677 E CheckPermission: _bluetooth code = 3
03-09 19:09:55.164 14552 14677 E CheckPermission: _bluetooth code = 11
03-09 19:09:56.599 14552 14698 E Parcel : Reading a NULL string not supported here.
03-09 19:09:56.671 14552 14698 E Parcel : Reading a NULL string not supported here.
03-09 19:09:56.699 14552 14698 E Parcel : Reading a NULL string not supported here. --------- beginning of main
03-09 19:10:29.086 15395 15395 E com.mbwhatsapp: Unknown bits set in runtime_flags: 0x40000000
03-09 19:10:29.110 15395 15395 E com.mbwhatsapp: Not starting debugger since process cannot load the jdwp agent.
03-09 19:10:29.136 15395 15395 E RefClass: java.lang.reflect.InvocationTargetException
03-09 19:10:29.250 15395 15395 E Perf : perftest packageName : com.mbwhatsapp App is allowed to use Hide APIs
03-09 19:10:29.309 15395 15395 W System.err: java.lang.ClassNotFoundException: mbmodsd.mbmodsw.ui.views.btn.BtnBK
03-09 19:10:29.309 15395 15395 W System.err: at java.lang.Runtime.nativeLoad(Native Method)
03-09 19:10:29.309 15395 15395 W System.err: at java.lang.Runtime.nativeLoad(Runtime.java:1131)
03-09 19:10:29.309 15395 15395 W System.err: at java.lang.Runtime.loadLibrary0(Runtime.java:1085)
03-09 19:10:29.309 15395 15395 W System.err: at java.lang.Runtime.loadLibrary0(Runtime.java:1008)
03-09 19:10:29.309 15395 15395 W System.err: at java.lang.System.loadLibrary(System.java:1664)
03-09 19:10:29.309 15395 15395 W System.err: at arm.EpicVm.<clinit>(Unknown Source:2)
03-09 19:10:29.309 15395 15395 W System.err: at java.lang.Class.newInstance(Native Method)
03-09 19:10:29.309 15395 15395 W System.err: at android.app.AppComponentFactory.instantiateApplication(AppComponentFactory.java:76)
03-09 19:10:29.309 15395 15395 W System.err: at androidx.core.app.CoreComponentFactory.instantiateApplication(Unknown Source:0)
03-09 19:10:29.309 15395 15395 W System.err: at android.app.Instrumentation.newApplication(Instrumentation.java:1159)
03-09 19:10:29.309 15395 15395 W System.err: at android.app.LoadedApk.makeApplication(LoadedApk.java:1316)
03-09 19:10:29.309 15395 15395 W System.err: at android.app.ActivityThread.handleBindApplication(ActivityThread.java:7227)
03-09 19:10:29.309 15395 15395 W System.err: at android.app.ActivityThread.access$1600(ActivityThread.java:293)
03-09 19:10:29.309 15395 15395 W System.err: at android.app.ActivityThread$H.handleMessage(ActivityThread.java:2151)
03-09 19:10:29.309 15395 15395 W System.err: at android.os.Handler.dispatchMessage(Handler.java:106)
03-09 19:10:29.309 15395 15395 W System.err: at android.os.Looper.loop(Looper.java:263)
03-09 19:10:29.309 15395 15395 W System.err: at android.app.ActivityThread.main(ActivityThread.java:8292)
03-09 19:10:29.309 15395 15395 W System.err: at java.lang.reflect.Method.invoke(Native Method)
03-09 19:10:29.309 15395 15395 W System.err: at com.android.internal.os.RuntimeInit$MethodAndArgsCaller.run(RuntimeInit.java:612)
03-09 19:10:29.309 15395 15395 W System.err: at com.android.internal.os.ZygoteInit.main(ZygoteInit.java:1006)
03-09 19:10:29.437 15395 15395 E CustomActivityOnCrash: IMPORTANT WARNING! You already have an UncaughtExceptionHandler, are you sure this is correct? If you use a custom UncaughtExceptionHandler, you must initialize it AFTER CustomActivityOnCrash! Installing anyway, but your original handler will not be called.
03-09 19:10:29.964 15395 15395 W com.mbwhatsapp: Accessing hidden method Lcom/android/org/conscrypt/OpenSSLSocketImpl;->setUseSessionTickets(Z)V (greylist- max-q,test-api, reflection, denied)
03-09 19:10:29.964 15395 15395 W com.mbwhatsapp: Accessing hidden method Lcom/android/org/conscrypt/AbstractConscryptSocket;->setUseSessionTickets(Z)V (greylist-max-q, reflection, denied)
03-09 19:10:31.408 15395 15395 W linker : Warning: "/data/data/com.mbwhatsapp/files/decompressed/libs.spk.zst/libc++_shared.so" unused DT entry: unknown processor-specific (type 0x70000001 arg 0x0) (ignoring)
03-09 19:10:31.405 15395 15395 W com.mbwhatsapp: type=1400 audit(0.0:64826): avc: granted { execute } for path="/data/data/com.mbwhatsapp/files/decompressed/libs.spk.zst/libc++_shared.so" dev="sda10" ino=263442 scontext=u:r:untrusted_app:s0:c201,c257,c512,c768 tcontext=u:object_r:app_data_file:s0:c201,c257,c512,c768 tclass=file app=com.mbwhatsapp
03-09 19:10:31.421 15395 15395 W com.mbwhatsapp: type=1400 audit(0.0:64827): avc: granted { execute } for path="/data/data/com.mbwhatsapp/files/decompressed/libs.spk.zst/libvlc.so" dev="sda10" ino=263433 scontext=u:r:untrusted_app:s0:c201,c257,c512,c768 tcontext=u:object_r:app_data_file:s0:c201,c257,c512,c768 tclass=file app=com.mbwhatsapp
03-09 19:10:31.429 15395 15395 W com.mbwhatsapp: type=1400 audit(0.0:64828): avc: granted { execute } for path="/data/data/com.mbwhatsapp/files/decompressed/libs.spk.zst/libwhatsapp.so" dev="sda10" ino=263434 scontext=u:r:untrusted_app:s0:c201,c257,c512,c768 tcontext=u:object_r:app_data_file:s0:c201,c257,c512,c768 tclass=file app=com.mbwhatsapp
03-09 19:10:31.453 15395 15395 W com.mbwhatsapp: type=1400 audit(0.0:64829): avc: granted { execute } for path="/data/data/com.mbwhatsapp/files/decompressed/libs.spk.zst/libcurve25519.so" dev="sda10" ino=263435 scontext=u:r:untrusted_app:s0:c201,c257,c512,c768 tcontext=u:object_r:app_data_file:s0:c201,c257,c512,c768 tclass=file app=com.mbwhatsapp
03-09 19:10:31.465 15395 15395 W com.mbwhatsapp: type=1400 audit(0.0:64830): avc: granted { execute } for path="/data/data/com.mbwhatsapp/files/decompressed/libs.spk.zst/libwhatsapp.so" dev="sda10" ino=263434 scontext=u:r:untrusted_app:s0:c201,c257,c512,c768 tcontext=u:object_r:app_data_file:s0:c201,c257,c512,c768 tclass=file app=com.mbwhatsapp
03-09 19:10:31.616 15395 15395 E ANR_LOG : >>> msg's executing time is too long
03-09 19:10:31.617 15395 15395 E ANR_LOG : Blocked msg = { when=-2s459ms what=110 target=android.app.ActivityThread$H obj=AppBindData{appInfo=ApplicationInfo{fd855bc com.mbwhatsapp}} } , cost = 2438 ms
03-09 19:10:31.617 15395 15395 E ANR_LOG : >>>Current msg List is:
03-09 19:10:31.617 15395 15395 E ANR_LOG : Current msg <1> = { when=-2s451ms what=159 target=android.app.ActivityThread$H obj=ClientTransaction LaunchActivityItem,ResumeActivityItem hashCode, mActivityToken = android.os.BinderProxy@4a3f945 mLifecycleStateRequest ResumeActivityItem{procState=-1,updateProcState=false,isForward=true} mActivityCallbacks [LaunchActivityItem{intent=Intent { act=android.intent.action.MAIN cat=[android.intent.category.LAUNCHER] flg=0x10000000 pkg=com.mbwhatsapp cmp=com.mbwhatsapp/.Icon0 mCallingUid=10083 },ident=29953850,info=ActivityInfo{22589a com.mbwhatsapp.Icon0},curConfig={1.0 ??mcc??mnc [in_ID] ldltr sw360dp w360dp h724dp 320dpi nrml long port night finger -keyb/v/h -nav/h winConfig={ mBounds=Rect(0, 0 - 720, 1600) mAppBounds=Rect(0, 56 - 720, 1512) mWindowingMode=fullscreen mDisplayWindowingMode=fullscreen mActivityType=undefined mAlwaysOnTop=undefined mRotation=ROTATION_0} s.1mThemeChanged= 7, mThemeChangedFlags= 17, mFlipFont= 0, mAccessibleChanged= -1, mUxIconConfig= 3468923383113584961, mMaterialColor= 3, mUserId= 0, mFontUserId= 0, mFontVariationSettings= 226, mIconPackName= , mDarkModeBackgroundMaxL= 0.0, mDarkModeDialogBgMaxL= 27.0, mDarkModeForegroundMinL= 100.0, mOplusConfigType= 1},overrideConfig={1.0 ??mcc??mnc [in_ID] ldltr sw360dp w360dp h724dp 320dpi nrml long port night finger -keyb/v/h -nav/h winConfig={ mBounds=Rect(0, 0 - 720, 1600) mAppBounds=Rect(0, 56 - 720, 1512) mWindowingMode=fullscreen mDisplayWindowingMode=fullscreen mActivityType=standard mAlwaysOnTop=undefined mRotation=ROTATION_0} s.1mThemeChanged= 7, mThemeChangedFlags= 17, mFlipFont= 0, mAccessibleChanged= -1, mUxIconConfig= 3468923383113584961, mMaterialColor= 3, mUserId= 0, mFontUserId= 0, mFontVariationSettings= 226, mIconPackName= , mDarkModeBackgroundMaxL= 0.0, mDarkModeDialogBgMaxL= 27.0, mDarkModeForegroundMinL= 100.0, mOplusConfigType= 1},referrer=com.google.android.packageinstaller,procState=20,state=null,persistentS tate=null,pendingResults=null,pendingNewIntents=null,profilerInfo=null,assistToken= android.os.BinderProxy@6bad5cb,rotationAdj=null}] }
03-09 19:10:31.617 15395 15395 E ANR_LOG : Current msg <2> = { when=-2s445ms what=159 target=android.app.ActivityThread$H obj=ClientTransaction TopResumedActivityChangeItem, hashCode, mActivityToken = android.os.BinderProxy@4a3f945 mLifecycleStateRequest null mActivityCallbacks [TopResumedActivityChangeItem{onTop=true}] }
03-09 19:10:31.617 15395 15395 E ANR_LOG : Current msg <3> = { when=-2s440ms what=9999 target=android.app.ActivityThread$H }
03-09 19:10:31.617 15395 15395 E ANR_LOG : Current msg <4> = { when=-1s978ms what=149 target=android.app.ActivityThread$H obj=android.os.BinderProxy@4a3f945 }
03-09 19:10:31.617 15395 15395 E ANR_LOG : Current msg <5> = { when=-1s849ms what=0 target=android.app.ActivityThread$H callback=android.app.-$ $Lambda$LoadedApk$ReceiverDispatcher$Args$_BumDX2UKsnxLVrE6UJsJZkotuA }
03-09 19:10:31.618 15395 15395 E ANR_LOG : Current msg <6> = { when=-1s383ms what=113 target=android.app.ActivityThread$H obj=ReceiverData{intent=Intent { act=android.intent.action.MY_PACKAGE_REPLACED flg=0x4000010 pkg=com.mbwhatsapp cmp=com.mbwhatsapp/.systemreceivers.appupdated.AppUpdatedReceiver (has extras) } packageName=com.mbwhatsapp resultCode=0 resultData=null resultExtras=null} }
03-09 19:10:31.618 15395 15395 E ANR_LOG : Current msg <7> = { when=-1s377ms what=0 target=android.app.ActivityThread$H callback=android.app.-$ $Lambda$ActivityThread$A4ykhsPb8qV3ffTqpQDklHSMDJ0 }
03-09 19:10:31.618 15395 15395 E ANR_LOG : Current msg <8> = { when=-107ms what=0 target=android.os.Handler callback=X.3fq }
03-09 19:10:31.618 15395 15395 E ANR_LOG : >>>CURRENT MSG DUMP OVER<<<
03-09 19:10:31.647 15395 15815 W com.mbwhatsapp: Class X.2rL failed lock verification and will run slower.
03-09 19:10:31.647 15395 15815 W com.mbwhatsapp: Common causes for lock verification issues are non-optimized dex code
03-09 19:10:31.647 15395 15815 W com.mbwhatsapp: and incorrect proguard optimizations.
03-09 19:10:31.662 15395 15395 W com.mbwhatsapp: Class X.0eU failed lock verification and will run slower.
03-09 19:10:31.873 15395 15395 E Parcel : Reading a NULL string not supported here.
03-09 19:10:32.049 15395 15892 E libEGL : Invalid file path for libcolorx- loader.so
03-09 19:10:32.055 15395 15395 W com.mbwhatsapp: Class com.mbwhatsapp.HomeActivity failed lock verification and will run slower. --------- beginning of system
03-09 19:10:32.136 15395 15395 E OplusCustomizeRestrictionManager: sInstance is null, start a new sInstance
03-09 19:10:32.522 15395 15395 E ArmVmp : Match on catch block at 0x0a in for 0xc5
03-09 19:10:32.556 15395 15395 E ArmVmp : Match on catch block at 0x0a in for 0x135
03-09 19:10:32.559 15395 15395 E Parcel : Reading a NULL string not supported here.
03-09 19:10:32.591 15395 15395 E Parcel : Reading a NULL string not supported here.
03-09 19:10:32.597 15395 15965 W com.mbwhatsapp: Accessing hidden method Lcom/android/org/conscrypt/ConscryptEngineSocket;->setUseSessionTickets(Z)V (greylist-max-q,test-api, reflection, denied)
03-09 19:10:32.598 15395 15965 W com.mbwhatsapp: Accessing hidden method Lcom/android/org/conscrypt/OpenSSLSocketImpl;->setUseSessionTickets(Z)V (greylist- max-q,test-api, reflection, denied)
03-09 19:10:32.598 15395 15965 W com.mbwhatsapp: Accessing hidden method Lcom/android/org/conscrypt/AbstractConscryptSocket;->setUseSessionTickets(Z)V (greylist-max-q, reflection, denied)
03-09 19:10:32.598 15395 15965 W com.mbwhatsapp: Accessing hidden method Lcom/android/org/conscrypt/ConscryptEngineSocket;->setHostname(Ljava/lang/String;)V (greylist-max-q,test-api, reflection, denied)
03-09 19:10:32.598 15395 15965 W com.mbwhatsapp: Accessing hidden method Lcom/android/org/conscrypt/OpenSSLSocketImpl;->setHostname(Ljava/lang/String;)V (greylist-max-q,test-api, reflection, denied)
03-09 19:10:32.598 15395 15965 W com.mbwhatsapp: Accessing hidden method Lcom/android/org/conscrypt/AbstractConscryptSocket;->setHostname(Ljava/lang/ String;)V (greylist-max-q, reflection, denied)
03-09 19:10:32.598 15395 15965 W com.mbwhatsapp: Accessing hidden method Lcom/android/org/conscrypt/OpenSSLSocketImpl;->setAlpnProtocols([B)V (greylist-max- q,test-api, reflection, denied)
03-09 19:10:32.598 15395 15965 W com.mbwhatsapp: Accessing hidden method Lcom/android/org/conscrypt/AbstractConscryptSocket;->setAlpnProtocols([B)V (greylist-max-q, reflection, denied)
03-09 19:10:33.499 15395 15395 E RecyclerView: No adapter attached; skipping layout
03-09 19:10:33.607 15395 15395 E RecyclerView: No adapter attached; skipping layout
03-09 19:10:33.652 15395 15395 E ArmVmp : Match on catch block at 0x0a in for 0xd9
03-09 19:10:33.654 15395 16100 E libEGL : Invalid file path for libcolorx- loader.so
03-09 19:10:33.676 15395 15965 W com.mbwhatsapp: Accessing hidden method Lcom/android/org/conscrypt/OpenSSLSocketImpl;->getAlpnSelectedProtocol()[B (greylist-max-q,test-api, reflection, denied)
03-09 19:10:33.676 15395 15965 W com.mbwhatsapp: Accessing hidden method Lcom/android/org/conscrypt/AbstractConscryptSocket;->getAlpnSelectedProtocol()[B (greylist-max-q, reflection, denied)
03-09 19:10:33.745 15395 15395 E ScreenmodeClient: display mode not support
03-09 19:10:33.944 15395 16124 W LOTTIE : Animation contains merge paths. Merge paths are only supported on KitKat+ and must be manually enabled by calling enableMergePathsForKitKatAndAbove().
03-09 19:10:34.010 15395 15884 E libEGL : Invalid file path for libcolorx- loader.so
03-09 19:10:34.033 15395 15884 E libEGL : Invalid file path for libcolorx- loader.so
03-09 19:10:34.039 15395 15884 E libEGL : Invalid file path for libcolorx- loader.so
03-09 19:10:34.039 15395 15884 E libEGL : Invalid file path for libcolorx- loader.so
03-09 19:10:34.041 15395 15884 E libEGL : Invalid file path for libcolorx- loader.so
03-09 19:10:34.041 15395 15884 E libEGL : Invalid file path for libcolorx- loader.so
03-09 19:10:34.041 15395 15884 E libEGL : Invalid file path for libcolorx- loader.so
03-09 19:10:34.042 15395 15884 E libEGL : Invalid file path for libcolorx- loader.so
03-09 19:10:34.382 15395 15395 W LOTTIE : Animation contains merge paths but they are disabled.
03-09 19:10:35.009 15395 16282 E Parcel : Reading a NULL string not supported here.
03-09 19:10:35.025 15395 15463 W LibraryVersion: Failed to get app version for libraryName: firebase-iid
03-09 19:10:35.043 15395 16297 E Parcel : Reading a NULL string not supported here.
03-09 19:10:35.127 15395 16017 E CheckPermission: _bluetooth code = 1
03-09 19:10:35.128 15395 16017 E CheckPermission: _bluetooth code = 3
03-09 19:10:35.129 15395 16017 E CheckPermission: _bluetooth code = 11
03-09 19:10:38.713 15395 15395 W InputEventReceiver: Attempted to finish an input event but the input event receiver has already been disposed.
03-09 19:10:46.787 15395 15411 W System : A resource failed to call release.
03-09 19:10:46.789 15395 15411 W System : A resource failed to call release. --------- beginning of system --------- beginning of main
03-09 19:11:20.816 16664 16664 E com.mbwhatsapp: Unknown bits set in runtime_flags: 0x40000000
03-09 19:11:20.823 16664 16664 E com.mbwhatsapp: Not starting debugger since process cannot load the jdwp agent.
03-09 19:11:20.830 16664 16664 E RefClass: java.lang.reflect.InvocationTargetException
03-09 19:11:20.908 16664 16664 E Perf : perftest packageName : com.mbwhatsapp App is allowed to use Hide APIs
03-09 19:11:20.952 16664 16664 W System.err: java.lang.ClassNotFoundException: mbmodsd.mbmodsw.ui.views.btn.BtnBK
03-09 19:11:20.952 16664 16664 W System.err: at java.lang.Runtime.nativeLoad(Native Method)
03-09 19:11:20.952 16664 16664 W System.err: at java.lang.Runtime.nativeLoad(Runtime.java:1131)
03-09 19:11:20.952 16664 16664 W System.err: at java.lang.Runtime.loadLibrary0(Runtime.java:1085)
03-09 19:11:20.952 16664 16664 W System.err: at java.lang.Runtime.loadLibrary0(Runtime.java:1008)
03-09 19:11:20.952 16664 16664 W System.err: at java.lang.System.loadLibrary(System.java:1664)
03-09 19:11:20.952 16664 16664 W System.err: at arm.EpicVm.<clinit>(Unknown Source:2)
03-09 19:11:20.952 16664 16664 W System.err: at java.lang.Class.newInstance(Native Method)
03-09 19:11:20.952 16664 16664 W System.err: at android.app.AppComponentFactory.instantiateApplication(AppComponentFactory.java:76)
03-09 19:11:20.953 16664 16664 W System.err: at androidx.core.app.CoreComponentFactory.instantiateApplication(Unknown Source:0)
03-09 19:11:20.953 16664 16664 W System.err: at android.app.Instrumentation.newApplication(Instrumentation.java:1159)
03-09 19:11:20.953 16664 16664 W System.err: at android.app.LoadedApk.makeApplication(LoadedApk.java:1316)
03-09 19:11:20.953 16664 16664 W System.err: at android.app.ActivityThread.handleBindApplication(ActivityThread.java:7227)
03-09 19:11:20.953 16664 16664 W System.err: at android.app.ActivityThread.access$1600(ActivityThread.java:293)
03-09 19:11:20.953 16664 16664 W System.err: at android.app.ActivityThread$H.handleMessage(ActivityThread.java:2151)
03-09 19:11:20.953 16664 16664 W System.err: at android.os.Handler.dispatchMessage(Handler.java:106)
03-09 19:11:20.953 16664 16664 W System.err: at android.os.Looper.loop(Looper.java:263)
03-09 19:11:20.953 16664 16664 W System.err: at android.app.ActivityThread.main(ActivityThread.java:8292)
03-09 19:11:20.953 16664 16664 W System.err: at java.lang.reflect.Method.invoke(Native Method)
03-09 19:11:20.953 16664 16664 W System.err: at com.android.internal.os.RuntimeInit$MethodAndArgsCaller.run(RuntimeInit.java:612)
03-09 19:11:20.953 16664 16664 W System.err: at com.android.internal.os.ZygoteInit.main(ZygoteInit.java:1006)
03-09 19:11:21.003 16664 16664 E CustomActivityOnCrash: IMPORTANT WARNING! You already have an UncaughtExceptionHandler, are you sure this is correct? If you use a custom UncaughtExceptionHandler, you must initialize it AFTER CustomActivityOnCrash! Installing anyway, but your original handler will not be called.
03-09 19:11:21.186 16664 16664 W com.mbwhatsapp: Accessing hidden method Lcom/android/org/conscrypt/OpenSSLSocketImpl;->setUseSessionTickets(Z)V (greylist- max-q,test-api, reflection, denied)
03-09 19:11:21.186 16664 16664 W com.mbwhatsapp: Accessing hidden method Lcom/android/org/conscrypt/AbstractConscryptSocket;->setUseSessionTickets(Z)V (greylist-max-q, reflection, denied)
03-09 19:11:21.241 16664 16664 W linker : Warning: "/data/data/com.mbwhatsapp/files/decompressed/libs.spk.zst/libc++_shared.so" unused DT entry: unknown processor-specific (type 0x70000001 arg 0x0) (ignoring)
03-09 19:11:21.241 16664 16664 W com.mbwhatsapp: type=1400 audit(0.0:64956): avc: granted { execute } for path="/data/data/com.mbwhatsapp/files/decompressed/libs.spk.zst/libc++_shared.so" dev="sda10" ino=263442 scontext=u:r:untrusted_app:s0:c201,c257,c512,c768 tcontext=u:object_r:app_data_file:s0:c201,c257,c512,c768 tclass=file app=com.mbwhatsapp
03-09 19:11:21.245 16664 16664 W com.mbwhatsapp: type=1400 audit(0.0:64957): avc: granted { execute } for path="/data/data/com.mbwhatsapp/files/decompressed/libs.spk.zst/libvlc.so" dev="sda10" ino=263433 scontext=u:r:untrusted_app:s0:c201,c257,c512,c768 tcontext=u:object_r:app_data_file:s0:c201,c257,c512,c768 tclass=file app=com.mbwhatsapp
03-09 19:11:21.253 16664 16664 W com.mbwhatsapp: type=1400 audit(0.0:64958): avc: granted { execute } for path="/data/data/com.mbwhatsapp/files/decompressed/libs.spk.zst/libwhatsapp.so" dev="sda10" ino=263434 scontext=u:r:untrusted_app:s0:c201,c257,c512,c768 tcontext=u:object_r:app_data_file:s0:c201,c257,c512,c768 tclass=file app=com.mbwhatsapp
03-09 19:11:21.277 16664 16664 W com.mbwhatsapp: type=1400 audit(0.0:64959): avc: granted { execute } for path="/data/data/com.mbwhatsapp/files/decompressed/libs.spk.zst/libcurve25519.so" dev="sda10" ino=263435 scontext=u:r:untrusted_app:s0:c201,c257,c512,c768 tcontext=u:object_r:app_data_file:s0:c201,c257,c512,c768 tclass=file app=com.mbwhatsapp
03-09 19:11:21.285 16664 16664 W com.mbwhatsapp: type=1400 audit(0.0:64960): avc: granted { execute } for path="/data/data/com.mbwhatsapp/files/decompressed/libs.spk.zst/libwhatsapp.so" dev="sda10" ino=263434 scontext=u:r:untrusted_app:s0:c201,c257,c512,c768 tcontext=u:object_r:app_data_file:s0:c201,c257,c512,c768 tclass=file app=com.mbwhatsapp
03-09 19:11:21.402 16664 16714 W com.mbwhatsapp: Class X.2rL failed lock verification and will run slower.
03-09 19:11:21.402 16664 16714 W com.mbwhatsapp: Common causes for lock verification issues are non-optimized dex code
03-09 19:11:21.402 16664 16714 W com.mbwhatsapp: and incorrect proguard optimizations.
03-09 19:11:21.420 16664 16664 W com.mbwhatsapp: Class X.0eU failed lock verification and will run slower.
03-09 19:11:21.551 16664 16664 E Parcel : Reading a NULL string not supported here.
03-09 19:11:21.638 16664 16725 E libEGL : Invalid file path for libcolorx- loader.so
03-09 19:11:21.672 16664 16664 W com.mbwhatsapp: Class com.mbwhatsapp.HomeActivity failed lock verification and will run slower.
03-09 19:11:21.721 16664 16664 E OplusCustomizeRestrictionManager: sInstance is null, start a new sInstance
03-09 19:11:22.049 16664 16664 E ArmVmp : Match on catch block at 0x0a in for 0xc9
03-09 19:11:22.089 16664 16664 E ArmVmp : Match on catch block at 0x0a in for 0x131
03-09 19:11:22.093 16664 16664 E Parcel : Reading a NULL string not supported here.
03-09 19:11:22.118 16664 16664 E Parcel : Reading a NULL string not supported here.
03-09 19:11:22.140 16664 16727 W com.mbwhatsapp: Accessing hidden method Lcom/android/org/conscrypt/ConscryptEngineSocket;->setUseSessionTickets(Z)V (greylist-max-q,test-api, reflection, denied)
03-09 19:11:22.140 16664 16727 W com.mbwhatsapp: Accessing hidden method Lcom/android/org/conscrypt/OpenSSLSocketImpl;->setUseSessionTickets(Z)V (greylist- max-q,test-api, reflection, denied)
03-09 19:11:22.140 16664 16727 W com.mbwhatsapp: Accessing hidden method Lcom/android/org/conscrypt/AbstractConscryptSocket;->setUseSessionTickets(Z)V (greylist-max-q, reflection, denied)
03-09 19:11:22.141 16664 16727 W com.mbwhatsapp: Accessing hidden method Lcom/android/org/conscrypt/ConscryptEngineSocket;->setHostname(Ljava/lang/String;)V (greylist-max-q,test-api, reflection, denied)
03-09 19:11:22.141 16664 16727 W com.mbwhatsapp: Accessing hidden method Lcom/android/org/conscrypt/OpenSSLSocketImpl;->setHostname(Ljava/lang/String;)V (greylist-max-q,test-api, reflection, denied)
03-09 19:11:22.141 16664 16727 W com.mbwhatsapp: Accessing hidden method Lcom/android/org/conscrypt/AbstractConscryptSocket;->setHostname(Ljava/lang/ String;)V (greylist-max-q, reflection, denied)
03-09 19:11:22.141 16664 16727 W com.mbwhatsapp: Accessing hidden method Lcom/android/org/conscrypt/OpenSSLSocketImpl;->setAlpnProtocols([B)V (greylist-max- q,test-api, reflection, denied)
03-09 19:11:22.141 16664 16727 W com.mbwhatsapp: Accessing hidden method Lcom/android/org/conscrypt/AbstractConscryptSocket;->setAlpnProtocols([B)V (greylist-max-q, reflection, denied)
03-09 19:11:22.681 16664 16727 W com.mbwhatsapp: Accessing hidden method Lcom/android/org/conscrypt/OpenSSLSocketImpl;->getAlpnSelectedProtocol()[B (greylist-max-q,test-api, reflection, denied)
03-09 19:11:22.681 16664 16727 W com.mbwhatsapp: Accessing hidden method Lcom/android/org/conscrypt/AbstractConscryptSocket;->getAlpnSelectedProtocol()[B (greylist-max-q, reflection, denied)
03-09 19:11:22.744 16664 16664 E RecyclerView: No adapter attached; skipping layout
03-09 19:11:22.834 16664 16664 E RecyclerView: No adapter attached; skipping layout
03-09 19:11:22.858 16664 16754 E libEGL : Invalid file path for libcolorx- loader.so
03-09 19:11:22.864 16664 16664 E ArmVmp : Match on catch block at 0x0a in for 0xd9
03-09 19:11:22.969 16664 16664 E ScreenmodeClient: display mode not support
03-09 19:11:23.111 16664 16758 W LOTTIE : Animation contains merge paths. Merge paths are only supported on KitKat+ and must be manually enabled by calling enableMergePathsForKitKatAndAbove().
03-09 19:11:23.142 16664 16724 E libEGL : Invalid file path for libcolorx- loader.so
03-09 19:11:23.162 16664 16724 E libEGL : Invalid file path for libcolorx- loader.so
03-09 19:11:23.163 16664 16724 E libEGL : Invalid file path for libcolorx- loader.so
03-09 19:11:23.164 16664 16724 E libEGL : Invalid file path for libcolorx- loader.so
03-09 19:11:23.168 16664 16724 E libEGL : Invalid file path for libcolorx- loader.so
03-09 19:11:23.245 16664 16664 W LOTTIE : Animation contains merge paths but they are disabled.
03-09 19:11:24.147 16664 16714 E CheckPermission: _bluetooth code = 1
03-09 19:11:24.149 16664 16714 E CheckPermission: _bluetooth code = 3
03-09 19:11:24.150 16664 16714 E CheckPermission: _bluetooth code = 11
03-09 19:11:24.251 16664 16776 E Parcel : Reading a NULL string not supported here.
03-09 19:11:24.559 16664 16686 W LibraryVersion: Failed to get app version for libraryName: firebase-iid
03-09 19:11:24.574 16664 16780 E Parcel : Reading a NULL string not supported here.
03-09 19:11:30.920 16664 16664 E ArmVmp : Match on catch block at 0x0a in for 0xe9
03-09 19:11:30.943 16664 16664 E ArmVmp : Match on catch block at 0x0a in for 0xd1
03-09 19:11:32.846 16664 16664 E Parcel : Reading a NULL string not supported here.
03-09 19:11:32.946 16664 16795 E libEGL : Invalid file path for libcolorx- loader.so
03-09 19:11:46.806 16664 16664 E Parcel : Reading a NULL string not supported here.
03-09 19:11:46.961 16664 16833 E libEGL : Invalid file path for libcolorx- loader.so
03-09 19:11:47.219 16664 16834 E linker : library "" ("/apex/com.android.vndk.v30/lib64") needed or dlopened by "/apex/com.android.vndk.v30/lib64/libRS_internal.so" is not accessible for the namespace: [name="rs", ld_library_paths="", default_library_paths="/apex/com.android.vndk.v30/lib64:/odm/lib64:/vendor/lib64", permitted_paths="/odm/lib64:/vendor/lib64:/system/vendor/lib64:/data"]
03-09 19:11:47.220 16664 16834 E RenderScript: Failed loading RS driver: dlopen failed: library "" needed or dlopened by "/apex/com.android.vndk.v30/lib64/libRS_internal.so" is not accessible for the namespace "rs"
03-09 19:11:47.220 16664 16834 E RenderScript: Failed to load runtime , loading default
03-09 19:11:47.316 16664 16678 W System : A resource failed to call release.
03-09 19:11:47.403 16664 16758 W LOTTIE : Unknown shape type rd
03-09 19:11:47.519 16664 16664 E ArmVmp : Match on catch block at 0x0a in for 0xc9
03-09 19:11:47.525 16664 16664 E ArmVmp : Match on catch block at 0x0a in for 0xc9
03-09 19:11:47.696 16664 16664 E ArmVmp : Match on catch block at 0xc3 in for 0xb5
03-09 19:11:47.710 16664 16664 E ArmVmp : Match on catch block at 0xc3 in for 0xb1
03-09 19:11:47.817 16664 16664 E ArmVmp : Match on catch block at 0xc3 in for 0xa5
03-09 19:11:47.820 16664 16664 E ArmVmp : Match on catch block at 0xc3 in for 0xa1
03-09 19:11:47.888 16664 16664 E ArmVmp : Match on catch block at 0xc3 in for 0xa9
03-09 19:11:47.890 16664 16664 E ArmVmp : Match on catch block at 0xc3 in for 0xa1
03-09 19:11:47.910 16664 16664 E ArmVmp : Match on catch block at 0xc3 in for 0xa1
03-09 19:11:47.912 16664 16664 E ArmVmp : Match on catch block at 0xc3 in for 0xa5
03-09 19:11:48.379 16664 16664 E ArmVmp : Match on catch block at 0xc3 in for 0xa9
03-09 19:11:48.384 16664 16664 E ArmVmp : Match on catch block at 0xc3 in for 0xa1
03-09 19:11:48.881 16664 16664 E ArmVmp : Match on catch block at 0xc3 in for 0xa1
03-09 19:11:48.886 16664 16664 E ArmVmp : Match on catch block at 0xc3 in for 0xa5
03-09 19:11:49.382 16664 16664 E ArmVmp : Match on catch block at 0xc3 in for 0xa5
03-09 19:11:49.387 16664 16664 E ArmVmp : Match on catch block at 0xc3 in for 0xa9
03-09 19:11:49.883 16664 16664 E ArmVmp : Match on catch block at 0xc3 in for 0xa9
03-09 19:11:49.889 16664 16664 E ArmVmp : Match on catch block at 0xc3 in for 0xa1
03-09 19:11:50.401 16664 16664 E ArmVmp : Match on catch block at 0xc3 in for 0xa1
03-09 19:11:50.407 16664 16664 E ArmVmp : Match on catch block at 0xc3 in for 0xa5
03-09 19:11:50.903 16664 16664 E ArmVmp : Match on catch block at 0xc3 in for 0xa9
03-09 19:11:50.908 16664 16664 E ArmVmp : Match on catch block at 0xc3 in for 0xa1
03-09 19:11:51.307 16664 16664 E ArmVmp : Match on catch block at 0xc3 in for 0xa1
03-09 19:11:51.311 16664 16664 E ArmVmp : Match on catch block at 0xc3 in for 0xa5
03-09 19:11:51.403 16664 16664 E ArmVmp : Match on catch block at 0xc3 in for 0xa9
03-09 19:11:51.406 16664 16664 E ArmVmp : Match on catch block at 0xc3 in for 0xa1
03-09 19:11:51.430 16664 16664 E ArmVmp : Match on catch block at 0xc3 in for 0xa1
03-09 19:11:51.433 16664 16664 E ArmVmp : Match on catch block at 0xc3 in for 0xa5
03-09 19:11:51.609 16664 16664 E ArmVmp : Match on catch block at 0xc3 in for 0xa9
03-09 19:11:51.611 16664 16664 E ArmVmp : Match on catch block at 0xc3 in for 0xa1
03-09 19:11:51.618 16664 16664 E ArmVmp : Match on catch block at 0xc3 in for 0xa1
03-09 19:11:51.621 16664 16664 E ArmVmp : Match on catch block at 0xc3 in for 0xa5
03-09 19:11:51.921 16664 16664 E ArmVmp : Match on catch block at 0xc3 in for 0xa5
03-09 19:11:51.925 16664 16664 E ArmVmp : Match on catch block at 0xc3 in for 0xa9
03-09 19:11:52.421 16664 16664 E ArmVmp : Match on catch block at 0xc3 in for 0xa9
03-09 19:11:52.424 16664 16664 E ArmVmp : Match on catch block at 0xc3 in for 0xa1
03-09 19:11:52.466 16664 16664 E ArmVmp : Match on catch block at 0xc3 in for 0xa9
03-09 19:11:52.468 16664 16664 E ArmVmp : Match on catch block at 0xc3 in for 0xa1
03-09 19:11:52.487 16664 16664 E ArmVmp : Match on catch block at 0xc3 in for 0xa9
03-09 19:11:52.490 16664 16664 E ArmVmp : Match on catch block at 0xc3 in for 0xa1
03-09 19:11:52.504 16664 16664 E ArmVmp : Match on catch block at 0xc3 in for 0xa1
03-09 19:11:52.507 16664 16664 E ArmVmp : Match on catch block at 0xc3 in for 0xa5
03-09 19:11:52.521 16664 16664 E ArmVmp : Match on catch block at 0xc3 in for 0xa5
03-09 19:11:52.523 16664 16664 E ArmVmp : Match on catch block at 0xc3 in for 0xa9
03-09 19:11:52.538 16664 16664 E ArmVmp : Match on catch block at 0xc3 in for 0xa9
03-09 19:11:52.540 16664 16664 E ArmVmp : Match on catch block at 0xc3 in for 0xa1
03-09 19:11:52.554 16664 16664 E ArmVmp : Match on catch block at 0xc3 in for 0xa1
03-09 19:11:52.557 16664 16664 E ArmVmp : Match on catch block at 0xc3 in for 0xa5
03-09 19:11:52.574 16664 16664 E ArmVmp : Match on catch block at 0xc3 in for 0xa5
03-09 19:11:52.577 16664 16664 E ArmVmp : Match on catch block at 0xc3 in for 0xa9
03-09 19:11:52.588 16664 16664 E ArmVmp : Match on catch block at 0xc3 in for 0xa9
03-09 19:11:52.590 16664 16664 E ArmVmp : Match on catch block at 0xc3 in for 0xa1
03-09 19:11:52.604 16664 16664 E ArmVmp : Match on catch block at 0xc3 in for 0xa1
03-09 19:11:52.607 16664 16664 E ArmVmp : Match on catch block at 0xc3 in for 0xa5
03-09 19:11:52.622 16664 16664 E ArmVmp : Match on catch block at 0xc3 in for 0xa5
03-09 19:11:52.624 16664 16664 E ArmVmp : Match on catch block at 0xc3 in for 0xa9
03-09 19:11:52.638 16664 16664 E ArmVmp : Match on catch block at 0xc3 in for 0xa9
03-09 19:11:52.640 16664 16664 E ArmVmp : Match on catch block at 0xc3 in for 0xa1
03-09 19:11:52.655 16664 16664 E ArmVmp : Match on catch block at 0xc3 in for 0xa1
03-09 19:11:52.657 16664 16664 E ArmVmp : Match on catch block at 0xc3 in for 0xa5
03-09 19:11:52.974 16664 16664 E ArmVmp : Match on catch block at 0xc3 in for 0xa5
03-09 19:11:52.979 16664 16664 E ArmVmp : Match on catch block at 0xc3 in for 0xa9
03-09 19:11:53.473 16664 16664 E ArmVmp : Match on catch block at 0xc3 in for 0xa9
03-09 19:11:53.476 16664 16664 E ArmVmp : Match on catch block at 0xc3 in for 0xa1
03-09 19:11:53.506 16664 16664 E ArmVmp : Match on catch block at 0xc3 in for 0xa1
03-09 19:11:53.509 16664 16664 E ArmVmp : Match on catch block at 0xc3 in for 0xa5
03-09 19:11:53.774 16664 16664 E ArmVmp : Match on catch block at 0xc3 in for 0xa5
03-09 19:11:53.777 16664 16664 E ArmVmp : Match on catch block at 0xc3 in for 0xa9
03-09 19:11:53.975 16664 16664 E ArmVmp : Match on catch block at 0xc3 in for 0xa9
03-09 19:11:53.978 16664 16664 E ArmVmp : Match on catch block at 0xc3 in for 0xa1
03-09 19:11:54.191 16664 16664 E ArmVmp : Match on catch block at 0xc3 in for 0xa1
03-09 19:11:54.194 16664 16664 E ArmVmp : Match on catch block at 0xc3 in for 0xa5
03-09 19:11:54.392 16664 16664 E ArmVmp : Match on catch block at 0xc3 in for 0xa5
03-09 19:11:54.395 16664 16664 E ArmVmp : Match on catch block at 0xc3 in for 0xa9
03-09 19:11:54.529 16664 16664 E ArmVmp : Match on catch block at 0xc3 in for 0xa9
03-09 19:11:54.532 16664 16664 E ArmVmp : Match on catch block at 0xc3 in for 0xa1
03-09 19:11:54.927 16664 16664 E ArmVmp : Match on catch block at 0xc3 in for 0xa1
03-09 19:11:54.932 16664 16664 E ArmVmp : Match on catch block at 0xc3 in for 0xa5
03-09 19:11:55.244 16664 16664 E ArmVmp : Match on catch block at 0xc3 in for 0xa5
03-09 19:11:55.248 16664 16664 E ArmVmp : Match on catch block at 0xc3 in for 0xa9
03-09 19:11:55.748 16664 16664 E ArmVmp : Match on catch block at 0xc3 in for 0xa9
03-09 19:11:55.756 16664 16664 E ArmVmp : Match on catch block at 0xc3 in for 0xa1
03-09 19:11:56.247 16664 16664 E ArmVmp : Match on catch block at 0xc3 in for 0xa1
03-09 19:11:56.252 16664 16664 E ArmVmp : Match on catch block at 0xc3 in for 0xa5
03-09 19:11:56.364 16664 16664 E ArmVmp : Match on catch block at 0xc3 in for 0xa5
03-09 19:11:56.371 16664 16664 E ArmVmp : Match on catch block at 0xc3 in for 0xa9
03-09 19:11:56.514 16664 16664 E ArmVmp : Match on catch block at 0xc3 in for 0xa9
03-09 19:11:56.517 16664 16664 E ArmVmp : Match on catch block at 0xc3 in for 0xa1
03-09 19:11:57.016 16664 16664 E ArmVmp : Match on catch block at 0xc3 in for 0xa1
03-09 19:11:57.020 16664 16664 E ArmVmp : Match on catch block at 0xc3 in for 0xa5
03-09 19:11:57.518 16664 16664 E ArmVmp : Match on catch block at 0xc3 in for 0xa5
03-09 19:11:57.521 16664 16664 E ArmVmp : Match on catch block at 0xc3 in for 0xa9
03-09 19:11:58.019 16664 16664 E ArmVmp : Match on catch block at 0xc3 in for 0xa9
03-09 19:11:58.024 16664 16664 E ArmVmp : Match on catch block at 0xc3 in for 0xa1
03-09 19:11:58.220 16664 16664 E ArmVmp : Match on catch block at 0xc3 in for 0xa1
03-09 19:11:58.223 16664 16664 E ArmVmp : Match on catch block at 0xc3 in for 0xa5
03-09 19:11:58.720 16664 16664 E ArmVmp : Match on catch block at 0xc3 in for 0xa5
03-09 19:11:58.727 16664 16664 E ArmVmp : Match on catch block at 0xc3 in for 0xa9
03-09 19:11:58.854 16664 16664 E ArmVmp : Match on catch block at 0xc3 in for 0xa9
03-09 19:11:58.858 16664 16664 E ArmVmp : Match on catch block at 0xc3 in for 0xa1
03-09 19:11:59.288 16664 16664 E ArmVmp : Match on catch block at 0xc3 in for 0xa1
03-09 19:11:59.291 16664 16664 E ArmVmp : Match on catch block at 0xc3 in for 0xa5
03-09 19:11:59.605 16664 16664 E ArmVmp : Match on catch block at 0xc3 in for 0xa5
03-09 19:11:59.609 16664 16664 E ArmVmp : Match on catch block at 0xc3 in for 0xa9
03-09 19:11:59.822 16664 16664 E ArmVmp : Match on catch block at 0xc3 in for 0xa9
03-09 19:11:59.826 16664 16664 E ArmVmp : Match on catch block at 0xc3 in for 0xa1
03-09 19:11:59.989 16664 16664 E ArmVmp : Match on catch block at 0xc3 in for 0xa1
03-09 19:11:59.992 16664 16664 E ArmVmp : Match on catch block at 0xc3 in for 0xa5
03-09 19:12:00.223 16664 16664 E ArmVmp : Match on catch block at 0xc3 in for 0xa5
03-09 19:12:00.227 16664 16664 E ArmVmp : Match on catch block at 0xc3 in for 0xa9
03-09 19:12:00.725 16664 16664 E ArmVmp : Match on catch block at 0xc3 in for 0xa9
03-09 19:12:00.729 16664 16664 E ArmVmp : Match on catch block at 0xc3 in for 0xa1
03-09 19:12:01.227 16664 16664 E ArmVmp : Match on catch block at 0xc3 in for 0xa1
03-09 19:12:01.234 16664 16664 E ArmVmp : Match on catch block at 0xc3 in for 0xa5
03-09 19:12:01.728 16664 16664 E ArmVmp : Match on catch block at 0xc3 in for 0xa5
03-09 19:12:01.733 16664 16664 E ArmVmp : Match on catch block at 0xc3 in for 0xa9
03-09 19:12:02.230 16664 16664 E ArmVmp : Match on catch block at 0xc3 in for 0xa9
03-09 19:12:02.234 16664 16664 E ArmVmp : Match on catch block at 0xc3 in for 0xa1
03-09 19:12:02.446 16664 16664 E ArmVmp : Match on catch block at 0xc3 in for 0xa1
03-09 19:12:02.450 16664 16664 E ArmVmp : Match on catch block at 0xc3 in for 0xa5
03-09 19:12:02.497 16664 16664 E ArmVmp : Match on catch block at 0xc3 in for 0xa1
03-09 19:12:02.500 16664 16664 E ArmVmp : Match on catch block at 0xc3 in for 0xa5
03-09 19:12:02.546 16664 16664 E ArmVmp : Match on catch block at 0xc3 in for 0xa5
03-09 19:12:02.548 16664 16664 E ArmVmp : Match on catch block at 0xc3 in for 0xa9
03-09 19:12:02.596 16664 16664 E ArmVmp : Match on catch block at 0xc3 in for 0xa9
03-09 19:12:02.598 16664 16664 E ArmVmp : Match on catch block at 0xc3 in for 0xa1
03-09 19:12:02.646 16664 16664 E ArmVmp : Match on catch block at 0xc3 in for 0xa1
03-09 19:12:02.648 16664 16664 E ArmVmp : Match on catch block at 0xc3 in for 0xa5
03-09 19:12:02.696 16664 16664 E ArmVmp : Match on catch block at 0xc3 in for 0xa5
03-09 19:12:02.698 16664 16664 E ArmVmp : Match on catch block at 0xc3 in for 0xa9
03-09 19:12:02.763 16664 16664 E ArmVmp : Match on catch block at 0xc3 in for 0xa9
03-09 19:12:02.766 16664 16664 E ArmVmp : Match on catch block at 0xc3 in for 0xa1
03-09 19:12:02.813 16664 16664 E ArmVmp : Match on catch block at 0xc3 in for 0xa1
03-09 19:12:02.815 16664 16664 E ArmVmp : Match on catch block at 0xc3 in for 0xa5
03-09 19:12:02.863 16664 16664 E ArmVmp : Match on catch block at 0xc3 in for 0xa5
03-09 19:12:02.866 16664 16664 E ArmVmp : Match on catch block at 0xc3 in for 0xa9
03-09 19:12:02.914 16664 16664 E ArmVmp : Match on catch block at 0xc3 in for 0xa9
03-09 19:12:02.916 16664 16664 E ArmVmp : Match on catch block at 0xc3 in for 0xa1
03-09 19:12:02.963 16664 16664 E ArmVmp : Match on catch block at 0xc3 in for 0xa1
03-09 19:12:02.965 16664 16664 E ArmVmp : Match on catch block at 0xc3 in for 0xa5
03-09 19:12:03.016 16664 16664 E ArmVmp : Match on catch block at 0xc3 in for 0xa9
03-09 19:12:03.018 16664 16664 E ArmVmp : Match on catch block at 0xc3 in for 0xa1
03-09 19:12:03.030 16664 16664 E ArmVmp : Match on catch block at 0xc3 in for 0xa1
03-09 19:12:03.033 16664 16664 E ArmVmp : Match on catch block at 0xc3 in for 0xa5
03-09 19:12:03.047 16664 16664 E ArmVmp : Match on catch block at 0xc3 in for 0xa5
03-09 19:12:03.049 16664 16664 E ArmVmp : Match on catch block at 0xc3 in for 0xa9
03-09 19:12:03.064 16664 16664 E ArmVmp : Match on catch block at 0xc3 in for 0xa9
03-09 19:12:03.066 16664 16664 E ArmVmp : Match on catch block at 0xc3 in for 0xa1
03-09 19:12:03.088 16664 16664 E ArmVmp : Match on catch block at 0xc3 in for 0xa9
03-09 19:12:03.090 16664 16664 E ArmVmp : Match on catch block at 0xc3 in for 0xa1
03-09 19:12:03.097 16664 16664 E ArmVmp : Match on catch block at 0xc3 in for 0xa1
03-09 19:12:03.100 16664 16664 E ArmVmp : Match on catch block at 0xc3 in for 0xa5
03-09 19:12:03.114 16664 16664 E ArmVmp : Match on catch block at 0xc3 in for 0xa5
03-09 19:12:03.116 16664 16664 E ArmVmp : Match on catch block at 0xc3 in for 0xa9
03-09 19:12:03.131 16664 16664 E ArmVmp : Match on catch block at 0xc3 in for 0xa1
03-09 19:12:03.133 16664 16664 E ArmVmp : Match on catch block at 0xc3 in for 0xa5
03-09 19:12:03.148 16664 16664 E ArmVmp : Match on catch block at 0xc3 in for 0xa5
03-09 19:12:03.150 16664 16664 E ArmVmp : Match on catch block at 0xc3 in for 0xa9
03-09 19:12:03.164 16664 16664 E ArmVmp : Match on catch block at 0xc3 in for 0xa9
03-09 19:12:03.166 16664 16664 E ArmVmp : Match on catch block at 0xc3 in for 0xa1
03-09 19:12:03.181 16664 16664 E ArmVmp : Match on catch block at 0xc3 in for 0xa5
03-09 19:12:03.183 16664 16664 E ArmVmp : Match on catch block at 0xc3 in for 0xa9
03-09 19:12:03.197 16664 16664 E ArmVmp : Match on catch block at 0xc3 in for 0xa9
03-09 19:12:03.200 16664 16664 E ArmVmp : Match on catch block at 0xc3 in for 0xa1
03-09 19:12:03.214 16664 16664 E ArmVmp : Match on catch block at 0xc3 in for 0xa1
03-09 19:12:03.216 16664 16664 E ArmVmp : Match on catch block at 0xc3 in for 0xa5
03-09 19:12:03.231 16664 16664 E ArmVmp : Match on catch block at 0xc3 in for 0xa9
03-09 19:12:03.233 16664 16664 E ArmVmp : Match on catch block at 0xc3 in for 0xa1
03-09 19:12:03.281 16664 16664 E ArmVmp : Match on catch block at 0xc3 in for 0xa5
03-09 19:12:03.283 16664 16664 E ArmVmp : Match on catch block at 0xc3 in for 0xa9
03-09 19:12:03.517 16664 16664 E ArmVmp : Match on catch block at 0xc3 in for 0xa9
03-09 19:12:03.522 16664 16664 E ArmVmp : Match on catch block at 0xc3 in for 0xa1
03-09 19:12:04.019 16664 16664 E ArmVmp : Match on catch block at 0xc3 in for 0xa1
03-09 19:12:04.023 16664 16664 E ArmVmp : Match on catch block at 0xc3 in for 0xa5
03-09 19:12:04.236 16664 16664 E ArmVmp : Match on catch block at 0xc3 in for 0xa9
03-09 19:12:04.239 16664 16664 E ArmVmp : Match on catch block at 0xc3 in for 0xa1
03-09 19:12:04.255 16664 16664 E ArmVmp : Match on catch block at 0xc3 in for 0xa9
03-09 19:12:04.258 16664 16664 E ArmVmp : Match on catch block at 0xc3 in for 0xa1
03-09 19:12:04.267 16664 16664 E ArmVmp : Match on catch block at 0xc3 in for 0xa1
03-09 19:12:04.269 16664 16664 E ArmVmp : Match on catch block at 0xc3 in for 0xa5
03-09 19:12:04.284 16664 16664 E ArmVmp : Match on catch block at 0xc3 in for 0xa5
03-09 19:12:04.286 16664 16664 E ArmVmp : Match on catch block at 0xc3 in for 0xa9
03-09 19:12:04.300 16664 16664 E ArmVmp : Match on catch block at 0xc3 in for 0xa9
03-09 19:12:04.302 16664 16664 E ArmVmp : Match on catch block at 0xc3 in for 0xa1
03-09 19:12:04.317 16664 16664 E ArmVmp : Match on catch block at 0xc3 in for 0xa1
03-09 19:12:04.319 16664 16664 E ArmVmp : Match on catch block at 0xc3 in for 0xa5
03-09 19:12:04.334 16664 16664 E ArmVmp : Match on catch block at 0xc3 in for 0xa5
03-09 19:12:04.336 16664 16664 E ArmVmp : Match on catch block at 0xc3 in for 0xa9
03-09 19:12:04.353 16664 16664 E ArmVmp : Match on catch block at 0xc3 in for 0xa9
03-09 19:12:04.356 16664 16664 E ArmVmp : Match on catch block at 0xc3 in for 0xa1
03-09 19:12:04.367 16664 16664 E ArmVmp : Match on catch block at 0xc3 in for 0xa1
03-09 19:12:04.370 16664 16664 E ArmVmp : Match on catch block at 0xc3 in for 0xa5
03-09 19:12:04.384 16664 16664 E ArmVmp : Match on catch block at 0xc3 in for 0xa5
03-09 19:12:04.386 16664 16664 E ArmVmp : Match on catch block at 0xc3 in for 0xa9
03-09 19:12:04.401 16664 16664 E ArmVmp : Match on catch block at 0xc3 in for 0xa9
03-09 19:12:04.403 16664 16664 E ArmVmp : Match on catch block at 0xc3 in for 0xa1
03-09 19:12:04.417 16664 16664 E ArmVmp : Match on catch block at 0xc3 in for 0xa1
03-09 19:12:04.420 16664 16664 E ArmVmp : Match on catch block at 0xc3 in for 0xa5
03-09 19:12:04.434 16664 16664 E ArmVmp : Match on catch block at 0xc3 in for 0xa5
03-09 19:12:04.436 16664 16664 E ArmVmp : Match on catch block at 0xc3 in for 0xa9
03-09 19:12:04.685 16664 16664 E ArmVmp : Match on catch block at 0xc3 in for 0xa9
03-09 19:12:04.690 16664 16664 E ArmVmp : Match on catch block at 0xc3 in for 0xa1
03-09 19:12:05.204 16664 16664 E ArmVmp : Match on catch block at 0xc3 in for 0xa1
03-09 19:12:05.210 16664 16664 E ArmVmp : Match on catch block at 0xc3 in for 0xa5
03-09 19:12:05.706 16664 16664 E ArmVmp : Match on catch block at 0xc3 in for 0xa5
03-09 19:12:05.710 16664 16664 E ArmVmp : Match on catch block at 0xc3 in for 0xa9
03-09 19:12:06.189 16664 16664 E ArmVmp : Match on catch block at 0xc3 in for 0xa9
03-09 19:12:06.193 16664 16664 E ArmVmp : Match on catch block at 0xc3 in for 0xa1
03-09 19:12:06.556 16664 16664 E ArmVmp : Match on catch block at 0xc3 in for 0xa1
03-09 19:12:06.558 16664 16664 E ArmVmp : Match on catch block at 0xc3 in for 0xa5
03-09 19:12:06.857 16664 16664 E ArmVmp : Match on catch block at 0xc3 in for 0xa5
03-09 19:12:06.860 16664 16664 E ArmVmp : Match on catch block at 0xc3 in for 0xa9
03-09 19:12:07.359 16664 16664 E ArmVmp : Match on catch block at 0xc3 in for 0xa9
03-09 19:12:07.365 16664 16664 E ArmVmp : Match on catch block at 0xc3 in for 0xa1
03-09 19:12:07.710 16664 16664 E ArmVmp : Match on catch block at 0xc3 in for 0xa1
03-09 19:12:07.714 16664 16664 E ArmVmp : Match on catch block at 0xc3 in for 0xa5
03-09 19:12:07.910 16664 16664 E ArmVmp : Match on catch block at 0xc3 in for 0xa5
03-09 19:12:07.915 16664 16664 E ArmVmp : Match on catch block at 0xc3 in for 0xa9
03-09 19:12:08.093 16664 16664 E ArmVmp : Match on catch block at 0xc3 in for 0xa9
03-09 19:12:08.097 16664 16664 E ArmVmp : Match on catch block at 0xc3 in for 0xa1
03-09 19:12:08.344 16664 16664 E ArmVmp : Match on catch block at 0xc3 in for 0xa1
03-09 19:12:08.347 16664 16664 E ArmVmp : Match on catch block at 0xc3 in for 0xa5
03-09 19:12:08.846 16664 16664 E ArmVmp : Match on catch block at 0xc3 in for 0xa5
03-09 19:12:08.851 16664 16664 E ArmVmp : Match on catch block at 0xc3 in for 0xa9
03-09 19:12:09.031 16664 16664 E ArmVmp : Match on catch block at 0xc3 in for 0xa1
03-09 19:12:09.035 16664 16664 E ArmVmp : Match on catch block at 0xc3 in for 0xa5
03-09 19:12:09.065 16664 16664 E ArmVmp : Match on catch block at 0xc3 in for 0xa9
03-09 19:12:09.068 16664 16664 E ArmVmp : Match on catch block at 0xc3 in for 0xa1
03-09 19:12:09.085 16664 16664 E ArmVmp : Match on catch block at 0xc3 in for 0xa5
03-09 19:12:09.089 16664 16664 E ArmVmp : Match on catch block at 0xc3 in for 0xa9
03-09 19:12:09.096 16664 16664 E ArmVmp : Match on catch block at 0xc3 in for 0xa9
03-09 19:12:09.099 16664 16664 E ArmVmp : Match on catch block at 0xc3 in for 0xa1
03-09 19:12:09.112 16664 16664 E ArmVmp : Match on catch block at 0xc3 in for 0xa1
03-09 19:12:09.116 16664 16664 E ArmVmp : Match on catch block at 0xc3 in for 0xa5
03-09 19:12:09.129 16664 16664 E ArmVmp : Match on catch block at 0xc3 in for 0xa5
03-09 19:12:09.132 16664 16664 E ArmVmp : Match on catch block at 0xc3 in for 0xa9
03-09 19:12:09.187 16664 16664 E ArmVmp : Match on catch block at 0xc3 in for 0xa9
03-09 19:12:09.189 16664 16664 E ArmVmp : Match on catch block at 0xc3 in for 0xa1
03-09 19:12:09.227 16664 16664 E ArmVmp : Match on catch block at 0xc3 in for 0xa1
03-09 19:12:09.229 16664 16664 E ArmVmp : Match on catch block at 0xc3 in for 0xa5
03-09 19:12:09.246 16664 16664 E ArmVmp : Match on catch block at 0xc3 in for 0xa5
03-09 19:12:09.250 16664 16664 E ArmVmp : Match on catch block at 0xc3 in for 0xa9
03-09 19:12:09.262 16664 16664 E ArmVmp : Match on catch block at 0xc3 in for 0xa9
03-09 19:12:09.266 16664 16664 E ArmVmp : Match on catch block at 0xc3 in for 0xa1
03-09 19:12:09.564 16664 16664 E ArmVmp : Match on catch block at 0xc3 in for 0xa9
03-09 19:12:09.567 16664 16664 E ArmVmp : Match on catch block at 0xc3 in for 0xa1
03-09 19:12:09.616 16664 16664 E ArmVmp : Match on catch block at 0xc3 in for 0xa9
03-09 19:12:09.619 16664 16664 E ArmVmp : Match on catch block at 0xc3 in for 0xa1
03-09 19:12:09.637 16664 16737 W MediaPlayer: Use of stream types is deprecated for operations other than volume control
03-09 19:12:09.637 16664 16737 W MediaPlayer: See the documentation of setAudioStreamType() for what to use instead with android.media.AudioAttributes to qualify your playback use case
03-09 19:12:10.065 16664 16664 E ArmVmp : Match on catch block at 0xc3 in for 0xa1
03-09 19:12:10.070 16664 16664 E ArmVmp : Match on catch block at 0xc3 in for 0xa5
03-09 19:12:10.567 16664 16664 E ArmVmp : Match on catch block at 0xc3 in for 0xa5
03-09 19:12:10.571 16664 16664 E ArmVmp : Match on catch block at 0xc3 in for 0xa9
03-09 19:12:11.069 16664 16664 E ArmVmp : Match on catch block at 0xc3 in for 0xa9
03-09 19:12:11.073 16664 16664 E ArmVmp : Match on catch block at 0xc3 in for 0xa1
03-09 19:12:11.554 16664 16664 E ArmVmp : Match on catch block at 0xc3 in for 0xa5
03-09 19:12:11.557 16664 16664 E ArmVmp : Match on catch block at 0xc3 in for 0xa9
03-09 19:12:11.573 16664 16664 E ArmVmp : Match on catch block at 0xc3 in for 0xa5
03-09 19:12:11.575 16664 16664 E ArmVmp : Match on catch block at 0xc3 in for 0xa9
03-09 19:12:11.585 16664 16664 E ArmVmp : Match on catch block at 0xc3 in for 0xa9
03-09 19:12:11.587 16664 16664 E ArmVmp : Match on catch block at 0xc3 in for 0xa1
