03-29 13:06:22.707 8230 8230 W System.err: at android.app.Instrumentation.newApplication(Instrumentation.java:1159)
03-29 13:06:22.707 8230 8230 W System.err: at android.app.LoadedApk.makeApplication(LoadedApk.java:1316)
03-29 13:06:22.707 8230 8230 W System.err: at android.app.ActivityThread.handleBindApplication(ActivityThread.java:7227)
03-29 13:06:22.707 8230 8230 W System.err: at android.app.ActivityThread.access$1600(ActivityThread.java:293)
03-29 13:06:22.707 8230 8230 W System.err: at android.app.ActivityThread$H.handleMessage(ActivityThread.java:2151)
03-29 13:06:22.707 8230 8230 W System.err: at android.os.Handler.dispatchMessage(Handler.java:106)
03-29 13:06:22.708 8230 8230 W System.err: at android.os.Looper.loop(Looper.java:263)
03-29 13:06:22.708 8230 8230 W System.err: at android.app.ActivityThread.main(ActivityThread.java:8292)
03-29 13:06:22.708 8230 8230 W System.err: at java.lang.reflect.Method.invoke(Native Method)
03-29 13:06:22.708 8230 8230 W System.err: at com.android.internal.os.RuntimeInit$MethodAndArgsCaller.run(RuntimeInit.java:612)
03-29 13:06:22.708 8230 8230 W System.err: at com.android.internal.os.ZygoteInit.main(ZygoteInit.java:1006)
03-29 13:06:22.987 8230 8230 E CustomActivityOnCrash: IMPORTANT WARNING! You already have an UncaughtExceptionHandler, are you sure this is correct? If you use a custom UncaughtExceptionHandler, you must initialize it AFTER CustomActivityOnCrash! Installing anyway, but your original handler will not be called.
03-29 13:06:24.063 8230 8230 W com.mbwhatsapp: Accessing hidden method Lcom/android/org/conscrypt/OpenSSLSocketImpl;->setUseSessionTickets(Z)V (greylist- max-q,test-api, reflection, denied)
03-29 13:06:24.063 8230 8230 W com.mbwhatsapp: Accessing hidden method Lcom/android/org/conscrypt/AbstractConscryptSocket;->setUseSessionTickets(Z)V (greylist-max-q, reflection, denied)
03-29 13:06:24.262 8230 8230 W com.mbwhatsapp: type=1400 audit(0.0:1335789): avc: granted { execute } for path="/data/data/com.mbwhatsapp/files/decompressed/libs.spk.zst/libc++_shared.so" dev="sda10" ino=6828526 scontext=u:r:untrusted_app:s0:c223,c257,c512,c768 tcontext=u:object_r:app_data_file:s0:c223,c257,c512,c768 tclass=file app=com.mbwhatsapp
03-29 13:06:24.267 8230 8230 W linker : Warning: "/data/data/com.mbwhatsapp/files/decompressed/libs.spk.zst/libc++_shared.so" unused DT entry: unknown processor-specific (type 0x70000001 arg 0x0) (ignoring)
03-29 13:06:24.270 8230 8230 W com.mbwhatsapp: type=1400 audit(0.0:1335790): avc: granted { execute } for path="/data/data/com.mbwhatsapp/files/decompressed/libs.spk.zst/libvlc.so" dev="sda10" ino=6828519 scontext=u:r:untrusted_app:s0:c223,c257,c512,c768 tcontext=u:object_r:app_data_file:s0:c223,c257,c512,c768 tclass=file app=com.mbwhatsapp
03-29 13:06:24.302 8230 8230 W com.mbwhatsapp: type=1400 audit(0.0:1335791): avc: granted { execute } for path="/data/data/com.mbwhatsapp/files/decompressed/libs.spk.zst/libwhatsapp.so" dev="sda10" ino=6828520 scontext=u:r:untrusted_app:s0:c223,c257,c512,c768 tcontext=u:object_r:app_data_file:s0:c223,c257,c512,c768 tclass=file app=com.mbwhatsapp
03-29 13:06:24.362 8230 8230 W com.mbwhatsapp: type=1400 audit(0.0:1335792): avc: granted { execute } for path="/data/data/com.mbwhatsapp/files/decompressed/libs.spk.zst/libcurve25519.so" dev="sda10" ino=6828521 scontext=u:r:untrusted_app:s0:c223,c257,c512,c768 tcontext=u:object_r:app_data_file:s0:c223,c257,c512,c768 tclass=file app=com.mbwhatsapp
03-29 13:06:24.410 8230 8230 W com.mbwhatsapp: type=1400 audit(0.0:1335793): avc: granted { execute } for path="/data/data/com.mbwhatsapp/files/decompressed/libs.spk.zst/libwhatsapp.so" dev="sda10" ino=6828520 scontext=u:r:untrusted_app:s0:c223,c257,c512,c768 tcontext=u:object_r:app_data_file:s0:c223,c257,c512,c768 tclass=file app=com.mbwhatsapp
03-29 13:06:24.765 8230 8230 E ANR_LOG : >>> msg's executing time is too long
03-29 13:06:24.765 8230 8230 E ANR_LOG : Blocked msg = { when=-2s442ms what=110 target=android.app.ActivityThread$H obj=AppBindData{appInfo=ApplicationInfo{d4a51cd com.mbwhatsapp}} } , cost = 2440 ms
03-29 13:06:24.765 8230 8230 E ANR_LOG : >>>Current msg List is:
03-29 13:06:24.765 8230 8230 E ANR_LOG : Current msg <1> = { when=-2s441ms what=116 target=android.app.ActivityThread$H obj=android.os.BinderProxy@f1f7a82 }
03-29 13:06:24.765 8230 8230 E ANR_LOG : Current msg <2> = { when=-2s440ms what=114 target=android.app.ActivityThread$H obj=CreateServiceData{token=android.os.BinderProxy@f1f7a82 className=com.mbwhatsapp.messaging.MessageService packageName=com.mbwhatsapp intent=null} }
03-29 13:06:24.765 8230 8230 E ANR_LOG : Current msg <3> = { when=-2s440ms what=116 target=android.app.ActivityThread$H obj=android.os.BinderProxy@f1f7a82 }
03-29 13:06:24.765 8230 8230 E ANR_LOG : Current msg <4> = { when=-1s15ms what=0 target=android.app.ActivityThread$H callback=android.app.-$ $Lambda$LoadedApk$ReceiverDispatcher$Args$_BumDX2UKsnxLVrE6UJsJZkotuA }
03-29 13:06:24.765 8230 8230 E ANR_LOG : >>>CURRENT MSG DUMP OVER<<<
03-29 13:06:24.824 8230 8372 W com.mbwhatsapp: Class X.2rL failed lock verification and will run slower.
03-29 13:06:24.824 8230 8372 W com.mbwhatsapp: Common causes for lock verification issues are non-optimized dex code
03-29 13:06:24.824 8230 8372 W com.mbwhatsapp: and incorrect proguard optimizations.
03-29 13:06:26.817 8230 8390 E CheckPermission: _bluetooth code = 1
03-29 13:06:26.819 8230 8390 E CheckPermission: _bluetooth code = 3
03-29 13:06:26.821 8230 8390 E CheckPermission: _bluetooth code = 11
03-29 13:06:28.001 8230 8478 E Parcel : Reading a NULL string not supported here.
03-29 13:06:28.246 8230 8390 W com.mbwhatsapp: Verification of void X.3e2.run() took 107.376ms (36246.17 bytecodes/s) (101616B approximate peak alloc)
03-29 13:06:28.530 8230 8230 E OplusCustomizeRestrictionManager: sInstance is null, start a new sInstance
03-29 13:06:29.930 8230 8230 W com.mbwhatsapp: Class X.0eU failed lock verification and will run slower.
03-29 13:06:30.050 8230 8230 E Parcel : Reading a NULL string not supported here.
03-29 13:06:30.131 8230 8509 E libEGL : Invalid file path for libcolorx- loader.so
03-29 13:06:30.198 8230 8230 W com.mbwhatsapp: Class com.mbwhatsapp.HomeActivity failed lock verification and will run slower.
03-29 13:06:30.688 8230 8230 E ArmVmp : Match on catch block at 0x0a in for 0xc9
03-29 13:06:30.726 8230 8230 E ArmVmp : Match on catch block at 0x0a in for 0x135
03-29 13:06:30.730 8230 8230 E Parcel : Reading a NULL string not supported here.
03-29 13:06:30.776 8230 8230 E Parcel : Reading a NULL string not supported here.
03-29 13:06:32.173 8230 8517 W com.mbwhatsapp: Accessing hidden method Lcom/android/org/conscrypt/ConscryptEngineSocket;->setUseSessionTickets(Z)V (greylist-max-q,test-api, reflection, denied)
03-29 13:06:32.174 8230 8517 W com.mbwhatsapp: Accessing hidden method Lcom/android/org/conscrypt/OpenSSLSocketImpl;->setUseSessionTickets(Z)V (greylist- max-q,test-api, reflection, denied)
03-29 13:06:32.174 8230 8517 W com.mbwhatsapp: Accessing hidden method Lcom/android/org/conscrypt/AbstractConscryptSocket;->setUseSessionTickets(Z)V (greylist-max-q, reflection, denied)
03-29 13:06:32.174 8230 8517 W com.mbwhatsapp: Accessing hidden method Lcom/android/org/conscrypt/ConscryptEngineSocket;->setHostname(Ljava/lang/String;)V (greylist-max-q,test-api, reflection, denied)
03-29 13:06:32.174 8230 8517 W com.mbwhatsapp: Accessing hidden method Lcom/android/org/conscrypt/OpenSSLSocketImpl;->setHostname(Ljava/lang/String;)V (greylist-max-q,test-api, reflection, denied)
03-29 13:06:32.174 8230 8517 W com.mbwhatsapp: Accessing hidden method Lcom/android/org/conscrypt/AbstractConscryptSocket;->setHostname(Ljava/lang/ String;)V (greylist-max-q, reflection, denied)
03-29 13:06:32.175 8230 8517 W com.mbwhatsapp: Accessing hidden method Lcom/android/org/conscrypt/OpenSSLSocketImpl;->setAlpnProtocols([B)V (greylist-max- q,test-api, reflection, denied)
03-29 13:06:32.175 8230 8517 W com.mbwhatsapp: Accessing hidden method Lcom/android/org/conscrypt/AbstractConscryptSocket;->setAlpnProtocols([B)V (greylist-max-q, reflection, denied)
03-29 13:06:32.227 8230 8230 E RecyclerView: No adapter attached; skipping layout
03-29 13:06:32.305 8230 8230 E RecyclerView: No adapter attached; skipping layout
03-29 13:06:32.323 8230 8532 E libEGL : Invalid file path for libcolorx- loader.so
03-29 13:06:32.327 8230 8230 E ArmVmp : Match on catch block at 0x0a in for 0xd5
03-29 13:06:32.425 8230 8230 E ScreenmodeClient: display mode not support
03-29 13:06:32.532 8230 8536 W LOTTIE : Animation contains merge paths. Merge paths are only supported on KitKat+ and must be manually enabled by calling enableMergePathsForKitKatAndAbove().
03-29 13:06:32.586 8230 8507 E libEGL : Invalid file path for libcolorx- loader.so
03-29 13:06:32.606 8230 8507 E libEGL : Invalid file path for libcolorx- loader.so
03-29 13:06:32.610 8230 8507 E libEGL : Invalid file path for libcolorx- loader.so
03-29 13:06:32.610 8230 8507 E libEGL : Invalid file path for libcolorx- loader.so
03-29 13:06:32.612 8230 8507 E libEGL : Invalid file path for libcolorx- loader.so
03-29 13:06:32.624 8230 8517 W com.mbwhatsapp: Accessing hidden method Lcom/android/org/conscrypt/OpenSSLSocketImpl;->getAlpnSelectedProtocol()[B (greylist-max-q,test-api, reflection, denied)
03-29 13:06:32.624 8230 8517 W com.mbwhatsapp: Accessing hidden method Lcom/android/org/conscrypt/AbstractConscryptSocket;->getAlpnSelectedProtocol()[B (greylist-max-q, reflection, denied)
03-29 13:06:32.820 8230 8230 W LOTTIE : Animation contains merge paths but they are disabled.
03-29 13:06:32.939 8230 8230 E ArmVmp : Match on catch block at 0x5b in for 0x89
03-29 13:06:32.980 8230 8230 E ArmVmp : Match on catch block at 0x5b in for 0x89
03-29 13:06:32.995 8230 8230 E ArmVmp : Match on catch block at 0x5b in for 0x89
03-29 13:06:32.990 8230 8230 W pool-5-thread-1: type=1400 audit(0.0:1335805): avc: granted { execute } for path="/data/data/com.mbwhatsapp/files/decompressed/libs.spk.zst/libgifimage.so" dev="sda10" ino=6828523 scontext=u:r:untrusted_app:s0:c223,c257,c512,c768 tcontext=u:object_r:app_data_file:s0:c223,c257,c512,c768 tclass=file app=com.mbwhatsapp
03-29 13:06:33.013 8230 8230 E ArmVmp : Match on catch block at 0x5b in for 0x89
03-29 13:06:33.398 8230 8554 E Parcel : Reading a NULL string not supported here.
03-29 13:06:38.829 8230 8230 E Parcel : Reading a NULL string not supported here.
03-29 13:06:38.933 8230 8634 E libEGL : Invalid file path for libcolorx- loader.so
03-29 13:06:39.233 8230 8644 E linker : library "" ("/apex/com.android.vndk.v30/lib64") needed or dlopened by "/apex/com.android.vndk.v30/lib64/libRS_internal.so" is not accessible for the namespace: [name="rs", ld_library_paths="", default_library_paths="/apex/com.android.vndk.v30/lib64:/odm/lib64:/vendor/lib64", permitted_paths="/odm/lib64:/vendor/lib64:/system/vendor/lib64:/data"]
03-29 13:06:39.233 8230 8644 E RenderScript: Failed loading RS driver: dlopen failed: library "" needed or dlopened by "/apex/com.android.vndk.v30/lib64/libRS_internal.so" is not accessible for the namespace "rs"
03-29 13:06:39.233 8230 8644 E RenderScript: Failed to load runtime , loading default
03-29 13:06:39.420 8230 8654 W LOTTIE : Unknown shape type rd
03-29 13:06:39.581 8230 8230 E ArmVmp : Match on catch block at 0x0a in for 0xc5
03-29 13:06:39.588 8230 8230 E ArmVmp : Match on catch block at 0x0a in for 0xc5
03-29 13:06:40.072 8230 8230 E ArmVmp : Match on catch block at 0xc3 in for 0xb5
03-29 13:06:40.135 8230 8230 E ArmVmp : Match on catch block at 0xc3 in for 0xb1
03-29 13:06:40.139 8230 8230 E ArmVmp : Match on catch block at 0xc3 in for 0xb1
03-29 13:06:40.296 8230 8230 E ArmVmp : Match on catch block at 0xc3 in for 0xa1
03-29 13:06:40.310 8230 8230 E ArmVmp : Match on catch block at 0xc3 in for 0xa9
03-29 13:06:40.316 8230 8230 E ArmVmp : Match on catch block at 0xc3 in for 0xa9
03-29 13:06:40.394 8230 8230 E ArmVmp : Match on catch block at 0xc3 in for 0xa9
03-29 13:06:40.399 8230 8230 E ArmVmp : Match on catch block at 0xc3 in for 0xa1
03-29 13:06:40.402 8230 8230 E ArmVmp : Match on catch block at 0xc3 in for 0xa1
03-29 13:06:40.435 8230 8230 E ArmVmp : Match on catch block at 0xc3 in for 0xa5
03-29 13:06:40.440 8230 8230 E ArmVmp : Match on catch block at 0xc3 in for 0xa9
03-29 13:06:40.442 8230 8230 E ArmVmp : Match on catch block at 0xc3 in for 0xa9
03-29 13:06:40.671 8230 8230 E ArmVmp : Match on catch block at 0xc3 in for 0xa1
03-29 13:06:40.676 8230 8230 E ArmVmp : Match on catch block at 0xc3 in for 0xa5
03-29 13:06:40.679 8230 8230 E ArmVmp : Match on catch block at 0xc3 in for 0xa5
03-29 13:06:40.886 8230 8230 E ArmVmp : Match on catch block at 0xc3 in for 0xa9
03-29 13:06:40.895 8230 8230 E ArmVmp : Match on catch block at 0xc3 in for 0xa1
03-29 13:06:40.900 8230 8230 E ArmVmp : Match on catch block at 0xc3 in for 0xa1
03-29 13:06:41.366 8230 8230 E ArmVmp : Match on catch block at 0xc3 in for 0xa5
03-29 13:06:41.371 8230 8230 E ArmVmp : Match on catch block at 0xc3 in for 0xa9
03-29 13:06:41.374 8230 8230 E ArmVmp : Match on catch block at 0xc3 in for 0xa9
03-29 13:06:41.621 8230 8230 E ArmVmp : Match on catch block at 0xc3 in for 0xa1
03-29 13:06:41.628 8230 8230 E ArmVmp : Match on catch block at 0xc3 in for 0xa5
03-29 13:06:41.633 8230 8230 E ArmVmp : Match on catch block at 0xc3 in for 0xa5
03-29 13:06:41.885 8230 8230 E ArmVmp : Match on catch block at 0xc3 in for 0xa9
03-29 13:06:41.895 8230 8230 E ArmVmp : Match on catch block at 0xc3 in for 0xa1
03-29 13:06:41.899 8230 8230 E ArmVmp : Match on catch block at 0xc3 in for 0xa1
03-29 13:06:42.207 8230 8230 E ArmVmp : Match on catch block at 0xc3 in for 0xa1
03-29 13:06:42.216 8230 8230 E ArmVmp : Match on catch block at 0xc3 in for 0xa5
03-29 13:06:42.264 8230 8230 E ArmVmp : Match on catch block at 0xc3 in for 0xa5
03-29 13:06:42.268 8230 8230 E ArmVmp : Match on catch block at 0xc3 in for 0xa9
03-29 13:06:42.271 8230 8230 E ArmVmp : Match on catch block at 0xc3 in for 0xa9
03-29 13:06:42.333 8230 8230 E ArmVmp : Match on catch block at 0xc3 in for 0xa1
03-29 13:06:42.338 8230 8230 E ArmVmp : Match on catch block at 0xc3 in for 0xa5
03-29 13:06:42.341 8230 8230 E ArmVmp : Match on catch block at 0xc3 in for 0xa5
03-29 13:06:42.369 8230 8230 E ArmVmp : Match on catch block at 0xc3 in for 0xa9
03-29 13:06:42.376 8230 8230 E ArmVmp : Match on catch block at 0xc3 in for 0xa1
03-29 13:06:42.379 8230 8230 E ArmVmp : Match on catch block at 0xc3 in for 0xa1
03-29 13:06:42.404 8230 8230 E ArmVmp : Match on catch block at 0xc3 in for 0xa1
03-29 13:06:42.407 8230 8230 E ArmVmp : Match on catch block at 0xc3 in for 0xa5
03-29 13:06:42.418 8230 8230 E ArmVmp : Match on catch block at 0xc3 in for 0xa5
03-29 13:06:42.422 8230 8230 E ArmVmp : Match on catch block at 0xc3 in for 0xa9
03-29 13:06:42.424 8230 8230 E ArmVmp : Match on catch block at 0xc3 in for 0xa9
03-29 13:06:42.435 8230 8230 E ArmVmp : Match on catch block at 0xc3 in for 0xa1
03-29 13:06:42.441 8230 8230 E ArmVmp : Match on catch block at 0xc3 in for 0xa5
03-29 13:06:42.444 8230 8230 E ArmVmp : Match on catch block at 0xc3 in for 0xa5
03-29 13:06:42.467 8230 8230 E ArmVmp : Match on catch block at 0xc3 in for 0xa5
03-29 13:06:42.472 8230 8230 E ArmVmp : Match on catch block at 0xc3 in for 0xa9
03-29 13:06:42.474 8230 8230 E ArmVmp : Match on catch block at 0xc3 in for 0xa9
03-29 13:06:42.496 8230 8230 E ArmVmp : Match on catch block at 0xc3 in for 0xa5
03-29 13:06:42.501 8230 8230 E ArmVmp : Match on catch block at 0xc3 in for 0xa9
03-29 13:06:42.505 8230 8230 E ArmVmp : Match on catch block at 0xc3 in for 0xa9
03-29 13:06:42.514 8230 8230 E ArmVmp : Match on catch block at 0xc3 in for 0xa5
03-29 13:06:42.519 8230 8230 E ArmVmp : Match on catch block at 0xc3 in for 0xa9
03-29 13:06:42.521 8230 8230 E ArmVmp : Match on catch block at 0xc3 in for 0xa9
03-29 13:06:42.530 8230 8230 E ArmVmp : Match on catch block at 0xc3 in for 0xa5
03-29 13:06:42.534 8230 8230 E ArmVmp : Match on catch block at 0xc3 in for 0xa9
03-29 13:06:42.537 8230 8230 E ArmVmp : Match on catch block at 0xc3 in for 0xa9
03-29 13:06:42.548 8230 8230 E ArmVmp : Match on catch block at 0xc3 in for 0xa5
03-29 13:06:42.552 8230 8230 E ArmVmp : Match on catch block at 0xc3 in for 0xa9
03-29 13:06:42.555 8230 8230 E ArmVmp : Match on catch block at 0xc3 in for 0xa9
03-29 13:06:42.566 8230 8230 E ArmVmp : Match on catch block at 0xc3 in for 0xa5
03-29 13:06:42.573 8230 8230 E ArmVmp : Match on catch block at 0xc3 in for 0xa9
03-29 13:06:42.575 8230 8230 E ArmVmp : Match on catch block at 0xc3 in for 0xa9
03-29 13:06:42.888 8230 8230 E ArmVmp : Match on catch block at 0xc3 in for 0xa1
03-29 13:06:42.895 8230 8230 E ArmVmp : Match on catch block at 0xc3 in for 0xa5
03-29 13:06:42.900 8230 8230 E ArmVmp : Match on catch block at 0xc3 in for 0xa5
03-29 13:06:43.222 8230 8230 E ArmVmp : Match on catch block at 0xc3 in for 0xa9
03-29 13:06:43.230 8230 8230 E ArmVmp : Match on catch block at 0xc3 in for 0xa1
03-29 13:06:43.237 8230 8230 E ArmVmp : Match on catch block at 0xc3 in for 0xa1
03-29 13:06:43.245 8230 8230 E ArmVmp : Match on catch block at 0xc3 in for 0xa5
03-29 13:06:43.251 8230 8230 E ArmVmp : Match on catch block at 0xc3 in for 0xa9
03-29 13:06:43.254 8230 8230 E ArmVmp : Match on catch block at 0xc3 in for 0xa9
03-29 13:06:43.259 8230 8230 E ArmVmp : Match on catch block at 0xc3 in for 0xa1
03-29 13:06:43.265 8230 8230 E ArmVmp : Match on catch block at 0xc3 in for 0xa5
03-29 13:06:43.268 8230 8230 E ArmVmp : Match on catch block at 0xc3 in for 0xa5
03-29 13:06:43.274 8230 8230 E ArmVmp : Match on catch block at 0xc3 in for 0xa9
03-29 13:06:43.281 8230 8230 E ArmVmp : Match on catch block at 0xc3 in for 0xa1
03-29 13:06:43.284 8230 8230 E ArmVmp : Match on catch block at 0xc3 in for 0xa1
03-29 13:06:43.290 8230 8230 E ArmVmp : Match on catch block at 0xc3 in for 0xa5
03-29 13:06:43.295 8230 8230 E ArmVmp : Match on catch block at 0xc3 in for 0xa9
03-29 13:06:43.298 8230 8230 E ArmVmp : Match on catch block at 0xc3 in for 0xa9
03-29 13:06:43.305 8230 8230 E ArmVmp : Match on catch block at 0xc3 in for 0xa1
03-29 13:06:43.310 8230 8230 E ArmVmp : Match on catch block at 0xc3 in for 0xa5
03-29 13:06:43.312 8230 8230 E ArmVmp : Match on catch block at 0xc3 in for 0xa5
03-29 13:06:43.322 8230 8230 E ArmVmp : Match on catch block at 0xc3 in for 0xa9
03-29 13:06:43.326 8230 8230 E ArmVmp : Match on catch block at 0xc3 in for 0xa1
03-29 13:06:43.329 8230 8230 E ArmVmp : Match on catch block at 0xc3 in for 0xa1
03-29 13:06:43.339 8230 8230 E ArmVmp : Match on catch block at 0xc3 in for 0xa5
03-29 13:06:43.345 8230 8230 E ArmVmp : Match on catch block at 0xc3 in for 0xa9
03-29 13:06:43.347 8230 8230 E ArmVmp : Match on catch block at 0xc3 in for 0xa9
03-29 13:06:43.356 8230 8230 E ArmVmp : Match on catch block at 0xc3 in for 0xa1
03-29 13:06:43.362 8230 8230 E ArmVmp : Match on catch block at 0xc3 in for 0xa5
03-29 13:06:43.365 8230 8230 E ArmVmp : Match on catch block at 0xc3 in for 0xa5
03-29 13:06:43.372 8230 8230 E ArmVmp : Match on catch block at 0xc3 in for 0xa9
03-29 13:06:43.377 8230 8230 E ArmVmp : Match on catch block at 0xc3 in for 0xa1
03-29 13:06:43.380 8230 8230 E ArmVmp : Match on catch block at 0xc3 in for 0xa1
03-29 13:06:43.390 8230 8230 E ArmVmp : Match on catch block at 0xc3 in for 0xa5
03-29 13:06:43.395 8230 8230 E ArmVmp : Match on catch block at 0xc3 in for 0xa9
03-29 13:06:43.398 8230 8230 E ArmVmp : Match on catch block at 0xc3 in for 0xa9
03-29 13:06:43.405 8230 8230 E ArmVmp : Match on catch block at 0xc3 in for 0xa1
03-29 13:06:43.411 8230 8230 E ArmVmp : Match on catch block at 0xc3 in for 0xa5
03-29 13:06:43.414 8230 8230 E ArmVmp : Match on catch block at 0xc3 in for 0xa5
03-29 13:06:43.422 8230 8230 E ArmVmp : Match on catch block at 0xc3 in for 0xa9
03-29 13:06:43.427 8230 8230 E ArmVmp : Match on catch block at 0xc3 in for 0xa1
03-29 13:06:43.430 8230 8230 E ArmVmp : Match on catch block at 0xc3 in for 0xa1
03-29 13:06:43.440 8230 8230 E ArmVmp : Match on catch block at 0xc3 in for 0xa5
03-29 13:06:43.445 8230 8230 E ArmVmp : Match on catch block at 0xc3 in for 0xa9
03-29 13:06:43.447 8230 8230 E ArmVmp : Match on catch block at 0xc3 in for 0xa9
03-29 13:06:43.457 8230 8230 E ArmVmp : Match on catch block at 0xc3 in for 0xa1
03-29 13:06:43.462 8230 8230 E ArmVmp : Match on catch block at 0xc3 in for 0xa5
03-29 13:06:43.465 8230 8230 E ArmVmp : Match on catch block at 0xc3 in for 0xa5
03-29 13:06:43.473 8230 8230 E ArmVmp : Match on catch block at 0xc3 in for 0xa9
03-29 13:06:43.478 8230 8230 E ArmVmp : Match on catch block at 0xc3 in for 0xa1
03-29 13:06:43.481 8230 8230 E ArmVmp : Match on catch block at 0xc3 in for 0xa1
03-29 13:06:43.907 8230 8230 E ArmVmp : Match on catch block at 0xc3 in for 0xa5
03-29 13:06:43.914 8230 8230 E ArmVmp : Match on catch block at 0xc3 in for 0xa9
03-29 13:06:43.918 8230 8230 E ArmVmp : Match on catch block at 0xc3 in for 0xa9
03-29 13:06:44.442 8230 8230 E ArmVmp : Match on catch block at 0xc3 in for 0xa1
03-29 13:06:44.447 8230 8230 E ArmVmp : Match on catch block at 0xc3 in for 0xa5
03-29 13:06:44.449 8230 8230 E ArmVmp : Match on catch block at 0xc3 in for 0xa5
03-29 13:06:44.458 8230 8230 E ArmVmp : Match on catch block at 0xc3 in for 0xa9
03-29 13:06:44.463 8230 8230 E ArmVmp : Match on catch block at 0xc3 in for 0xa1
03-29 13:06:44.470 8230 8230 E ArmVmp : Match on catch block at 0xc3 in for 0xa1
03-29 13:06:44.506 8230 8230 E ArmVmp : Match on catch block at 0xc3 in for 0xa1
03-29 13:06:44.510 8230 8230 E ArmVmp : Match on catch block at 0xc3 in for 0xa5
03-29 13:06:44.513 8230 8230 E ArmVmp : Match on catch block at 0xc3 in for 0xa5
03-29 13:06:44.564 8230 8230 E ArmVmp : Match on catch block at 0xc3 in for 0xa9
03-29 13:06:44.568 8230 8230 E ArmVmp : Match on catch block at 0xc3 in for 0xa1
03-29 13:06:44.586 8230 8230 E ArmVmp : Match on catch block at 0xc3 in for 0xa1
03-29 13:06:44.591 8230 8230 E ArmVmp : Match on catch block at 0xc3 in for 0xa5
03-29 13:06:44.594 8230 8230 E ArmVmp : Match on catch block at 0xc3 in for 0xa5
03-29 13:06:44.600 8230 8230 E ArmVmp : Match on catch block at 0xc3 in for 0xa9
03-29 13:06:44.605 8230 8230 E ArmVmp : Match on catch block at 0xc3 in for 0xa1
03-29 13:06:44.608 8230 8230 E ArmVmp : Match on catch block at 0xc3 in for 0xa1
03-29 13:06:44.617 8230 8230 E ArmVmp : Match on catch block at 0xc3 in for 0xa5
03-29 13:06:44.621 8230 8230 E ArmVmp : Match on catch block at 0xc3 in for 0xa9
03-29 13:06:44.625 8230 8230 E ArmVmp : Match on catch block at 0xc3 in for 0xa9
03-29 13:06:44.633 8230 8230 E ArmVmp : Match on catch block at 0xc3 in for 0xa1
03-29 13:06:44.637 8230 8230 E ArmVmp : Match on catch block at 0xc3 in for 0xa5
03-29 13:06:44.639 8230 8230 E ArmVmp : Match on catch block at 0xc3 in for 0xa5
03-29 13:06:44.645 8230 8230 E ArmVmp : Match on catch block at 0xc3 in for 0xa9
03-29 13:06:44.648 8230 8230 E ArmVmp : Match on catch block at 0xc3 in for 0xa1
03-29 13:06:44.651 8230 8230 E ArmVmp : Match on catch block at 0xc3 in for 0xa1
03-29 13:06:44.658 8230 8230 E ArmVmp : Match on catch block at 0xc3 in for 0xa5
03-29 13:06:44.662 8230 8230 E ArmVmp : Match on catch block at 0xc3 in for 0xa9
03-29 13:06:44.665 8230 8230 E ArmVmp : Match on catch block at 0xc3 in for 0xa9
03-29 13:06:44.677 8230 8230 E ArmVmp : Match on catch block at 0xc3 in for 0xa1
03-29 13:06:44.683 8230 8230 E ArmVmp : Match on catch block at 0xc3 in for 0xa5
03-29 13:06:44.686 8230 8230 E ArmVmp : Match on catch block at 0xc3 in for 0xa5
03-29 13:06:44.692 8230 8230 E ArmVmp : Match on catch block at 0xc3 in for 0xa9
03-29 13:06:44.696 8230 8230 E ArmVmp : Match on catch block at 0xc3 in for 0xa1
03-29 13:06:44.699 8230 8230 E ArmVmp : Match on catch block at 0xc3 in for 0xa1
03-29 13:06:44.710 8230 8230 E ArmVmp : Match on catch block at 0xc3 in for 0xa5
03-29 13:06:44.715 8230 8230 E ArmVmp : Match on catch block at 0xc3 in for 0xa9
03-29 13:06:44.718 8230 8230 E ArmVmp : Match on catch block at 0xc3 in for 0xa9
03-29 13:06:44.726 8230 8230 E ArmVmp : Match on catch block at 0xc3 in for 0xa1
03-29 13:06:44.731 8230 8230 E ArmVmp : Match on catch block at 0xc3 in for 0xa5
03-29 13:06:44.734 8230 8230 E ArmVmp : Match on catch block at 0xc3 in for 0xa5
03-29 13:06:44.743 8230 8230 E ArmVmp : Match on catch block at 0xc3 in for 0xa9
03-29 13:06:44.749 8230 8230 E ArmVmp : Match on catch block at 0xc3 in for 0xa1
03-29 13:06:44.752 8230 8230 E ArmVmp : Match on catch block at 0xc3 in for 0xa1
03-29 13:06:44.760 8230 8230 E ArmVmp : Match on catch block at 0xc3 in for 0xa5
03-29 13:06:44.764 8230 8230 E ArmVmp : Match on catch block at 0xc3 in for 0xa9
03-29 13:06:44.767 8230 8230 E ArmVmp : Match on catch block at 0xc3 in for 0xa9
03-29 13:06:44.780 8230 8230 E ArmVmp : Match on catch block at 0xc3 in for 0xa1
03-29 13:06:44.784 8230 8230 E ArmVmp : Match on catch block at 0xc3 in for 0xa5
03-29 13:06:44.787 8230 8230 E ArmVmp : Match on catch block at 0xc3 in for 0xa5
03-29 13:06:44.793 8230 8230 E ArmVmp : Match on catch block at 0xc3 in for 0xa9
03-29 13:06:44.798 8230 8230 E ArmVmp : Match on catch block at 0xc3 in for 0xa1
03-29 13:06:44.800 8230 8230 E ArmVmp : Match on catch block at 0xc3 in for 0xa1
03-29 13:06:44.811 8230 8230 E ArmVmp : Match on catch block at 0xc3 in for 0xa5
03-29 13:06:44.815 8230 8230 E ArmVmp : Match on catch block at 0xc3 in for 0xa9
03-29 13:06:44.818 8230 8230 E ArmVmp : Match on catch block at 0xc3 in for 0xa9
03-29 13:06:44.827 8230 8230 E ArmVmp : Match on catch block at 0xc3 in for 0xa1
03-29 13:06:44.832 8230 8230 E ArmVmp : Match on catch block at 0xc3 in for 0xa5
03-29 13:06:44.834 8230 8230 E ArmVmp : Match on catch block at 0xc3 in for 0xa5
03-29 13:06:44.844 8230 8230 E ArmVmp : Match on catch block at 0xc3 in for 0xa9
03-29 13:06:44.848 8230 8230 E ArmVmp : Match on catch block at 0xc3 in for 0xa1
03-29 13:06:44.851 8230 8230 E ArmVmp : Match on catch block at 0xc3 in for 0xa1
03-29 13:06:44.860 8230 8230 E ArmVmp : Match on catch block at 0xc3 in for 0xa5
03-29 13:06:44.864 8230 8230 E ArmVmp : Match on catch block at 0xc3 in for 0xa9
03-29 13:06:44.866 8230 8230 E ArmVmp : Match on catch block at 0xc3 in for 0xa9
03-29 13:06:44.878 8230 8230 E ArmVmp : Match on catch block at 0xc3 in for 0xa1
03-29 13:06:44.882 8230 8230 E ArmVmp : Match on catch block at 0xc3 in for 0xa5
03-29 13:06:44.885 8230 8230 E ArmVmp : Match on catch block at 0xc3 in for 0xa5
03-29 13:06:44.894 8230 8230 E ArmVmp : Match on catch block at 0xc3 in for 0xa9
03-29 13:06:44.898 8230 8230 E ArmVmp : Match on catch block at 0xc3 in for 0xa1
03-29 13:06:44.901 8230 8230 E ArmVmp : Match on catch block at 0xc3 in for 0xa1
03-29 13:06:44.911 8230 8230 E ArmVmp : Match on catch block at 0xc3 in for 0xa5
03-29 13:06:44.916 8230 8230 E ArmVmp : Match on catch block at 0xc3 in for 0xa9
03-29 13:06:44.920 8230 8230 E ArmVmp : Match on catch block at 0xc3 in for 0xa9
03-29 13:06:44.928 8230 8230 E ArmVmp : Match on catch block at 0xc3 in for 0xa1
03-29 13:06:44.933 8230 8230 E ArmVmp : Match on catch block at 0xc3 in for 0xa5
03-29 13:06:44.936 8230 8230 E ArmVmp : Match on catch block at 0xc3 in for 0xa5
03-29 13:06:44.944 8230 8230 E ArmVmp : Match on catch block at 0xc3 in for 0xa9
03-29 13:06:44.949 8230 8230 E ArmVmp : Match on catch block at 0xc3 in for 0xa1
03-29 13:06:44.952 8230 8230 E ArmVmp : Match on catch block at 0xc3 in for 0xa1
03-29 13:06:44.961 8230 8230 E ArmVmp : Match on catch block at 0xc3 in for 0xa5
03-29 13:06:44.966 8230 8230 E ArmVmp : Match on catch block at 0xc3 in for 0xa9
03-29 13:06:44.969 8230 8230 E ArmVmp : Match on catch block at 0xc3 in for 0xa9
03-29 13:06:44.977 8230 8230 E ArmVmp : Match on catch block at 0xc3 in for 0xa1
03-29 13:06:44.982 8230 8230 E ArmVmp : Match on catch block at 0xc3 in for 0xa5
03-29 13:06:44.985 8230 8230 E ArmVmp : Match on catch block at 0xc3 in for 0xa5
03-29 13:06:45.388 8230 8230 E ArmVmp : Match on catch block at 0xc3 in for 0xa1
03-29 13:06:45.395 8230 8230 E ArmVmp : Match on catch block at 0xc3 in for 0xa5
03-29 13:06:45.399 8230 8230 E ArmVmp : Match on catch block at 0xc3 in for 0xa5
03-29 13:06:45.495 8230 8230 E ArmVmp : Match on catch block at 0xc3 in for 0xa9
03-29 13:06:45.500 8230 8230 E ArmVmp : Match on catch block at 0xc3 in for 0xa1
03-29 13:06:45.503 8230 8230 E ArmVmp : Match on catch block at 0xc3 in for 0xa1
03-29 13:06:45.536 8230 8230 E ArmVmp : Match on catch block at 0xc3 in for 0xa5
03-29 13:06:45.540 8230 8230 E ArmVmp : Match on catch block at 0xc3 in for 0xa9
03-29 13:06:45.543 8230 8230 E ArmVmp : Match on catch block at 0xc3 in for 0xa9
03-29 13:06:45.744 8230 8230 E ArmVmp : Match on catch block at 0xc3 in for 0xa5
03-29 13:06:45.749 8230 8230 E ArmVmp : Match on catch block at 0xc3 in for 0xa9
03-29 13:06:45.752 8230 8230 E ArmVmp : Match on catch block at 0xc3 in for 0xa9
03-29 13:06:45.946 8230 8230 E ArmVmp : Match on catch block at 0xc3 in for 0xa5
03-29 13:06:45.949 8230 8230 E ArmVmp : Match on catch block at 0xc3 in for 0xa9
03-29 13:06:45.952 8230 8230 E ArmVmp : Match on catch block at 0xc3 in for 0xa9
03-29 13:07:48.803 8230 8230 E Parcel : Reading a NULL string not supported here.
03-29 13:07:48.890 8230 8859 E libEGL : Invalid file path for libcolorx- loader.so
03-29 13:07:48.979 8230 8230 W TabLayout: MODE_SCROLLABLE + GRAVITY_FILL is not supported, GRAVITY_START will be used instead
03-29 13:07:48.998 8230 8860 E libc : Access denied finding property "vendor.camera.aux.packagelist"
03-29 13:07:48.998 8230 8860 E libc : Access denied finding property "vendor.camera.aux.packagelist"
03-29 13:07:48.998 8230 8832 E libc : Access denied finding property "vendor.camera.aux.packagelist"
03-29 13:07:48.994 8230 8230 W Optic-Task-Hand: type=1400 audit(0.0:1335825): avc: denied { read } for name="u:object_r:vendor_persist_camera_prop:s0" dev="tmpfs" ino=1290 scontext=u:r:untrusted_app:s0:c223,c257,c512,c768 tcontext=u:object_r:vendor_persist_camera_prop:s0 tclass=file permissive=0 app=com.mbwhatsapp
03-29 13:07:48.999 8230 8832 E libc : Access denied finding property "vendor.camera.aux.packagelist"
03-29 13:07:48.999 8230 8832 W CameraManagerGlobal: ignore the torch status update of camera: 2
03-29 13:07:48.999 8230 8832 E libc : Access denied finding property "vendor.camera.aux.packagelist"
03-29 13:07:48.999 8230 8832 W CameraManagerGlobal: ignore the torch status update of camera: 5
03-29 13:07:48.999 8230 8832 E libc : Access denied finding property "vendor.camera.aux.packagelist"
03-29 13:07:48.999 8230 8832 W CameraManagerGlobal: ignore the torch status update of camera: 6
03-29 13:07:48.999 8230 8832 E libc : Access denied finding property "vendor.camera.aux.packagelist"
03-29 13:07:48.999 8230 8832 W CameraManagerGlobal: ignore the torch status update of camera: 7
03-29 13:07:48.994 8230 8230 W Optic-Task-Hand: type=1400 audit(0.0:1335826): avc: denied { read } for name="u:object_r:vendor_persist_camera_prop:s0" dev="tmpfs" ino=1290 scontext=u:r:untrusted_app:s0:c223,c257,c512,c768 tcontext=u:object_r:vendor_persist_camera_prop:s0 tclass=file permissive=0 app=com.mbwhatsapp
03-29 13:07:48.994 8230 8230 W Optic-Task-Hand: type=1400 audit(0.0:1335827): avc: denied { read } for name="u:object_r:vendor_persist_camera_prop:s0" dev="tmpfs" ino=1290 scontext=u:r:untrusted_app:s0:c223,c257,c512,c768 tcontext=u:object_r:vendor_persist_camera_prop:s0 tclass=file permissive=0 app=com.mbwhatsapp
03-29 13:07:49.004 8230 8230 E Parcel : Reading a NULL string not supported here.
03-29 13:07:49.005 8230 8230 E Parcel : Reading a NULL string not supported here.
03-29 13:07:48.994 8230 8230 W Binder:8230_4: type=1400 audit(0.0:1335828): avc: denied { read } for name="u:object_r:vendor_persist_camera_prop:s0" dev="tmpfs" ino=1290 scontext=u:r:untrusted_app:s0:c223,c257,c512,c768 tcontext=u:object_r:vendor_persist_camera_prop:s0 tclass=file permissive=0 app=com.mbwhatsapp
03-29 13:07:49.005 8230 8230 E Parcel : Reading a NULL string not supported here.
03-29 13:07:49.006 8230 8230 E Parcel : Reading a NULL string not supported here.
03-29 13:07:48.994 8230 8230 W Binder:8230_4: type=1400 audit(0.0:1335829): avc: denied { read } for name="u:object_r:vendor_persist_camera_prop:s0" dev="tmpfs" ino=1290 scontext=u:r:untrusted_app:s0:c223,c257,c512,c768 tcontext=u:object_r:vendor_persist_camera_prop:s0 tclass=file permissive=0 app=com.mbwhatsapp
03-29 13:07:49.006 8230 8230 E Parcel : Reading a NULL string not supported here.
03-29 13:07:49.022 8230 8230 E Parcel : Reading a NULL string not supported here.
03-29 13:07:49.022 8230 8230 E Parcel : Reading a NULL string not supported here.
03-29 13:07:49.027 8230 8230 W BottomSheetBehavior: BottomSheetBehavior now supports multiple callbacks. `setBottomSheetCallback()` removes all existing callbacks, including ones set internally by library authors, which may result in unintended behavior. This may change in the future. Please use `addBottomSheetCallback()` and `removeBottomSheetCallback()` instead to set your own callbacks.
03-29 13:07:49.031 8230 8230 E Parcel : Reading a NULL string not supported here.
03-29 13:07:49.033 8230 8382 E Parcel : Reading a NULL string not supported here.
03-29 13:07:49.046 8230 8861 E libc : Access denied finding property "persist.vendor.camera.privapp.list"
03-29 13:07:49.054 8230 8832 E libc : Access denied finding property "vendor.camera.aux.packagelist"
03-29 13:07:49.054 8230 8832 E CameraManagerGlobal: Camera 5 is not available. Ignore physical camera status change
03-29 13:07:49.055 8230 8255 E CameraManagerGlobal: Camera 6 is not available. Ignore physical camera status change
03-29 13:07:49.055 8230 8255 E CameraManagerGlobal: Camera 7 is not available. Ignore physical camera status change
03-29 13:07:49.055 8230 8255 E libc : Access denied finding property "vendor.camera.aux.packagelist"
03-29 13:07:49.166 8230 8383 E Parcel : Reading a NULL string not supported here.
03-29 13:07:49.223 8230 8383 E Parcel : Reading a NULL string not supported here.
03-29 13:07:49.225 8230 8382 E Parcel : Reading a NULL string not supported here.
03-29 13:07:49.239 8230 8383 E Parcel : Reading a NULL string not supported here.
03-29 13:07:49.255 8230 8383 E Parcel : Reading a NULL string not supported here.
03-29 13:07:49.266 8230 8383 E Parcel : Reading a NULL string not supported here.
03-29 13:07:49.287 8230 8383 E Parcel : Reading a NULL string not supported here.
03-29 13:07:49.303 8230 8383 E Parcel : Reading a NULL string not supported here.
03-29 13:07:49.307 8230 8860 E libEGL : Invalid file path for libcolorx- loader.so
03-29 13:07:49.317 8230 8383 E Parcel : Reading a NULL string not supported here.
03-29 13:07:49.337 8230 8383 E Parcel : Reading a NULL string not supported here.
03-29 13:07:49.349 8230 8383 E Parcel : Reading a NULL string not supported here.
03-29 13:07:49.360 8230 8388 E Parcel : Reading a NULL string not supported here.
03-29 13:07:49.365 8230 8383 E Parcel : Reading a NULL string not supported here.
03-29 13:07:49.397 8230 8383 E Parcel : Reading a NULL string not supported here.
03-29 13:07:49.412 8230 8383 E Parcel : Reading a NULL string not supported here.
03-29 13:07:49.442 8230 8383 E Parcel : Reading a NULL string not supported here.
03-29 13:07:49.465 8230 8383 E Parcel : Reading a NULL string not supported here.
03-29 13:07:49.483 8230 8383 E Parcel : Reading a NULL string not supported here.
03-29 13:07:49.505 8230 8383 E Parcel : Reading a NULL string not supported here.
03-29 13:07:49.523 8230 8383 E Parcel : Reading a NULL string not supported here.
03-29 13:07:49.545 8230 8383 E Parcel : Reading a NULL string not supported here.
03-29 13:07:49.607 8230 8383 E Parcel : Reading a NULL string not supported here.
03-29 13:07:49.724 8230 8860 E libEGL : Invalid file path for libcolorx- loader.so
03-29 13:07:50.479 8230 8230 E Parcel : Reading a NULL string not supported here.
03-29 13:07:50.525 8230 8507 E FrameEvents: updateAcquireFence: Did not find frame.
03-29 13:07:50.533 8230 8230 E Parcel : Reading a NULL string not supported here.
03-29 13:07:50.535 8230 8230 E Parcel : Reading a NULL string not supported here.
03-29 13:07:50.702 8230 8383 E Parcel : Reading a NULL string not supported here.
03-29 13:07:50.781 8230 8258 E libc : Access denied finding property "vendor.camera.aux.packagelist"
03-29 13:07:50.800 8230 8258 E CameraManagerGlobal: Camera 5 is not available. Ignore physical camera status change
03-29 13:07:50.801 8230 8258 E CameraManagerGlobal: Camera 6 is not available. Ignore physical camera status change
03-29 13:07:50.802 8230 8255 E CameraManagerGlobal: Camera 7 is not available. Ignore physical camera status change
03-29 13:07:50.802 8230 8255 E libc : Access denied finding property "vendor.camera.aux.packagelist"
03-29 13:07:50.778 8230 8230 W Binder:8230_3: type=1400 audit(0.0:1335853): avc: denied { read } for name="u:object_r:vendor_persist_camera_prop:s0" dev="tmpfs" ino=1290 scontext=u:r:untrusted_app:s0:c223,c257,c512,c768 tcontext=u:object_r:vendor_persist_camera_prop:s0 tclass=file permissive=0 app=com.mbwhatsapp
03-29 13:07:50.887 8230 8863 E Parcel : Reading a NULL string not supported here.
03-29 13:07:50.902 8230 8863 E Parcel : Reading a NULL string not supported here.
03-29 13:07:51.004 8230 8908 E Parcel : Reading a NULL string not supported here.
03-29 13:07:51.028 8230 8908 E Parcel : Reading a NULL string not supported here.
03-29 13:07:51.042 8230 8908 E Parcel : Reading a NULL string not supported here.
03-29 13:07:51.086 8230 8230 W AudioCapabilities: Unsupported mime audio/ffmpeg
03-29 13:07:51.087 8230 8230 W VideoCapabilities: Unsupported mime image/vnd.android.heic
03-29 13:07:51.088 8230 8230 W VideoCapabilities: Unsupported mime video/ffmpeg
03-29 13:07:51.089 8230 8230 W VideoCapabilities: Unrecognized profile/level 0/3 for video/mpeg2
03-29 13:07:51.090 8230 8230 W VideoCapabilities: Unrecognized profile/level 0/3 for video/mpeg2
03-29 13:07:51.128 8230 9121 E Parcel : Reading a NULL string not supported here.
03-29 13:07:51.137 8230 9132 W com.mbwhatsapp: OPPOLoadFrame::init -- failed: dlopen failed: library "libOplusDualHeadPhoneEx.so" not found
03-29 13:07:51.154 8230 9141 E libEGL : Invalid file path for libcolorx- loader.so
03-29 13:07:51.163 8230 9132 E OplusACodec: [GetVideoCodingTypeFromMime:L726] mime:video/avc
03-29 13:07:51.213 8230 9142 W Codec2Client: query -- param skipped: index = 1107298332.
03-29 13:07:51.213 8230 9142 W CCodec : This behavior is subject to change. It is recommended that app developers double check whether the requested max input size is in reasonable range.
03-29 13:07:51.217 8230 9142 W Codec2Client: query -- param skipped: index = 1342179345.
03-29 13:07:51.217 8230 9142 W Codec2Client: query -- param skipped: index = 2415921170.
03-29 13:07:51.217 8230 9142 W Codec2Client: query -- param skipped: index = 1610614798.
03-29 13:07:51.218 8230 9142 E FMQ : grantorIdx must be less than 3
03-29 13:07:51.218 8230 9142 E FMQ : grantorIdx must be less than 3
03-29 13:07:51.220 8230 9142 E ion : ioctl c0044901 failed with code -1: Inappropriate ioctl for device
03-29 13:07:51.222 8230 9142 E FMQ : grantorIdx must be less than 3
03-29 13:07:51.230 8230 9135 E FMQ : grantorIdx must be less than 3
03-29 13:07:51.306 8230 9142 W Codec2Client: query -- param skipped: index = 1342179345.
03-29 13:07:51.306 8230 9142 W Codec2Client: query -- param skipped: index = 2415921170.
03-29 13:07:51.306 8230 9142 W Codec2Client: query -- param skipped: index = 1610614798.
03-29 13:07:51.313 8230 9142 W Codec2Client: query -- param skipped: index = 1342179345.
03-29 13:07:51.313 8230 9142 W Codec2Client: query -- param skipped: index = 2415921170.
03-29 13:07:51.313 8230 9142 W Codec2Client: query -- param skipped: index = 1610614798.
03-29 13:07:51.318 8230 9142 W Codec2Client: query -- param skipped: index = 1342179345.
03-29 13:07:51.318 8230 9142 W Codec2Client: query -- param skipped: index = 2415921170.
03-29 13:07:51.318 8230 9142 W Codec2Client: query -- param skipped: index = 1610614798.
03-29 13:07:51.577 8230 8908 E Parcel : Reading a NULL string not supported here.
03-29 13:07:51.724 8230 8907 E Parcel : Reading a NULL string not supported here.
03-29 13:07:51.741 8230 8907 E Parcel : Reading a NULL string not supported here.
03-29 13:07:52.441 8230 8908 E Parcel : Reading a NULL string not supported here.
03-29 13:07:52.456 8230 8908 E Parcel : Reading a NULL string not supported here.
03-29 13:07:52.465 8230 9121 W AudioTrack: getTimestamp_l(3517): retrograde timestamp time corrected, 228440741912228 < 228440747202905
03-29 13:08:11.309 8230 8230 W IInputConnectionWrapper: requestCursorAnchorInfo on inactive InputConnection
03-29 13:08:11.954 8230 8251 W System : A resource failed to call release.
03-29 13:08:11.954 8230 8251 W System : A resource failed to call release.
03-29 13:08:11.955 8230 8251 W System : A resource failed to call close.
03-29 13:08:12.122 8230 8362 E SQLiteDatabase: Error inserting transferred=0 media_job_uuid=69ff0e32-7f03-4802-88a9-eb28092e4f67 transcoded=1 gif_attribution=0 first_scan_length=0 direct_path=null thumbnail_height_width_ratio=1.0 is_animated_sticker=0 file_hash=null file_path=/data/user/0/com.mbwhatsapp/files/.Shared/5aab9dc2-e4a1-4c28-ab94- 934ad00f895d.mp4 file_size=1439953 partial_media_hash=null face_x=0 face_y=0 height=0 trim_to=0 media_key_timestamp=0 message_url=null media_caption=null trim_from=0 mime_type=null partial_media_enc_hash=null width=0 original_file_hash=null has_streaming_sidecar=0 autotransfer_retry_enabled=1 media_upload_handle=null message_row_id=353 multicast_id=null enc_file_hash=null mute_video=0 page_count=0 first_scan_sidecar=null suspicious_content=0 file_length=1439953 media_name=5aab9dc2-e4a1-4c28-ab94-934ad00f895d.mp4 media_duration=22 chat_row_id=29 media_key=null
03-29 13:08:12.122 8230 8362 E SQLiteDatabase: android.database.sqlite.SQLiteConstraintException: UNIQUE constraint failed: message_media.message_row_id (code 1555 SQLITE_CONSTRAINT_PRIMARYKEY)
03-29 13:08:12.122 8230 8362 E SQLiteDatabase: at android.database.sqlite.SQLiteConnection.nativeExecuteForLastInsertedRowId(Native Method)
03-29 13:08:12.122 8230 8362 E SQLiteDatabase: at android.database.sqlite.SQLiteConnection.executeForLastInsertedRowId(SQLiteConnecti on.java:948)
03-29 13:08:12.122 8230 8362 E SQLiteDatabase: at android.database.sqlite.SQLiteSession.executeForLastInsertedRowId(SQLiteSession.jav a:790)
03-29 13:08:12.122 8230 8362 E SQLiteDatabase: at android.database.sqlite.SQLiteStatement.executeInsert(SQLiteStatement.java:88)
03-29 13:08:12.122 8230 8362 E SQLiteDatabase: at android.database.sqlite.SQLiteDatabase.insertWithOnConflict(SQLiteDatabase.java:171 2)
03-29 13:08:12.122 8230 8362 E SQLiteDatabase: at android.database.sqlite.SQLiteDatabase.insert(SQLiteDatabase.java:1581)
03-29 13:08:12.122 8230 8362 E SQLiteDatabase: at X.2tm.A08(Unknown Source:6)
03-29 13:08:12.122 8230 8362 E SQLiteDatabase: at X.35Y.A07(Unknown Source:212)
03-29 13:08:12.122 8230 8362 E SQLiteDatabase: at X.3QF.A14(Unknown Source:470)
03-29 13:08:12.122 8230 8362 E SQLiteDatabase: at X.3gU.run(Unknown Source:982)
03-29 13:08:12.122 8230 8362 E SQLiteDatabase: at android.os.Handler.handleCallback(Handler.java:938)
03-29 13:08:12.122 8230 8362 E SQLiteDatabase: at android.os.Handler.dispatchMessage(Handler.java:99)
03-29 13:08:12.122 8230 8362 E SQLiteDatabase: at X.0zq.dispatchMessage(Unknown Source:4)
03-29 13:08:12.122 8230 8362 E SQLiteDatabase: at android.os.Looper.loop(Looper.java:263)
03-29 13:08:12.122 8230 8362 E SQLiteDatabase: at android.os.HandlerThread.run(HandlerThread.java:67)
03-29 13:08:12.123 8230 8392 E Parcel : Reading a NULL string not supported here.
03-29 13:08:12.466 8230 9142 W Codec2Client: query -- param skipped: index = 1342179345.
03-29 13:08:12.467 8230 9142 W Codec2Client: query -- param skipped: index = 2415921170.
03-29 13:08:12.467 8230 9142 W Codec2Client: query -- param skipped: index = 1610614798.
03-29 13:08:14.500 8230 8230 E Parcel : Reading a NULL string not supported here.
03-29 13:08:14.548 8230 9418 E libEGL : Invalid file path for libcolorx- loader.so
03-29 13:08:14.735 8230 8383 E Parcel : Reading a NULL string not supported here.
03-29 13:08:14.796 8230 8362 E SQLiteDatabase: Error inserting transferred=1 media_job_uuid=69ff0e32-7f03-4802-88a9-eb28092e4f67 transcoded=1 gif_attribution=0 first_scan_length=0 direct_path=/v/t62.7161- 24/30654741_1325153961494550_1654765112667469492_n.enc?ccb=11- 4&oh=01_ASBUNoGt6HYc1WJWdDlhfS0u6l6ybGVKsAib8sVajUfBsg&oe=662DBC27&_nc_sid=5e03e0 thumbnail_height_width_ratio=1.0 is_animated_sticker=0 file_hash=iWovottZ2jEB7LhJTRu7kaNvkDYRZqjnBjDQHba2vC0= file_path=Media/MBWhatsApp Video/Sent/VID-20240329-WA0011.mp4 file_size=1439953 partial_media_hash=null face_x=0 face_y=0 height=480 trim_to=0 media_key_timestamp=1711685293905 message_url=https://mmg.whatsapp.net/v/t62.7161- 24/30654741_1325153961494550_1654765112667469492_n.enc?ccb=11- 4&oh=01_ASBUNoGt6HYc1WJWdDlhfS0u6l6ybGVKsAib8sVajUfBsg&oe=662DBC27&_nc_sid=5e03e0&m ms3=true media_caption=null trim_from=0 mime_type=video/mp4 partial_media_enc_hash=null width=480 original_file_hash=null has_streaming_sidecar=1 autotransfer_retry_enabled=0 media_upload_handle=null message_row_id=353 multicast_id=null enc_file_hash=jx2nccZJM7N4LT7EswKdHCJFcMLfWqRkZ1YAQPIPCb8= mute_video=0 page_count=0 first_scan_sidecar=null suspicious_content=0 file_length=1439953 media_name=5aab9dc2-e4a1-4c28-ab94-934ad00f895d.mp4 media_duration=22 chat_row_id=29 media_key=[B@280f986
03-29 13:08:14.796 8230 8362 E SQLiteDatabase: android.database.sqlite.SQLiteConstraintException: UNIQUE constraint failed: message_media.message_row_id (code 1555 SQLITE_CONSTRAINT_PRIMARYKEY)
03-29 13:08:14.796 8230 8362 E SQLiteDatabase: at android.database.sqlite.SQLiteConnection.nativeExecuteForLastInsertedRowId(Native Method)
03-29 13:08:14.796 8230 8362 E SQLiteDatabase: at android.database.sqlite.SQLiteConnection.executeForLastInsertedRowId(SQLiteConnecti on.java:948)
03-29 13:08:14.796 8230 8362 E SQLiteDatabase: at android.database.sqlite.SQLiteSession.executeForLastInsertedRowId(SQLiteSession.jav a:790)
03-29 13:08:14.796 8230 8362 E SQLiteDatabase: at android.database.sqlite.SQLiteStatement.executeInsert(SQLiteStatement.java:88)
03-29 13:08:14.796 8230 8362 E SQLiteDatabase: at android.database.sqlite.SQLiteDatabase.insertWithOnConflict(SQLiteDatabase.java:171 2)
03-29 13:08:14.796 8230 8362 E SQLiteDatabase: at android.database.sqlite.SQLiteDatabase.insert(SQLiteDatabase.java:1581)
03-29 13:08:14.796 8230 8362 E SQLiteDatabase: at X.2tm.A08(Unknown Source:6)
03-29 13:08:14.796 8230 8362 E SQLiteDatabase: at X.35Y.A07(Unknown Source:212)
03-29 13:08:14.796 8230 8362 E SQLiteDatabase: at X.3QF.A14(Unknown Source:470)
03-29 13:08:14.796 8230 8362 E SQLiteDatabase: at X.3gU.run(Unknown Source:982)
03-29 13:08:14.796 8230 8362 E SQLiteDatabase: at android.os.Handler.handleCallback(Handler.java:938)
03-29 13:08:14.796 8230 8362 E SQLiteDatabase: at android.os.Handler.dispatchMessage(Handler.java:99)
03-29 13:08:14.796 8230 8362 E SQLiteDatabase: at X.0zq.dispatchMessage(Unknown Source:4)
03-29 13:08:14.796 8230 8362 E SQLiteDatabase: at android.os.Looper.loop(Looper.java:263)
03-29 13:08:14.796 8230 8362 E SQLiteDatabase: at android.os.HandlerThread.run(HandlerThread.java:67)
03-29 13:08:15.671 8230 8230 E Parcel : Reading a NULL string not supported here.
03-29 13:08:15.712 8230 9450 E libEGL : Invalid file path for libcolorx- loader.so
03-29 13:08:15.895 8230 8230 W BottomSheetBehavior: BottomSheetBehavior now supports multiple callbacks. `setBottomSheetCallback()` removes all existing callbacks, including ones set internally by library authors, which may result in unintended behavior. This may change in the future. Please use `addBottomSheetCallback()` and `removeBottomSheetCallback()` instead to set your own callbacks.
03-29 13:08:15.895 8230 8230 W BottomSheetBehavior: BottomSheetBehavior now supports multiple callbacks. `setBottomSheetCallback()` removes all existing callbacks, including ones set internally by library authors, which may result in unintended behavior. This may change in the future. Please use `addBottomSheetCallback()` and `removeBottomSheetCallback()` instead to set your own callbacks.
03-29 13:08:15.960 8230 8230 W BottomSheetBehavior: BottomSheetBehavior now supports multiple callbacks. `setBottomSheetCallback()` removes all existing callbacks, including ones set internally by library authors, which may result in unintended behavior. This may change in the future. Please use `addBottomSheetCallback()` and `removeBottomSheetCallback()` instead to set your own callbacks.
03-29 13:08:15.960 8230 8230 W BottomSheetBehavior: BottomSheetBehavior now supports multiple callbacks. `setBottomSheetCallback()` removes all existing callbacks, including ones set internally by library authors, which may result in unintended behavior. This may change in the future. Please use `addBottomSheetCallback()` and `removeBottomSheetCallback()` instead to set your own callbacks.
03-29 13:08:15.986 8230 8230 W BottomSheetBehavior: BottomSheetBehavior now supports multiple callbacks. `setBottomSheetCallback()` removes all existing callbacks, including ones set internally by library authors, which may result in unintended behavior. This may change in the future. Please use `addBottomSheetCallback()` and `removeBottomSheetCallback()` instead to set your own callbacks.
