We take content rights seriously. If you suspect this is your content, claim it here.
Available Formats
Download as TXT, PDF, TXT or read online on Scribd
You are on page 1/ 5
--------- beginning of main
05-13 16:40:10.234 2493 2493 E ppscloner:blac: Not starting debugger since
process cannot load the jdwp agent.
05-13 16:40:10.457 2382 2516 E unts.appsclone: No package ID 79 found for ID 0x790b0007.
05-13 16:40:10.458 2382 2516 E unts.appsclone: No package ID 79 found for ID 0x790b0007.
05-13 16:40:10.460 2382 2516 I FA : App measurement initialized, version: 89019
05-13 16:40:10.460 2382 2516 I FA : To enable debug logging run: adb shell setprop log.tag.FA VERBOSE
05-13 16:40:10.462 2382 2516 I FA : To enable faster debug mode event logging run:
05-13 16:40:10.462 2382 2516 I FA : adb shell setprop debug.firebase.analytics.app com.dual.space.parallel.apps.multiaccounts.appscloner
05-13 16:40:10.519 2493 2493 W ppscloner:blac: JIT profile information will not be recorded: profile file does not exist.
05-13 16:40:10.519 2493 2493 I chatty : uid=10264 com.dual.space.parallel.apps.multiaccounts.appscloner:black identical 1 line
05-13 16:40:10.519 2493 2493 W ppscloner:blac: JIT profile information will not be recorded: profile file does not exist.
05-13 16:40:10.519 2493 2493 W ppscloner:blac: JIT profile information will not be recorded: profile file does not exist.
05-13 16:40:10.539 2493 2493 I LoadedApk: No resource references to update in package com.transsion.theme.icon
05-13 16:40:10.546 2493 2493 I SignatureCheck: Signature check ok
05-13 16:40:10.551 2493 2493 W ppscloner:blac: Accessing hidden method Ldalvik/system/VMRuntime;->setHiddenApiExemptions([Ljava/lang/String;)V (blacklist,core-platform-api, reflection, denied)
05-13 16:40:10.553 2493 2493 W BootstrapClass: reflect bootstrap failed:
05-13 16:40:10.553 2493 2493 W BootstrapClass: java.lang.reflect.InvocationTargetException
05-13 16:40:10.553 2493 2493 W BootstrapClass: at java.lang.reflect.Method.invoke(Native Method)
05-13 16:40:10.553 2493 2493 W BootstrapClass: at me.weishu.reflection.BootstrapClass.<clinit>(BootstrapClass.java:29)
05-13 16:40:10.553 2493 2493 W BootstrapClass: at me.weishu.reflection.Reflection.unseal(Reflection.java:34)
05-13 16:40:10.553 2493 2493 W BootstrapClass: at top.niunaijun.blackbox.BlackBoxCore.doAttachBaseContext(BlackBoxCore.java:126)
05-13 16:40:10.553 2493 2493 W BootstrapClass: at com.dual.space.view.main.BlackBoxLoader.attachBaseContext(BlackBoxLoader.kt:100)
05-13 16:40:10.553 2493 2493 W BootstrapClass: at com.dual.space.app.AppManager.doAttachBaseContext(AppManager.kt:26)
05-13 16:40:10.553 2493 2493 W BootstrapClass: at com.dual.space.app.MyApplication.attachBaseContext(MyApplication.kt:63)
05-13 16:40:10.553 2493 2493 W BootstrapClass: at com.pairip.application.Application.attachBaseContext(Unknown Source:6)
05-13 16:40:10.553 2493 2493 W BootstrapClass: at android.app.Application.attach(Application.java:351)
05-13 16:40:10.553 2493 2493 W BootstrapClass: at android.app.Instrumentation.newApplication(Instrumentation.java:1159)
05-13 16:40:10.553 2493 2493 W BootstrapClass: at android.app.LoadedApk.makeApplication(LoadedApk.java:1244)
05-13 16:40:10.553 2493 2493 W BootstrapClass: at android.app.ActivityThread.handleBindApplication(ActivityThread.java:7042)
05-13 16:40:10.553 2493 2493 W BootstrapClass: at android.app.ActivityThread.access$1500(ActivityThread.java:263)
05-13 16:40:10.553 2493 2493 W BootstrapClass: at android.app.ActivityThread$H.handleMessage(ActivityThread.java:2039)
05-13 16:40:10.553 2493 2493 W BootstrapClass: at android.os.Handler.dispatchMessage(Handler.java:106)
05-13 16:40:10.553 2493 2493 W BootstrapClass: at android.os.Looper.loop(Looper.java:268)
05-13 16:40:10.553 2493 2493 W BootstrapClass: at android.app.ActivityThread.main(ActivityThread.java:8046)
05-13 16:40:10.553 2493 2493 W BootstrapClass: at java.lang.reflect.Method.invoke(Native Method)
05-13 16:40:10.553 2493 2493 W BootstrapClass: at com.android.internal.os.RuntimeInit$MethodAndArgsCaller.run(RuntimeInit.java:627)
05-13 16:40:10.553 2493 2493 W BootstrapClass: at com.android.internal.os.ZygoteInit.main(ZygoteInit.java:997)
05-13 16:40:10.553 2493 2493 W BootstrapClass: Caused by: java.lang.NoSuchMethodException: dalvik.system.VMRuntime.setHiddenApiExemptions [class [Ljava.lang.String;]
05-13 16:40:10.553 2493 2493 W BootstrapClass: at java.lang.Class.getMethod(Class.java:2072)
05-13 16:40:10.553 2493 2493 W BootstrapClass: at java.lang.Class.getDeclaredMethod(Class.java:2050)
05-13 16:40:10.553 2493 2493 W BootstrapClass: ... 20 more
05-13 16:40:10.554 2493 2493 W ppscloner:blac: Opening an oat file without a class loader. Are you using the deprecated DexFile APIs?
05-13 16:40:10.556 2493 2493 W ppscloner:blac: DexFile /data/user/0/com.dual.space.parallel.apps.multiaccounts.appscloner/code_cache/ 1715593210553.dex is in boot class path but is not in a known location
05-13 16:40:10.751 2493 2493 D HookManager: hook: top.niunaijun.blackbox.fake.service.INetworkManagementServiceProxy@b2b105f
05-13 16:40:10.756 2493 2493 D HookManager: hook: top.niunaijun.blackbox.fake.service.HCallbackProxy@4473598
05-13 16:40:10.759 2493 2493 D HookManager: hook: top.niunaijun.blackbox.fake.service.IUserManagerProxy@4461344
05-13 16:40:10.762 2493 2493 D HookManager: hook: top.niunaijun.blackbox.fake.service.IConnectivityManagerProxy@18c4e29
05-13 16:40:10.766 2493 2493 D HookManager: hook: top.niunaijun.blackbox.fake.service.IAppWidgetManagerProxy@53f34c8
05-13 16:40:10.769 2493 2493 D HookManager: hook: top.niunaijun.blackbox.fake.service.IActivityTaskManagerProxy@e5a6a9d
05-13 16:40:10.781 2493 2493 D HookManager: hook: top.niunaijun.blackbox.fake.service.IDeviceIdentifiersPolicyProxy@e8f2b5b
05-13 16:40:10.783 2493 2493 D HookManager: hook: top.niunaijun.blackbox.fake.service.IMediaRouterServiceProxy@73483a4
05-13 16:40:10.787 2493 2493 D HookManager: hook: top.niunaijun.blackbox.fake.service.IContextHubServiceProxy@581509
05-13 16:40:10.792 2493 2493 D HookManager: hook error: top.niunaijun.blackbox.fake.service.IContextHubServiceProxy@581509
05-13 16:40:10.792 2493 2493 D HookManager: hook: top.niunaijun.blackbox.fake.service.IWindowManagerProxy@a22a33c
05-13 16:40:10.800 2493 2493 D HookManager: hook: top.niunaijun.blackbox.fake.service.ITelephonyRegistryProxy@bb30727
05-13 16:40:10.804 2493 2493 D HookManager: hook: top.niunaijun.blackbox.fake.service.IPhoneSubInfoProxy@ddd4340
05-13 16:40:10.807 2493 2493 D HookManager: hook: top.niunaijun.blackbox.fake.service.IPowerManagerProxy@817b41f
05-13 16:40:10.810 2493 2493 D HookManager: hook: top.niunaijun.blackbox.fake.service.IWifiManagerProxy@2783a58
05-13 16:40:10.823 2493 2493 D HookManager: hook: top.niunaijun.blackbox.fake.service.IWifiScannerProxy@e113ded
05-13 16:40:10.826 2493 2493 D HookManager: hook error: top.niunaijun.blackbox.fake.service.IWifiScannerProxy@e113ded
05-13 16:40:10.826 2493 2493 D HookManager: hook: top.niunaijun.blackbox.fake.service.IAutofillManagerProxy@83c422
05-13 16:40:10.829 2493 2493 D HookManager: hook: top.niunaijun.blackbox.fake.delegate.AppInstrumentation@cd0cbe9
05-13 16:40:10.831 2493 2493 D HookManager: hook: top.niunaijun.blackbox.fake.service.IActivityManagerProxy@23e006e
05-13 16:40:10.840 2493 2493 D HookManager: hook: top.niunaijun.blackbox.fake.service.IPersistentDataBlockServiceProxy@b1ae988
05-13 16:40:10.846 2493 2493 D HookManager: hook error: top.niunaijun.blackbox.fake.service.IPersistentDataBlockServiceProxy@b1ae988
05-13 16:40:10.848 2493 2493 D HookManager: hook: top.niunaijun.blackbox.fake.service.context.ContentServiceStub@bf32507
05-13 16:40:10.852 2493 2493 D HookManager: hook: top.niunaijun.blackbox.fake.service.IStorageManagerProxy@f6b61a0
05-13 16:40:10.856 2493 2493 D HookManager: hook: top.niunaijun.blackbox.fake.service.IVibratorServiceProxy@355da15
05-13 16:40:10.858 2493 2493 D HookManager: hook: top.niunaijun.blackbox.fake.service.ITelephonyManagerProxy@caa75f6
05-13 16:40:10.871 2493 2493 D HookManager: hook: top.niunaijun.blackbox.fake.service.IShortcutManagerProxy@52be293
05-13 16:40:10.876 2493 2493 D HookManager: hook: top.niunaijun.blackbox.fake.service.IAccessibilityManagerProxy@4bebfc
05-13 16:40:11.088 2493 2493 E libc : Access denied finding property "ro.vendor.transsion.xml.support"
05-13 16:40:11.134 2493 2493 D Settings: loaded Package: com.whatsapp
05-13 16:40:11.142 2493 2493 D BroadcastManager: register: com.whatsapp, size: 47 --------- beginning of system
05-13 16:40:11.298 2493 2493 D ActivityThread: Loading provider com.dual.space.parallel.apps.multiaccounts.appscloner.blackbox.SystemCallProvider: top.niunaijun.blackbox.core.system.SystemCallProvider
05-13 16:40:11.298 2493 2493 D SystemCallProvider: call: VM, Bundle[{_B_| _server_name_=package_manager}]
05-13 16:40:11.299 2493 2493 D BlackBoxCore: getService: package_manager, top.niunaijun.blackbox.core.system.pm.BPackageManagerService@5ba7bb9
05-13 16:40:11.315 2493 2513 D SystemCallProvider: call: VM, Bundle[mParcelledData.dataSize=88]
05-13 16:40:11.316 2493 2493 D TAG_1 : setup_billing_client: nullnull
05-13 16:40:11.316 2382 2382 D BlackBoxCore: getService: activity_manager, android.os.BinderProxy@b7c2756
05-13 16:40:11.317 2493 2513 D SystemCallProvider: call: VM, Bundle[mParcelledData.dataSize=76]
05-13 16:40:11.317 2382 2382 D BlackBoxCore: getService: job_manager, android.os.BinderProxy@a5d23d7
05-13 16:40:11.318 2493 2513 D SystemCallProvider: call: VM, Bundle[mParcelledData.dataSize=84]
05-13 16:40:11.319 2493 2493 D AppTurboFactory: AppTurboFactory new
05-13 16:40:11.319 2382 2382 D BlackBoxCore: getService: package_manager, android.os.BinderProxy@9ddf4c4
05-13 16:40:11.320 2493 2513 D SystemCallProvider: call: VM, Bundle[mParcelledData.dataSize=84]
05-13 16:40:11.323 2493 2493 D AppTurboService: mTidEnabled false
05-13 16:40:11.324 2382 2382 D BlackBoxCore: getService: storage_manager, android.os.BinderProxy@7ad1fad
05-13 16:40:11.324 2493 2513 D SystemCallProvider: call: VM, Bundle[mParcelledData.dataSize=80]
05-13 16:40:11.325 2382 2382 D BlackBoxCore: getService: user_manager, android.os.BinderProxy@12b62e2
05-13 16:40:11.326 2493 2513 D SystemCallProvider: call: VM, Bundle[mParcelledData.dataSize=84]
05-13 16:40:11.327 2382 2382 D BlackBoxCore: getService: xposed_manager, android.os.BinderProxy@4662673
05-13 16:40:11.328 2493 2513 D SystemCallProvider: call: VM, Bundle[mParcelledData.dataSize=84]
05-13 16:40:11.329 2382 2382 D BlackBoxCore: getService: account_manager, android.os.BinderProxy@f279930
05-13 16:40:11.330 2493 2513 D SystemCallProvider: call: VM, Bundle[mParcelledData.dataSize=88]
05-13 16:40:11.331 2493 2493 W BillingClient: Connection to Billing service is blocked.
05-13 16:40:11.331 2382 2382 D BlackBoxCore: getService: location_manager, android.os.BinderProxy@fa909a9
05-13 16:40:11.332 2493 2513 D SystemCallProvider: call: VM, Bundle[mParcelledData.dataSize=96]
05-13 16:40:11.332 2382 2382 D BlackBoxCore: getService: notification_manager, android.os.BinderProxy@da0cb2e
05-13 16:40:11.333 2382 2382 D TAG_1 : setup_billing_client: nullnull
05-13 16:40:11.342 2493 2493 I FirebaseApp: Device unlocked: initializing all Firebase APIs for app [DEFAULT]
05-13 16:40:11.346 2493 2493 I FirebaseCrashlytics: Initializing Firebase Crashlytics 18.2.12 for com.dual.space.parallel.apps.multiaccounts.appscloner
05-13 16:40:11.398 2493 2556 I DynamiteModule: Considering local module com.google.android.gms.measurement.dynamite:86 and remote module com.google.android.gms.measurement.dynamite:109
05-13 16:40:11.398 2493 2556 I DynamiteModule: Selected remote version of com.google.android.gms.measurement.dynamite, version >= 109
05-13 16:40:11.398 2493 2556 V DynamiteModule: Dynamite loader version >= 2, using loadModule2NoCrashUtils
05-13 16:40:11.418 2493 2556 W System : ClassLoader referenced unknown path:
05-13 16:40:11.460 2493 2556 W ppscloner:blac: ClassLoaderContext classpath size mismatch. expected=11, found=4 (DLC[];PCL[base.apk*3246324442:base.apk! classes2.dex*2072223177:base.apk!classes3.dex*1335612631:base.apk! classes4.dex*740966596:base.apk!classes5.dex*1954160295:base.apk! classes6.dex*1468093107:base.apk!classes7.dex*1371763421:base.apk! classes8.dex*2748365247:base.apk!classes9.dex*3532190493:base.apk! classes10.dex*3808424356:base.apk!classes11.dex*3745392592]{PCL[/system/framework/ org.apache.http.legacy.jar*4003668302]#PCL[/apex/com.android.extservices/javalib/ android.ext.adservices.jar*3397079560]#PCL[/system/framework/ com.android.media.remotedisplay.jar*1128910120]#PCL[/system/framework/ com.android.location.provider.jar*4177849200]#PCL[/system/framework/ org.apache.http.legacy.jar*4003668302]#PCL[/apex/com.android.extservices/javalib/ android.ext.adservices.jar*3397079560]} | DLC[];PCL[/data/app/~~73IxR3kCC0d3hn8LqQDC2w==/com.dual.space.parallel.apps.multiac counts.appscloner-FBVxEd9XwZzTCyf8DNkHEw==/base.apk*2646918645:/data/app/ ~~73IxR3kCC0d3hn8LqQDC2w==/com.dual.space.parallel.apps.multiaccounts.appscloner- FBVxEd9XwZzTCyf8DNkHEw==/base.apk!classes2.dex*3847589661:/data/app/ ~~73IxR3kCC0d3hn8LqQDC2w==/com.dual.space.parallel.apps.multiaccounts.appscloner- FBVxEd9XwZzTCyf8DNkHEw==/base.apk!classes3.dex*3927365737:/data/app/ ~~73IxR3kCC0d3hn8LqQDC2w==/com.dual.space.parallel.apps.multiaccounts.appscloner- FBVxEd9XwZzTCyf8DNkHEw==/base.apk!classes4.dex*2401137198])
05-13 16:40:11.461 2493 2556 W ppscloner:blac: Found duplicate classes, falling back to extracting from APK : /data/app/~~r4gp7LI9JtDLb4YM9o38Uw==/com.google.android.gms- QfoKluHt9jx3QC38VwdvUg==/split_MeasurementDynamite.apk
05-13 16:40:11.462 2493 2556 W ppscloner:blac: NOTE: This wastes RAM and hurts startup performance.
05-13 16:40:11.462 2493 2556 W ppscloner:blac: Found duplicated class when checking oat files: 'Landroid/support/v4/graphics/drawable/IconCompatParcelizer;' in /data/app/~~73IxR3kCC0d3hn8LqQDC2w==/com.dual.space.parallel.apps.multiaccounts.app scloner-FBVxEd9XwZzTCyf8DNkHEw==/base.apk!classes4.dex and /data/app/~~r4gp7LI9JtDLb4YM9o38Uw==/com.google.android.gms- QfoKluHt9jx3QC38VwdvUg==/split_MeasurementDynamite.apk
05-13 16:40:11.539 2382 2586 W FirebaseMessaging: Missing Default Notification Channel metadata in AndroidManifest. Default value will be used.
05-13 16:40:11.611 2382 2516 I FA : Tag Manager is not found and thus will not be used
05-13 16:40:11.751 2493 2589 D ApplicationPackageManager: [getText] isMxtcMarket: false
05-13 16:40:11.753 2493 2589 E ppscloner:blac: No package ID 79 found for ID 0x790b0007.
05-13 16:40:11.754 2493 2589 E ppscloner:blac: No package ID 79 found for ID 0x790b0007.
05-13 16:40:11.758 2493 2589 I FA : App measurement initialized, version: 89019
05-13 16:40:11.758 2493 2589 I FA : To enable debug logging run: adb shell setprop log.tag.FA VERBOSE
05-13 16:40:11.761 2493 2589 I FA : To enable faster debug mode event logging run:
05-13 16:40:11.761 2493 2589 I FA : adb shell setprop debug.firebase.analytics.app com.dual.space.parallel.apps.multiaccounts.appscloner
05-13 16:40:11.849 2493 2589 W GmsClient: unable to connect to service: com.google.android.gms.measurement.START on com.google.android.gms
05-13 16:40:11.852 2493 2493 W FA : Service connection failed: bw{statusCode=API_UNAVAILABLE, resolution=null, message=null}
05-13 16:40:11.866 2493 2589 W GmsClient: unable to connect to service: com.google.android.gms.measurement.START on com.google.android.gms
05-13 16:40:11.867 2493 2493 W FA : Service connection failed: bw{statusCode=API_UNAVAILABLE, resolution=null, message=null}
05-13 16:40:11.881 2493 2589 W GmsClient: unable to connect to service: com.google.android.gms.measurement.START on com.google.android.gms
05-13 16:40:11.883 2493 2493 W FA : Service connection failed: bw{statusCode=API_UNAVAILABLE, resolution=null, message=null}
05-13 16:40:11.886 2493 2589 E FA : Discarding data. Failed to send app launch
05-13 16:40:11.886 2493 2589 E FA : Failed to get app instance id
05-13 16:40:11.887 2493 2589 E FA : Failed to send default event parameters to service
05-13 16:40:12.010 2382 2592 D productList: one_month_subscription_dual_space
05-13 16:40:12.010 2382 2592 D productList: one_week_subscription_dual_space
05-13 16:40:12.010 2382 2592 D productList: one_year_subscription_dual_space
05-13 16:40:12.010 2382 2592 D productList: six_months_subscription_dual_space
05-13 16:40:12.010 2382 2592 D productList: three_months_subscription_dual_space
05-13 16:40:12.016 2382 2593 D productList: ife_time_in_app_purchase_dual_space