01-30 20:15:34.944 8578 8892 E SQLiteDatabase: android.database.sqlite.SQLiteConstraintException: UNIQUE constraint failed: message_media.message_row_id (code 1555 SQLITE_CONSTRAINT_PRIMARYKEY[1555])
01-30 20:15:34.944 8578 8892 E SQLiteDatabase: at android.database.sqlite.SQLiteConnection.nativeExecuteForLastInsertedRowId(Native Method)
01-30 20:15:34.944 8578 8892 E SQLiteDatabase: at android.database.sqlite.SQLiteConnection.executeForLastInsertedRowId(SQLiteConnecti on.java:1232)
01-30 20:15:34.944 8578 8892 E SQLiteDatabase: at android.database.sqlite.SQLiteSession.executeForLastInsertedRowId(SQLiteSession.jav a:790)
01-30 20:15:34.944 8578 8892 E SQLiteDatabase: at android.database.sqlite.SQLiteStatement.executeInsert(SQLiteStatement.java:89)
01-30 20:15:34.944 8578 8892 E SQLiteDatabase: at android.database.sqlite.SQLiteDatabase.insertWithOnConflict(SQLiteDatabase.java:224 4)
01-30 20:15:34.944 8578 8892 E SQLiteDatabase: at android.database.sqlite.SQLiteDatabase.insert(SQLiteDatabase.java:2113)
01-30 20:15:34.944 8578 8892 E SQLiteDatabase: at X.2tm.A08(Unknown Source:6)
01-30 20:15:34.944 8578 8892 E SQLiteDatabase: at X.35Y.A07(Unknown Source:212)
01-30 20:15:34.944 8578 8892 E SQLiteDatabase: at X.3QF.A14(Unknown Source:470)
01-30 20:15:34.944 8578 8892 E SQLiteDatabase: at X.3gU.run(Unknown Source:982)
01-30 20:15:34.944 8578 8892 E SQLiteDatabase: at android.os.Handler.handleCallback(Handler.java:938)
01-30 20:15:34.944 8578 8892 E SQLiteDatabase: at android.os.Handler.dispatchMessage(Handler.java:99)
01-30 20:15:34.944 8578 8892 E SQLiteDatabase: at X.0zq.dispatchMessage(Unknown Source:4)
01-30 20:15:34.944 8578 8892 E SQLiteDatabase: at android.os.Looper.loopOnce(Looper.java:226)
01-30 20:15:34.944 8578 8892 E SQLiteDatabase: at android.os.Looper.loop(Looper.java:313)
01-30 20:15:34.944 8578 8892 E SQLiteDatabase: at android.os.HandlerThread.run(HandlerThread.java:67)
01-30 20:15:34.950 8578 8578 E ArmVmp : Match on catch block at 0xc3 in for 0xeb531021
01-30 20:15:35.123 8578 8578 E ArmVmp : Match on catch block at 0xc3 in for 0xeb531021
01-30 20:15:35.130 8578 8578 E ArmVmp : Match on catch block at 0xc3 in for 0xeb531021
01-30 20:15:35.142 8578 8578 E ArmVmp : Match on catch block at 0xc3 in for 0xeb531021
01-30 20:15:35.355 8578 8578 E ArmVmp : Match on catch block at 0xc3 in for 0xeb531021
01-30 20:15:35.364 8578 8578 E ArmVmp : Match on catch block at 0xc3 in for 0xeb531021
01-30 20:15:35.372 8578 8578 E ArmVmp : Match on catch block at 0xc3 in for 0xeb531021
01-30 20:15:35.626 8578 8578 E ArmVmp : Match on catch block at 0xc3 in for 0xeb531021
01-30 20:15:35.636 8578 8578 E ArmVmp : Match on catch block at 0xc3 in for 0xeb531021
01-30 20:15:35.640 8578 8578 E ArmVmp : Match on catch block at 0xc3 in for 0xeb531021
01-30 20:15:35.728 8578 8892 E SQLiteDatabase: Error inserting transferred=1 media_job_uuid=b8ceaa54-93e7-4b3f-bdad-7acf327bbd78 transcoded=0 gif_attribution=0 first_scan_length=6212 direct_path=/v/t62.15575- 24/30634399_3523358021252421_8338755366695912822_n.enc?ccb=11- 4&oh=01_AdRnuyOhpoguczKTF09D7v0J3_Maa7Ioy73nRr942DwWQw&oe=65D66E28&_nc_sid=5e03e0 thumbnail_height_width_ratio=1.0 is_animated_sticker=1 file_hash=o5xyyN2kqVALq9BkAT0OVE1N8VYUR35jlZGbrIzB4Bc= file_path=Media/MBWhatsApp Stickers/STK-20240130-WA0011.webp file_size=480568 partial_media_hash=null face_x=0 face_y=0 height=64 trim_to=0 media_key_timestamp=1705971789000 message_url=https://mmg.whatsapp.net/v/t62.15575- 24/30634399_3523358021252421_8338755366695912822_n.enc?ccb=11- 4&oh=01_AdRnuyOhpoguczKTF09D7v0J3_Maa7Ioy73nRr942DwWQw&oe=65D66E28&_nc_sid=5e03e0&m ms3=true media_caption=null trim_from=0 mime_type=image/webp partial_media_enc_hash=null width=64 original_file_hash=null has_streaming_sidecar=0 autotransfer_retry_enabled=1 media_upload_handle=null message_row_id=265 multicast_id=null enc_file_hash=A9Poz0SqrMBGYXnSUW6ofoagrzCuTFJz/jwBcWUFOU4= mute_video=0 page_count=0 first_scan_sidecar=[B@4f4eff4 suspicious_content=0 file_length=480568 media_name=null media_duration=0 chat_row_id=1 media_key=[B@81eb31d
01-30 20:15:35.728 8578 8892 E SQLiteDatabase: android.database.sqlite.SQLiteConstraintException: UNIQUE constraint failed: message_media.message_row_id (code 1555 SQLITE_CONSTRAINT_PRIMARYKEY[1555])
01-30 20:15:35.728 8578 8892 E SQLiteDatabase: at android.database.sqlite.SQLiteConnection.nativeExecuteForLastInsertedRowId(Native Method)
01-30 20:15:35.728 8578 8892 E SQLiteDatabase: at android.database.sqlite.SQLiteConnection.executeForLastInsertedRowId(SQLiteConnecti on.java:1232)
01-30 20:15:35.728 8578 8892 E SQLiteDatabase: at android.database.sqlite.SQLiteSession.executeForLastInsertedRowId(SQLiteSession.jav a:790)
01-30 20:15:35.728 8578 8892 E SQLiteDatabase: at android.database.sqlite.SQLiteStatement.executeInsert(SQLiteStatement.java:89)
01-30 20:15:35.728 8578 8892 E SQLiteDatabase: at android.database.sqlite.SQLiteDatabase.insertWithOnConflict(SQLiteDatabase.java:224 4)
01-30 20:15:35.728 8578 8892 E SQLiteDatabase: at android.database.sqlite.SQLiteDatabase.insert(SQLiteDatabase.java:2113)
01-30 20:15:35.728 8578 8892 E SQLiteDatabase: at X.2tm.A08(Unknown Source:6)
01-30 20:15:35.728 8578 8892 E SQLiteDatabase: at X.35Y.A07(Unknown Source:212)
01-30 20:15:35.728 8578 8892 E SQLiteDatabase: at X.3QF.A14(Unknown Source:470)
01-30 20:15:35.728 8578 8892 E SQLiteDatabase: at X.3gU.run(Unknown Source:982)
01-30 20:15:35.728 8578 8892 E SQLiteDatabase: at android.os.Handler.handleCallback(Handler.java:938)
01-30 20:15:35.728 8578 8892 E SQLiteDatabase: at android.os.Handler.dispatchMessage(Handler.java:99)
01-30 20:15:35.728 8578 8892 E SQLiteDatabase: at X.0zq.dispatchMessage(Unknown Source:4)
01-30 20:15:35.728 8578 8892 E SQLiteDatabase: at android.os.Looper.loopOnce(Looper.java:226)
01-30 20:15:35.728 8578 8892 E SQLiteDatabase: at android.os.Looper.loop(Looper.java:313)
01-30 20:15:35.728 8578 8892 E SQLiteDatabase: at android.os.HandlerThread.run(HandlerThread.java:67)
01-30 20:15:35.776 8578 8578 E ArmVmp : Match on catch block at 0xc3 in for 0xeb531021
01-30 20:15:35.782 8578 8578 E ArmVmp : Match on catch block at 0xc3 in for 0xeb531021
01-30 20:15:35.789 8578 8578 E ArmVmp : Match on catch block at 0xc3 in for 0xeb531021
01-30 20:15:35.973 8578 8578 E ArmVmp : Match on catch block at 0xc3 in for 0xeb531021
01-30 20:15:35.988 8578 8578 E ArmVmp : Match on catch block at 0xc3 in for 0xeb531021
01-30 20:15:35.993 8578 8578 E ArmVmp : Match on catch block at 0xc3 in for 0xeb531021
01-30 20:15:36.068 8578 8578 E ArmVmp : Match on catch block at 0xc3 in for 0xeb531021
01-30 20:15:36.077 8578 8578 E ArmVmp : Match on catch block at 0xc3 in for 0xeb531021
01-30 20:15:36.085 8578 8578 E ArmVmp : Match on catch block at 0xc3 in for 0xeb531021
01-30 20:15:36.168 8578 8578 E ArmVmp : Match on catch block at 0xc3 in for 0xeb531021
01-30 20:15:36.175 8578 8578 E ArmVmp : Match on catch block at 0xc3 in for 0xeb531021
01-30 20:15:36.179 8578 8578 E ArmVmp : Match on catch block at 0xc3 in for 0xeb531021
01-30 20:15:36.289 8578 8578 E ArmVmp : Match on catch block at 0xc3 in for 0xeb531021
01-30 20:15:36.297 8578 8578 E ArmVmp : Match on catch block at 0xc3 in for 0xeb531021
01-30 20:15:36.308 8578 8578 E ArmVmp : Match on catch block at 0xc3 in for 0xeb531021
01-30 20:15:36.416 8578 8578 E ArmVmp : Match on catch block at 0xc3 in for 0xeb531021
01-30 20:15:36.426 8578 8578 E ArmVmp : Match on catch block at 0xc3 in for 0xeb531021
01-30 20:15:36.429 8578 8578 E ArmVmp : Match on catch block at 0xc3 in for 0xeb531021
01-30 20:15:36.613 8578 8578 E ArmVmp : Match on catch block at 0xc3 in for 0xeb531021
01-30 20:15:36.619 8578 8578 E ArmVmp : Match on catch block at 0xc3 in for 0xeb531021
01-30 20:15:36.627 8578 8578 E ArmVmp : Match on catch block at 0xc3 in for 0xeb531021
01-30 20:15:36.785 8578 8578 E ArmVmp : Match on catch block at 0xc3 in for 0xeb531021
01-30 20:15:36.792 8578 8578 E ArmVmp : Match on catch block at 0xc3 in for 0xeb531021
01-30 20:15:36.798 8578 8578 E ArmVmp : Match on catch block at 0xc3 in for 0xeb531021
01-30 20:15:36.903 8578 8578 E ArmVmp : Match on catch block at 0xc3 in for 0xeb531021
01-30 20:15:36.910 8578 8578 E ArmVmp : Match on catch block at 0xc3 in for 0xeb531021
01-30 20:15:36.914 8578 8578 E ArmVmp : Match on catch block at 0xc3 in for 0xeb531021
01-30 20:15:37.020 8578 8578 E ArmVmp : Match on catch block at 0xc3 in for 0xeb531021
01-30 20:15:37.032 8578 8578 E ArmVmp : Match on catch block at 0xc3 in for 0xeb531021
01-30 20:15:37.037 8578 8578 E ArmVmp : Match on catch block at 0xc3 in for 0xeb531021
01-30 20:15:37.154 8578 8578 E ArmVmp : Match on catch block at 0xc3 in for 0xeb531021
01-30 20:15:37.159 8578 8578 E ArmVmp : Match on catch block at 0xc3 in for 0xeb531021
01-30 20:15:37.164 8578 8578 E ArmVmp : Match on catch block at 0xc3 in for 0xeb531021
01-30 20:15:37.255 8578 8578 E ArmVmp : Match on catch block at 0xc3 in for 0xeb531021
01-30 20:15:37.263 8578 8578 E ArmVmp : Match on catch block at 0xc3 in for 0xeb531021
01-30 20:15:37.270 8578 8578 E ArmVmp : Match on catch block at 0xc3 in for 0xeb531021
01-30 20:15:37.405 8578 8578 E ArmVmp : Match on catch block at 0xc3 in for 0xeb531021
01-30 20:15:37.413 8578 8578 E ArmVmp : Match on catch block at 0xc3 in for 0xeb531021
01-30 20:15:37.416 8578 8578 E ArmVmp : Match on catch block at 0xc3 in for 0xeb531021
01-30 20:15:37.490 8578 8578 E ArmVmp : Match on catch block at 0xc3 in for 0xeb531021
01-30 20:15:37.496 8578 8578 E ArmVmp : Match on catch block at 0xc3 in for 0xeb531021
01-30 20:15:37.501 8578 8578 E ArmVmp : Match on catch block at 0xc3 in for 0xeb531021
01-30 20:15:37.605 8578 8578 E ArmVmp : Match on catch block at 0xc3 in for 0xeb531021
01-30 20:15:37.614 8578 8578 E ArmVmp : Match on catch block at 0xc3 in for 0xeb531021
01-30 20:15:37.619 8578 8578 E ArmVmp : Match on catch block at 0xc3 in for 0xeb531021
01-30 20:15:37.773 8578 8578 E ArmVmp : Match on catch block at 0xc3 in for 0xeb531021
01-30 20:15:37.778 8578 8578 E ArmVmp : Match on catch block at 0xc3 in for 0xeb531021
01-30 20:15:37.781 8578 8578 E ArmVmp : Match on catch block at 0xc3 in for 0xeb531021
01-30 20:15:37.819 8578 10133 E DatabaseUtils: Writing exception to parcel
01-30 20:15:37.819 8578 10133 E DatabaseUtils: java.lang.SecurityException: Permission Denial: reading com.mbwhatsapp.contentprovider.MediaProvider uri content://com.mbwhatsapp.provider.media/item/28fdc9aa-71b0-4409-aea1-ebfdfef44878 from pid=2240, uid=10067 requires the provider be exported, or grantUriPermission()
01-30 20:15:37.819 8578 10133 E DatabaseUtils: at android.content.ContentProvider.enforceReadPermissionInner(ContentProvider.java:912 )
01-30 20:15:37.819 8578 10133 E DatabaseUtils: at android.content.ContentProvider.semEnforceReadPermission(ContentProvider.java:830)
01-30 20:15:37.819 8578 10133 E DatabaseUtils: at android.content.ContentProvider$Transport.enforceReadPermission(ContentProvider.jav a:708)
01-30 20:15:37.819 8578 10133 E DatabaseUtils: at android.content.ContentProvider$Transport.enforceFilePermission(ContentProvider.jav a:698)
01-30 20:15:37.819 8578 10133 E DatabaseUtils: at android.content.ContentProvider$Transport.openTypedAssetFile(ContentProvider.java:5 57)
01-30 20:15:37.819 8578 10133 E DatabaseUtils: at android.content.ContentProviderNative.onTransact(ContentProviderNative.java:327)
01-30 20:15:37.819 8578 10133 E DatabaseUtils: at android.os.Binder.execTransactInternal(Binder.java:1220)
01-30 20:15:37.819 8578 10133 E DatabaseUtils: at android.os.Binder.execTransact(Binder.java:1179)
01-30 20:15:37.928 8578 8578 E ArmVmp : Match on catch block at 0xc3 in for 0xeb531021
01-30 20:15:37.935 8578 8578 E ArmVmp : Match on catch block at 0xc3 in for 0xeb531021
01-30 20:15:37.939 8578 8578 E ArmVmp : Match on catch block at 0xc3 in for 0xeb531021
01-30 20:15:38.159 8578 8578 E ArmVmp : Match on catch block at 0xc3 in for 0xeb531021
01-30 20:15:38.181 8578 8578 E ArmVmp : Match on catch block at 0xc3 in for 0xeb531021
01-30 20:15:38.188 8578 8578 E ArmVmp : Match on catch block at 0xc3 in for 0xeb531021
01-30 20:15:38.407 8578 8892 E SQLiteDatabase: Error inserting transferred=1 media_job_uuid=c2cae16c-93cd-42fe-821d-7335779abdd0 transcoded=0 gif_attribution=0 first_scan_length=8396 direct_path=/o1/v/t62.7118-24/f1/m233/up-oil-image-1d4802d6- 9083-4e12-bf35-090c82464ea1?ccb=9- 4&oh=01_AdQb2fKHaugYXLdj5LtjGfNVzV7rkXFBjHvhTBn4ffvqbA&oe=65D67C57&_nc_sid=000000 thumbnail_height_width_ratio=1.8 is_animated_sticker=0 file_hash=EC7SmLfa7DJEaK6gama92uzN6WF+PQkh0tjpiUFuSew= file_path=Media/MBWhatsApp Images/IMG-20240130-WA0012.jpg file_size=84284 partial_media_hash=j3rekI8FkengEmE0xJu/HGsNs9pPlv1ic/h5JCu/XEk= face_x=0 face_y=0 height=1280 trim_to=0 media_key_timestamp=1705971742000 message_url=https://mmg.whatsapp.net/o1/v/t62.7118-24/f1/m233/up-oil-image- 1d4802d6-9083-4e12-bf35-090c82464ea1?ccb=9- 4&oh=01_AdQb2fKHaugYXLdj5LtjGfNVzV7rkXFBjHvhTBn4ffvqbA&oe=65D67C57&_nc_sid=000000&m ms3=true media_caption=null trim_from=0 mime_type=image/jpeg partial_media_enc_hash=null width=720 original_file_hash=null has_streaming_sidecar=1 autotransfer_retry_enabled=1 media_upload_handle=null message_row_id=262 multicast_id=null enc_file_hash=nFdxinAogT9SPK6cA5iw8Sx40zYM7nNPtso+PXzTUjE= mute_video=0 page_count=0 first_scan_sidecar=[B@c6d6498 suspicious_content=0 file_length=84284 media_name=null media_duration=0 chat_row_id=1 media_key=[B@4ca54f1
01-30 20:15:38.407 8578 8892 E SQLiteDatabase: android.database.sqlite.SQLiteConstraintException: UNIQUE constraint failed: message_media.message_row_id (code 1555 SQLITE_CONSTRAINT_PRIMARYKEY[1555])
01-30 20:15:38.407 8578 8892 E SQLiteDatabase: at android.database.sqlite.SQLiteConnection.nativeExecuteForLastInsertedRowId(Native Method)
01-30 20:15:38.407 8578 8892 E SQLiteDatabase: at android.database.sqlite.SQLiteConnection.executeForLastInsertedRowId(SQLiteConnecti on.java:1232)
01-30 20:15:38.407 8578 8892 E SQLiteDatabase: at android.database.sqlite.SQLiteSession.executeForLastInsertedRowId(SQLiteSession.jav a:790)
01-30 20:15:38.407 8578 8892 E SQLiteDatabase: at android.database.sqlite.SQLiteStatement.executeInsert(SQLiteStatement.java:89)
01-30 20:15:38.407 8578 8892 E SQLiteDatabase: at android.database.sqlite.SQLiteDatabase.insertWithOnConflict(SQLiteDatabase.java:224 4)
01-30 20:15:38.407 8578 8892 E SQLiteDatabase: at android.database.sqlite.SQLiteDatabase.insert(SQLiteDatabase.java:2113)
01-30 20:15:38.407 8578 8892 E SQLiteDatabase: at X.2tm.A08(Unknown Source:6)
01-30 20:15:38.407 8578 8892 E SQLiteDatabase: at X.35Y.A07(Unknown Source:212)
01-30 20:15:38.407 8578 8892 E SQLiteDatabase: at X.3QF.A14(Unknown Source:470)
01-30 20:15:38.407 8578 8892 E SQLiteDatabase: at X.3gU.run(Unknown Source:982)
01-30 20:15:38.407 8578 8892 E SQLiteDatabase: at android.os.Handler.handleCallback(Handler.java:938)
01-30 20:15:38.407 8578 8892 E SQLiteDatabase: at android.os.Handler.dispatchMessage(Handler.java:99)
01-30 20:15:38.407 8578 8892 E SQLiteDatabase: at X.0zq.dispatchMessage(Unknown Source:4)
01-30 20:15:38.407 8578 8892 E SQLiteDatabase: at android.os.Looper.loopOnce(Looper.java:226)
01-30 20:15:38.407 8578 8892 E SQLiteDatabase: at android.os.Looper.loop(Looper.java:313)
01-30 20:15:38.407 8578 8892 E SQLiteDatabase: at android.os.HandlerThread.run(HandlerThread.java:67)
01-30 20:15:38.524 8578 8578 E ArmVmp : Match on catch block at 0xc3 in for 0xeb531021
01-30 20:15:38.531 8578 8578 E ArmVmp : Match on catch block at 0xc3 in for 0xeb531021
01-30 20:15:38.535 8578 8578 E ArmVmp : Match on catch block at 0xc3 in for 0xeb531021
01-30 20:15:38.674 8578 8578 E ArmVmp : Match on catch block at 0xc3 in for 0xeb531021
01-30 20:15:38.679 8578 8578 E ArmVmp : Match on catch block at 0xc3 in for 0xeb531021
01-30 20:15:38.687 8578 8578 E ArmVmp : Match on catch block at 0xc3 in for 0xeb531021
01-30 20:15:38.779 8578 8578 E ArmVmp : Match on catch block at 0xc3 in for 0xeb531021
01-30 20:15:38.786 8578 8578 E ArmVmp : Match on catch block at 0xc3 in for 0xeb531021
01-30 20:15:38.792 8578 8578 E ArmVmp : Match on catch block at 0xc3 in for 0xeb531021
01-30 20:15:38.946 8578 8578 E ArmVmp : Match on catch block at 0xc3 in for 0xeb531021
01-30 20:15:38.958 8578 8578 E ArmVmp : Match on catch block at 0xc3 in for 0xeb531021
01-30 20:15:38.963 8578 8578 E ArmVmp : Match on catch block at 0xc3 in for 0xeb531021
01-30 20:15:39.052 8578 8578 E ArmVmp : Match on catch block at 0xc3 in for 0xeb531021
01-30 20:15:39.057 8578 8578 E ArmVmp : Match on catch block at 0xc3 in for 0xeb531021
01-30 20:15:39.060 8578 8578 E ArmVmp : Match on catch block at 0xc3 in for 0xeb531021
01-30 20:15:39.087 8578 9231 E DatabaseUtils: Writing exception to parcel
01-30 20:15:39.087 8578 9231 E DatabaseUtils: java.lang.SecurityException: Permission Denial: reading com.mbwhatsapp.contentprovider.MediaProvider uri content://com.mbwhatsapp.provider.media/item/e6ecb915-bd40-4203-b510-347d6d20262c from pid=2240, uid=10067 requires the provider be exported, or grantUriPermission()
01-30 20:15:39.087 8578 9231 E DatabaseUtils: at android.content.ContentProvider.enforceReadPermissionInner(ContentProvider.java:912 )
01-30 20:15:39.087 8578 9231 E DatabaseUtils: at android.content.ContentProvider.semEnforceReadPermission(ContentProvider.java:830)
01-30 20:15:39.087 8578 9231 E DatabaseUtils: at android.content.ContentProvider$Transport.enforceReadPermission(ContentProvider.jav a:708)
01-30 20:15:39.087 8578 9231 E DatabaseUtils: at android.content.ContentProvider$Transport.enforceFilePermission(ContentProvider.jav a:698)
01-30 20:15:39.087 8578 9231 E DatabaseUtils: at android.content.ContentProvider$Transport.openTypedAssetFile(ContentProvider.java:5 57)
01-30 20:15:39.087 8578 9231 E DatabaseUtils: at android.content.ContentProviderNative.onTransact(ContentProviderNative.java:327)
01-30 20:15:39.087 8578 9231 E DatabaseUtils: at android.os.Binder.execTransactInternal(Binder.java:1220)
01-30 20:15:39.087 8578 9231 E DatabaseUtils: at android.os.Binder.execTransact(Binder.java:1179)
01-30 20:15:39.125 8578 8578 E ArmVmp : Match on catch block at 0xc3 in for 0xeb531021
01-30 20:15:39.136 8578 8578 E ArmVmp : Match on catch block at 0xc3 in for 0xeb531021
01-30 20:15:39.141 8578 8578 E ArmVmp : Match on catch block at 0xc3 in for 0xeb531021
01-30 20:15:39.223 8578 8578 E ArmVmp : Match on catch block at 0xc3 in for 0xeb531021
01-30 20:15:39.232 8578 8578 E ArmVmp : Match on catch block at 0xc3 in for 0xeb531021
01-30 20:15:39.239 8578 8578 E ArmVmp : Match on catch block at 0xc3 in for 0xeb531021
01-30 20:15:39.283 8578 8892 E SQLiteDatabase: Error inserting transferred=1 media_job_uuid=88f9136c-b5c6-4175-9549-515b89fd0ffe transcoded=0 gif_attribution=0 first_scan_length=0 direct_path=/v/t62.15575- 24/29635548_245535945254991_7242803691944230324_n.enc?ccb=11- 4&oh=01_AdQ3cl4yxqoH9EtFOucqZ_D03B_VLxHSjJj7RLrpm3jwIA&oe=65D676BC&_nc_sid=5e03e0 thumbnail_height_width_ratio=1.0 is_animated_sticker=0 file_hash=lem+8cZuaCBMxwaBNgNrcuKUukHOL9woa2EzOn7wp38= file_path=Media/MBWhatsApp Stickers/STK-20240130-WA0013.webp file_size=44774 partial_media_hash=null face_x=0 face_y=0 height=64 trim_to=0 media_key_timestamp=1705972083000 message_url=https://mmg.whatsapp.net/v/t62.15575- 24/29635548_245535945254991_7242803691944230324_n.enc?ccb=11- 4&oh=01_AdQ3cl4yxqoH9EtFOucqZ_D03B_VLxHSjJj7RLrpm3jwIA&oe=65D676BC&_nc_sid=5e03e0&m ms3=true media_caption=null trim_from=0 mime_type=image/webp partial_media_enc_hash=null width=64 original_file_hash=null has_streaming_sidecar=0 autotransfer_retry_enabled=1 media_upload_handle=null message_row_id=288 multicast_id=null enc_file_hash=5z4xfivBV8IOmVE4xPhlciVmmPMt6RgAbv2mup+4Iv0= mute_video=0 page_count=0 first_scan_sidecar=null suspicious_content=0 file_length=44774 media_name=null media_duration=0 chat_row_id=1 media_key=[B@e589266
01-30 20:15:39.283 8578 8892 E SQLiteDatabase: android.database.sqlite.SQLiteConstraintException: UNIQUE constraint failed: message_media.message_row_id (code 1555 SQLITE_CONSTRAINT_PRIMARYKEY[1555])
01-30 20:15:39.283 8578 8892 E SQLiteDatabase: at android.database.sqlite.SQLiteConnection.nativeExecuteForLastInsertedRowId(Native Method)
01-30 20:15:39.283 8578 8892 E SQLiteDatabase: at android.database.sqlite.SQLiteConnection.executeForLastInsertedRowId(SQLiteConnecti on.java:1232)
01-30 20:15:39.283 8578 8892 E SQLiteDatabase: at android.database.sqlite.SQLiteSession.executeForLastInsertedRowId(SQLiteSession.jav a:790)
01-30 20:15:39.283 8578 8892 E SQLiteDatabase: at android.database.sqlite.SQLiteStatement.executeInsert(SQLiteStatement.java:89)
01-30 20:15:39.283 8578 8892 E SQLiteDatabase: at android.database.sqlite.SQLiteDatabase.insertWithOnConflict(SQLiteDatabase.java:224 4)
01-30 20:15:39.283 8578 8892 E SQLiteDatabase: at android.database.sqlite.SQLiteDatabase.insert(SQLiteDatabase.java:2113)
01-30 20:15:39.283 8578 8892 E SQLiteDatabase: at X.2tm.A08(Unknown Source:6)
01-30 20:15:39.283 8578 8892 E SQLiteDatabase: at X.35Y.A07(Unknown Source:212)
01-30 20:15:39.283 8578 8892 E SQLiteDatabase: at X.3QF.A14(Unknown Source:470)
01-30 20:15:39.283 8578 8892 E SQLiteDatabase: at X.3gU.run(Unknown Source:982)
01-30 20:15:39.283 8578 8892 E SQLiteDatabase: at android.os.Handler.handleCallback(Handler.java:938)
01-30 20:15:39.283 8578 8892 E SQLiteDatabase: at android.os.Handler.dispatchMessage(Handler.java:99)
01-30 20:15:39.283 8578 8892 E SQLiteDatabase: at X.0zq.dispatchMessage(Unknown Source:4)
01-30 20:15:39.283 8578 8892 E SQLiteDatabase: at android.os.Looper.loopOnce(Looper.java:226)
01-30 20:15:39.283 8578 8892 E SQLiteDatabase: at android.os.Looper.loop(Looper.java:313)
01-30 20:15:39.283 8578 8892 E SQLiteDatabase: at android.os.HandlerThread.run(HandlerThread.java:67)
01-30 20:15:39.302 8578 8578 E ArmVmp : Match on catch block at 0xc3 in for 0xeb531021
01-30 20:15:39.307 8578 8578 E ArmVmp : Match on catch block at 0xc3 in for 0xeb531021
01-30 20:15:39.317 8578 8578 E ArmVmp : Match on catch block at 0xc3 in for 0xeb531021
01-30 20:15:39.466 8578 8578 E ArmVmp : Match on catch block at 0xc3 in for 0xeb531021
01-30 20:15:39.471 8578 8578 E ArmVmp : Match on catch block at 0xc3 in for 0xeb531021
01-30 20:15:39.477 8578 8578 E ArmVmp : Match on catch block at 0xc3 in for 0xeb531021
01-30 20:15:39.587 8578 8578 E ArmVmp : Match on catch block at 0xc3 in for 0xeb531021
01-30 20:15:39.594 8578 8578 E ArmVmp : Match on catch block at 0xc3 in for 0xeb531021
01-30 20:15:39.610 8578 8578 E ArmVmp : Match on catch block at 0xc3 in for 0xeb531021
01-30 20:15:39.828 8578 8578 E ArmVmp : Match on catch block at 0xc3 in for 0xeb531021
01-30 20:15:39.834 8578 8578 E ArmVmp : Match on catch block at 0xc3 in for 0xeb531021
01-30 20:15:39.838 8578 8578 E ArmVmp : Match on catch block at 0xc3 in for 0xeb531021
01-30 20:15:39.918 8578 8578 E ArmVmp : Match on catch block at 0xc3 in for 0xeb531021
01-30 20:15:39.927 8578 8578 E ArmVmp : Match on catch block at 0xc3 in for 0xeb531021
01-30 20:15:39.949 8578 8578 E ArmVmp : Match on catch block at 0xc3 in for 0xeb531021
01-30 20:15:40.222 8578 8578 E ArmVmp : Match on catch block at 0xc3 in for 0xeb531021
01-30 20:15:40.235 8578 8578 E ArmVmp : Match on catch block at 0xc3 in for 0xeb531021
01-30 20:15:40.238 8578 8578 E ArmVmp : Match on catch block at 0xc3 in for 0xeb531021
01-30 20:15:40.254 8578 8892 E SQLiteDatabase: Error inserting transferred=1 media_job_uuid=29d9cd94-eaa2-4070-bb4f-c3936c2dea48 transcoded=0 gif_attribution=0 first_scan_length=11760 direct_path=/v/t62.15575- 24/30813082_1599361450874211_5525708312153104158_n.enc?ccb=11- 4&oh=01_AdQ1ikn8HNQljasj2djIfQn8yeadeXkMaYZ0SfRbYc07CA&oe=65D66F3F&_nc_sid=5e03e0 thumbnail_height_width_ratio=1.0 is_animated_sticker=1 file_hash=+YrVDVfTgKm0MgNqIF8kyBpSeO1EcRHTx+OZ9Uk3/oE= file_path=Media/MBWhatsApp Stickers/STK-20240130-WA0014.webp file_size=281524 partial_media_hash=null face_x=0 face_y=0 height=64 trim_to=0 media_key_timestamp=1705972726000 message_url=https://mmg.whatsapp.net/v/t62.15575- 24/30813082_1599361450874211_5525708312153104158_n.enc?ccb=11- 4&oh=01_AdQ1ikn8HNQljasj2djIfQn8yeadeXkMaYZ0SfRbYc07CA&oe=65D66F3F&_nc_sid=5e03e0&m ms3=true media_caption=null trim_from=0 mime_type=image/webp partial_media_enc_hash=null width=64 original_file_hash=null has_streaming_sidecar=0 autotransfer_retry_enabled=1 media_upload_handle=null message_row_id=294 multicast_id=null enc_file_hash=UWu6hySYcmJ4+AW4/XrfalUWpQB94f8KDvwP3Qy0mjE= mute_video=0 page_count=0 first_scan_sidecar=[B@634f7f0 suspicious_content=0 file_length=281524 media_name=null media_duration=0 chat_row_id=1 media_key=[B@bb8e169
01-30 20:15:40.254 8578 8892 E SQLiteDatabase: android.database.sqlite.SQLiteConstraintException: UNIQUE constraint failed: message_media.message_row_id (code 1555 SQLITE_CONSTRAINT_PRIMARYKEY[1555])
01-30 20:15:40.254 8578 8892 E SQLiteDatabase: at android.database.sqlite.SQLiteConnection.nativeExecuteForLastInsertedRowId(Native Method)
01-30 20:15:40.254 8578 8892 E SQLiteDatabase: at android.database.sqlite.SQLiteConnection.executeForLastInsertedRowId(SQLiteConnecti on.java:1232)
01-30 20:15:40.254 8578 8892 E SQLiteDatabase: at android.database.sqlite.SQLiteSession.executeForLastInsertedRowId(SQLiteSession.jav a:790)
01-30 20:15:40.254 8578 8892 E SQLiteDatabase: at android.database.sqlite.SQLiteStatement.executeInsert(SQLiteStatement.java:89)
01-30 20:15:40.254 8578 8892 E SQLiteDatabase: at android.database.sqlite.SQLiteDatabase.insertWithOnConflict(SQLiteDatabase.java:224 4)
01-30 20:15:40.254 8578 8892 E SQLiteDatabase: at android.database.sqlite.SQLiteDatabase.insert(SQLiteDatabase.java:2113)
01-30 20:15:40.254 8578 8892 E SQLiteDatabase: at X.2tm.A08(Unknown Source:6)
01-30 20:15:40.254 8578 8892 E SQLiteDatabase: at X.35Y.A07(Unknown Source:212)
01-30 20:15:40.254 8578 8892 E SQLiteDatabase: at X.3QF.A14(Unknown Source:470)
01-30 20:15:40.254 8578 8892 E SQLiteDatabase: at X.3gU.run(Unknown Source:982)
01-30 20:15:40.254 8578 8892 E SQLiteDatabase: at android.os.Handler.handleCallback(Handler.java:938)
01-30 20:15:40.254 8578 8892 E SQLiteDatabase: at android.os.Handler.dispatchMessage(Handler.java:99)
01-30 20:15:40.254 8578 8892 E SQLiteDatabase: at X.0zq.dispatchMessage(Unknown Source:4)
01-30 20:15:40.254 8578 8892 E SQLiteDatabase: at android.os.Looper.loopOnce(Looper.java:226)
01-30 20:15:40.254 8578 8892 E SQLiteDatabase: at android.os.Looper.loop(Looper.java:313)
01-30 20:15:40.254 8578 8892 E SQLiteDatabase: at android.os.HandlerThread.run(HandlerThread.java:67)
01-30 20:15:40.341 8578 8578 E ArmVmp : Match on catch block at 0xc3 in for 0xeb531021
01-30 20:15:40.355 8578 8589 W com.mbwhatsapp: Suspending all threads took: 7.266ms
01-30 20:15:40.363 8578 8578 E ArmVmp : Match on catch block at 0xc3 in for 0xeb531021
01-30 20:15:40.366 8578 8578 E ArmVmp : Match on catch block at 0xc3 in for 0xeb531021
01-30 20:15:40.447 8578 8578 E ArmVmp : Match on catch block at 0xc3 in for 0xeb531021
01-30 20:15:40.452 8578 8578 E ArmVmp : Match on catch block at 0xc3 in for 0xeb531021
01-30 20:15:40.465 8578 8578 E ArmVmp : Match on catch block at 0xc3 in for 0xeb531021
01-30 20:15:40.645 8578 8578 E ArmVmp : Match on catch block at 0xc3 in for 0xeb531021
01-30 20:15:40.656 8578 8578 E ArmVmp : Match on catch block at 0xc3 in for 0xeb531021
01-30 20:15:40.659 8578 8578 E ArmVmp : Match on catch block at 0xc3 in for 0xeb531021
01-30 20:15:40.882 8578 8578 E ArmVmp : Match on catch block at 0xc3 in for 0xeb531021
01-30 20:15:40.890 8578 8578 E ArmVmp : Match on catch block at 0xc3 in for 0xeb531021
01-30 20:15:40.895 8578 8578 E ArmVmp : Match on catch block at 0xc3 in for 0xeb531021
01-30 20:15:40.951 8578 8892 E SQLiteDatabase: Error inserting transferred=1 media_job_uuid=e32f2b00-9897-48ec-85bd-934bc053ea9b transcoded=0 gif_attribution=0 first_scan_length=0 direct_path=/v/t62.7117- 24/30578739_1106001697245636_1729047573491264687_n.enc?ccb=11- 4&oh=01_AdQbeUbzAsaaBBwafMYfSYt4e8OFlj0gJ4FdaB860SnEyA&oe=65D6777D&_nc_sid=5e03e0 thumbnail_height_width_ratio=0.0 is_animated_sticker=0 file_hash=oyDuCpYZRTUvOrtIVfxmeZ/1Njk0gCrh9WdnJEiWOQo= file_path=Media/MBWhatsApp Voice Notes/202405/PTT-20240130-WA0015.opus file_size=3123 partial_media_hash=null face_x=0 face_y=0 height=0 trim_to=0 media_key_timestamp=1705973066000 message_url=https://mmg.whatsapp.net/v/t62.7117- 24/30578739_1106001697245636_1729047573491264687_n.enc?ccb=11- 4&oh=01_AdQbeUbzAsaaBBwafMYfSYt4e8OFlj0gJ4FdaB860SnEyA&oe=65D6777D&_nc_sid=5e03e0&m ms3=true media_caption=null trim_from=0 mime_type=audio/ogg; codecs=opus partial_media_enc_hash=null width=0 original_file_hash=null has_streaming_sidecar=0 autotransfer_retry_enabled=1 media_upload_handle=null message_row_id=298 multicast_id=null enc_file_hash=n8EjmwFqFssYHRSAB/ZA4/Awpc83neCZP6GhKB63+3A= mute_video=0 page_count=0 first_scan_sidecar=null suspicious_content=0 file_length=3123 media_name=null media_duration=1 chat_row_id=1 media_key=[B@d6f82d4
01-30 20:15:40.951 8578 8892 E SQLiteDatabase: android.database.sqlite.SQLiteConstraintException: UNIQUE constraint failed: message_media.message_row_id (code 1555 SQLITE_CONSTRAINT_PRIMARYKEY[1555])
01-30 20:15:40.951 8578 8892 E SQLiteDatabase: at android.database.sqlite.SQLiteConnection.nativeExecuteForLastInsertedRowId(Native Method)
01-30 20:15:40.951 8578 8892 E SQLiteDatabase: at android.database.sqlite.SQLiteConnection.executeForLastInsertedRowId(SQLiteConnecti on.java:1232)
01-30 20:15:40.951 8578 8892 E SQLiteDatabase: at android.database.sqlite.SQLiteSession.executeForLastInsertedRowId(SQLiteSession.jav a:790)
01-30 20:15:40.951 8578 8892 E SQLiteDatabase: at android.database.sqlite.SQLiteStatement.executeInsert(SQLiteStatement.java:89)
01-30 20:15:40.951 8578 8892 E SQLiteDatabase: at android.database.sqlite.SQLiteDatabase.insertWithOnConflict(SQLiteDatabase.java:224 4)
01-30 20:15:40.951 8578 8892 E SQLiteDatabase: at android.database.sqlite.SQLiteDatabase.insert(SQLiteDatabase.java:2113)
01-30 20:15:40.951 8578 8892 E SQLiteDatabase: at X.2tm.A08(Unknown Source:6)
01-30 20:15:40.951 8578 8892 E SQLiteDatabase: at X.35Y.A07(Unknown Source:212)
01-30 20:15:40.951 8578 8892 E SQLiteDatabase: at X.3QF.A14(Unknown Source:470)
01-30 20:15:40.951 8578 8892 E SQLiteDatabase: at X.3gU.run(Unknown Source:982)
01-30 20:15:40.951 8578 8892 E SQLiteDatabase: at android.os.Handler.handleCallback(Handler.java:938)
01-30 20:15:40.951 8578 8892 E SQLiteDatabase: at android.os.Handler.dispatchMessage(Handler.java:99)
01-30 20:15:40.951 8578 8892 E SQLiteDatabase: at X.0zq.dispatchMessage(Unknown Source:4)
01-30 20:15:40.951 8578 8892 E SQLiteDatabase: at android.os.Looper.loopOnce(Looper.java:226)
01-30 20:15:40.951 8578 8892 E SQLiteDatabase: at android.os.Looper.loop(Looper.java:313)
01-30 20:15:40.951 8578 8892 E SQLiteDatabase: at android.os.HandlerThread.run(HandlerThread.java:67)
01-30 20:15:41.040 8578 8578 E ArmVmp : Match on catch block at 0xc3 in for 0xeb531021
01-30 20:15:41.045 8578 8578 E ArmVmp : Match on catch block at 0xc3 in for 0xeb531021
01-30 20:15:41.052 8578 8578 E ArmVmp : Match on catch block at 0xc3 in for 0xeb531021
01-30 20:15:41.151 8578 8578 E ArmVmp : Match on catch block at 0xc3 in for 0xeb531021
01-30 20:15:41.159 8578 8578 E ArmVmp : Match on catch block at 0xc3 in for 0xeb531021
01-30 20:15:41.163 8578 8578 E ArmVmp : Match on catch block at 0xc3 in for 0xeb531021
01-30 20:15:41.247 8578 8578 E ArmVmp : Match on catch block at 0xc3 in for 0xeb531021
01-30 20:15:41.257 8578 8578 E ArmVmp : Match on catch block at 0xc3 in for 0xeb531021
01-30 20:15:41.268 8578 8578 E ArmVmp : Match on catch block at 0xc3 in for 0xeb531021
01-30 20:15:41.350 8578 8578 E ArmVmp : Match on catch block at 0xc3 in for 0xeb531021
01-30 20:15:41.355 8578 8578 E ArmVmp : Match on catch block at 0xc3 in for 0xeb531021
01-30 20:15:41.365 8578 8578 E ArmVmp : Match on catch block at 0xc3 in for 0xeb531021
01-30 20:15:41.669 8578 8578 E ArmVmp : Match on catch block at 0xc3 in for 0xeb531021
01-30 20:15:41.677 8578 8578 E ArmVmp : Match on catch block at 0xc3 in for 0xeb531021
01-30 20:15:41.680 8578 8578 E ArmVmp : Match on catch block at 0xc3 in for 0xeb531021
01-30 20:15:41.742 8578 8578 E ArmVmp : Match on catch block at 0xc3 in for 0xeb531021
01-30 20:15:41.750 8578 8578 E ArmVmp : Match on catch block at 0xc3 in for 0xeb531021
01-30 20:15:41.753 8578 8578 E ArmVmp : Match on catch block at 0xc3 in for 0xeb531021
01-30 20:15:41.919 8578 8578 E ArmVmp : Match on catch block at 0xc3 in for 0xeb531021
01-30 20:15:41.925 8578 8578 E ArmVmp : Match on catch block at 0xc3 in for 0xeb531021
01-30 20:15:41.931 8578 8578 E ArmVmp : Match on catch block at 0xc3 in for 0xeb531021
01-30 20:15:42.001 8578 8578 E ArmVmp : Match on catch block at 0xc3 in for 0xeb531021
01-30 20:15:42.009 8578 8578 E ArmVmp : Match on catch block at 0xc3 in for 0xeb531021
01-30 20:15:42.016 8578 8578 E ArmVmp : Match on catch block at 0xc3 in for 0xeb531021
01-30 20:15:42.694 8578 8578 E ArmVmp : Match on catch block at 0xc3 in for 0xeb531021
01-30 20:15:42.700 8578 8578 E ArmVmp : Match on catch block at 0xc3 in for 0xeb531021
01-30 20:15:42.705 8578 8578 E ArmVmp : Match on catch block at 0xc3 in for 0xeb531021
01-30 20:15:42.784 8578 8578 E ArmVmp : Match on catch block at 0xc3 in for 0xeb531021
01-30 20:15:42.789 8578 8578 E ArmVmp : Match on catch block at 0xc3 in for 0xeb531021
01-30 20:15:42.801 8578 8578 E ArmVmp : Match on catch block at 0xc3 in for 0xeb531021
01-30 20:15:42.987 8578 8578 E ArmVmp : Match on catch block at 0xc3 in for 0xeb531021
01-30 20:15:42.998 8578 8578 E ArmVmp : Match on catch block at 0xc3 in for 0xeb531021
01-30 20:15:43.030 8578 8578 E ArmVmp : Match on catch block at 0xc3 in for 0xeb531021
01-30 20:15:43.248 8578 8578 E ArmVmp : Match on catch block at 0xc3 in for 0xeb531021
01-30 20:15:43.254 8578 8578 E ArmVmp : Match on catch block at 0xc3 in for 0xeb531021
01-30 20:15:43.260 8578 8578 E ArmVmp : Match on catch block at 0xc3 in for 0xeb531021
01-30 20:15:43.358 8578 8578 E ArmVmp : Match on catch block at 0xc3 in for 0xeb531021
01-30 20:15:43.368 8578 8578 E ArmVmp : Match on catch block at 0xc3 in for 0xeb531021
01-30 20:15:43.372 8578 8578 E ArmVmp : Match on catch block at 0xc3 in for 0xeb531021
01-30 20:15:43.603 8578 8578 E ArmVmp : Match on catch block at 0xc3 in for 0xeb531021
01-30 20:15:43.609 8578 8578 E ArmVmp : Match on catch block at 0xc3 in for 0xeb531021
01-30 20:15:43.613 8578 8578 E ArmVmp : Match on catch block at 0xc3 in for 0xeb531021
01-30 20:15:43.752 8578 8578 E ArmVmp : Match on catch block at 0xc3 in for 0xeb531021
01-30 20:15:43.759 8578 8578 E ArmVmp : Match on catch block at 0xc3 in for 0xeb531021
01-30 20:15:43.763 8578 8578 E ArmVmp : Match on catch block at 0xc3 in for 0xeb531021
01-30 20:15:43.903 8578 8578 E ArmVmp : Match on catch block at 0xc3 in for 0xeb531021
01-30 20:15:43.908 8578 8578 E ArmVmp : Match on catch block at 0xc3 in for 0xeb531021
01-30 20:15:43.912 8578 8578 E ArmVmp : Match on catch block at 0xc3 in for 0xeb531021
01-30 20:15:44.108 8578 8578 E ArmVmp : Match on catch block at 0xc3 in for 0xeb531021
01-30 20:15:44.113 8578 8578 E ArmVmp : Match on catch block at 0xc3 in for 0xeb531021
01-30 20:15:44.119 8578 8578 E ArmVmp : Match on catch block at 0xc3 in for 0xeb531021
01-30 20:15:44.170 8578 8578 E ArmVmp : Match on catch block at 0xc3 in for 0xeb531021
01-30 20:15:44.174 8578 8578 E ArmVmp : Match on catch block at 0xc3 in for 0xeb531021
01-30 20:15:44.176 8578 8578 E ArmVmp : Match on catch block at 0xc3 in for 0xeb531021
01-30 20:15:44.252 8578 8578 E ArmVmp : Match on catch block at 0xc3 in for 0xeb531021
01-30 20:15:44.256 8578 8578 E ArmVmp : Match on catch block at 0xc3 in for 0xeb531021
01-30 20:15:44.259 8578 8578 E ArmVmp : Match on catch block at 0xc3 in for 0xeb531021
01-30 20:15:44.308 8578 8578 E ArmVmp : Match on catch block at 0xc3 in for 0xeb531021
01-30 20:15:44.320 8578 8578 E ArmVmp : Match on catch block at 0xc3 in for 0xeb531021
01-30 20:15:44.324 8578 8578 E ArmVmp : Match on catch block at 0xc3 in for 0xeb531021
01-30 20:15:44.407 8578 8578 E ArmVmp : Match on catch block at 0xc3 in for 0xeb531021
01-30 20:15:44.416 8578 8578 E ArmVmp : Match on catch block at 0xc3 in for 0xeb531021
01-30 20:15:44.422 8578 8578 E ArmVmp : Match on catch block at 0xc3 in for 0xeb531021
01-30 20:15:44.531 8578 8578 E ArmVmp : Match on catch block at 0xc3 in for 0xeb531021
01-30 20:15:44.539 8578 8578 E ArmVmp : Match on catch block at 0xc3 in for 0xeb531021
01-30 20:15:44.543 8578 8578 E ArmVmp : Match on catch block at 0xc3 in for 0xeb531021
01-30 20:15:44.658 8578 8578 E ArmVmp : Match on catch block at 0xc3 in for 0xeb531021
01-30 20:15:44.664 8578 8578 E ArmVmp : Match on catch block at 0xc3 in for 0xeb531021
01-30 20:15:44.671 8578 8578 E ArmVmp : Match on catch block at 0xc3 in for 0xeb531021
01-30 20:15:44.722 8578 8578 E ArmVmp : Match on catch block at 0xc3 in for 0xeb531021
01-30 20:15:44.727 8578 8578 E ArmVmp : Match on catch block at 0xc3 in for 0xeb531021
01-30 20:15:44.732 8578 8578 E ArmVmp : Match on catch block at 0xc3 in for 0xeb531021
01-30 20:15:44.821 8578 8578 E ArmVmp : Match on catch block at 0xc3 in for 0xeb531021
01-30 20:15:44.826 8578 8578 E ArmVmp : Match on catch block at 0xc3 in for 0xeb531021
01-30 20:15:44.830 8578 8578 E ArmVmp : Match on catch block at 0xc3 in for 0xeb531021
01-30 20:15:44.889 8578 8578 E ArmVmp : Match on catch block at 0xc3 in for 0xeb531021
01-30 20:15:44.896 8578 8578 E ArmVmp : Match on catch block at 0xc3 in for 0xeb531021
01-30 20:15:44.902 8578 8578 E ArmVmp : Match on catch block at 0xc3 in for 0xeb531021
01-30 20:15:45.017 8578 8578 E ArmVmp : Match on catch block at 0xc3 in for 0xeb531021
01-30 20:15:45.027 8578 8578 E ArmVmp : Match on catch block at 0xc3 in for 0xeb531021
01-30 20:15:45.039 8578 8578 E ArmVmp : Match on catch block at 0xc3 in for 0xeb531021
01-30 20:15:45.240 8578 8578 E ArmVmp : Match on catch block at 0xc3 in for 0xeb531021
01-30 20:15:45.251 8578 8578 E ArmVmp : Match on catch block at 0xc3 in for 0xeb531021
01-30 20:15:45.258 8578 8578 E ArmVmp : Match on catch block at 0xc3 in for 0xeb531021
01-30 20:15:45.399 8578 8578 E ArmVmp : Match on catch block at 0xc3 in for 0xeb531021
01-30 20:15:45.407 8578 8578 E ArmVmp : Match on catch block at 0xc3 in for 0xeb531021
01-30 20:15:45.427 8578 8578 E ArmVmp : Match on catch block at 0xc3 in for 0xeb531021
01-30 20:15:45.712 8578 8578 E ArmVmp : Match on catch block at 0xc3 in for 0xeb531021
01-30 20:15:45.741 8578 8578 E ArmVmp : Match on catch block at 0xc3 in for 0xeb531021
01-30 20:15:45.747 8578 8578 E ArmVmp : Match on catch block at 0xc3 in for 0xeb531021
01-30 20:15:45.925 8578 8578 E ArmVmp : Match on catch block at 0xc3 in for 0xeb531021
01-30 20:15:45.949 8578 8578 E ArmVmp : Match on catch block at 0xc3 in for 0xeb531021
01-30 20:15:45.953 8578 8578 E ArmVmp : Match on catch block at 0xc3 in for 0xeb531021
01-30 20:15:46.111 8578 8578 E ArmVmp : Match on catch block at 0xc3 in for 0xeb531021
01-30 20:15:46.116 8578 8578 E ArmVmp : Match on catch block at 0xc3 in for 0xeb531021
01-30 20:15:46.121 8578 8578 E ArmVmp : Match on catch block at 0xc3 in for 0xeb531021
01-30 20:15:46.228 8578 8578 E ArmVmp : Match on catch block at 0xc3 in for 0xeb531021
01-30 20:15:46.233 8578 8578 E ArmVmp : Match on catch block at 0xc3 in for 0xeb531021
01-30 20:15:46.237 8578 8578 E ArmVmp : Match on catch block at 0xc3 in for 0xeb531021
01-30 20:15:46.294 8578 8578 E ArmVmp : Match on catch block at 0xc3 in for 0xeb531021
01-30 20:15:46.300 8578 8578 E ArmVmp : Match on catch block at 0xc3 in for 0xeb531021
01-30 20:15:46.304 8578 8578 E ArmVmp : Match on catch block at 0xc3 in for 0xeb531021
01-30 20:15:46.374 8578 8578 E ArmVmp : Match on catch block at 0xc3 in for 0xeb531021
01-30 20:15:46.381 8578 8578 E ArmVmp : Match on catch block at 0xc3 in for 0xeb531021
01-30 20:15:46.400 8578 8578 E ArmVmp : Match on catch block at 0xc3 in for 0xeb531021
01-30 20:15:46.483 8578 8578 E ArmVmp : Match on catch block at 0xc3 in for 0xeb531021
01-30 20:15:46.488 8578 8578 E ArmVmp : Match on catch block at 0xc3 in for 0xeb531021
01-30 20:15:46.496 8578 8578 E ArmVmp : Match on catch block at 0xc3 in for 0xeb531021
01-30 20:15:46.561 8578 8578 E ArmVmp : Match on catch block at 0xc3 in for 0xeb531021
01-30 20:15:46.577 8578 8578 E ArmVmp : Match on catch block at 0xc3 in for 0xeb531021
01-30 20:15:46.582 8578 8578 E ArmVmp : Match on catch block at 0xc3 in for 0xeb531021
01-30 20:15:46.689 8578 9231 E DatabaseUtils: Writing exception to parcel
01-30 20:15:46.689 8578 9231 E DatabaseUtils: java.lang.SecurityException: Permission Denial: reading com.mbwhatsapp.contentprovider.MediaProvider uri content://com.mbwhatsapp.provider.media/item/9764e817-ff97-42b1-8683-9ac808a8ea00 from pid=2240, uid=10067 requires the provider be exported, or grantUriPermission()
01-30 20:15:46.689 8578 9231 E DatabaseUtils: at android.content.ContentProvider.enforceReadPermissionInner(ContentProvider.java:912 )
01-30 20:15:46.689 8578 9231 E DatabaseUtils: at android.content.ContentProvider.semEnforceReadPermission(ContentProvider.java:830)
01-30 20:15:46.689 8578 9231 E DatabaseUtils: at android.content.ContentProvider$Transport.enforceReadPermission(ContentProvider.jav a:708)
01-30 20:15:46.689 8578 9231 E DatabaseUtils: at android.content.ContentProvider$Transport.enforceFilePermission(ContentProvider.jav a:698)
01-30 20:15:46.689 8578 9231 E DatabaseUtils: at android.content.ContentProvider$Transport.openTypedAssetFile(ContentProvider.java:5 57)
01-30 20:15:46.689 8578 9231 E DatabaseUtils: at android.content.ContentProviderNative.onTransact(ContentProviderNative.java:327)
01-30 20:15:46.689 8578 9231 E DatabaseUtils: at android.os.Binder.execTransactInternal(Binder.java:1220)
01-30 20:15:46.689 8578 9231 E DatabaseUtils: at android.os.Binder.execTransact(Binder.java:1179)
01-30 20:15:46.910 8578 8578 E ArmVmp : Match on catch block at 0xc3 in for 0xeb531021
01-30 20:15:46.914 8578 8578 E ArmVmp : Match on catch block at 0xc3 in for 0xeb531021
01-30 20:15:46.917 8578 8578 E ArmVmp : Match on catch block at 0xc3 in for 0xeb531021
01-30 20:15:46.995 8578 8578 E ArmVmp : Match on catch block at 0xc3 in for 0xeb531021
01-30 20:15:47.001 8578 8578 E ArmVmp : Match on catch block at 0xc3 in for 0xeb531021
01-30 20:15:47.006 8578 8578 E ArmVmp : Match on catch block at 0xc3 in for 0xeb531021
01-30 20:15:47.063 8578 8578 E ArmVmp : Match on catch block at 0xc3 in for 0xeb531021
01-30 20:15:47.070 8578 8578 E ArmVmp : Match on catch block at 0xc3 in for 0xeb531021
01-30 20:15:47.078 8578 8578 E ArmVmp : Match on catch block at 0xc3 in for 0xeb531021
01-30 20:15:47.127 8578 8578 E ArmVmp : Match on catch block at 0xc3 in for 0xeb531021
01-30 20:15:47.132 8578 8578 E ArmVmp : Match on catch block at 0xc3 in for 0xeb531021
01-30 20:15:47.136 8578 8578 E ArmVmp : Match on catch block at 0xc3 in for 0xeb531021
01-30 20:15:47.182 8578 8578 E ArmVmp : Match on catch block at 0xc3 in for 0xeb531021
01-30 20:15:47.189 8578 8578 E ArmVmp : Match on catch block at 0xc3 in for 0xeb531021
01-30 20:15:47.194 8578 8578 E ArmVmp : Match on catch block at 0xc3 in for 0xeb531021
01-30 20:15:47.244 8578 8578 E ArmVmp : Match on catch block at 0xc3 in for 0xeb531021
01-30 20:15:47.248 8578 8578 E ArmVmp : Match on catch block at 0xc3 in for 0xeb531021
01-30 20:15:47.256 8578 8578 E ArmVmp : Match on catch block at 0xc3 in for 0xeb531021
01-30 20:15:47.365 8578 8578 E ArmVmp : Match on catch block at 0xc3 in for 0xeb531021
01-30 20:15:47.370 8578 8578 E ArmVmp : Match on catch block at 0xc3 in for 0xeb531021
01-30 20:15:47.374 8578 8578 E ArmVmp : Match on catch block at 0xc3 in for 0xeb531021
01-30 20:15:47.444 8578 8578 E ArmVmp : Match on catch block at 0xc3 in for 0xeb531021
01-30 20:15:47.449 8578 8578 E ArmVmp : Match on catch block at 0xc3 in for 0xeb531021
01-30 20:15:47.464 8578 8578 E ArmVmp : Match on catch block at 0xc3 in for 0xeb531021
01-30 20:15:47.590 8578 8578 E ArmVmp : Match on catch block at 0xc3 in for 0xeb531021
01-30 20:15:47.596 8578 8578 E ArmVmp : Match on catch block at 0xc3 in for 0xeb531021
01-30 20:15:47.603 8578 8578 E ArmVmp : Match on catch block at 0xc3 in for 0xeb531021
01-30 20:15:47.800 8578 8578 E ArmVmp : Match on catch block at 0xc3 in for 0xeb531021
01-30 20:15:47.806 8578 8578 E ArmVmp : Match on catch block at 0xc3 in for 0xeb531021
01-30 20:15:47.809 8578 8578 E ArmVmp : Match on catch block at 0xc3 in for 0xeb531021
01-30 20:15:48.231 8578 8578 E ArmVmp : Match on catch block at 0xc3 in for 0xeb531021
01-30 20:15:48.237 8578 8578 E ArmVmp : Match on catch block at 0xc3 in for 0xeb531021
01-30 20:15:48.241 8578 8578 E ArmVmp : Match on catch block at 0xc3 in for 0xeb531021
01-30 20:15:48.449 8578 8578 E ArmVmp : Match on catch block at 0xc3 in for 0xeb531021
01-30 20:15:48.456 8578 8578 E ArmVmp : Match on catch block at 0xc3 in for 0xeb531021
01-30 20:15:48.464 8578 8578 E ArmVmp : Match on catch block at 0xc3 in for 0xeb531021
01-30 20:15:48.605 8578 8578 E ArmVmp : Match on catch block at 0xc3 in for 0xeb531021
01-30 20:15:48.610 8578 8578 E ArmVmp : Match on catch block at 0xc3 in for 0xeb531021
01-30 20:15:48.614 8578 8578 E ArmVmp : Match on catch block at 0xc3 in for 0xeb531021
01-30 20:15:48.782 8578 8578 E ArmVmp : Match on catch block at 0xc3 in for 0xeb531021
01-30 20:15:48.790 8578 8578 E ArmVmp : Match on catch block at 0xc3 in for 0xeb531021
01-30 20:15:48.799 8578 8578 E ArmVmp : Match on catch block at 0xc3 in for 0xeb531021
01-30 20:15:49.000 8578 8578 E ArmVmp : Match on catch block at 0xc3 in for 0xeb531021
01-30 20:15:49.005 8578 8578 E ArmVmp : Match on catch block at 0xc3 in for 0xeb531021
01-30 20:15:49.009 8578 8578 E ArmVmp : Match on catch block at 0xc3 in for 0xeb531021
01-30 20:15:49.105 8578 8578 E ArmVmp : Match on catch block at 0xc3 in for 0xeb531021
01-30 20:15:49.115 8578 8578 E ArmVmp : Match on catch block at 0xc3 in for 0xeb531021
01-30 20:15:49.130 8578 8578 E ArmVmp : Match on catch block at 0xc3 in for 0xeb531021
01-30 20:15:49.204 8578 8578 E ArmVmp : Match on catch block at 0xc3 in for 0xeb531021
01-30 20:15:49.220 8578 8578 E ArmVmp : Match on catch block at 0xc3 in for 0xeb531021
01-30 20:15:49.224 8578 8578 E ArmVmp : Match on catch block at 0xc3 in for 0xeb531021
01-30 20:15:49.279 8578 8578 E ArmVmp : Match on catch block at 0xc3 in for 0xeb531021
01-30 20:15:49.291 8578 8578 E ArmVmp : Match on catch block at 0xc3 in for 0xeb531021
01-30 20:15:49.295 8578 8578 E ArmVmp : Match on catch block at 0xc3 in for 0xeb531021
01-30 20:15:49.359 8578 8578 E ArmVmp : Match on catch block at 0xc3 in for 0xeb531021
01-30 20:15:49.366 8578 8578 E ArmVmp : Match on catch block at 0xc3 in for 0xeb531021
01-30 20:15:49.369 8578 8578 E ArmVmp : Match on catch block at 0xc3 in for 0xeb531021
01-30 20:15:49.489 8578 8578 E ArmVmp : Match on catch block at 0xc3 in for 0xeb531021
01-30 20:15:49.495 8578 8578 E ArmVmp : Match on catch block at 0xc3 in for 0xeb531021
01-30 20:15:49.499 8578 8578 E ArmVmp : Match on catch block at 0xc3 in for 0xeb531021
01-30 20:15:49.587 8578 8578 E ArmVmp : Match on catch block at 0xc3 in for 0xeb531021
01-30 20:15:49.595 8578 8578 E ArmVmp : Match on catch block at 0xc3 in for 0xeb531021
01-30 20:15:49.608 8578 8578 E ArmVmp : Match on catch block at 0xc3 in for 0xeb531021
01-30 20:15:49.688 8578 8578 E ArmVmp : Match on catch block at 0xc3 in for 0xeb531021
01-30 20:15:49.696 8578 8578 E ArmVmp : Match on catch block at 0xc3 in for 0xeb531021
01-30 20:15:49.700 8578 8578 E ArmVmp : Match on catch block at 0xc3 in for 0xeb531021
01-30 20:15:50.040 8578 8578 E ArmVmp : Match on catch block at 0xc3 in for 0xeb531021
01-30 20:15:50.055 8578 8578 E ArmVmp : Match on catch block at 0xc3 in for 0xeb531021
01-30 20:15:50.058 8578 8578 E ArmVmp : Match on catch block at 0xc3 in for 0xeb531021
01-30 20:15:50.155 8578 8578 E ArmVmp : Match on catch block at 0xc3 in for 0xeb531021
01-30 20:15:50.166 8578 8578 E ArmVmp : Match on catch block at 0xc3 in for 0xeb531021
01-30 20:15:50.170 8578 8578 E ArmVmp : Match on catch block at 0xc3 in for 0xeb531021
01-30 20:15:50.417 8578 8578 E ArmVmp : Match on catch block at 0xc3 in for 0xeb531021
01-30 20:15:50.421 8578 8578 E ArmVmp : Match on catch block at 0xc3 in for 0xeb531021
01-30 20:15:50.424 8578 8578 E ArmVmp : Match on catch block at 0xc3 in for 0xeb531021
01-30 20:15:50.503 8578 8578 E ArmVmp : Match on catch block at 0xc3 in for 0xeb531021
01-30 20:15:50.508 8578 8578 E ArmVmp : Match on catch block at 0xc3 in for 0xeb531021
01-30 20:15:50.511 8578 8578 E ArmVmp : Match on catch block at 0xc3 in for 0xeb531021
01-30 20:15:50.571 8578 8578 E ArmVmp : Match on catch block at 0xc3 in for 0xeb531021
01-30 20:15:50.577 8578 8578 E ArmVmp : Match on catch block at 0xc3 in for 0xeb531021
01-30 20:15:50.580 8578 8578 E ArmVmp : Match on catch block at 0xc3 in for 0xeb531021
01-30 20:15:50.928 8578 8578 E ArmVmp : Match on catch block at 0xc3 in for 0xeb531021
01-30 20:15:50.935 8578 8578 E ArmVmp : Match on catch block at 0xc3 in for 0xeb531021
01-30 20:15:50.951 8578 8578 E ArmVmp : Match on catch block at 0xc3 in for 0xeb531021
01-30 20:15:51.116 8578 8578 E ArmVmp : Match on catch block at 0xc3 in for 0xeb531021
01-30 20:15:51.123 8578 8578 E ArmVmp : Match on catch block at 0xc3 in for 0xeb531021
01-30 20:15:51.129 8578 8578 E ArmVmp : Match on catch block at 0xc3 in for 0xeb531021
01-30 20:15:51.446 8578 8578 E ArmVmp : Match on catch block at 0xc3 in for 0xeb531021
01-30 20:15:51.458 8578 8578 E ArmVmp : Match on catch block at 0xc3 in for 0xeb531021
01-30 20:15:51.463 8578 8578 E ArmVmp : Match on catch block at 0xc3 in for 0xeb531021
