We take content rights seriously. If you suspect this is your content, claim it here.
Available Formats
Download as TXT, PDF, TXT or read online on Scribd
You are on page 1/ 2963
--------- beginning of main
01-19 16:32:32.912 22560 22560 E com.mbwhatsapp: Not starting debugger since
process cannot load the jdwp agent.
01-19 16:32:32.957 22560 22560 E USNET : USNET: appName: com.mbwhatsapp
01-19 16:32:33.278 22560 22560 W System.err: java.lang.ClassNotFoundException: mbmodsd.mbmodsw.ui.views.btn.BtnBK
01-19 16:32:33.287 22560 22560 W System.err: at java.lang.Runtime.nativeLoad(Native Method)
01-19 16:32:33.288 22560 22560 W System.err: at java.lang.Runtime.nativeLoad(Runtime.java:1126)
01-19 16:32:33.288 22560 22560 W System.err: at java.lang.Runtime.loadLibrary0(Runtime.java:1080)
01-19 16:32:33.288 22560 22560 W System.err: at java.lang.Runtime.loadLibrary0(Runtime.java:1003)
01-19 16:32:33.288 22560 22560 W System.err: at java.lang.System.loadLibrary(System.java:1661)
01-19 16:32:33.288 22560 22560 W System.err: at arm.EpicVm.<clinit>(Unknown Source:2)
01-19 16:32:33.288 22560 22560 W System.err: at java.lang.Class.newInstance(Native Method)
01-19 16:32:33.288 22560 22560 W System.err: at android.app.AppComponentFactory.instantiateApplication(AppComponentFactory.java:76)
01-19 16:32:33.288 22560 22560 W System.err: at androidx.core.app.CoreComponentFactory.instantiateApplication(Unknown Source:0)
01-19 16:32:33.288 22560 22560 W System.err: at android.app.Instrumentation.newApplication(Instrumentation.java:1177)
01-19 16:32:33.288 22560 22560 W System.err: at android.app.LoadedApk.makeApplication(LoadedApk.java:1457)
01-19 16:32:33.288 22560 22560 W System.err: at android.app.ActivityThread.handleBindApplication(ActivityThread.java:7458)
01-19 16:32:33.288 22560 22560 W System.err: at android.app.ActivityThread.access$1600(ActivityThread.java:310)
01-19 16:32:33.288 22560 22560 W System.err: at android.app.ActivityThread$H.handleMessage(ActivityThread.java:2281)
01-19 16:32:33.288 22560 22560 W System.err: at android.os.Handler.dispatchMessage(Handler.java:106)
01-19 16:32:33.288 22560 22560 W System.err: at android.os.Looper.loopOnce(Looper.java:226)
01-19 16:32:33.288 22560 22560 W System.err: at android.os.Looper.loop(Looper.java:313)
01-19 16:32:33.288 22560 22560 W System.err: at android.app.ActivityThread.main(ActivityThread.java:8669)
01-19 16:32:33.288 22560 22560 W System.err: at java.lang.reflect.Method.invoke(Native Method)
01-19 16:32:33.288 22560 22560 W System.err: at com.android.internal.os.RuntimeInit$MethodAndArgsCaller.run(RuntimeInit.java:571)
01-19 16:32:33.288 22560 22560 W System.err: at com.android.internal.os.ZygoteInit.main(ZygoteInit.java:1135)
01-19 16:32:33.429 22560 22560 E CustomActivityOnCrash: IMPORTANT WARNING! You already have an UncaughtExceptionHandler, are you sure this is correct? If you use a custom UncaughtExceptionHandler, you must initialize it AFTER CustomActivityOnCrash! Installing anyway, but your original handler will not be called.
01-19 16:32:34.266 22643 22643 E com.mbwhatsapp: Not starting debugger since process cannot load the jdwp agent.
01-19 16:32:34.268 22643 22643 E USNET : USNET: appName: com.mbwhatsapp
01-19 16:32:34.402 22643 22643 W System.err: java.lang.ClassNotFoundException: mbmodsd.mbmodsw.ui.views.btn.BtnBK
01-19 16:32:34.402 22643 22643 W System.err: at java.lang.Runtime.nativeLoad(Native Method)
01-19 16:32:34.402 22643 22643 W System.err: at java.lang.Runtime.nativeLoad(Runtime.java:1126)
01-19 16:32:34.402 22643 22643 W System.err: at java.lang.Runtime.loadLibrary0(Runtime.java:1080)
01-19 16:32:34.402 22643 22643 W System.err: at java.lang.Runtime.loadLibrary0(Runtime.java:1003)
01-19 16:32:34.402 22643 22643 W System.err: at java.lang.System.loadLibrary(System.java:1661)
01-19 16:32:34.402 22643 22643 W System.err: at arm.EpicVm.<clinit>(Unknown Source:2)
01-19 16:32:34.402 22643 22643 W System.err: at java.lang.Class.newInstance(Native Method)
01-19 16:32:34.402 22643 22643 W System.err: at android.app.AppComponentFactory.instantiateApplication(AppComponentFactory.java:76)
01-19 16:32:34.402 22643 22643 W System.err: at androidx.core.app.CoreComponentFactory.instantiateApplication(Unknown Source:0)
01-19 16:32:34.402 22643 22643 W System.err: at android.app.Instrumentation.newApplication(Instrumentation.java:1177)
01-19 16:32:34.402 22643 22643 W System.err: at android.app.LoadedApk.makeApplication(LoadedApk.java:1457)
01-19 16:32:34.402 22643 22643 W System.err: at android.app.ActivityThread.handleBindApplication(ActivityThread.java:7458)
01-19 16:32:34.402 22643 22643 W System.err: at android.app.ActivityThread.access$1600(ActivityThread.java:310)
01-19 16:32:34.402 22643 22643 W System.err: at android.app.ActivityThread$H.handleMessage(ActivityThread.java:2281)
01-19 16:32:34.402 22643 22643 W System.err: at android.os.Handler.dispatchMessage(Handler.java:106)
01-19 16:32:34.402 22643 22643 W System.err: at android.os.Looper.loopOnce(Looper.java:226)
01-19 16:32:34.402 22643 22643 W System.err: at android.os.Looper.loop(Looper.java:313)
01-19 16:32:34.402 22643 22643 W System.err: at android.app.ActivityThread.main(ActivityThread.java:8669)
01-19 16:32:34.402 22643 22643 W System.err: at java.lang.reflect.Method.invoke(Native Method)
01-19 16:32:34.402 22643 22643 W System.err: at com.android.internal.os.RuntimeInit$MethodAndArgsCaller.run(RuntimeInit.java:571)
01-19 16:32:34.403 22643 22643 W System.err: at com.android.internal.os.ZygoteInit.main(ZygoteInit.java:1135)
01-19 16:32:34.487 22643 22643 E CustomActivityOnCrash: IMPORTANT WARNING! You already have an UncaughtExceptionHandler, are you sure this is correct? If you use a custom UncaughtExceptionHandler, you must initialize it AFTER CustomActivityOnCrash! Installing anyway, but your original handler will not be called.
01-19 16:32:34.958 22643 22643 W com.mbwhatsapp: Accessing hidden method Lcom/android/org/conscrypt/OpenSSLSocketImpl;->setUseSessionTickets(Z)V (max- target-q,core-platform-api, reflection, denied)
01-19 16:32:34.958 22643 22643 W com.mbwhatsapp: Accessing hidden method Lcom/android/org/conscrypt/AbstractConscryptSocket;->setUseSessionTickets(Z)V (max- target-q, reflection, denied)
01-19 16:32:35.498 22643 22663 W LibraryVersion: Failed to get app version for libraryName: firebase-iid
01-19 16:32:36.926 22643 22718 W com.mbwhatsapp: Method void X.2rL.A03(java.lang.Integer) failed lock verification and will run slower.
01-19 16:32:36.926 22643 22718 W com.mbwhatsapp: Common causes for lock verification issues are non-optimized dex code
01-19 16:32:36.926 22643 22718 W com.mbwhatsapp: and incorrect proguard optimizations.
01-19 16:32:36.967 22643 22643 W com.mbwhatsapp: Method void X.0eU.A0h(X.0tK, boolean) failed lock verification and will run slower.
01-19 16:32:37.670 22643 22643 E com.mbwhatsapp: Invalid ID 0x00000000.
01-19 16:32:37.676 22643 22643 W System.err: android.content.res.Resources$NotFoundException: String resource ID #0x0
01-19 16:32:37.678 22643 22643 W System.err: at android.content.res.Resources.getText(Resources.java:509)
01-19 16:32:37.678 22643 22643 W System.err: at android.content.res.Resources.getString(Resources.java:602)
01-19 16:32:37.678 22643 22643 W System.err: at X.35t.A0E(Unknown Source:46)
01-19 16:32:37.679 22643 22643 W System.err: at com.mbwhatsapp.yo.yo.getString(Native Method)
01-19 16:32:37.679 22643 22643 W System.err: at com.mbwhatsapp.yo.yo.getString(Native Method)
01-19 16:32:37.679 22643 22643 W System.err: at com.mbwhatsapp.youbasha.task.utils.requestAllFilesAccess14(Native Method)
01-19 16:32:37.679 22643 22643 W System.err: at com.mbwhatsapp.yo.dep.showStoragePermissionRequest(Native Method)
01-19 16:32:37.679 22643 22643 W System.err: at com.mbwhatsapp.registration.EULA.onCreate(Unknown Source:248)
01-19 16:32:37.679 22643 22643 W System.err: at android.app.Activity.performCreate(Activity.java:8290)
01-19 16:32:37.679 22643 22643 W System.err: at android.app.Activity.performCreate(Activity.java:8270)
01-19 16:32:37.679 22643 22643 W System.err: at android.app.Instrumentation.callActivityOnCreate(Instrumentation.java:1329)
01-19 16:32:37.680 22643 22643 W System.err: at android.app.ActivityThread.performLaunchActivity(ActivityThread.java:4009)
01-19 16:32:37.680 22643 22643 W System.err: at android.app.ActivityThread.handleLaunchActivity(ActivityThread.java:4201)
01-19 16:32:37.680 22643 22643 W System.err: at android.app.servertransaction.LaunchActivityItem.execute(LaunchActivityItem.java:10 3)
01-19 16:32:37.680 22643 22643 W System.err: at android.app.servertransaction.TransactionExecutor.executeCallbacks(TransactionExecu tor.java:135)
01-19 16:32:37.681 22643 22643 W System.err: at android.app.servertransaction.TransactionExecutor.execute(TransactionExecutor.java: 95)
01-19 16:32:37.681 22643 22643 W System.err: at android.app.ActivityThread$H.handleMessage(ActivityThread.java:2438)
01-19 16:32:37.681 22643 22643 W System.err: at android.os.Handler.dispatchMessage(Handler.java:106)
01-19 16:32:37.681 22643 22643 W System.err: at android.os.Looper.loopOnce(Looper.java:226)
01-19 16:32:37.681 22643 22643 W System.err: at android.os.Looper.loop(Looper.java:313)
01-19 16:32:37.682 22643 22643 W System.err: at android.app.ActivityThread.main(ActivityThread.java:8669)
01-19 16:32:37.682 22643 22643 W System.err: at java.lang.reflect.Method.invoke(Native Method)
01-19 16:32:37.682 22643 22643 W System.err: at com.android.internal.os.RuntimeInit$MethodAndArgsCaller.run(RuntimeInit.java:571)
01-19 16:32:37.682 22643 22643 W System.err: at com.android.internal.os.ZygoteInit.main(ZygoteInit.java:1135)
01-19 16:32:37.858 22643 22643 W Activity: Can request only one set of permissions at a time
01-19 16:32:37.968 22643 22733 E RenderScript: Failed to find hal setup entry points: undefined symbol: rsdHalAbort
01-19 16:32:37.968 22643 22733 E RenderScript: Failed to load runtime , loading default
01-19 16:32:38.183 22643 22643 E ArmVmp : Match on catch block at 0x0a in for 0xf63f9049
01-19 16:32:38.423 22643 22749 W Gralloc3: mapper 3.x is not supported
01-19 16:32:38.436 22643 22749 W Gralloc4: allocator 4.x is not supported
01-19 16:32:38.438 22643 22749 W Gralloc3: allocator 3.x is not supported
01-19 16:32:39.539 22643 22643 E com.mbwhatsapp: Invalid ID 0x00000000.
01-19 16:32:39.575 22643 22643 E com.mbwhatsapp: Invalid ID 0x00000000.
01-19 16:32:39.576 22643 22643 E com.mbwhatsapp: Invalid ID 0x00000000.
01-19 16:32:39.576 22643 22643 E com.mbwhatsapp: Invalid ID 0x00000000.
01-19 16:32:39.577 22643 22643 E com.mbwhatsapp: Invalid ID 0x00000000.
01-19 16:32:39.578 22643 22643 E com.mbwhatsapp: Invalid ID 0x00000000.
01-19 16:32:39.579 22643 22643 E com.mbwhatsapp: Invalid ID 0x00000000.
01-19 16:32:39.579 22643 22643 E com.mbwhatsapp: Invalid ID 0x00000000.
01-19 16:32:42.002 22643 22651 W com.mbwhatsapp: Cleared Reference was only reachable from finalizer (only reported once)
01-19 16:33:24.873 22643 22643 E ArmVmp : Match on catch block at 0x0a in for 0xf63f9049
01-19 16:33:30.852 22643 22653 W System : A resource failed to call destroy.
01-19 16:33:30.852 22643 22653 W System : A resource failed to call destroy.
01-19 16:33:32.159 22643 22643 E ArmVmp : Match on catch block at 0x0a in for 0xf63f9049
01-19 16:34:06.323 22643 24081 E ShortcutInfoCompatSaver: Failed to load saved values from file /data/user/0/com.mbwhatsapp/files/ShortcutInfoCompatSaver_share_targets/ targets.xml. Old state removed, new added
01-19 16:34:06.323 22643 24081 E ShortcutInfoCompatSaver: java.io.FileNotFoundException: /data/user/0/com.mbwhatsapp/files/ShortcutInfoCompatSaver_share_targets/ targets.xml: open failed: ENOENT (No such file or directory)
01-19 16:34:06.323 22643 24081 E ShortcutInfoCompatSaver: at libcore.io.IoBridge.open(IoBridge.java:574)
01-19 16:34:06.323 22643 24081 E ShortcutInfoCompatSaver: at java.io.FileInputStream.<init>(FileInputStream.java:160)
01-19 16:34:06.323 22643 24081 E ShortcutInfoCompatSaver: at X.0nz.run(Unknown Source:82)
01-19 16:34:06.323 22643 24081 E ShortcutInfoCompatSaver: at java.util.concurrent.Executors$RunnableAdapter.call(Executors.java:487)
01-19 16:34:06.323 22643 24081 E ShortcutInfoCompatSaver: at java.util.concurrent.FutureTask.run(FutureTask.java:264)
01-19 16:34:06.323 22643 24081 E ShortcutInfoCompatSaver: at java.util.concurrent.ThreadPoolExecutor.runWorker(ThreadPoolExecutor.java:1145)
01-19 16:34:06.323 22643 24081 E ShortcutInfoCompatSaver: at java.util.concurrent.ThreadPoolExecutor$Worker.run(ThreadPoolExecutor.java:644)
01-19 16:34:06.323 22643 24081 E ShortcutInfoCompatSaver: at java.lang.Thread.run(Thread.java:1012)
01-19 16:34:06.323 22643 24081 E ShortcutInfoCompatSaver: Caused by: android.system.ErrnoException: open failed: ENOENT (No such file or directory)
01-19 16:34:06.323 22643 24081 E ShortcutInfoCompatSaver: at libcore.io.Linux.open(Native Method)
01-19 16:34:06.323 22643 24081 E ShortcutInfoCompatSaver: at libcore.io.ForwardingOs.open(ForwardingOs.java:563)
01-19 16:34:06.323 22643 24081 E ShortcutInfoCompatSaver: at libcore.io.BlockGuardOs.open(BlockGuardOs.java:274)
01-19 16:34:06.323 22643 24081 E ShortcutInfoCompatSaver: at libcore.io.ForwardingOs.open(ForwardingOs.java:563)
01-19 16:34:06.323 22643 24081 E ShortcutInfoCompatSaver: at android.app.ActivityThread$AndroidOs.open(ActivityThread.java:8529)
01-19 16:34:06.323 22643 24081 E ShortcutInfoCompatSaver: at libcore.io.IoBridge.open(IoBridge.java:560)
01-19 16:34:06.323 22643 24081 E ShortcutInfoCompatSaver: ... 7 more
01-19 16:34:06.411 22643 22730 E FrameEvents: updateAcquireFence: Did not find frame.
01-19 16:34:06.423 22643 22730 E FrameEvents: updateAcquireFence: Did not find frame.
01-19 16:34:06.431 22643 22730 E FrameEvents: updateAcquireFence: Did not find frame.
01-19 16:34:58.286 22643 22643 W IInputConnectionWrapper: requestCursorAnchorInfo on inactive InputConnection
01-19 16:34:58.904 22643 22643 W IInputConnectionWrapper: requestCursorAnchorInfo on inactive InputConnection
01-19 16:35:09.980 22643 22686 E PlayCore: UID: [10002] PID: [22643] StandardIntegrity : Phonesky is not installed.
01-19 16:35:10.006 22643 22724 W ziparchive: Unable to open '/apex/com.android.extservices/javalib/android.ext.adservices.dm': No such file or directory
01-19 16:35:10.007 22643 22724 W ziparchive: Unable to open '/apex/com.android.extservices/javalib/android.ext.adservices.dm': No such file or directory
01-19 16:36:09.552 22643 22643 W IInputConnectionWrapper: requestCursorAnchorInfo on inactive InputConnection
01-19 16:36:15.708 22643 22643 W IInputConnectionWrapper: requestCursorAnchorInfo on inactive InputConnection --------- beginning of main
01-19 16:38:43.212 25861 25861 E com.mbwhatsapp: Not starting debugger since process cannot load the jdwp agent.
01-19 16:38:43.215 25861 25861 E USNET : USNET: appName: com.mbwhatsapp
01-19 16:38:43.415 25861 25861 W System.err: java.lang.ClassNotFoundException: mbmodsd.mbmodsw.ui.views.btn.BtnBK
01-19 16:38:43.420 25861 25861 W System.err: at java.lang.Runtime.nativeLoad(Native Method)
01-19 16:38:43.420 25861 25861 W System.err: at java.lang.Runtime.nativeLoad(Runtime.java:1126)
01-19 16:38:43.420 25861 25861 W System.err: at java.lang.Runtime.loadLibrary0(Runtime.java:1080)
01-19 16:38:43.420 25861 25861 W System.err: at java.lang.Runtime.loadLibrary0(Runtime.java:1003)
01-19 16:38:43.420 25861 25861 W System.err: at java.lang.System.loadLibrary(System.java:1661)
01-19 16:38:43.420 25861 25861 W System.err: at arm.EpicVm.<clinit>(Unknown Source:2)
01-19 16:38:43.420 25861 25861 W System.err: at java.lang.Class.newInstance(Native Method)
01-19 16:38:43.420 25861 25861 W System.err: at android.app.AppComponentFactory.instantiateApplication(AppComponentFactory.java:76)
01-19 16:38:43.420 25861 25861 W System.err: at androidx.core.app.CoreComponentFactory.instantiateApplication(Unknown Source:0)
01-19 16:38:43.420 25861 25861 W System.err: at android.app.Instrumentation.newApplication(Instrumentation.java:1177)
01-19 16:38:43.420 25861 25861 W System.err: at android.app.LoadedApk.makeApplication(LoadedApk.java:1457)
01-19 16:38:43.420 25861 25861 W System.err: at android.app.ActivityThread.handleBindApplication(ActivityThread.java:7458)
01-19 16:38:43.420 25861 25861 W System.err: at android.app.ActivityThread.access$1600(ActivityThread.java:310)
01-19 16:38:43.421 25861 25861 W System.err: at android.app.ActivityThread$H.handleMessage(ActivityThread.java:2281)
01-19 16:38:43.421 25861 25861 W System.err: at android.os.Handler.dispatchMessage(Handler.java:106)
01-19 16:38:43.421 25861 25861 W System.err: at android.os.Looper.loopOnce(Looper.java:226)
01-19 16:38:43.421 25861 25861 W System.err: at android.os.Looper.loop(Looper.java:313)
01-19 16:38:43.421 25861 25861 W System.err: at android.app.ActivityThread.main(ActivityThread.java:8669)
01-19 16:38:43.421 25861 25861 W System.err: at java.lang.reflect.Method.invoke(Native Method)
01-19 16:38:43.421 25861 25861 W System.err: at com.android.internal.os.RuntimeInit$MethodAndArgsCaller.run(RuntimeInit.java:571)
01-19 16:38:43.421 25861 25861 W System.err: at com.android.internal.os.ZygoteInit.main(ZygoteInit.java:1135)
01-19 16:38:43.442 25861 25861 E CustomActivityOnCrash: IMPORTANT WARNING! You already have an UncaughtExceptionHandler, are you sure this is correct? If you use a custom UncaughtExceptionHandler, you must initialize it AFTER CustomActivityOnCrash! Installing anyway, but your original handler will not be called.
01-19 16:38:43.989 25861 25861 W com.mbwhatsapp: Accessing hidden method Lcom/android/org/conscrypt/OpenSSLSocketImpl;->setUseSessionTickets(Z)V (max- target-q,core-platform-api, reflection, denied)
01-19 16:38:43.989 25861 25861 W com.mbwhatsapp: Accessing hidden method Lcom/android/org/conscrypt/AbstractConscryptSocket;->setUseSessionTickets(Z)V (max- target-q, reflection, denied)
01-19 16:38:44.873 25861 25971 W Gralloc3: mapper 3.x is not supported
01-19 16:38:44.877 25861 25971 W Gralloc4: allocator 4.x is not supported
01-19 16:38:44.878 25861 25971 W Gralloc3: allocator 3.x is not supported
01-19 16:38:55.967 25861 25869 W com.mbwhatsapp: Cleared Reference was only reachable from finalizer (only reported once)
01-19 16:39:20.227 25861 25940 W Settings: Setting wifi_sleep_policy has moved from android.provider.Settings.System to android.provider.Settings.Global, returning read-only value. --------- beginning of main
01-19 16:39:35.318 28700 28700 E com.mbwhatsapp: Not starting debugger since process cannot load the jdwp agent.
01-19 16:39:35.322 28700 28700 E USNET : USNET: appName: com.mbwhatsapp
01-19 16:39:35.589 28700 28700 W System.err: java.lang.ClassNotFoundException: mbmodsd.mbmodsw.ui.views.btn.BtnBK
01-19 16:39:35.591 28700 28700 W System.err: at java.lang.Runtime.nativeLoad(Native Method)
01-19 16:39:35.591 28700 28700 W System.err: at java.lang.Runtime.nativeLoad(Runtime.java:1126)
01-19 16:39:35.591 28700 28700 W System.err: at java.lang.Runtime.loadLibrary0(Runtime.java:1080)
01-19 16:39:35.591 28700 28700 W System.err: at java.lang.Runtime.loadLibrary0(Runtime.java:1003)
01-19 16:39:35.591 28700 28700 W System.err: at java.lang.System.loadLibrary(System.java:1661)
01-19 16:39:35.591 28700 28700 W System.err: at arm.EpicVm.<clinit>(Unknown Source:2)
01-19 16:39:35.591 28700 28700 W System.err: at java.lang.Class.newInstance(Native Method)
01-19 16:39:35.591 28700 28700 W System.err: at android.app.AppComponentFactory.instantiateApplication(AppComponentFactory.java:76)
01-19 16:39:35.591 28700 28700 W System.err: at androidx.core.app.CoreComponentFactory.instantiateApplication(Unknown Source:0)
01-19 16:39:35.591 28700 28700 W System.err: at android.app.Instrumentation.newApplication(Instrumentation.java:1177)
01-19 16:39:35.591 28700 28700 W System.err: at android.app.LoadedApk.makeApplication(LoadedApk.java:1457)
01-19 16:39:35.592 28700 28700 W System.err: at android.app.ActivityThread.handleBindApplication(ActivityThread.java:7458)
01-19 16:39:35.592 28700 28700 W System.err: at android.app.ActivityThread.access$1600(ActivityThread.java:310)
01-19 16:39:35.592 28700 28700 W System.err: at android.app.ActivityThread$H.handleMessage(ActivityThread.java:2281)
01-19 16:39:35.592 28700 28700 W System.err: at android.os.Handler.dispatchMessage(Handler.java:106)
01-19 16:39:35.592 28700 28700 W System.err: at android.os.Looper.loopOnce(Looper.java:226)
01-19 16:39:35.592 28700 28700 W System.err: at android.os.Looper.loop(Looper.java:313)
01-19 16:39:35.592 28700 28700 W System.err: at android.app.ActivityThread.main(ActivityThread.java:8669)
01-19 16:39:35.592 28700 28700 W System.err: at java.lang.reflect.Method.invoke(Native Method)
01-19 16:39:35.592 28700 28700 W System.err: at com.android.internal.os.RuntimeInit$MethodAndArgsCaller.run(RuntimeInit.java:571)
01-19 16:39:35.592 28700 28700 W System.err: at com.android.internal.os.ZygoteInit.main(ZygoteInit.java:1135)
01-19 16:39:35.610 28700 28700 E CustomActivityOnCrash: IMPORTANT WARNING! You already have an UncaughtExceptionHandler, are you sure this is correct? If you use a custom UncaughtExceptionHandler, you must initialize it AFTER CustomActivityOnCrash! Installing anyway, but your original handler will not be called.
01-19 16:39:36.131 28700 28700 W com.mbwhatsapp: Accessing hidden method Lcom/android/org/conscrypt/OpenSSLSocketImpl;->setUseSessionTickets(Z)V (max- target-q,core-platform-api, reflection, denied)
01-19 16:39:36.131 28700 28700 W com.mbwhatsapp: Accessing hidden method Lcom/android/org/conscrypt/AbstractConscryptSocket;->setUseSessionTickets(Z)V (max- target-q, reflection, denied)
01-19 16:39:36.942 28700 28799 W Gralloc3: mapper 3.x is not supported
01-19 16:39:36.948 28700 28799 W Gralloc4: allocator 4.x is not supported
01-19 16:39:36.949 28700 28799 W Gralloc3: allocator 3.x is not supported
01-19 16:39:37.633 28700 28756 W com.mbwhatsapp: Long monitor contention with owner MBWhatsApp Worker #2 (28761) at void X.0ia.A0X()(:-1) waiters=1 in void X.0ia.A0X() for 110ms
01-19 16:39:42.215 28700 28770 W ziparchive: Unable to open '/apex/com.android.extservices/javalib/android.ext.adservices.dm': No such file or directory
01-19 16:39:42.215 28700 28770 W ziparchive: Unable to open '/apex/com.android.extservices/javalib/android.ext.adservices.dm': No such file or directory
01-19 16:39:44.832 28700 28708 W com.mbwhatsapp: Cleared Reference was only reachable from finalizer (only reported once)
01-19 16:39:44.887 28700 28710 W System : A resource failed to call end.
01-19 16:39:48.906 28700 28700 W IInputConnectionWrapper: requestCursorAnchorInfo on inactive InputConnection
01-19 16:39:52.568 28700 28700 W ViewPager: Requested offscreen page limit 0 too small; defaulting to 1
01-19 16:39:56.326 28700 28700 E ArmVmp : Match on catch block at 0x0a in for 0xf63f9029
01-19 16:39:56.334 28700 28700 E ArmVmp : Match on catch block at 0x0a in for 0xf63f9029
01-19 16:39:56.338 28700 28700 E ArmVmp : Match on catch block at 0x0a in for 0xf63f9029
01-19 16:39:56.341 28700 28700 E ArmVmp : Match on catch block at 0x0a in for 0xf63f9029
01-19 16:39:56.344 28700 28700 E ArmVmp : Match on catch block at 0x0a in for 0xf63f9029
01-19 16:39:56.347 28700 28700 E ArmVmp : Match on catch block at 0x0a in for 0xf63f9029
01-19 16:39:56.351 28700 28700 E ArmVmp : Match on catch block at 0x0a in for 0xf63f9029
01-19 16:39:56.354 28700 28700 E ArmVmp : Match on catch block at 0x0a in for 0xf63f9029
01-19 16:39:56.357 28700 28700 E ArmVmp : Match on catch block at 0x0a in for 0xf63f9029
01-19 16:39:56.360 28700 28700 E ArmVmp : Match on catch block at 0x0a in for 0xf63f9029
01-19 16:39:56.363 28700 28700 E ArmVmp : Match on catch block at 0x0a in for 0xf63f9029
01-19 16:39:56.366 28700 28700 E ArmVmp : Match on catch block at 0x0a in for 0xf63f9029
01-19 16:39:56.369 28700 28700 E ArmVmp : Match on catch block at 0x0a in for 0xf63f9029
01-19 16:39:56.371 28700 28700 E ArmVmp : Match on catch block at 0x0a in for 0xf63f9029
01-19 16:39:57.725 28700 28700 E ArmVmp : Match on catch block at 0x0a in for 0xf63f9029
01-19 16:39:57.726 28700 28700 E ArmVmp : Match on catch block at 0x0a in for 0xf63f9029
01-19 16:39:57.728 28700 28700 E ArmVmp : Match on catch block at 0x0a in for 0xf63f9029
01-19 16:39:57.729 28700 28700 E ArmVmp : Match on catch block at 0x0a in for 0xf63f9029
01-19 16:40:10.243 28700 28700 W Bitmap : Called getWidth() on a recycle()'d bitmap! This is undefined behavior!
01-19 16:40:10.243 28700 28700 W Bitmap : Called getHeight() on a recycle()'d bitmap! This is undefined behavior!
01-19 16:40:10.243 28700 28700 W Bitmap : Called getWidth() on a recycle()'d bitmap! This is undefined behavior!
01-19 16:40:10.243 28700 28700 W Bitmap : Called getHeight() on a recycle()'d bitmap! This is undefined behavior!
01-19 16:40:10.243 28700 28700 W Bitmap : Called getWidth() on a recycle()'d bitmap! This is undefined behavior!
01-19 16:40:10.243 28700 28700 W Bitmap : Called getHeight() on a recycle()'d bitmap! This is undefined behavior!
01-19 16:40:19.637 28700 28700 W com.mbwhatsapp: Method void com.mbwhatsapp.HomeActivity.A6e() failed lock verification and will run slower.
01-19 16:40:19.637 28700 28700 W com.mbwhatsapp: Common causes for lock verification issues are non-optimized dex code
01-19 16:40:19.637 28700 28700 W com.mbwhatsapp: and incorrect proguard optimizations.
01-19 16:40:20.421 28700 28700 E ArmVmp : Match on catch block at 0x0a in for 0xf63f902d
01-19 16:40:20.474 28700 28700 E ArmVmp : Match on catch block at 0x0a in for 0xf63f9049
01-19 16:40:20.534 28700 29920 W com.mbwhatsapp: Accessing hidden method Lcom/android/org/conscrypt/ConscryptEngineSocket;->setUseSessionTickets(Z)V (max- target-q,core-platform-api, reflection, denied)
01-19 16:40:20.534 28700 29920 W com.mbwhatsapp: Accessing hidden method Lcom/android/org/conscrypt/OpenSSLSocketImpl;->setUseSessionTickets(Z)V (max- target-q,core-platform-api, reflection, denied)
01-19 16:40:20.534 28700 29920 W com.mbwhatsapp: Accessing hidden method Lcom/android/org/conscrypt/AbstractConscryptSocket;->setUseSessionTickets(Z)V (max- target-q, reflection, denied)
01-19 16:40:20.534 28700 29920 W com.mbwhatsapp: Accessing hidden method Lcom/android/org/conscrypt/ConscryptEngineSocket;->setHostname(Ljava/lang/String;)V (max-target-q,core-platform-api, reflection, denied)
01-19 16:40:20.534 28700 29920 W com.mbwhatsapp: Accessing hidden method Lcom/android/org/conscrypt/OpenSSLSocketImpl;->setHostname(Ljava/lang/String;)V (max-target-q,core-platform-api, reflection, denied)
01-19 16:40:20.534 28700 29920 W com.mbwhatsapp: Accessing hidden method Lcom/android/org/conscrypt/AbstractConscryptSocket;->setHostname(Ljava/lang/ String;)V (max-target-q, reflection, denied)
01-19 16:40:20.534 28700 29920 W com.mbwhatsapp: Accessing hidden method Lcom/android/org/conscrypt/OpenSSLSocketImpl;->setAlpnProtocols([B)V (max-target- q,core-platform-api, reflection, denied)
01-19 16:40:20.535 28700 29920 W com.mbwhatsapp: Accessing hidden method Lcom/android/org/conscrypt/AbstractConscryptSocket;->setAlpnProtocols([B)V (max- target-q, reflection, denied)
01-19 16:40:20.567 28700 29920 W com.mbwhatsapp: Accessing hidden method Lcom/android/org/conscrypt/OpenSSLSocketImpl;->getAlpnSelectedProtocol()[B (max- target-q,core-platform-api, reflection, denied)
01-19 16:40:20.567 28700 29920 W com.mbwhatsapp: Accessing hidden method Lcom/android/org/conscrypt/AbstractConscryptSocket;->getAlpnSelectedProtocol()[B (max-target-q, reflection, denied)
01-19 16:40:20.758 28700 28769 W MediaCodec-JNI: try to release MediaCodec from JMediaCodec::~JMediaCodec()...
01-19 16:40:20.759 28700 28769 W MediaCodec-JNI: done releasing MediaCodec from JMediaCodec::~JMediaCodec().
01-19 16:40:20.760 28700 28769 W MediaCodec-JNI: try to release MediaCodec from JMediaCodec::~JMediaCodec()...
01-19 16:40:20.760 28700 28769 W MediaCodec-JNI: done releasing MediaCodec from JMediaCodec::~JMediaCodec().
01-19 16:40:20.907 28700 28924 W SQLiteLog: (28) double-quoted string literal: "20"
01-19 16:40:20.907 28700 28924 W SQLiteLog: (28) double-quoted string literal: "40"
01-19 16:40:20.935 28700 29966 W ColorUtils: expected specified color aspects (2:0:0:0)
01-19 16:40:21.300 28700 28769 W AudioCapabilities: Unsupported mime audio/x-ima
01-19 16:40:21.301 28700 28769 W AudioCapabilities: Unsupported mime audio/mpeg-L1
01-19 16:40:21.301 28700 28769 W AudioCapabilities: Unsupported mime audio/mpeg-L2
01-19 16:40:21.301 28700 28769 W VideoCapabilities: Unsupported mime video/mp43
01-19 16:40:21.301 28700 28769 W VideoCapabilities: Unsupported mime video/wvc1
01-19 16:40:21.302 28700 28769 W VideoCapabilities: Unsupported mime video/x-ms-wmv
01-19 16:40:21.303 28700 28769 W AudioCapabilities: Unsupported mime audio/x-ms-wma
01-19 16:40:21.304 28700 28769 W VideoCapabilities: Unsupported mime video/x-ms- wmv7
01-19 16:40:21.304 28700 28769 W VideoCapabilities: Unsupported mime video/x-ms- wmv8
01-19 16:40:21.316 28700 28769 W Utils : could not parse long range '689-670'
01-19 16:40:21.317 28700 28769 W Utils : could not parse long range '689-670'
01-19 16:40:21.432 28700 28700 E RecyclerView: No adapter attached; skipping layout
01-19 16:40:21.523 28700 28700 E ArmVmp : Match on catch block at 0x0a in for 0xf63f9031
01-19 16:40:21.799 28700 30003 W LOTTIE : Animation contains merge paths. Merge paths are only supported on KitKat+ and must be manually enabled by calling enableMergePathsForKitKatAndAbove().
01-19 16:40:21.964 28700 28700 W LOTTIE : Animation contains merge paths but they are disabled.
01-19 16:40:37.610 28700 30027 E RenderScript: Failed to find hal setup entry points: undefined symbol: rsdHalAbort
01-19 16:40:37.610 28700 30027 E RenderScript: Failed to load runtime , loading default
01-19 16:40:37.807 28700 30038 W LOTTIE : Unknown shape type rd
01-19 16:40:38.037 28700 28700 E ArmVmp : Match on catch block at 0x0a in for 0xf63f9031
01-19 16:40:38.049 28700 28700 E ArmVmp : Match on catch block at 0x0a in for 0xf63f9031
01-19 16:40:38.110 28700 28700 E ArmVmp : Match on catch block at 0x0a in for 0xf63f906d
01-19 16:40:38.429 28700 28700 E ArmVmp : Match on catch block at 0xc3 in for 0xf63f901d
01-19 16:40:38.432 28700 28700 E ArmVmp : Match on catch block at 0xc3 in for 0xf63f901d
01-19 16:40:38.598 28700 28700 E ArmVmp : Match on catch block at 0xc3 in for 0xf63f9021
01-19 16:40:38.601 28700 28700 E ArmVmp : Match on catch block at 0xc3 in for 0xf63f9021
01-19 16:40:38.695 28700 28700 E ArmVmp : Match on catch block at 0xc3 in for 0xf63f9021
01-19 16:40:38.698 28700 28700 E ArmVmp : Match on catch block at 0xc3 in for 0xf63f9021
01-19 16:40:38.746 28700 28700 E ArmVmp : Match on catch block at 0xc3 in for 0xf63f9021
01-19 16:40:38.749 28700 28700 E ArmVmp : Match on catch block at 0xc3 in for 0xf63f9021
01-19 16:40:38.785 28700 28700 E ArmVmp : Match on catch block at 0xc3 in for 0xf63f9021
01-19 16:40:38.788 28700 28700 E ArmVmp : Match on catch block at 0xc3 in for 0xf63f9021
01-19 16:40:38.819 28700 28700 E ArmVmp : Match on catch block at 0xc3 in for 0xf63f9021
01-19 16:40:38.822 28700 28700 E ArmVmp : Match on catch block at 0xc3 in for 0xf63f9021
01-19 16:40:38.852 28700 28700 E ArmVmp : Match on catch block at 0xc3 in for 0xf63f9021
01-19 16:40:38.854 28700 28700 E ArmVmp : Match on catch block at 0xc3 in for 0xf63f9021
01-19 16:40:38.884 28700 28700 E ArmVmp : Match on catch block at 0xc3 in for 0xf63f9021
01-19 16:40:38.886 28700 28700 E ArmVmp : Match on catch block at 0xc3 in for 0xf63f9021
01-19 16:40:38.916 28700 28700 E ArmVmp : Match on catch block at 0xc3 in for 0xf63f9021
01-19 16:40:38.918 28700 28700 E ArmVmp : Match on catch block at 0xc3 in for 0xf63f9021
01-19 16:40:38.949 28700 28700 E ArmVmp : Match on catch block at 0xc3 in for 0xf63f9021
01-19 16:40:38.952 28700 28700 E ArmVmp : Match on catch block at 0xc3 in for 0xf63f9021
01-19 16:40:38.981 28700 28700 E ArmVmp : Match on catch block at 0xc3 in for 0xf63f9021
01-19 16:40:38.983 28700 28700 E ArmVmp : Match on catch block at 0xc3 in for 0xf63f9021
01-19 16:40:39.033 28700 28700 E ArmVmp : Match on catch block at 0xc3 in for 0xf63f9021
01-19 16:40:39.035 28700 28700 E ArmVmp : Match on catch block at 0xc3 in for 0xf63f9021
01-19 16:40:39.068 28700 28700 E ArmVmp : Match on catch block at 0xc3 in for 0xf63f9021
01-19 16:40:39.070 28700 28700 E ArmVmp : Match on catch block at 0xc3 in for 0xf63f9021
01-19 16:40:39.099 28700 28700 E ArmVmp : Match on catch block at 0xc3 in for 0xf63f9021
01-19 16:40:39.101 28700 28700 E ArmVmp : Match on catch block at 0xc3 in for 0xf63f9021
01-19 16:40:39.130 28700 28700 E ArmVmp : Match on catch block at 0xc3 in for 0xf63f9021
01-19 16:40:39.133 28700 28700 E ArmVmp : Match on catch block at 0xc3 in for 0xf63f9021
01-19 16:40:39.161 28700 28700 E ArmVmp : Match on catch block at 0xc3 in for 0xf63f9021
01-19 16:40:39.164 28700 28700 E ArmVmp : Match on catch block at 0xc3 in for 0xf63f9021
01-19 16:40:39.192 28700 28700 E ArmVmp : Match on catch block at 0xc3 in for 0xf63f9021
01-19 16:40:39.195 28700 28700 E ArmVmp : Match on catch block at 0xc3 in for 0xf63f9021
01-19 16:40:39.224 28700 28700 E ArmVmp : Match on catch block at 0xc3 in for 0xf63f9021
01-19 16:40:39.226 28700 28700 E ArmVmp : Match on catch block at 0xc3 in for 0xf63f9021
01-19 16:40:39.255 28700 28700 E ArmVmp : Match on catch block at 0xc3 in for 0xf63f9021
01-19 16:40:39.258 28700 28700 E ArmVmp : Match on catch block at 0xc3 in for 0xf63f9021
01-19 16:40:39.306 28700 28700 E ArmVmp : Match on catch block at 0x0a in for 0xf63f9079
01-19 16:40:39.373 28700 28700 E ArmVmp : Match on catch block at 0xc3 in for 0xf63f9021
01-19 16:40:39.376 28700 28700 E ArmVmp : Match on catch block at 0xc3 in for 0xf63f9021
01-19 16:40:39.427 28700 28700 E ArmVmp : Match on catch block at 0xc3 in for 0xf63f9021
01-19 16:40:39.430 28700 28700 E ArmVmp : Match on catch block at 0xc3 in for 0xf63f9021
01-19 16:40:39.475 28700 28700 E ArmVmp : Match on catch block at 0xc3 in for 0xf63f9021
01-19 16:40:39.477 28700 28700 E ArmVmp : Match on catch block at 0xc3 in for 0xf63f9021
01-19 16:40:39.525 28700 28700 E ArmVmp : Match on catch block at 0xc3 in for 0xf63f9021
01-19 16:40:39.527 28700 28700 E ArmVmp : Match on catch block at 0xc3 in for 0xf63f9021
01-19 16:40:39.575 28700 28700 E ArmVmp : Match on catch block at 0xc3 in for 0xf63f9021
01-19 16:40:39.578 28700 28700 E ArmVmp : Match on catch block at 0xc3 in for 0xf63f9021
01-19 16:40:39.626 28700 28700 E ArmVmp : Match on catch block at 0xc3 in for 0xf63f9021
01-19 16:40:39.629 28700 28700 E ArmVmp : Match on catch block at 0xc3 in for 0xf63f9021
01-19 16:40:39.677 28700 28700 E ArmVmp : Match on catch block at 0xc3 in for 0xf63f9021
01-19 16:40:39.680 28700 28700 E ArmVmp : Match on catch block at 0xc3 in for 0xf63f9021
01-19 16:40:39.729 28700 28700 E ArmVmp : Match on catch block at 0xc3 in for 0xf63f9021
01-19 16:40:39.732 28700 28700 E ArmVmp : Match on catch block at 0xc3 in for 0xf63f9021
01-19 16:40:39.780 28700 28700 E ArmVmp : Match on catch block at 0xc3 in for 0xf63f9021
01-19 16:40:39.783 28700 28700 E ArmVmp : Match on catch block at 0xc3 in for 0xf63f9021
01-19 16:40:39.830 28700 28700 E ArmVmp : Match on catch block at 0xc3 in for 0xf63f9021
01-19 16:40:39.833 28700 28700 E ArmVmp : Match on catch block at 0xc3 in for 0xf63f9021
01-19 16:40:39.880 28700 28700 E ArmVmp : Match on catch block at 0xc3 in for 0xf63f9021
01-19 16:40:39.883 28700 28700 E ArmVmp : Match on catch block at 0xc3 in for 0xf63f9021
01-19 16:40:39.946 28700 28700 E ArmVmp : Match on catch block at 0xc3 in for 0xf63f9021
01-19 16:40:39.949 28700 28700 E ArmVmp : Match on catch block at 0xc3 in for 0xf63f9021
01-19 16:40:39.999 28700 28700 E ArmVmp : Match on catch block at 0xc3 in for 0xf63f9021
01-19 16:40:40.003 28700 28700 E ArmVmp : Match on catch block at 0xc3 in for 0xf63f9021
01-19 16:40:40.049 28700 28700 E ArmVmp : Match on catch block at 0xc3 in for 0xf63f9021
01-19 16:40:40.052 28700 28700 E ArmVmp : Match on catch block at 0xc3 in for 0xf63f9021
01-19 16:40:40.099 28700 28700 E ArmVmp : Match on catch block at 0xc3 in for 0xf63f9021
01-19 16:40:40.103 28700 28700 E ArmVmp : Match on catch block at 0xc3 in for 0xf63f9021
01-19 16:40:40.148 28700 28700 E ArmVmp : Match on catch block at 0xc3 in for 0xf63f9021
01-19 16:40:40.151 28700 28700 E ArmVmp : Match on catch block at 0xc3 in for 0xf63f9021
01-19 16:40:40.197 28700 28700 E ArmVmp : Match on catch block at 0xc3 in for 0xf63f9021
01-19 16:40:40.200 28700 28700 E ArmVmp : Match on catch block at 0xc3 in for 0xf63f9021
01-19 16:40:40.247 28700 28700 E ArmVmp : Match on catch block at 0xc3 in for 0xf63f9021
01-19 16:40:40.250 28700 28700 E ArmVmp : Match on catch block at 0xc3 in for 0xf63f9021
01-19 16:40:40.298 28700 28700 E ArmVmp : Match on catch block at 0xc3 in for 0xf63f9021
01-19 16:40:40.300 28700 28700 E ArmVmp : Match on catch block at 0xc3 in for 0xf63f9021
01-19 16:40:40.346 28700 28700 E ArmVmp : Match on catch block at 0xc3 in for 0xf63f9021
01-19 16:40:40.350 28700 28700 E ArmVmp : Match on catch block at 0xc3 in for 0xf63f9021
01-19 16:40:40.478 28700 28700 E ArmVmp : Match on catch block at 0xc3 in for 0xf63f9021
01-19 16:40:40.482 28700 28700 E ArmVmp : Match on catch block at 0xc3 in for 0xf63f9021
01-19 16:40:40.986 28700 28700 E ArmVmp : Match on catch block at 0xc3 in for 0xf63f9021
01-19 16:40:40.991 28700 28700 E ArmVmp : Match on catch block at 0xc3 in for 0xf63f9021
01-19 16:40:41.487 28700 28700 E ArmVmp : Match on catch block at 0xc3 in for 0xf63f9021
01-19 16:40:41.494 28700 28700 E ArmVmp : Match on catch block at 0xc3 in for 0xf63f9021
01-19 16:40:41.980 28700 28700 E ArmVmp : Match on catch block at 0xc3 in for 0xf63f9021
01-19 16:40:41.984 28700 28700 E ArmVmp : Match on catch block at 0xc3 in for 0xf63f9021
01-19 16:40:42.489 28700 28700 E ArmVmp : Match on catch block at 0xc3 in for 0xf63f9021
01-19 16:40:42.496 28700 28700 E ArmVmp : Match on catch block at 0xc3 in for 0xf63f9021
01-19 16:40:42.989 28700 28700 E ArmVmp : Match on catch block at 0xc3 in for 0xf63f9021
01-19 16:40:42.993 28700 28700 E ArmVmp : Match on catch block at 0xc3 in for 0xf63f9021
01-19 16:40:43.230 28700 28700 E ArmVmp : Match on catch block at 0xc3 in for 0xf63f9021
01-19 16:40:43.236 28700 28700 E ArmVmp : Match on catch block at 0xc3 in for 0xf63f9021
01-19 16:40:43.292 28700 28700 E ArmVmp : Match on catch block at 0xc3 in for 0xf63f9021
01-19 16:40:43.296 28700 28700 E ArmVmp : Match on catch block at 0xc3 in for 0xf63f9021
01-19 16:40:43.491 28700 28700 E ArmVmp : Match on catch block at 0xc3 in for 0xf63f9021
01-19 16:40:43.496 28700 28700 E ArmVmp : Match on catch block at 0xc3 in for 0xf63f9021
01-19 16:40:43.739 28700 28700 E ArmVmp : Match on catch block at 0xc3 in for 0xf63f9021
01-19 16:40:43.743 28700 28700 E ArmVmp : Match on catch block at 0xc3 in for 0xf63f9021
01-19 16:40:43.754 28700 28700 E ArmVmp : Match on catch block at 0xc3 in for 0xf63f9021
01-19 16:40:43.758 28700 28700 E ArmVmp : Match on catch block at 0xc3 in for 0xf63f9021
01-19 16:40:43.777 28700 28700 E ArmVmp : Match on catch block at 0xc3 in for 0xf63f9021
01-19 16:40:43.781 28700 28700 E ArmVmp : Match on catch block at 0xc3 in for 0xf63f9021
01-19 16:40:44.228 28700 28700 E ArmVmp : Match on catch block at 0xc3 in for 0xf63f9021
01-19 16:40:44.232 28700 28700 E ArmVmp : Match on catch block at 0xc3 in for 0xf63f9021
01-19 16:40:44.732 28700 28700 E ArmVmp : Match on catch block at 0xc3 in for 0xf63f9021
01-19 16:40:44.739 28700 28700 E ArmVmp : Match on catch block at 0xc3 in for 0xf63f9021
01-19 16:40:45.231 28700 28700 E ArmVmp : Match on catch block at 0xc3 in for 0xf63f9021
01-19 16:40:45.235 28700 28700 E ArmVmp : Match on catch block at 0xc3 in for 0xf63f9021
01-19 16:40:45.734 28700 28700 E ArmVmp : Match on catch block at 0xc3 in for 0xf63f9021
01-19 16:40:45.741 28700 28700 E ArmVmp : Match on catch block at 0xc3 in for 0xf63f9021
01-19 16:40:45.916 28700 28700 E ArmVmp : Match on catch block at 0xc3 in for 0xf63f9021
01-19 16:40:45.919 28700 28700 E ArmVmp : Match on catch block at 0xc3 in for 0xf63f9021
01-19 16:40:45.933 28700 28700 E ArmVmp : Match on catch block at 0xc3 in for 0xf63f9021
01-19 16:40:45.936 28700 28700 E ArmVmp : Match on catch block at 0xc3 in for 0xf63f9021
01-19 16:40:46.234 28700 28700 E ArmVmp : Match on catch block at 0xc3 in for 0xf63f9021
01-19 16:40:46.237 28700 28700 E ArmVmp : Match on catch block at 0xc3 in for 0xf63f9021
01-19 16:40:46.737 28700 28700 E ArmVmp : Match on catch block at 0xc3 in for 0xf63f9021
01-19 16:40:46.745 28700 28700 E ArmVmp : Match on catch block at 0xc3 in for 0xf63f9021
01-19 16:40:47.237 28700 28700 E ArmVmp : Match on catch block at 0xc3 in for 0xf63f9021
01-19 16:40:47.240 28700 28700 E ArmVmp : Match on catch block at 0xc3 in for 0xf63f9021
01-19 16:40:47.739 28700 28700 E ArmVmp : Match on catch block at 0xc3 in for 0xf63f9021
01-19 16:40:47.747 28700 28700 E ArmVmp : Match on catch block at 0xc3 in for 0xf63f9021
01-19 16:40:48.239 28700 28700 E ArmVmp : Match on catch block at 0xc3 in for 0xf63f9021
01-19 16:40:48.243 28700 28700 E ArmVmp : Match on catch block at 0xc3 in for 0xf63f9021
01-19 16:40:48.742 28700 28700 E ArmVmp : Match on catch block at 0xc3 in for 0xf63f9021
01-19 16:40:48.749 28700 28700 E ArmVmp : Match on catch block at 0xc3 in for 0xf63f9021
01-19 16:40:49.240 28700 28700 E ArmVmp : Match on catch block at 0xc3 in for 0xf63f9021
01-19 16:40:49.243 28700 28700 E ArmVmp : Match on catch block at 0xc3 in for 0xf63f9021
01-19 16:40:49.525 28700 28700 E ArmVmp : Match on catch block at 0xc3 in for 0xf63f9021
01-19 16:40:49.528 28700 28700 E ArmVmp : Match on catch block at 0xc3 in for 0xf63f9021
01-19 16:40:49.541 28700 28700 E ArmVmp : Match on catch block at 0xc3 in for 0xf63f9021
01-19 16:40:49.544 28700 28700 E ArmVmp : Match on catch block at 0xc3 in for 0xf63f9021
01-19 16:40:49.742 28700 28700 E ArmVmp : Match on catch block at 0xc3 in for 0xf63f9021
01-19 16:40:49.745 28700 28700 E ArmVmp : Match on catch block at 0xc3 in for 0xf63f9021
01-19 16:40:50.245 28700 28700 E ArmVmp : Match on catch block at 0xc3 in for 0xf63f9021
01-19 16:40:50.251 28700 28700 E ArmVmp : Match on catch block at 0xc3 in for 0xf63f9021
01-19 16:40:50.746 28700 28700 E ArmVmp : Match on catch block at 0xc3 in for 0xf63f9021
01-19 16:40:50.752 28700 28700 E ArmVmp : Match on catch block at 0xc3 in for 0xf63f9021
01-19 16:40:50.879 28700 28700 E ArmVmp : Match on catch block at 0xc3 in for 0xf63f9021
01-19 16:40:50.883 28700 28700 E ArmVmp : Match on catch block at 0xc3 in for 0xf63f9021
01-19 16:40:50.895 28700 28700 E ArmVmp : Match on catch block at 0xc3 in for 0xf63f9021
01-19 16:40:50.898 28700 28700 E ArmVmp : Match on catch block at 0xc3 in for 0xf63f9021
01-19 16:40:50.911 28700 28700 E ArmVmp : Match on catch block at 0xc3 in for 0xf63f9021
01-19 16:40:50.915 28700 28700 E ArmVmp : Match on catch block at 0xc3 in for 0xf63f9021
01-19 16:40:50.928 28700 28700 E ArmVmp : Match on catch block at 0xc3 in for 0xf63f9021
01-19 16:40:50.932 28700 28700 E ArmVmp : Match on catch block at 0xc3 in for 0xf63f9021
01-19 16:40:50.945 28700 28700 E ArmVmp : Match on catch block at 0xc3 in for 0xf63f9021
01-19 16:40:50.947 28700 28700 E ArmVmp : Match on catch block at 0xc3 in for 0xf63f9021
01-19 16:40:50.961 28700 28700 E ArmVmp : Match on catch block at 0xc3 in for 0xf63f9021
01-19 16:40:50.965 28700 28700 E ArmVmp : Match on catch block at 0xc3 in for 0xf63f9021
01-19 16:40:50.979 28700 28700 E ArmVmp : Match on catch block at 0xc3 in for 0xf63f9021
01-19 16:40:50.982 28700 28700 E ArmVmp : Match on catch block at 0xc3 in for 0xf63f9021
01-19 16:40:50.994 28700 28700 E ArmVmp : Match on catch block at 0xc3 in for 0xf63f9021
01-19 16:40:50.998 28700 28700 E ArmVmp : Match on catch block at 0xc3 in for 0xf63f9021
01-19 16:40:51.011 28700 28700 E ArmVmp : Match on catch block at 0xc3 in for 0xf63f9021
01-19 16:40:51.015 28700 28700 E ArmVmp : Match on catch block at 0xc3 in for 0xf63f9021
01-19 16:40:51.028 28700 28700 E ArmVmp : Match on catch block at 0xc3 in for 0xf63f9021
01-19 16:40:51.031 28700 28700 E ArmVmp : Match on catch block at 0xc3 in for 0xf63f9021
01-19 16:40:51.044 28700 28700 E ArmVmp : Match on catch block at 0xc3 in for 0xf63f9021
01-19 16:40:51.047 28700 28700 E ArmVmp : Match on catch block at 0xc3 in for 0xf63f9021
01-19 16:40:51.061 28700 28700 E ArmVmp : Match on catch block at 0xc3 in for 0xf63f9021
01-19 16:40:51.065 28700 28700 E ArmVmp : Match on catch block at 0xc3 in for 0xf63f9021
01-19 16:40:51.078 28700 28700 E ArmVmp : Match on catch block at 0xc3 in for 0xf63f9021
01-19 16:40:51.082 28700 28700 E ArmVmp : Match on catch block at 0xc3 in for 0xf63f9021
01-19 16:40:51.095 28700 28700 E ArmVmp : Match on catch block at 0xc3 in for 0xf63f9021
01-19 16:40:51.098 28700 28700 E ArmVmp : Match on catch block at 0xc3 in for 0xf63f9021
01-19 16:40:51.111 28700 28700 E ArmVmp : Match on catch block at 0xc3 in for 0xf63f9021
01-19 16:40:51.114 28700 28700 E ArmVmp : Match on catch block at 0xc3 in for 0xf63f9021
01-19 16:40:51.128 28700 28700 E ArmVmp : Match on catch block at 0xc3 in for 0xf63f9021
01-19 16:40:51.131 28700 28700 E ArmVmp : Match on catch block at 0xc3 in for 0xf63f9021
01-19 16:40:51.145 28700 28700 E ArmVmp : Match on catch block at 0xc3 in for 0xf63f9021
01-19 16:40:51.148 28700 28700 E ArmVmp : Match on catch block at 0xc3 in for 0xf63f9021
01-19 16:40:51.245 28700 28700 E ArmVmp : Match on catch block at 0xc3 in for 0xf63f9021
01-19 16:40:51.249 28700 28700 E ArmVmp : Match on catch block at 0xc3 in for 0xf63f9021
01-19 16:40:51.749 28700 28700 E ArmVmp : Match on catch block at 0xc3 in for 0xf63f9021
01-19 16:40:51.755 28700 28700 E ArmVmp : Match on catch block at 0xc3 in for 0xf63f9021
01-19 16:40:52.114 28700 28700 E ArmVmp : Match on catch block at 0xc3 in for 0xf63f9021
01-19 16:40:52.117 28700 28700 E ArmVmp : Match on catch block at 0xc3 in for 0xf63f9021
01-19 16:40:52.231 28700 28700 E ArmVmp : Match on catch block at 0xc3 in for 0xf63f9021
01-19 16:40:52.235 28700 28700 E ArmVmp : Match on catch block at 0xc3 in for 0xf63f9021
01-19 16:40:52.545 28700 28700 E ArmVmp : Match on catch block at 0xc3 in for 0xf63f9021
01-19 16:40:52.548 28700 28700 E ArmVmp : Match on catch block at 0xc3 in for 0xf63f9021
01-19 16:41:06.681 28700 28700 E ArmVmp : Match on catch block at 0x0a in for 0xf63f9031
01-19 16:41:06.690 28700 28700 E ArmVmp : Match on catch block at 0x0a in for 0xf63f9031
01-19 16:41:06.895 28700 28700 E ArmVmp : Match on catch block at 0xc3 in for 0xf63f901d
01-19 16:41:06.900 28700 28700 E ArmVmp : Match on catch block at 0xc3 in for 0xf63f901d
01-19 16:41:06.904 28700 28700 E ArmVmp : Match on catch block at 0xc3 in for 0xf63f901d
01-19 16:41:07.026 28700 28700 E ArmVmp : Match on catch block at 0xc3 in for 0xf63f9021
01-19 16:41:07.032 28700 28700 E ArmVmp : Match on catch block at 0xc3 in for 0xf63f9021
01-19 16:41:07.035 28700 28700 E ArmVmp : Match on catch block at 0xc3 in for 0xf63f9021
01-19 16:41:07.106 28700 28700 E ArmVmp : Match on catch block at 0xc3 in for 0xf63f9021
01-19 16:41:07.111 28700 28700 E ArmVmp : Match on catch block at 0xc3 in for 0xf63f9021
01-19 16:41:07.115 28700 28700 E ArmVmp : Match on catch block at 0xc3 in for 0xf63f9021
01-19 16:41:07.153 28700 28700 E ArmVmp : Match on catch block at 0xc3 in for 0xf63f9021
01-19 16:41:07.158 28700 28700 E ArmVmp : Match on catch block at 0xc3 in for 0xf63f9021
01-19 16:41:07.164 28700 28700 E ArmVmp : Match on catch block at 0xc3 in for 0xf63f9021
01-19 16:41:07.586 28700 28700 E ArmVmp : Match on catch block at 0xc3 in for 0xf63f9021
01-19 16:41:07.589 28700 28700 E ArmVmp : Match on catch block at 0xc3 in for 0xf63f9021
01-19 16:41:07.592 28700 28700 E ArmVmp : Match on catch block at 0xc3 in for 0xf63f9021
01-19 16:41:08.087 28700 28700 E ArmVmp : Match on catch block at 0xc3 in for 0xf63f9021
01-19 16:41:08.091 28700 28700 E ArmVmp : Match on catch block at 0xc3 in for 0xf63f9021
01-19 16:41:08.094 28700 28700 E ArmVmp : Match on catch block at 0xc3 in for 0xf63f9021
01-19 16:41:08.591 28700 28700 E ArmVmp : Match on catch block at 0xc3 in for 0xf63f9021
01-19 16:41:08.597 28700 28700 E ArmVmp : Match on catch block at 0xc3 in for 0xf63f9021
01-19 16:41:08.603 28700 28700 E ArmVmp : Match on catch block at 0xc3 in for 0xf63f9021
01-19 16:41:09.040 28700 28700 E ArmVmp : Match on catch block at 0xc3 in for 0xf63f9021
01-19 16:41:09.043 28700 28700 E ArmVmp : Match on catch block at 0xc3 in for 0xf63f9021
01-19 16:41:09.045 28700 28700 E ArmVmp : Match on catch block at 0xc3 in for 0xf63f9021
01-19 16:41:09.070 28700 28700 E ArmVmp : Match on catch block at 0xc3 in for 0xf63f9021
01-19 16:41:09.073 28700 28700 E ArmVmp : Match on catch block at 0xc3 in for 0xf63f9021
01-19 16:41:09.076 28700 28700 E ArmVmp : Match on catch block at 0xc3 in for 0xf63f9021
01-19 16:41:09.185 28700 28700 E ArmVmp : Match on catch block at 0xc3 in for 0xf63f9021
01-19 16:41:09.189 28700 28700 E ArmVmp : Match on catch block at 0xc3 in for 0xf63f9021
01-19 16:41:09.192 28700 28700 E ArmVmp : Match on catch block at 0xc3 in for 0xf63f9021
01-19 16:41:09.500 28700 28700 E ArmVmp : Match on catch block at 0xc3 in for 0xf63f9021
01-19 16:41:09.504 28700 28700 E ArmVmp : Match on catch block at 0xc3 in for 0xf63f9021
01-19 16:41:09.507 28700 28700 E ArmVmp : Match on catch block at 0xc3 in for 0xf63f9021
01-19 16:41:13.483 28700 30201 W SQLiteLog: (28) double-quoted string literal: "2DDC8D62E65464C8F054A332E214BE4C"
01-19 16:41:13.483 28700 30201 W SQLiteLog: (28) double-quoted string literal: "CDE1AE9A0BE188B5ACA0B789D92D9FBF"
01-19 16:41:22.281 28700 28700 W InputEventReceiver: Attempted to finish an input event but the input event receiver has already been disposed.
