01-30 20:15:51.651 8578 8578 E ArmVmp : Match on catch block at 0xc3 in for 0xeb531021
01-30 20:15:51.656 8578 8578 E ArmVmp : Match on catch block at 0xc3 in for 0xeb531021
01-30 20:15:51.673 8578 8578 E ArmVmp : Match on catch block at 0xc3 in for 0xeb531021
01-30 20:15:51.765 8578 8578 E ArmVmp : Match on catch block at 0xc3 in for 0xeb531021
01-30 20:15:51.770 8578 8578 E ArmVmp : Match on catch block at 0xc3 in for 0xeb531021
01-30 20:15:51.774 8578 8578 E ArmVmp : Match on catch block at 0xc3 in for 0xeb531021
01-30 20:15:51.906 8578 8578 E ArmVmp : Match on catch block at 0xc3 in for 0xeb531021
01-30 20:15:51.912 8578 8578 E ArmVmp : Match on catch block at 0xc3 in for 0xeb531021
01-30 20:15:51.917 8578 8578 E ArmVmp : Match on catch block at 0xc3 in for 0xeb531021
01-30 20:15:52.151 8578 8578 E ArmVmp : Match on catch block at 0xc3 in for 0xeb531021
01-30 20:15:52.163 8578 8578 E ArmVmp : Match on catch block at 0xc3 in for 0xeb531021
01-30 20:15:52.180 8578 8578 E ArmVmp : Match on catch block at 0xc3 in for 0xeb531021
01-30 20:15:52.358 8578 8578 E ArmVmp : Match on catch block at 0xc3 in for 0xeb531021
01-30 20:15:52.363 8578 8578 E ArmVmp : Match on catch block at 0xc3 in for 0xeb531021
01-30 20:15:52.367 8578 8578 E ArmVmp : Match on catch block at 0xc3 in for 0xeb531021
01-30 20:15:52.390 8578 8892 E SQLiteDatabase: Error inserting transferred=1 media_job_uuid=41d422ba-ced0-4ea4-85dc-964478dd1021 transcoded=0 gif_attribution=0 first_scan_length=0 direct_path=/v/t62.7161- 24/30263116_289103207151230_5196527761680348999_n.enc?ccb=11- 4&oh=01_AdTCxVwFZffVMMpHmf2doob88Rqzij1wOXZEGwLKadwApg&oe=65D71B6F&_nc_sid=5e03e0 thumbnail_height_width_ratio=1.7560976 is_animated_sticker=0 file_hash=dK0O/pUkxQ2xKary2wh0yDS5v4C9YafiskNBLXJF8i0= file_path=Media/MBWhatsApp Video/VID-20240130-WA0016.mp4 file_size=1138591 partial_media_hash=null face_x=0 face_y=0 height=1024 trim_to=0 media_key_timestamp=1706004629000 message_url=https://mmg.whatsapp.net/v/t62.7161- 24/30263116_289103207151230_5196527761680348999_n.enc?ccb=11- 4&oh=01_AdTCxVwFZffVMMpHmf2doob88Rqzij1wOXZEGwLKadwApg&oe=65D71B6F&_nc_sid=5e03e0&m ms3=true media_caption=null trim_from=0 mime_type=video/mp4 partial_media_enc_hash=null width=576 original_file_hash=null has_streaming_sidecar=1 autotransfer_retry_enabled=1 media_upload_handle=null message_row_id=304 multicast_id=null enc_file_hash=+5fGv5voRfIrupBgwFV6IjuPYiLx6MkMqhjrVSjovjc= mute_video=0 page_count=0 first_scan_sidecar=null suspicious_content=0 file_length=1138591 media_name=null media_duration=24 chat_row_id=1 media_key=[B@9ac4fc3
01-30 20:15:52.390 8578 8892 E SQLiteDatabase: android.database.sqlite.SQLiteConstraintException: UNIQUE constraint failed: message_media.message_row_id (code 1555 SQLITE_CONSTRAINT_PRIMARYKEY[1555])
01-30 20:15:52.390 8578 8892 E SQLiteDatabase: at android.database.sqlite.SQLiteConnection.nativeExecuteForLastInsertedRowId(Native Method)
01-30 20:15:52.390 8578 8892 E SQLiteDatabase: at android.database.sqlite.SQLiteConnection.executeForLastInsertedRowId(SQLiteConnecti on.java:1232)
01-30 20:15:52.390 8578 8892 E SQLiteDatabase: at android.database.sqlite.SQLiteSession.executeForLastInsertedRowId(SQLiteSession.jav a:790)
01-30 20:15:52.390 8578 8892 E SQLiteDatabase: at android.database.sqlite.SQLiteStatement.executeInsert(SQLiteStatement.java:89)
01-30 20:15:52.390 8578 8892 E SQLiteDatabase: at android.database.sqlite.SQLiteDatabase.insertWithOnConflict(SQLiteDatabase.java:224 4)
01-30 20:15:52.390 8578 8892 E SQLiteDatabase: at android.database.sqlite.SQLiteDatabase.insert(SQLiteDatabase.java:2113)
01-30 20:15:52.390 8578 8892 E SQLiteDatabase: at X.2tm.A08(Unknown Source:6)
01-30 20:15:52.390 8578 8892 E SQLiteDatabase: at X.35Y.A07(Unknown Source:212)
01-30 20:15:52.390 8578 8892 E SQLiteDatabase: at X.3QF.A14(Unknown Source:470)
01-30 20:15:52.390 8578 8892 E SQLiteDatabase: at X.3gU.run(Unknown Source:982)
01-30 20:15:52.390 8578 8892 E SQLiteDatabase: at android.os.Handler.handleCallback(Handler.java:938)
01-30 20:15:52.390 8578 8892 E SQLiteDatabase: at android.os.Handler.dispatchMessage(Handler.java:99)
01-30 20:15:52.390 8578 8892 E SQLiteDatabase: at X.0zq.dispatchMessage(Unknown Source:4)
01-30 20:15:52.390 8578 8892 E SQLiteDatabase: at android.os.Looper.loopOnce(Looper.java:226)
01-30 20:15:52.390 8578 8892 E SQLiteDatabase: at android.os.Looper.loop(Looper.java:313)
01-30 20:15:52.390 8578 8892 E SQLiteDatabase: at android.os.HandlerThread.run(HandlerThread.java:67)
01-30 20:15:52.454 8578 8578 E ArmVmp : Match on catch block at 0xc3 in for 0xeb531021
01-30 20:15:52.459 8578 8578 E ArmVmp : Match on catch block at 0xc3 in for 0xeb531021
01-30 20:15:52.462 8578 8578 E ArmVmp : Match on catch block at 0xc3 in for 0xeb531021
01-30 20:15:52.798 8578 8578 E ArmVmp : Match on catch block at 0xc3 in for 0xeb531021
01-30 20:15:52.808 8578 8578 E ArmVmp : Match on catch block at 0xc3 in for 0xeb531021
01-30 20:15:52.827 8578 8578 E ArmVmp : Match on catch block at 0xc3 in for 0xeb531021
01-30 20:15:52.962 8578 8578 E ArmVmp : Match on catch block at 0xc3 in for 0xeb531021
01-30 20:15:52.970 8578 8578 E ArmVmp : Match on catch block at 0xc3 in for 0xeb531021
01-30 20:15:53.010 8578 8578 E ArmVmp : Match on catch block at 0xc3 in for 0xeb531021
01-30 20:15:53.165 8578 8578 E ArmVmp : Match on catch block at 0xc3 in for 0xeb531021
01-30 20:15:53.170 8578 8578 E ArmVmp : Match on catch block at 0xc3 in for 0xeb531021
01-30 20:15:53.190 8578 8578 E ArmVmp : Match on catch block at 0xc3 in for 0xeb531021
01-30 20:15:53.467 8578 8578 E ArmVmp : Match on catch block at 0xc3 in for 0xeb531021
01-30 20:15:53.473 8578 8578 E ArmVmp : Match on catch block at 0xc3 in for 0xeb531021
01-30 20:15:53.483 8578 8578 E ArmVmp : Match on catch block at 0xc3 in for 0xeb531021
01-30 20:15:53.582 8578 8578 E ArmVmp : Match on catch block at 0xc3 in for 0xeb531021
01-30 20:15:53.590 8578 8578 E ArmVmp : Match on catch block at 0xc3 in for 0xeb531021
01-30 20:15:53.600 8578 8578 E ArmVmp : Match on catch block at 0xc3 in for 0xeb531021
01-30 20:15:53.679 8578 8578 E ArmVmp : Match on catch block at 0xc3 in for 0xeb531021
01-30 20:15:53.688 8578 8578 E ArmVmp : Match on catch block at 0xc3 in for 0xeb531021
01-30 20:15:53.693 8578 8578 E ArmVmp : Match on catch block at 0xc3 in for 0xeb531021
01-30 20:15:53.714 8578 8892 E SQLiteDatabase: Error inserting transferred=1 media_job_uuid=f0acf7ac-b6de-4178-b931-c25b4ea3e2e2 transcoded=0 gif_attribution=0 first_scan_length=0 direct_path=/v/t62.7117- 24/19434992_1455378541993618_6532329551098024422_n.enc?ccb=11- 4&oh=01_AdStNrTaiSWgt1iC_UATR8Nwxlc5KcC7uVN9cOo_InNO-g&oe=65DBCD13&_nc_sid=5e03e0 thumbnail_height_width_ratio=0.0 is_animated_sticker=0 file_hash=McosEfm4SyE7yhr+lHwsh/35+9pXMOVv2Ycl5DaWe0A= file_path=Media/MBWhatsApp Voice Notes/202405/PTT-20240130-WA0017.opus file_size=113062 partial_media_hash=null face_x=0 face_y=0 height=0 trim_to=0 media_key_timestamp=1706324120000 message_url=https://mmg.whatsapp.net/v/t62.7117- 24/19434992_1455378541993618_6532329551098024422_n.enc?ccb=11- 4&oh=01_AdStNrTaiSWgt1iC_UATR8Nwxlc5KcC7uVN9cOo_InNO- g&oe=65DBCD13&_nc_sid=5e03e0&mms3=true media_caption=null trim_from=0 mime_type=audio/ogg; codecs=opus partial_media_enc_hash=null width=0 original_file_hash=null has_streaming_sidecar=0 autotransfer_retry_enabled=1 media_upload_handle=null message_row_id=377 multicast_id=null enc_file_hash=iE09I2ouZdoMnWbHvmVMDilN+WqzIG5Xln7thZdBjZU= mute_video=0 page_count=0 first_scan_sidecar=null suspicious_content=0 file_length=113062 media_name=null media_duration=48 chat_row_id=1 media_key=[B@e29d947
01-30 20:15:53.714 8578 8892 E SQLiteDatabase: android.database.sqlite.SQLiteConstraintException: UNIQUE constraint failed: message_media.message_row_id (code 1555 SQLITE_CONSTRAINT_PRIMARYKEY[1555])
01-30 20:15:53.714 8578 8892 E SQLiteDatabase: at android.database.sqlite.SQLiteConnection.nativeExecuteForLastInsertedRowId(Native Method)
01-30 20:15:53.714 8578 8892 E SQLiteDatabase: at android.database.sqlite.SQLiteConnection.executeForLastInsertedRowId(SQLiteConnecti on.java:1232)
01-30 20:15:53.714 8578 8892 E SQLiteDatabase: at android.database.sqlite.SQLiteSession.executeForLastInsertedRowId(SQLiteSession.jav a:790)
01-30 20:15:53.714 8578 8892 E SQLiteDatabase: at android.database.sqlite.SQLiteStatement.executeInsert(SQLiteStatement.java:89)
01-30 20:15:53.714 8578 8892 E SQLiteDatabase: at android.database.sqlite.SQLiteDatabase.insertWithOnConflict(SQLiteDatabase.java:224 4)
01-30 20:15:53.714 8578 8892 E SQLiteDatabase: at android.database.sqlite.SQLiteDatabase.insert(SQLiteDatabase.java:2113)
01-30 20:15:53.714 8578 8892 E SQLiteDatabase: at X.2tm.A08(Unknown Source:6)
01-30 20:15:53.714 8578 8892 E SQLiteDatabase: at X.35Y.A07(Unknown Source:212)
01-30 20:15:53.714 8578 8892 E SQLiteDatabase: at X.3QF.A14(Unknown Source:470)
01-30 20:15:53.714 8578 8892 E SQLiteDatabase: at X.3gU.run(Unknown Source:982)
01-30 20:15:53.714 8578 8892 E SQLiteDatabase: at android.os.Handler.handleCallback(Handler.java:938)
01-30 20:15:53.714 8578 8892 E SQLiteDatabase: at android.os.Handler.dispatchMessage(Handler.java:99)
01-30 20:15:53.714 8578 8892 E SQLiteDatabase: at X.0zq.dispatchMessage(Unknown Source:4)
01-30 20:15:53.714 8578 8892 E SQLiteDatabase: at android.os.Looper.loopOnce(Looper.java:226)
01-30 20:15:53.714 8578 8892 E SQLiteDatabase: at android.os.Looper.loop(Looper.java:313)
01-30 20:15:53.714 8578 8892 E SQLiteDatabase: at android.os.HandlerThread.run(HandlerThread.java:67)
01-30 20:15:53.779 8578 8578 E ArmVmp : Match on catch block at 0xc3 in for 0xeb531021
01-30 20:15:53.785 8578 8578 E ArmVmp : Match on catch block at 0xc3 in for 0xeb531021
01-30 20:15:53.799 8578 8578 E ArmVmp : Match on catch block at 0xc3 in for 0xeb531021
01-30 20:15:53.843 8578 8578 E ArmVmp : Match on catch block at 0xc3 in for 0xeb531021
01-30 20:15:53.848 8578 8578 E ArmVmp : Match on catch block at 0xc3 in for 0xeb531021
01-30 20:15:53.855 8578 8578 E ArmVmp : Match on catch block at 0xc3 in for 0xeb531021
01-30 20:15:53.994 8578 8578 E ArmVmp : Match on catch block at 0xc3 in for 0xeb531021
01-30 20:15:54.001 8578 8578 E ArmVmp : Match on catch block at 0xc3 in for 0xeb531021
01-30 20:15:54.010 8578 8578 E ArmVmp : Match on catch block at 0xc3 in for 0xeb531021
01-30 20:15:54.112 8578 8578 E ArmVmp : Match on catch block at 0xc3 in for 0xeb531021
01-30 20:15:54.124 8578 8578 E ArmVmp : Match on catch block at 0xc3 in for 0xeb531021
01-30 20:15:54.127 8578 8578 E ArmVmp : Match on catch block at 0xc3 in for 0xeb531021
01-30 20:15:54.179 8578 8578 E ArmVmp : Match on catch block at 0xc3 in for 0xeb531021
01-30 20:15:54.184 8578 8578 E ArmVmp : Match on catch block at 0xc3 in for 0xeb531021
01-30 20:15:54.189 8578 8578 E ArmVmp : Match on catch block at 0xc3 in for 0xeb531021
01-30 20:15:54.260 8578 8578 E ArmVmp : Match on catch block at 0xc3 in for 0xeb531021
01-30 20:15:54.272 8578 8578 E ArmVmp : Match on catch block at 0xc3 in for 0xeb531021
01-30 20:15:54.275 8578 8578 E ArmVmp : Match on catch block at 0xc3 in for 0xeb531021
01-30 20:15:54.333 8578 8578 E ArmVmp : Match on catch block at 0xc3 in for 0xeb531021
01-30 20:15:54.340 8578 8578 E ArmVmp : Match on catch block at 0xc3 in for 0xeb531021
01-30 20:15:54.346 8578 8578 E ArmVmp : Match on catch block at 0xc3 in for 0xeb531021
01-30 20:15:54.427 8578 8578 E ArmVmp : Match on catch block at 0xc3 in for 0xeb531021
01-30 20:15:54.437 8578 8578 E ArmVmp : Match on catch block at 0xc3 in for 0xeb531021
01-30 20:15:54.442 8578 8578 E ArmVmp : Match on catch block at 0xc3 in for 0xeb531021
01-30 20:15:54.582 8578 8578 E ArmVmp : Match on catch block at 0xc3 in for 0xeb531021
01-30 20:15:54.595 8578 8578 E ArmVmp : Match on catch block at 0xc3 in for 0xeb531021
01-30 20:15:54.599 8578 8578 E ArmVmp : Match on catch block at 0xc3 in for 0xeb531021
01-30 20:15:54.658 8578 8578 E ArmVmp : Match on catch block at 0xc3 in for 0xeb531021
01-30 20:15:54.664 8578 8578 E ArmVmp : Match on catch block at 0xc3 in for 0xeb531021
01-30 20:15:54.668 8578 8578 E ArmVmp : Match on catch block at 0xc3 in for 0xeb531021
01-30 20:15:54.795 8578 8578 E ArmVmp : Match on catch block at 0xc3 in for 0xeb531021
01-30 20:15:54.804 8578 8578 E ArmVmp : Match on catch block at 0xc3 in for 0xeb531021
01-30 20:15:54.808 8578 8578 E ArmVmp : Match on catch block at 0xc3 in for 0xeb531021
01-30 20:15:54.907 8578 8578 E ArmVmp : Match on catch block at 0xc3 in for 0xeb531021
01-30 20:15:54.912 8578 8578 E ArmVmp : Match on catch block at 0xc3 in for 0xeb531021
01-30 20:15:54.916 8578 8578 E ArmVmp : Match on catch block at 0xc3 in for 0xeb531021
01-30 20:15:55.047 8578 8578 E ArmVmp : Match on catch block at 0xc3 in for 0xeb531021
01-30 20:15:55.053 8578 8578 E ArmVmp : Match on catch block at 0xc3 in for 0xeb531021
01-30 20:15:55.057 8578 8578 E ArmVmp : Match on catch block at 0xc3 in for 0xeb531021
01-30 20:15:55.269 8578 8578 E ArmVmp : Match on catch block at 0xc3 in for 0xeb531021
01-30 20:15:55.278 8578 8578 E ArmVmp : Match on catch block at 0xc3 in for 0xeb531021
01-30 20:15:55.281 8578 8578 E ArmVmp : Match on catch block at 0xc3 in for 0xeb531021
01-30 20:15:55.548 8578 8578 E ArmVmp : Match on catch block at 0xc3 in for 0xeb531021
01-30 20:15:55.561 8578 8578 E ArmVmp : Match on catch block at 0xc3 in for 0xeb531021
01-30 20:15:55.566 8578 8578 E ArmVmp : Match on catch block at 0xc3 in for 0xeb531021
01-30 20:15:55.887 8578 8578 E ArmVmp : Match on catch block at 0xc3 in for 0xeb531021
01-30 20:15:55.904 8578 8578 E ArmVmp : Match on catch block at 0xc3 in for 0xeb531021
01-30 20:15:55.909 8578 8578 E ArmVmp : Match on catch block at 0xc3 in for 0xeb531021
01-30 20:15:56.202 8578 8578 E ArmVmp : Match on catch block at 0xc3 in for 0xeb531021
01-30 20:15:56.210 8578 8578 E ArmVmp : Match on catch block at 0xc3 in for 0xeb531021
01-30 20:15:56.213 8578 8578 E ArmVmp : Match on catch block at 0xc3 in for 0xeb531021
01-30 20:15:56.374 8578 8892 E SQLiteDatabase: Error inserting transferred=1 media_job_uuid=0a7c20ae-c7d4-412e-96ea-8e00564be2c7 transcoded=0 gif_attribution=0 first_scan_length=8864 direct_path=/o1/v/t62.7118-24/f1/m232/up-oil-image-db9fea5a- e84a-4d84-a244-4b048534b6d9?ccb=9-4&oh=01_AdQnjTlNIzU5T- 2mFOSnanob0AXJn5YhBYIt1rb_vbV7Jw&oe=65DBF3D3&_nc_sid=000000 thumbnail_height_width_ratio=0.40983605 is_animated_sticker=0 file_hash=W2UdpmMNn823BlqbMD6U+HdqbYddvoA7jj40A9/9ZII= file_path=Media/MBWhatsApp Images/IMG-20240130-WA0018.jpg file_size=71225 partial_media_hash=+LMX0CDVW83pOdcgw2EDLpXFA6KqbaEMJg4Og2QTBQE= face_x=0 face_y=0 height=672 trim_to=0 media_key_timestamp=1706324510000 message_url=https://mmg.whatsapp.net/o1/v/t62.7118-24/f1/m232/up-oil-image- db9fea5a-e84a-4d84-a244-4b048534b6d9?ccb=9-4&oh=01_AdQnjTlNIzU5T- 2mFOSnanob0AXJn5YhBYIt1rb_vbV7Jw&oe=65DBF3D3&_nc_sid=000000&mms3=true media_caption=null trim_from=0 mime_type=image/jpeg partial_media_enc_hash=null width=1600 original_file_hash=null has_streaming_sidecar=1 autotransfer_retry_enabled=1 media_upload_handle=null message_row_id=383 multicast_id=null enc_file_hash=ikVsPIZlyuKoh3u4WbOVkCFuneGYnmcMj9PtpNhM6jE= mute_video=0 page_count=0 first_scan_sidecar=[B@4d737c4 suspicious_content=0 file_length=71225 media_name=null media_duration=0 chat_row_id=1 media_key=[B@838a6ad
01-30 20:15:56.374 8578 8892 E SQLiteDatabase: android.database.sqlite.SQLiteConstraintException: UNIQUE constraint failed: message_media.message_row_id (code 1555 SQLITE_CONSTRAINT_PRIMARYKEY[1555])
01-30 20:15:56.374 8578 8892 E SQLiteDatabase: at android.database.sqlite.SQLiteConnection.nativeExecuteForLastInsertedRowId(Native Method)
01-30 20:15:56.374 8578 8892 E SQLiteDatabase: at android.database.sqlite.SQLiteConnection.executeForLastInsertedRowId(SQLiteConnecti on.java:1232)
01-30 20:15:56.374 8578 8892 E SQLiteDatabase: at android.database.sqlite.SQLiteSession.executeForLastInsertedRowId(SQLiteSession.jav a:790)
01-30 20:15:56.374 8578 8892 E SQLiteDatabase: at android.database.sqlite.SQLiteStatement.executeInsert(SQLiteStatement.java:89)
01-30 20:15:56.374 8578 8892 E SQLiteDatabase: at android.database.sqlite.SQLiteDatabase.insertWithOnConflict(SQLiteDatabase.java:224 4)
01-30 20:15:56.374 8578 8892 E SQLiteDatabase: at android.database.sqlite.SQLiteDatabase.insert(SQLiteDatabase.java:2113)
01-30 20:15:56.374 8578 8892 E SQLiteDatabase: at X.2tm.A08(Unknown Source:6)
01-30 20:15:56.374 8578 8892 E SQLiteDatabase: at X.35Y.A07(Unknown Source:212)
01-30 20:15:56.374 8578 8892 E SQLiteDatabase: at X.3QF.A14(Unknown Source:470)
01-30 20:15:56.374 8578 8892 E SQLiteDatabase: at X.3gU.run(Unknown Source:982)
01-30 20:15:56.374 8578 8892 E SQLiteDatabase: at android.os.Handler.handleCallback(Handler.java:938)
01-30 20:15:56.374 8578 8892 E SQLiteDatabase: at android.os.Handler.dispatchMessage(Handler.java:99)
01-30 20:15:56.374 8578 8892 E SQLiteDatabase: at X.0zq.dispatchMessage(Unknown Source:4)
01-30 20:15:56.374 8578 8892 E SQLiteDatabase: at android.os.Looper.loopOnce(Looper.java:226)
01-30 20:15:56.374 8578 8892 E SQLiteDatabase: at android.os.Looper.loop(Looper.java:313)
01-30 20:15:56.374 8578 8892 E SQLiteDatabase: at android.os.HandlerThread.run(HandlerThread.java:67)
01-30 20:15:56.418 8578 8578 E ArmVmp : Match on catch block at 0xc3 in for 0xeb531021
01-30 20:15:56.424 8578 8578 E ArmVmp : Match on catch block at 0xc3 in for 0xeb531021
01-30 20:15:56.433 8578 8578 E ArmVmp : Match on catch block at 0xc3 in for 0xeb531021
01-30 20:15:56.516 8578 8578 E ArmVmp : Match on catch block at 0xc3 in for 0xeb531021
01-30 20:15:56.523 8578 8578 E ArmVmp : Match on catch block at 0xc3 in for 0xeb531021
01-30 20:15:56.527 8578 8578 E ArmVmp : Match on catch block at 0xc3 in for 0xeb531021
01-30 20:15:56.585 8578 8578 E ArmVmp : Match on catch block at 0xc3 in for 0xeb531021
01-30 20:15:56.591 8578 8578 E ArmVmp : Match on catch block at 0xc3 in for 0xeb531021
01-30 20:15:56.594 8578 8578 E ArmVmp : Match on catch block at 0xc3 in for 0xeb531021
01-30 20:15:56.700 8578 8578 E ArmVmp : Match on catch block at 0xc3 in for 0xeb531021
01-30 20:15:56.711 8578 8578 E ArmVmp : Match on catch block at 0xc3 in for 0xeb531021
01-30 20:15:56.721 8578 8578 E ArmVmp : Match on catch block at 0xc3 in for 0xeb531021
01-30 20:15:56.947 8578 8578 E ArmVmp : Match on catch block at 0xc3 in for 0xeb531021
01-30 20:15:56.952 8578 8578 E ArmVmp : Match on catch block at 0xc3 in for 0xeb531021
01-30 20:15:56.956 8578 8578 E ArmVmp : Match on catch block at 0xc3 in for 0xeb531021
01-30 20:15:57.019 8578 8578 E ArmVmp : Match on catch block at 0xc3 in for 0xeb531021
01-30 20:15:57.024 8578 8578 E ArmVmp : Match on catch block at 0xc3 in for 0xeb531021
01-30 20:15:57.035 8578 8578 E ArmVmp : Match on catch block at 0xc3 in for 0xeb531021
01-30 20:15:57.105 8578 8578 E ArmVmp : Match on catch block at 0xc3 in for 0xeb531021
01-30 20:15:57.110 8578 8578 E ArmVmp : Match on catch block at 0xc3 in for 0xeb531021
01-30 20:15:57.114 8578 8578 E ArmVmp : Match on catch block at 0xc3 in for 0xeb531021
01-30 20:15:57.124 8578 8892 E SQLiteDatabase: Error inserting transferred=1 media_job_uuid=3d42ddb2-b5c9-4d6d-8f05-391c8dadc712 transcoded=0 gif_attribution=0 first_scan_length=0 direct_path=/v/t62.7117- 24/28986943_659716253043129_7635459876380551629_n.enc?ccb=11- 4&oh=01_AdQiMMtMyoVJngKKEK1-34_y59APLkyclJs2Qryw9wRBbg&oe=65DCB737&_nc_sid=5e03e0 thumbnail_height_width_ratio=0.0 is_animated_sticker=0 file_hash=HCNCslW6Qg8opWrQQXm0UKpwQZUyxuPwGTYYaYFaFsI= file_path=Media/MBWhatsApp Voice Notes/202405/PTT-20240130-WA0019.opus file_size=29793 partial_media_hash=null face_x=0 face_y=0 height=0 trim_to=0 media_key_timestamp=1706381681000 message_url=https://mmg.whatsapp.net/v/t62.7117- 24/28986943_659716253043129_7635459876380551629_n.enc?ccb=11- 4&oh=01_AdQiMMtMyoVJngKKEK1- 34_y59APLkyclJs2Qryw9wRBbg&oe=65DCB737&_nc_sid=5e03e0&mms3=true media_caption=null trim_from=0 mime_type=audio/ogg; codecs=opus partial_media_enc_hash=null width=0 original_file_hash=null has_streaming_sidecar=0 autotransfer_retry_enabled=1 media_upload_handle=null message_row_id=401 multicast_id=null enc_file_hash=4LWE/AKEPa9y2qWAaC8wytAr0txryDaMlmfP3QZ2SeA= mute_video=0 page_count=0 first_scan_sidecar=null suspicious_content=0 file_length=29793 media_name=null media_duration=12 chat_row_id=1 media_key=[B@4370a57
01-30 20:15:57.124 8578 8892 E SQLiteDatabase: android.database.sqlite.SQLiteConstraintException: UNIQUE constraint failed: message_media.message_row_id (code 1555 SQLITE_CONSTRAINT_PRIMARYKEY[1555])
01-30 20:15:57.124 8578 8892 E SQLiteDatabase: at android.database.sqlite.SQLiteConnection.nativeExecuteForLastInsertedRowId(Native Method)
01-30 20:15:57.124 8578 8892 E SQLiteDatabase: at android.database.sqlite.SQLiteConnection.executeForLastInsertedRowId(SQLiteConnecti on.java:1232)
01-30 20:15:57.124 8578 8892 E SQLiteDatabase: at android.database.sqlite.SQLiteSession.executeForLastInsertedRowId(SQLiteSession.jav a:790)
01-30 20:15:57.124 8578 8892 E SQLiteDatabase: at android.database.sqlite.SQLiteStatement.executeInsert(SQLiteStatement.java:89)
01-30 20:15:57.124 8578 8892 E SQLiteDatabase: at android.database.sqlite.SQLiteDatabase.insertWithOnConflict(SQLiteDatabase.java:224 4)
01-30 20:15:57.124 8578 8892 E SQLiteDatabase: at android.database.sqlite.SQLiteDatabase.insert(SQLiteDatabase.java:2113)
01-30 20:15:57.124 8578 8892 E SQLiteDatabase: at X.2tm.A08(Unknown Source:6)
01-30 20:15:57.124 8578 8892 E SQLiteDatabase: at X.35Y.A07(Unknown Source:212)
01-30 20:15:57.124 8578 8892 E SQLiteDatabase: at X.3QF.A14(Unknown Source:470)
01-30 20:15:57.124 8578 8892 E SQLiteDatabase: at X.3gU.run(Unknown Source:982)
01-30 20:15:57.124 8578 8892 E SQLiteDatabase: at android.os.Handler.handleCallback(Handler.java:938)
01-30 20:15:57.124 8578 8892 E SQLiteDatabase: at android.os.Handler.dispatchMessage(Handler.java:99)
01-30 20:15:57.124 8578 8892 E SQLiteDatabase: at X.0zq.dispatchMessage(Unknown Source:4)
01-30 20:15:57.124 8578 8892 E SQLiteDatabase: at android.os.Looper.loopOnce(Looper.java:226)
01-30 20:15:57.124 8578 8892 E SQLiteDatabase: at android.os.Looper.loop(Looper.java:313)
01-30 20:15:57.124 8578 8892 E SQLiteDatabase: at android.os.HandlerThread.run(HandlerThread.java:67)
01-30 20:15:57.235 8578 8578 E ArmVmp : Match on catch block at 0xc3 in for 0xeb531021
01-30 20:15:57.240 8578 8578 E ArmVmp : Match on catch block at 0xc3 in for 0xeb531021
01-30 20:15:57.243 8578 8578 E ArmVmp : Match on catch block at 0xc3 in for 0xeb531021
01-30 20:15:57.287 8578 8578 E ArmVmp : Match on catch block at 0xc3 in for 0xeb531021
01-30 20:15:57.292 8578 8578 E ArmVmp : Match on catch block at 0xc3 in for 0xeb531021
01-30 20:15:57.295 8578 8578 E ArmVmp : Match on catch block at 0xc3 in for 0xeb531021
01-30 20:15:57.388 8578 8578 E ArmVmp : Match on catch block at 0xc3 in for 0xeb531021
01-30 20:15:57.393 8578 8578 E ArmVmp : Match on catch block at 0xc3 in for 0xeb531021
01-30 20:15:57.397 8578 8578 E ArmVmp : Match on catch block at 0xc3 in for 0xeb531021
01-30 20:15:57.443 8578 8578 E ArmVmp : Match on catch block at 0xc3 in for 0xeb531021
01-30 20:15:57.450 8578 8578 E ArmVmp : Match on catch block at 0xc3 in for 0xeb531021
01-30 20:15:57.454 8578 8578 E ArmVmp : Match on catch block at 0xc3 in for 0xeb531021
01-30 20:15:58.394 8578 8578 E ArmVmp : Match on catch block at 0xc3 in for 0xeb531021
01-30 20:15:58.402 8578 8578 E ArmVmp : Match on catch block at 0xc3 in for 0xeb531021
01-30 20:15:58.408 8578 8578 E ArmVmp : Match on catch block at 0xc3 in for 0xeb531021
01-30 20:15:59.158 8578 8593 E DatabaseUtils: Writing exception to parcel
01-30 20:15:59.158 8578 8593 E DatabaseUtils: java.lang.SecurityException: Permission Denial: reading com.mbwhatsapp.contentprovider.MediaProvider uri content://com.mbwhatsapp.provider.media/item/1027d78f-a3e6-4d49-a618-ca94296468f4 from pid=2240, uid=10067 requires the provider be exported, or grantUriPermission()
01-30 20:15:59.158 8578 8593 E DatabaseUtils: at android.content.ContentProvider.enforceReadPermissionInner(ContentProvider.java:912 )
01-30 20:15:59.158 8578 8593 E DatabaseUtils: at android.content.ContentProvider.semEnforceReadPermission(ContentProvider.java:830)
01-30 20:15:59.158 8578 8593 E DatabaseUtils: at android.content.ContentProvider$Transport.enforceReadPermission(ContentProvider.jav a:708)
01-30 20:15:59.158 8578 8593 E DatabaseUtils: at android.content.ContentProvider$Transport.enforceFilePermission(ContentProvider.jav a:698)
01-30 20:15:59.158 8578 8593 E DatabaseUtils: at android.content.ContentProvider$Transport.openTypedAssetFile(ContentProvider.java:5 57)
01-30 20:15:59.158 8578 8593 E DatabaseUtils: at android.content.ContentProviderNative.onTransact(ContentProviderNative.java:327)
01-30 20:15:59.158 8578 8593 E DatabaseUtils: at android.os.Binder.execTransactInternal(Binder.java:1220)
01-30 20:15:59.158 8578 8593 E DatabaseUtils: at android.os.Binder.execTransact(Binder.java:1179)
01-30 20:15:59.574 8578 8593 E DatabaseUtils: Writing exception to parcel
01-30 20:15:59.574 8578 8593 E DatabaseUtils: java.lang.SecurityException: Permission Denial: reading com.mbwhatsapp.contentprovider.MediaProvider uri content://com.mbwhatsapp.provider.media/item/fd1b3bb8-13ff-4504-a9e6-ec9b683cd7f9 from pid=2240, uid=10067 requires the provider be exported, or grantUriPermission()
01-30 20:15:59.574 8578 8593 E DatabaseUtils: at android.content.ContentProvider.enforceReadPermissionInner(ContentProvider.java:912 )
01-30 20:15:59.574 8578 8593 E DatabaseUtils: at android.content.ContentProvider.semEnforceReadPermission(ContentProvider.java:830)
01-30 20:15:59.574 8578 8593 E DatabaseUtils: at android.content.ContentProvider$Transport.enforceReadPermission(ContentProvider.jav a:708)
01-30 20:15:59.574 8578 8593 E DatabaseUtils: at android.content.ContentProvider$Transport.enforceFilePermission(ContentProvider.jav a:698)
01-30 20:15:59.574 8578 8593 E DatabaseUtils: at android.content.ContentProvider$Transport.openTypedAssetFile(ContentProvider.java:5 57)
01-30 20:15:59.574 8578 8593 E DatabaseUtils: at android.content.ContentProviderNative.onTransact(ContentProviderNative.java:327)
01-30 20:15:59.574 8578 8593 E DatabaseUtils: at android.os.Binder.execTransactInternal(Binder.java:1220)
01-30 20:15:59.574 8578 8593 E DatabaseUtils: at android.os.Binder.execTransact(Binder.java:1179)
01-30 20:16:00.613 8578 8578 E ArmVmp : Match on catch block at 0x0a in for 0xeb531031
01-30 20:16:00.631 8578 8578 E ArmVmp : Match on catch block at 0x0a in for 0xeb531031
01-30 20:16:02.019 8578 8578 E ArmVmp : Match on catch block at 0xc3 in for 0xeb53101d
01-30 20:16:02.042 8578 8578 E ArmVmp : Match on catch block at 0xc3 in for 0xeb53101d
01-30 20:16:02.049 8578 8578 E ArmVmp : Match on catch block at 0xc3 in for 0xeb53101d
01-30 20:16:02.611 8578 8578 E ArmVmp : Match on catch block at 0xc3 in for 0xeb531021
01-30 20:16:02.620 8578 8578 E ArmVmp : Match on catch block at 0xc3 in for 0xeb531021
01-30 20:16:02.630 8578 8578 E ArmVmp : Match on catch block at 0xc3 in for 0xeb531021
01-30 20:16:02.668 8578 8578 E ArmVmp : Match on catch block at 0xc3 in for 0xeb531021
01-30 20:16:02.686 8578 8578 E ArmVmp : Match on catch block at 0xc3 in for 0xeb531021
01-30 20:16:02.695 8578 8578 E ArmVmp : Match on catch block at 0xc3 in for 0xeb531021
01-30 20:16:03.111 8578 8892 E SQLiteDatabase: Error inserting transferred=1 media_job_uuid=643b8c77-3a13-4780-b98f-09311ca7bed7 transcoded=0 gif_attribution=0 first_scan_length=10962 direct_path=/o1/v/t62.7118-24/f1/m238/up-oil-image- e938293b-ecbb-47b0-8c28-2709be5098c8?ccb=9- 4&oh=01_AdSS8iDAceluk9ABdfObU86nhNrLq6bwpoqRSPSyBdf3eA&oe=65DCEA6C&_nc_sid=000000 thumbnail_height_width_ratio=2.25 is_animated_sticker=0 file_hash=oDxHWFS5F6Kkm7Xc4XgSmUqoV4AoPDfRo4PqZnepdGU= file_path=Media/MBWhatsApp Images/IMG-20240130-WA0020.jpg file_size=128524 partial_media_hash=fjtQ71rQg195IOH3qmEnUIdWcU0fXMY501f0a6of0eI= face_x=0 face_y=0 height=1600 trim_to=0 media_key_timestamp=1706390505000 message_url=https://mmg.whatsapp.net/o1/v/t62.7118-24/f1/m238/up-oil-image- e938293b-ecbb-47b0-8c28-2709be5098c8?ccb=9- 4&oh=01_AdSS8iDAceluk9ABdfObU86nhNrLq6bwpoqRSPSyBdf3eA&oe=65DCEA6C&_nc_sid=000000&m ms3=true media_caption=null trim_from=0 mime_type=image/jpeg partial_media_enc_hash=null width=720 original_file_hash=null has_streaming_sidecar=1 autotransfer_retry_enabled=1 media_upload_handle=null message_row_id=407 multicast_id=null enc_file_hash=FgB+tuMRlKbXfuLKQlzePoci0F5G46WoJxQVeVUcqvs= mute_video=0 page_count=0 first_scan_sidecar=[B@bbd0111 suspicious_content=0 file_length=128524 media_name=null media_duration=0 chat_row_id=1 media_key=[B@9f2d276
01-30 20:16:03.111 8578 8892 E SQLiteDatabase: android.database.sqlite.SQLiteConstraintException: UNIQUE constraint failed: message_media.message_row_id (code 1555 SQLITE_CONSTRAINT_PRIMARYKEY[1555])
01-30 20:16:03.111 8578 8892 E SQLiteDatabase: at android.database.sqlite.SQLiteConnection.nativeExecuteForLastInsertedRowId(Native Method)
01-30 20:16:03.111 8578 8892 E SQLiteDatabase: at android.database.sqlite.SQLiteConnection.executeForLastInsertedRowId(SQLiteConnecti on.java:1232)
01-30 20:16:03.111 8578 8892 E SQLiteDatabase: at android.database.sqlite.SQLiteSession.executeForLastInsertedRowId(SQLiteSession.jav a:790)
01-30 20:16:03.111 8578 8892 E SQLiteDatabase: at android.database.sqlite.SQLiteStatement.executeInsert(SQLiteStatement.java:89)
01-30 20:16:03.111 8578 8892 E SQLiteDatabase: at android.database.sqlite.SQLiteDatabase.insertWithOnConflict(SQLiteDatabase.java:224 4)
01-30 20:16:03.111 8578 8892 E SQLiteDatabase: at android.database.sqlite.SQLiteDatabase.insert(SQLiteDatabase.java:2113)
01-30 20:16:03.111 8578 8892 E SQLiteDatabase: at X.2tm.A08(Unknown Source:6)
01-30 20:16:03.111 8578 8892 E SQLiteDatabase: at X.35Y.A07(Unknown Source:212)
01-30 20:16:03.111 8578 8892 E SQLiteDatabase: at X.3QF.A14(Unknown Source:470)
01-30 20:16:03.111 8578 8892 E SQLiteDatabase: at X.3gU.run(Unknown Source:982)
01-30 20:16:03.111 8578 8892 E SQLiteDatabase: at android.os.Handler.handleCallback(Handler.java:938)
01-30 20:16:03.111 8578 8892 E SQLiteDatabase: at android.os.Handler.dispatchMessage(Handler.java:99)
01-30 20:16:03.111 8578 8892 E SQLiteDatabase: at X.0zq.dispatchMessage(Unknown Source:4)
01-30 20:16:03.111 8578 8892 E SQLiteDatabase: at android.os.Looper.loopOnce(Looper.java:226)
01-30 20:16:03.111 8578 8892 E SQLiteDatabase: at android.os.Looper.loop(Looper.java:313)
01-30 20:16:03.111 8578 8892 E SQLiteDatabase: at android.os.HandlerThread.run(HandlerThread.java:67)
01-30 20:16:03.138 8578 8578 E ArmVmp : Match on catch block at 0xc3 in for 0xeb531021
01-30 20:16:03.143 8578 8578 E ArmVmp : Match on catch block at 0xc3 in for 0xeb531021
01-30 20:16:03.349 8578 8578 E ArmVmp : Match on catch block at 0xc3 in for 0xeb531021
01-30 20:16:03.355 8578 8578 E ArmVmp : Match on catch block at 0xc3 in for 0xeb531021
01-30 20:16:03.684 8578 8578 E ArmVmp : Match on catch block at 0xc3 in for 0xeb531021
01-30 20:16:03.702 8578 8578 E ArmVmp : Match on catch block at 0xc3 in for 0xeb531021
01-30 20:16:03.927 8578 8578 E ArmVmp : Match on catch block at 0xc3 in for 0xeb531021
01-30 20:16:03.937 8578 8578 E ArmVmp : Match on catch block at 0xc3 in for 0xeb531021
01-30 20:16:04.031 8578 8578 E ArmVmp : Match on catch block at 0xc3 in for 0xeb531021
01-30 20:16:04.038 8578 8578 E ArmVmp : Match on catch block at 0xc3 in for 0xeb531021
01-30 20:16:04.087 8578 8578 E ArmVmp : Match on catch block at 0xc3 in for 0xeb531021
01-30 20:16:04.093 8578 8578 E ArmVmp : Match on catch block at 0xc3 in for 0xeb531021
01-30 20:16:04.104 8578 8578 E ArmVmp : Match on catch block at 0xc3 in for 0xeb531021
01-30 20:16:04.111 8578 8578 E ArmVmp : Match on catch block at 0xc3 in for 0xeb531021
01-30 20:16:04.131 8578 8578 E ArmVmp : Match on catch block at 0xc3 in for 0xeb531021
01-30 20:16:04.134 8578 8892 E SQLiteDatabase: Error inserting transferred=1 media_job_uuid=ad66a8c4-f2ae-4fe6-9ede-fd130e63961d transcoded=0 gif_attribution=0 first_scan_length=14654 direct_path=/o1/v/t62.7118-24/f1/m234/up-oil-image- 770d92c5-269d-476b-a738-8187b58a97d2?ccb=9-4&oh=01_AdQtjQxRaiKcDdjSOEfuzc- JV0XjSjcyafwJZdFr9eCwug&oe=65DCF4EC&_nc_sid=000000 thumbnail_height_width_ratio=1.6744186 is_animated_sticker=0 file_hash=km+44kzl86E/P1KW/XJ/OXjnF+elIaD5qmRczuI09kA= file_path=Media/MBWhatsApp Images/IMG-20240130-WA0021.jpg file_size=127734 partial_media_hash=ROHdo/LnHiwODKWF72HMRDClq6xemXQq4/kj5cvFmsM= face_x=0 face_y=0 height=1599 trim_to=0 media_key_timestamp=1706391392000 message_url=https://mmg.whatsapp.net/o1/v/t62.7118-24/f1/m234/up-oil-image- 770d92c5-269d-476b-a738-8187b58a97d2?ccb=9-4&oh=01_AdQtjQxRaiKcDdjSOEfuzc- JV0XjSjcyafwJZdFr9eCwug&oe=65DCF4EC&_nc_sid=000000&mms3=true media_caption=null trim_from=0 mime_type=image/jpeg partial_media_enc_hash=null width=958 original_file_hash=null has_streaming_sidecar=1 autotransfer_retry_enabled=1 media_upload_handle=null message_row_id=410 multicast_id=null enc_file_hash=YkZWgw7Zv7NYArtEJYt3T+LuDl0ux3OhxqDxsXZQ9sE= mute_video=0 page_count=0 first_scan_sidecar=[B@36aa457 suspicious_content=0 file_length=127734 media_name=null media_duration=0 chat_row_id=1 media_key=[B@4c4ab44
01-30 20:16:04.134 8578 8892 E SQLiteDatabase: android.database.sqlite.SQLiteConstraintException: UNIQUE constraint failed: message_media.message_row_id (code 1555 SQLITE_CONSTRAINT_PRIMARYKEY[1555])
01-30 20:16:04.134 8578 8892 E SQLiteDatabase: at android.database.sqlite.SQLiteConnection.nativeExecuteForLastInsertedRowId(Native Method)
01-30 20:16:04.134 8578 8892 E SQLiteDatabase: at android.database.sqlite.SQLiteConnection.executeForLastInsertedRowId(SQLiteConnecti on.java:1232)
01-30 20:16:04.134 8578 8892 E SQLiteDatabase: at android.database.sqlite.SQLiteSession.executeForLastInsertedRowId(SQLiteSession.jav a:790)
01-30 20:16:04.134 8578 8892 E SQLiteDatabase: at android.database.sqlite.SQLiteStatement.executeInsert(SQLiteStatement.java:89)
01-30 20:16:04.134 8578 8892 E SQLiteDatabase: at android.database.sqlite.SQLiteDatabase.insertWithOnConflict(SQLiteDatabase.java:224 4)
01-30 20:16:04.134 8578 8892 E SQLiteDatabase: at android.database.sqlite.SQLiteDatabase.insert(SQLiteDatabase.java:2113)
01-30 20:16:04.134 8578 8892 E SQLiteDatabase: at X.2tm.A08(Unknown Source:6)
01-30 20:16:04.134 8578 8892 E SQLiteDatabase: at X.35Y.A07(Unknown Source:212)
01-30 20:16:04.134 8578 8892 E SQLiteDatabase: at X.3QF.A14(Unknown Source:470)
01-30 20:16:04.134 8578 8892 E SQLiteDatabase: at X.3gU.run(Unknown Source:982)
01-30 20:16:04.134 8578 8892 E SQLiteDatabase: at android.os.Handler.handleCallback(Handler.java:938)
01-30 20:16:04.134 8578 8892 E SQLiteDatabase: at android.os.Handler.dispatchMessage(Handler.java:99)
01-30 20:16:04.134 8578 8892 E SQLiteDatabase: at X.0zq.dispatchMessage(Unknown Source:4)
01-30 20:16:04.134 8578 8892 E SQLiteDatabase: at android.os.Looper.loopOnce(Looper.java:226)
01-30 20:16:04.134 8578 8892 E SQLiteDatabase: at android.os.Looper.loop(Looper.java:313)
01-30 20:16:04.134 8578 8892 E SQLiteDatabase: at android.os.HandlerThread.run(HandlerThread.java:67)
01-30 20:16:04.138 8578 8578 E ArmVmp : Match on catch block at 0xc3 in for 0xeb531021
01-30 20:16:04.164 8578 8578 E ArmVmp : Match on catch block at 0xc3 in for 0xeb531021
01-30 20:16:04.170 8578 8578 E ArmVmp : Match on catch block at 0xc3 in for 0xeb531021
01-30 20:16:04.193 8578 8578 E ArmVmp : Match on catch block at 0xc3 in for 0xeb531021
01-30 20:16:04.199 8578 8578 E ArmVmp : Match on catch block at 0xc3 in for 0xeb531021
01-30 20:16:04.227 8578 8578 E ArmVmp : Match on catch block at 0xc3 in for 0xeb531021
01-30 20:16:04.232 8578 8578 E ArmVmp : Match on catch block at 0xc3 in for 0xeb531021
01-30 20:16:04.271 8578 8578 E ArmVmp : Match on catch block at 0xc3 in for 0xeb531021
01-30 20:16:04.278 8578 8578 E ArmVmp : Match on catch block at 0xc3 in for 0xeb531021
01-30 20:16:04.299 8578 8578 E ArmVmp : Match on catch block at 0xc3 in for 0xeb531021
01-30 20:16:04.306 8578 8578 E ArmVmp : Match on catch block at 0xc3 in for 0xeb531021
01-30 20:16:04.328 8578 8578 E ArmVmp : Match on catch block at 0xc3 in for 0xeb531021
01-30 20:16:04.334 8578 8578 E ArmVmp : Match on catch block at 0xc3 in for 0xeb531021
01-30 20:16:04.386 8578 8578 E ArmVmp : Match on catch block at 0xc3 in for 0xeb531021
01-30 20:16:04.393 8578 8578 E ArmVmp : Match on catch block at 0xc3 in for 0xeb531021
01-30 20:16:04.436 8578 8578 E ArmVmp : Match on catch block at 0xc3 in for 0xeb531021
01-30 20:16:04.443 8578 8578 E ArmVmp : Match on catch block at 0xc3 in for 0xeb531021
01-30 20:16:04.462 8578 8578 E ArmVmp : Match on catch block at 0xc3 in for 0xeb531021
01-30 20:16:04.468 8578 8578 E ArmVmp : Match on catch block at 0xc3 in for 0xeb531021
01-30 20:16:04.501 8578 8578 E ArmVmp : Match on catch block at 0xc3 in for 0xeb531021
01-30 20:16:04.507 8578 8578 E ArmVmp : Match on catch block at 0xc3 in for 0xeb531021
01-30 20:16:04.560 8578 8578 E ArmVmp : Match on catch block at 0xc3 in for 0xeb531021
01-30 20:16:04.565 8578 8578 E ArmVmp : Match on catch block at 0xc3 in for 0xeb531021
01-30 20:16:04.614 8578 8578 E ArmVmp : Match on catch block at 0xc3 in for 0xeb531021
01-30 20:16:04.619 8578 8578 E ArmVmp : Match on catch block at 0xc3 in for 0xeb531021
01-30 20:16:04.626 8578 8578 E ArmVmp : Match on catch block at 0xc3 in for 0xeb531021
01-30 20:16:04.633 8578 8578 E ArmVmp : Match on catch block at 0xc3 in for 0xeb531021
01-30 20:16:04.651 8578 8578 E ArmVmp : Match on catch block at 0xc3 in for 0xeb531021
01-30 20:16:04.658 8578 8578 E ArmVmp : Match on catch block at 0xc3 in for 0xeb531021
01-30 20:16:04.678 8578 8578 E ArmVmp : Match on catch block at 0xc3 in for 0xeb531021
01-30 20:16:04.685 8578 8578 E ArmVmp : Match on catch block at 0xc3 in for 0xeb531021
01-30 20:16:04.696 8578 8578 E ArmVmp : Match on catch block at 0xc3 in for 0xeb531021
01-30 20:16:04.703 8578 8578 E ArmVmp : Match on catch block at 0xc3 in for 0xeb531021
01-30 20:16:04.734 8578 8578 E ArmVmp : Match on catch block at 0xc3 in for 0xeb531021
01-30 20:16:04.739 8578 8578 E ArmVmp : Match on catch block at 0xc3 in for 0xeb531021
01-30 20:16:04.752 8578 8578 E ArmVmp : Match on catch block at 0xc3 in for 0xeb531021
01-30 20:16:04.758 8578 8578 E ArmVmp : Match on catch block at 0xc3 in for 0xeb531021
01-30 20:16:04.790 8578 8578 E ArmVmp : Match on catch block at 0xc3 in for 0xeb531021
01-30 20:16:04.796 8578 8578 E ArmVmp : Match on catch block at 0xc3 in for 0xeb531021
01-30 20:16:04.833 8578 8578 E ArmVmp : Match on catch block at 0xc3 in for 0xeb531021
01-30 20:16:04.838 8578 8578 E ArmVmp : Match on catch block at 0xc3 in for 0xeb531021
01-30 20:16:04.860 8578 8578 E ArmVmp : Match on catch block at 0xc3 in for 0xeb531021
01-30 20:16:04.866 8578 8578 E ArmVmp : Match on catch block at 0xc3 in for 0xeb531021
01-30 20:16:04.909 8578 8578 E ArmVmp : Match on catch block at 0xc3 in for 0xeb531021
01-30 20:16:04.915 8578 8578 E ArmVmp : Match on catch block at 0xc3 in for 0xeb531021
01-30 20:16:04.950 8578 8578 E ArmVmp : Match on catch block at 0xc3 in for 0xeb531021
01-30 20:16:04.957 8578 8578 E ArmVmp : Match on catch block at 0xc3 in for 0xeb531021
01-30 20:16:05.063 8578 8578 E ArmVmp : Match on catch block at 0xc3 in for 0xeb531021
01-30 20:16:05.072 8578 8578 E ArmVmp : Match on catch block at 0xc3 in for 0xeb531021
01-30 20:16:05.232 8578 8578 E ArmVmp : Match on catch block at 0xc3 in for 0xeb531021
01-30 20:16:05.236 8578 8578 E ArmVmp : Match on catch block at 0xc3 in for 0xeb531021
01-30 20:16:05.359 8578 8578 E ArmVmp : Match on catch block at 0xc3 in for 0xeb531021
01-30 20:16:05.365 8578 8578 E ArmVmp : Match on catch block at 0xc3 in for 0xeb531021
01-30 20:16:05.477 8578 8578 E ArmVmp : Match on catch block at 0xc3 in for 0xeb531021
01-30 20:16:05.481 8578 8578 E ArmVmp : Match on catch block at 0xc3 in for 0xeb531021
01-30 20:16:05.568 8578 8578 E ArmVmp : Match on catch block at 0xc3 in for 0xeb531021
01-30 20:16:05.573 8578 8578 E ArmVmp : Match on catch block at 0xc3 in for 0xeb531021
01-30 20:16:05.849 8578 8578 E ArmVmp : Match on catch block at 0xc3 in for 0xeb531021
01-30 20:16:05.856 8578 8578 E ArmVmp : Match on catch block at 0xc3 in for 0xeb531021
01-30 20:16:05.915 8578 8578 E ArmVmp : Match on catch block at 0xc3 in for 0xeb531021
01-30 20:16:05.928 8578 8578 E ArmVmp : Match on catch block at 0xc3 in for 0xeb531021
01-30 20:16:06.003 8578 8578 E ArmVmp : Match on catch block at 0xc3 in for 0xeb531021
01-30 20:16:06.012 8578 8578 E ArmVmp : Match on catch block at 0xc3 in for 0xeb531021
01-30 20:16:06.106 8578 8578 E ArmVmp : Match on catch block at 0xc3 in for 0xeb531021
01-30 20:16:06.115 8578 8578 E ArmVmp : Match on catch block at 0xc3 in for 0xeb531021
01-30 20:16:06.155 8578 8578 E ArmVmp : Match on catch block at 0xc3 in for 0xeb531021
01-30 20:16:06.161 8578 8578 E ArmVmp : Match on catch block at 0xc3 in for 0xeb531021
01-30 20:16:06.181 8578 8578 E ArmVmp : Match on catch block at 0xc3 in for 0xeb531021
01-30 20:16:06.192 8578 8578 E ArmVmp : Match on catch block at 0xc3 in for 0xeb531021
01-30 20:16:06.262 8578 8578 E ArmVmp : Match on catch block at 0xc3 in for 0xeb531021
01-30 20:16:06.272 8578 8578 E ArmVmp : Match on catch block at 0xc3 in for 0xeb531021
01-30 20:16:06.294 8578 8578 E ArmVmp : Match on catch block at 0xc3 in for 0xeb531021
01-30 20:16:06.302 8578 8578 E ArmVmp : Match on catch block at 0xc3 in for 0xeb531021
01-30 20:16:06.323 8578 8578 E ArmVmp : Match on catch block at 0xc3 in for 0xeb531021
01-30 20:16:06.329 8578 8578 E ArmVmp : Match on catch block at 0xc3 in for 0xeb531021
01-30 20:16:06.334 8578 8892 E SQLiteDatabase: Error inserting transferred=1 media_job_uuid=8b636ce8-8968-42a1-a11b-252975d5c87c transcoded=0 gif_attribution=0 first_scan_length=19443 direct_path=/o1/v/t62.7118-24/f1/m232/up-oil-image- 9fc9810c-ad15-4cb6-807c-1dd2333ce763?ccb=9-4&oh=01_AdSw-TJw4mZblSnEGgDLBBlSsPv2i- jhhDcNUmFaLyfMkg&oe=65DD0121&_nc_sid=000000 thumbnail_height_width_ratio=0.5833333 is_animated_sticker=0 file_hash=q2CLrO3HhebVsWuilRW8dPlj3wq86tBdTBhJVIsyEck= file_path=Media/MBWhatsApp Images/IMG-20240130-WA0022.jpg file_size=426411 partial_media_hash=bhElQaaply9y0EjQvvM+0vdx7BnDROWFn644RvlutpI= face_x=0 face_y=0 height=918 trim_to=0 media_key_timestamp=1706391168000 message_url=https://mmg.whatsapp.net/o1/v/t62.7118-24/f1/m232/up-oil-image- 9fc9810c-ad15-4cb6-807c-1dd2333ce763?ccb=9-4&oh=01_AdSw-TJw4mZblSnEGgDLBBlSsPv2i- jhhDcNUmFaLyfMkg&oe=65DD0121&_nc_sid=000000&mms3=true media_caption=null trim_from=0 mime_type=image/jpeg partial_media_enc_hash=null width=1544 original_file_hash=null has_streaming_sidecar=1 autotransfer_retry_enabled=1 media_upload_handle=null message_row_id=409 multicast_id=null enc_file_hash=a9mtX8cZ9HNxePTXX/Yh3ZyIntPUVTieu3aKtYxCKIA= mute_video=0 page_count=0 first_scan_sidecar=[B@d8b36cb suspicious_content=0 file_length=426411 media_name=null media_duration=0 chat_row_id=1 media_key=[B@afa5ea8
01-30 20:16:06.334 8578 8892 E SQLiteDatabase: android.database.sqlite.SQLiteConstraintException: UNIQUE constraint failed: message_media.message_row_id (code 1555 SQLITE_CONSTRAINT_PRIMARYKEY[1555])
01-30 20:16:06.334 8578 8892 E SQLiteDatabase: at android.database.sqlite.SQLiteConnection.nativeExecuteForLastInsertedRowId(Native Method)
01-30 20:16:06.334 8578 8892 E SQLiteDatabase: at android.database.sqlite.SQLiteConnection.executeForLastInsertedRowId(SQLiteConnecti on.java:1232)
01-30 20:16:06.334 8578 8892 E SQLiteDatabase: at android.database.sqlite.SQLiteSession.executeForLastInsertedRowId(SQLiteSession.jav a:790)
01-30 20:16:06.334 8578 8892 E SQLiteDatabase: at android.database.sqlite.SQLiteStatement.executeInsert(SQLiteStatement.java:89)
01-30 20:16:06.334 8578 8892 E SQLiteDatabase: at android.database.sqlite.SQLiteDatabase.insertWithOnConflict(SQLiteDatabase.java:224 4)
01-30 20:16:06.334 8578 8892 E SQLiteDatabase: at android.database.sqlite.SQLiteDatabase.insert(SQLiteDatabase.java:2113)
01-30 20:16:06.334 8578 8892 E SQLiteDatabase: at X.2tm.A08(Unknown Source:6)
01-30 20:16:06.334 8578 8892 E SQLiteDatabase: at X.35Y.A07(Unknown Source:212)
01-30 20:16:06.334 8578 8892 E SQLiteDatabase: at X.3QF.A14(Unknown Source:470)
01-30 20:16:06.334 8578 8892 E SQLiteDatabase: at X.3gU.run(Unknown Source:982)
01-30 20:16:06.334 8578 8892 E SQLiteDatabase: at android.os.Handler.handleCallback(Handler.java:938)
01-30 20:16:06.334 8578 8892 E SQLiteDatabase: at android.os.Handler.dispatchMessage(Handler.java:99)
01-30 20:16:06.334 8578 8892 E SQLiteDatabase: at X.0zq.dispatchMessage(Unknown Source:4)
01-30 20:16:06.334 8578 8892 E SQLiteDatabase: at android.os.Looper.loopOnce(Looper.java:226)
01-30 20:16:06.334 8578 8892 E SQLiteDatabase: at android.os.Looper.loop(Looper.java:313)
01-30 20:16:06.334 8578 8892 E SQLiteDatabase: at android.os.HandlerThread.run(HandlerThread.java:67)
01-30 20:16:06.376 8578 8578 E ArmVmp : Match on catch block at 0xc3 in for 0xeb531021
01-30 20:16:06.381 8578 8578 E ArmVmp : Match on catch block at 0xc3 in for 0xeb531021
01-30 20:16:06.396 8578 8578 E ArmVmp : Match on catch block at 0xc3 in for 0xeb531021
01-30 20:16:06.404 8578 8578 E ArmVmp : Match on catch block at 0xc3 in for 0xeb531021
01-30 20:16:06.436 8578 8578 E ArmVmp : Match on catch block at 0xc3 in for 0xeb531021
01-30 20:16:06.445 8578 8578 E ArmVmp : Match on catch block at 0xc3 in for 0xeb531021
01-30 20:16:06.470 8578 8578 E ArmVmp : Match on catch block at 0xc3 in for 0xeb531021
01-30 20:16:06.475 8578 8578 E ArmVmp : Match on catch block at 0xc3 in for 0xeb531021
01-30 20:16:06.511 8578 8578 E ArmVmp : Match on catch block at 0xc3 in for 0xeb531021
01-30 20:16:06.516 8578 8578 E ArmVmp : Match on catch block at 0xc3 in for 0xeb531021
01-30 20:16:06.553 8578 8578 E ArmVmp : Match on catch block at 0xc3 in for 0xeb531021
01-30 20:16:06.562 8578 8578 E ArmVmp : Match on catch block at 0xc3 in for 0xeb531021
01-30 20:16:06.609 8578 8578 E ArmVmp : Match on catch block at 0xc3 in for 0xeb531021
01-30 20:16:06.614 8578 8578 E ArmVmp : Match on catch block at 0xc3 in for 0xeb531021
01-30 20:16:06.651 8578 8578 E ArmVmp : Match on catch block at 0xc3 in for 0xeb531021
01-30 20:16:06.656 8578 8578 E ArmVmp : Match on catch block at 0xc3 in for 0xeb531021
01-30 20:16:06.702 8578 8578 E ArmVmp : Match on catch block at 0xc3 in for 0xeb531021
01-30 20:16:06.708 8578 8578 E ArmVmp : Match on catch block at 0xc3 in for 0xeb531021
01-30 20:16:06.719 8578 8578 E ArmVmp : Match on catch block at 0xc3 in for 0xeb531021
01-30 20:16:06.724 8578 8578 E ArmVmp : Match on catch block at 0xc3 in for 0xeb531021
01-30 20:16:06.746 8578 8578 E ArmVmp : Match on catch block at 0xc3 in for 0xeb531021
01-30 20:16:06.750 8578 8578 E ArmVmp : Match on catch block at 0xc3 in for 0xeb531021
01-30 20:16:06.861 8578 8578 E ArmVmp : Match on catch block at 0xc3 in for 0xeb531021
01-30 20:16:06.866 8578 8578 E ArmVmp : Match on catch block at 0xc3 in for 0xeb531021
01-30 20:16:06.954 8578 8578 E ArmVmp : Match on catch block at 0xc3 in for 0xeb531021
01-30 20:16:06.961 8578 8578 E ArmVmp : Match on catch block at 0xc3 in for 0xeb531021
01-30 20:16:06.997 8578 8578 E ArmVmp : Match on catch block at 0xc3 in for 0xeb531021
01-30 20:16:07.014 8578 8578 E ArmVmp : Match on catch block at 0xc3 in for 0xeb531021
01-30 20:16:07.028 8578 8578 E ArmVmp : Match on catch block at 0xc3 in for 0xeb531021
01-30 20:16:07.057 8578 8578 E ArmVmp : Match on catch block at 0xc3 in for 0xeb531021
01-30 20:16:07.076 8578 8578 E ArmVmp : Match on catch block at 0xc3 in for 0xeb531021
01-30 20:16:07.082 8578 8578 E ArmVmp : Match on catch block at 0xc3 in for 0xeb531021
01-30 20:16:07.110 8578 8578 E ArmVmp : Match on catch block at 0xc3 in for 0xeb531021
01-30 20:16:07.116 8578 8578 E ArmVmp : Match on catch block at 0xc3 in for 0xeb531021
01-30 20:16:07.151 8578 8578 E ArmVmp : Match on catch block at 0xc3 in for 0xeb531021
01-30 20:16:07.156 8578 8578 E ArmVmp : Match on catch block at 0xc3 in for 0xeb531021
01-30 20:16:07.300 8578 8578 E ArmVmp : Match on catch block at 0xc3 in for 0xeb531021
01-30 20:16:07.306 8578 8578 E ArmVmp : Match on catch block at 0xc3 in for 0xeb531021
01-30 20:16:07.359 8578 8578 E ArmVmp : Match on catch block at 0xc3 in for 0xeb531021
01-30 20:16:07.364 8578 8578 E ArmVmp : Match on catch block at 0xc3 in for 0xeb531021
01-30 20:16:07.415 8578 8578 E ArmVmp : Match on catch block at 0xc3 in for 0xeb531021
01-30 20:16:07.421 8578 8578 E ArmVmp : Match on catch block at 0xc3 in for 0xeb531021
