01-19 16:41:24.749 28700 28700 E ArmVmp : Match on catch block at 0x0a in for 0xf63f9045
01-19 16:51:16.745 28700 31263 W LibraryVersion: Failed to get app version for libraryName: firebase-iid
01-19 16:51:22.484 28700 28700 E ArmVmp : Match on catch block at 0x0a in for 0xf63f9059
01-19 16:51:26.307 28700 28700 W InputEventReceiver: Attempted to finish an input event but the input event receiver has already been disposed.
01-19 16:51:27.068 28700 28700 E ArmVmp : Match on catch block at 0x0a in for 0xf63f9035
01-19 16:51:27.077 28700 28700 E ArmVmp : Match on catch block at 0x0a in for 0xf63f9031 --------- beginning of main
01-19 16:51:30.426 31303 31303 E com.mbwhatsapp: Not starting debugger since process cannot load the jdwp agent.
01-19 16:51:30.428 31303 31303 E USNET : USNET: appName: com.mbwhatsapp
01-19 16:51:30.624 31303 31303 W System.err: java.lang.ClassNotFoundException: mbmodsd.mbmodsw.ui.views.btn.BtnBK
01-19 16:51:30.627 31303 31303 W System.err: at java.lang.Runtime.nativeLoad(Native Method)
01-19 16:51:30.627 31303 31303 W System.err: at java.lang.Runtime.nativeLoad(Runtime.java:1126)
01-19 16:51:30.627 31303 31303 W System.err: at java.lang.Runtime.loadLibrary0(Runtime.java:1080)
01-19 16:51:30.627 31303 31303 W System.err: at java.lang.Runtime.loadLibrary0(Runtime.java:1003)
01-19 16:51:30.627 31303 31303 W System.err: at java.lang.System.loadLibrary(System.java:1661)
01-19 16:51:30.627 31303 31303 W System.err: at arm.EpicVm.<clinit>(Unknown Source:2)
01-19 16:51:30.627 31303 31303 W System.err: at java.lang.Class.newInstance(Native Method)
01-19 16:51:30.627 31303 31303 W System.err: at android.app.AppComponentFactory.instantiateApplication(AppComponentFactory.java:76)
01-19 16:51:30.627 31303 31303 W System.err: at androidx.core.app.CoreComponentFactory.instantiateApplication(Unknown Source:0)
01-19 16:51:30.627 31303 31303 W System.err: at android.app.Instrumentation.newApplication(Instrumentation.java:1177)
01-19 16:51:30.627 31303 31303 W System.err: at android.app.LoadedApk.makeApplication(LoadedApk.java:1457)
01-19 16:51:30.627 31303 31303 W System.err: at android.app.ActivityThread.handleBindApplication(ActivityThread.java:7458)
01-19 16:51:30.627 31303 31303 W System.err: at android.app.ActivityThread.access$1600(ActivityThread.java:310)
01-19 16:51:30.627 31303 31303 W System.err: at android.app.ActivityThread$H.handleMessage(ActivityThread.java:2281)
01-19 16:51:30.627 31303 31303 W System.err: at android.os.Handler.dispatchMessage(Handler.java:106)
01-19 16:51:30.627 31303 31303 W System.err: at android.os.Looper.loopOnce(Looper.java:226)
01-19 16:51:30.627 31303 31303 W System.err: at android.os.Looper.loop(Looper.java:313)
01-19 16:51:30.627 31303 31303 W System.err: at android.app.ActivityThread.main(ActivityThread.java:8669)
01-19 16:51:30.627 31303 31303 W System.err: at java.lang.reflect.Method.invoke(Native Method)
01-19 16:51:30.627 31303 31303 W System.err: at com.android.internal.os.RuntimeInit$MethodAndArgsCaller.run(RuntimeInit.java:571)
01-19 16:51:30.628 31303 31303 W System.err: at com.android.internal.os.ZygoteInit.main(ZygoteInit.java:1135)
01-19 16:51:30.716 31303 31303 E CustomActivityOnCrash: IMPORTANT WARNING! You already have an UncaughtExceptionHandler, are you sure this is correct? If you use a custom UncaughtExceptionHandler, you must initialize it AFTER CustomActivityOnCrash! Installing anyway, but your original handler will not be called.
01-19 16:51:31.139 31303 31303 W com.mbwhatsapp: Accessing hidden method Lcom/android/org/conscrypt/OpenSSLSocketImpl;->setUseSessionTickets(Z)V (max- target-q,core-platform-api, reflection, denied)
01-19 16:51:31.139 31303 31303 W com.mbwhatsapp: Accessing hidden method Lcom/android/org/conscrypt/AbstractConscryptSocket;->setUseSessionTickets(Z)V (max- target-q, reflection, denied)
01-19 16:51:31.417 31303 31356 W com.mbwhatsapp: Method void X.2rL.A03(java.lang.Integer) failed lock verification and will run slower.
01-19 16:51:31.417 31303 31356 W com.mbwhatsapp: Common causes for lock verification issues are non-optimized dex code
01-19 16:51:31.417 31303 31356 W com.mbwhatsapp: and incorrect proguard optimizations.
01-19 16:51:31.421 31303 31303 W com.mbwhatsapp: Method void X.0eU.A0h(X.0tK, boolean) failed lock verification and will run slower.
01-19 16:51:32.447 31303 31383 W Gralloc3: mapper 3.x is not supported
01-19 16:51:32.452 31303 31383 W Gralloc4: allocator 4.x is not supported
01-19 16:51:32.453 31303 31383 W Gralloc3: allocator 3.x is not supported
01-19 16:51:32.599 31303 31349 E PlayCore: UID: [10002] PID: [31303] StandardIntegrity : Phonesky is not installed.
01-19 16:51:33.455 31303 31311 W com.mbwhatsapp: Cleared Reference was only reachable from finalizer (only reported once)
01-19 16:51:35.678 31303 31303 W IInputConnectionWrapper: requestCursorAnchorInfo on inactive InputConnection
01-19 16:51:39.483 31303 31303 W com.mbwhatsapp: Method void com.mbwhatsapp.HomeActivity.A6e() failed lock verification and will run slower.
01-19 16:51:40.145 31303 31303 E ArmVmp : Match on catch block at 0x0a in for 0xf63f902d
01-19 16:51:40.193 31303 31303 E ArmVmp : Match on catch block at 0x0a in for 0xf63f9049
01-19 16:51:40.246 31303 31514 W com.mbwhatsapp: Accessing hidden method Lcom/android/org/conscrypt/ConscryptEngineSocket;->setUseSessionTickets(Z)V (max- target-q,core-platform-api, reflection, denied)
01-19 16:51:40.246 31303 31514 W com.mbwhatsapp: Accessing hidden method Lcom/android/org/conscrypt/OpenSSLSocketImpl;->setUseSessionTickets(Z)V (max- target-q,core-platform-api, reflection, denied)
01-19 16:51:40.246 31303 31514 W com.mbwhatsapp: Accessing hidden method Lcom/android/org/conscrypt/AbstractConscryptSocket;->setUseSessionTickets(Z)V (max- target-q, reflection, denied)
01-19 16:51:40.246 31303 31514 W com.mbwhatsapp: Accessing hidden method Lcom/android/org/conscrypt/ConscryptEngineSocket;->setHostname(Ljava/lang/String;)V (max-target-q,core-platform-api, reflection, denied)
01-19 16:51:40.246 31303 31514 W com.mbwhatsapp: Accessing hidden method Lcom/android/org/conscrypt/OpenSSLSocketImpl;->setHostname(Ljava/lang/String;)V (max-target-q,core-platform-api, reflection, denied)
01-19 16:51:40.246 31303 31514 W com.mbwhatsapp: Accessing hidden method Lcom/android/org/conscrypt/AbstractConscryptSocket;->setHostname(Ljava/lang/ String;)V (max-target-q, reflection, denied)
01-19 16:51:40.246 31303 31514 W com.mbwhatsapp: Accessing hidden method Lcom/android/org/conscrypt/OpenSSLSocketImpl;->setAlpnProtocols([B)V (max-target- q,core-platform-api, reflection, denied)
01-19 16:51:40.246 31303 31514 W com.mbwhatsapp: Accessing hidden method Lcom/android/org/conscrypt/AbstractConscryptSocket;->setAlpnProtocols([B)V (max- target-q, reflection, denied)
01-19 16:51:40.286 31303 31514 W com.mbwhatsapp: Accessing hidden method Lcom/android/org/conscrypt/OpenSSLSocketImpl;->getAlpnSelectedProtocol()[B (max- target-q,core-platform-api, reflection, denied)
01-19 16:51:40.286 31303 31514 W com.mbwhatsapp: Accessing hidden method Lcom/android/org/conscrypt/AbstractConscryptSocket;->getAlpnSelectedProtocol()[B (max-target-q, reflection, denied)
01-19 16:51:40.523 31303 31398 W SQLiteLog: (28) double-quoted string literal: "20"
01-19 16:51:40.523 31303 31398 W SQLiteLog: (28) double-quoted string literal: "40"
01-19 16:51:40.860 31303 31303 E RecyclerView: No adapter attached; skipping layout
01-19 16:51:40.920 31303 31303 E ArmVmp : Match on catch block at 0x0a in for 0xf63f9031
01-19 16:51:41.144 31303 31532 W LOTTIE : Animation contains merge paths. Merge paths are only supported on KitKat+ and must be manually enabled by calling enableMergePathsForKitKatAndAbove().
01-19 16:51:41.199 31303 31303 W View : requestLayout() improperly called by androidx.appcompat.view.menu.ActionMenuItemView{a484b7c VFED..C.. ......ID 194,0- 290,0 #7f0b0f8a app:id/menuitem_search} during layout: running second layout pass
01-19 16:51:41.199 31303 31303 W View : requestLayout() improperly called by androidx.appcompat.widget.ActionMenuView{5b01c05 V.E...... ......ID 280,250- 754,250} during layout: running second layout pass
01-19 16:51:41.287 31303 31303 W LOTTIE : Animation contains merge paths but they are disabled.
01-19 16:51:41.399 31303 31303 W View : requestLayout() improperly called by DecorView@d19a82a[HomeActivity] during second layout pass: posting in next frame
01-19 16:51:57.795 31303 31303 W InputEventReceiver: Attempted to finish an input event but the input event receiver has already been disposed. --------- beginning of main
01-19 16:52:11.526 31635 31635 E com.mbwhatsapp: Not starting debugger since process cannot load the jdwp agent.
01-19 16:52:11.528 31635 31635 E USNET : USNET: appName: com.mbwhatsapp
01-19 16:52:11.639 31635 31635 W System.err: java.lang.ClassNotFoundException: mbmodsd.mbmodsw.ui.views.btn.BtnBK
01-19 16:52:11.640 31635 31635 W System.err: at java.lang.Runtime.nativeLoad(Native Method)
01-19 16:52:11.640 31635 31635 W System.err: at java.lang.Runtime.nativeLoad(Runtime.java:1126)
01-19 16:52:11.640 31635 31635 W System.err: at java.lang.Runtime.loadLibrary0(Runtime.java:1080)
01-19 16:52:11.640 31635 31635 W System.err: at java.lang.Runtime.loadLibrary0(Runtime.java:1003)
01-19 16:52:11.640 31635 31635 W System.err: at java.lang.System.loadLibrary(System.java:1661)
01-19 16:52:11.640 31635 31635 W System.err: at arm.EpicVm.<clinit>(Unknown Source:2)
01-19 16:52:11.640 31635 31635 W System.err: at java.lang.Class.newInstance(Native Method)
01-19 16:52:11.640 31635 31635 W System.err: at android.app.AppComponentFactory.instantiateApplication(AppComponentFactory.java:76)
01-19 16:52:11.640 31635 31635 W System.err: at androidx.core.app.CoreComponentFactory.instantiateApplication(Unknown Source:0)
01-19 16:52:11.640 31635 31635 W System.err: at android.app.Instrumentation.newApplication(Instrumentation.java:1177)
01-19 16:52:11.640 31635 31635 W System.err: at android.app.LoadedApk.makeApplication(LoadedApk.java:1457)
01-19 16:52:11.640 31635 31635 W System.err: at android.app.ActivityThread.handleBindApplication(ActivityThread.java:7458)
01-19 16:52:11.640 31635 31635 W System.err: at android.app.ActivityThread.access$1600(ActivityThread.java:310)
01-19 16:52:11.640 31635 31635 W System.err: at android.app.ActivityThread$H.handleMessage(ActivityThread.java:2281)
01-19 16:52:11.640 31635 31635 W System.err: at android.os.Handler.dispatchMessage(Handler.java:106)
01-19 16:52:11.640 31635 31635 W System.err: at android.os.Looper.loopOnce(Looper.java:226)
01-19 16:52:11.640 31635 31635 W System.err: at android.os.Looper.loop(Looper.java:313)
01-19 16:52:11.640 31635 31635 W System.err: at android.app.ActivityThread.main(ActivityThread.java:8669)
01-19 16:52:11.640 31635 31635 W System.err: at java.lang.reflect.Method.invoke(Native Method)
01-19 16:52:11.640 31635 31635 W System.err: at com.android.internal.os.RuntimeInit$MethodAndArgsCaller.run(RuntimeInit.java:571)
01-19 16:52:11.640 31635 31635 W System.err: at com.android.internal.os.ZygoteInit.main(ZygoteInit.java:1135)
01-19 16:52:11.713 31635 31635 E CustomActivityOnCrash: IMPORTANT WARNING! You already have an UncaughtExceptionHandler, are you sure this is correct? If you use a custom UncaughtExceptionHandler, you must initialize it AFTER CustomActivityOnCrash! Installing anyway, but your original handler will not be called.
01-19 16:52:11.801 31635 31656 W LibraryVersion: Failed to get app version for libraryName: firebase-iid
01-19 16:52:11.980 31635 31635 W com.mbwhatsapp: Accessing hidden method Lcom/android/org/conscrypt/OpenSSLSocketImpl;->setUseSessionTickets(Z)V (max- target-q,core-platform-api, reflection, denied)
01-19 16:52:11.980 31635 31635 W com.mbwhatsapp: Accessing hidden method Lcom/android/org/conscrypt/AbstractConscryptSocket;->setUseSessionTickets(Z)V (max- target-q, reflection, denied)
01-19 16:52:12.223 31635 31694 W com.mbwhatsapp: Method void X.2rL.A03(java.lang.Integer) failed lock verification and will run slower.
01-19 16:52:12.223 31635 31694 W com.mbwhatsapp: Common causes for lock verification issues are non-optimized dex code
01-19 16:52:12.223 31635 31694 W com.mbwhatsapp: and incorrect proguard optimizations.
01-19 18:00:05.626 31635 31736 E WM-WorkerWrapper: Work [ id=bdee70d0-9b99-4ec0- bfb0-5c0c362978e9, tags={ com.mbwhatsapp.privacy.protocol.xmpp.DisclosureGetStageByIdsWorker, tag.whatsapp.privacy.GetDisclosureStageByIds } ] failed because it threw an exception/error
01-19 18:00:05.626 31635 31736 E WM-WorkerWrapper: java.util.concurrent.ExecutionException: X.0pD: The completer object was garbage collected - this future would otherwise never complete. The tag was: Failure {mOutputData=Data {}}
01-19 18:00:05.626 31635 31736 E WM-WorkerWrapper: at X.0i9.A02(Unknown Source:20)
01-19 18:00:05.626 31635 31736 E WM-WorkerWrapper: at X.0i9.get(Unknown Source:47)
01-19 18:00:05.626 31635 31736 E WM-WorkerWrapper: at X.0lz.run(Unknown Source:4)
01-19 18:00:05.626 31635 31736 E WM-WorkerWrapper: at X.0m4.run(Unknown Source:2)
01-19 18:00:05.626 31635 31736 E WM-WorkerWrapper: at java.util.concurrent.ThreadPoolExecutor.runWorker(ThreadPoolExecutor.java:1145)
01-19 18:00:05.626 31635 31736 E WM-WorkerWrapper: at java.util.concurrent.ThreadPoolExecutor$Worker.run(ThreadPoolExecutor.java:644)
01-19 18:00:05.626 31635 31736 E WM-WorkerWrapper: at java.lang.Thread.run(Thread.java:1012)
01-19 18:00:05.626 31635 31736 E WM-WorkerWrapper: Caused by: X.0pD: The completer object was garbage collected - this future would otherwise never complete. The tag was: Failure {mOutputData=Data {}}
01-19 18:36:54.554 31635 31691 E SQLiteDatabase: Error inserting transferred=1 media_job_uuid=569fc63f-5218-4732-a7fb-bf09c8ae83d2 transcoded=0 gif_attribution=0 first_scan_length=0 direct_path=/v/t62.7161- 24/55968682_1095997431442311_2220969112775335084_n.enc?ccb=11- 4&oh=01_AdQPUONSEfXReLSQgm7nIuowo6JO5DJHxr6L7OFti37fnQ&oe=65D257B9&_nc_sid=5e03e0 thumbnail_height_width_ratio=1.8 is_animated_sticker=0 file_hash=7IzMuYBgREYzvCGHc1PXcV2J6DROkL65o+ngnCTeDpI= file_path=Media/MBWhatsApp Video/VID-20240119-WA0000.mp4 file_size=2248364 partial_media_hash=null face_x=0 face_y=0 height=864 trim_to=0 media_key_timestamp=1705700208000 message_url=https://mmg.whatsapp.net/v/t62.7161- 24/55968682_1095997431442311_2220969112775335084_n.enc?ccb=11- 4&oh=01_AdQPUONSEfXReLSQgm7nIuowo6JO5DJHxr6L7OFti37fnQ&oe=65D257B9&_nc_sid=5e03e0&m ms3=true media_caption=null trim_from=0 mime_type=video/mp4 partial_media_enc_hash=null width=480 original_file_hash=null has_streaming_sidecar=1 autotransfer_retry_enabled=1 media_upload_handle=null message_row_id=55 multicast_id=null enc_file_hash=p8hMTw7Gsj0wM6lwNvmhKKjJI9Ptbs+SdlIzRIEsVds= mute_video=0 page_count=0 first_scan_sidecar=null suspicious_content=0 file_length=2248364 media_name=null media_duration=12 chat_row_id=1 media_key=[B@6e2e6e7
01-19 18:36:54.554 31635 31691 E SQLiteDatabase: android.database.sqlite.SQLiteConstraintException: UNIQUE constraint failed: message_media.message_row_id (code 1555 SQLITE_CONSTRAINT_PRIMARYKEY[1555])
01-19 18:36:54.554 31635 31691 E SQLiteDatabase: at android.database.sqlite.SQLiteConnection.nativeExecuteForLastInsertedRowId(Native Method)
01-19 18:36:54.554 31635 31691 E SQLiteDatabase: at android.database.sqlite.SQLiteConnection.executeForLastInsertedRowId(SQLiteConnecti on.java:1232)
01-19 18:36:54.554 31635 31691 E SQLiteDatabase: at android.database.sqlite.SQLiteSession.executeForLastInsertedRowId(SQLiteSession.jav a:790)
01-19 18:36:54.554 31635 31691 E SQLiteDatabase: at android.database.sqlite.SQLiteStatement.executeInsert(SQLiteStatement.java:89)
01-19 18:36:54.554 31635 31691 E SQLiteDatabase: at android.database.sqlite.SQLiteDatabase.insertWithOnConflict(SQLiteDatabase.java:224 4)
01-19 18:36:54.554 31635 31691 E SQLiteDatabase: at android.database.sqlite.SQLiteDatabase.insert(SQLiteDatabase.java:2113)
01-19 18:36:54.554 31635 31691 E SQLiteDatabase: at X.2tm.A08(Unknown Source:6)
01-19 18:36:54.554 31635 31691 E SQLiteDatabase: at X.35Y.A07(Unknown Source:212)
01-19 18:36:54.554 31635 31691 E SQLiteDatabase: at X.3QF.A14(Unknown Source:470)
01-19 18:36:54.554 31635 31691 E SQLiteDatabase: at X.3gU.run(Unknown Source:982)
01-19 18:36:54.554 31635 31691 E SQLiteDatabase: at android.os.Handler.handleCallback(Handler.java:938)
01-19 18:36:54.554 31635 31691 E SQLiteDatabase: at android.os.Handler.dispatchMessage(Handler.java:99)
01-19 18:36:54.554 31635 31691 E SQLiteDatabase: at X.0zq.dispatchMessage(Unknown Source:4)
01-19 18:36:54.554 31635 31691 E SQLiteDatabase: at android.os.Looper.loopOnce(Looper.java:226)
01-19 18:36:54.554 31635 31691 E SQLiteDatabase: at android.os.Looper.loop(Looper.java:313)
01-19 18:36:54.554 31635 31691 E SQLiteDatabase: at android.os.HandlerThread.run(HandlerThread.java:67)
01-19 18:36:54.783 31635 31691 E SQLiteDatabase: Error inserting transferred=1 media_job_uuid=b62f0c7b-8237-43c7-bc01-bc469921d382 transcoded=0 gif_attribution=0 first_scan_length=0 direct_path=/v/t62.15575- 24/18890098_2629786520502237_8633195355549209798_n.enc?ccb=11- 4&oh=01_AdQdcpuNB2oXFaUuwEsaxvjveNZJ9rTAadD4I8tduLa5NA&oe=65D24722&_nc_sid=5e03e0 thumbnail_height_width_ratio=1.0 is_animated_sticker=0 file_hash=XIHM8LIdxSlibnPwqHEVsXO9EoPeCqkYaO8vBQ8KRmk= file_path=Media/MBWhatsApp Stickers/STK-20240119-WA0001.webp file_size=50562 partial_media_hash=null face_x=0 face_y=0 height=64 trim_to=0 media_key_timestamp=1705675938000 message_url=https://mmg.whatsapp.net/v/t62.15575- 24/18890098_2629786520502237_8633195355549209798_n.enc?ccb=11- 4&oh=01_AdQdcpuNB2oXFaUuwEsaxvjveNZJ9rTAadD4I8tduLa5NA&oe=65D24722&_nc_sid=5e03e0&m ms3=true media_caption=null trim_from=0 mime_type=image/webp partial_media_enc_hash=null width=64 original_file_hash=null has_streaming_sidecar=0 autotransfer_retry_enabled=1 media_upload_handle=null message_row_id=56 multicast_id=null enc_file_hash=9Xn9z6cPE/pVbCTMlq3hLur3996ceRworCre77KnBmM= mute_video=0 page_count=0 first_scan_sidecar=null suspicious_content=0 file_length=50562 media_name=null media_duration=0 chat_row_id=1 media_key=[B@9c026e2
01-19 18:36:54.783 31635 31691 E SQLiteDatabase: android.database.sqlite.SQLiteConstraintException: UNIQUE constraint failed: message_media.message_row_id (code 1555 SQLITE_CONSTRAINT_PRIMARYKEY[1555])
01-19 18:36:54.783 31635 31691 E SQLiteDatabase: at android.database.sqlite.SQLiteConnection.nativeExecuteForLastInsertedRowId(Native Method)
01-19 18:36:54.783 31635 31691 E SQLiteDatabase: at android.database.sqlite.SQLiteConnection.executeForLastInsertedRowId(SQLiteConnecti on.java:1232)
01-19 18:36:54.783 31635 31691 E SQLiteDatabase: at android.database.sqlite.SQLiteSession.executeForLastInsertedRowId(SQLiteSession.jav a:790)
01-19 18:36:54.783 31635 31691 E SQLiteDatabase: at android.database.sqlite.SQLiteStatement.executeInsert(SQLiteStatement.java:89)
01-19 18:36:54.783 31635 31691 E SQLiteDatabase: at android.database.sqlite.SQLiteDatabase.insertWithOnConflict(SQLiteDatabase.java:224 4)
01-19 18:36:54.783 31635 31691 E SQLiteDatabase: at android.database.sqlite.SQLiteDatabase.insert(SQLiteDatabase.java:2113)
01-19 18:36:54.783 31635 31691 E SQLiteDatabase: at X.2tm.A08(Unknown Source:6)
01-19 18:36:54.783 31635 31691 E SQLiteDatabase: at X.35Y.A07(Unknown Source:212)
01-19 18:36:54.783 31635 31691 E SQLiteDatabase: at X.3QF.A14(Unknown Source:470)
01-19 18:36:54.783 31635 31691 E SQLiteDatabase: at X.3gU.run(Unknown Source:982)
01-19 18:36:54.783 31635 31691 E SQLiteDatabase: at android.os.Handler.handleCallback(Handler.java:938)
01-19 18:36:54.783 31635 31691 E SQLiteDatabase: at android.os.Handler.dispatchMessage(Handler.java:99)
01-19 18:36:54.783 31635 31691 E SQLiteDatabase: at X.0zq.dispatchMessage(Unknown Source:4)
01-19 18:36:54.783 31635 31691 E SQLiteDatabase: at android.os.Looper.loopOnce(Looper.java:226)
01-19 18:36:54.783 31635 31691 E SQLiteDatabase: at android.os.Looper.loop(Looper.java:313)
01-19 18:36:54.783 31635 31691 E SQLiteDatabase: at android.os.HandlerThread.run(HandlerThread.java:67)
01-19 19:38:32.765 31635 31691 E SQLiteDatabase: Error inserting transferred=1 media_job_uuid=5b83346d-7756-40b6-bb16-0a6ed357a8fe transcoded=0 gif_attribution=0 first_scan_length=0 direct_path=/v/t62.7117- 24/55789459_967845381531224_2271461490684137434_n.enc?ccb=11- 4&oh=01_AdQzSkkS_4Ku5imHoERQFfHenELCVcBq42kZgIrEwyss9A&oe=65D26742&_nc_sid=5e03e0 thumbnail_height_width_ratio=0.0 is_animated_sticker=0 file_hash=SyVG6qCoqCX8xNEYdz6SyXb3M6g48Un7pe5It/xMB4w= file_path=Media/MBWhatsApp Voice Notes/202403/PTT-20240119-WA0002.opus file_size=70804 partial_media_hash=null face_x=0 face_y=0 height=0 trim_to=0 media_key_timestamp=1705703871000 message_url=https://mmg.whatsapp.net/v/t62.7117- 24/55789459_967845381531224_2271461490684137434_n.enc?ccb=11- 4&oh=01_AdQzSkkS_4Ku5imHoERQFfHenELCVcBq42kZgIrEwyss9A&oe=65D26742&_nc_sid=5e03e0&m ms3=true media_caption=null trim_from=0 mime_type=audio/ogg; codecs=opus partial_media_enc_hash=null width=0 original_file_hash=null has_streaming_sidecar=0 autotransfer_retry_enabled=1 media_upload_handle=null message_row_id=58 multicast_id=null enc_file_hash=46M8GjTdx5n/xh8ToCFdAnc/LYBjax9KyfIPxQQA0OQ= mute_video=0 page_count=0 first_scan_sidecar=null suspicious_content=0 file_length=70804 media_name=null media_duration=30 chat_row_id=1 media_key=[B@a03b593
01-19 19:38:32.765 31635 31691 E SQLiteDatabase: android.database.sqlite.SQLiteConstraintException: UNIQUE constraint failed: message_media.message_row_id (code 1555 SQLITE_CONSTRAINT_PRIMARYKEY[1555])
01-19 19:38:32.765 31635 31691 E SQLiteDatabase: at android.database.sqlite.SQLiteConnection.nativeExecuteForLastInsertedRowId(Native Method)
01-19 19:38:32.765 31635 31691 E SQLiteDatabase: at android.database.sqlite.SQLiteConnection.executeForLastInsertedRowId(SQLiteConnecti on.java:1232)
01-19 19:38:32.765 31635 31691 E SQLiteDatabase: at android.database.sqlite.SQLiteSession.executeForLastInsertedRowId(SQLiteSession.jav a:790)
01-19 19:38:32.765 31635 31691 E SQLiteDatabase: at android.database.sqlite.SQLiteStatement.executeInsert(SQLiteStatement.java:89)
01-19 19:38:32.765 31635 31691 E SQLiteDatabase: at android.database.sqlite.SQLiteDatabase.insertWithOnConflict(SQLiteDatabase.java:224 4)
01-19 19:38:32.765 31635 31691 E SQLiteDatabase: at android.database.sqlite.SQLiteDatabase.insert(SQLiteDatabase.java:2113)
01-19 19:38:32.765 31635 31691 E SQLiteDatabase: at X.2tm.A08(Unknown Source:6)
01-19 19:38:32.765 31635 31691 E SQLiteDatabase: at X.35Y.A07(Unknown Source:212)
01-19 19:38:32.765 31635 31691 E SQLiteDatabase: at X.3QF.A14(Unknown Source:470)
01-19 19:38:32.765 31635 31691 E SQLiteDatabase: at X.3gU.run(Unknown Source:982)
01-19 19:38:32.765 31635 31691 E SQLiteDatabase: at android.os.Handler.handleCallback(Handler.java:938)
01-19 19:38:32.765 31635 31691 E SQLiteDatabase: at android.os.Handler.dispatchMessage(Handler.java:99)
01-19 19:38:32.765 31635 31691 E SQLiteDatabase: at X.0zq.dispatchMessage(Unknown Source:4)
01-19 19:38:32.765 31635 31691 E SQLiteDatabase: at android.os.Looper.loopOnce(Looper.java:226)
01-19 19:38:32.765 31635 31691 E SQLiteDatabase: at android.os.Looper.loop(Looper.java:313)
01-19 19:38:32.765 31635 31691 E SQLiteDatabase: at android.os.HandlerThread.run(HandlerThread.java:67)
01-19 19:38:37.296 31635 31691 E SQLiteDatabase: Error inserting transferred=1 media_job_uuid=abf8cc9d-1497-430e-a8a0-33e4988e05bf transcoded=0 gif_attribution=0 first_scan_length=7447 direct_path=/v/t62.7118- 24/40115587_7439431982748370_6356070023029677527_n.enc?ccb=11- 4&oh=01_AdRajzFgISg2B8BAoBsoM1buRE4GIYr0yEPgKr4tiyYtnA&oe=65D24C02&_nc_sid=5e03e0&_ nc_hot=1705703915 thumbnail_height_width_ratio=0.5645161 is_animated_sticker=0 file_hash=QKVQQ1ugl8dTdtWkrvSYmVPnjpY7PZzWVvr6lvRqWq8= file_path=Media/MBWhatsApp Images/IMG-20240119-WA0003.jpg file_size=54541 partial_media_hash=isAGgaVOiPuUmy4lTRsT7maotE7/FqVDHybi6/tfrPE= face_x=0 face_y=0 height=900 trim_to=0 media_key_timestamp=1705698387000 message_url=https://mmg.whatsapp.net/v/t62.7118- 24/40115587_7439431982748370_6356070023029677527_n.enc?ccb=11- 4&oh=01_AdRajzFgISg2B8BAoBsoM1buRE4GIYr0yEPgKr4tiyYtnA&oe=65D24C02&_nc_sid=5e03e0&m ms3=true media_caption=null trim_from=0 mime_type=image/jpeg partial_media_enc_hash=null width=1600 original_file_hash=null has_streaming_sidecar=1 autotransfer_retry_enabled=1 media_upload_handle=null message_row_id=59 multicast_id=null enc_file_hash=nGsZ6cB/PLwcfMGUqdY/b23xpahJ6SNTucrmTBLtg+I= mute_video=0 page_count=0 first_scan_sidecar=[B@a7ae078 suspicious_content=0 file_length=54541 media_name=null media_duration=0 chat_row_id=1 media_key=[B@b865351
01-19 19:38:37.296 31635 31691 E SQLiteDatabase: android.database.sqlite.SQLiteConstraintException: UNIQUE constraint failed: message_media.message_row_id (code 1555 SQLITE_CONSTRAINT_PRIMARYKEY[1555])
01-19 19:38:37.296 31635 31691 E SQLiteDatabase: at android.database.sqlite.SQLiteConnection.nativeExecuteForLastInsertedRowId(Native Method)
01-19 19:38:37.296 31635 31691 E SQLiteDatabase: at android.database.sqlite.SQLiteConnection.executeForLastInsertedRowId(SQLiteConnecti on.java:1232)
01-19 19:38:37.296 31635 31691 E SQLiteDatabase: at android.database.sqlite.SQLiteSession.executeForLastInsertedRowId(SQLiteSession.jav a:790)
01-19 19:38:37.296 31635 31691 E SQLiteDatabase: at android.database.sqlite.SQLiteStatement.executeInsert(SQLiteStatement.java:89)
01-19 19:38:37.296 31635 31691 E SQLiteDatabase: at android.database.sqlite.SQLiteDatabase.insertWithOnConflict(SQLiteDatabase.java:224 4)
01-19 19:38:37.296 31635 31691 E SQLiteDatabase: at android.database.sqlite.SQLiteDatabase.insert(SQLiteDatabase.java:2113)
01-19 19:38:37.296 31635 31691 E SQLiteDatabase: at X.2tm.A08(Unknown Source:6)
01-19 19:38:37.296 31635 31691 E SQLiteDatabase: at X.35Y.A07(Unknown Source:212)
01-19 19:38:37.296 31635 31691 E SQLiteDatabase: at X.3QF.A14(Unknown Source:470)
01-19 19:38:37.296 31635 31691 E SQLiteDatabase: at X.3gU.run(Unknown Source:982)
01-19 19:38:37.296 31635 31691 E SQLiteDatabase: at android.os.Handler.handleCallback(Handler.java:938)
01-19 19:38:37.296 31635 31691 E SQLiteDatabase: at android.os.Handler.dispatchMessage(Handler.java:99)
01-19 19:38:37.296 31635 31691 E SQLiteDatabase: at X.0zq.dispatchMessage(Unknown Source:4)
01-19 19:38:37.296 31635 31691 E SQLiteDatabase: at android.os.Looper.loopOnce(Looper.java:226)
01-19 19:38:37.296 31635 31691 E SQLiteDatabase: at android.os.Looper.loop(Looper.java:313)
01-19 19:38:37.296 31635 31691 E SQLiteDatabase: at android.os.HandlerThread.run(HandlerThread.java:67)
01-19 19:38:53.670 31635 31691 E SQLiteDatabase: Error inserting transferred=1 media_job_uuid=73901526-837f-414c-a431-302ad93bace4 transcoded=0 gif_attribution=0 first_scan_length=11975 direct_path=/o1/v/t62.7118-24/f1/m269/up-oil-image- d22118dc-aa4e-41b3-b7d2-35e93c7a5fd6?ccb=9-4&oh=01_AdQVxDhjBzrrp-OE- NdLV5WQ2YtjzSThIOsvRjMLvACREw&oe=65D25776&_nc_sid=000000 thumbnail_height_width_ratio=1.8181819 is_animated_sticker=0 file_hash=3MT0bIqp38KHiPNkfueRqUJTEXKrvL52uDmQuXwTOYE= file_path=Media/MBWhatsApp Images/IMG-20240119-WA0004.jpg file_size=67744 partial_media_hash=c1vIBQK7gN3jBwdAqEne+2HrrLsyomXCBAWqrnKGZfA= face_x=0 face_y=0 height=1599 trim_to=0 media_key_timestamp=1705703931000 message_url=https://mmg.whatsapp.net/o1/v/t62.7118-24/f1/m269/up-oil-image- d22118dc-aa4e-41b3-b7d2-35e93c7a5fd6?ccb=9-4&oh=01_AdQVxDhjBzrrp-OE- NdLV5WQ2YtjzSThIOsvRjMLvACREw&oe=65D25776&_nc_sid=000000&mms3=true media_caption=null trim_from=0 mime_type=image/jpeg partial_media_enc_hash=null width=899 original_file_hash=null has_streaming_sidecar=1 autotransfer_retry_enabled=1 media_upload_handle=null message_row_id=60 multicast_id=null enc_file_hash=JplemRZHuJctulQbysGPC2UqqkTk4r2OvW5oxCHzAys= mute_video=0 page_count=0 first_scan_sidecar=[B@accec68 suspicious_content=0 file_length=67744 media_name=null media_duration=0 chat_row_id=1 media_key=[B@9b88881
01-19 19:38:53.670 31635 31691 E SQLiteDatabase: android.database.sqlite.SQLiteConstraintException: UNIQUE constraint failed: message_media.message_row_id (code 1555 SQLITE_CONSTRAINT_PRIMARYKEY[1555])
01-19 19:38:53.670 31635 31691 E SQLiteDatabase: at android.database.sqlite.SQLiteConnection.nativeExecuteForLastInsertedRowId(Native Method)
01-19 19:38:53.670 31635 31691 E SQLiteDatabase: at android.database.sqlite.SQLiteConnection.executeForLastInsertedRowId(SQLiteConnecti on.java:1232)
01-19 19:38:53.670 31635 31691 E SQLiteDatabase: at android.database.sqlite.SQLiteSession.executeForLastInsertedRowId(SQLiteSession.jav a:790)
01-19 19:38:53.670 31635 31691 E SQLiteDatabase: at android.database.sqlite.SQLiteStatement.executeInsert(SQLiteStatement.java:89)
01-19 19:38:53.670 31635 31691 E SQLiteDatabase: at android.database.sqlite.SQLiteDatabase.insertWithOnConflict(SQLiteDatabase.java:224 4)
01-19 19:38:53.670 31635 31691 E SQLiteDatabase: at android.database.sqlite.SQLiteDatabase.insert(SQLiteDatabase.java:2113)
01-19 19:38:53.670 31635 31691 E SQLiteDatabase: at X.2tm.A08(Unknown Source:6)
01-19 19:38:53.670 31635 31691 E SQLiteDatabase: at X.35Y.A07(Unknown Source:212)
01-19 19:38:53.670 31635 31691 E SQLiteDatabase: at X.3QF.A14(Unknown Source:470)
01-19 19:38:53.670 31635 31691 E SQLiteDatabase: at X.3gU.run(Unknown Source:982)
01-19 19:38:53.670 31635 31691 E SQLiteDatabase: at android.os.Handler.handleCallback(Handler.java:938)
01-19 19:38:53.670 31635 31691 E SQLiteDatabase: at android.os.Handler.dispatchMessage(Handler.java:99)
01-19 19:38:53.670 31635 31691 E SQLiteDatabase: at X.0zq.dispatchMessage(Unknown Source:4)
01-19 19:38:53.670 31635 31691 E SQLiteDatabase: at android.os.Looper.loopOnce(Looper.java:226)
01-19 19:38:53.670 31635 31691 E SQLiteDatabase: at android.os.Looper.loop(Looper.java:313)
01-19 19:38:53.670 31635 31691 E SQLiteDatabase: at android.os.HandlerThread.run(HandlerThread.java:67)
01-19 19:40:32.273 31635 31691 E SQLiteDatabase: Error inserting transferred=1 media_job_uuid=58ad5af9-414e-42e3-ad70-b97eb0041224 transcoded=0 gif_attribution=0 first_scan_length=0 direct_path=/v/t62.15575- 24/30623560_912857006717798_5283497257350683532_n.enc?ccb=11- 4&oh=01_AdS5dXkmqc64zltl49iAIzX0kSYBqIdmBnlPA8dI8VNPVA&oe=65D25227&_nc_sid=5e03e0 thumbnail_height_width_ratio=1.0 is_animated_sticker=0 file_hash=HH/5LPKtVf9SfeGGRemy5z/l+Mhtrxj8hEQpHcKExLU= file_path=Media/MBWhatsApp Stickers/STK-20240119-WA0005.webp file_size=81522 partial_media_hash=null face_x=0 face_y=0 height=64 trim_to=0 media_key_timestamp=1705704025000 message_url=https://mmg.whatsapp.net/v/t62.15575- 24/30623560_912857006717798_5283497257350683532_n.enc?ccb=11- 4&oh=01_AdS5dXkmqc64zltl49iAIzX0kSYBqIdmBnlPA8dI8VNPVA&oe=65D25227&_nc_sid=5e03e0&m ms3=true media_caption=null trim_from=0 mime_type=image/webp partial_media_enc_hash=null width=64 original_file_hash=null has_streaming_sidecar=0 autotransfer_retry_enabled=1 media_upload_handle=null message_row_id=62 multicast_id=null enc_file_hash=dVBNvVYH6XkRmxl9H6hBK8Fe1wGWcpCUveRnDA9wF50= mute_video=0 page_count=0 first_scan_sidecar=null suspicious_content=0 file_length=81522 media_name=null media_duration=0 chat_row_id=1 media_key=[B@1721493
01-19 19:40:32.273 31635 31691 E SQLiteDatabase: android.database.sqlite.SQLiteConstraintException: UNIQUE constraint failed: message_media.message_row_id (code 1555 SQLITE_CONSTRAINT_PRIMARYKEY[1555])
01-19 19:40:32.273 31635 31691 E SQLiteDatabase: at android.database.sqlite.SQLiteConnection.nativeExecuteForLastInsertedRowId(Native Method)
01-19 19:40:32.273 31635 31691 E SQLiteDatabase: at android.database.sqlite.SQLiteConnection.executeForLastInsertedRowId(SQLiteConnecti on.java:1232)
01-19 19:40:32.273 31635 31691 E SQLiteDatabase: at android.database.sqlite.SQLiteSession.executeForLastInsertedRowId(SQLiteSession.jav a:790)
01-19 19:40:32.273 31635 31691 E SQLiteDatabase: at android.database.sqlite.SQLiteStatement.executeInsert(SQLiteStatement.java:89)
01-19 19:40:32.273 31635 31691 E SQLiteDatabase: at android.database.sqlite.SQLiteDatabase.insertWithOnConflict(SQLiteDatabase.java:224 4)
01-19 19:40:32.273 31635 31691 E SQLiteDatabase: at android.database.sqlite.SQLiteDatabase.insert(SQLiteDatabase.java:2113)
01-19 19:40:32.273 31635 31691 E SQLiteDatabase: at X.2tm.A08(Unknown Source:6)
01-19 19:40:32.273 31635 31691 E SQLiteDatabase: at X.35Y.A07(Unknown Source:212)
01-19 19:40:32.273 31635 31691 E SQLiteDatabase: at X.3QF.A14(Unknown Source:470)
01-19 19:40:32.273 31635 31691 E SQLiteDatabase: at X.3gU.run(Unknown Source:982)
01-19 19:40:32.273 31635 31691 E SQLiteDatabase: at android.os.Handler.handleCallback(Handler.java:938)
01-19 19:40:32.273 31635 31691 E SQLiteDatabase: at android.os.Handler.dispatchMessage(Handler.java:99)
01-19 19:40:32.273 31635 31691 E SQLiteDatabase: at X.0zq.dispatchMessage(Unknown Source:4)
01-19 19:40:32.273 31635 31691 E SQLiteDatabase: at android.os.Looper.loopOnce(Looper.java:226)
01-19 19:40:32.273 31635 31691 E SQLiteDatabase: at android.os.Looper.loop(Looper.java:313)
01-19 19:40:32.273 31635 31691 E SQLiteDatabase: at android.os.HandlerThread.run(HandlerThread.java:67)
01-19 19:52:25.414 31635 31691 E SQLiteDatabase: Error inserting transferred=1 media_job_uuid=412f34ab-69d9-446f-8d04-95db7ec0d153 transcoded=0 gif_attribution=0 first_scan_length=0 direct_path=/v/t62.15575- 24/23769243_3524293861156366_1950011817813312380_n.enc?ccb=11- 4&oh=01_AdRNFwgdhry_7elYmAR1dWt7_6_6bsCCxjiPtr2I7yUetA&oe=65D2599C&_nc_sid=5e03e0 thumbnail_height_width_ratio=1.0 is_animated_sticker=0 file_hash=5/MWRlVJfWc8f76GAaJruVhCgdxT1VeE2j5K+LBMcLI= file_path=Media/MBWhatsApp Stickers/STK-20240119-WA0006.webp file_size=22032 partial_media_hash=null face_x=0 face_y=0 height=64 trim_to=0 media_key_timestamp=1705704743000 message_url=https://mmg.whatsapp.net/v/t62.15575- 24/23769243_3524293861156366_1950011817813312380_n.enc?ccb=11- 4&oh=01_AdRNFwgdhry_7elYmAR1dWt7_6_6bsCCxjiPtr2I7yUetA&oe=65D2599C&_nc_sid=5e03e0&m ms3=true media_caption=null trim_from=0 mime_type=image/webp partial_media_enc_hash=null width=64 original_file_hash=null has_streaming_sidecar=0 autotransfer_retry_enabled=1 media_upload_handle=null message_row_id=64 multicast_id=null enc_file_hash=6vhQuJX0IwTNcZHpJheroMj+LZNZZCi2S3SN+51IhNI= mute_video=0 page_count=0 first_scan_sidecar=null suspicious_content=0 file_length=22032 media_name=null media_duration=0 chat_row_id=1 media_key=[B@11ae7ac
01-19 19:52:25.414 31635 31691 E SQLiteDatabase: android.database.sqlite.SQLiteConstraintException: UNIQUE constraint failed: message_media.message_row_id (code 1555 SQLITE_CONSTRAINT_PRIMARYKEY[1555])
01-19 19:52:25.414 31635 31691 E SQLiteDatabase: at android.database.sqlite.SQLiteConnection.nativeExecuteForLastInsertedRowId(Native Method)
01-19 19:52:25.414 31635 31691 E SQLiteDatabase: at android.database.sqlite.SQLiteConnection.executeForLastInsertedRowId(SQLiteConnecti on.java:1232)
01-19 19:52:25.414 31635 31691 E SQLiteDatabase: at android.database.sqlite.SQLiteSession.executeForLastInsertedRowId(SQLiteSession.jav a:790)
01-19 19:52:25.414 31635 31691 E SQLiteDatabase: at android.database.sqlite.SQLiteStatement.executeInsert(SQLiteStatement.java:89)
01-19 19:52:25.414 31635 31691 E SQLiteDatabase: at android.database.sqlite.SQLiteDatabase.insertWithOnConflict(SQLiteDatabase.java:224 4)
01-19 19:52:25.414 31635 31691 E SQLiteDatabase: at android.database.sqlite.SQLiteDatabase.insert(SQLiteDatabase.java:2113)
01-19 19:52:25.414 31635 31691 E SQLiteDatabase: at X.2tm.A08(Unknown Source:6)
01-19 19:52:25.414 31635 31691 E SQLiteDatabase: at X.35Y.A07(Unknown Source:212)
01-19 19:52:25.414 31635 31691 E SQLiteDatabase: at X.3QF.A14(Unknown Source:470)
01-19 19:52:25.414 31635 31691 E SQLiteDatabase: at X.3gU.run(Unknown Source:982)
01-19 19:52:25.414 31635 31691 E SQLiteDatabase: at android.os.Handler.handleCallback(Handler.java:938)
01-19 19:52:25.414 31635 31691 E SQLiteDatabase: at android.os.Handler.dispatchMessage(Handler.java:99)
01-19 19:52:25.414 31635 31691 E SQLiteDatabase: at X.0zq.dispatchMessage(Unknown Source:4)
01-19 19:52:25.414 31635 31691 E SQLiteDatabase: at android.os.Looper.loopOnce(Looper.java:226)
01-19 19:52:25.414 31635 31691 E SQLiteDatabase: at android.os.Looper.loop(Looper.java:313)
01-19 19:52:25.414 31635 31691 E SQLiteDatabase: at android.os.HandlerThread.run(HandlerThread.java:67)
01-19 20:04:44.580 31635 31635 W com.mbwhatsapp: Method void X.0eU.A0h(X.0tK, boolean) failed lock verification and will run slower.
01-19 20:04:44.767 31635 31635 W com.mbwhatsapp: Method void com.mbwhatsapp.HomeActivity.A6e() failed lock verification and will run slower.
01-19 20:04:45.469 31635 31635 E ArmVmp : Match on catch block at 0x0a in for 0xf63f902d
01-19 20:04:45.520 31635 31635 E ArmVmp : Match on catch block at 0x0a in for 0xf63f9049
01-19 20:04:45.561 31635 9425 W com.mbwhatsapp: Accessing hidden method Lcom/android/org/conscrypt/ConscryptEngineSocket;->setUseSessionTickets(Z)V (max- target-q,core-platform-api, reflection, denied)
01-19 20:04:45.562 31635 9425 W com.mbwhatsapp: Accessing hidden method Lcom/android/org/conscrypt/OpenSSLSocketImpl;->setUseSessionTickets(Z)V (max- target-q,core-platform-api, reflection, denied)
01-19 20:04:45.562 31635 9425 W com.mbwhatsapp: Accessing hidden method Lcom/android/org/conscrypt/AbstractConscryptSocket;->setUseSessionTickets(Z)V (max- target-q, reflection, denied)
01-19 20:04:45.562 31635 9425 W com.mbwhatsapp: Accessing hidden method Lcom/android/org/conscrypt/ConscryptEngineSocket;->setHostname(Ljava/lang/String;)V (max-target-q,core-platform-api, reflection, denied)
01-19 20:04:45.562 31635 9425 W com.mbwhatsapp: Accessing hidden method Lcom/android/org/conscrypt/OpenSSLSocketImpl;->setHostname(Ljava/lang/String;)V (max-target-q,core-platform-api, reflection, denied)
01-19 20:04:45.562 31635 9425 W com.mbwhatsapp: Accessing hidden method Lcom/android/org/conscrypt/AbstractConscryptSocket;->setHostname(Ljava/lang/ String;)V (max-target-q, reflection, denied)
01-19 20:04:45.562 31635 9425 W com.mbwhatsapp: Accessing hidden method Lcom/android/org/conscrypt/OpenSSLSocketImpl;->setAlpnProtocols([B)V (max-target- q,core-platform-api, reflection, denied)
01-19 20:04:45.562 31635 9425 W com.mbwhatsapp: Accessing hidden method Lcom/android/org/conscrypt/AbstractConscryptSocket;->setAlpnProtocols([B)V (max- target-q, reflection, denied)
01-19 20:04:45.596 31635 9425 W com.mbwhatsapp: Accessing hidden method Lcom/android/org/conscrypt/OpenSSLSocketImpl;->getAlpnSelectedProtocol()[B (max- target-q,core-platform-api, reflection, denied)
01-19 20:04:45.596 31635 9425 W com.mbwhatsapp: Accessing hidden method Lcom/android/org/conscrypt/AbstractConscryptSocket;->getAlpnSelectedProtocol()[B (max-target-q, reflection, denied)
01-19 20:04:46.035 31635 31694 W SQLiteLog: (28) double-quoted string literal: "20"
01-19 20:04:46.035 31635 31694 W SQLiteLog: (28) double-quoted string literal: "40"
01-19 20:04:46.161 31635 9468 W Gralloc3: mapper 3.x is not supported
01-19 20:04:46.169 31635 9468 W Gralloc4: allocator 4.x is not supported
01-19 20:04:46.172 31635 9468 W Gralloc3: allocator 3.x is not supported
01-19 20:04:46.422 31635 31635 E RecyclerView: No adapter attached; skipping layout
01-19 20:04:46.624 31635 31635 E RecyclerView: No adapter attached; skipping layout
01-19 20:04:46.731 31635 31635 E ArmVmp : Match on catch block at 0x0a in for 0xf63f9031
01-19 20:04:46.934 31635 9498 W LOTTIE : Animation contains merge paths. Merge paths are only supported on KitKat+ and must be manually enabled by calling enableMergePathsForKitKatAndAbove().
01-19 20:04:47.033 31635 31643 W com.mbwhatsapp: Cleared Reference was only reachable from finalizer (only reported once)
01-19 20:04:47.202 31635 31635 W LOTTIE : Animation contains merge paths but they are disabled.
01-19 20:04:50.522 31635 9504 E RenderScript: Failed to find hal setup entry points: undefined symbol: rsdHalAbort
01-19 20:04:50.522 31635 9504 E RenderScript: Failed to load runtime , loading default
01-19 20:04:50.726 31635 9513 W LOTTIE : Unknown shape type rd
01-19 20:04:50.727 31635 9498 W LOTTIE : Unknown shape type rd
01-19 20:04:50.894 31635 31635 E ArmVmp : Match on catch block at 0x0a in for 0xf63f9031
01-19 20:04:50.906 31635 31635 E ArmVmp : Match on catch block at 0x0a in for 0xf63f9031
01-19 20:04:51.411 31635 31635 E ArmVmp : Match on catch block at 0xc3 in for 0xf63f901d
01-19 20:04:51.418 31635 31635 E ArmVmp : Match on catch block at 0xc3 in for 0xf63f901d
01-19 20:04:51.422 31635 31635 E ArmVmp : Match on catch block at 0xc3 in for 0xf63f901d
01-19 20:04:51.571 31635 31635 E ArmVmp : Match on catch block at 0xc3 in for 0xf63f9021
01-19 20:04:51.575 31635 31635 E ArmVmp : Match on catch block at 0xc3 in for 0xf63f9021
01-19 20:04:51.577 31635 31635 E ArmVmp : Match on catch block at 0xc3 in for 0xf63f9021
01-19 20:04:51.639 31635 31635 E ArmVmp : Match on catch block at 0xc3 in for 0xf63f9021
01-19 20:04:51.642 31635 31635 E ArmVmp : Match on catch block at 0xc3 in for 0xf63f9021
01-19 20:04:51.645 31635 31635 E ArmVmp : Match on catch block at 0xc3 in for 0xf63f9021
01-19 20:04:51.672 31635 31635 E ArmVmp : Match on catch block at 0xc3 in for 0xf63f9021
01-19 20:04:51.676 31635 31635 E ArmVmp : Match on catch block at 0xc3 in for 0xf63f9021
01-19 20:04:51.679 31635 31635 E ArmVmp : Match on catch block at 0xc3 in for 0xf63f9021
01-19 20:04:51.712 31635 31635 E ArmVmp : Match on catch block at 0xc3 in for 0xf63f9021
01-19 20:04:51.717 31635 31635 E ArmVmp : Match on catch block at 0xc3 in for 0xf63f9021
01-19 20:04:51.720 31635 31635 E ArmVmp : Match on catch block at 0xc3 in for 0xf63f9021
01-19 20:04:51.743 31635 31635 E ArmVmp : Match on catch block at 0xc3 in for 0xf63f9021
01-19 20:04:51.749 31635 31635 E ArmVmp : Match on catch block at 0xc3 in for 0xf63f9021
01-19 20:04:51.754 31635 31635 E ArmVmp : Match on catch block at 0xc3 in for 0xf63f9021
01-19 20:04:51.761 31635 31635 E ArmVmp : Match on catch block at 0xc3 in for 0xf63f9021
01-19 20:04:51.765 31635 31635 E ArmVmp : Match on catch block at 0xc3 in for 0xf63f9021
01-19 20:04:51.768 31635 31635 E ArmVmp : Match on catch block at 0xc3 in for 0xf63f9021
01-19 20:04:51.779 31635 31635 E ArmVmp : Match on catch block at 0xc3 in for 0xf63f9021
01-19 20:04:51.784 31635 31635 E ArmVmp : Match on catch block at 0xc3 in for 0xf63f9021
01-19 20:04:51.787 31635 31635 E ArmVmp : Match on catch block at 0xc3 in for 0xf63f9021
01-19 20:04:51.795 31635 31635 E ArmVmp : Match on catch block at 0xc3 in for 0xf63f9021
01-19 20:04:51.799 31635 31635 E ArmVmp : Match on catch block at 0xc3 in for 0xf63f9021
01-19 20:04:51.803 31635 31635 E ArmVmp : Match on catch block at 0xc3 in for 0xf63f9021
01-19 20:04:51.812 31635 31635 E ArmVmp : Match on catch block at 0xc3 in for 0xf63f9021
01-19 20:04:51.815 31635 31635 E ArmVmp : Match on catch block at 0xc3 in for 0xf63f9021
01-19 20:04:51.818 31635 31635 E ArmVmp : Match on catch block at 0xc3 in for 0xf63f9021
01-19 20:04:51.828 31635 31635 E ArmVmp : Match on catch block at 0xc3 in for 0xf63f9021
01-19 20:04:51.832 31635 31635 E ArmVmp : Match on catch block at 0xc3 in for 0xf63f9021
01-19 20:04:51.834 31635 31635 E ArmVmp : Match on catch block at 0xc3 in for 0xf63f9021
01-19 20:04:51.846 31635 31635 E ArmVmp : Match on catch block at 0xc3 in for 0xf63f9021
01-19 20:04:51.849 31635 31635 E ArmVmp : Match on catch block at 0xc3 in for 0xf63f9021
01-19 20:04:51.852 31635 31635 E ArmVmp : Match on catch block at 0xc3 in for 0xf63f9021
01-19 20:04:51.862 31635 31635 E ArmVmp : Match on catch block at 0xc3 in for 0xf63f9021
01-19 20:04:51.866 31635 31635 E ArmVmp : Match on catch block at 0xc3 in for 0xf63f9021
01-19 20:04:51.868 31635 31635 E ArmVmp : Match on catch block at 0xc3 in for 0xf63f9021
01-19 20:04:51.879 31635 31635 E ArmVmp : Match on catch block at 0xc3 in for 0xf63f9021
01-19 20:04:51.882 31635 31635 E ArmVmp : Match on catch block at 0xc3 in for 0xf63f9021
01-19 20:04:51.885 31635 31635 E ArmVmp : Match on catch block at 0xc3 in for 0xf63f9021
01-19 20:04:51.896 31635 31635 E ArmVmp : Match on catch block at 0xc3 in for 0xf63f9021
01-19 20:04:51.900 31635 31635 E ArmVmp : Match on catch block at 0xc3 in for 0xf63f9021
01-19 20:04:51.903 31635 31635 E ArmVmp : Match on catch block at 0xc3 in for 0xf63f9021
01-19 20:04:51.912 31635 31635 E ArmVmp : Match on catch block at 0xc3 in for 0xf63f9021
01-19 20:04:51.916 31635 31635 E ArmVmp : Match on catch block at 0xc3 in for 0xf63f9021
01-19 20:04:51.920 31635 31635 E ArmVmp : Match on catch block at 0xc3 in for 0xf63f9021
01-19 20:04:51.956 31635 31635 E ArmVmp : Match on catch block at 0xc3 in for 0xf63f9021
01-19 20:04:51.960 31635 31635 E ArmVmp : Match on catch block at 0xc3 in for 0xf63f9021
01-19 20:04:51.962 31635 31635 E ArmVmp : Match on catch block at 0xc3 in for 0xf63f9021
01-19 20:04:51.971 31635 31635 E ArmVmp : Match on catch block at 0xc3 in for 0xf63f9021
01-19 20:04:51.975 31635 31635 E ArmVmp : Match on catch block at 0xc3 in for 0xf63f9021
01-19 20:04:51.977 31635 31635 E ArmVmp : Match on catch block at 0xc3 in for 0xf63f9021
01-19 20:04:51.982 31635 31635 E ArmVmp : Match on catch block at 0xc3 in for 0xf63f9021
01-19 20:04:51.987 31635 31635 E ArmVmp : Match on catch block at 0xc3 in for 0xf63f9021
01-19 20:04:51.989 31635 31635 E ArmVmp : Match on catch block at 0xc3 in for 0xf63f9021
01-19 20:04:51.996 31635 31635 E ArmVmp : Match on catch block at 0xc3 in for 0xf63f9021
01-19 20:04:51.999 31635 31635 E ArmVmp : Match on catch block at 0xc3 in for 0xf63f9021
01-19 20:04:52.001 31635 31635 E ArmVmp : Match on catch block at 0xc3 in for 0xf63f9021
01-19 20:04:52.012 31635 31635 E ArmVmp : Match on catch block at 0xc3 in for 0xf63f9021
01-19 20:04:52.015 31635 31635 E ArmVmp : Match on catch block at 0xc3 in for 0xf63f9021
01-19 20:04:52.018 31635 31635 E ArmVmp : Match on catch block at 0xc3 in for 0xf63f9021
01-19 20:04:52.029 31635 31635 E ArmVmp : Match on catch block at 0xc3 in for 0xf63f9021
01-19 20:04:52.033 31635 31635 E ArmVmp : Match on catch block at 0xc3 in for 0xf63f9021
01-19 20:04:52.035 31635 31635 E ArmVmp : Match on catch block at 0xc3 in for 0xf63f9021
01-19 20:04:52.046 31635 31635 E ArmVmp : Match on catch block at 0xc3 in for 0xf63f9021
01-19 20:04:52.050 31635 31635 E ArmVmp : Match on catch block at 0xc3 in for 0xf63f9021
01-19 20:04:52.052 31635 31635 E ArmVmp : Match on catch block at 0xc3 in for 0xf63f9021
01-19 20:04:52.062 31635 31635 E ArmVmp : Match on catch block at 0xc3 in for 0xf63f9021
01-19 20:04:52.066 31635 31635 E ArmVmp : Match on catch block at 0xc3 in for 0xf63f9021
01-19 20:04:52.069 31635 31635 E ArmVmp : Match on catch block at 0xc3 in for 0xf63f9021
01-19 20:04:52.079 31635 31635 E ArmVmp : Match on catch block at 0xc3 in for 0xf63f9021
01-19 20:04:52.083 31635 31635 E ArmVmp : Match on catch block at 0xc3 in for 0xf63f9021
01-19 20:04:52.086 31635 31635 E ArmVmp : Match on catch block at 0xc3 in for 0xf63f9021
01-19 20:04:52.096 31635 31635 E ArmVmp : Match on catch block at 0xc3 in for 0xf63f9021
01-19 20:04:52.100 31635 31635 E ArmVmp : Match on catch block at 0xc3 in for 0xf63f9021
01-19 20:04:52.102 31635 31635 E ArmVmp : Match on catch block at 0xc3 in for 0xf63f9021
01-19 20:04:52.113 31635 31635 E ArmVmp : Match on catch block at 0xc3 in for 0xf63f9021
01-19 20:04:52.116 31635 31635 E ArmVmp : Match on catch block at 0xc3 in for 0xf63f9021
01-19 20:04:52.119 31635 31635 E ArmVmp : Match on catch block at 0xc3 in for 0xf63f9021
01-19 20:04:52.129 31635 31635 E ArmVmp : Match on catch block at 0xc3 in for 0xf63f9021
01-19 20:04:52.133 31635 31635 E ArmVmp : Match on catch block at 0xc3 in for 0xf63f9021
01-19 20:04:52.135 31635 31635 E ArmVmp : Match on catch block at 0xc3 in for 0xf63f9021
01-19 20:04:52.146 31635 31635 E ArmVmp : Match on catch block at 0xc3 in for 0xf63f9021
01-19 20:04:52.150 31635 31635 E ArmVmp : Match on catch block at 0xc3 in for 0xf63f9021
01-19 20:04:52.152 31635 31635 E ArmVmp : Match on catch block at 0xc3 in for 0xf63f9021
01-19 20:04:52.163 31635 31635 E ArmVmp : Match on catch block at 0xc3 in for 0xf63f9021
01-19 20:04:52.166 31635 31635 E ArmVmp : Match on catch block at 0xc3 in for 0xf63f9021
01-19 20:04:52.168 31635 31635 E ArmVmp : Match on catch block at 0xc3 in for 0xf63f9021
01-19 20:04:52.179 31635 31635 E ArmVmp : Match on catch block at 0xc3 in for 0xf63f9021
01-19 20:04:52.183 31635 31635 E ArmVmp : Match on catch block at 0xc3 in for 0xf63f9021
01-19 20:04:52.186 31635 31635 E ArmVmp : Match on catch block at 0xc3 in for 0xf63f9021
01-19 20:04:52.196 31635 31635 E ArmVmp : Match on catch block at 0xc3 in for 0xf63f9021
01-19 20:04:52.200 31635 31635 E ArmVmp : Match on catch block at 0xc3 in for 0xf63f9021
01-19 20:04:52.202 31635 31635 E ArmVmp : Match on catch block at 0xc3 in for 0xf63f9021
01-19 20:04:52.213 31635 31635 E ArmVmp : Match on catch block at 0xc3 in for 0xf63f9021
01-19 20:04:52.217 31635 31635 E ArmVmp : Match on catch block at 0xc3 in for 0xf63f9021
01-19 20:04:52.220 31635 31635 E ArmVmp : Match on catch block at 0xc3 in for 0xf63f9021
01-19 20:04:52.229 31635 31635 E ArmVmp : Match on catch block at 0xc3 in for 0xf63f9021
01-19 20:04:52.233 31635 31635 E ArmVmp : Match on catch block at 0xc3 in for 0xf63f9021
01-19 20:04:52.235 31635 31635 E ArmVmp : Match on catch block at 0xc3 in for 0xf63f9021
01-19 20:04:52.246 31635 31635 E ArmVmp : Match on catch block at 0xc3 in for 0xf63f9021
01-19 20:04:52.250 31635 31635 E ArmVmp : Match on catch block at 0xc3 in for 0xf63f9021
01-19 20:04:52.252 31635 31635 E ArmVmp : Match on catch block at 0xc3 in for 0xf63f9021
