/vendor/etc/permissions/android.hardware.telephony.gsm.xml
12-04 16:20:54.878 I/SystemConfig( 1077): Reading permissions from
/vendor/etc/permissions/android.hardware.vulkan.version.xml
12-04 16:20:54.879 I/SystemConfig( 1077): Reading permissions from
/vendor/etc/permissions/android.hardware.camera.flash-autofocus.xml
12-04 16:20:54.880 I/SystemConfig( 1077): Reading permissions from
/vendor/etc/permissions/android.hardware.camera.autofocus.xml
12-04 16:20:54.881 I/SystemConfig( 1077): Reading permissions from
/vendor/etc/permissions/android.hardware.camera.front.xml
12-04 16:20:54.882 I/SystemConfig( 1077): Reading permissions from
/vendor/etc/permissions/android.hardware.sensor.stepcounter.xml
12-04 16:20:54.882 I/SystemConfig( 1077): Reading permissions from
/vendor/etc/permissions/android.software.ipsec_tunnels.xml
12-04 16:20:54.883 I/servicemanager( 326): Adding 'u:r:system_server:s0' service
(activity_task:1077)
12-04 16:20:54.883 I/SystemConfig( 1077): Reading permissions from
/vendor/etc/permissions/android.software.opengles.deqp.level.xml
12-04 16:20:54.884 I/SystemServiceManager( 1077): Starting
com.android.server.am.ActivityManagerService$Lifecycle
12-04 16:20:54.884 I/SystemConfig( 1077): Reading permissions from
/vendor/etc/permissions/android.hardware.wifi.xml
12-04 16:20:54.884 I/SystemConfig( 1077): Reading permissions from
/vendor/etc/permissions/android.hardware.wifi.direct.xml
12-04 16:20:54.885 I/SystemConfig( 1077): Reading permissions from
/vendor/etc/permissions/android.software.midi.xml
12-04 16:20:54.886 I/SystemConfig( 1077): Reading permissions from
/vendor/etc/permissions/android.hardware.vulkan.compute.xml
12-04 16:20:54.887 I/SystemConfig( 1077): Reading permissions from
/vendor/etc/permissions/android.hardware.sensor.stepdetector.xml
12-04 16:20:54.887 I/SystemConfig( 1077): Reading permissions from
/vendor/etc/permissions/android.hardware.audio.low_latency.xml
12-04 16:20:54.888 I/SystemConfig( 1077): Reading permissions from
/vendor/etc/permissions/android.hardware.sensor.accelerometer.xml
12-04 16:20:54.889 I/SystemConfig( 1077): Reading permissions from
/vendor/etc/permissions/android.hardware.camera.xml
12-04 16:20:54.890 I/SystemConfig( 1077): Reading permissions from
/vendor/etc/permissions/android.software.verified_boot.xml
12-04 16:20:54.890 I/SystemConfig( 1077): Reading permissions from
/vendor/etc/permissions/android.hardware.location.gps.xml
12-04 16:20:54.890 I/ActivityManager( 1077): Memory class: 256
12-04 16:20:54.891 I/SystemConfig( 1077): Reading permissions from
/vendor/etc/permissions/android.hardware.bluetooth.xml
12-04 16:20:54.892 I/SystemConfig( 1077): Reading permissions from
/vendor/etc/permissions/android.hardware.vulkan.level.xml
12-04 16:20:54.892 I/SystemConfig( 1077): Reading permissions from
/vendor/etc/permissions/handheld_core_hardware.xml
12-04 16:20:54.893 I/SystemConfig( 1077): Reading permissions from
/vendor/etc/permissions/android.hardware.telephony.ims.xml
12-04 16:20:54.895 I/SystemConfig( 1077): Reading aerProductName from
/system/etc/aer_product_name.xml
12-04 16:20:54.896 W/SystemConfig( 1077): fname = o1stur
12-04 16:20:54.896 W/SystemConfig( 1077): ro.product.name = a12sub
12-04 16:20:54.896 W/SystemConfig( 1077): fname = o1sxtur
12-04 16:20:54.896 W/SystemConfig( 1077): ro.product.name = a12sub
12-04 16:20:54.896 W/SystemConfig( 1077): fname = o1sxser
12-04 16:20:54.896 W/SystemConfig( 1077): ro.product.name = a12sub
12-04 16:20:54.896 W/SystemConfig( 1077): fname = o1sxx
12-04 16:20:54.896 W/SystemConfig( 1077): ro.product.name = a12sub
12-04 16:20:54.896 W/SystemConfig( 1077): fname = o1sxxx
12-04 16:20:54.896 W/SystemConfig( 1077): ro.product.name = a12sub
12-04 16:20:54.896 W/SystemConfig( 1077): fname = o1sxeea
12-04 16:20:54.896 W/SystemConfig( 1077): ro.product.name = a12sub
12-04 16:20:54.897 W/SystemConfig( 1077): fname = o1sksx
12-04 16:20:54.897 W/SystemConfig( 1077): ro.product.name = a12sub
12-04 16:20:54.897 W/SystemConfig( 1077): fname = o1sser
12-04 16:20:54.897 W/SystemConfig( 1077): ro.product.name = a12sub
12-04 16:20:54.897 W/SystemConfig( 1077): fname = o1qcsx
12-04 16:20:54.897 W/SystemConfig( 1077): ro.product.name = a12sub
12-04 16:20:54.897 W/SystemConfig( 1077): fname = o1quew
12-04 16:20:54.897 W/SystemConfig( 1077): ro.product.name = a12sub
12-04 16:20:54.897 W/SystemConfig( 1077): fname = o1qzhx
12-04 16:20:54.897 W/SystemConfig( 1077): ro.product.name = a12sub
12-04 16:20:54.897 W/SystemConfig( 1077): fname = o1qsqw
12-04 16:20:54.897 W/SystemConfig( 1077): ro.product.name = a12sub
12-04 16:20:54.897 W/SystemConfig( 1077): fname = SC-51B
12-04 16:20:54.897 W/SystemConfig( 1077): ro.product.name = a12sub
12-04 16:20:54.897 W/SystemConfig( 1077): fname = SCG09_jp_kdi
12-04 16:20:54.897 W/SystemConfig( 1077): ro.product.name = a12sub
12-04 16:20:54.897 W/SystemConfig( 1077): fname = t2sksx
12-04 16:20:54.897 W/SystemConfig( 1077): ro.product.name = a12sub
12-04 16:20:54.897 W/SystemConfig( 1077): fname = t2sxxx
12-04 16:20:54.897 W/SystemConfig( 1077): ro.product.name = a12sub
12-04 16:20:54.897 W/SystemConfig( 1077): fname = t2sxser
12-04 16:20:54.897 W/SystemConfig( 1077): ro.product.name = a12sub
12-04 16:20:54.897 W/SystemConfig( 1077): fname = t2sxeea
12-04 16:20:54.897 W/SystemConfig( 1077): ro.product.name = a12sub
12-04 16:20:54.897 W/SystemConfig( 1077): fname = t2sxtur
12-04 16:20:54.897 W/SystemConfig( 1077): ro.product.name = a12sub
12-04 16:20:54.897 W/SystemConfig( 1077): fname = t2qzhx
12-04 16:20:54.897 W/SystemConfig( 1077): ro.product.name = a12sub
12-04 16:20:54.897 W/SystemConfig( 1077): fname = t2qsqw
12-04 16:20:54.897 W/SystemConfig( 1077): ro.product.name = a12sub
12-04 16:20:54.897 W/SystemConfig( 1077): fname = t2qcsx
12-04 16:20:54.898 W/SystemConfig( 1077): ro.product.name = a12sub
12-04 16:20:54.898 W/SystemConfig( 1077): fname = t2quew
12-04 16:20:54.898 W/SystemConfig( 1077): ro.product.name = a12sub
12-04 16:20:54.898 W/SystemConfig( 1077): fname = SCG10_jp_kdi
12-04 16:20:54.898 W/SystemConfig( 1077): ro.product.name = a12sub
12-04 16:20:54.898 W/SystemConfig( 1077): fname = p3sksx
12-04 16:20:54.898 W/SystemConfig( 1077): ro.product.name = a12sub
12-04 16:20:54.898 W/SystemConfig( 1077): fname = p3sxeea
12-04 16:20:54.898 W/SystemConfig( 1077): ro.product.name = a12sub
12-04 16:20:54.898 W/SystemConfig( 1077): fname = p3sxtur
12-04 16:20:54.898 W/SystemConfig( 1077): ro.product.name = a12sub
12-04 16:20:54.898 W/SystemConfig( 1077): fname = p3sxser
12-04 16:20:54.898 W/SystemConfig( 1077): ro.product.name = a12sub
12-04 16:20:54.898 W/SystemConfig( 1077): fname = p3sxxx
12-04 16:20:54.898 W/SystemConfig( 1077): ro.product.name = a12sub
12-04 16:20:54.898 W/SystemConfig( 1077): fname = p3qcsx
12-04 16:20:54.898 W/SystemConfig( 1077): ro.product.name = a12sub
12-04 16:20:54.898 W/SystemConfig( 1077): fname = p3qsqw
12-04 16:20:54.898 W/SystemConfig( 1077): ro.product.name = a12sub
12-04 16:20:54.898 W/SystemConfig( 1077): fname = p3quew
12-04 16:20:54.898 W/SystemConfig( 1077): ro.product.name = a12sub
12-04 16:20:54.898 W/SystemConfig( 1077): fname = p3qzhx
12-04 16:20:54.898 W/SystemConfig( 1077): ro.product.name = a12sub
12-04 16:20:54.898 W/SystemConfig( 1077): fname = SC-52B
12-04 16:20:54.898 W/SystemConfig( 1077): ro.product.name = a12sub
12-04 16:20:54.898 W/SystemConfig( 1077): fname = q2qsqw
12-04 16:20:54.898 W/SystemConfig( 1077): ro.product.name = a12sub
12-04 16:20:54.898 W/SystemConfig( 1077): fname = q2qxxx
12-04 16:20:54.898 W/SystemConfig( 1077): ro.product.name = a12sub
12-04 16:20:54.898 W/SystemConfig( 1077): fname = q2qcsx
12-04 16:20:54.898 W/SystemConfig( 1077): ro.product.name = a12sub
12-04 16:20:54.898 W/SystemConfig( 1077): fname = q2qzhx
12-04 16:20:54.898 W/SystemConfig( 1077): ro.product.name = a12sub
12-04 16:20:54.898 W/SystemConfig( 1077): fname = q2qksx
12-04 16:20:54.899 W/SystemConfig( 1077): ro.product.name = a12sub
12-04 16:20:54.899 W/SystemConfig( 1077): fname = q2qxtur
12-04 16:20:54.899 W/SystemConfig( 1077): ro.product.name = a12sub
12-04 16:20:54.899 W/SystemConfig( 1077): fname = q2qxser
12-04 16:20:54.899 W/SystemConfig( 1077): ro.product.name = a12sub
12-04 16:20:54.899 W/SystemConfig( 1077): fname = q2qxeea
12-04 16:20:54.899 W/SystemConfig( 1077): ro.product.name = a12sub
12-04 16:20:54.899 W/SystemConfig( 1077): fname = q2quew
12-04 16:20:54.899 W/SystemConfig( 1077): ro.product.name = a12sub
12-04 16:20:54.899 W/SystemConfig( 1077): fname = SC-55B
12-04 16:20:54.899 W/SystemConfig( 1077): ro.product.name = a12sub
12-04 16:20:54.899 W/SystemConfig( 1077): fname = SCG11_jp_kdi
12-04 16:20:54.899 W/SystemConfig( 1077): ro.product.name = a12sub
12-04 16:20:54.899 W/SystemConfig( 1077): fname = b2quew
12-04 16:20:54.899 W/SystemConfig( 1077): ro.product.name = a12sub
12-04 16:20:54.899 W/SystemConfig( 1077): fname = b2qxxx
12-04 16:20:54.899 W/SystemConfig( 1077): ro.product.name = a12sub
12-04 16:20:54.899 W/SystemConfig( 1077): fname = b2qcsx
12-04 16:20:54.899 W/SystemConfig( 1077): ro.product.name = a12sub
12-04 16:20:54.899 W/SystemConfig( 1077): fname = b2qsqw
12-04 16:20:54.899 W/SystemConfig( 1077): ro.product.name = a12sub
12-04 16:20:54.899 W/SystemConfig( 1077): fname = b2qzhx
12-04 16:20:54.899 W/SystemConfig( 1077): ro.product.name = a12sub
12-04 16:20:54.899 W/SystemConfig( 1077): fname = b2qxser
12-04 16:20:54.899 W/SystemConfig( 1077): ro.product.name = a12sub
12-04 16:20:54.899 W/SystemConfig( 1077): fname = b2qxtur
12-04 16:20:54.899 W/SystemConfig( 1077): ro.product.name = a12sub
12-04 16:20:54.899 W/SystemConfig( 1077): fname = b2qxeea
12-04 16:20:54.899 W/SystemConfig( 1077): ro.product.name = a12sub
12-04 16:20:54.899 W/SystemConfig( 1077): fname = b2qksx
12-04 16:20:54.899 W/SystemConfig( 1077): ro.product.name = a12sub
12-04 16:20:54.899 W/SystemConfig( 1077): fname = SC-54B
12-04 16:20:54.899 W/SystemConfig( 1077): ro.product.name = a12sub
12-04 16:20:54.899 W/SystemConfig( 1077): fname = SCG12_jp_kdi
12-04 16:20:54.900 W/SystemConfig( 1077): ro.product.name = a12sub
12-04 16:20:54.900 W/SystemConfig( 1077): fname = a52qnstur
12-04 16:20:54.900 W/SystemConfig( 1077): ro.product.name = a12sub
12-04 16:20:54.900 W/SystemConfig( 1077): fname = a52qnseea
12-04 16:20:54.900 W/SystemConfig( 1077): ro.product.name = a12sub
12-04 16:20:54.900 W/SystemConfig( 1077): fname = a52qnsxx
12-04 16:20:54.900 W/SystemConfig( 1077): ro.product.name = a12sub
12-04 16:20:54.900 W/SystemConfig( 1077): fname = a52qnsser
12-04 16:20:54.900 W/SystemConfig( 1077): ro.product.name = a12sub
12-04 16:20:54.900 W/SystemConfig( 1077): fname = a52qub
12-04 16:20:54.900 W/SystemConfig( 1077): ro.product.name = a12sub
12-04 16:20:54.900 W/SystemConfig( 1077): fname = a52xque
12-04 16:20:54.900 W/SystemConfig( 1077): ro.product.name = a12sub
12-04 16:20:54.900 W/SystemConfig( 1077): fname = a52xqcs
12-04 16:20:54.900 W/SystemConfig( 1077): ro.product.name = a12sub
12-04 16:20:54.900 W/SystemConfig( 1077): fname = a52xqnaeea
12-04 16:20:54.900 W/SystemConfig( 1077): ro.product.name = a12sub
12-04 16:20:54.900 W/SystemConfig( 1077): fname = a52xqsq
12-04 16:20:54.900 W/SystemConfig( 1077): ro.product.name = a12sub
12-04 16:20:54.900 W/SystemConfig( 1077): fname = a52xqzh
12-04 16:20:54.900 W/SystemConfig( 1077): ro.product.name = a12sub
12-04 16:20:54.900 W/SystemConfig( 1077): fname = a52xqks
12-04 16:20:54.900 W/SystemConfig( 1077): ro.product.name = a12sub
12-04 16:20:54.900 W/SystemConfig( 1077): fname = a52xqnaxx
12-04 16:20:54.900 W/SystemConfig( 1077): ro.product.name = a12sub
12-04 16:20:54.900 W/SystemConfig( 1077): fname = SC-53B
12-04 16:20:54.900 W/SystemConfig( 1077): ro.product.name = a12sub
12-04 16:20:54.900 W/SystemConfig( 1077): fname = a52sxqeea
12-04 16:20:54.900 W/SystemConfig( 1077): ro.product.name = a12sub
12-04 16:20:54.900 W/SystemConfig( 1077): fname = a52sxqtur
12-04 16:20:54.900 W/SystemConfig( 1077): ro.product.name = a12sub
12-04 16:20:54.901 W/SystemConfig( 1077): fname = a52sxqser
12-04 16:20:54.901 W/SystemConfig( 1077): ro.product.name = a12sub
12-04 16:20:54.901 W/SystemConfig( 1077): fname = a52sxqzt
12-04 16:20:54.901 W/SystemConfig( 1077): ro.product.name = a12sub
12-04 16:20:54.901 W/SystemConfig( 1077): fname = a52sxqxx
12-04 16:20:54.901 W/SystemConfig( 1077): ro.product.name = a12sub
12-04 16:20:54.901 W/SystemConfig( 1077): fname = a52sxqks
12-04 16:20:54.901 W/SystemConfig( 1077): ro.product.name = a12sub
12-04 16:20:54.901 W/SystemConfig( 1077): fname = r9sxtur
12-04 16:20:54.901 W/SystemConfig( 1077): ro.product.name = a12sub
12-04 16:20:54.901 W/SystemConfig( 1077): fname = r9sxxx
12-04 16:20:54.901 W/SystemConfig( 1077): ro.product.name = a12sub
12-04 16:20:54.901 W/SystemConfig( 1077): fname = r9qksx
12-04 16:20:54.901 W/SystemConfig( 1077): ro.product.name = a12sub
12-04 16:20:54.901 W/SystemConfig( 1077): fname = r9qxeea
12-04 16:20:54.901 W/SystemConfig( 1077): ro.product.name = a12sub
12-04 16:20:54.901 W/SystemConfig( 1077): fname = r9qxtur
12-04 16:20:54.901 W/SystemConfig( 1077): ro.product.name = a12sub
12-04 16:20:54.901 W/SystemConfig( 1077): fname = r9qxser
12-04 16:20:54.901 W/SystemConfig( 1077): ro.product.name = a12sub
12-04 16:20:54.901 W/SystemConfig( 1077): fname = r9qzh
12-04 16:20:54.901 W/SystemConfig( 1077): ro.product.name = a12sub
12-04 16:20:54.901 W/SystemConfig( 1077): fname = r9quew
12-04 16:20:54.901 W/SystemConfig( 1077): ro.product.name = a12sub
12-04 16:20:54.901 W/SystemConfig( 1077): fname = r9qxxx
12-04 16:20:54.901 W/SystemConfig( 1077): ro.product.name = a12sub
12-04 16:20:54.901 W/SystemConfig( 1077): fname = r9qcsx
12-04 16:20:54.901 W/SystemConfig( 1077): ro.product.name = a12sub
12-04 16:20:54.901 W/SystemConfig( 1077): fname = r9qsqw
12-04 16:20:54.901 W/SystemConfig( 1077): ro.product.name = a12sub
12-04 16:20:54.901 W/SystemConfig( 1077): fname = r9q2xser
12-04 16:20:54.901 W/SystemConfig( 1077): ro.product.name = a12sub
12-04 16:20:54.901 W/SystemConfig( 1077): fname = r9q2xxx
12-04 16:20:54.901 W/SystemConfig( 1077): ro.product.name = a12sub
12-04 16:20:54.902 W/SystemConfig( 1077): fname = r9q2xeea
12-04 16:20:54.902 W/SystemConfig( 1077): ro.product.name = a12sub
12-04 16:20:54.902 W/SystemConfig( 1077): fname = r9q2sqw
12-04 16:20:54.902 W/SystemConfig( 1077): ro.product.name = a12sub
12-04 16:20:54.902 W/SystemConfig( 1077): fname = a32ub
12-04 16:20:54.902 W/SystemConfig( 1077): ro.product.name = a12sub
12-04 16:20:54.902 W/SystemConfig( 1077): fname = a32ks
12-04 16:20:54.902 W/SystemConfig( 1077): ro.product.name = a12sub
12-04 16:20:54.902 W/SystemConfig( 1077): fname = a32eea
12-04 16:20:54.902 W/SystemConfig( 1077): ro.product.name = a12sub
12-04 16:20:54.902 W/SystemConfig( 1077): fname = a32tur
12-04 16:20:54.902 W/SystemConfig( 1077): ro.product.name = a12sub
12-04 16:20:54.902 W/SystemConfig( 1077): fname = a32ser
12-04 16:20:54.902 W/SystemConfig( 1077): ro.product.name = a12sub
12-04 16:20:54.902 W/SystemConfig( 1077): fname = a32xx
12-04 16:20:54.902 W/SystemConfig( 1077): ro.product.name = a12sub
12-04 16:20:54.902 W/SystemConfig( 1077): fname = a32xxx
12-04 16:20:54.902 W/SystemConfig( 1077): ro.product.name = a12sub
12-04 16:20:54.902 W/SystemConfig( 1077): fname = a32xcs
12-04 16:20:54.902 W/SystemConfig( 1077): ro.product.name = a12sub
12-04 16:20:54.902 W/SystemConfig( 1077): fname = a32xeea
12-04 16:20:54.902 W/SystemConfig( 1077): ro.product.name = a12sub
12-04 16:20:54.902 W/SystemConfig( 1077): fname = a32xue
12-04 16:20:54.902 W/SystemConfig( 1077): ro.product.name = a12sub
12-04 16:20:54.902 W/SystemConfig( 1077): fname = a32xtfn
12-04 16:20:54.902 W/SystemConfig( 1077): ro.product.name = a12sub
12-04 16:20:54.902 W/SystemConfig( 1077): fname = a32xzh
12-04 16:20:54.902 W/SystemConfig( 1077): ro.product.name = a12sub
12-04 16:20:54.902 W/SystemConfig( 1077): fname = a32xsq
12-04 16:20:54.902 W/SystemConfig( 1077): ro.product.name = a12sub
12-04 16:20:54.902 W/SystemConfig( 1077): fname = SCG08_jp_kdi
12-04 16:20:54.902 W/SystemConfig( 1077): ro.product.name = a12sub
12-04 16:20:54.902 W/SystemConfig( 1077): fname = xcover5eea
12-04 16:20:54.902 W/SystemConfig( 1077): ro.product.name = a12sub
12-04 16:20:54.902 W/SystemConfig( 1077): fname = xcover5ser
12-04 16:20:54.903 W/SystemConfig( 1077): ro.product.name = a12sub
12-04 16:20:54.903 W/SystemConfig( 1077): fname = xcover5kx
12-04 16:20:54.903 W/SystemConfig( 1077): ro.product.name = a12sub
12-04 16:20:54.903 W/SystemConfig( 1077): fname = xcover5xx
12-04 16:20:54.903 W/SystemConfig( 1077): ro.product.name = a12sub
12-04 16:20:54.903 W/SystemConfig( 1077): fname = gts7fewifixx
12-04 16:20:54.903 W/SystemConfig( 1077): ro.product.name = a12sub
12-04 16:20:54.903 W/SystemConfig( 1077): fname = gts7fewifitur
12-04 16:20:54.903 W/SystemConfig( 1077): ro.product.name = a12sub
12-04 16:20:54.903 W/SystemConfig( 1077): fname = gts7fewifieea
12-04 16:20:54.903 I/Binder ( 1077): Setting heavy hitter watcher config: false,
0, 0.0
12-04 16:20:54.903 W/SystemConfig( 1077): ro.product.name = a12sub
12-04 16:20:54.903 W/SystemConfig( 1077): fname = gts7fewifiser
12-04 16:20:54.903 W/SystemConfig( 1077): ro.product.name = a12sub
12-04 16:20:54.903 W/SystemConfig( 1077): fname = gts7xllitexx
12-04 16:20:54.903 W/SystemConfig( 1077): ro.product.name = a12sub
12-04 16:20:54.903 W/SystemConfig( 1077): fname = gts7xlliteser
12-04 16:20:54.903 W/SystemConfig( 1077): ro.product.name = a12sub
12-04 16:20:54.903 W/SystemConfig( 1077): fname = gts7xllitexeea
12-04 16:20:54.903 W/SystemConfig( 1077): ro.product.name = a12sub
12-04 16:20:54.903 W/SystemConfig( 1077): fname = gts7xllitekx
12-04 16:20:54.903 W/SystemConfig( 1077): ro.product.name = a12sub
12-04 16:20:54.903 W/SystemConfig( 1077): fname = gts7xllitetur
12-04 16:20:54.903 W/SystemConfig( 1077): ro.product.name = a12sub
12-04 16:20:54.903 W/SystemConfig( 1077): fname = gts7xllitekxx
12-04 16:20:54.903 W/SystemConfig( 1077): ro.product.name = a12sub
12-04 16:20:54.903 W/SystemConfig( 1077): fname = gts7xllitesqwnc
12-04 16:20:54.903 W/SystemConfig( 1077): ro.product.name = a12sub
12-04 16:20:54.903 W/SystemConfig( 1077): fname = gts7xllitexxx
12-04 16:20:54.903 W/SystemConfig( 1077): ro.product.name = a12sub
12-04 16:20:54.903 W/SystemConfig( 1077): fname = gts7xllitesqw
12-04 16:20:54.903 W/SystemConfig( 1077): ro.product.name = a12sub
12-04 16:20:54.903 W/SystemConfig( 1077): fname = gts7xllitewifieea
12-04 16:20:54.903 W/SystemConfig( 1077): ro.product.name = a12sub
12-04 16:20:54.903 W/SystemConfig( 1077): fname = gts7xllitewifixx
12-04 16:20:54.904 W/SystemConfig( 1077): ro.product.name = a12sub
12-04 16:20:54.904 W/SystemConfig( 1077): fname = gts7xllitewifitur
12-04 16:20:54.904 W/SystemConfig( 1077): ro.product.name = a12sub
12-04 16:20:54.904 W/SystemConfig( 1077): fname = gts7xllitewifiser
12-04 16:20:54.904 W/SystemConfig( 1077): ro.product.name = a12sub
12-04 16:20:54.904 W/SystemConfig( 1077): fname = b0sxser
12-04 16:20:54.904 W/SystemConfig( 1077): ro.product.name = a12sub
12-04 16:20:54.904 W/SystemConfig( 1077): fname = b0sxtur
12-04 16:20:54.904 W/SystemConfig( 1077): ro.product.name = a12sub
12-04 16:20:54.904 W/SystemConfig( 1077): fname = b0sxxx
12-04 16:20:54.904 W/SystemConfig( 1077): ro.product.name = a12sub
12-04 16:20:54.904 W/SystemConfig( 1077): fname = b0sxeea
12-04 16:20:54.904 W/SystemConfig( 1077): ro.product.name = a12sub
12-04 16:20:54.904 W/SystemConfig( 1077): fname = b0sksx
12-04 16:20:54.904 W/SystemConfig( 1077): ro.product.name = a12sub
12-04 16:20:54.904 W/SystemConfig( 1077): fname = b0qksx
12-04 16:20:54.904 W/SystemConfig( 1077): ro.product.name = a12sub
12-04 16:20:54.904 W/SystemConfig( 1077): fname = b0quew
12-04 16:20:54.904 W/SystemConfig( 1077): ro.product.name = a12sub
12-04 16:20:54.904 W/SystemConfig( 1077): fname = b0qcsx
12-04 16:20:54.904 W/SystemConfig( 1077): ro.product.name = a12sub
12-04 16:20:54.904 W/SystemConfig( 1077): fname = b0qxxx
12-04 16:20:54.904 W/SystemConfig( 1077): ro.product.name = a12sub
12-04 16:20:54.904 W/SystemConfig( 1077): fname = b0qsqw
12-04 16:20:54.904 W/SystemConfig( 1077): ro.product.name = a12sub
12-04 16:20:54.904 W/SystemConfig( 1077): fname = b0qzhx
12-04 16:20:54.904 W/SystemConfig( 1077): ro.product.name = a12sub
12-04 16:20:54.904 W/SystemConfig( 1077): fname = b0qxtur
12-04 16:20:54.904 W/SystemConfig( 1077): ro.product.name = a12sub
12-04 16:20:54.904 W/SystemConfig( 1077): fname = SC-52C
12-04 16:20:54.904 W/SystemConfig( 1077): ro.product.name = a12sub
12-04 16:20:54.905 W/SystemConfig( 1077): fname = SCG14_jp_kdi
12-04 16:20:54.905 W/SystemConfig( 1077): ro.product.name = a12sub
12-04 16:20:54.905 W/SystemConfig( 1077): fname = r0sxxx
12-04 16:20:54.905 W/SystemConfig( 1077): ro.product.name = a12sub
12-04 16:20:54.905 W/SystemConfig( 1077): fname = r0sxeea
12-04 16:20:54.905 W/SystemConfig( 1077): ro.product.name = a12sub
12-04 16:20:54.905 W/SystemConfig( 1077): fname = r0sxtur
12-04 16:20:54.905 W/SystemConfig( 1077): ro.product.name = a12sub
12-04 16:20:54.905 W/SystemConfig( 1077): fname = r0sxser
12-04 16:20:54.905 W/SystemConfig( 1077): ro.product.name = a12sub
12-04 16:20:54.905 W/SystemConfig( 1077): fname = r0sksx
12-04 16:20:54.905 W/SystemConfig( 1077): ro.product.name = a12sub
12-04 16:20:54.905 W/SystemConfig( 1077): fname = r0qksx
12-04 16:20:54.905 W/SystemConfig( 1077): ro.product.name = a12sub
12-04 16:20:54.905 W/SystemConfig( 1077): fname = r0qxtur
12-04 16:20:54.905 W/SystemConfig( 1077): ro.product.name = a12sub
12-04 16:20:54.905 W/SystemConfig( 1077): fname = r0qcsx
12-04 16:20:54.905 W/SystemConfig( 1077): ro.product.name = a12sub
12-04 16:20:54.905 W/SystemConfig( 1077): fname = r0qzhx
12-04 16:20:54.905 W/SystemConfig( 1077): ro.product.name = a12sub
12-04 16:20:54.905 W/SystemConfig( 1077): fname = r0quew
12-04 16:20:54.905 W/SystemConfig( 1077): ro.product.name = a12sub
12-04 16:20:54.905 W/SystemConfig( 1077): fname = r0qsqw
12-04 16:20:54.905 W/SystemConfig( 1077): ro.product.name = a12sub
12-04 16:20:54.905 W/SystemConfig( 1077): fname = r0qxxx
12-04 16:20:54.905 W/SystemConfig( 1077): ro.product.name = a12sub
12-04 16:20:54.905 W/SystemConfig( 1077): fname = SC-51C
12-04 16:20:54.905 W/SystemConfig( 1077): ro.product.name = a12sub
12-04 16:20:54.905 W/SystemConfig( 1077): fname = SCG13_jp_kdi
12-04 16:20:54.905 W/SystemConfig( 1077): ro.product.name = a12sub
12-04 16:20:54.905 W/SystemConfig( 1077): fname = g0sxxx
12-04 16:20:54.905 W/SystemConfig( 1077): ro.product.name = a12sub
12-04 16:20:54.906 W/SystemConfig( 1077): fname = g0sxtur
12-04 16:20:54.906 W/SystemConfig( 1077): ro.product.name = a12sub
12-04 16:20:54.906 W/SystemConfig( 1077): fname = g0sxeea
12-04 16:20:54.906 W/SystemConfig( 1077): ro.product.name = a12sub
12-04 16:20:54.906 W/SystemConfig( 1077): fname = g0sxser
12-04 16:20:54.906 W/SystemConfig( 1077): ro.product.name = a12sub
12-04 16:20:54.906 W/SystemConfig( 1077): fname = g0sksx
12-04 16:20:54.906 W/SystemConfig( 1077): ro.product.name = a12sub
12-04 16:20:54.906 W/SystemConfig( 1077): fname = g0qksx
12-04 16:20:54.906 W/SystemConfig( 1077): ro.product.name = a12sub
12-04 16:20:54.906 W/SystemConfig( 1077): fname = g0quew
12-04 16:20:54.906 W/SystemConfig( 1077): ro.product.name = a12sub
12-04 16:20:54.906 W/SystemConfig( 1077): fname = g0qxtur
12-04 16:20:54.906 W/SystemConfig( 1077): ro.product.name = a12sub
12-04 16:20:54.906 W/SystemConfig( 1077): fname = g0qcsx
12-04 16:20:54.906 W/SystemConfig( 1077): ro.product.name = a12sub
12-04 16:20:54.906 W/SystemConfig( 1077): fname = g0qxxx
12-04 16:20:54.906 W/SystemConfig( 1077): ro.product.name = a12sub
12-04 16:20:54.906 W/SystemConfig( 1077): fname = g0qsqw
12-04 16:20:54.906 W/SystemConfig( 1077): ro.product.name = a12sub
12-04 16:20:54.906 W/SystemConfig( 1077): fname = g0qzhx
12-04 16:20:54.906 W/SystemConfig( 1077): ro.product.name = a12sub
12-04 16:20:54.906 W/SystemConfig( 1077): fname = gts8kxx
12-04 16:20:54.906 W/SystemConfig( 1077): ro.product.name = a12sub
12-04 16:20:54.906 W/SystemConfig( 1077): fname = gts8keea
12-04 16:20:54.906 W/SystemConfig( 1077): ro.product.name = a12sub
12-04 16:20:54.906 W/SystemConfig( 1077): fname = gts8xser
12-04 16:20:54.906 W/SystemConfig( 1077): ro.product.name = a12sub
12-04 16:20:54.906 W/SystemConfig( 1077): fname = gts8xeea
12-04 16:20:54.906 W/SystemConfig( 1077): ro.product.name = a12sub
12-04 16:20:54.906 W/SystemConfig( 1077): fname = gts8xxx
12-04 16:20:54.906 W/SystemConfig( 1077): ro.product.name = a12sub
12-04 16:20:54.906 W/SystemConfig( 1077): fname = gts8sq
12-04 16:20:54.906 W/SystemConfig( 1077): ro.product.name = a12sub
12-04 16:20:54.907 W/SystemConfig( 1077): fname = gts8wifiser
12-04 16:20:54.907 W/SystemConfig( 1077): ro.product.name = a12sub
12-04 16:20:54.907 W/SystemConfig( 1077): fname = gts8wifitur
12-04 16:20:54.907 W/SystemConfig( 1077): ro.product.name = a12sub
12-04 16:20:54.907 W/SystemConfig( 1077): fname = gts8wifixx
12-04 16:20:54.907 W/SystemConfig( 1077): ro.product.name = a12sub
12-04 16:20:54.907 W/SystemConfig( 1077): fname = gts8wifieea
12-04 16:20:54.907 W/SystemConfig( 1077): ro.product.name = a12sub
12-04 16:20:54.907 W/SystemConfig( 1077): fname = gts8pkxx
12-04 16:20:54.907 W/SystemConfig( 1077): ro.product.name = a12sub
12-04 16:20:54.907 W/SystemConfig( 1077): fname = gts8psqw
12-04 16:20:54.907 W/SystemConfig( 1077): ro.product.name = a12sub
12-04 16:20:54.907 W/SystemConfig( 1077): fname = gts8psqw
12-04 16:20:54.907 W/SystemConfig( 1077): ro.product.name = a12sub
12-04 16:20:54.907 W/SystemConfig( 1077): fname = gts8pxser
12-04 16:20:54.907 W/SystemConfig( 1077): ro.product.name = a12sub
12-04 16:20:54.907 W/SystemConfig( 1077): fname = gts8peea
12-04 16:20:54.907 W/SystemConfig( 1077): ro.product.name = a12sub
12-04 16:20:54.907 W/SystemConfig( 1077): fname = gts8pxx
12-04 16:20:54.907 W/SystemConfig( 1077): ro.product.name = a12sub
12-04 16:20:54.907 W/SystemConfig( 1077): fname = gts8pxeea
12-04 16:20:54.907 W/SystemConfig( 1077): ro.product.name = a12sub
12-04 16:20:54.907 W/SystemConfig( 1077): fname = gts8pxxx
12-04 16:20:54.907 W/SystemConfig( 1077): ro.product.name = a12sub
12-04 16:20:54.907 W/SystemConfig( 1077): fname = gts8psqwnc
12-04 16:20:54.907 W/SystemConfig( 1077): ro.product.name = a12sub
12-04 16:20:54.907 W/SystemConfig( 1077): fname = gts8pwifitur
12-04 16:20:54.907 W/SystemConfig( 1077): ro.product.name = a12sub
12-04 16:20:54.907 W/SystemConfig( 1077): fname = gts8pwifiser
12-04 16:20:54.907 W/SystemConfig( 1077): ro.product.name = a12sub
12-04 16:20:54.907 W/SystemConfig( 1077): fname = gts8pwifixx
12-04 16:20:54.907 W/SystemConfig( 1077): ro.product.name = a12sub
12-04 16:20:54.907 W/SystemConfig( 1077): fname = gts8pwifieea
12-04 16:20:54.907 W/SystemConfig( 1077): ro.product.name = a12sub
12-04 16:20:54.908 W/SystemConfig( 1077): fname = gts8pwifijpn
12-04 16:20:54.908 W/SystemConfig( 1077): ro.product.name = a12sub
12-04 16:20:54.908 W/SystemConfig( 1077): fname = gts8ukxx
12-04 16:20:54.908 W/SystemConfig( 1077): ro.product.name = a12sub
12-04 16:20:54.908 W/SystemConfig( 1077): fname = gts8uxser
12-04 16:20:54.908 W/SystemConfig( 1077): ro.product.name = a12sub
12-04 16:20:54.908 W/SystemConfig( 1077): fname = gts8uxeea
12-04 16:20:54.908 W/SystemConfig( 1077): ro.product.name = a12sub
12-04 16:20:54.908 W/SystemConfig( 1077): fname = gts8uxxx
12-04 16:20:54.908 W/SystemConfig( 1077): ro.product.name = a12sub
12-04 16:20:54.908 W/SystemConfig( 1077): fname = gts8uwifiser
12-04 16:20:54.908 W/SystemConfig( 1077): ro.product.name = a12sub
12-04 16:20:54.908 W/SystemConfig( 1077): fname = gts8uwifitur
12-04 16:20:54.908 W/SystemConfig( 1077): ro.product.name = a12sub
12-04 16:20:54.908 W/SystemConfig( 1077): fname = gts8uwifieea
12-04 16:20:54.908 W/SystemConfig( 1077): ro.product.name = a12sub
12-04 16:20:54.908 W/SystemConfig( 1077): fname = gts8uwifixx
12-04 16:20:54.908 W/SystemConfig( 1077): ro.product.name = a12sub
12-04 16:20:54.908 W/SystemConfig( 1077): fname = a33xnndxx
12-04 16:20:54.908 W/SystemConfig( 1077): ro.product.name = a12sub
12-04 16:20:54.908 W/SystemConfig( 1077): fname = a33xnsdtur
12-04 16:20:54.908 W/SystemConfig( 1077): ro.product.name = a12sub
12-04 16:20:54.908 W/SystemConfig( 1077): fname = a33xnsdxx
12-04 16:20:54.908 W/SystemConfig( 1077): ro.product.name = a12sub
12-04 16:20:54.908 W/SystemConfig( 1077): fname = a33xnndx
12-04 16:20:54.908 W/SystemConfig( 1077): ro.product.name = a12sub
12-04 16:20:54.908 W/SystemConfig( 1077): fname = a33xnsdx
12-04 16:20:54.908 W/SystemConfig( 1077): ro.product.name = a12sub
12-04 16:20:54.908 W/SystemConfig( 1077): fname = a33xub
12-04 16:20:54.908 W/SystemConfig( 1077): ro.product.name = a12sub
12-04 16:20:54.908 W/SystemConfig( 1077): fname = a33xks
12-04 16:20:54.908 W/SystemConfig( 1077): ro.product.name = a12sub
12-04 16:20:54.908 W/SystemConfig( 1077): fname = a33xzh
12-04 16:20:54.908 W/SystemConfig( 1077): ro.product.name = a12sub
12-04 16:20:54.908 W/SystemConfig( 1077): fname = a33xnsser
12-04 16:20:54.908 W/SystemConfig( 1077): ro.product.name = a12sub
12-04 16:20:54.908 W/SystemConfig( 1077): fname = a33xnsxx
12-04 16:20:54.908 W/SystemConfig( 1077): ro.product.name = a12sub
12-04 16:20:54.908 W/SystemConfig( 1077): fname = a33xnseea
12-04 16:20:54.908 W/SystemConfig( 1077): ro.product.name = a12sub
12-04 16:20:54.908 W/SystemConfig( 1077): fname = a53xtfn
12-04 16:20:54.908 W/SystemConfig( 1077): ro.product.name = a12sub
12-04 16:20:54.908 W/SystemConfig( 1077): fname = a53xzh
12-04 16:20:54.908 W/SystemConfig( 1077): ro.product.name = a12sub
12-04 16:20:54.908 W/SystemConfig( 1077): fname = a53xcsx
12-04 16:20:54.908 W/SystemConfig( 1077): ro.product.name = a12sub
12-04 16:20:54.909 W/SystemConfig( 1077): fname = a53xnaxx
12-04 16:20:54.909 W/SystemConfig( 1077): ro.product.name = a12sub
12-04 16:20:54.909 W/SystemConfig( 1077): fname = a53xksx
12-04 16:20:54.909 W/SystemConfig( 1077): ro.product.name = a12sub
12-04 16:20:54.909 W/SystemConfig( 1077): fname = a53xnsser
12-04 16:20:54.909 W/SystemConfig( 1077): ro.product.name = a12sub
12-04 16:20:54.909 W/SystemConfig( 1077): fname = a53xnstur
12-04 16:20:54.909 W/SystemConfig( 1077): ro.product.name = a12sub
12-04 16:20:54.909 W/SystemConfig( 1077): fname = a53xnsxx
12-04 16:20:54.909 W/SystemConfig( 1077): ro.product.name = a12sub
12-04 16:20:54.909 W/SystemConfig( 1077): fname = a53xsqx
12-04 16:20:54.909 W/SystemConfig( 1077): ro.product.name = a12sub
12-04 16:20:54.909 W/SystemConfig( 1077): fname = a53xsqw
12-04 16:20:54.909 W/SystemConfig( 1077): ro.product.name = a12sub
12-04 16:20:54.909 W/SystemConfig( 1077): fname = a53xnaeea
12-04 16:20:54.909 W/SystemConfig( 1077): ro.product.name = a12sub
12-04 16:20:54.909 W/SystemConfig( 1077): fname = a53xue
12-04 16:20:54.909 W/SystemConfig( 1077): ro.product.name = a12sub
12-04 16:20:54.909 W/SystemConfig( 1077): fname = SC-53C
12-04 16:20:54.909 W/SystemConfig( 1077): ro.product.name = a12sub
12-04 16:20:54.909 W/SystemConfig( 1077): fname = SCG15_jp_kdi
12-04 16:20:54.909 W/SystemConfig( 1077): ro.product.name = a12sub
12-04 16:20:54.909 W/SystemConfig( 1077): fname = xcoverpro2cs
12-04 16:20:54.909 W/SystemConfig( 1077): ro.product.name = a12sub
12-04 16:20:54.909 W/SystemConfig( 1077): fname = xcoverpro2ue
12-04 16:20:54.909 W/SystemConfig( 1077): ro.product.name = a12sub
12-04 16:20:54.909 W/SystemConfig( 1077): fname = xcoverpro2tur
12-04 16:20:54.909 W/SystemConfig( 1077): ro.product.name = a12sub
12-04 16:20:54.909 W/SystemConfig( 1077): fname = xcoverpro2eea
12-04 16:20:54.909 W/SystemConfig( 1077): ro.product.name = a12sub
12-04 16:20:54.909 W/SystemConfig( 1077): fname = xcoverpro2xx
12-04 16:20:54.909 W/SystemConfig( 1077): ro.product.name = a12sub
12-04 16:20:54.909 W/SystemConfig( 1077): fname = xcoverpro2sq
12-04 16:20:54.909 W/SystemConfig( 1077): ro.product.name = a12sub
12-04 16:20:54.909 W/SystemConfig( 1077): fname = q4qsqw
12-04 16:20:54.909 W/SystemConfig( 1077): ro.product.name = a12sub
12-04 16:20:54.909 W/SystemConfig( 1077): fname = q4qzhx
12-04 16:20:54.909 W/SystemConfig( 1077): ro.product.name = a12sub
12-04 16:20:54.909 W/SystemConfig( 1077): fname = q4qksx
12-04 16:20:54.909 W/SystemConfig( 1077): ro.product.name = a12sub
12-04 16:20:54.909 W/SystemConfig( 1077): fname = q4quew
12-04 16:20:54.909 W/SystemConfig( 1077): ro.product.name = a12sub
12-04 16:20:54.909 W/SystemConfig( 1077): fname = q4qcsx
12-04 16:20:54.909 W/SystemConfig( 1077): ro.product.name = a12sub
12-04 16:20:54.909 W/SystemConfig( 1077): fname = q4qxser
12-04 16:20:54.909 W/SystemConfig( 1077): ro.product.name = a12sub
12-04 16:20:54.909 W/SystemConfig( 1077): fname = q4qxtur
12-04 16:20:54.909 W/SystemConfig( 1077): ro.product.name = a12sub
12-04 16:20:54.910 W/SystemConfig( 1077): fname = q4qxxx
12-04 16:20:54.910 W/SystemConfig( 1077): ro.product.name = a12sub
12-04 16:20:54.910 W/SystemConfig( 1077): fname = q4qxeea
12-04 16:20:54.910 W/SystemConfig( 1077): ro.product.name = a12sub
12-04 16:20:54.910 W/SystemConfig( 1077): fname = SC-55C
12-04 16:20:54.910 W/SystemConfig( 1077): ro.product.name = a12sub
12-04 16:20:54.910 W/SystemConfig( 1077): fname = SCG16_jp_kdi
12-04 16:20:54.910 W/SystemConfig( 1077): ro.product.name = a12sub
12-04 16:20:54.910 W/SystemConfig( 1077): fname = b4qsqw
12-04 16:20:54.910 W/SystemConfig( 1077): ro.product.name = a12sub
12-04 16:20:54.910 W/SystemConfig( 1077): fname = b4qzhx
12-04 16:20:54.910 W/SystemConfig( 1077): ro.product.name = a12sub
12-04 16:20:54.910 W/SystemConfig( 1077): fname = b4qxeea
12-04 16:20:54.910 W/SystemConfig( 1077): ro.product.name = a12sub
12-04 16:20:54.910 W/SystemConfig( 1077): fname = b4qksx
12-04 16:20:54.910 W/SystemConfig( 1077): ro.product.name = a12sub
12-04 16:20:54.910 W/SystemConfig( 1077): fname = b4quew
12-04 16:20:54.910 W/SystemConfig( 1077): ro.product.name = a12sub
12-04 16:20:54.910 W/SystemConfig( 1077): fname = b4qrktw
12-04 16:20:54.910 W/SystemConfig( 1077): ro.product.name = a12sub
12-04 16:20:54.910 W/SystemConfig( 1077): fname = b4qcsx
12-04 16:20:54.910 W/SystemConfig( 1077): ro.product.name = a12sub
12-04 16:20:54.910 W/SystemConfig( 1077): fname = b4qxser
12-04 16:20:54.910 W/SystemConfig( 1077): ro.product.name = a12sub
12-04 16:20:54.910 W/SystemConfig( 1077): fname = b4qxtur
12-04 16:20:54.910 W/SystemConfig( 1077): ro.product.name = a12sub
12-04 16:20:54.910 W/SystemConfig( 1077): fname = b4qxxx
12-04 16:20:54.910 W/SystemConfig( 1077): ro.product.name = a12sub
12-04 16:20:54.910 W/SystemConfig( 1077): fname = SC-54C
12-04 16:20:54.910 W/SystemConfig( 1077): ro.product.name = a12sub
12-04 16:20:54.910 W/SystemConfig( 1077): fname = SCG17_jp_kdi
12-04 16:20:54.910 W/SystemConfig( 1077): ro.product.name = a12sub
12-04 16:20:54.910 W/SystemConfig( 1077): fname = gtact4prokxx
12-04 16:20:54.910 W/SystemConfig( 1077): ro.product.name = a12sub
12-04 16:20:54.910 W/SystemConfig( 1077): fname = gtact4proxser
12-04 16:20:54.910 W/SystemConfig( 1077): ro.product.name = a12sub
12-04 16:20:54.911 W/SystemConfig( 1077): fname = gtact4proxeea
12-04 16:20:54.911 W/SystemConfig( 1077): ro.product.name = a12sub
12-04 16:20:54.911 W/SystemConfig( 1077): fname = gtact4proxxx
12-04 16:20:54.911 W/SystemConfig( 1077): ro.product.name = a12sub
12-04 16:20:54.911 W/SystemConfig( 1077): fname = gtact4proue
12-04 16:20:54.911 W/SystemConfig( 1077): ro.product.name = a12sub
12-04 16:20:54.911 W/SystemConfig( 1077): fname = gtact4protur
12-04 16:20:54.911 W/SystemConfig( 1077): ro.product.name = a12sub
12-04 16:20:54.911 W/SystemConfig( 1077): fname = gtact4prowifieea
12-04 16:20:54.911 W/SystemConfig( 1077): ro.product.name = a12sub
12-04 16:20:54.911 W/SystemConfig( 1077): fname = gtact4prowifixx
12-04 16:20:54.911 W/SystemConfig( 1077): ro.product.name = a12sub
12-04 16:20:54.911 W/SystemConfig( 1077): fname = SC-56C
12-04 16:20:54.911 W/SystemConfig( 1077): ro.product.name = a12sub
12-04 16:20:54.911 I/SystemConfig( 1077): Reading permissions from
/product/etc/sysconfig/preinstalled-packages-platform-overlays.xml
12-04 16:20:54.913 I/SystemConfig( 1077): Reading permissions from
/product/etc/sysconfig/google_turbo.xml
12-04 16:20:54.913 I/SystemConfig( 1077): Reading permissions from
/product/etc/sysconfig/preinstalled-packages-platform-handheld-product.xml
12-04 16:20:54.914 I/SystemConfig( 1077): Reading permissions from
/product/etc/sysconfig/google-rollback-package-whitelist.xml
12-04 16:20:54.914 I/SystemConfig( 1077): Reading permissions from
/product/etc/sysconfig/google-staged-installer-whitelist.xml
12-04 16:20:54.914 I/CASS_DEBUG( 716): [cp_monitor] poll revents [6/0x0010]
12-04 16:20:54.915 I/CASS_DEBUG( 716): [cp_monitor] Modem seems to be in offline
12-04 16:20:54.915 I/CASS_DEBUG( 716): [cp_monitor] Modem status : 0x00
12-04 16:20:54.915 I/CASS_DEBUG( 716): Read : after select [7]
12-04 16:20:54.915 I/SystemConfig( 1077): Reading permissions from
/product/etc/sysconfig/carrierwifi-sysconfig.xml
12-04 16:20:54.915 I/SystemConfig( 1077): Reading permissions from
/product/etc/sysconfig/wellbeing.xml
12-04 16:20:54.915 I/SystemConfig( 1077): Reading permissions from
/product/etc/sysconfig/google.xml
12-04 16:20:54.916 I/SystemConfig( 1077): Adding association: com.google.android.as
<- com.android.bluetooth
12-04 16:20:54.916 I/SystemConfig( 1077): Adding association: com.google.android.as
<- com.android.providers.contacts
12-04 16:20:54.916 I/SystemConfig( 1077): Adding association: com.google.android.as
<- com.android.providers.media
12-04 16:20:54.916 I/SystemConfig( 1077): Adding association: com.google.android.as
<- com.android.providers.telephony
12-04 16:20:54.916 I/SystemConfig( 1077): Adding association: com.google.android.as
<- com.android.systemui
12-04 16:20:54.916 I/SystemConfig( 1077): Adding association: com.google.android.as
<- com.google.android.providers.media.module
12-04 16:20:54.916 I/SystemConfig( 1077): Adding association: com.google.android.as
<- com.google.android.as.oss
12-04 16:20:54.916 I/SystemConfig( 1077): Adding association:
com.google.android.as.oss <- com.google.android.as
12-04 16:20:54.916 I/SystemConfig( 1077): Reading permissions from
/product/etc/sysconfig/GoogleCellBroadcast_config.xml
12-04 16:20:54.916 E/SystemConfig( 1077): aer = false, f.getPath().contains = true
12-04 16:20:54.917 I/SystemConfig( 1077): Reading permissions from
/product/etc/sysconfig/google_duo.xml
12-04 16:20:54.917 I/SystemConfig( 1077): Reading permissions from
/product/etc/permissions/carrierwifi.xml
12-04 16:20:54.918 I/SystemConfig( 1077): Reading permissions from
/product/etc/permissions/split-permissions-google.xml
12-04 16:20:54.918 I/SystemConfig( 1077): Reading permissions from
/product/etc/permissions/turboapk-permissions.xml
12-04 16:20:54.918 I/SystemConfig( 1077): Reading permissions from
/product/etc/permissions/privapp-permissions-google-product.xml
12-04 16:20:54.922 W/SystemConfig( 1077): No directory /system_ext/etc/sysconfig,
skipping
12-04 16:20:54.923 I/SystemConfig( 1077): Reading permissions from
/system_ext/etc/permissions/com.android.emergency.xml
12-04 16:20:54.924 I/SystemConfig( 1077): Reading permissions from
/system_ext/etc/permissions/com.android.storagemanager.xml
12-04 16:20:54.926 I/SystemConfig( 1077): Reading permissions from
/system_ext/etc/permissions/privapp-permissions-google-system-ext.xml
12-04 16:20:54.928 I/SystemConfig( 1077): Reading permissions from
/system_ext/etc/permissions/com.android.systemui.xml
12-04 16:20:54.930 I/SystemConfig( 1077): Reading permissions from
/system_ext/etc/permissions/com.android.carrierconfig.xml
12-04 16:20:54.932 I/SystemConfig( 1077): Reading permissions from
/system_ext/etc/permissions/com.samsung.systemui.xml
12-04 16:20:54.934 W/SystemConfig( 1077): No directory /system/carrier/sysconfig,
skipping
12-04 16:20:54.935 W/SystemConfig( 1077): No directory /system/carrier/permissions,
skipping
12-04 16:20:54.941 I/SystemConfig( 1077): Reading permissions from
/prism/etc/carriers/single/ARO/sysconfig/whitelist_com.dti.samsung.xml
12-04 16:20:54.946 I/SystemConfig( 1077): Reading permissions from
/prism/etc/carriers/single/ARO/permissions/privapp-permissions-com.dti.samsung.xml
12-04 16:20:54.949 I/SystemConfig( 1077): Reading permissions from
/apex/com.android.mediaprovider/etc/permissions/privapp_allowlist_com.google.androi
d.providers.media.module.xml
12-04 16:20:54.950 W/SystemConfig( 1077): <privapp-permissions> not allowed in
partition of
/apex/com.android.mediaprovider/etc/permissions/privapp_allowlist_com.google.androi
d.providers.media.module.xml at START_TAG <privapp-permissions
package='com.google.android.providers.media.module'>@16:78 in
java.io.FileReader@87f8843
12-04 16:20:54.952 I/SystemConfig( 1077): Reading permissions from
/apex/com.android.tethering/etc/permissions/privapp_allowlist_com.google.android.ne
tworkstack.tethering.xml
12-04 16:20:54.953 W/SystemConfig( 1077): <privapp-permissions> not allowed in
partition of
/apex/com.android.tethering/etc/permissions/privapp_allowlist_com.google.android.ne
tworkstack.tethering.xml at START_TAG <privapp-permissions
package='com.google.android.networkstack.tethering'>@16:78 in
java.io.FileReader@88947f9
12-04 16:20:54.955 I/SystemConfig( 1077): Reading permissions from
/apex/com.android.cellbroadcast/etc/permissions/privapp_allowlist_com.google.androi
d.cellbroadcastreceiver.xml
12-04 16:20:54.956 W/SystemConfig( 1077): <privapp-permissions> not allowed in
partition of
/apex/com.android.cellbroadcast/etc/permissions/privapp_allowlist_com.google.androi
d.cellbroadcastreceiver.xml at START_TAG <privapp-permissions
package='com.google.android.cellbroadcastreceiver'>@16:77 in
java.io.FileReader@708659f
12-04 16:20:54.957 I/SystemConfig( 1077): Reading permissions from
/apex/com.android.cellbroadcast/etc/permissions/privapp_allowlist_com.google.androi
d.cellbroadcastservice.xml
12-04 16:20:54.957 W/SystemConfig( 1077): <privapp-permissions> not allowed in
partition of
/apex/com.android.cellbroadcast/etc/permissions/privapp_allowlist_com.google.androi
d.cellbroadcastservice.xml at START_TAG <privapp-permissions
package='com.google.android.cellbroadcastservice'>@16:76 in
java.io.FileReader@d6ab5
12-04 16:20:54.960 I/SystemConfig( 1077): Reading permissions from
/apex/com.android.extservices/etc/permissions/privapp_allowlist_com.google.android.
ext.services.xml
12-04 16:20:54.961 W/SystemConfig( 1077): <privapp-permissions> not allowed in
partition of
/apex/com.android.extservices/etc/permissions/privapp_allowlist_com.google.android.
ext.services.xml at START_TAG <privapp-permissions
package='com.google.android.ext.services'>@16:68 in java.io.FileReader@c17bcbb
12-04 16:20:54.963 I/SystemConfig( 1077): Reading permissions from
/apex/com.android.permission/etc/permissions/privapp_allowlist_com.google.android.p
ermissioncontroller.xml
12-04 16:20:54.964 W/SystemConfig( 1077): <privapp-permissions> not allowed in
partition of
/apex/com.android.permission/etc/permissions/privapp_allowlist_com.google.android.p
ermissioncontroller.xml at START_TAG <privapp-permissions
package='com.google.android.permissioncontroller'>@16:76 in
java.io.FileReader@576fd31
12-04 16:20:54.965 I/SystemConfig( 1077): Reading permissions from
/apex/com.android.ipsec/etc/permissions/android.net.ipsec.ike.xml
12-04 16:20:54.975 D/SystemConfig( 1077): readAllPermissions took to complete:
269ms
12-04 16:20:54.976 D/SystemServerTimingAsync( 1077):
InitThreadPoolExec:ReadingSystemConfig took to complete: 269ms
12-04 16:20:54.987 D/BatteryDump( 761): wait_for_battery_event : occurred :
add@/devices/virtual/wakeup/wakeup49
12-04 16:20:54.991 D/BatteryDump( 761): wait_for_battery_event : occurred :
add@/devices/virtual/wakeup/wakeup50
12-04 16:20:54.992 D/BatteryDump( 761): wait_for_battery_event : occurred :
add@/devices/virtual/wakeup/wakeup51
12-04 16:20:54.992 D/BatteryDump( 761): wait_for_battery_event : occurred :
add@/devices/virtual/wakeup/wakeup52
12-04 16:20:54.998 I/PerProcessNandswap( 1077): Static Initialization of
PerProcessNandswap
12-04 16:20:54.999 I/PerProcessNandswap( 1077): createInstance start
12-04 16:20:55.002 I/ActivityManager( 1077): Connection with lmkd established
12-04 16:20:55.002 I/lmkd ( 325): lmkd data connection established
12-04 16:20:55.008 I/DHA_PROPERTY( 1077): highRes_MaxCached : 10
normalRes_MaxCached : 14
12-04 16:20:55.008 I/DHA_PROPERTY( 1077): DHA STEP 2
12-04 16:20:55.008 I/DHA_PROPERTY( 1077): DHA TH RATE 2.0
12-04 16:20:55.008 I/DHA_PROPERTY( 1077): DHA mSzDHAThreshold 33554432
12-04 16:20:55.008 I/DHA_PROPERTY( 1077): DHA DHA_INCREASE_THRESHOLD 2097152
12-04 16:20:55.009 I/CameraManagerGlobal( 1077):
unregisterCameraDeviceStateCallback
12-04 16:20:55.009 I/CameraManagerGlobal( 1077): registerCameraDeviceStateCallback
12-04 16:20:55.009 I/CameraManagerGlobal( 1077): Connecting to camera service
12-04 16:20:55.015 I/CASS_DEBUG( 716): [cp_monitor] Modem status : 0x00
12-04 16:20:55.016 D/hw-ProcessState( 1120): Binder ioctl to enable oneway spam
detection failed: Invalid argument
12-04 16:20:55.018 D/SemNativeCarrierFeature_vendor( 1120): getInstance
12-04 16:20:55.018 D/SemNativeCarrierFeature_vendor( 1120): _carrierinstance is
null
12-04 16:20:55.018 D/SemNativeCarrierFeature_vendor( 1120): fDefaultFilePath :
/optics/configs/carriers/single/ARO/conf/system/customer_carrier_feature.json
12-04 16:20:55.018 I/PackageWatchdog( 1077): Updated health check state for package
com.google.android.ext.services: INACTIVE -> PASSED
12-04 16:20:55.019 I/PackageWatchdog( 1077): Updated health check state for package
com.google.android.cellbroadcastservice: INACTIVE -> PASSED
12-04 16:20:55.019 I/PackageWatchdog( 1077): Updated health check state for package
com.google.android.providers.media.module: INACTIVE -> PASSED
12-04 16:20:55.019 I/PackageWatchdog( 1077): Updated health check state for package
com.android.vending: INACTIVE -> PASSED
12-04 16:20:55.019 I/PackageWatchdog( 1077): Updated health check state for package
com.samsung.SMT: INACTIVE -> PASSED
12-04 16:20:55.019 I/PackageWatchdog( 1077): Updated health check state for package
android: INACTIVE -> PASSED
12-04 16:20:55.019 I/PackageWatchdog( 1077): Updated health check state for package
com.samsung.android.app.telephonyui: INACTIVE -> PASSED
12-04 16:20:55.019 I/PackageWatchdog( 1077): Updated health check state for package
com.google.android.permissioncontroller: INACTIVE -> PASSED
12-04 16:20:55.019 I/PackageWatchdog( 1077): Updated health check state for package
com.google.android.setupwizard: INACTIVE -> PASSED
12-04 16:20:55.019 I/PackageWatchdog( 1077): Updated health check state for package
com.sec.imsservice: INACTIVE -> PASSED
12-04 16:20:55.019 I/PackageWatchdog( 1077): Updated health check state for package
com.google.android.gms: INACTIVE -> PASSED
12-04 16:20:55.019 I/PackageWatchdog( 1077): Updated health check state for package
com.google.android.gsf: INACTIVE -> PASSED
12-04 16:20:55.019 I/PackageWatchdog( 1077): Updated health check state for package
com.sec.android.diagmonagent: INACTIVE -> PASSED
12-04 16:20:55.019 I/PackageWatchdog( 1077): Updated health check state for package
com.sec.android.app.launcher: INACTIVE -> PASSED
12-04 16:20:55.019 I/PackageWatchdog( 1077): Updated health check state for package
com.samsung.android.dqagent: INACTIVE -> PASSED
12-04 16:20:55.019 I/PackageWatchdog( 1077): Updated health check state for package
com.samsung.android.fmm: INACTIVE -> PASSED
12-04 16:20:55.019 I/PackageWatchdog( 1077): Updated health check state for package
com.samsung.android.uds: INACTIVE -> PASSED
12-04 16:20:55.019 I/PackageWatchdog( 1077): Updated health check state for package
com.android.settings: INACTIVE -> PASSED
12-04 16:20:55.019 D/SemNativeCarrierFeature_vendor( 1120): fSpecificFilePath :
/optics/configs/carriers/single/ARO/conf/system/customer_carrier_feature.json
12-04 16:20:55.019 I/PackageWatchdog( 1077): Updated health check state for package
com.sec.android.app.bluetoothtest: INACTIVE -> PASSED
12-04 16:20:55.019 I/PackageWatchdog( 1077): Updated health check state for package
com.sec.android.sdhms: INACTIVE -> PASSED
12-04 16:20:55.019 I/PackageWatchdog( 1077): Updated health check state for package
com.google.android.apps.turbo: INACTIVE -> PASSED
12-04 16:20:55.019 I/PackageWatchdog( 1077): Updated health check state for package
com.android.phone: INACTIVE -> PASSED
12-04 16:20:55.019 I/PackageWatchdog( 1077): Updated health check state for package
com.wssyncmldm: INACTIVE -> PASSED
12-04 16:20:55.019 I/PackageWatchdog( 1077): Updated health check state for package
com.android.systemui: INACTIVE -> PASSED
12-04 16:20:55.020 I/PackageWatchdog( 1077): Updated health check state for package
com.android.bluetooth: INACTIVE -> PASSED
12-04 16:20:55.020 I/PackageWatchdog( 1077): Updated health check state for package
com.google.android.networkstack.tethering: INACTIVE -> PASSED
12-04 16:20:55.020 I/CASS_DEBUG( 716): Read : read IoChannel 7, size 0
12-04 16:20:55.020 I/CASS_DEBUG( 716): Failed to read umts_cass buffer(0)
12-04 16:20:55.020 I/PackageWatchdog( 1077): Updated health check state for package
com.google.android.ext.services: INACTIVE -> PASSED
12-04 16:20:55.020 I/CASS_DEBUG( 716): Read
12-04 16:20:55.020 I/CASS_DEBUG( 716): Read : select... [7]
12-04 16:20:55.020 I/CASS_DEBUG( 716): Read : after select [7]
12-04 16:20:55.020 I/PackageWatchdog( 1077): Updated health check state for package
com.google.android.cellbroadcastservice: INACTIVE -> PASSED
12-04 16:20:55.020 I/PackageWatchdog( 1077): Updated health check state for package
com.google.android.media.swcodec: INACTIVE -> PASSED
12-04 16:20:55.020 I/PackageWatchdog( 1077): Updated health check state for package
com.google.android.os.statsd: INACTIVE -> PASSED
12-04 16:20:55.020 I/PackageWatchdog( 1077): Updated health check state for package
com.google.android.providers.media.module: INACTIVE -> PASSED
