02-01 07:50:02.275 2923 2923 E OplusCustomizeRestrictionManager: getInstance
02-01 07:50:02.278 2923 2923 E libc : Access denied finding property "ro.vendor.pref_scale_resolution"
02-01 07:50:02.279 2923 2923 E libc : Access denied finding property "ro.vendor.pref_scale_resolution"
02-01 07:50:02.282 2923 2923 E libc : Access denied finding property "ro.vendor.pref_scale_resolution"
02-01 07:50:02.322 2923 3244 W LOTTIE : Animation contains merge paths. Merge paths are only supported on KitKat+ and must be manually enabled by calling enableMergePathsForKitKatAndAbove().
02-01 07:50:02.326 2923 2923 E libc : Access denied finding property "ro.vendor.pref_scale_resolution"
02-01 07:50:02.329 2923 2923 E Parcel : Reading a NULL string not supported here.
02-01 07:50:02.322 2923 2923 E OplusCustomizeRestrictionManager: getInstance
02-01 07:50:02.356 2923 2923 E libc : Access denied finding property "ro.vendor.pref_scale_resolution"
02-01 07:50:02.356 2923 2923 E OplusCustomizeRestrictionManager: getInstance
02-01 07:50:02.359 2923 2923 E OplusCustomizeRestrictionManager: getInstance
02-01 07:50:02.363 2923 2923 E OplusCustomizeRestrictionManager: getInstance
02-01 07:50:02.512 2923 2923 W LOTTIE : Animation contains merge paths but they are disabled.
02-01 07:50:02.545 2923 2923 E libc : Access denied finding property "ro.vendor.pref_scale_resolution"
02-01 07:50:02.545 2923 2923 E OplusCustomizeRestrictionManager: getInstance
02-01 07:50:02.546 2923 2923 E OplusCustomizeRestrictionManager: getInstance
02-01 07:50:02.547 2923 2923 E OplusCustomizeRestrictionManager: getInstance
02-01 07:50:02.549 2923 2923 E libc : Access denied finding property "ro.vendor.pref_scale_resolution"
02-01 07:50:02.551 2923 2923 E libc : Access denied finding property "ro.vendor.pref_scale_resolution"
02-01 07:50:02.555 2923 2923 E libc : Access denied finding property "ro.vendor.pref_scale_resolution"
02-01 07:50:02.575 2923 2923 E libc : Access denied finding property "ro.vendor.pref_scale_resolution"
02-01 07:50:02.576 2923 2923 E libc : Access denied finding property "ro.vendor.pref_scale_resolution"
02-01 07:50:02.551 2923 2923 E OplusCustomizeRestrictionManager: getInstance
02-01 07:50:02.602 2923 2923 E libc : Access denied finding property "ro.vendor.pref_scale_resolution"
02-01 07:50:02.603 2923 2923 E libc : Access denied finding property "ro.vendor.pref_scale_resolution"
02-01 07:50:02.604 2923 2923 E OplusCustomizeRestrictionManager: getInstance
02-01 07:50:02.611 2923 2923 E libc : Access denied finding property "ro.vendor.pref_scale_resolution"
02-01 07:50:02.618 2923 2923 E libc : Access denied finding property "ro.vendor.pref_scale_resolution"
02-01 07:50:02.625 2923 2923 E libc : Access denied finding property "ro.vendor.pref_scale_resolution"
02-01 07:50:02.629 2923 2923 E libc : Access denied finding property "ro.vendor.pref_scale_resolution"
02-01 07:50:02.634 2923 2923 E libc : Access denied finding property "ro.vendor.pref_scale_resolution"
02-01 07:50:02.640 2923 2923 E libc : Access denied finding property "ro.vendor.pref_scale_resolution"
02-01 07:50:02.641 2923 2923 E libc : Access denied finding property "ro.vendor.pref_scale_resolution"
02-01 07:50:02.644 2923 2923 E libc : Access denied finding property "ro.vendor.pref_scale_resolution"
02-01 07:50:02.646 2923 2923 E libc : Access denied finding property "ro.vendor.pref_scale_resolution"
02-01 07:50:02.648 2923 2923 E libc : Access denied finding property "ro.vendor.pref_scale_resolution"
02-01 07:50:02.656 2923 2923 E libc : Access denied finding property "ro.vendor.pref_scale_resolution"
02-01 07:50:02.667 2923 2923 E libc : Access denied finding property "ro.vendor.pref_scale_resolution"
02-01 07:50:02.674 2923 2923 E libc : Access denied finding property "ro.vendor.pref_scale_resolution"
02-01 07:50:02.675 2923 2923 E libc : Access denied finding property "ro.vendor.pref_scale_resolution"
02-01 07:50:02.676 2923 2923 E libc : Access denied finding property "ro.vendor.pref_scale_resolution"
02-01 07:50:02.695 2923 2923 E libc : Access denied finding property "ro.vendor.pref_scale_resolution"
02-01 07:50:02.696 2923 2923 E libc : Access denied finding property "ro.vendor.pref_scale_resolution"
02-01 07:50:02.698 2923 2923 E libc : Access denied finding property "ro.vendor.pref_scale_resolution"
02-01 07:50:02.696 2923 2923 E OplusCustomizeRestrictionManager: getInstance
02-01 07:50:02.721 2923 2923 E OplusCustomizeRestrictionManager: getInstance
02-01 07:50:02.727 2923 2923 E libc : Access denied finding property "ro.vendor.pref_scale_resolution"
02-01 07:50:02.741 2923 2923 E libc : Access denied finding property "ro.vendor.pref_scale_resolution"
02-01 07:50:02.743 2923 2923 E OplusCustomizeRestrictionManager: getInstance
02-01 07:50:02.745 2923 2923 E libc : Access denied finding property "ro.vendor.pref_scale_resolution"
02-01 07:50:02.834 2923 2923 E libc : Access denied finding property "ro.vendor.pref_scale_resolution"
02-01 07:50:02.863 2923 2923 E OplusCustomizeRestrictionManager: getInstance
02-01 07:50:02.867 2923 2923 E libc : Access denied finding property "ro.vendor.pref_scale_resolution"
02-01 07:50:02.890 2923 2923 E libc : Access denied finding property "ro.vendor.pref_scale_resolution"
02-01 07:50:02.890 2923 2923 E OplusCustomizeRestrictionManager: getInstance
02-01 07:50:02.900 2923 2923 E libc : Access denied finding property "ro.vendor.pref_scale_resolution"
02-01 07:50:02.933 2923 2923 E libc : Access denied finding property "ro.vendor.pref_scale_resolution"
02-01 07:50:02.958 2923 3052 W LibraryVersion: Failed to get app version for libraryName: firebase-iid
02-01 07:50:02.899 2923 2923 E OplusCustomizeRestrictionManager: getInstance
02-01 07:50:02.988 2923 2923 E OplusCustomizeRestrictionManager: getInstance
02-01 07:50:02.994 2923 2923 E libc : Access denied finding property "ro.vendor.pref_scale_resolution"
02-01 07:50:03.025 2923 2923 E libc : Access denied finding property "ro.vendor.pref_scale_resolution"
02-01 07:50:03.084 2923 3269 E Parcel : Reading a NULL string not supported here.
02-01 07:50:03.186 2923 2923 E OplusCustomizeRestrictionManager: getInstance
02-01 07:50:03.189 2923 2923 E OplusCustomizeRestrictionManager: getInstance
02-01 07:50:03.883 2923 3288 E Parcel : Reading a NULL string not supported here.
02-01 07:50:03.933 2923 3181 E CheckPermission: _bluetooth code = 1
02-01 07:50:03.935 2923 3181 E CheckPermission: _bluetooth code = 3
02-01 07:50:03.936 2923 3181 E CheckPermission: _bluetooth code = 11
02-01 07:50:03.190 2923 2923 E OplusCustomizeRestrictionManager: getInstance
02-01 07:50:03.996 2923 3288 W CursorWindow: Window is full: requested allocation 804 bytes, free space 4 bytes, window size 2097152 bytes
02-01 07:50:04.097 2923 2923 E libc : Access denied finding property "ro.vendor.pref_scale_resolution"
02-01 07:50:04.123 2923 2923 E libc : Access denied finding property "ro.vendor.pref_scale_resolution"
02-01 07:50:04.127 2923 2923 E libc : Access denied finding property "ro.vendor.pref_scale_resolution"
02-01 07:50:04.134 2923 2923 E OplusCustomizeRestrictionManager: getInstance
02-01 07:50:04.132 2923 2923 E libc : Access denied finding property "ro.vendor.pref_scale_resolution"
02-01 07:50:04.136 2923 2923 E OplusCustomizeRestrictionManager: getInstance
02-01 07:50:06.181 2923 2923 E OplusCustomizeRestrictionManager: getInstance
02-01 07:50:06.198 2923 2923 E libc : Access denied finding property "ro.vendor.pref_scale_resolution"
02-01 07:50:06.182 2923 2923 E OplusCustomizeRestrictionManager: getInstance
02-01 07:50:06.258 2923 2923 E libc : Access denied finding property "ro.vendor.pref_scale_resolution"
02-01 07:50:06.290 2923 2923 E OplusCustomizeRestrictionManager: getInstance
02-01 07:50:06.291 2923 2923 E OplusCustomizeRestrictionManager: getInstance
02-01 07:50:06.317 2923 2923 E libc : Access denied finding property "ro.vendor.pref_scale_resolution"
02-01 07:50:06.318 2923 2923 E OplusCustomizeRestrictionManager: getInstance
02-01 07:50:06.331 2923 2923 E OplusCustomizeRestrictionManager: getInstance
02-01 07:50:06.332 2923 2923 E OplusCustomizeRestrictionManager: getInstance
02-01 07:50:06.694 2923 2923 E libc : Access denied finding property "ro.vendor.pref_scale_resolution"
02-01 07:50:06.695 2923 2923 E OplusCustomizeRestrictionManager: getInstance
02-01 07:50:06.721 2923 2923 E libc : Access denied finding property "ro.vendor.pref_scale_resolution"
02-01 07:50:07.031 2923 2923 E OplusCustomizeRestrictionManager: getInstance
02-01 07:50:07.386 2923 2923 E OplusCustomizeRestrictionManager: getInstance
02-01 07:50:07.387 2923 2923 E OplusCustomizeRestrictionManager: getInstance
02-01 07:50:09.749 2923 2923 E libc : Access denied finding property "ro.vendor.pref_scale_resolution"
02-01 07:50:09.754 2923 2923 E libc : Access denied finding property "ro.vendor.pref_scale_resolution"
02-01 07:50:09.757 2923 2923 E libc : Access denied finding property "ro.vendor.pref_scale_resolution"
02-01 07:50:09.764 2923 2923 E libc : Access denied finding property "ro.vendor.pref_scale_resolution"
02-01 07:50:09.767 2923 2923 E libc : Access denied finding property "ro.vendor.pref_scale_resolution"
02-01 07:50:09.776 2923 2923 E libc : Access denied finding property "ro.vendor.pref_scale_resolution"
02-01 07:50:09.780 2923 2923 E libc : Access denied finding property "ro.vendor.pref_scale_resolution"
02-01 07:50:09.781 2923 2923 E libc : Access denied finding property "ro.vendor.pref_scale_resolution"
02-01 07:50:09.783 2923 2923 E libc : Access denied finding property "ro.vendor.pref_scale_resolution"
02-01 07:50:09.787 2923 2923 E OplusCustomizeRestrictionManager: getInstance
02-01 07:50:09.785 2923 2923 E libc : Access denied finding property "ro.vendor.pref_scale_resolution"
02-01 07:50:09.788 2923 2923 E OplusCustomizeRestrictionManager: getInstance
02-01 07:50:11.279 2923 3288 E Parcel : Reading a NULL string not supported here.
02-01 07:50:11.369 2923 3288 W CursorWindow: Window is full: requested allocation 804 bytes, free space 4 bytes, window size 2097152 bytes
02-01 07:50:11.701 2923 3288 W CursorWindow: Window is full: requested allocation 804 bytes, free space 296 bytes, window size 2097152 bytes
02-01 07:50:11.900 2923 3288 W CursorWindow: Window is full: requested allocation 804 bytes, free space 656 bytes, window size 2097152 bytes
02-01 07:50:12.109 2923 3288 E Parcel : Reading a NULL string not supported here.
02-01 07:50:12.296 2923 3288 E Parcel : Reading a NULL string not supported here.
02-01 07:50:13.039 2923 3288 E Parcel : Reading a NULL string not supported here.
02-01 07:50:13.065 2923 3288 E Parcel : Reading a NULL string not supported here.
02-01 07:50:13.124 2923 3288 E Parcel : Reading a NULL string not supported here.
02-01 07:50:13.281 2923 3288 E Parcel : Reading a NULL string not supported here.
02-01 07:50:13.488 2923 3288 E Parcel : Reading a NULL string not supported here.
02-01 07:50:13.550 2923 2923 E libc : Access denied finding property "ro.vendor.pref_scale_resolution"
02-01 07:50:13.560 2923 3288 W CursorWindow: Window is full: requested allocation 804 bytes, free space 4 bytes, window size 2097152 bytes
02-01 07:50:13.581 2923 2923 E libc : Access denied finding property "ro.vendor.pref_scale_resolution"
02-01 07:50:13.603 2923 2923 E libc : Access denied finding property "ro.vendor.pref_scale_resolution"
02-01 07:50:30.362 2923 2923 E libc : Access denied finding property "ro.vendor.pref_scale_resolution"
02-01 07:50:30.474 2923 2923 E libc : Access denied finding property "ro.vendor.pref_scale_resolution"
02-01 07:50:33.095 2923 3288 E Parcel : Reading a NULL string not supported here.
02-01 07:50:33.208 2923 3288 W CursorWindow: Window is full: requested allocation 804 bytes, free space 4 bytes, window size 2097152 bytes
02-01 07:50:33.881 2923 3288 W CursorWindow: Window is full: requested allocation 804 bytes, free space 296 bytes, window size 2097152 bytes
02-01 07:50:34.253 2923 3288 W CursorWindow: Window is full: requested allocation 804 bytes, free space 656 bytes, window size 2097152 bytes
02-01 07:50:34.678 2923 3288 E Parcel : Reading a NULL string not supported here.
02-01 07:50:34.954 2923 3288 E Parcel : Reading a NULL string not supported here.
02-01 07:50:35.823 2923 3288 E Parcel : Reading a NULL string not supported here.
02-01 07:50:35.940 2923 3288 E Parcel : Reading a NULL string not supported here.
02-01 07:50:36.061 2923 3288 E Parcel : Reading a NULL string not supported here.
02-01 07:50:36.384 2923 3288 E Parcel : Reading a NULL string not supported here.
02-01 07:50:46.642 2923 3288 E Parcel : Reading a NULL string not supported here.
02-01 07:50:46.773 2923 3288 W CursorWindow: Window is full: requested allocation 804 bytes, free space 4 bytes, window size 2097152 bytes --------- beginning of main
02-02 13:06:08.819 4020 4020 E com.mbwhatsapp: Unknown bits set in runtime_flags: 0x40000000
02-02 13:06:08.825 4020 4020 E com.mbwhatsapp: Not starting debugger since process cannot load the jdwp agent.
02-02 13:06:08.835 4020 4020 E RefClass: java.lang.reflect.InvocationTargetException
02-02 13:06:09.074 4020 4020 W System.err: java.lang.ClassNotFoundException: mbmodsd.mbmodsw.ui.views.btn.BtnBK
02-02 13:06:09.074 4020 4020 W System.err: at java.lang.Runtime.nativeLoad(Native Method)
02-02 13:06:09.075 4020 4020 W System.err: at java.lang.Runtime.nativeLoad(Runtime.java:1131)
02-02 13:06:09.075 4020 4020 W System.err: at java.lang.Runtime.loadLibrary0(Runtime.java:1085)
02-02 13:06:09.075 4020 4020 W System.err: at java.lang.Runtime.loadLibrary0(Runtime.java:1008)
02-02 13:06:09.075 4020 4020 W System.err: at java.lang.System.loadLibrary(System.java:1664)
02-02 13:06:09.075 4020 4020 W System.err: at arm.EpicVm.<clinit>(Unknown Source:2)
02-02 13:06:09.075 4020 4020 W System.err: at java.lang.Class.newInstance(Native Method)
02-02 13:06:09.076 4020 4020 W System.err: at android.app.AppComponentFactory.instantiateApplication(AppComponentFactory.java:76)
02-02 13:06:09.076 4020 4020 W System.err: at androidx.core.app.CoreComponentFactory.instantiateApplication(Unknown Source:0)
02-02 13:06:09.076 4020 4020 W System.err: at android.app.Instrumentation.newApplication(Instrumentation.java:1158)
02-02 13:06:09.076 4020 4020 W System.err: at android.app.LoadedApk.makeApplication(LoadedApk.java:1324)
02-02 13:06:09.076 4020 4020 W System.err: at android.app.ActivityThread.handleBindApplication(ActivityThread.java:7190)
02-02 13:06:09.076 4020 4020 W System.err: at android.app.ActivityThread.access$1700(ActivityThread.java:292)
02-02 13:06:09.076 4020 4020 W System.err: at android.app.ActivityThread$H.handleMessage(ActivityThread.java:2172)
02-02 13:06:09.076 4020 4020 W System.err: at android.os.Handler.dispatchMessage(Handler.java:106)
02-02 13:06:09.077 4020 4020 W System.err: at android.os.Looper.loop(Looper.java:254)
02-02 13:06:09.077 4020 4020 W System.err: at android.app.ActivityThread.main(ActivityThread.java:8218)
02-02 13:06:09.077 4020 4020 W System.err: at java.lang.reflect.Method.invoke(Native Method)
02-02 13:06:09.077 4020 4020 W System.err: at com.android.internal.os.RuntimeInit$MethodAndArgsCaller.run(RuntimeInit.java:632)
02-02 13:06:09.077 4020 4020 W System.err: at com.android.internal.os.ZygoteInit.main(ZygoteInit.java:1049)
02-02 13:06:09.216 4020 4020 E CustomActivityOnCrash: IMPORTANT WARNING! You already have an UncaughtExceptionHandler, are you sure this is correct? If you use a custom UncaughtExceptionHandler, you must initialize it AFTER CustomActivityOnCrash! Installing anyway, but your original handler will not be called.
02-02 13:06:09.219 4020 4047 E libc : Access denied finding property "ro.vendor.pref_scale_resolution"
02-02 13:06:09.231 4020 4047 E libc : Access denied finding property "ro.vendor.pref_scale_resolution"
02-02 13:06:09.243 4020 4047 E libc : Access denied finding property "ro.vendor.pref_scale_resolution"
02-02 13:06:09.257 4020 4047 E libc : Access denied finding property "ro.vendor.pref_scale_resolution"
02-02 13:06:09.261 4020 4047 E libc : Access denied finding property "ro.vendor.pref_scale_resolution"
02-02 13:06:09.267 4020 4047 E libc : Access denied finding property "ro.vendor.pref_scale_resolution"
02-02 13:06:09.269 4020 4047 W AsyncDrawableCache: can not found res: 2131233001, maybe dynamic res id.
02-02 13:06:09.272 4020 4047 E libc : Access denied finding property "ro.vendor.pref_scale_resolution"
02-02 13:06:09.273 4020 4047 E libc : Access denied finding property "ro.vendor.pref_scale_resolution"
02-02 13:06:09.352 4020 4047 E libc : Access denied finding property "ro.vendor.pref_scale_resolution"
02-02 13:06:09.594 4020 4020 W com.mbwhatsapp: Accessing hidden method Lcom/android/org/conscrypt/OpenSSLSocketImpl;->setUseSessionTickets(Z)V (greylist- max-q,test-api, reflection, denied)
02-02 13:06:09.594 4020 4020 W com.mbwhatsapp: Accessing hidden method Lcom/android/org/conscrypt/AbstractConscryptSocket;->setUseSessionTickets(Z)V (greylist-max-q, reflection, denied)
02-02 13:06:09.688 4020 4020 W linker : Warning: "/data/data/com.mbwhatsapp/files/decompressed/libs.spk.zst/libc++_shared.so" unused DT entry: unknown processor-specific (type 0x70000001 arg 0x0) (ignoring)
02-02 13:06:09.915 4020 4079 W com.mbwhatsapp: Class X.2rL failed lock verification and will run slower.
02-02 13:06:09.915 4020 4079 W com.mbwhatsapp: Common causes for lock verification issues are non-optimized dex code
02-02 13:06:09.915 4020 4079 W com.mbwhatsapp: and incorrect proguard optimizations.
02-02 13:06:10.144 4020 4094 W System : ClassLoader referenced unknown path: system/framework/mediatek-cta.jar
02-02 13:06:10.159 4020 4094 W System : ClassLoader referenced unknown path: system/framework/mediatek-cta.jar
02-02 13:06:12.284 4020 4085 E CheckPermission: _bluetooth code = 1
02-02 13:06:12.286 4020 4085 E CheckPermission: _bluetooth code = 3
02-02 13:06:12.290 4020 4085 E CheckPermission: _bluetooth code = 11
02-02 13:06:12.533 4020 4112 E ion : ioctl c0044901 failed with code -1: Invalid argument
02-02 13:06:12.537 4020 4112 E libc : Access denied finding property "vendor.debug.drm.logv"
02-02 13:06:12.538 4020 4112 E libc : Access denied finding property "vendor.debug.drm.logv"
02-02 13:06:12.539 4020 4112 E libc : Access denied finding property "vendor.debug.drm.logd"
02-02 13:06:12.539 4020 4112 E libc : Access denied finding property "vendor.debug.drm.logv"
02-02 13:06:12.638 4020 4267 E Parcel : Reading a NULL string not supported here.
02-02 13:06:12.827 4020 4267 W CursorWindow: Window is full: requested allocation 804 bytes, free space 13 bytes, window size 2097152 bytes
02-02 13:06:14.060 4020 4267 W CursorWindow: Window is full: requested allocation 804 bytes, free space 312 bytes, window size 2097152 bytes
02-02 13:06:14.475 4020 4267 W CursorWindow: Window is full: requested allocation 804 bytes, free space 772 bytes, window size 2097152 bytes
02-02 13:06:14.939 4020 4267 E Parcel : Reading a NULL string not supported here.
02-02 13:06:15.405 4020 4267 E Parcel : Reading a NULL string not supported here.
02-02 13:06:16.275 4020 4267 E Parcel : Reading a NULL string not supported here.
02-02 13:06:16.394 4020 4267 E Parcel : Reading a NULL string not supported here.
02-02 13:06:16.907 4020 4267 E Parcel : Reading a NULL string not supported here.
02-02 13:06:27.330 4020 4267 E Parcel : Reading a NULL string not supported here.
02-02 13:06:27.531 4020 4267 W CursorWindow: Window is full: requested allocation 804 bytes, free space 13 bytes, window size 2097152 bytes
02-02 13:07:05.629 4020 4265 E Parcel : Reading a NULL string not supported here.
02-02 13:09:44.538 4020 4020 W com.mbwhatsapp: Class X.0eU failed lock verification and will run slower.
02-02 13:09:44.706 4020 4020 E libc : Access denied finding property "ro.vendor.pref_scale_resolution"
02-02 13:09:44.776 4020 4020 E libc : Access denied finding property "ro.vendor.pref_scale_resolution" --------- beginning of system
02-02 13:09:44.780 4020 4020 E OplusCustomizeRestrictionManager: getInstance
02-02 13:09:44.780 4020 4020 E OplusCustomizeRestrictionManager: sInstance is null, start a new sInstance
02-02 13:09:44.794 4020 4020 E libc : Access denied finding property "ro.vendor.pref_scale_resolution"
02-02 13:09:44.810 4020 4020 E OplusCustomizeRestrictionManager: getInstance
02-02 13:09:44.806 4020 4020 E libc : Access denied finding property "ro.vendor.pref_scale_resolution"
02-02 13:09:44.823 4020 4020 E libc : Access denied finding property "ro.vendor.pref_scale_resolution"
02-02 13:09:44.839 4020 4020 E libc : Access denied finding property "ro.vendor.pref_scale_resolution"
02-02 13:09:44.849 4020 4020 E libc : Access denied finding property "ro.vendor.pref_scale_resolution"
02-02 13:09:44.859 4020 4020 E OplusCustomizeRestrictionManager: getInstance
02-02 13:09:44.877 4020 4020 E libc : Access denied finding property "ro.vendor.pref_scale_resolution"
02-02 13:09:44.881 4020 4020 E libc : Access denied finding property "ro.vendor.pref_scale_resolution"
02-02 13:09:44.891 4020 4020 E libc : Access denied finding property "ro.vendor.pref_scale_resolution"
02-02 13:09:44.892 4020 4020 E OplusCustomizeRestrictionManager: getInstance
02-02 13:09:44.900 4020 4020 E libc : Access denied finding property "ro.vendor.pref_scale_resolution"
02-02 13:09:44.912 4020 4020 E libc : Access denied finding property "ro.vendor.pref_scale_resolution"
02-02 13:09:44.917 4020 4020 E libc : Access denied finding property "ro.vendor.pref_scale_resolution"
02-02 13:09:44.942 4020 4020 E libc : Access denied finding property "ro.vendor.pref_scale_resolution"
02-02 13:09:44.947 4020 4020 E libc : Access denied finding property "ro.vendor.pref_scale_resolution"
02-02 13:09:44.958 4020 4020 E libc : Access denied finding property "ro.vendor.pref_scale_resolution"
02-02 13:09:44.940 4020 4020 E OplusCustomizeRestrictionManager: getInstance
02-02 13:09:44.968 4020 4020 E libc : Access denied finding property "ro.vendor.pref_scale_resolution"
02-02 13:09:44.969 4020 4020 E OplusCustomizeRestrictionManager: getInstance
02-02 13:09:44.973 4020 4020 E libc : Access denied finding property "ro.vendor.pref_scale_resolution"
02-02 13:09:44.975 4020 4020 E libc : Access denied finding property "ro.vendor.pref_scale_resolution"
02-02 13:09:44.984 4020 4020 E libc : Access denied finding property "ro.vendor.pref_scale_resolution"
02-02 13:09:44.991 4020 4020 E libc : Access denied finding property "ro.vendor.pref_scale_resolution"
02-02 13:09:44.993 4020 4020 E libc : Access denied finding property "ro.vendor.pref_scale_resolution"
02-02 13:09:45.048 4020 4020 E ArmVmp : Match on catch block at 0x0a in for 0xc5
02-02 13:09:45.052 4020 4020 E ArmVmp : Match on catch block at 0x0a in for 0xc5
02-02 13:09:45.058 4020 4020 E libc : Access denied finding property "ro.vendor.pref_scale_resolution"
02-02 13:09:45.072 4020 4020 E libc : Access denied finding property "ro.vendor.pref_scale_resolution"
02-02 13:09:45.073 4020 4020 E OplusCustomizeRestrictionManager: getInstance
02-02 13:09:45.152 4020 4777 E Parcel : Reading a NULL string not supported here.
02-02 13:09:45.153 4020 4777 E Parcel : Reading a NULL string not supported here.
02-02 13:09:45.156 4020 4020 E libc : Access denied finding property "ro.vendor.pref_scale_resolution"
02-02 13:09:45.156 4020 4020 E OplusCustomizeRestrictionManager: getInstance
02-02 13:09:45.174 4020 4020 E libc : Access denied finding property "ro.vendor.pref_scale_resolution"
02-02 13:09:45.175 4020 4020 E libc : Access denied finding property "ro.vendor.pref_scale_resolution"
02-02 13:09:45.176 4020 4020 E libc : Access denied finding property "ro.vendor.pref_scale_resolution"
02-02 13:09:45.177 4020 4020 E libc : Access denied finding property "ro.vendor.pref_scale_resolution"
02-02 13:09:45.190 4020 4020 E libc : Access denied finding property "ro.vendor.pref_scale_resolution"
02-02 13:09:45.202 4020 4020 E libc : Access denied finding property "ro.vendor.pref_scale_resolution"
02-02 13:09:45.309 4020 4020 E libc : Access denied finding property "ro.vendor.pref_scale_resolution"
02-02 13:09:45.334 4020 4020 E libc : Access denied finding property "ro.vendor.pref_scale_resolution"
02-02 13:09:45.344 4020 4020 E libc : Access denied finding property "ro.vendor.pref_scale_resolution"
02-02 13:09:45.362 4020 4020 E libc : Access denied finding property "ro.vendor.pref_scale_resolution"
02-02 13:09:45.382 4020 4020 E libc : Access denied finding property "ro.vendor.pref_scale_resolution"
02-02 13:09:45.460 4020 4020 E libc : Access denied finding property "ro.vendor.pref_scale_resolution"
02-02 13:09:45.481 4020 4020 E ArmVmp : Match on catch block at 0xc3 in for 0xb9
02-02 13:09:45.484 4020 4020 E libc : Access denied finding property "ro.vendor.pref_scale_resolution"
02-02 13:09:45.498 4020 4020 E ArmVmp : Match on catch block at 0xc3 in for 0xb9
02-02 13:09:45.501 4020 4020 E ArmVmp : Match on catch block at 0xc3 in for 0xb9
02-02 13:09:45.504 4020 4020 E libc : Access denied finding property "ro.vendor.pref_scale_resolution"
02-02 13:09:45.513 4020 4020 E libc : Access denied finding property "ro.vendor.pref_scale_resolution"
02-02 13:09:45.523 4020 4777 E ion : ioctl c0044901 failed with code -1: Invalid argument
02-02 13:09:45.453 4020 4020 E OplusCustomizeRestrictionManager: getInstance
02-02 13:09:45.601 4020 4020 E libc : Access denied finding property "ro.vendor.pref_scale_resolution"
02-02 13:09:45.613 4020 4020 E libc : Access denied finding property "ro.vendor.pref_scale_resolution"
02-02 13:09:45.648 4020 4020 E ArmVmp : Match on catch block at 0xc3 in for 0xa5
02-02 13:09:45.653 4020 4020 E ArmVmp : Match on catch block at 0xc3 in for 0xa1
02-02 13:09:45.655 4020 4020 E ArmVmp : Match on catch block at 0xc3 in for 0xa1
02-02 13:09:45.705 4020 4020 E ArmVmp : Match on catch block at 0xc3 in for 0xa9
02-02 13:09:45.709 4020 4020 E ArmVmp : Match on catch block at 0xc3 in for 0xa1
02-02 13:09:45.711 4020 4020 E ArmVmp : Match on catch block at 0xc3 in for 0xa1
02-02 13:09:45.731 4020 4020 E ArmVmp : Match on catch block at 0xc3 in for 0xa1
02-02 13:09:45.735 4020 4020 E ArmVmp : Match on catch block at 0xc3 in for 0xa5
02-02 13:09:45.738 4020 4020 E ArmVmp : Match on catch block at 0xc3 in for 0xa5
02-02 13:09:46.198 4020 4020 E ArmVmp : Match on catch block at 0xc3 in for 0xa5
02-02 13:09:46.203 4020 4020 E ArmVmp : Match on catch block at 0xc3 in for 0xa9
02-02 13:09:46.206 4020 4020 E ArmVmp : Match on catch block at 0xc3 in for 0xa9
02-02 13:09:46.703 4020 4020 E ArmVmp : Match on catch block at 0xc3 in for 0xa9
02-02 13:09:46.710 4020 4020 E ArmVmp : Match on catch block at 0xc3 in for 0xa1
02-02 13:09:46.712 4020 4020 E ArmVmp : Match on catch block at 0xc3 in for 0xa1
02-02 13:09:47.211 4020 4020 E ArmVmp : Match on catch block at 0xc3 in for 0xa5
02-02 13:09:47.222 4020 4020 E ArmVmp : Match on catch block at 0xc3 in for 0xa9
02-02 13:09:47.228 4020 4020 E ArmVmp : Match on catch block at 0xc3 in for 0xa9
02-02 13:09:47.695 4020 4020 E ArmVmp : Match on catch block at 0xc3 in for 0xa1
02-02 13:09:47.699 4020 4020 E ArmVmp : Match on catch block at 0xc3 in for 0xa5
02-02 13:09:47.702 4020 4020 E ArmVmp : Match on catch block at 0xc3 in for 0xa5
02-02 13:09:47.917 4020 4020 E ArmVmp : Match on catch block at 0xc3 in for 0xa1
02-02 13:09:47.923 4020 4020 E ArmVmp : Match on catch block at 0xc3 in for 0xa5
02-02 13:09:47.926 4020 4020 E ArmVmp : Match on catch block at 0xc3 in for 0xa5
02-02 13:09:48.052 4020 4020 E ArmVmp : Match on catch block at 0xc3 in for 0xa1
02-02 13:09:48.058 4020 4020 E ArmVmp : Match on catch block at 0xc3 in for 0xa5
02-02 13:09:48.061 4020 4020 E ArmVmp : Match on catch block at 0xc3 in for 0xa5
02-02 13:09:48.081 4020 4020 E ArmVmp : Match on catch block at 0xc3 in for 0xa9
02-02 13:09:48.084 4020 4020 E ArmVmp : Match on catch block at 0xc3 in for 0xa1
02-02 13:09:48.088 4020 4020 E ArmVmp : Match on catch block at 0xc3 in for 0xa1
02-02 13:09:48.199 4020 4020 E ArmVmp : Match on catch block at 0xc3 in for 0xa1
02-02 13:09:48.206 4020 4020 E ArmVmp : Match on catch block at 0xc3 in for 0xa5
02-02 13:09:48.209 4020 4020 E ArmVmp : Match on catch block at 0xc3 in for 0xa5
02-02 13:09:48.253 4020 4020 E ArmVmp : Match on catch block at 0xc3 in for 0xa9
02-02 13:09:48.258 4020 4020 E ArmVmp : Match on catch block at 0xc3 in for 0xa1
02-02 13:09:48.262 4020 4020 E ArmVmp : Match on catch block at 0xc3 in for 0xa1
02-02 13:09:48.281 4020 4020 E ArmVmp : Match on catch block at 0xc3 in for 0xa5
02-02 13:09:48.286 4020 4020 E ArmVmp : Match on catch block at 0xc3 in for 0xa9
02-02 13:09:48.289 4020 4020 E ArmVmp : Match on catch block at 0xc3 in for 0xa9
02-02 13:09:48.383 4020 4020 E ArmVmp : Match on catch block at 0xc3 in for 0xa5
02-02 13:09:48.388 4020 4020 E ArmVmp : Match on catch block at 0xc3 in for 0xa9
02-02 13:09:48.391 4020 4020 E ArmVmp : Match on catch block at 0xc3 in for 0xa9
02-02 13:09:48.704 4020 4020 E ArmVmp : Match on catch block at 0xc3 in for 0xa1
02-02 13:09:48.708 4020 4020 E ArmVmp : Match on catch block at 0xc3 in for 0xa5
02-02 13:09:48.710 4020 4020 E ArmVmp : Match on catch block at 0xc3 in for 0xa5
02-02 13:09:49.208 4020 4020 E ArmVmp : Match on catch block at 0xc3 in for 0xa9
02-02 13:09:49.211 4020 4020 E ArmVmp : Match on catch block at 0xc3 in for 0xa1
02-02 13:09:49.213 4020 4020 E ArmVmp : Match on catch block at 0xc3 in for 0xa1
02-02 13:09:49.701 4020 4020 E ArmVmp : Match on catch block at 0xc3 in for 0xa5
02-02 13:09:49.705 4020 4020 E ArmVmp : Match on catch block at 0xc3 in for 0xa9
02-02 13:09:49.708 4020 4020 E ArmVmp : Match on catch block at 0xc3 in for 0xa9
02-02 13:09:50.102 4020 4020 E ArmVmp : Match on catch block at 0xc3 in for 0xa9
02-02 13:09:50.105 4020 4020 E ArmVmp : Match on catch block at 0xc3 in for 0xa1
02-02 13:09:50.108 4020 4020 E ArmVmp : Match on catch block at 0xc3 in for 0xa1
02-02 13:09:50.201 4020 4020 E ArmVmp : Match on catch block at 0xc3 in for 0xa5
02-02 13:09:50.204 4020 4020 E ArmVmp : Match on catch block at 0xc3 in for 0xa9
02-02 13:09:50.206 4020 4020 E ArmVmp : Match on catch block at 0xc3 in for 0xa9
02-02 13:09:50.541 4020 4020 E ArmVmp : Match on catch block at 0xc3 in for 0xa1
02-02 13:09:50.545 4020 4020 E ArmVmp : Match on catch block at 0xc3 in for 0xa5
02-02 13:09:50.548 4020 4020 E ArmVmp : Match on catch block at 0xc3 in for 0xa5
02-02 13:09:50.593 4020 4020 E ArmVmp : Match on catch block at 0xc3 in for 0xa9
02-02 13:09:50.598 4020 4020 E ArmVmp : Match on catch block at 0xc3 in for 0xa1
02-02 13:09:50.601 4020 4020 E ArmVmp : Match on catch block at 0xc3 in for 0xa1
02-02 13:09:50.611 4020 4020 E ArmVmp : Match on catch block at 0xc3 in for 0xa5
02-02 13:09:50.616 4020 4020 E ArmVmp : Match on catch block at 0xc3 in for 0xa9
02-02 13:09:50.620 4020 4020 E ArmVmp : Match on catch block at 0xc3 in for 0xa9
02-02 13:09:50.632 4020 4020 E ArmVmp : Match on catch block at 0xc3 in for 0xa1
02-02 13:09:50.638 4020 4020 E ArmVmp : Match on catch block at 0xc3 in for 0xa5
02-02 13:09:50.642 4020 4020 E ArmVmp : Match on catch block at 0xc3 in for 0xa5
02-02 13:09:50.653 4020 4020 E ArmVmp : Match on catch block at 0xc3 in for 0xa9
02-02 13:09:50.657 4020 4020 E ArmVmp : Match on catch block at 0xc3 in for 0xa1
02-02 13:09:50.660 4020 4020 E ArmVmp : Match on catch block at 0xc3 in for 0xa1
02-02 13:09:50.666 4020 4020 E ArmVmp : Match on catch block at 0xc3 in for 0xa5
02-02 13:09:50.670 4020 4020 E ArmVmp : Match on catch block at 0xc3 in for 0xa9
02-02 13:09:50.673 4020 4020 E ArmVmp : Match on catch block at 0xc3 in for 0xa9
02-02 13:09:50.679 4020 4020 E ArmVmp : Match on catch block at 0xc3 in for 0xa1
02-02 13:09:50.683 4020 4020 E ArmVmp : Match on catch block at 0xc3 in for 0xa5
02-02 13:09:50.686 4020 4020 E ArmVmp : Match on catch block at 0xc3 in for 0xa5
02-02 13:09:50.692 4020 4020 E ArmVmp : Match on catch block at 0xc3 in for 0xa9
02-02 13:09:50.696 4020 4020 E ArmVmp : Match on catch block at 0xc3 in for 0xa1
02-02 13:09:50.699 4020 4020 E ArmVmp : Match on catch block at 0xc3 in for 0xa1
02-02 13:09:50.706 4020 4020 E ArmVmp : Match on catch block at 0xc3 in for 0xa5
02-02 13:09:50.710 4020 4020 E ArmVmp : Match on catch block at 0xc3 in for 0xa9
02-02 13:09:50.713 4020 4020 E ArmVmp : Match on catch block at 0xc3 in for 0xa9
02-02 13:09:50.721 4020 4020 E ArmVmp : Match on catch block at 0xc3 in for 0xa1
02-02 13:09:50.724 4020 4020 E ArmVmp : Match on catch block at 0xc3 in for 0xa5
02-02 13:09:50.726 4020 4020 E ArmVmp : Match on catch block at 0xc3 in for 0xa5
02-02 13:09:50.737 4020 4020 E ArmVmp : Match on catch block at 0xc3 in for 0xa9
02-02 13:09:50.740 4020 4020 E ArmVmp : Match on catch block at 0xc3 in for 0xa1
02-02 13:09:50.743 4020 4020 E ArmVmp : Match on catch block at 0xc3 in for 0xa1
02-02 13:09:50.753 4020 4020 E ArmVmp : Match on catch block at 0xc3 in for 0xa5
02-02 13:09:50.757 4020 4020 E ArmVmp : Match on catch block at 0xc3 in for 0xa9
02-02 13:09:50.759 4020 4020 E ArmVmp : Match on catch block at 0xc3 in for 0xa9
02-02 13:09:50.769 4020 4020 E ArmVmp : Match on catch block at 0xc3 in for 0xa1
02-02 13:09:50.774 4020 4020 E ArmVmp : Match on catch block at 0xc3 in for 0xa5
02-02 13:09:50.777 4020 4020 E ArmVmp : Match on catch block at 0xc3 in for 0xa5
02-02 13:09:50.786 4020 4020 E ArmVmp : Match on catch block at 0xc3 in for 0xa9
02-02 13:09:50.790 4020 4020 E ArmVmp : Match on catch block at 0xc3 in for 0xa1
02-02 13:09:50.792 4020 4020 E ArmVmp : Match on catch block at 0xc3 in for 0xa1
02-02 13:09:50.802 4020 4020 E ArmVmp : Match on catch block at 0xc3 in for 0xa5
02-02 13:09:50.806 4020 4020 E ArmVmp : Match on catch block at 0xc3 in for 0xa9
02-02 13:09:50.809 4020 4020 E ArmVmp : Match on catch block at 0xc3 in for 0xa9
02-02 13:09:50.818 4020 4020 E ArmVmp : Match on catch block at 0xc3 in for 0xa1
02-02 13:09:50.822 4020 4020 E ArmVmp : Match on catch block at 0xc3 in for 0xa5
02-02 13:09:50.825 4020 4020 E ArmVmp : Match on catch block at 0xc3 in for 0xa5
02-02 13:09:50.835 4020 4020 E ArmVmp : Match on catch block at 0xc3 in for 0xa9
02-02 13:09:50.839 4020 4020 E ArmVmp : Match on catch block at 0xc3 in for 0xa1
02-02 13:09:50.842 4020 4020 E ArmVmp : Match on catch block at 0xc3 in for 0xa1
02-02 13:09:50.851 4020 4020 E ArmVmp : Match on catch block at 0xc3 in for 0xa5
02-02 13:09:50.855 4020 4020 E ArmVmp : Match on catch block at 0xc3 in for 0xa9
02-02 13:09:50.858 4020 4020 E ArmVmp : Match on catch block at 0xc3 in for 0xa9
02-02 13:09:50.867 4020 4020 E ArmVmp : Match on catch block at 0xc3 in for 0xa1
02-02 13:09:50.872 4020 4020 E ArmVmp : Match on catch block at 0xc3 in for 0xa5
02-02 13:09:50.876 4020 4020 E ArmVmp : Match on catch block at 0xc3 in for 0xa5
02-02 13:09:51.209 4020 4020 E ArmVmp : Match on catch block at 0xc3 in for 0xa9
02-02 13:09:51.213 4020 4020 E ArmVmp : Match on catch block at 0xc3 in for 0xa1
02-02 13:09:51.216 4020 4020 E ArmVmp : Match on catch block at 0xc3 in for 0xa1
02-02 13:09:51.404 4020 4020 E ArmVmp : Match on catch block at 0xc3 in for 0xa5
02-02 13:09:51.408 4020 4020 E ArmVmp : Match on catch block at 0xc3 in for 0xa9
02-02 13:09:51.411 4020 4020 E ArmVmp : Match on catch block at 0xc3 in for 0xa9
02-02 13:09:51.421 4020 4020 E ArmVmp : Match on catch block at 0xc3 in for 0xa1
02-02 13:09:51.425 4020 4020 E ArmVmp : Match on catch block at 0xc3 in for 0xa5
02-02 13:09:51.428 4020 4020 E ArmVmp : Match on catch block at 0xc3 in for 0xa5
02-02 13:09:51.441 4020 4020 E ArmVmp : Match on catch block at 0xc3 in for 0xa9
02-02 13:09:51.445 4020 4020 E ArmVmp : Match on catch block at 0xc3 in for 0xa1
02-02 13:09:51.447 4020 4020 E ArmVmp : Match on catch block at 0xc3 in for 0xa1
02-02 13:09:51.454 4020 4020 E ArmVmp : Match on catch block at 0xc3 in for 0xa5
02-02 13:09:51.458 4020 4020 E ArmVmp : Match on catch block at 0xc3 in for 0xa9
02-02 13:09:51.461 4020 4020 E ArmVmp : Match on catch block at 0xc3 in for 0xa9
02-02 13:09:51.470 4020 4020 E ArmVmp : Match on catch block at 0xc3 in for 0xa1
02-02 13:09:51.475 4020 4020 E ArmVmp : Match on catch block at 0xc3 in for 0xa5
02-02 13:09:51.477 4020 4020 E ArmVmp : Match on catch block at 0xc3 in for 0xa5
02-02 13:09:51.487 4020 4020 E ArmVmp : Match on catch block at 0xc3 in for 0xa9
02-02 13:09:51.491 4020 4020 E ArmVmp : Match on catch block at 0xc3 in for 0xa1
02-02 13:09:51.495 4020 4020 E ArmVmp : Match on catch block at 0xc3 in for 0xa1
02-02 13:09:51.503 4020 4020 E ArmVmp : Match on catch block at 0xc3 in for 0xa5
02-02 13:09:51.508 4020 4020 E ArmVmp : Match on catch block at 0xc3 in for 0xa9
02-02 13:09:51.510 4020 4020 E ArmVmp : Match on catch block at 0xc3 in for 0xa9
02-02 13:09:51.517 4020 4020 E ArmVmp : Match on catch block at 0xc3 in for 0xa1
02-02 13:09:51.521 4020 4020 E ArmVmp : Match on catch block at 0xc3 in for 0xa5
02-02 13:09:51.524 4020 4020 E ArmVmp : Match on catch block at 0xc3 in for 0xa5
02-02 13:09:51.534 4020 4020 E ArmVmp : Match on catch block at 0xc3 in for 0xa9
02-02 13:09:51.538 4020 4020 E ArmVmp : Match on catch block at 0xc3 in for 0xa1
02-02 13:09:51.541 4020 4020 E ArmVmp : Match on catch block at 0xc3 in for 0xa1
02-02 13:09:51.550 4020 4020 E ArmVmp : Match on catch block at 0xc3 in for 0xa5
02-02 13:09:51.554 4020 4020 E ArmVmp : Match on catch block at 0xc3 in for 0xa9
02-02 13:09:51.556 4020 4020 E ArmVmp : Match on catch block at 0xc3 in for 0xa9
02-02 13:09:51.567 4020 4020 E ArmVmp : Match on catch block at 0xc3 in for 0xa1
02-02 13:09:51.570 4020 4020 E ArmVmp : Match on catch block at 0xc3 in for 0xa5
02-02 13:09:51.582 4020 4020 E ArmVmp : Match on catch block at 0xc3 in for 0xa5
02-02 13:09:51.587 4020 4020 E ArmVmp : Match on catch block at 0xc3 in for 0xa9
02-02 13:09:51.589 4020 4020 E ArmVmp : Match on catch block at 0xc3 in for 0xa9
02-02 13:09:51.599 4020 4020 E ArmVmp : Match on catch block at 0xc3 in for 0xa1
02-02 13:09:51.602 4020 4020 E ArmVmp : Match on catch block at 0xc3 in for 0xa5
02-02 13:09:51.605 4020 4020 E ArmVmp : Match on catch block at 0xc3 in for 0xa5
02-02 13:09:51.615 4020 4020 E ArmVmp : Match on catch block at 0xc3 in for 0xa9
02-02 13:09:51.619 4020 4020 E ArmVmp : Match on catch block at 0xc3 in for 0xa1
02-02 13:09:51.621 4020 4020 E ArmVmp : Match on catch block at 0xc3 in for 0xa1
02-02 13:09:51.631 4020 4020 E ArmVmp : Match on catch block at 0xc3 in for 0xa5
02-02 13:09:51.635 4020 4020 E ArmVmp : Match on catch block at 0xc3 in for 0xa9
02-02 13:09:51.637 4020 4020 E ArmVmp : Match on catch block at 0xc3 in for 0xa9
02-02 13:09:51.647 4020 4020 E ArmVmp : Match on catch block at 0xc3 in for 0xa1
02-02 13:09:51.652 4020 4020 E ArmVmp : Match on catch block at 0xc3 in for 0xa5
02-02 13:09:51.654 4020 4020 E ArmVmp : Match on catch block at 0xc3 in for 0xa5
02-02 13:09:51.664 4020 4020 E ArmVmp : Match on catch block at 0xc3 in for 0xa9
02-02 13:09:51.668 4020 4020 E ArmVmp : Match on catch block at 0xc3 in for 0xa1
02-02 13:09:51.671 4020 4020 E ArmVmp : Match on catch block at 0xc3 in for 0xa1
02-02 13:09:51.713 4020 4020 E ArmVmp : Match on catch block at 0xc3 in for 0xa5
02-02 13:09:51.717 4020 4020 E ArmVmp : Match on catch block at 0xc3 in for 0xa9
02-02 13:09:51.719 4020 4020 E ArmVmp : Match on catch block at 0xc3 in for 0xa9
02-02 13:09:51.911 4020 4020 E ArmVmp : Match on catch block at 0xc3 in for 0xa9
02-02 13:09:51.915 4020 4020 E ArmVmp : Match on catch block at 0xc3 in for 0xa1
02-02 13:09:51.917 4020 4020 E ArmVmp : Match on catch block at 0xc3 in for 0xa1
02-02 13:09:51.926 4020 4020 E ArmVmp : Match on catch block at 0xc3 in for 0xa5
02-02 13:09:51.931 4020 4020 E ArmVmp : Match on catch block at 0xc3 in for 0xa9
02-02 13:09:51.934 4020 4020 E ArmVmp : Match on catch block at 0xc3 in for 0xa9
02-02 13:09:51.942 4020 4020 E ArmVmp : Match on catch block at 0xc3 in for 0xa1
02-02 13:09:51.945 4020 4020 E ArmVmp : Match on catch block at 0xc3 in for 0xa5
02-02 13:09:51.948 4020 4020 E ArmVmp : Match on catch block at 0xc3 in for 0xa5
02-02 13:09:51.958 4020 4020 E ArmVmp : Match on catch block at 0xc3 in for 0xa9
02-02 13:09:51.961 4020 4020 E ArmVmp : Match on catch block at 0xc3 in for 0xa1
02-02 13:09:51.963 4020 4020 E ArmVmp : Match on catch block at 0xc3 in for 0xa1
02-02 13:09:51.974 4020 4020 E ArmVmp : Match on catch block at 0xc3 in for 0xa5
02-02 13:09:51.977 4020 4020 E ArmVmp : Match on catch block at 0xc3 in for 0xa9
02-02 13:09:51.981 4020 4020 E ArmVmp : Match on catch block at 0xc3 in for 0xa9
02-02 13:09:51.991 4020 4020 E ArmVmp : Match on catch block at 0xc3 in for 0xa1
02-02 13:09:51.995 4020 4020 E ArmVmp : Match on catch block at 0xc3 in for 0xa5
02-02 13:09:51.999 4020 4020 E ArmVmp : Match on catch block at 0xc3 in for 0xa5
02-02 13:09:52.008 4020 4020 E ArmVmp : Match on catch block at 0xc3 in for 0xa9
02-02 13:09:52.011 4020 4020 E ArmVmp : Match on catch block at 0xc3 in for 0xa1
02-02 13:09:52.014 4020 4020 E ArmVmp : Match on catch block at 0xc3 in for 0xa1
02-02 13:09:52.024 4020 4020 E ArmVmp : Match on catch block at 0xc3 in for 0xa5
02-02 13:09:52.026 4020 4020 E ArmVmp : Match on catch block at 0xc3 in for 0xa9
02-02 13:09:52.028 4020 4020 E ArmVmp : Match on catch block at 0xc3 in for 0xa9
02-02 13:09:52.041 4020 4020 E ArmVmp : Match on catch block at 0xc3 in for 0xa1
02-02 13:09:52.044 4020 4020 E ArmVmp : Match on catch block at 0xc3 in for 0xa5
02-02 13:09:52.047 4020 4020 E ArmVmp : Match on catch block at 0xc3 in for 0xa5
02-02 13:09:52.058 4020 4020 E ArmVmp : Match on catch block at 0xc3 in for 0xa9
02-02 13:09:52.061 4020 4020 E ArmVmp : Match on catch block at 0xc3 in for 0xa1
02-02 13:09:52.063 4020 4020 E ArmVmp : Match on catch block at 0xc3 in for 0xa1
02-02 13:09:52.071 4020 4020 E ArmVmp : Match on catch block at 0xc3 in for 0xa5
02-02 13:09:52.074 4020 4020 E ArmVmp : Match on catch block at 0xc3 in for 0xa9
02-02 13:09:52.075 4020 4020 E ArmVmp : Match on catch block at 0xc3 in for 0xa9
02-02 13:09:52.083 4020 4020 E libc : Access denied finding property "ro.vendor.pref_scale_resolution"
02-02 13:09:52.084 4020 4020 E OplusCustomizeRestrictionManager: getInstance
02-02 13:09:52.094 4020 4020 E libc : Access denied finding property "ro.vendor.pref_scale_resolution"
02-02 13:09:52.092 4020 4020 E OplusCustomizeRestrictionManager: getInstance
02-02 13:09:52.116 4020 4020 E ArmVmp : Match on catch block at 0xc3 in for 0xa9
02-02 13:09:52.119 4020 4020 E ArmVmp : Match on catch block at 0xc3 in for 0xa1
02-02 13:09:52.143 4020 4020 E ArmVmp : Match on catch block at 0xc3 in for 0xa5
02-02 13:09:52.145 4020 4020 E ArmVmp : Match on catch block at 0xc3 in for 0xa9
02-02 13:09:52.156 4020 4020 E ArmVmp : Match on catch block at 0xc3 in for 0xa5
02-02 13:09:52.159 4020 4020 E ArmVmp : Match on catch block at 0xc3 in for 0xa9
02-02 13:09:52.172 4020 4020 E ArmVmp : Match on catch block at 0xc3 in for 0xa5
02-02 13:09:52.175 4020 4020 E ArmVmp : Match on catch block at 0xc3 in for 0xa9
02-02 13:09:52.184 4020 4020 E ArmVmp : Match on catch block at 0xc3 in for 0xa5
02-02 13:09:52.187 4020 4020 E ArmVmp : Match on catch block at 0xc3 in for 0xa9
02-02 13:09:52.190 4020 4020 E ArmVmp : Match on catch block at 0xc3 in for 0xa9
02-02 13:09:52.201 4020 4020 E ArmVmp : Match on catch block at 0xc3 in for 0xa1
02-02 13:09:52.203 4020 4020 E ArmVmp : Match on catch block at 0xc3 in for 0xa5
02-02 13:09:52.205 4020 4020 E ArmVmp : Match on catch block at 0xc3 in for 0xa5
02-02 13:09:52.217 4020 4020 E ArmVmp : Match on catch block at 0xc3 in for 0xa9
02-02 13:09:52.219 4020 4020 E ArmVmp : Match on catch block at 0xc3 in for 0xa1
02-02 13:09:52.221 4020 4020 E ArmVmp : Match on catch block at 0xc3 in for 0xa1
02-02 13:09:52.233 4020 4020 E ArmVmp : Match on catch block at 0xc3 in for 0xa5
02-02 13:09:52.235 4020 4020 E ArmVmp : Match on catch block at 0xc3 in for 0xa9
02-02 13:09:52.237 4020 4020 E ArmVmp : Match on catch block at 0xc3 in for 0xa9
02-02 13:09:52.249 4020 4020 E ArmVmp : Match on catch block at 0xc3 in for 0xa1
02-02 13:09:52.252 4020 4020 E ArmVmp : Match on catch block at 0xc3 in for 0xa5
02-02 13:09:52.254 4020 4020 E ArmVmp : Match on catch block at 0xc3 in for 0xa5
02-02 13:09:52.266 4020 4020 E ArmVmp : Match on catch block at 0xc3 in for 0xa9
02-02 13:09:52.269 4020 4020 E ArmVmp : Match on catch block at 0xc3 in for 0xa1
02-02 13:09:52.271 4020 4020 E ArmVmp : Match on catch block at 0xc3 in for 0xa1
02-02 13:09:52.282 4020 4020 E ArmVmp : Match on catch block at 0xc3 in for 0xa5
02-02 13:09:52.285 4020 4020 E ArmVmp : Match on catch block at 0xc3 in for 0xa9
02-02 13:09:52.287 4020 4020 E ArmVmp : Match on catch block at 0xc3 in for 0xa9
02-02 13:09:52.298 4020 4020 E ArmVmp : Match on catch block at 0xc3 in for 0xa1
02-02 13:09:52.301 4020 4020 E ArmVmp : Match on catch block at 0xc3 in for 0xa5
02-02 13:09:52.303 4020 4020 E ArmVmp : Match on catch block at 0xc3 in for 0xa5
02-02 13:09:52.315 4020 4020 E ArmVmp : Match on catch block at 0xc3 in for 0xa9
02-02 13:09:52.318 4020 4020 E ArmVmp : Match on catch block at 0xc3 in for 0xa1
02-02 13:09:52.320 4020 4020 E ArmVmp : Match on catch block at 0xc3 in for 0xa1
02-02 13:09:52.331 4020 4020 E ArmVmp : Match on catch block at 0xc3 in for 0xa5
02-02 13:09:52.334 4020 4020 E ArmVmp : Match on catch block at 0xc3 in for 0xa9
02-02 13:09:52.336 4020 4020 E ArmVmp : Match on catch block at 0xc3 in for 0xa9
02-02 13:09:52.360 4020 4020 E ArmVmp : Match on catch block at 0xc3 in for 0xa1
02-02 13:09:52.363 4020 4020 E ArmVmp : Match on catch block at 0xc3 in for 0xa5
02-02 13:09:52.366 4020 4020 E ArmVmp : Match on catch block at 0xc3 in for 0xa5
02-02 13:09:52.379 4020 4020 E ArmVmp : Match on catch block at 0xc3 in for 0xa9
02-02 13:09:52.382 4020 4020 E ArmVmp : Match on catch block at 0xc3 in for 0xa1
02-02 13:09:52.384 4020 4020 E ArmVmp : Match on catch block at 0xc3 in for 0xa1
02-02 13:09:52.738 4020 4020 E ArmVmp : Match on catch block at 0xc3 in for 0xa5
02-02 13:09:52.742 4020 4020 E ArmVmp : Match on catch block at 0xc3 in for 0xa9
02-02 13:09:52.746 4020 4020 E ArmVmp : Match on catch block at 0xc3 in for 0xa9
02-02 13:09:52.837 4020 4020 E ArmVmp : Match on catch block at 0xc3 in for 0xa1
02-02 13:09:52.842 4020 4020 E ArmVmp : Match on catch block at 0xc3 in for 0xa5
02-02 13:09:52.845 4020 4020 E ArmVmp : Match on catch block at 0xc3 in for 0xa5
02-02 13:09:52.867 4020 4020 E ArmVmp : Match on catch block at 0xc3 in for 0xa5
02-02 13:09:52.870 4020 4020 E ArmVmp : Match on catch block at 0xc3 in for 0xa9
02-02 13:09:52.886 4020 4020 E ArmVmp : Match on catch block at 0xc3 in for 0xa9
02-02 13:09:52.890 4020 4020 E ArmVmp : Match on catch block at 0xc3 in for 0xa1
02-02 13:09:52.892 4020 4020 E ArmVmp : Match on catch block at 0xc3 in for 0xa1
02-02 13:09:52.902 4020 4020 E ArmVmp : Match on catch block at 0xc3 in for 0xa5
02-02 13:09:52.905 4020 4020 E ArmVmp : Match on catch block at 0xc3 in for 0xa9
02-02 13:09:52.908 4020 4020 E ArmVmp : Match on catch block at 0xc3 in for 0xa9
02-02 13:09:52.919 4020 4020 E ArmVmp : Match on catch block at 0xc3 in for 0xa1
02-02 13:09:52.923 4020 4020 E ArmVmp : Match on catch block at 0xc3 in for 0xa5
02-02 13:09:52.927 4020 4020 E ArmVmp : Match on catch block at 0xc3 in for 0xa5
02-02 13:09:52.934 4020 4020 E ArmVmp : Match on catch block at 0xc3 in for 0xa9
02-02 13:09:52.938 4020 4020 E ArmVmp : Match on catch block at 0xc3 in for 0xa1
02-02 13:09:52.940 4020 4020 E ArmVmp : Match on catch block at 0xc3 in for 0xa1
02-02 13:09:52.952 4020 4020 E ArmVmp : Match on catch block at 0xc3 in for 0xa5
02-02 13:09:52.957 4020 4020 E ArmVmp : Match on catch block at 0xc3 in for 0xa9
02-02 13:09:52.959 4020 4020 E ArmVmp : Match on catch block at 0xc3 in for 0xa9
02-02 13:09:52.967 4020 4020 E ArmVmp : Match on catch block at 0xc3 in for 0xa1
02-02 13:09:52.971 4020 4020 E ArmVmp : Match on catch block at 0xc3 in for 0xa5
02-02 13:09:52.974 4020 4020 E ArmVmp : Match on catch block at 0xc3 in for 0xa5
02-02 13:09:52.985 4020 4020 E ArmVmp : Match on catch block at 0xc3 in for 0xa9
02-02 13:09:52.990 4020 4020 E ArmVmp : Match on catch block at 0xc3 in for 0xa1
02-02 13:09:52.993 4020 4020 E ArmVmp : Match on catch block at 0xc3 in for 0xa1
02-02 13:09:52.999 4020 4020 E ArmVmp : Match on catch block at 0xc3 in for 0xa5
02-02 13:09:53.002 4020 4020 E ArmVmp : Match on catch block at 0xc3 in for 0xa9
02-02 13:09:53.005 4020 4020 E ArmVmp : Match on catch block at 0xc3 in for 0xa9
02-02 13:09:53.014 4020 4020 E ArmVmp : Match on catch block at 0xc3 in for 0xa1
02-02 13:09:53.019 4020 4020 E ArmVmp : Match on catch block at 0xc3 in for 0xa5
02-02 13:09:53.023 4020 4020 E ArmVmp : Match on catch block at 0xc3 in for 0xa5
02-02 13:09:53.031 4020 4020 E ArmVmp : Match on catch block at 0xc3 in for 0xa9
02-02 13:09:53.035 4020 4020 E ArmVmp : Match on catch block at 0xc3 in for 0xa1
02-02 13:09:53.037 4020 4020 E ArmVmp : Match on catch block at 0xc3 in for 0xa1
02-02 13:09:53.048 4020 4020 E ArmVmp : Match on catch block at 0xc3 in for 0xa5
02-02 13:09:53.051 4020 4020 E ArmVmp : Match on catch block at 0xc3 in for 0xa9
02-02 13:09:53.053 4020 4020 E ArmVmp : Match on catch block at 0xc3 in for 0xa9
02-02 13:09:53.063 4020 4020 E ArmVmp : Match on catch block at 0xc3 in for 0xa1
02-02 13:09:53.066 4020 4020 E ArmVmp : Match on catch block at 0xc3 in for 0xa5
02-02 13:09:53.067 4020 4020 E ArmVmp : Match on catch block at 0xc3 in for 0xa5
02-02 13:09:53.079 4020 4020 E ArmVmp : Match on catch block at 0xc3 in for 0xa9
02-02 13:09:53.082 4020 4020 E ArmVmp : Match on catch block at 0xc3 in for 0xa1
02-02 13:09:53.085 4020 4020 E ArmVmp : Match on catch block at 0xc3 in for 0xa1
02-02 13:09:53.096 4020 4020 E ArmVmp : Match on catch block at 0xc3 in for 0xa5
02-02 13:09:53.098 4020 4020 E ArmVmp : Match on catch block at 0xc3 in for 0xa9
02-02 13:09:53.101 4020 4020 E ArmVmp : Match on catch block at 0xc3 in for 0xa9
