01-25 11:23:19.526 4692 4692 W BottomSheetBehavior: BottomSheetBehavior now supports multiple callbacks. `setBottomSheetCallback()` removes all existing callbacks, including ones set internally by library authors, which may result in unintended behavior. This may change in the future. Please use `addBottomSheetCallback()` and `removeBottomSheetCallback()` instead to set your own callbacks.
01-25 11:23:19.526 4692 4692 W BottomSheetBehavior: BottomSheetBehavior now supports multiple callbacks. `setBottomSheetCallback()` removes all existing callbacks, including ones set internally by library authors, which may result in unintended behavior. This may change in the future. Please use `addBottomSheetCallback()` and `removeBottomSheetCallback()` instead to set your own callbacks.
01-25 11:23:19.531 4692 4692 E libc : Access denied finding property "ro.vendor.pref_scale_resolution"
01-25 11:23:19.531 4692 4692 E libc : Access denied finding property "ro.vendor.pref_scale_resolution"
01-25 11:23:19.542 4692 4692 W BottomSheetBehavior: BottomSheetBehavior now supports multiple callbacks. `setBottomSheetCallback()` removes all existing callbacks, including ones set internally by library authors, which may result in unintended behavior. This may change in the future. Please use `addBottomSheetCallback()` and `removeBottomSheetCallback()` instead to set your own callbacks.
01-25 11:23:19.542 4692 4692 W BottomSheetBehavior: BottomSheetBehavior now supports multiple callbacks. `setBottomSheetCallback()` removes all existing callbacks, including ones set internally by library authors, which may result in unintended behavior. This may change in the future. Please use `addBottomSheetCallback()` and `removeBottomSheetCallback()` instead to set your own callbacks.
01-25 11:23:19.541 4692 4692 E OplusCustomizeRestrictionManager: getInstance
01-25 11:23:19.567 4692 4692 E RecyclerView: No adapter attached; skipping layout
01-25 11:23:19.568 4692 4692 E RecyclerView: No adapter attached; skipping layout
01-25 11:23:19.568 4692 4692 E RecyclerView: No adapter attached; skipping layout
01-25 11:23:19.627 4692 4692 E libc : Access denied finding property "ro.vendor.pref_scale_resolution"
01-25 11:23:20.461 4692 4692 E OplusCustomizeRestrictionManager: getInstance
01-25 11:23:20.468 4692 4692 W BottomSheetBehavior: BottomSheetBehavior now supports multiple callbacks. `setBottomSheetCallback()` removes all existing callbacks, including ones set internally by library authors, which may result in unintended behavior. This may change in the future. Please use `addBottomSheetCallback()` and `removeBottomSheetCallback()` instead to set your own callbacks.
01-25 11:23:20.468 4692 4692 W BottomSheetBehavior: BottomSheetBehavior now supports multiple callbacks. `setBottomSheetCallback()` removes all existing callbacks, including ones set internally by library authors, which may result in unintended behavior. This may change in the future. Please use `addBottomSheetCallback()` and `removeBottomSheetCallback()` instead to set your own callbacks.
01-25 11:23:20.476 4692 4692 E RecyclerView: No adapter attached; skipping layout
01-25 11:23:20.492 4692 5035 W AudioCapabilities: Unsupported mime audio/ffmpeg
01-25 11:23:20.492 4692 5035 W AudioCapabilities: Unsupported mime audio/x-adpcm- ms
01-25 11:23:20.492 4692 5035 W AudioCapabilities: Unsupported mime audio/x-adpcm- dvi-ima
01-25 11:23:20.492 4692 5035 W AudioCapabilities: Unsupported mime audio/alac
01-25 11:23:20.492 4692 5035 W AudioCapabilities: Unsupported mime audio/ape
01-25 11:23:20.492 4692 5035 W AudioCapabilities: Unsupported mime audio/x-ms-wma
01-25 11:23:20.492 4692 5035 W AudioCapabilities: Unsupported mime audio/x-ms- wmapro
01-25 11:23:20.492 4692 5035 W VideoCapabilities: Unsupported mime image/vnd.android.heic
01-25 11:23:20.493 4692 5035 W VideoCapabilities: Unsupported mime video/ffmpeg
01-25 11:23:20.494 4692 5035 W VideoCapabilities: Unrecognized profile/level 1/32 for video/mp4v-es
01-25 11:23:20.494 4692 5035 W VideoCapabilities: Unrecognized profile/level 32768/2 for video/mp4v-es
01-25 11:23:20.494 4692 5035 W VideoCapabilities: Unrecognized profile/level 32768/64 for video/mp4v-es
01-25 11:23:20.495 4692 5035 W VideoCapabilities: Unsupported mime video/x-ms-wmv
01-25 11:23:20.495 4692 5035 W VideoCapabilities: Unsupported mime video/xvid
01-25 11:23:20.496 4692 5035 W VideoCapabilities: Unrecognized profile/level 1/32 for video/mp4v-es
01-25 11:23:20.503 4692 5035 E Parcel : Reading a NULL string not supported here.
01-25 11:23:20.553 4692 5039 E OplusACodec: [GetVideoCodingTypeFromMime:L691] mime:video/avc
01-25 11:23:20.555 4692 5039 E MtkACodecExt: setConfig(OMX_CONFIG_ROTATIONTYPE) returned error 0xfffffc0e
01-25 11:23:20.556 4692 5039 E ACodec : [OMX.MTK.VIDEO.DECODER.AVC] failed to setViLTEParameters 1
01-25 11:23:20.599 4692 5048 W Codec2Client: query -- param skipped: index = 1107298332.
01-25 11:23:20.600 4692 5048 W CCodec : This behavior is subject to change. It is recommended that app developers double check whether the requested max input size is in reasonable range.
01-25 11:23:20.600 4692 5048 W Codec2Client: query -- param skipped: index = 1342179345.
01-25 11:23:20.600 4692 5048 W Codec2Client: query -- param skipped: index = 2415921170.
01-25 11:23:20.600 4692 5048 W Codec2Client: query -- param skipped: index = 1610614798.
01-25 11:23:20.601 4692 5048 E FMQ : grantorIdx must be less than 3
01-25 11:23:20.601 4692 5048 E FMQ : grantorIdx must be less than 3
01-25 11:23:20.604 4692 5048 E FMQ : grantorIdx must be less than 3
01-25 11:23:20.617 4692 5040 E FMQ : grantorIdx must be less than 3
01-25 11:23:20.653 4692 4707 W System : A resource failed to call release.
01-25 11:23:20.467 4692 4692 E OplusCustomizeRestrictionManager: getInstance
01-25 11:23:21.322 4692 5048 W Codec2Client: query -- param skipped: index = 1342179345.
01-25 11:23:21.322 4692 5048 W Codec2Client: query -- param skipped: index = 2415921170.
01-25 11:23:21.322 4692 5048 W Codec2Client: query -- param skipped: index = 1610614798.
01-25 11:23:21.324 4692 5039 W ACodec : Failed to set ANW_HWComposer to OMX, ignoring (-2147483648)
01-25 11:23:21.331 4692 4692 E RecyclerView: No adapter attached; skipping layout
01-25 11:23:21.339 4692 4742 E SQLiteDatabase: Error inserting transferred=0 media_job_uuid=dcb43037-c824-45bf-874a-690c8b952848 transcoded=0 gif_attribution=0 first_scan_length=0 direct_path=/v/t62.7161- 24/33496213_940139521070885_6726958769003693236_n.enc?ccb=11- 4&oh=01_AdQ52YVLS2koIFzzTLKvHkWQi1bc54yvt4LXfheM-AZ9nw&oe=65D868DC&_nc_sid=5e03e0 thumbnail_height_width_ratio=1.7777778 is_animated_sticker=0 file_hash=jF99HUi6mZxDk/nX7f10FiUseAd+unLKDZX0TERurYA= file_path=null file_size=0 partial_media_hash=null face_x=0 face_y=0 height=1024 trim_to=0 media_key_timestamp=1706099213000 message_url=https://mmg.whatsapp.net/v/t62.7161- 24/33496213_940139521070885_6726958769003693236_n.enc?ccb=11- 4&oh=01_AdQ52YVLS2koIFzzTLKvHkWQi1bc54yvt4LXfheM- AZ9nw&oe=65D868DC&_nc_sid=5e03e0&mms3=true media_caption=null trim_from=0 mime_type=video/mp4 partial_media_enc_hash=null width=576 original_file_hash=null has_streaming_sidecar=1 autotransfer_retry_enabled=0 media_upload_handle=null message_row_id=100161 multicast_id=null enc_file_hash=189oRvWZwkvUmjFmEuszD3ixNwyqXW/DTnqkEv2MjJg= mute_video=0 page_count=0 first_scan_sidecar=null suspicious_content=0 file_length=2677639 media_name=null media_duration=16 chat_row_id=336 media_key=[B@c700cc2
01-25 11:23:21.339 4692 4742 E SQLiteDatabase: android.database.sqlite.SQLiteConstraintException: UNIQUE constraint failed: message_media.message_row_id (code 1555 SQLITE_CONSTRAINT_PRIMARYKEY)
01-25 11:23:21.339 4692 4742 E SQLiteDatabase: at android.database.sqlite.SQLiteConnection.nativeExecuteForLastInsertedRowId(Native Method)
01-25 11:23:21.339 4692 4742 E SQLiteDatabase: at android.database.sqlite.SQLiteConnection.executeForLastInsertedRowId(SQLiteConnecti on.java:948)
01-25 11:23:21.339 4692 4742 E SQLiteDatabase: at android.database.sqlite.SQLiteSession.executeForLastInsertedRowId(SQLiteSession.jav a:790)
01-25 11:23:21.339 4692 4742 E SQLiteDatabase: at android.database.sqlite.SQLiteStatement.executeInsert(SQLiteStatement.java:88)
01-25 11:23:21.339 4692 4742 E SQLiteDatabase: at android.database.sqlite.SQLiteDatabase.insertWithOnConflict(SQLiteDatabase.java:171 2)
01-25 11:23:21.339 4692 4742 E SQLiteDatabase: at android.database.sqlite.SQLiteDatabase.insert(SQLiteDatabase.java:1581)
01-25 11:23:21.339 4692 4742 E SQLiteDatabase: at X.2tm.A08(Unknown Source:6)
01-25 11:23:21.339 4692 4742 E SQLiteDatabase: at X.35Y.A07(Unknown Source:212)
01-25 11:23:21.339 4692 4742 E SQLiteDatabase: at X.3QF.A14(Unknown Source:470)
01-25 11:23:21.339 4692 4742 E SQLiteDatabase: at X.3gU.run(Unknown Source:982)
01-25 11:23:21.339 4692 4742 E SQLiteDatabase: at android.os.Handler.handleCallback(Handler.java:938)
01-25 11:23:21.339 4692 4742 E SQLiteDatabase: at android.os.Handler.dispatchMessage(Handler.java:99)
01-25 11:23:21.339 4692 4742 E SQLiteDatabase: at X.0zq.dispatchMessage(Unknown Source:4)
01-25 11:23:21.339 4692 4742 E SQLiteDatabase: at android.os.Looper.loop(Looper.java:254)
01-25 11:23:21.339 4692 4742 E SQLiteDatabase: at android.os.HandlerThread.run(HandlerThread.java:67)
01-25 11:23:21.352 4692 4742 E SQLiteDatabase: Error inserting transferred=0 media_job_uuid=dcb43037-c824-45bf-874a-690c8b952848 transcoded=0 gif_attribution=0 first_scan_length=0 direct_path=/v/t62.7161- 24/33496213_940139521070885_6726958769003693236_n.enc?ccb=11- 4&oh=01_AdQ52YVLS2koIFzzTLKvHkWQi1bc54yvt4LXfheM-AZ9nw&oe=65D868DC&_nc_sid=5e03e0 thumbnail_height_width_ratio=1.7777778 is_animated_sticker=0 file_hash=jF99HUi6mZxDk/nX7f10FiUseAd+unLKDZX0TERurYA= file_path=null file_size=0 partial_media_hash=null face_x=0 face_y=0 height=1024 trim_to=0 media_key_timestamp=1706099213000 message_url=https://mmg.whatsapp.net/v/t62.7161- 24/33496213_940139521070885_6726958769003693236_n.enc?ccb=11- 4&oh=01_AdQ52YVLS2koIFzzTLKvHkWQi1bc54yvt4LXfheM- AZ9nw&oe=65D868DC&_nc_sid=5e03e0&mms3=true media_caption=null trim_from=0 mime_type=video/mp4 partial_media_enc_hash=null width=576 original_file_hash=null has_streaming_sidecar=1 autotransfer_retry_enabled=0 media_upload_handle=null message_row_id=100161 multicast_id=null enc_file_hash=189oRvWZwkvUmjFmEuszD3ixNwyqXW/DTnqkEv2MjJg= mute_video=0 page_count=0 first_scan_sidecar=null suspicious_content=0 file_length=2677639 media_name=null media_duration=16 chat_row_id=336 media_key=[B@c700cc2
01-25 11:23:21.352 4692 4742 E SQLiteDatabase: android.database.sqlite.SQLiteConstraintException: UNIQUE constraint failed: message_media.message_row_id (code 1555 SQLITE_CONSTRAINT_PRIMARYKEY)
01-25 11:23:21.352 4692 4742 E SQLiteDatabase: at android.database.sqlite.SQLiteConnection.nativeExecuteForLastInsertedRowId(Native Method)
01-25 11:23:21.352 4692 4742 E SQLiteDatabase: at android.database.sqlite.SQLiteConnection.executeForLastInsertedRowId(SQLiteConnecti on.java:948)
01-25 11:23:21.352 4692 4742 E SQLiteDatabase: at android.database.sqlite.SQLiteSession.executeForLastInsertedRowId(SQLiteSession.jav a:790)
01-25 11:23:21.352 4692 4742 E SQLiteDatabase: at android.database.sqlite.SQLiteStatement.executeInsert(SQLiteStatement.java:88)
01-25 11:23:21.352 4692 4742 E SQLiteDatabase: at android.database.sqlite.SQLiteDatabase.insertWithOnConflict(SQLiteDatabase.java:171 2)
01-25 11:23:21.352 4692 4742 E SQLiteDatabase: at android.database.sqlite.SQLiteDatabase.insert(SQLiteDatabase.java:1581)
01-25 11:23:21.352 4692 4742 E SQLiteDatabase: at X.2tm.A08(Unknown Source:6)
01-25 11:23:21.352 4692 4742 E SQLiteDatabase: at X.35Y.A07(Unknown Source:212)
01-25 11:23:21.352 4692 4742 E SQLiteDatabase: at X.3QF.A14(Unknown Source:470)
01-25 11:23:21.352 4692 4742 E SQLiteDatabase: at X.3gU.run(Unknown Source:982)
01-25 11:23:21.352 4692 4742 E SQLiteDatabase: at android.os.Handler.handleCallback(Handler.java:938)
01-25 11:23:21.352 4692 4742 E SQLiteDatabase: at android.os.Handler.dispatchMessage(Handler.java:99)
01-25 11:23:21.352 4692 4742 E SQLiteDatabase: at X.0zq.dispatchMessage(Unknown Source:4)
01-25 11:23:21.352 4692 4742 E SQLiteDatabase: at android.os.Looper.loop(Looper.java:254)
01-25 11:23:21.352 4692 4742 E SQLiteDatabase: at android.os.HandlerThread.run(HandlerThread.java:67)
01-25 11:23:21.432 4692 4692 E libc : Access denied finding property "ro.vendor.pref_scale_resolution"
01-25 11:23:21.584 4692 4692 E libc : Access denied finding property "ro.vendor.pref_scale_resolution"
01-25 11:23:21.689 4692 4742 E SQLiteDatabase: Error inserting transferred=1 media_job_uuid=33de76a3-85a7-4ac0-98ac-ce68844dfcf3 transcoded=0 gif_attribution=0 first_scan_length=5334 direct_path=/o1/v/t62.7118-24/f1/m269/up-oil-image-fcfb5be7- fe22-41c4-ac72-b09b4250745e?ccb=9-4&oh=01_AdQ0OG3neBFEKtqmvCmP421s- ZOkgxjvobA9TtJDaI-U3Q&oe=65D9513C&_nc_sid=000000 thumbnail_height_width_ratio=0.5375 is_animated_sticker=0 file_hash=+2wN7eL3i5xt6KJ3NmndGasAWrBNGJJeO7uIxzfhE+M= file_path=Media/.Statuses/2695dc230c3740c5bc102ea30611bac8.jpg file_size=37738 partial_media_hash=am3DLICDygR1ADgUIwl5qGzWuMJi5mHacLTYfvE0TOY= face_x=0 face_y=0 height=577 trim_to=0 media_key_timestamp=1706155832000 message_url=https://mmg.whatsapp.net/o1/v/t62.7118-24/f1/m269/up-oil-image- fcfb5be7-fe22-41c4-ac72-b09b4250745e?ccb=9-4&oh=01_AdQ0OG3neBFEKtqmvCmP421s- ZOkgxjvobA9TtJDaI-U3Q&oe=65D9513C&_nc_sid=000000&mms3=true media_caption=null trim_from=0 mime_type=image/jpeg partial_media_enc_hash=null width=1080 original_file_hash=null has_streaming_sidecar=1 autotransfer_retry_enabled=1 media_upload_handle=null message_row_id=100437 multicast_id=null enc_file_hash=R9csGNUCDDISUrTXZ7hhO0/JGQPZuKrxSOaqY/Z8zeg= mute_video=0 page_count=0 first_scan_sidecar=[B@78570a8 suspicious_content=0 file_length=37738 media_name=null media_duration=0 chat_row_id=336 media_key=[B@61457c1
01-25 11:23:21.689 4692 4742 E SQLiteDatabase: android.database.sqlite.SQLiteConstraintException: UNIQUE constraint failed: message_media.message_row_id (code 1555 SQLITE_CONSTRAINT_PRIMARYKEY)
01-25 11:23:21.689 4692 4742 E SQLiteDatabase: at android.database.sqlite.SQLiteConnection.nativeExecuteForLastInsertedRowId(Native Method)
01-25 11:23:21.689 4692 4742 E SQLiteDatabase: at android.database.sqlite.SQLiteConnection.executeForLastInsertedRowId(SQLiteConnecti on.java:948)
01-25 11:23:21.689 4692 4742 E SQLiteDatabase: at android.database.sqlite.SQLiteSession.executeForLastInsertedRowId(SQLiteSession.jav a:790)
01-25 11:23:21.689 4692 4742 E SQLiteDatabase: at android.database.sqlite.SQLiteStatement.executeInsert(SQLiteStatement.java:88)
01-25 11:23:21.689 4692 4742 E SQLiteDatabase: at android.database.sqlite.SQLiteDatabase.insertWithOnConflict(SQLiteDatabase.java:171 2)
01-25 11:23:21.689 4692 4742 E SQLiteDatabase: at android.database.sqlite.SQLiteDatabase.insert(SQLiteDatabase.java:1581)
01-25 11:23:21.689 4692 4742 E SQLiteDatabase: at X.2tm.A08(Unknown Source:6)
01-25 11:23:21.689 4692 4742 E SQLiteDatabase: at X.35Y.A07(Unknown Source:212)
01-25 11:23:21.689 4692 4742 E SQLiteDatabase: at X.3QF.A14(Unknown Source:470)
01-25 11:23:21.689 4692 4742 E SQLiteDatabase: at X.3gU.run(Unknown Source:982)
01-25 11:23:21.689 4692 4742 E SQLiteDatabase: at android.os.Handler.handleCallback(Handler.java:938)
01-25 11:23:21.689 4692 4742 E SQLiteDatabase: at android.os.Handler.dispatchMessage(Handler.java:99)
01-25 11:23:21.689 4692 4742 E SQLiteDatabase: at X.0zq.dispatchMessage(Unknown Source:4)
01-25 11:23:21.689 4692 4742 E SQLiteDatabase: at android.os.Looper.loop(Looper.java:254)
01-25 11:23:21.689 4692 4742 E SQLiteDatabase: at android.os.HandlerThread.run(HandlerThread.java:67)
01-25 11:23:22.145 4692 4742 E SQLiteDatabase: Error inserting transferred=0 media_job_uuid=1fa3234f-fbd5-4ecf-85d4-ff5fd1c474d3 transcoded=0 gif_attribution=0 first_scan_length=0 direct_path=/v/t62.7161- 24/30572529_1081118646261164_2227694803217450839_n.enc?ccb=11- 4&oh=01_AdQ7Yi2e2qZ_VvJuLsgRTFg9jSOSmyP6supmLP-nhWg9Kg&oe=65D812D5&_nc_sid=5e03e0 thumbnail_height_width_ratio=1.7777778 is_animated_sticker=0 file_hash=qv3PiABCe7lsDz4QkEUNmSGCe47HbU5qMMrxCUiS8hk= file_path=null file_size=0 partial_media_hash=null face_x=0 face_y=0 height=656 trim_to=0 media_key_timestamp=1706076458000 message_url=https://mmg.whatsapp.net/v/t62.7161- 24/30572529_1081118646261164_2227694803217450839_n.enc?ccb=11- 4&oh=01_AdQ7Yi2e2qZ_VvJuLsgRTFg9jSOSmyP6supmLP- nhWg9Kg&oe=65D812D5&_nc_sid=5e03e0&mms3=true media_caption=null trim_from=0 mime_type=video/mp4 partial_media_enc_hash=null width=368 original_file_hash=null has_streaming_sidecar=1 autotransfer_retry_enabled=1 media_upload_handle=null message_row_id=99797 multicast_id=null enc_file_hash=S63wrT8ZmePFfCcu1mM0yiH7+h8x4eAxz4UOUiZSoPI= mute_video=0 page_count=0 first_scan_sidecar=null suspicious_content=0 file_length=2678069 media_name=null media_duration=30 chat_row_id=336 media_key=[B@5311cd6
01-25 11:23:22.145 4692 4742 E SQLiteDatabase: android.database.sqlite.SQLiteConstraintException: UNIQUE constraint failed: message_media.message_row_id (code 1555 SQLITE_CONSTRAINT_PRIMARYKEY)
01-25 11:23:22.145 4692 4742 E SQLiteDatabase: at android.database.sqlite.SQLiteConnection.nativeExecuteForLastInsertedRowId(Native Method)
01-25 11:23:22.145 4692 4742 E SQLiteDatabase: at android.database.sqlite.SQLiteConnection.executeForLastInsertedRowId(SQLiteConnecti on.java:948)
01-25 11:23:22.145 4692 4742 E SQLiteDatabase: at android.database.sqlite.SQLiteSession.executeForLastInsertedRowId(SQLiteSession.jav a:790)
01-25 11:23:22.145 4692 4742 E SQLiteDatabase: at android.database.sqlite.SQLiteStatement.executeInsert(SQLiteStatement.java:88)
01-25 11:23:22.145 4692 4742 E SQLiteDatabase: at android.database.sqlite.SQLiteDatabase.insertWithOnConflict(SQLiteDatabase.java:171 2)
01-25 11:23:22.145 4692 4742 E SQLiteDatabase: at android.database.sqlite.SQLiteDatabase.insert(SQLiteDatabase.java:1581)
01-25 11:23:22.145 4692 4742 E SQLiteDatabase: at X.2tm.A08(Unknown Source:6)
01-25 11:23:22.145 4692 4742 E SQLiteDatabase: at X.35Y.A07(Unknown Source:212)
01-25 11:23:22.145 4692 4742 E SQLiteDatabase: at X.3QF.A14(Unknown Source:470)
01-25 11:23:22.145 4692 4742 E SQLiteDatabase: at X.3gU.run(Unknown Source:982)
01-25 11:23:22.145 4692 4742 E SQLiteDatabase: at android.os.Handler.handleCallback(Handler.java:938)
01-25 11:23:22.145 4692 4742 E SQLiteDatabase: at android.os.Handler.dispatchMessage(Handler.java:99)
01-25 11:23:22.145 4692 4742 E SQLiteDatabase: at X.0zq.dispatchMessage(Unknown Source:4)
01-25 11:23:22.145 4692 4742 E SQLiteDatabase: at android.os.Looper.loop(Looper.java:254)
01-25 11:23:22.145 4692 4742 E SQLiteDatabase: at android.os.HandlerThread.run(HandlerThread.java:67)
01-25 11:23:22.242 4692 4692 E libc : Access denied finding property "ro.vendor.pref_scale_resolution"
01-25 11:23:22.403 4692 4742 E SQLiteDatabase: Error inserting transferred=1 media_job_uuid=3c3fa07f-f320-41ad-b5f6-4e1f479cb5c2 transcoded=0 gif_attribution=0 first_scan_length=5116 direct_path=/o1/v/t62.7118-24/f1/m231/up-oil-image-715b925b- 44b4-4a50-920b-73eeb3cd552c?ccb=9- 4&oh=01_AdQgnElFIFEWnbQXTsBnIc327zSnP5kKRROrZONrBHpDIA&oe=65D805DB&_nc_sid=000000 thumbnail_height_width_ratio=1.8113208 is_animated_sticker=0 file_hash=3OD0UnkUMBsymnc4R7klIKgOXFOaHw5xXWPDj+Re2PQ= file_path=Media/.Statuses/65894d35a68f4180963cf25439d367e4.jpg file_size=42279 partial_media_hash=1FnLojUxj2AZcHJ0pme2g+udUZ9Ewn4J0jymdXVYjTA= face_x=0 face_y=0 height=1000 trim_to=0 media_key_timestamp=1706074480000 message_url=https://mmg.whatsapp.net/o1/v/t62.7118-24/f1/m231/up-oil-image- 715b925b-44b4-4a50-920b-73eeb3cd552c?ccb=9- 4&oh=01_AdQgnElFIFEWnbQXTsBnIc327zSnP5kKRROrZONrBHpDIA&oe=65D805DB&_nc_sid=000000&m ms3=true media_caption=null trim_from=0 mime_type=image/jpeg partial_media_enc_hash=null width=563 original_file_hash=null has_streaming_sidecar=1 autotransfer_retry_enabled=1 media_upload_handle=null message_row_id=99769 multicast_id=null enc_file_hash=0WRg3FuDhYv9g0WngwvCjV8ogGuyzA7v7yGDRefNgrA= mute_video=0 page_count=0 first_scan_sidecar=[B@a8de407 suspicious_content=0 file_length=42279 media_name=null media_duration=0 chat_row_id=336 media_key=[B@e4e6934
01-25 11:23:22.403 4692 4742 E SQLiteDatabase: android.database.sqlite.SQLiteConstraintException: UNIQUE constraint failed: message_media.message_row_id (code 1555 SQLITE_CONSTRAINT_PRIMARYKEY)
01-25 11:23:22.403 4692 4742 E SQLiteDatabase: at android.database.sqlite.SQLiteConnection.nativeExecuteForLastInsertedRowId(Native Method)
01-25 11:23:22.403 4692 4742 E SQLiteDatabase: at android.database.sqlite.SQLiteConnection.executeForLastInsertedRowId(SQLiteConnecti on.java:948)
01-25 11:23:22.403 4692 4742 E SQLiteDatabase: at android.database.sqlite.SQLiteSession.executeForLastInsertedRowId(SQLiteSession.jav a:790)
01-25 11:23:22.403 4692 4742 E SQLiteDatabase: at android.database.sqlite.SQLiteStatement.executeInsert(SQLiteStatement.java:88)
01-25 11:23:22.403 4692 4742 E SQLiteDatabase: at android.database.sqlite.SQLiteDatabase.insertWithOnConflict(SQLiteDatabase.java:171 2)
01-25 11:23:22.403 4692 4742 E SQLiteDatabase: at android.database.sqlite.SQLiteDatabase.insert(SQLiteDatabase.java:1581)
01-25 11:23:22.403 4692 4742 E SQLiteDatabase: at X.2tm.A08(Unknown Source:6)
01-25 11:23:22.403 4692 4742 E SQLiteDatabase: at X.35Y.A07(Unknown Source:212)
01-25 11:23:22.403 4692 4742 E SQLiteDatabase: at X.3QF.A14(Unknown Source:470)
01-25 11:23:22.403 4692 4742 E SQLiteDatabase: at X.3gU.run(Unknown Source:982)
01-25 11:23:22.403 4692 4742 E SQLiteDatabase: at android.os.Handler.handleCallback(Handler.java:938)
01-25 11:23:22.403 4692 4742 E SQLiteDatabase: at android.os.Handler.dispatchMessage(Handler.java:99)
01-25 11:23:22.403 4692 4742 E SQLiteDatabase: at X.0zq.dispatchMessage(Unknown Source:4)
01-25 11:23:22.403 4692 4742 E SQLiteDatabase: at android.os.Looper.loop(Looper.java:254)
01-25 11:23:22.403 4692 4742 E SQLiteDatabase: at android.os.HandlerThread.run(HandlerThread.java:67)
01-25 11:23:22.420 4692 4742 E SQLiteDatabase: Error inserting transferred=0 media_job_uuid=dcb43037-c824-45bf-874a-690c8b952848 transcoded=0 gif_attribution=0 first_scan_length=0 direct_path=/v/t62.7161- 24/33496213_940139521070885_6726958769003693236_n.enc?ccb=11- 4&oh=01_AdQ52YVLS2koIFzzTLKvHkWQi1bc54yvt4LXfheM-AZ9nw&oe=65D868DC&_nc_sid=5e03e0 thumbnail_height_width_ratio=1.7777778 is_animated_sticker=0 file_hash=jF99HUi6mZxDk/nX7f10FiUseAd+unLKDZX0TERurYA= file_path=null file_size=0 partial_media_hash=null face_x=0 face_y=0 height=1024 trim_to=0 media_key_timestamp=1706099213000 message_url=https://mmg.whatsapp.net/v/t62.7161- 24/33496213_940139521070885_6726958769003693236_n.enc?ccb=11- 4&oh=01_AdQ52YVLS2koIFzzTLKvHkWQi1bc54yvt4LXfheM- AZ9nw&oe=65D868DC&_nc_sid=5e03e0&mms3=true media_caption=null trim_from=0 mime_type=video/mp4 partial_media_enc_hash=null width=576 original_file_hash=null has_streaming_sidecar=1 autotransfer_retry_enabled=1 media_upload_handle=null message_row_id=100161 multicast_id=null enc_file_hash=189oRvWZwkvUmjFmEuszD3ixNwyqXW/DTnqkEv2MjJg= mute_video=0 page_count=0 first_scan_sidecar=null suspicious_content=0 file_length=2677639 media_name=null media_duration=16 chat_row_id=336 media_key=[B@c700cc2
01-25 11:23:22.420 4692 4742 E SQLiteDatabase: android.database.sqlite.SQLiteConstraintException: UNIQUE constraint failed: message_media.message_row_id (code 1555 SQLITE_CONSTRAINT_PRIMARYKEY)
01-25 11:23:22.420 4692 4742 E SQLiteDatabase: at android.database.sqlite.SQLiteConnection.nativeExecuteForLastInsertedRowId(Native Method)
01-25 11:23:22.420 4692 4742 E SQLiteDatabase: at android.database.sqlite.SQLiteConnection.executeForLastInsertedRowId(SQLiteConnecti on.java:948)
01-25 11:23:22.420 4692 4742 E SQLiteDatabase: at android.database.sqlite.SQLiteSession.executeForLastInsertedRowId(SQLiteSession.jav a:790)
01-25 11:23:22.420 4692 4742 E SQLiteDatabase: at android.database.sqlite.SQLiteStatement.executeInsert(SQLiteStatement.java:88)
01-25 11:23:22.420 4692 4742 E SQLiteDatabase: at android.database.sqlite.SQLiteDatabase.insertWithOnConflict(SQLiteDatabase.java:171 2)
01-25 11:23:22.420 4692 4742 E SQLiteDatabase: at android.database.sqlite.SQLiteDatabase.insert(SQLiteDatabase.java:1581)
01-25 11:23:22.420 4692 4742 E SQLiteDatabase: at X.2tm.A08(Unknown Source:6)
01-25 11:23:22.420 4692 4742 E SQLiteDatabase: at X.35Y.A07(Unknown Source:212)
01-25 11:23:22.420 4692 4742 E SQLiteDatabase: at X.3QF.A14(Unknown Source:470)
01-25 11:23:22.420 4692 4742 E SQLiteDatabase: at X.3gU.run(Unknown Source:982)
01-25 11:23:22.420 4692 4742 E SQLiteDatabase: at android.os.Handler.handleCallback(Handler.java:938)
01-25 11:23:22.420 4692 4742 E SQLiteDatabase: at android.os.Handler.dispatchMessage(Handler.java:99)
01-25 11:23:22.420 4692 4742 E SQLiteDatabase: at X.0zq.dispatchMessage(Unknown Source:4)
01-25 11:23:22.420 4692 4742 E SQLiteDatabase: at android.os.Looper.loop(Looper.java:254)
01-25 11:23:22.420 4692 4742 E SQLiteDatabase: at android.os.HandlerThread.run(HandlerThread.java:67)
01-25 11:23:29.365 4692 4692 E libc : Access denied finding property "ro.vendor.pref_scale_resolution"
01-25 11:23:29.366 4692 4692 E libc : Access denied finding property "ro.vendor.pref_scale_resolution"
01-25 11:23:29.472 4692 4692 E libc : Access denied finding property "ro.vendor.pref_scale_resolution"
01-25 11:23:29.472 4692 4692 E OplusCustomizeRestrictionManager: getInstance
01-25 11:23:29.474 4692 4692 E OplusCustomizeRestrictionManager: getInstance
01-25 11:23:32.609 4692 4692 E libc : Access denied finding property "ro.vendor.pref_scale_resolution"
01-25 11:23:32.737 4692 4692 E OplusCustomizeRestrictionManager: getInstance
01-25 11:23:32.933 4692 4692 E OplusCustomizeRestrictionManager: getInstance
01-25 11:23:36.172 4692 4692 E Parcel : Reading a NULL string not supported here.
01-25 11:23:36.264 4692 4692 E libc : Access denied finding property "ro.vendor.pref_scale_resolution"
01-25 11:23:36.266 4692 4692 E libc : Access denied finding property "ro.vendor.pref_scale_resolution"
01-25 11:23:36.267 4692 4692 E libc : Access denied finding property "ro.vendor.pref_scale_resolution"
01-25 11:23:36.270 4692 4692 E OplusCustomizeRestrictionManager: getInstance
01-25 11:23:36.270 4692 4692 E libc : Access denied finding property "ro.vendor.pref_scale_resolution"
01-25 11:23:36.276 4692 4692 E libc : Access denied finding property "ro.vendor.pref_scale_resolution"
01-25 11:23:36.281 4692 4692 E libc : Access denied finding property "ro.vendor.pref_scale_resolution"
01-25 11:23:36.303 4692 4692 E OplusCustomizeRestrictionManager: getInstance
01-25 11:23:36.345 4692 4692 E OplusCustomizeRestrictionManager: getInstance
01-25 11:23:36.348 4692 4692 E libc : Access denied finding property "ro.vendor.pref_scale_resolution"
01-25 11:23:36.360 4692 4692 E libc : Access denied finding property "ro.vendor.pref_scale_resolution"
01-25 11:23:36.361 4692 4692 W BottomSheetBehavior: BottomSheetBehavior now supports multiple callbacks. `setBottomSheetCallback()` removes all existing callbacks, including ones set internally by library authors, which may result in unintended behavior. This may change in the future. Please use `addBottomSheetCallback()` and `removeBottomSheetCallback()` instead to set your own callbacks.
01-25 11:23:36.361 4692 4692 W BottomSheetBehavior: BottomSheetBehavior now supports multiple callbacks. `setBottomSheetCallback()` removes all existing callbacks, including ones set internally by library authors, which may result in unintended behavior. This may change in the future. Please use `addBottomSheetCallback()` and `removeBottomSheetCallback()` instead to set your own callbacks.
01-25 11:23:36.375 4692 4692 W BottomSheetBehavior: BottomSheetBehavior now supports multiple callbacks. `setBottomSheetCallback()` removes all existing callbacks, including ones set internally by library authors, which may result in unintended behavior. This may change in the future. Please use `addBottomSheetCallback()` and `removeBottomSheetCallback()` instead to set your own callbacks.
01-25 11:23:36.375 4692 4692 W BottomSheetBehavior: BottomSheetBehavior now supports multiple callbacks. `setBottomSheetCallback()` removes all existing callbacks, including ones set internally by library authors, which may result in unintended behavior. This may change in the future. Please use `addBottomSheetCallback()` and `removeBottomSheetCallback()` instead to set your own callbacks.
01-25 11:23:36.379 4692 4692 E libc : Access denied finding property "ro.vendor.pref_scale_resolution"
01-25 11:23:36.389 4692 4692 W BottomSheetBehavior: BottomSheetBehavior now supports multiple callbacks. `setBottomSheetCallback()` removes all existing callbacks, including ones set internally by library authors, which may result in unintended behavior. This may change in the future. Please use `addBottomSheetCallback()` and `removeBottomSheetCallback()` instead to set your own callbacks.
01-25 11:23:36.389 4692 4692 W BottomSheetBehavior: BottomSheetBehavior now supports multiple callbacks. `setBottomSheetCallback()` removes all existing callbacks, including ones set internally by library authors, which may result in unintended behavior. This may change in the future. Please use `addBottomSheetCallback()` and `removeBottomSheetCallback()` instead to set your own callbacks.
01-25 11:23:36.394 4692 4692 E RecyclerView: No adapter attached; skipping layout
01-25 11:23:36.395 4692 4692 E RecyclerView: No adapter attached; skipping layout
01-25 11:23:36.387 4692 4692 E OplusCustomizeRestrictionManager: getInstance
01-25 11:23:57.992 4692 4692 E libc : Access denied finding property "ro.vendor.pref_scale_resolution"
01-25 11:25:22.989 4692 4692 E libc : Access denied finding property "ro.vendor.pref_scale_resolution"
01-25 11:25:22.989 4692 4692 E libc : Access denied finding property "ro.vendor.pref_scale_resolution"
01-25 11:25:23.037 4692 4692 E libc : Access denied finding property "ro.vendor.pref_scale_resolution"
01-25 11:25:25.662 4692 4692 E libc : Access denied finding property "ro.vendor.pref_scale_resolution"
01-25 11:25:25.698 4692 4692 E libc : Access denied finding property "ro.vendor.pref_scale_resolution"
01-25 11:25:25.705 4692 4692 E libc : Access denied finding property "ro.vendor.pref_scale_resolution"
01-25 11:25:25.717 4692 4692 E OplusCustomizeRestrictionManager: getInstance
01-25 11:25:25.714 4692 4692 E libc : Access denied finding property "ro.vendor.pref_scale_resolution"
01-25 11:25:25.721 4692 4692 E OplusCustomizeRestrictionManager: getInstance
01-25 11:25:46.242 4692 4692 E libc : Access denied finding property "ro.vendor.pref_scale_resolution" --------- beginning of system
01-25 13:57:56.034 4692 4692 E OplusCustomizeRestrictionManager: getInstance
01-25 13:59:13.856 4692 4692 E OplusCustomizeRestrictionManager: getInstance
01-25 13:59:13.889 4692 4692 E OplusCustomizeRestrictionManager: getInstance
01-25 13:59:13.927 4692 4692 E OplusCustomizeRestrictionManager: getInstance
01-25 13:59:14.086 4692 4692 E OplusCustomizeRestrictionManager: getInstance
01-25 13:59:14.147 4692 4692 E OplusCustomizeRestrictionManager: getInstance
01-25 13:59:14.274 4692 4692 E OplusCustomizeRestrictionManager: getInstance
01-25 13:59:14.285 4692 4692 E OplusCustomizeRestrictionManager: getInstance
01-25 13:59:14.331 4692 4692 E OplusCustomizeRestrictionManager: getInstance
01-25 13:59:14.423 4692 4692 E OplusCustomizeRestrictionManager: getInstance
01-25 13:59:17.443 4692 4692 E OplusCustomizeRestrictionManager: getInstance
01-25 13:59:17.456 4692 4692 E OplusCustomizeRestrictionManager: getInstance
01-25 13:59:23.294 4692 4692 E OplusCustomizeRestrictionManager: getInstance
01-25 13:59:23.297 4692 4692 E OplusCustomizeRestrictionManager: getInstance
01-25 13:59:23.356 4692 4692 E OplusCustomizeRestrictionManager: getInstance
01-25 13:59:23.400 4692 4692 E OplusCustomizeRestrictionManager: getInstance
01-25 13:59:27.468 4692 4692 E OplusCustomizeRestrictionManager: getInstance
01-25 13:59:27.600 4692 4692 E OplusCustomizeRestrictionManager: getInstance
01-25 13:59:27.649 4692 4692 E OplusCustomizeRestrictionManager: getInstance
01-25 13:59:27.794 4692 4692 E OplusCustomizeRestrictionManager: getInstance
01-25 13:59:33.927 4692 4692 E OplusCustomizeRestrictionManager: getInstance --------- beginning of main
01-25 13:59:34.913 4692 4692 E ArmVmp : Match on catch block at 0xc3 in for 0xa5
01-25 13:59:34.918 4692 4692 E ArmVmp : Match on catch block at 0xc3 in for 0xa9
01-25 13:59:34.921 4692 4692 E ArmVmp : Match on catch block at 0xc3 in for 0xa9
01-25 13:59:35.080 4692 4692 E ArmVmp : Match on catch block at 0xc3 in for 0xa1
01-25 13:59:35.083 4692 4692 E ArmVmp : Match on catch block at 0xc3 in for 0xa5
01-25 13:59:35.085 4692 4692 E ArmVmp : Match on catch block at 0xc3 in for 0xa5
01-25 13:59:35.242 4692 4692 E ArmVmp : Match on catch block at 0xc3 in for 0xa9
01-25 13:59:35.246 4692 4692 E ArmVmp : Match on catch block at 0xc3 in for 0xa1
01-25 13:59:35.249 4692 4692 E ArmVmp : Match on catch block at 0xc3 in for 0xa1
01-25 13:59:35.389 4692 4692 E ArmVmp : Match on catch block at 0xc3 in for 0xa5
01-25 13:59:35.392 4692 4692 E ArmVmp : Match on catch block at 0xc3 in for 0xa9
01-25 13:59:35.395 4692 4692 E ArmVmp : Match on catch block at 0xc3 in for 0xa9
01-25 13:59:35.551 4692 4692 E ArmVmp : Match on catch block at 0xc3 in for 0xa1
01-25 13:59:35.554 4692 4692 E ArmVmp : Match on catch block at 0xc3 in for 0xa5
01-25 13:59:35.556 4692 4692 E ArmVmp : Match on catch block at 0xc3 in for 0xa5
01-25 13:59:35.977 4692 4692 E ArmVmp : Match on catch block at 0xc3 in for 0xa1
01-25 13:59:35.982 4692 4692 E ArmVmp : Match on catch block at 0xc3 in for 0xa5
01-25 13:59:35.985 4692 4692 E ArmVmp : Match on catch block at 0xc3 in for 0xa5
01-25 13:59:36.002 4692 4692 E ArmVmp : Match on catch block at 0xc3 in for 0xa1
01-25 13:59:36.006 4692 4692 E ArmVmp : Match on catch block at 0xc3 in for 0xa5
01-25 13:59:36.008 4692 4692 E ArmVmp : Match on catch block at 0xc3 in for 0xa5
01-25 13:59:36.035 4692 4692 E ArmVmp : Match on catch block at 0xc3 in for 0xa5
01-25 13:59:36.041 4692 4692 E ArmVmp : Match on catch block at 0xc3 in for 0xa9
01-25 13:59:36.057 4692 4692 E libc : Access denied finding property "ro.vendor.pref_scale_resolution"
01-25 13:59:36.071 4692 4692 E OplusCustomizeRestrictionManager: getInstance
01-25 13:59:36.083 4692 4692 E ArmVmp : Match on catch block at 0xc3 in for 0xa5
01-25 13:59:36.086 4692 4692 E ArmVmp : Match on catch block at 0xc3 in for 0xa9
01-25 13:59:36.109 4692 4692 E ArmVmp : Match on catch block at 0xc3 in for 0xa5
01-25 13:59:36.113 4692 4692 E ArmVmp : Match on catch block at 0xc3 in for 0xa9
01-25 13:59:36.139 4692 4692 E ArmVmp : Match on catch block at 0xc3 in for 0xa1
01-25 13:59:36.143 4692 4692 E ArmVmp : Match on catch block at 0xc3 in for 0xa5
01-25 13:59:36.153 4692 4692 E ArmVmp : Match on catch block at 0xc3 in for 0xa1
01-25 13:59:36.156 4692 4692 E ArmVmp : Match on catch block at 0xc3 in for 0xa5
01-25 13:59:36.169 4692 4692 E ArmVmp : Match on catch block at 0xc3 in for 0xa1
01-25 13:59:36.172 4692 4692 E ArmVmp : Match on catch block at 0xc3 in for 0xa5
01-25 13:59:36.186 4692 4692 E ArmVmp : Match on catch block at 0xc3 in for 0xa1
01-25 13:59:36.190 4692 4692 E ArmVmp : Match on catch block at 0xc3 in for 0xa5
01-25 13:59:36.076 4692 4692 E OplusCustomizeRestrictionManager: getInstance
01-25 13:59:36.330 4692 4692 E libc : Access denied finding property "ro.vendor.pref_scale_resolution"
01-25 13:59:36.337 4692 4692 E ArmVmp : Match on catch block at 0xc3 in for 0xa5
01-25 13:59:36.340 4692 4692 E ArmVmp : Match on catch block at 0xc3 in for 0xa9
01-25 13:59:36.513 4692 4692 E ArmVmp : Match on catch block at 0xc3 in for 0xa5
01-25 13:59:36.515 4692 4692 E ArmVmp : Match on catch block at 0xc3 in for 0xa9
01-25 13:59:36.708 4692 4692 E OplusCustomizeRestrictionManager: getInstance
01-25 13:59:36.714 4692 4692 E libc : Access denied finding property "ro.vendor.pref_scale_resolution"
01-25 13:59:36.719 4692 4692 E libc : Access denied finding property "ro.vendor.pref_scale_resolution"
01-25 13:59:36.724 4692 4692 E ArmVmp : Match on catch block at 0xc3 in for 0xa9
01-25 13:59:36.728 4692 4692 E ArmVmp : Match on catch block at 0xc3 in for 0xa1
01-25 13:59:36.738 4692 4692 E ArmVmp : Match on catch block at 0xc3 in for 0xa9
01-25 13:59:36.741 4692 4692 E ArmVmp : Match on catch block at 0xc3 in for 0xa1
01-25 13:59:36.711 4692 4692 E OplusCustomizeRestrictionManager: getInstance
01-25 13:59:36.794 4692 4692 E ArmVmp : Match on catch block at 0xc3 in for 0xa9
01-25 13:59:36.798 4692 4692 E ArmVmp : Match on catch block at 0xc3 in for 0xa1
01-25 13:59:36.823 4692 4692 E ArmVmp : Match on catch block at 0xc3 in for 0xa5
01-25 13:59:36.825 4692 4692 E ArmVmp : Match on catch block at 0xc3 in for 0xa9
01-25 13:59:36.999 4692 4692 E ArmVmp : Match on catch block at 0xc3 in for 0xa1
01-25 13:59:37.004 4692 4692 E ArmVmp : Match on catch block at 0xc3 in for 0xa5
01-25 13:59:37.165 4692 4692 E ArmVmp : Match on catch block at 0xc3 in for 0xa1
01-25 13:59:37.167 4692 4692 E ArmVmp : Match on catch block at 0xc3 in for 0xa5
01-25 13:59:37.225 4692 4692 E libc : Access denied finding property "ro.vendor.pref_scale_resolution"
01-25 13:59:37.346 4692 4692 E ArmVmp : Match on catch block at 0xc3 in for 0xa1
01-25 13:59:37.352 4692 4692 E ArmVmp : Match on catch block at 0xc3 in for 0xa5
01-25 13:59:37.547 4692 4692 E ArmVmp : Match on catch block at 0xc3 in for 0xa9
01-25 13:59:37.551 4692 4692 E ArmVmp : Match on catch block at 0xc3 in for 0xa1
01-25 13:59:40.385 20049 20049 E com.mbwhatsapp: Unknown bits set in runtime_flags: 0x40000000
01-25 13:59:40.389 20049 20049 E com.mbwhatsapp: Not starting debugger since process cannot load the jdwp agent.
01-25 13:59:40.393 20049 20049 E RefClass: java.lang.reflect.InvocationTargetException
01-25 13:59:40.513 20049 20049 W System.err: java.lang.ClassNotFoundException: mbmodsd.mbmodsw.ui.views.btn.BtnBK
01-25 13:59:40.514 20049 20049 W System.err: at java.lang.Runtime.nativeLoad(Native Method)
01-25 13:59:40.514 20049 20049 W System.err: at java.lang.Runtime.nativeLoad(Runtime.java:1131)
01-25 13:59:40.514 20049 20049 W System.err: at java.lang.Runtime.loadLibrary0(Runtime.java:1085)
01-25 13:59:40.514 20049 20049 W System.err: at java.lang.Runtime.loadLibrary0(Runtime.java:1008)
01-25 13:59:40.514 20049 20049 W System.err: at java.lang.System.loadLibrary(System.java:1664)
01-25 13:59:40.514 20049 20049 W System.err: at arm.EpicVm.<clinit>(Unknown Source:2)
01-25 13:59:40.514 20049 20049 W System.err: at java.lang.Class.newInstance(Native Method)
01-25 13:59:40.514 20049 20049 W System.err: at android.app.AppComponentFactory.instantiateApplication(AppComponentFactory.java:76)
01-25 13:59:40.514 20049 20049 W System.err: at androidx.core.app.CoreComponentFactory.instantiateApplication(Unknown Source:0)
01-25 13:59:40.514 20049 20049 W System.err: at android.app.Instrumentation.newApplication(Instrumentation.java:1158)
01-25 13:59:40.514 20049 20049 W System.err: at android.app.LoadedApk.makeApplication(LoadedApk.java:1324)
01-25 13:59:40.514 20049 20049 W System.err: at android.app.ActivityThread.handleBindApplication(ActivityThread.java:7190)
01-25 13:59:40.515 20049 20049 W System.err: at android.app.ActivityThread.access$1700(ActivityThread.java:292)
01-25 13:59:40.515 20049 20049 W System.err: at android.app.ActivityThread$H.handleMessage(ActivityThread.java:2172)
01-25 13:59:40.515 20049 20049 W System.err: at android.os.Handler.dispatchMessage(Handler.java:106)
01-25 13:59:40.515 20049 20049 W System.err: at android.os.Looper.loop(Looper.java:254)
01-25 13:59:40.515 20049 20049 W System.err: at android.app.ActivityThread.main(ActivityThread.java:8218)
01-25 13:59:40.515 20049 20049 W System.err: at java.lang.reflect.Method.invoke(Native Method)
01-25 13:59:40.515 20049 20049 W System.err: at com.android.internal.os.RuntimeInit$MethodAndArgsCaller.run(RuntimeInit.java:632)
01-25 13:59:40.515 20049 20049 W System.err: at com.android.internal.os.ZygoteInit.main(ZygoteInit.java:1049)
01-25 13:59:40.531 20049 20049 E CustomActivityOnCrash: IMPORTANT WARNING! You already have an UncaughtExceptionHandler, are you sure this is correct? If you use a custom UncaughtExceptionHandler, you must initialize it AFTER CustomActivityOnCrash! Installing anyway, but your original handler will not be called.
01-25 13:59:40.539 20049 20071 E libc : Access denied finding property "ro.vendor.pref_scale_resolution"
01-25 13:59:40.544 20049 20071 E libc : Access denied finding property "ro.vendor.pref_scale_resolution"
01-25 13:59:40.553 20049 20071 E libc : Access denied finding property "ro.vendor.pref_scale_resolution"
01-25 13:59:40.559 20049 20071 E libc : Access denied finding property "ro.vendor.pref_scale_resolution"
01-25 13:59:40.574 20049 20071 E libc : Access denied finding property "ro.vendor.pref_scale_resolution"
01-25 13:59:40.576 20049 20071 E libc : Access denied finding property "ro.vendor.pref_scale_resolution"
01-25 13:59:40.579 20049 20071 E libc : Access denied finding property "ro.vendor.pref_scale_resolution"
01-25 13:59:40.580 20049 20071 W AsyncDrawableCache: can not found res: 2131233001, maybe dynamic res id.
01-25 13:59:40.582 20049 20071 E libc : Access denied finding property "ro.vendor.pref_scale_resolution"
01-25 13:59:40.583 20049 20071 E libc : Access denied finding property "ro.vendor.pref_scale_resolution"
01-25 13:59:40.660 20049 20071 E libc : Access denied finding property "ro.vendor.pref_scale_resolution"
01-25 13:59:40.767 20049 20049 W com.mbwhatsapp: Accessing hidden method Lcom/android/org/conscrypt/OpenSSLSocketImpl;->setUseSessionTickets(Z)V (greylist- max-q,test-api, reflection, denied)
01-25 13:59:40.768 20049 20049 W com.mbwhatsapp: Accessing hidden method Lcom/android/org/conscrypt/AbstractConscryptSocket;->setUseSessionTickets(Z)V (greylist-max-q, reflection, denied)
01-25 13:59:40.808 20049 20049 W linker : Warning: "/data/data/com.mbwhatsapp/files/decompressed/libs.spk.zst/libc++_shared.so" unused DT entry: unknown processor-specific (type 0x70000001 arg 0x0) (ignoring)
01-25 13:59:40.934 20049 20106 W com.mbwhatsapp: Class X.2rL failed lock verification and will run slower.
01-25 13:59:40.934 20049 20106 W com.mbwhatsapp: Common causes for lock verification issues are non-optimized dex code
01-25 13:59:40.934 20049 20106 W com.mbwhatsapp: and incorrect proguard optimizations.
01-25 13:59:41.018 20049 20111 W System : ClassLoader referenced unknown path: system/framework/mediatek-cta.jar
01-25 13:59:41.038 20049 20111 W System : ClassLoader referenced unknown path: system/framework/mediatek-cta.jar
01-25 13:59:41.670 20049 20136 E Parcel : Reading a NULL string not supported here.
01-25 13:59:41.942 20049 20106 E CheckPermission: _bluetooth code = 1
01-25 13:59:41.944 20049 20106 E CheckPermission: _bluetooth code = 3
01-25 13:59:41.945 20049 20106 E CheckPermission: _bluetooth code = 11
01-25 13:59:41.962 20049 20136 W CursorWindow: Window is full: requested allocation 804 bytes, free space 785 bytes, window size 2097152 bytes
01-25 13:59:52.171 20049 20049 E libc : Access denied finding property "ro.vendor.pref_scale_resolution"
01-25 13:59:52.179 20049 20049 E OplusCustomizeRestrictionManager: getInstance
01-25 13:59:52.179 20049 20049 E OplusCustomizeRestrictionManager: sInstance is null, start a new sInstance
01-25 13:59:52.198 20049 20049 E ion : ioctl c0044901 failed with code -1: Invalid argument
01-25 13:59:55.155 20049 20248 E libc : Access denied finding property "vendor.debug.drm.logv"
01-25 13:59:55.155 20049 20248 E libc : Access denied finding property "vendor.debug.drm.logv"
01-25 13:59:55.156 20049 20248 E libc : Access denied finding property "vendor.debug.drm.logd"
01-25 13:59:55.156 20049 20248 E libc : Access denied finding property "vendor.debug.drm.logv" --------- beginning of main
01-26 00:43:00.903 9613 9613 E com.mbwhatsapp: Unknown bits set in runtime_flags: 0x40000000
01-26 00:43:00.910 9613 9613 E com.mbwhatsapp: Not starting debugger since process cannot load the jdwp agent.
01-26 00:43:00.918 9613 9613 E RefClass: java.lang.reflect.InvocationTargetException
01-26 00:43:01.137 9613 9613 W System.err: java.lang.ClassNotFoundException: mbmodsd.mbmodsw.ui.views.btn.BtnBK
01-26 00:43:01.138 9613 9613 W System.err: at java.lang.Runtime.nativeLoad(Native Method)
01-26 00:43:01.138 9613 9613 W System.err: at java.lang.Runtime.nativeLoad(Runtime.java:1131)
01-26 00:43:01.138 9613 9613 W System.err: at java.lang.Runtime.loadLibrary0(Runtime.java:1085)
01-26 00:43:01.138 9613 9613 W System.err: at java.lang.Runtime.loadLibrary0(Runtime.java:1008)
01-26 00:43:01.139 9613 9613 W System.err: at java.lang.System.loadLibrary(System.java:1664)
01-26 00:43:01.139 9613 9613 W System.err: at arm.EpicVm.<clinit>(Unknown Source:2)
01-26 00:43:01.139 9613 9613 W System.err: at java.lang.Class.newInstance(Native Method)
01-26 00:43:01.139 9613 9613 W System.err: at android.app.AppComponentFactory.instantiateApplication(AppComponentFactory.java:76)
01-26 00:43:01.139 9613 9613 W System.err: at androidx.core.app.CoreComponentFactory.instantiateApplication(Unknown Source:0)
01-26 00:43:01.139 9613 9613 W System.err: at android.app.Instrumentation.newApplication(Instrumentation.java:1158)
01-26 00:43:01.139 9613 9613 W System.err: at android.app.LoadedApk.makeApplication(LoadedApk.java:1324)
01-26 00:43:01.139 9613 9613 W System.err: at android.app.ActivityThread.handleBindApplication(ActivityThread.java:7190)
01-26 00:43:01.139 9613 9613 W System.err: at android.app.ActivityThread.access$1700(ActivityThread.java:292)
01-26 00:43:01.139 9613 9613 W System.err: at android.app.ActivityThread$H.handleMessage(ActivityThread.java:2172)
01-26 00:43:01.139 9613 9613 W System.err: at android.os.Handler.dispatchMessage(Handler.java:106)
01-26 00:43:01.139 9613 9613 W System.err: at android.os.Looper.loop(Looper.java:254)
01-26 00:43:01.140 9613 9613 W System.err: at android.app.ActivityThread.main(ActivityThread.java:8218)
01-26 00:43:01.140 9613 9613 W System.err: at java.lang.reflect.Method.invoke(Native Method)
01-26 00:43:01.140 9613 9613 W System.err: at com.android.internal.os.RuntimeInit$MethodAndArgsCaller.run(RuntimeInit.java:632)
01-26 00:43:01.140 9613 9613 W System.err: at com.android.internal.os.ZygoteInit.main(ZygoteInit.java:1049)
01-26 00:43:01.177 9613 9613 E CustomActivityOnCrash: IMPORTANT WARNING! You already have an UncaughtExceptionHandler, are you sure this is correct? If you use a custom UncaughtExceptionHandler, you must initialize it AFTER CustomActivityOnCrash! Installing anyway, but your original handler will not be called.
01-26 00:43:01.178 9613 9634 E libc : Access denied finding property "ro.vendor.pref_scale_resolution"
01-26 00:43:01.181 9613 9634 E libc : Access denied finding property "ro.vendor.pref_scale_resolution"
01-26 00:43:01.214 9613 9634 E libc : Access denied finding property "ro.vendor.pref_scale_resolution"
01-26 00:43:01.217 9613 9634 E libc : Access denied finding property "ro.vendor.pref_scale_resolution"
01-26 00:43:01.240 9613 9634 E libc : Access denied finding property "ro.vendor.pref_scale_resolution"
01-26 00:43:01.243 9613 9634 W AsyncDrawableCache: can not found res: 2131233001, maybe dynamic res id.
01-26 00:43:01.245 9613 9634 E libc : Access denied finding property "ro.vendor.pref_scale_resolution"
01-26 00:43:01.247 9613 9634 E libc : Access denied finding property "ro.vendor.pref_scale_resolution"
01-26 00:43:01.350 9613 9634 E libc : Access denied finding property "ro.vendor.pref_scale_resolution"
01-26 00:43:01.556 9613 9613 W com.mbwhatsapp: Accessing hidden method Lcom/android/org/conscrypt/OpenSSLSocketImpl;->setUseSessionTickets(Z)V (greylist- max-q,test-api, reflection, denied)
01-26 00:43:01.556 9613 9613 W com.mbwhatsapp: Accessing hidden method Lcom/android/org/conscrypt/AbstractConscryptSocket;->setUseSessionTickets(Z)V (greylist-max-q, reflection, denied)
01-26 00:43:01.615 9613 9613 W linker : Warning: "/data/data/com.mbwhatsapp/files/decompressed/libs.spk.zst/libc++_shared.so" unused DT entry: unknown processor-specific (type 0x70000001 arg 0x0) (ignoring)
01-26 00:43:01.844 9613 9667 W com.mbwhatsapp: Class X.2rL failed lock verification and will run slower.
01-26 00:43:01.844 9613 9667 W com.mbwhatsapp: Common causes for lock verification issues are non-optimized dex code
01-26 00:43:01.844 9613 9667 W com.mbwhatsapp: and incorrect proguard optimizations.
01-26 00:43:01.996 9613 9676 W System : ClassLoader referenced unknown path: system/framework/mediatek-cta.jar
01-26 00:43:02.041 9613 9676 W System : ClassLoader referenced unknown path: system/framework/mediatek-cta.jar
01-26 00:43:03.755 9613 9672 E CheckPermission: _bluetooth code = 1
01-26 00:43:03.757 9613 9672 E CheckPermission: _bluetooth code = 3
01-26 00:43:03.759 9613 9672 E CheckPermission: _bluetooth code = 11
01-26 00:43:04.143 9613 9779 E Parcel : Reading a NULL string not supported here.
01-26 00:43:04.392 9613 9779 W CursorWindow: Window is full: requested allocation 804 bytes, free space 785 bytes, window size 2097152 bytes
01-26 00:43:05.336 9613 9779 W CursorWindow: Window is full: requested allocation 804 bytes, free space 308 bytes, window size 2097152 bytes
01-26 00:43:05.879 9613 9779 W CursorWindow: Window is full: requested allocation 804 bytes, free space 551 bytes, window size 2097152 bytes
01-26 00:43:06.372 9613 9779 E Parcel : Reading a NULL string not supported here.
01-26 00:43:06.929 9613 9779 E Parcel : Reading a NULL string not supported here.
