02-08 20:48:06.446 6094 6094 E ArmVmp : Match on catch block at 0xc3 in for 0xa5
02-08 20:48:06.450 6094 6094 E ArmVmp : Match on catch block at 0xc3 in for 0xa9
02-08 20:48:06.463 6094 6094 E ArmVmp : Match on catch block at 0xc3 in for 0xa1
02-08 20:48:06.467 6094 6094 E ArmVmp : Match on catch block at 0xc3 in for 0xa5
02-08 20:48:06.487 6094 6094 E ArmVmp : Match on catch block at 0xc3 in for 0xa9
02-08 20:48:06.491 6094 6094 E ArmVmp : Match on catch block at 0xc3 in for 0xa1
02-08 20:48:06.498 6094 6094 E ArmVmp : Match on catch block at 0xc3 in for 0xa5
02-08 20:48:06.502 6094 6094 E ArmVmp : Match on catch block at 0xc3 in for 0xa9
02-08 20:48:06.512 6094 6094 E libc : Access denied finding property "ro.vendor.pref_scale_resolution"
02-08 20:48:06.513 6094 6094 E OplusCustomizeRestrictionManager: getInstance
02-08 20:48:06.537 6094 6094 E ArmVmp : Match on catch block at 0xc3 in for 0xa1
02-08 20:48:06.540 6094 6094 E ArmVmp : Match on catch block at 0xc3 in for 0xa5
02-08 20:48:06.547 6094 6094 E ArmVmp : Match on catch block at 0xc3 in for 0xa9
02-08 20:48:06.550 6094 6094 E ArmVmp : Match on catch block at 0xc3 in for 0xa1
02-08 20:48:06.521 6094 6094 E OplusCustomizeRestrictionManager: getInstance
02-08 20:48:06.560 6094 6094 E ArmVmp : Match on catch block at 0xc3 in for 0xa5
02-08 20:48:06.563 6094 6094 E ArmVmp : Match on catch block at 0xc3 in for 0xa9
02-08 20:48:06.577 6094 6094 E ArmVmp : Match on catch block at 0xc3 in for 0xa1
02-08 20:48:06.581 6094 6094 E ArmVmp : Match on catch block at 0xc3 in for 0xa5
02-08 20:48:06.593 6094 6094 E ArmVmp : Match on catch block at 0xc3 in for 0xa9
02-08 20:48:06.597 6094 6094 E ArmVmp : Match on catch block at 0xc3 in for 0xa1
02-08 20:48:06.609 6094 6094 E ArmVmp : Match on catch block at 0xc3 in for 0xa5
02-08 20:48:06.612 6094 6094 E ArmVmp : Match on catch block at 0xc3 in for 0xa9
02-08 20:48:06.626 6094 6094 E ArmVmp : Match on catch block at 0xc3 in for 0xa1
02-08 20:48:06.630 6094 6094 E ArmVmp : Match on catch block at 0xc3 in for 0xa5
02-08 20:48:06.642 6094 6094 E ArmVmp : Match on catch block at 0xc3 in for 0xa9
02-08 20:48:06.646 6094 6094 E ArmVmp : Match on catch block at 0xc3 in for 0xa1
02-08 20:48:06.658 6094 6094 E ArmVmp : Match on catch block at 0xc3 in for 0xa5
02-08 20:48:06.661 6094 6094 E ArmVmp : Match on catch block at 0xc3 in for 0xa9
02-08 20:48:06.682 6094 6094 E ArmVmp : Match on catch block at 0xc3 in for 0xa1
02-08 20:48:06.685 6094 6094 E ArmVmp : Match on catch block at 0xc3 in for 0xa5
02-08 20:48:06.691 6094 6094 E ArmVmp : Match on catch block at 0xc3 in for 0xa9
02-08 20:48:06.694 6094 6094 E ArmVmp : Match on catch block at 0xc3 in for 0xa1
02-08 20:48:06.708 6094 6094 E ArmVmp : Match on catch block at 0xc3 in for 0xa5
02-08 20:48:06.712 6094 6094 E ArmVmp : Match on catch block at 0xc3 in for 0xa9
02-08 20:48:06.723 6094 6094 E ArmVmp : Match on catch block at 0xc3 in for 0xa1
02-08 20:48:06.727 6094 6094 E ArmVmp : Match on catch block at 0xc3 in for 0xa5
02-08 20:48:06.740 6094 6094 E ArmVmp : Match on catch block at 0xc3 in for 0xa9
02-08 20:48:06.743 6094 6094 E ArmVmp : Match on catch block at 0xc3 in for 0xa1
02-08 20:48:06.756 6094 6094 E ArmVmp : Match on catch block at 0xc3 in for 0xa5
02-08 20:48:06.759 6094 6094 E ArmVmp : Match on catch block at 0xc3 in for 0xa9
02-08 20:48:06.772 6094 6094 E ArmVmp : Match on catch block at 0xc3 in for 0xa1
02-08 20:48:06.776 6094 6094 E ArmVmp : Match on catch block at 0xc3 in for 0xa5
02-08 20:48:06.801 6094 6094 E ArmVmp : Match on catch block at 0xc3 in for 0xa1
02-08 20:48:06.804 6094 6094 E ArmVmp : Match on catch block at 0xc3 in for 0xa5
02-08 20:48:06.811 6094 6094 E ArmVmp : Match on catch block at 0xc3 in for 0xa9
02-08 20:48:06.814 6094 6094 E ArmVmp : Match on catch block at 0xc3 in for 0xa1
02-08 20:48:06.821 6094 6094 E ArmVmp : Match on catch block at 0xc3 in for 0xa5
02-08 20:48:06.824 6094 6094 E ArmVmp : Match on catch block at 0xc3 in for 0xa9
02-08 20:48:06.838 6094 6094 E ArmVmp : Match on catch block at 0xc3 in for 0xa1
02-08 20:48:06.842 6094 6094 E ArmVmp : Match on catch block at 0xc3 in for 0xa5
02-08 20:48:06.854 6094 6094 E ArmVmp : Match on catch block at 0xc3 in for 0xa9
02-08 20:48:06.858 6094 6094 E ArmVmp : Match on catch block at 0xc3 in for 0xa1
02-08 20:48:06.870 6094 6094 E ArmVmp : Match on catch block at 0xc3 in for 0xa5
02-08 20:48:06.874 6094 6094 E ArmVmp : Match on catch block at 0xc3 in for 0xa9
02-08 20:48:06.886 6094 6094 E ArmVmp : Match on catch block at 0xc3 in for 0xa1
02-08 20:48:06.890 6094 6094 E ArmVmp : Match on catch block at 0xc3 in for 0xa5
02-08 20:48:06.903 6094 6094 E ArmVmp : Match on catch block at 0xc3 in for 0xa9
02-08 20:48:06.906 6094 6094 E ArmVmp : Match on catch block at 0xc3 in for 0xa1
02-08 20:48:06.919 6094 6094 E ArmVmp : Match on catch block at 0xc3 in for 0xa5
02-08 20:48:06.922 6094 6094 E ArmVmp : Match on catch block at 0xc3 in for 0xa9
02-08 20:48:06.935 6094 6094 E ArmVmp : Match on catch block at 0xc3 in for 0xa1
02-08 20:48:06.938 6094 6094 E ArmVmp : Match on catch block at 0xc3 in for 0xa5
02-08 20:48:06.951 6094 6094 E ArmVmp : Match on catch block at 0xc3 in for 0xa9
02-08 20:48:06.954 6094 6094 E ArmVmp : Match on catch block at 0xc3 in for 0xa1
02-08 20:48:06.968 6094 6094 E ArmVmp : Match on catch block at 0xc3 in for 0xa5
02-08 20:48:06.971 6094 6094 E ArmVmp : Match on catch block at 0xc3 in for 0xa9
02-08 20:48:06.984 6094 6094 E ArmVmp : Match on catch block at 0xc3 in for 0xa1
02-08 20:48:06.988 6094 6094 E ArmVmp : Match on catch block at 0xc3 in for 0xa5
02-08 20:48:07.000 6094 6094 E ArmVmp : Match on catch block at 0xc3 in for 0xa9
02-08 20:48:07.003 6094 6094 E ArmVmp : Match on catch block at 0xc3 in for 0xa1
02-08 20:48:07.017 6094 6094 E ArmVmp : Match on catch block at 0xc3 in for 0xa5
02-08 20:48:07.022 6094 6094 E ArmVmp : Match on catch block at 0xc3 in for 0xa9
02-08 20:48:07.033 6094 6094 E ArmVmp : Match on catch block at 0xc3 in for 0xa1
02-08 20:48:07.037 6094 6094 E ArmVmp : Match on catch block at 0xc3 in for 0xa5
02-08 20:48:07.049 6094 6094 E ArmVmp : Match on catch block at 0xc3 in for 0xa9
02-08 20:48:07.052 6094 6094 E ArmVmp : Match on catch block at 0xc3 in for 0xa1
02-08 20:48:07.065 6094 6094 E ArmVmp : Match on catch block at 0xc3 in for 0xa5
02-08 20:48:07.069 6094 6094 E ArmVmp : Match on catch block at 0xc3 in for 0xa9
02-08 20:48:07.082 6094 6094 E ArmVmp : Match on catch block at 0xc3 in for 0xa1
02-08 20:48:07.085 6094 6094 E ArmVmp : Match on catch block at 0xc3 in for 0xa5
02-08 20:48:07.098 6094 6094 E ArmVmp : Match on catch block at 0xc3 in for 0xa9
02-08 20:48:07.102 6094 6094 E ArmVmp : Match on catch block at 0xc3 in for 0xa1
02-08 20:48:07.115 6094 6094 E ArmVmp : Match on catch block at 0xc3 in for 0xa5
02-08 20:48:07.119 6094 6094 E ArmVmp : Match on catch block at 0xc3 in for 0xa9
02-08 20:48:07.130 6094 6094 E ArmVmp : Match on catch block at 0xc3 in for 0xa9
02-08 20:48:07.133 6094 6094 E ArmVmp : Match on catch block at 0xc3 in for 0xa1
02-08 20:48:07.395 6094 6094 E libc : Access denied finding property "ro.vendor.pref_scale_resolution"
02-08 20:48:07.395 6094 6094 E OplusCustomizeRestrictionManager: getInstance
02-08 20:48:07.410 6094 6094 E OplusCustomizeRestrictionManager: getInstance
02-08 20:48:07.472 6094 6094 E ArmVmp : Match on catch block at 0xc3 in for 0xa1
02-08 20:48:07.474 6094 6094 E ArmVmp : Match on catch block at 0xc3 in for 0xa5
02-08 20:48:07.538 6094 6094 E ArmVmp : Match on catch block at 0xc3 in for 0xa5
02-08 20:48:07.541 6094 6094 E ArmVmp : Match on catch block at 0xc3 in for 0xa9
02-08 20:48:07.554 6094 6094 E ArmVmp : Match on catch block at 0xc3 in for 0xa9
02-08 20:48:07.557 6094 6094 E ArmVmp : Match on catch block at 0xc3 in for 0xa1
02-08 20:48:07.570 6094 6094 E ArmVmp : Match on catch block at 0xc3 in for 0xa1
02-08 20:48:07.573 6094 6094 E ArmVmp : Match on catch block at 0xc3 in for 0xa5
02-08 20:48:07.587 6094 6094 E ArmVmp : Match on catch block at 0xc3 in for 0xa5
02-08 20:48:07.590 6094 6094 E ArmVmp : Match on catch block at 0xc3 in for 0xa9
02-08 20:48:07.603 6094 6094 E ArmVmp : Match on catch block at 0xc3 in for 0xa9
02-08 20:48:07.606 6094 6094 E ArmVmp : Match on catch block at 0xc3 in for 0xa1
02-08 20:48:07.620 6094 6094 E ArmVmp : Match on catch block at 0xc3 in for 0xa1
02-08 20:48:07.623 6094 6094 E ArmVmp : Match on catch block at 0xc3 in for 0xa5
02-08 20:48:07.635 6094 6094 E ArmVmp : Match on catch block at 0xc3 in for 0xa5
02-08 20:48:07.638 6094 6094 E ArmVmp : Match on catch block at 0xc3 in for 0xa9
02-08 20:48:07.652 6094 6094 E ArmVmp : Match on catch block at 0xc3 in for 0xa9
02-08 20:48:07.657 6094 6094 E ArmVmp : Match on catch block at 0xc3 in for 0xa1
02-08 20:48:07.668 6094 6094 E ArmVmp : Match on catch block at 0xc3 in for 0xa1
02-08 20:48:07.671 6094 6094 E ArmVmp : Match on catch block at 0xc3 in for 0xa5
02-08 20:48:07.685 6094 6094 E ArmVmp : Match on catch block at 0xc3 in for 0xa5
02-08 20:48:07.689 6094 6094 E ArmVmp : Match on catch block at 0xc3 in for 0xa9
02-08 20:48:07.701 6094 6094 E ArmVmp : Match on catch block at 0xc3 in for 0xa1
02-08 20:48:07.704 6094 6094 E ArmVmp : Match on catch block at 0xc3 in for 0xa5
02-08 20:48:07.717 6094 6094 E ArmVmp : Match on catch block at 0xc3 in for 0xa5
02-08 20:48:07.720 6094 6094 E ArmVmp : Match on catch block at 0xc3 in for 0xa9
02-08 20:48:07.733 6094 6094 E ArmVmp : Match on catch block at 0xc3 in for 0xa9
02-08 20:48:07.736 6094 6094 E ArmVmp : Match on catch block at 0xc3 in for 0xa1
02-08 20:48:07.750 6094 6094 E ArmVmp : Match on catch block at 0xc3 in for 0xa1
02-08 20:48:07.753 6094 6094 E ArmVmp : Match on catch block at 0xc3 in for 0xa5
02-08 20:48:07.766 6094 6094 E ArmVmp : Match on catch block at 0xc3 in for 0xa5
02-08 20:48:07.770 6094 6094 E ArmVmp : Match on catch block at 0xc3 in for 0xa9
02-08 20:48:07.782 6094 6094 E ArmVmp : Match on catch block at 0xc3 in for 0xa9
02-08 20:48:07.785 6094 6094 E ArmVmp : Match on catch block at 0xc3 in for 0xa1
02-08 20:48:07.799 6094 6094 E ArmVmp : Match on catch block at 0xc3 in for 0xa1
02-08 20:48:07.804 6094 6094 E ArmVmp : Match on catch block at 0xc3 in for 0xa5
02-08 20:48:07.964 6094 6094 E ArmVmp : Match on catch block at 0xc3 in for 0xa5
02-08 20:48:07.971 6094 6094 E ArmVmp : Match on catch block at 0xc3 in for 0xa9
02-08 20:48:08.125 6094 6094 E ArmVmp : Match on catch block at 0xc3 in for 0xa9
02-08 20:48:08.128 6094 6094 E ArmVmp : Match on catch block at 0xc3 in for 0xa1
02-08 20:48:08.153 6094 6094 E ArmVmp : Match on catch block at 0xc3 in for 0xa1
02-08 20:48:08.158 6094 6094 E ArmVmp : Match on catch block at 0xc3 in for 0xa5
02-08 20:48:08.180 6094 6094 E ArmVmp : Match on catch block at 0xc3 in for 0xa5
02-08 20:48:08.184 6094 6094 E ArmVmp : Match on catch block at 0xc3 in for 0xa9
02-08 20:48:08.212 6094 6094 E OplusCustomizeRestrictionManager: getInstance
02-08 20:48:08.215 6094 6094 E libc : Access denied finding property "ro.vendor.pref_scale_resolution"
02-08 20:48:08.232 6094 6094 E ArmVmp : Match on catch block at 0xc3 in for 0xa9
02-08 20:48:08.237 6094 6094 E ArmVmp : Match on catch block at 0xc3 in for 0xa1
02-08 20:48:08.264 6094 6094 E ArmVmp : Match on catch block at 0xc3 in for 0xa5
02-08 20:48:08.269 6094 6094 E ArmVmp : Match on catch block at 0xc3 in for 0xa9
02-08 20:48:08.300 6094 6094 E ArmVmp : Match on catch block at 0xc3 in for 0xa5
02-08 20:48:08.303 6094 6094 E ArmVmp : Match on catch block at 0xc3 in for 0xa9
02-08 20:48:08.326 6094 6094 E ArmVmp : Match on catch block at 0xc3 in for 0xa1
02-08 20:48:08.328 6094 6094 E ArmVmp : Match on catch block at 0xc3 in for 0xa5
02-08 20:48:08.351 6094 6094 E ArmVmp : Match on catch block at 0xc3 in for 0xa9
02-08 20:48:08.354 6094 6094 E ArmVmp : Match on catch block at 0xc3 in for 0xa1
02-08 20:48:08.375 6094 6094 E ArmVmp : Match on catch block at 0xc3 in for 0xa5
02-08 20:48:08.378 6094 6094 E ArmVmp : Match on catch block at 0xc3 in for 0xa9
02-08 20:48:08.401 6094 6094 E ArmVmp : Match on catch block at 0xc3 in for 0xa1
02-08 20:48:08.404 6094 6094 E ArmVmp : Match on catch block at 0xc3 in for 0xa5
02-08 20:48:08.427 6094 6094 E ArmVmp : Match on catch block at 0xc3 in for 0xa9
02-08 20:48:08.430 6094 6094 E ArmVmp : Match on catch block at 0xc3 in for 0xa1
02-08 20:48:08.457 6094 6094 E ArmVmp : Match on catch block at 0xc3 in for 0xa5
02-08 20:48:08.460 6094 6094 E ArmVmp : Match on catch block at 0xc3 in for 0xa9
02-08 20:48:08.475 6094 6094 E ArmVmp : Match on catch block at 0xc3 in for 0xa1
02-08 20:48:08.478 6094 6094 E ArmVmp : Match on catch block at 0xc3 in for 0xa5
02-08 20:48:08.484 6094 6094 E ArmVmp : Match on catch block at 0xc3 in for 0xa9
02-08 20:48:08.487 6094 6094 E ArmVmp : Match on catch block at 0xc3 in for 0xa1
02-08 20:48:08.498 6094 6094 E ArmVmp : Match on catch block at 0xc3 in for 0xa5
02-08 20:48:08.501 6094 6094 E ArmVmp : Match on catch block at 0xc3 in for 0xa9
02-08 20:48:08.513 6094 6094 E ArmVmp : Match on catch block at 0xc3 in for 0xa1
02-08 20:48:08.516 6094 6094 E ArmVmp : Match on catch block at 0xc3 in for 0xa5
02-08 20:48:08.529 6094 6094 E ArmVmp : Match on catch block at 0xc3 in for 0xa9
02-08 20:48:08.533 6094 6094 E ArmVmp : Match on catch block at 0xc3 in for 0xa1
02-08 20:48:08.546 6094 6094 E ArmVmp : Match on catch block at 0xc3 in for 0xa5
02-08 20:48:08.548 6094 6094 E ArmVmp : Match on catch block at 0xc3 in for 0xa9
02-08 20:48:08.563 6094 6094 E ArmVmp : Match on catch block at 0xc3 in for 0xa1
02-08 20:48:08.565 6094 6094 E ArmVmp : Match on catch block at 0xc3 in for 0xa5
02-08 20:48:08.578 6094 6094 E ArmVmp : Match on catch block at 0xc3 in for 0xa9
02-08 20:48:08.581 6094 6094 E ArmVmp : Match on catch block at 0xc3 in for 0xa1
02-08 20:48:08.595 6094 6094 E ArmVmp : Match on catch block at 0xc3 in for 0xa5
02-08 20:48:08.597 6094 6094 E ArmVmp : Match on catch block at 0xc3 in for 0xa9
02-08 20:48:08.611 6094 6094 E ArmVmp : Match on catch block at 0xc3 in for 0xa1
02-08 20:48:08.613 6094 6094 E ArmVmp : Match on catch block at 0xc3 in for 0xa5
02-08 20:48:08.627 6094 6094 E ArmVmp : Match on catch block at 0xc3 in for 0xa9
02-08 20:48:08.630 6094 6094 E ArmVmp : Match on catch block at 0xc3 in for 0xa1
02-08 20:48:08.643 6094 6094 E ArmVmp : Match on catch block at 0xc3 in for 0xa5
02-08 20:48:08.647 6094 6094 E ArmVmp : Match on catch block at 0xc3 in for 0xa9
02-08 20:48:08.660 6094 6094 E ArmVmp : Match on catch block at 0xc3 in for 0xa1
02-08 20:48:08.662 6094 6094 E ArmVmp : Match on catch block at 0xc3 in for 0xa5
02-08 20:48:08.677 6094 6094 E ArmVmp : Match on catch block at 0xc3 in for 0xa9
02-08 20:48:08.680 6094 6094 E ArmVmp : Match on catch block at 0xc3 in for 0xa1
02-08 20:48:08.692 6094 6094 E ArmVmp : Match on catch block at 0xc3 in for 0xa1
02-08 20:48:08.696 6094 6094 E ArmVmp : Match on catch block at 0xc3 in for 0xa5
02-08 20:48:08.708 6094 6094 E ArmVmp : Match on catch block at 0xc3 in for 0xa9
02-08 20:48:08.711 6094 6094 E ArmVmp : Match on catch block at 0xc3 in for 0xa1
02-08 20:48:08.726 6094 6094 E ArmVmp : Match on catch block at 0xc3 in for 0xa5
02-08 20:48:08.729 6094 6094 E ArmVmp : Match on catch block at 0xc3 in for 0xa9
02-08 20:48:08.742 6094 6094 E ArmVmp : Match on catch block at 0xc3 in for 0xa1
02-08 20:48:08.745 6094 6094 E ArmVmp : Match on catch block at 0xc3 in for 0xa5
02-08 20:48:08.758 6094 6094 E ArmVmp : Match on catch block at 0xc3 in for 0xa9
02-08 20:48:08.761 6094 6094 E ArmVmp : Match on catch block at 0xc3 in for 0xa1
02-08 20:48:08.775 6094 6094 E ArmVmp : Match on catch block at 0xc3 in for 0xa5
02-08 20:48:08.777 6094 6094 E ArmVmp : Match on catch block at 0xc3 in for 0xa9
02-08 20:48:08.790 6094 6094 E ArmVmp : Match on catch block at 0xc3 in for 0xa1
02-08 20:48:08.793 6094 6094 E ArmVmp : Match on catch block at 0xc3 in for 0xa5
02-08 20:48:08.807 6094 6094 E ArmVmp : Match on catch block at 0xc3 in for 0xa9
02-08 20:48:08.809 6094 6094 E ArmVmp : Match on catch block at 0xc3 in for 0xa1
02-08 20:48:08.823 6094 6094 E ArmVmp : Match on catch block at 0xc3 in for 0xa5
02-08 20:48:08.826 6094 6094 E ArmVmp : Match on catch block at 0xc3 in for 0xa9
02-08 20:48:08.841 6094 6094 E ArmVmp : Match on catch block at 0xc3 in for 0xa1
02-08 20:48:08.844 6094 6094 E ArmVmp : Match on catch block at 0xc3 in for 0xa5
02-08 20:48:08.856 6094 6094 E ArmVmp : Match on catch block at 0xc3 in for 0xa9
02-08 20:48:08.858 6094 6094 E ArmVmp : Match on catch block at 0xc3 in for 0xa1
02-08 20:48:08.872 6094 6094 E ArmVmp : Match on catch block at 0xc3 in for 0xa5
02-08 20:48:08.875 6094 6094 E ArmVmp : Match on catch block at 0xc3 in for 0xa9
02-08 20:48:08.889 6094 6094 E ArmVmp : Match on catch block at 0xc3 in for 0xa1
02-08 20:48:08.892 6094 6094 E ArmVmp : Match on catch block at 0xc3 in for 0xa5
02-08 20:48:08.905 6094 6094 E ArmVmp : Match on catch block at 0xc3 in for 0xa9
02-08 20:48:08.908 6094 6094 E ArmVmp : Match on catch block at 0xc3 in for 0xa1
02-08 20:48:08.927 6094 6094 E ArmVmp : Match on catch block at 0xc3 in for 0xa5
02-08 20:48:08.931 6094 6094 E ArmVmp : Match on catch block at 0xc3 in for 0xa9
02-08 20:48:08.938 6094 6094 E ArmVmp : Match on catch block at 0xc3 in for 0xa1
02-08 20:48:08.941 6094 6094 E ArmVmp : Match on catch block at 0xc3 in for 0xa5
02-08 20:48:08.953 6094 6094 E ArmVmp : Match on catch block at 0xc3 in for 0xa1
02-08 20:48:08.956 6094 6094 E ArmVmp : Match on catch block at 0xc3 in for 0xa5
02-08 20:48:08.969 6094 6094 E ArmVmp : Match on catch block at 0xc3 in for 0xa1
02-08 20:48:08.972 6094 6094 E ArmVmp : Match on catch block at 0xc3 in for 0xa5
02-08 20:48:08.985 6094 6094 E ArmVmp : Match on catch block at 0xc3 in for 0xa1
02-08 20:48:08.988 6094 6094 E ArmVmp : Match on catch block at 0xc3 in for 0xa5
02-08 20:48:09.001 6094 6094 E ArmVmp : Match on catch block at 0xc3 in for 0xa1
02-08 20:48:09.004 6094 6094 E ArmVmp : Match on catch block at 0xc3 in for 0xa5
02-08 20:48:09.023 6094 6094 E ArmVmp : Match on catch block at 0xc3 in for 0xa1
02-08 20:48:09.027 6094 6094 E ArmVmp : Match on catch block at 0xc3 in for 0xa5
02-08 20:48:09.033 6094 6094 E ArmVmp : Match on catch block at 0xc3 in for 0xa1
02-08 20:48:09.036 6094 6094 E ArmVmp : Match on catch block at 0xc3 in for 0xa5
02-08 20:48:09.050 6094 6094 E ArmVmp : Match on catch block at 0xc3 in for 0xa1
02-08 20:48:09.054 6094 6094 E ArmVmp : Match on catch block at 0xc3 in for 0xa5
02-08 20:48:09.067 6094 6094 E ArmVmp : Match on catch block at 0xc3 in for 0xa1
02-08 20:48:09.070 6094 6094 E ArmVmp : Match on catch block at 0xc3 in for 0xa5
02-08 20:48:09.083 6094 6094 E ArmVmp : Match on catch block at 0xc3 in for 0xa1
02-08 20:48:09.086 6094 6094 E ArmVmp : Match on catch block at 0xc3 in for 0xa5
02-08 20:48:09.099 6094 6094 E ArmVmp : Match on catch block at 0xc3 in for 0xa1
02-08 20:48:09.102 6094 6094 E ArmVmp : Match on catch block at 0xc3 in for 0xa5
02-08 20:48:09.115 6094 6094 E ArmVmp : Match on catch block at 0xc3 in for 0xa1
02-08 20:48:09.118 6094 6094 E ArmVmp : Match on catch block at 0xc3 in for 0xa5
02-08 20:48:09.131 6094 6094 E ArmVmp : Match on catch block at 0xc3 in for 0xa1
02-08 20:48:09.134 6094 6094 E ArmVmp : Match on catch block at 0xc3 in for 0xa5
02-08 20:48:09.148 6094 6094 E ArmVmp : Match on catch block at 0xc3 in for 0xa1
02-08 20:48:09.151 6094 6094 E ArmVmp : Match on catch block at 0xc3 in for 0xa5
02-08 20:48:09.164 6094 6094 E ArmVmp : Match on catch block at 0xc3 in for 0xa1
02-08 20:48:09.168 6094 6094 E ArmVmp : Match on catch block at 0xc3 in for 0xa5
02-08 20:48:09.180 6094 6094 E ArmVmp : Match on catch block at 0xc3 in for 0xa1
02-08 20:48:09.183 6094 6094 E ArmVmp : Match on catch block at 0xc3 in for 0xa5
02-08 20:48:09.197 6094 6094 E ArmVmp : Match on catch block at 0xc3 in for 0xa1
02-08 20:48:09.200 6094 6094 E ArmVmp : Match on catch block at 0xc3 in for 0xa5
02-08 20:48:09.213 6094 6094 E ArmVmp : Match on catch block at 0xc3 in for 0xa1
02-08 20:48:09.216 6094 6094 E ArmVmp : Match on catch block at 0xc3 in for 0xa5
02-08 20:48:09.229 6094 6094 E ArmVmp : Match on catch block at 0xc3 in for 0xa1
02-08 20:48:09.233 6094 6094 E ArmVmp : Match on catch block at 0xc3 in for 0xa5
02-08 20:48:09.246 6094 6094 E ArmVmp : Match on catch block at 0xc3 in for 0xa1
02-08 20:48:09.249 6094 6094 E ArmVmp : Match on catch block at 0xc3 in for 0xa5
02-08 20:48:09.262 6094 6094 E ArmVmp : Match on catch block at 0xc3 in for 0xa1
02-08 20:48:09.265 6094 6094 E ArmVmp : Match on catch block at 0xc3 in for 0xa5
02-08 20:48:09.284 6094 6094 E ArmVmp : Match on catch block at 0xc3 in for 0xa1
02-08 20:48:09.288 6094 6094 E ArmVmp : Match on catch block at 0xc3 in for 0xa5
02-08 20:48:09.295 6094 6094 E ArmVmp : Match on catch block at 0xc3 in for 0xa1
02-08 20:48:09.299 6094 6094 E ArmVmp : Match on catch block at 0xc3 in for 0xa5
02-08 20:48:09.311 6094 6094 E ArmVmp : Match on catch block at 0xc3 in for 0xa1
02-08 20:48:09.316 6094 6094 E ArmVmp : Match on catch block at 0xc3 in for 0xa5
02-08 20:48:09.326 6094 6094 E ArmVmp : Match on catch block at 0xc3 in for 0xa5
02-08 20:48:09.329 6094 6094 E ArmVmp : Match on catch block at 0xc3 in for 0xa9
02-08 20:48:09.484 6094 6094 E libc : Access denied finding property "ro.vendor.pref_scale_resolution"
02-08 20:48:09.484 6094 6094 E OplusCustomizeRestrictionManager: getInstance
02-08 20:48:09.499 6094 6094 E ArmVmp : Match on catch block at 0xc3 in for 0xa9
02-08 20:48:09.503 6094 6094 E ArmVmp : Match on catch block at 0xc3 in for 0xa1
02-08 20:48:09.735 6094 6094 E ArmVmp : Match on catch block at 0xc3 in for 0xa5
02-08 20:48:09.739 6094 6094 E ArmVmp : Match on catch block at 0xc3 in for 0xa9
02-08 20:48:09.751 6094 6094 E ArmVmp : Match on catch block at 0xc3 in for 0xa9
02-08 20:48:09.757 6094 6094 E ArmVmp : Match on catch block at 0xc3 in for 0xa1
02-08 20:48:09.768 6094 6094 E ArmVmp : Match on catch block at 0xc3 in for 0xa1
02-08 20:48:09.772 6094 6094 E ArmVmp : Match on catch block at 0xc3 in for 0xa5
02-08 20:48:09.784 6094 6094 E ArmVmp : Match on catch block at 0xc3 in for 0xa5
02-08 20:48:09.789 6094 6094 E ArmVmp : Match on catch block at 0xc3 in for 0xa9
02-08 20:48:09.799 6094 6094 E ArmVmp : Match on catch block at 0xc3 in for 0xa9
02-08 20:48:09.803 6094 6094 E ArmVmp : Match on catch block at 0xc3 in for 0xa1
02-08 20:48:09.817 6094 6094 E ArmVmp : Match on catch block at 0xc3 in for 0xa1
02-08 20:48:09.821 6094 6094 E ArmVmp : Match on catch block at 0xc3 in for 0xa5
02-08 20:48:09.833 6094 6094 E ArmVmp : Match on catch block at 0xc3 in for 0xa5
02-08 20:48:09.837 6094 6094 E ArmVmp : Match on catch block at 0xc3 in for 0xa9
02-08 20:48:09.849 6094 6094 E ArmVmp : Match on catch block at 0xc3 in for 0xa9
02-08 20:48:09.853 6094 6094 E ArmVmp : Match on catch block at 0xc3 in for 0xa1
02-08 20:48:09.864 6094 6094 E ArmVmp : Match on catch block at 0xc3 in for 0xa1
02-08 20:48:09.868 6094 6094 E ArmVmp : Match on catch block at 0xc3 in for 0xa5
02-08 20:48:09.881 6094 6094 E ArmVmp : Match on catch block at 0xc3 in for 0xa5
02-08 20:48:09.884 6094 6094 E ArmVmp : Match on catch block at 0xc3 in for 0xa9
02-08 20:48:09.898 6094 6094 E ArmVmp : Match on catch block at 0xc3 in for 0xa9
02-08 20:48:09.901 6094 6094 E ArmVmp : Match on catch block at 0xc3 in for 0xa1
02-08 20:48:09.913 6094 6094 E ArmVmp : Match on catch block at 0xc3 in for 0xa1
02-08 20:48:09.917 6094 6094 E ArmVmp : Match on catch block at 0xc3 in for 0xa5
02-08 20:48:09.929 6094 6094 E ArmVmp : Match on catch block at 0xc3 in for 0xa5
02-08 20:48:09.932 6094 6094 E ArmVmp : Match on catch block at 0xc3 in for 0xa9
02-08 20:48:09.946 6094 6094 E ArmVmp : Match on catch block at 0xc3 in for 0xa9
02-08 20:48:09.949 6094 6094 E ArmVmp : Match on catch block at 0xc3 in for 0xa1
02-08 20:48:09.964 6094 6094 E ArmVmp : Match on catch block at 0xc3 in for 0xa1
02-08 20:48:09.968 6094 6094 E ArmVmp : Match on catch block at 0xc3 in for 0xa5
02-08 20:48:09.977 6094 6094 E ArmVmp : Match on catch block at 0xc3 in for 0xa5
02-08 20:48:09.980 6094 6094 E ArmVmp : Match on catch block at 0xc3 in for 0xa9
02-08 20:48:10.010 6094 6094 E ArmVmp : Match on catch block at 0xc3 in for 0xa9
02-08 20:48:10.014 6094 6094 E ArmVmp : Match on catch block at 0xc3 in for 0xa1
02-08 20:48:10.322 6094 6094 E ArmVmp : Match on catch block at 0xc3 in for 0xa9
02-08 20:48:10.324 6094 6094 E ArmVmp : Match on catch block at 0xc3 in for 0xa1
02-08 20:48:10.336 6094 6094 E ArmVmp : Match on catch block at 0xc3 in for 0xa1
02-08 20:48:10.339 6094 6094 E ArmVmp : Match on catch block at 0xc3 in for 0xa5
02-08 20:48:10.352 6094 6094 E ArmVmp : Match on catch block at 0xc3 in for 0xa5
02-08 20:48:10.355 6094 6094 E ArmVmp : Match on catch block at 0xc3 in for 0xa9
02-08 20:48:10.369 6094 6094 E ArmVmp : Match on catch block at 0xc3 in for 0xa9
02-08 20:48:10.372 6094 6094 E ArmVmp : Match on catch block at 0xc3 in for 0xa1
02-08 20:48:10.385 6094 6094 E ArmVmp : Match on catch block at 0xc3 in for 0xa1
02-08 20:48:10.388 6094 6094 E ArmVmp : Match on catch block at 0xc3 in for 0xa5
02-08 20:48:10.402 6094 6094 E ArmVmp : Match on catch block at 0xc3 in for 0xa5
02-08 20:48:10.404 6094 6094 E ArmVmp : Match on catch block at 0xc3 in for 0xa9
02-08 20:48:10.418 6094 6094 E ArmVmp : Match on catch block at 0xc3 in for 0xa9
02-08 20:48:10.421 6094 6094 E ArmVmp : Match on catch block at 0xc3 in for 0xa1
02-08 20:48:10.435 6094 6094 E ArmVmp : Match on catch block at 0xc3 in for 0xa1
02-08 20:48:10.437 6094 6094 E ArmVmp : Match on catch block at 0xc3 in for 0xa5
02-08 20:48:10.450 6094 6094 E ArmVmp : Match on catch block at 0xc3 in for 0xa5
02-08 20:48:10.453 6094 6094 E ArmVmp : Match on catch block at 0xc3 in for 0xa9
02-08 20:48:10.467 6094 6094 E ArmVmp : Match on catch block at 0xc3 in for 0xa9
02-08 20:48:10.470 6094 6094 E ArmVmp : Match on catch block at 0xc3 in for 0xa1
02-08 20:48:10.484 6094 6094 E ArmVmp : Match on catch block at 0xc3 in for 0xa1
02-08 20:48:10.489 6094 6094 E ArmVmp : Match on catch block at 0xc3 in for 0xa5
02-08 20:48:10.499 6094 6094 E ArmVmp : Match on catch block at 0xc3 in for 0xa5
02-08 20:48:10.503 6094 6094 E ArmVmp : Match on catch block at 0xc3 in for 0xa9
02-08 20:48:10.516 6094 6094 E ArmVmp : Match on catch block at 0xc3 in for 0xa9
02-08 20:48:10.518 6094 6094 E ArmVmp : Match on catch block at 0xc3 in for 0xa1
02-08 20:48:10.532 6094 6094 E ArmVmp : Match on catch block at 0xc3 in for 0xa1
02-08 20:48:10.537 6094 6094 E ArmVmp : Match on catch block at 0xc3 in for 0xa5
02-08 20:48:10.549 6094 6094 E ArmVmp : Match on catch block at 0xc3 in for 0xa5
02-08 20:48:10.553 6094 6094 E ArmVmp : Match on catch block at 0xc3 in for 0xa9
02-08 20:48:11.023 6094 6094 E ArmVmp : Match on catch block at 0xc3 in for 0xa9
02-08 20:48:11.026 6094 6094 E ArmVmp : Match on catch block at 0xc3 in for 0xa1
02-08 20:48:11.544 6094 6094 E ArmVmp : Match on catch block at 0xc3 in for 0xa9
02-08 20:48:11.549 6094 6094 E ArmVmp : Match on catch block at 0xc3 in for 0xa1
02-08 20:48:12.045 6094 6094 E ArmVmp : Match on catch block at 0xc3 in for 0xa1
02-08 20:48:12.050 6094 6094 E ArmVmp : Match on catch block at 0xc3 in for 0xa5
02-08 20:48:12.535 6094 6094 E ArmVmp : Match on catch block at 0xc3 in for 0xa9
02-08 20:48:12.538 6094 6094 E ArmVmp : Match on catch block at 0xc3 in for 0xa1
02-08 20:48:13.040 6094 6094 E ArmVmp : Match on catch block at 0xc3 in for 0xa1
02-08 20:48:13.044 6094 6094 E ArmVmp : Match on catch block at 0xc3 in for 0xa5
02-08 20:48:13.103 6094 6094 E ArmVmp : Match on catch block at 0xc3 in for 0xa5
02-08 20:48:13.109 6094 6094 E ArmVmp : Match on catch block at 0xc3 in for 0xa9
02-08 20:48:13.530 6094 6094 E OplusCustomizeRestrictionManager: getInstance
02-08 20:48:19.652 6094 6108 W System : A resource failed to call release.
02-08 20:48:25.855 6094 6094 E libc : Access denied finding property "ro.vendor.pref_scale_resolution"
02-08 20:48:25.857 6094 6094 E OplusCustomizeRestrictionManager: getInstance
02-08 20:48:55.705 6094 6170 E Parcel : Reading a NULL string not supported here.
02-08 20:49:03.824 6094 6094 E OplusCustomizeRestrictionManager: getInstance
02-08 20:49:03.839 6094 6094 E OplusCustomizeRestrictionManager: getInstance
02-08 20:49:20.183 6094 6515 E Parcel : Reading a NULL string not supported here.
02-08 20:49:20.264 6094 6515 E Parcel : Reading a NULL string not supported here.
02-08 20:49:20.283 6094 6515 E libc : Access denied finding property "ro.vendor.pref_scale_resolution"
02-08 20:49:20.423 6094 6515 E Parcel : Reading a NULL string not supported here.
02-08 20:49:20.439 6094 6515 E Parcel : Reading a NULL string not supported here. --------- beginning of system
02-08 20:52:47.332 6094 6094 E OplusCustomizeRestrictionManager: getInstance
02-08 20:55:25.342 6094 6094 E OplusCustomizeRestrictionManager: getInstance
02-08 20:55:25.363 6094 6094 E OplusCustomizeRestrictionManager: getInstance --------- beginning of main
02-08 20:56:24.255 12370 12370 E com.mbwhatsapp: Unknown bits set in runtime_flags: 0x40000000
02-08 20:56:24.268 12370 12370 E com.mbwhatsapp: Not starting debugger since process cannot load the jdwp agent.
02-08 20:56:24.277 12370 12370 E RefClass: java.lang.reflect.InvocationTargetException
02-08 20:56:24.419 12370 12370 W System.err: java.lang.ClassNotFoundException: mbmodsd.mbmodsw.ui.views.btn.BtnBK
02-08 20:56:24.420 12370 12370 W System.err: at java.lang.Runtime.nativeLoad(Native Method)
02-08 20:56:24.420 12370 12370 W System.err: at java.lang.Runtime.nativeLoad(Runtime.java:1131)
02-08 20:56:24.421 12370 12370 W System.err: at java.lang.Runtime.loadLibrary0(Runtime.java:1085)
02-08 20:56:24.421 12370 12370 W System.err: at java.lang.Runtime.loadLibrary0(Runtime.java:1008)
02-08 20:56:24.421 12370 12370 W System.err: at java.lang.System.loadLibrary(System.java:1664)
02-08 20:56:24.421 12370 12370 W System.err: at arm.EpicVm.<clinit>(Unknown Source:2)
02-08 20:56:24.421 12370 12370 W System.err: at java.lang.Class.newInstance(Native Method)
02-08 20:56:24.421 12370 12370 W System.err: at android.app.AppComponentFactory.instantiateApplication(AppComponentFactory.java:76)
02-08 20:56:24.421 12370 12370 W System.err: at androidx.core.app.CoreComponentFactory.instantiateApplication(Unknown Source:0)
02-08 20:56:24.421 12370 12370 W System.err: at android.app.Instrumentation.newApplication(Instrumentation.java:1158)
02-08 20:56:24.421 12370 12370 W System.err: at android.app.LoadedApk.makeApplication(LoadedApk.java:1324)
02-08 20:56:24.421 12370 12370 W System.err: at android.app.ActivityThread.handleBindApplication(ActivityThread.java:7190)
02-08 20:56:24.421 12370 12370 W System.err: at android.app.ActivityThread.access$1700(ActivityThread.java:292)
02-08 20:56:24.421 12370 12370 W System.err: at android.app.ActivityThread$H.handleMessage(ActivityThread.java:2172)
02-08 20:56:24.422 12370 12370 W System.err: at android.os.Handler.dispatchMessage(Handler.java:106)
02-08 20:56:24.422 12370 12370 W System.err: at android.os.Looper.loop(Looper.java:254)
02-08 20:56:24.422 12370 12370 W System.err: at android.app.ActivityThread.main(ActivityThread.java:8218)
02-08 20:56:24.422 12370 12370 W System.err: at java.lang.reflect.Method.invoke(Native Method)
02-08 20:56:24.422 12370 12370 W System.err: at com.android.internal.os.RuntimeInit$MethodAndArgsCaller.run(RuntimeInit.java:632)
02-08 20:56:24.422 12370 12370 W System.err: at com.android.internal.os.ZygoteInit.main(ZygoteInit.java:1049)
02-08 20:56:24.444 12370 12370 E CustomActivityOnCrash: IMPORTANT WARNING! You already have an UncaughtExceptionHandler, are you sure this is correct? If you use a custom UncaughtExceptionHandler, you must initialize it AFTER CustomActivityOnCrash! Installing anyway, but your original handler will not be called.
02-08 20:56:24.446 12370 12393 E libc : Access denied finding property "ro.vendor.pref_scale_resolution"
02-08 20:56:24.462 12370 12393 E libc : Access denied finding property "ro.vendor.pref_scale_resolution"
02-08 20:56:24.469 12370 12393 E libc : Access denied finding property "ro.vendor.pref_scale_resolution"
02-08 20:56:24.495 12370 12393 E libc : Access denied finding property "ro.vendor.pref_scale_resolution"
02-08 20:56:24.503 12370 12393 E libc : Access denied finding property "ro.vendor.pref_scale_resolution"
02-08 20:56:24.507 12370 12393 E libc : Access denied finding property "ro.vendor.pref_scale_resolution"
02-08 20:56:24.509 12370 12393 W AsyncDrawableCache: can not found res: 2131233001, maybe dynamic res id.
02-08 20:56:24.510 12370 12393 E libc : Access denied finding property "ro.vendor.pref_scale_resolution"
02-08 20:56:24.512 12370 12393 E libc : Access denied finding property "ro.vendor.pref_scale_resolution"
02-08 20:56:24.526 12370 12397 W LibraryVersion: Failed to get app version for libraryName: firebase-iid
02-08 20:56:24.600 12370 12393 E libc : Access denied finding property "ro.vendor.pref_scale_resolution"
02-08 20:56:24.710 12370 12370 W com.mbwhatsapp: Accessing hidden method Lcom/android/org/conscrypt/OpenSSLSocketImpl;->setUseSessionTickets(Z)V (greylist- max-q,test-api, reflection, denied)
02-08 20:56:24.711 12370 12370 W com.mbwhatsapp: Accessing hidden method Lcom/android/org/conscrypt/AbstractConscryptSocket;->setUseSessionTickets(Z)V (greylist-max-q, reflection, denied)
02-08 20:56:24.760 12370 12370 W linker : Warning: "/data/data/com.mbwhatsapp/files/decompressed/libs.spk.zst/libc++_shared.so" unused DT entry: unknown processor-specific (type 0x70000001 arg 0x0) (ignoring)
02-08 20:56:24.881 12370 12436 W com.mbwhatsapp: Class X.2rL failed lock verification and will run slower.
02-08 20:56:24.881 12370 12436 W com.mbwhatsapp: Common causes for lock verification issues are non-optimized dex code
02-08 20:56:24.881 12370 12436 W com.mbwhatsapp: and incorrect proguard optimizations.
02-08 20:56:24.887 12370 12402 E Parcel : Reading a NULL string not supported here.
02-08 20:56:24.976 12370 12436 W System : ClassLoader referenced unknown path: system/framework/mediatek-cta.jar
02-08 20:56:25.021 12370 12436 W System : ClassLoader referenced unknown path: system/framework/mediatek-cta.jar
02-08 20:56:25.771 12370 12498 E ion : ioctl c0044901 failed with code -1: Invalid argument
02-08 20:56:25.792 12370 12503 E Parcel : Reading a NULL string not supported here.
02-08 20:56:25.805 12370 12498 E libc : Access denied finding property "vendor.debug.drm.logv"
02-08 20:56:25.806 12370 12498 E libc : Access denied finding property "vendor.debug.drm.logv"
02-08 20:56:25.807 12370 12498 E libc : Access denied finding property "vendor.debug.drm.logd"
02-08 20:56:25.811 12370 12498 E libc : Access denied finding property "vendor.debug.drm.logv"
02-08 20:56:25.908 12370 12440 E CheckPermission: _bluetooth code = 1
02-08 20:56:25.910 12370 12440 E CheckPermission: _bluetooth code = 3
02-08 20:56:25.913 12370 12440 E CheckPermission: _bluetooth code = 11
02-08 20:56:26.326 12370 12503 W CursorWindow: Window is full: requested allocation 804 bytes, free space 665 bytes, window size 2097152 bytes
02-08 20:56:27.211 12370 12439 E PlayCore: UID: [10252] PID: [12370] IntegrityService : Phonesky is not installed.
02-08 20:56:27.214 12370 12370 E playcore: Unexpected error -2 while handling RequestIntegrityToken.
02-08 20:56:28.096 12370 12498 E Parcel : Reading a NULL string not supported here.
02-08 20:56:28.245 12370 12498 E Parcel : Reading a NULL string not supported here.
02-08 20:56:28.441 12370 12461 W OplusExSystemServiceHelper: checkOplusExSystemService intent getComponent is null --------- beginning of main
02-08 23:44:20.026 10972 10972 E com.mbwhatsapp: Unknown bits set in runtime_flags: 0x40000000
02-08 23:44:20.034 10972 10972 E com.mbwhatsapp: Not starting debugger since process cannot load the jdwp agent.
02-08 23:44:20.043 10972 10972 E RefClass: java.lang.reflect.InvocationTargetException
02-08 23:44:20.252 10972 10972 W System.err: java.lang.ClassNotFoundException: mbmodsd.mbmodsw.ui.views.btn.BtnBK
02-08 23:44:20.253 10972 10972 W System.err: at java.lang.Runtime.nativeLoad(Native Method)
02-08 23:44:20.253 10972 10972 W System.err: at java.lang.Runtime.nativeLoad(Runtime.java:1131)
02-08 23:44:20.253 10972 10972 W System.err: at java.lang.Runtime.loadLibrary0(Runtime.java:1085)
02-08 23:44:20.254 10972 10972 W System.err: at java.lang.Runtime.loadLibrary0(Runtime.java:1008)
02-08 23:44:20.254 10972 10972 W System.err: at java.lang.System.loadLibrary(System.java:1664)
02-08 23:44:20.254 10972 10972 W System.err: at arm.EpicVm.<clinit>(Unknown Source:2)
02-08 23:44:20.254 10972 10972 W System.err: at java.lang.Class.newInstance(Native Method)
02-08 23:44:20.254 10972 10972 W System.err: at android.app.AppComponentFactory.instantiateApplication(AppComponentFactory.java:76)
02-08 23:44:20.254 10972 10972 W System.err: at androidx.core.app.CoreComponentFactory.instantiateApplication(Unknown Source:0)
02-08 23:44:20.254 10972 10972 W System.err: at android.app.Instrumentation.newApplication(Instrumentation.java:1158)
02-08 23:44:20.254 10972 10972 W System.err: at android.app.LoadedApk.makeApplication(LoadedApk.java:1324)
02-08 23:44:20.254 10972 10972 W System.err: at android.app.ActivityThread.handleBindApplication(ActivityThread.java:7190)
02-08 23:44:20.254 10972 10972 W System.err: at android.app.ActivityThread.access$1700(ActivityThread.java:292)
02-08 23:44:20.254 10972 10972 W System.err: at android.app.ActivityThread$H.handleMessage(ActivityThread.java:2172)
02-08 23:44:20.255 10972 10972 W System.err: at android.os.Handler.dispatchMessage(Handler.java:106)
02-08 23:44:20.255 10972 10972 W System.err: at android.os.Looper.loop(Looper.java:254)
02-08 23:44:20.255 10972 10972 W System.err: at android.app.ActivityThread.main(ActivityThread.java:8218)
02-08 23:44:20.255 10972 10972 W System.err: at java.lang.reflect.Method.invoke(Native Method)
02-08 23:44:20.255 10972 10972 W System.err: at com.android.internal.os.RuntimeInit$MethodAndArgsCaller.run(RuntimeInit.java:632)
02-08 23:44:20.255 10972 10972 W System.err: at com.android.internal.os.ZygoteInit.main(ZygoteInit.java:1049)
02-08 23:44:20.290 10972 10972 E CustomActivityOnCrash: IMPORTANT WARNING! You already have an UncaughtExceptionHandler, are you sure this is correct? If you use a custom UncaughtExceptionHandler, you must initialize it AFTER CustomActivityOnCrash! Installing anyway, but your original handler will not be called.
02-08 23:44:20.292 10972 10994 E libc : Access denied finding property "ro.vendor.pref_scale_resolution"
02-08 23:44:20.334 10972 10994 E libc : Access denied finding property "ro.vendor.pref_scale_resolution"
02-08 23:44:20.341 10972 10994 E libc : Access denied finding property "ro.vendor.pref_scale_resolution"
02-08 23:44:20.356 10972 10994 E libc : Access denied finding property "ro.vendor.pref_scale_resolution"
02-08 23:44:20.359 10972 10994 W AsyncDrawableCache: can not found res: 2131233001, maybe dynamic res id.
02-08 23:44:20.361 10972 10994 E libc : Access denied finding property "ro.vendor.pref_scale_resolution"
02-08 23:44:20.363 10972 10994 E libc : Access denied finding property "ro.vendor.pref_scale_resolution"
02-08 23:44:20.388 10972 10997 W LibraryVersion: Failed to get app version for libraryName: firebase-iid
02-08 23:44:20.459 10972 10994 E libc : Access denied finding property "ro.vendor.pref_scale_resolution"
02-08 23:44:20.656 10972 10972 W com.mbwhatsapp: Accessing hidden method Lcom/android/org/conscrypt/OpenSSLSocketImpl;->setUseSessionTickets(Z)V (greylist- max-q,test-api, reflection, denied)
02-08 23:44:20.657 10972 10972 W com.mbwhatsapp: Accessing hidden method Lcom/android/org/conscrypt/AbstractConscryptSocket;->setUseSessionTickets(Z)V (greylist-max-q, reflection, denied)
02-08 23:44:20.715 10972 10972 W linker : Warning: "/data/data/com.mbwhatsapp/files/decompressed/libs.spk.zst/libc++_shared.so" unused DT entry: unknown processor-specific (type 0x70000001 arg 0x0) (ignoring)
02-08 23:44:20.886 10972 11002 E Parcel : Reading a NULL string not supported here.
02-08 23:44:20.937 10972 11029 W com.mbwhatsapp: Class X.2rL failed lock verification and will run slower.
02-08 23:44:20.937 10972 11029 W com.mbwhatsapp: Common causes for lock verification issues are non-optimized dex code
02-08 23:44:20.937 10972 11029 W com.mbwhatsapp: and incorrect proguard optimizations.
02-08 23:44:21.050 10972 11040 W System : ClassLoader referenced unknown path: system/framework/mediatek-cta.jar
02-08 23:44:21.068 10972 11040 W System : ClassLoader referenced unknown path: system/framework/mediatek-cta.jar
02-08 23:44:21.991 10972 11015 W OplusExSystemServiceHelper: checkOplusExSystemService intent getComponent is null
02-08 23:44:22.558 10972 11059 E ion : ioctl c0044901 failed with code -1: Invalid argument
02-08 23:44:22.581 10972 11059 E libc : Access denied finding property "vendor.debug.drm.logv"
02-08 23:44:22.584 10972 11059 E libc : Access denied finding property "vendor.debug.drm.logv"
02-08 23:44:22.588 10972 11059 E libc : Access denied finding property "vendor.debug.drm.logd"
02-08 23:44:22.589 10972 11059 E libc : Access denied finding property "vendor.debug.drm.logv"
02-08 23:44:22.733 10972 11060 E Parcel : Reading a NULL string not supported here.
02-08 23:44:22.754 10972 11038 E CheckPermission: _bluetooth code = 1
02-08 23:44:22.757 10972 11038 E CheckPermission: _bluetooth code = 3
02-08 23:44:22.762 10972 11038 E CheckPermission: _bluetooth code = 11
02-08 23:44:22.937 10972 11060 W CursorWindow: Window is full: requested allocation 804 bytes, free space 665 bytes, window size 2097152 bytes
02-08 23:44:23.842 10972 11060 W CursorWindow: Window is full: requested allocation 804 bytes, free space 156 bytes, window size 2097152 bytes
02-08 23:44:24.935 10972 11060 W CursorWindow: Window is full: requested allocation 804 bytes, free space 695 bytes, window size 2097152 bytes
02-08 23:44:25.482 10972 11060 E Parcel : Reading a NULL string not supported here.
02-08 23:44:29.206 10972 11060 E Parcel : Reading a NULL string not supported here.
02-08 23:44:40.985 10972 11060 E Parcel : Reading a NULL string not supported here.
02-08 23:44:41.133 10972 11060 E Parcel : Reading a NULL string not supported here.
02-08 23:44:42.175 10972 11060 E Parcel : Reading a NULL string not supported here.
02-08 23:45:31.547 10972 11060 E Parcel : Reading a NULL string not supported here.
02-08 23:45:39.943 10972 11060 W CursorWindow: Window is full: requested allocation 804 bytes, free space 665 bytes, window size 2097152 bytes
02-08 23:46:31.381 10972 11060 E Parcel : Reading a NULL string not supported here.
02-08 23:46:31.527 10972 11060 W CursorWindow: Window is full: requested allocation 804 bytes, free space 665 bytes, window size 2097152 bytes
02-08 23:46:40.741 10972 11060 W CursorWindow: Window is full: requested allocation 804 bytes, free space 156 bytes, window size 2097152 bytes
02-08 23:46:41.229 10972 11060 W CursorWindow: Window is full: requested allocation 804 bytes, free space 695 bytes, window size 2097152 bytes
02-08 23:46:47.033 10972 11060 E Parcel : Reading a NULL string not supported here.
02-08 23:46:47.386 10972 11060 E Parcel : Reading a NULL string not supported here. --------- beginning of main
02-09 00:17:00.787 19679 19679 E com.mbwhatsapp: Unknown bits set in runtime_flags: 0x40000000
02-09 00:17:00.796 19679 19679 E com.mbwhatsapp: Not starting debugger since process cannot load the jdwp agent.
02-09 00:17:00.810 19679 19679 E RefClass: java.lang.reflect.InvocationTargetException
02-09 00:17:01.040 19679 19679 W System.err: java.lang.ClassNotFoundException: mbmodsd.mbmodsw.ui.views.btn.BtnBK
02-09 00:17:01.041 19679 19679 W System.err: at java.lang.Runtime.nativeLoad(Native Method)
02-09 00:17:01.041 19679 19679 W System.err: at java.lang.Runtime.nativeLoad(Runtime.java:1131)
02-09 00:17:01.041 19679 19679 W System.err: at java.lang.Runtime.loadLibrary0(Runtime.java:1085)
02-09 00:17:01.041 19679 19679 W System.err: at java.lang.Runtime.loadLibrary0(Runtime.java:1008)
02-09 00:17:01.041 19679 19679 W System.err: at java.lang.System.loadLibrary(System.java:1664)
02-09 00:17:01.041 19679 19679 W System.err: at arm.EpicVm.<clinit>(Unknown Source:2)
02-09 00:17:01.041 19679 19679 W System.err: at java.lang.Class.newInstance(Native Method)
02-09 00:17:01.042 19679 19679 W System.err: at android.app.AppComponentFactory.instantiateApplication(AppComponentFactory.java:76)
02-09 00:17:01.042 19679 19679 W System.err: at androidx.core.app.CoreComponentFactory.instantiateApplication(Unknown Source:0)
02-09 00:17:01.042 19679 19679 W System.err: at android.app.Instrumentation.newApplication(Instrumentation.java:1158)
02-09 00:17:01.042 19679 19679 W System.err: at android.app.LoadedApk.makeApplication(LoadedApk.java:1324)
02-09 00:17:01.042 19679 19679 W System.err: at android.app.ActivityThread.handleBindApplication(ActivityThread.java:7190)
02-09 00:17:01.042 19679 19679 W System.err: at android.app.ActivityThread.access$1700(ActivityThread.java:292)
02-09 00:17:01.042 19679 19679 W System.err: at android.app.ActivityThread$H.handleMessage(ActivityThread.java:2172)
02-09 00:17:01.042 19679 19679 W System.err: at android.os.Handler.dispatchMessage(Handler.java:106)
02-09 00:17:01.042 19679 19679 W System.err: at android.os.Looper.loop(Looper.java:254)
02-09 00:17:01.042 19679 19679 W System.err: at android.app.ActivityThread.main(ActivityThread.java:8218)
02-09 00:17:01.042 19679 19679 W System.err: at java.lang.reflect.Method.invoke(Native Method)
02-09 00:17:01.042 19679 19679 W System.err: at com.android.internal.os.RuntimeInit$MethodAndArgsCaller.run(RuntimeInit.java:632)
02-09 00:17:01.043 19679 19679 W System.err: at com.android.internal.os.ZygoteInit.main(ZygoteInit.java:1049)
02-09 00:17:01.082 19679 19713 E libc : Access denied finding property "ro.vendor.pref_scale_resolution"
02-09 00:17:01.083 19679 19679 E CustomActivityOnCrash: IMPORTANT WARNING! You already have an UncaughtExceptionHandler, are you sure this is correct? If you use a custom UncaughtExceptionHandler, you must initialize it AFTER CustomActivityOnCrash! Installing anyway, but your original handler will not be called.
02-09 00:17:01.084 19679 19713 E libc : Access denied finding property "ro.vendor.pref_scale_resolution"
02-09 00:17:01.091 19679 19713 E libc : Access denied finding property "ro.vendor.pref_scale_resolution"
02-09 00:17:01.127 19679 19713 E libc : Access denied finding property "ro.vendor.pref_scale_resolution"
02-09 00:17:01.129 19679 19713 E libc : Access denied finding property "ro.vendor.pref_scale_resolution"
02-09 00:17:01.130 19679 19713 E libc : Access denied finding property "ro.vendor.pref_scale_resolution"
02-09 00:17:01.137 19679 19713 W AsyncDrawableCache: can not found res: 2131233001, maybe dynamic res id.
02-09 00:17:01.142 19679 19713 E libc : Access denied finding property "ro.vendor.pref_scale_resolution"
02-09 00:17:01.145 19679 19713 E libc : Access denied finding property "ro.vendor.pref_scale_resolution"
02-09 00:17:01.238 19679 19713 E libc : Access denied finding property "ro.vendor.pref_scale_resolution"
02-09 00:17:01.437 19679 19679 W com.mbwhatsapp: Accessing hidden method Lcom/android/org/conscrypt/OpenSSLSocketImpl;->setUseSessionTickets(Z)V (greylist- max-q,test-api, reflection, denied)
02-09 00:17:01.437 19679 19679 W com.mbwhatsapp: Accessing hidden method Lcom/android/org/conscrypt/AbstractConscryptSocket;->setUseSessionTickets(Z)V (greylist-max-q, reflection, denied)
02-09 00:17:01.500 19679 19679 W linker : Warning: "/data/data/com.mbwhatsapp/files/decompressed/libs.spk.zst/libc++_shared.so" unused DT entry: unknown processor-specific (type 0x70000001 arg 0x0) (ignoring)
02-09 00:17:01.706 19679 19746 W com.mbwhatsapp: Class X.2rL failed lock verification and will run slower.
02-09 00:17:01.706 19679 19746 W com.mbwhatsapp: Common causes for lock verification issues are non-optimized dex code
02-09 00:17:01.706 19679 19746 W com.mbwhatsapp: and incorrect proguard optimizations.
02-09 00:17:01.903 19679 19758 W System : ClassLoader referenced unknown path: system/framework/mediatek-cta.jar
02-09 00:17:01.921 19679 19758 W System : ClassLoader referenced unknown path: system/framework/mediatek-cta.jar
02-09 00:17:02.771 19679 19679 E libc : Access denied finding property "ro.vendor.pref_scale_resolution" --------- beginning of system
02-09 00:17:02.776 19679 19679 E OplusCustomizeRestrictionManager: getInstance
02-09 00:17:02.777 19679 19679 E OplusCustomizeRestrictionManager: sInstance is null, start a new sInstance
02-09 00:17:02.804 19679 19679 E ion : ioctl c0044901 failed with code -1: Invalid argument
02-09 00:17:02.893 19679 19775 E libc : Access denied finding property "vendor.debug.drm.logv"
02-09 00:17:02.900 19679 19775 E libc : Access denied finding property "vendor.debug.drm.logv"
02-09 00:17:02.905 19679 19775 E libc : Access denied finding property "vendor.debug.drm.logd"
02-09 00:17:02.906 19679 19775 E libc : Access denied finding property "vendor.debug.drm.logv"
02-09 00:17:04.417 19679 19756 E CheckPermission: _bluetooth code = 1
02-09 00:17:04.419 19679 19756 E CheckPermission: _bluetooth code = 3
02-09 00:17:04.429 19679 19756 E CheckPermission: _bluetooth code = 11
02-09 00:17:05.136 19679 19785 E Parcel : Reading a NULL string not supported here.
02-09 00:17:05.678 19679 19785 W CursorWindow: Window is full: requested allocation 804 bytes, free space 665 bytes, window size 2097152 bytes
02-09 00:17:07.234 19679 19785 W CursorWindow: Window is full: requested allocation 804 bytes, free space 156 bytes, window size 2097152 bytes
02-09 00:17:07.914 19679 19785 W CursorWindow: Window is full: requested allocation 804 bytes, free space 695 bytes, window size 2097152 bytes
