02-08 19:53:25.360 8341 8574 W System : ClassLoader referenced unknown path: system/framework/mediatek-cta.jar
02-08 19:53:26.286 8341 8682 E ion : ioctl c0044901 failed with code -1: Invalid argument
02-08 19:53:26.297 8341 8682 E libc : Access denied finding property "vendor.debug.drm.logv"
02-08 19:53:26.302 8341 8682 E libc : Access denied finding property "vendor.debug.drm.logv"
02-08 19:53:26.303 8341 8682 E libc : Access denied finding property "vendor.debug.drm.logd"
02-08 19:53:26.303 8341 8682 E libc : Access denied finding property "vendor.debug.drm.logv"
02-08 19:53:28.548 8341 8765 E Parcel : Reading a NULL string not supported here.
02-08 19:53:28.854 8341 8556 E CheckPermission: _bluetooth code = 1
02-08 19:53:28.856 8341 8556 E CheckPermission: _bluetooth code = 3
02-08 19:53:28.859 8341 8556 E CheckPermission: _bluetooth code = 11
02-08 19:53:29.252 8341 8765 W CursorWindow: Window is full: requested allocation 804 bytes, free space 665 bytes, window size 2097152 bytes --------- beginning of main
02-08 20:46:55.069 6094 6094 E com.mbwhatsapp: Unknown bits set in runtime_flags: 0x40000000
02-08 20:46:55.074 6094 6094 E com.mbwhatsapp: Not starting debugger since process cannot load the jdwp agent.
02-08 20:46:55.087 6094 6094 E RefClass: java.lang.reflect.InvocationTargetException
02-08 20:46:55.290 6094 6094 W System.err: java.lang.ClassNotFoundException: mbmodsd.mbmodsw.ui.views.btn.BtnBK
02-08 20:46:55.290 6094 6094 W System.err: at java.lang.Runtime.nativeLoad(Native Method)
02-08 20:46:55.290 6094 6094 W System.err: at java.lang.Runtime.nativeLoad(Runtime.java:1131)
02-08 20:46:55.290 6094 6094 W System.err: at java.lang.Runtime.loadLibrary0(Runtime.java:1085)
02-08 20:46:55.290 6094 6094 W System.err: at java.lang.Runtime.loadLibrary0(Runtime.java:1008)
02-08 20:46:55.290 6094 6094 W System.err: at java.lang.System.loadLibrary(System.java:1664)
02-08 20:46:55.290 6094 6094 W System.err: at arm.EpicVm.<clinit>(Unknown Source:2)
02-08 20:46:55.290 6094 6094 W System.err: at java.lang.Class.newInstance(Native Method)
02-08 20:46:55.290 6094 6094 W System.err: at android.app.AppComponentFactory.instantiateApplication(AppComponentFactory.java:76)
02-08 20:46:55.290 6094 6094 W System.err: at androidx.core.app.CoreComponentFactory.instantiateApplication(Unknown Source:0)
02-08 20:46:55.290 6094 6094 W System.err: at android.app.Instrumentation.newApplication(Instrumentation.java:1158)
02-08 20:46:55.290 6094 6094 W System.err: at android.app.LoadedApk.makeApplication(LoadedApk.java:1324)
02-08 20:46:55.290 6094 6094 W System.err: at android.app.ActivityThread.handleBindApplication(ActivityThread.java:7190)
02-08 20:46:55.290 6094 6094 W System.err: at android.app.ActivityThread.access$1700(ActivityThread.java:292)
02-08 20:46:55.290 6094 6094 W System.err: at android.app.ActivityThread$H.handleMessage(ActivityThread.java:2172)
02-08 20:46:55.290 6094 6094 W System.err: at android.os.Handler.dispatchMessage(Handler.java:106)
02-08 20:46:55.290 6094 6094 W System.err: at android.os.Looper.loop(Looper.java:254)
02-08 20:46:55.290 6094 6094 W System.err: at android.app.ActivityThread.main(ActivityThread.java:8218)
02-08 20:46:55.290 6094 6094 W System.err: at java.lang.reflect.Method.invoke(Native Method)
02-08 20:46:55.290 6094 6094 W System.err: at com.android.internal.os.RuntimeInit$MethodAndArgsCaller.run(RuntimeInit.java:632)
02-08 20:46:55.290 6094 6094 W System.err: at com.android.internal.os.ZygoteInit.main(ZygoteInit.java:1049)
02-08 20:46:55.324 6094 6094 E CustomActivityOnCrash: IMPORTANT WARNING! You already have an UncaughtExceptionHandler, are you sure this is correct? If you use a custom UncaughtExceptionHandler, you must initialize it AFTER CustomActivityOnCrash! Installing anyway, but your original handler will not be called.
02-08 20:46:55.325 6094 6116 E libc : Access denied finding property "ro.vendor.pref_scale_resolution"
02-08 20:46:55.332 6094 6116 E libc : Access denied finding property "ro.vendor.pref_scale_resolution"
02-08 20:46:55.344 6094 6116 E libc : Access denied finding property "ro.vendor.pref_scale_resolution"
02-08 20:46:55.352 6094 6116 E libc : Access denied finding property "ro.vendor.pref_scale_resolution"
02-08 20:46:55.361 6094 6116 E libc : Access denied finding property "ro.vendor.pref_scale_resolution"
02-08 20:46:55.364 6094 6116 E libc : Access denied finding property "ro.vendor.pref_scale_resolution"
02-08 20:46:55.369 6094 6116 E libc : Access denied finding property "ro.vendor.pref_scale_resolution"
02-08 20:46:55.374 6094 6116 E libc : Access denied finding property "ro.vendor.pref_scale_resolution"
02-08 20:46:55.377 6094 6116 E libc : Access denied finding property "ro.vendor.pref_scale_resolution"
02-08 20:46:55.400 6094 6116 E libc : Access denied finding property "ro.vendor.pref_scale_resolution"
02-08 20:46:55.400 6094 6116 E libc : Access denied finding property "ro.vendor.pref_scale_resolution"
02-08 20:46:55.408 6094 6116 E libc : Access denied finding property "ro.vendor.pref_scale_resolution"
02-08 20:46:55.408 6094 6116 E libc : Access denied finding property "ro.vendor.pref_scale_resolution"
02-08 20:46:55.411 6094 6116 W AsyncDrawableCache: can not found res: 2131233001, maybe dynamic res id.
02-08 20:46:55.419 6094 6116 E libc : Access denied finding property "ro.vendor.pref_scale_resolution"
02-08 20:46:55.420 6094 6116 E libc : Access denied finding property "ro.vendor.pref_scale_resolution"
02-08 20:46:55.533 6094 6116 E libc : Access denied finding property "ro.vendor.pref_scale_resolution"
02-08 20:46:55.910 6094 6094 W com.mbwhatsapp: Accessing hidden method Lcom/android/org/conscrypt/OpenSSLSocketImpl;->setUseSessionTickets(Z)V (greylist- max-q,test-api, reflection, denied)
02-08 20:46:55.911 6094 6094 W com.mbwhatsapp: Accessing hidden method Lcom/android/org/conscrypt/AbstractConscryptSocket;->setUseSessionTickets(Z)V (greylist-max-q, reflection, denied)
02-08 20:46:56.038 6094 6094 W linker : Warning: "/data/data/com.mbwhatsapp/files/decompressed/libs.spk.zst/libc++_shared.so" unused DT entry: unknown processor-specific (type 0x70000001 arg 0x0) (ignoring)
02-08 20:46:56.458 6094 6160 W com.mbwhatsapp: Class X.2rL failed lock verification and will run slower.
02-08 20:46:56.458 6094 6160 W com.mbwhatsapp: Common causes for lock verification issues are non-optimized dex code
02-08 20:46:56.458 6094 6160 W com.mbwhatsapp: and incorrect proguard optimizations.
02-08 20:46:56.823 6094 6174 W System : ClassLoader referenced unknown path: system/framework/mediatek-cta.jar
02-08 20:46:56.833 6094 6171 W System : ClassLoader referenced unknown path: system/framework/mediatek-cta.jar
02-08 20:46:59.904 6094 6169 E CheckPermission: _bluetooth code = 1
02-08 20:46:59.906 6094 6169 E CheckPermission: _bluetooth code = 3
02-08 20:46:59.908 6094 6169 E CheckPermission: _bluetooth code = 11
02-08 20:46:59.989 6094 6325 E Parcel : Reading a NULL string not supported here.
02-08 20:47:00.390 6094 6325 W CursorWindow: Window is full: requested allocation 804 bytes, free space 665 bytes, window size 2097152 bytes
02-08 20:47:44.993 6094 6094 W com.mbwhatsapp: Class com.mbwhatsapp.HomeActivity failed lock verification and will run slower.
02-08 20:47:45.006 6094 6094 W com.mbwhatsapp: Class X.0eU failed lock verification and will run slower.
02-08 20:47:45.064 6094 6094 E libc : Access denied finding property "ro.vendor.pref_scale_resolution" --------- beginning of system
02-08 20:47:45.096 6094 6094 E OplusCustomizeRestrictionManager: getInstance
02-08 20:47:45.096 6094 6094 E OplusCustomizeRestrictionManager: sInstance is null, start a new sInstance
02-08 20:47:45.113 6094 6094 E libc : Access denied finding property "ro.vendor.pref_scale_resolution"
02-08 20:47:45.120 6094 6094 E OplusCustomizeRestrictionManager: getInstance
02-08 20:47:45.123 6094 6094 E libc : Access denied finding property "ro.vendor.pref_scale_resolution"
02-08 20:47:45.125 6094 6094 E OplusCustomizeRestrictionManager: getInstance
02-08 20:47:45.133 6094 6094 E libc : Access denied finding property "ro.vendor.pref_scale_resolution"
02-08 20:47:45.134 6094 6094 E libc : Access denied finding property "ro.vendor.pref_scale_resolution"
02-08 20:47:45.136 6094 6094 E libc : Access denied finding property "ro.vendor.pref_scale_resolution"
02-08 20:47:45.137 6094 6094 E libc : Access denied finding property "ro.vendor.pref_scale_resolution"
02-08 20:47:45.141 6094 6094 E libc : Access denied finding property "ro.vendor.pref_scale_resolution"
02-08 20:47:45.152 6094 6094 E OplusCustomizeRestrictionManager: getInstance
02-08 20:47:45.167 6094 6094 E libc : Access denied finding property "ro.vendor.pref_scale_resolution"
02-08 20:47:45.172 6094 6094 E libc : Access denied finding property "ro.vendor.pref_scale_resolution"
02-08 20:47:45.175 6094 6094 E libc : Access denied finding property "ro.vendor.pref_scale_resolution"
02-08 20:47:45.186 6094 6094 E libc : Access denied finding property "ro.vendor.pref_scale_resolution"
02-08 20:47:45.192 6094 6094 E libc : Access denied finding property "ro.vendor.pref_scale_resolution"
02-08 20:47:45.205 6094 6094 E libc : Access denied finding property "ro.vendor.pref_scale_resolution"
02-08 20:47:45.255 6094 6094 E libc : Access denied finding property "ro.vendor.pref_scale_resolution"
02-08 20:47:45.258 6094 6094 E OplusCustomizeRestrictionManager: getInstance
02-08 20:47:45.281 6094 6094 E libc : Access denied finding property "ro.vendor.pref_scale_resolution"
02-08 20:47:45.285 6094 6094 E libc : Access denied finding property "ro.vendor.pref_scale_resolution"
02-08 20:47:45.290 6094 6094 E libc : Access denied finding property "ro.vendor.pref_scale_resolution"
02-08 20:47:45.293 6094 6094 E libc : Access denied finding property "ro.vendor.pref_scale_resolution"
02-08 20:47:45.295 6094 6094 E libc : Access denied finding property "ro.vendor.pref_scale_resolution"
02-08 20:47:45.300 6094 6094 E libc : Access denied finding property "ro.vendor.pref_scale_resolution"
02-08 20:47:45.303 6094 6094 E ion : ioctl c0044901 failed with code -1: Invalid argument
02-08 20:47:45.331 6094 6094 E libc : Access denied finding property "ro.vendor.pref_scale_resolution"
02-08 20:47:45.347 6094 6094 E ArmVmp : Match on catch block at 0x0a in for 0xc1
02-08 20:47:45.365 6094 6094 E libc : Access denied finding property "ro.vendor.pref_scale_resolution"
02-08 20:47:45.367 6094 6094 E ArmVmp : Match on catch block at 0x0a in for 0x139
02-08 20:47:45.369 6094 6094 E Parcel : Reading a NULL string not supported here.
02-08 20:47:45.386 6094 6094 E Parcel : Reading a NULL string not supported here.
02-08 20:47:45.417 6094 6094 E libc : Access denied finding property "ro.vendor.pref_scale_resolution"
02-08 20:47:45.418 6094 6094 E OplusCustomizeRestrictionManager: getInstance
02-08 20:47:45.428 6094 6094 E libc : Access denied finding property "ro.vendor.pref_scale_resolution"
02-08 20:47:45.432 6094 6446 W com.mbwhatsapp: Accessing hidden method Lcom/android/org/conscrypt/ConscryptEngineSocket;->setUseSessionTickets(Z)V (greylist-max-q,test-api, reflection, denied)
02-08 20:47:45.432 6094 6446 W com.mbwhatsapp: Accessing hidden method Lcom/android/org/conscrypt/OpenSSLSocketImpl;->setUseSessionTickets(Z)V (greylist- max-q,test-api, reflection, denied)
02-08 20:47:45.432 6094 6446 W com.mbwhatsapp: Accessing hidden method Lcom/android/org/conscrypt/AbstractConscryptSocket;->setUseSessionTickets(Z)V (greylist-max-q, reflection, denied)
02-08 20:47:45.432 6094 6446 W com.mbwhatsapp: Accessing hidden method Lcom/android/org/conscrypt/ConscryptEngineSocket;->setHostname(Ljava/lang/String;)V (greylist-max-q,test-api, reflection, denied)
02-08 20:47:45.432 6094 6446 W com.mbwhatsapp: Accessing hidden method Lcom/android/org/conscrypt/OpenSSLSocketImpl;->setHostname(Ljava/lang/String;)V (greylist-max-q,test-api, reflection, denied)
02-08 20:47:45.432 6094 6446 W com.mbwhatsapp: Accessing hidden method Lcom/android/org/conscrypt/AbstractConscryptSocket;->setHostname(Ljava/lang/ String;)V (greylist-max-q, reflection, denied)
02-08 20:47:45.432 6094 6446 W com.mbwhatsapp: Accessing hidden method Lcom/android/org/conscrypt/OpenSSLSocketImpl;->setAlpnProtocols([B)V (greylist-max- q,test-api, reflection, denied)
02-08 20:47:45.432 6094 6446 W com.mbwhatsapp: Accessing hidden method Lcom/android/org/conscrypt/AbstractConscryptSocket;->setAlpnProtocols([B)V (greylist-max-q, reflection, denied)
02-08 20:47:45.433 6094 6094 E libc : Access denied finding property "ro.vendor.pref_scale_resolution"
02-08 20:47:45.461 6094 6094 E libc : Access denied finding property "ro.vendor.pref_scale_resolution"
02-08 20:47:45.475 6094 6094 E libc : Access denied finding property "ro.vendor.pref_scale_resolution"
02-08 20:47:45.476 6094 6094 E libc : Access denied finding property "ro.vendor.pref_scale_resolution"
02-08 20:47:45.483 6094 6094 E libc : Access denied finding property "ro.vendor.pref_scale_resolution"
02-08 20:47:45.487 6094 6094 E libc : Access denied finding property "ro.vendor.pref_scale_resolution"
02-08 20:47:45.491 6094 6094 E libc : Access denied finding property "ro.vendor.pref_scale_resolution"
02-08 20:47:45.492 6094 6446 W com.mbwhatsapp: Accessing hidden method Lcom/android/org/conscrypt/OpenSSLSocketImpl;->getAlpnSelectedProtocol()[B (greylist-max-q,test-api, reflection, denied)
02-08 20:47:45.492 6094 6446 W com.mbwhatsapp: Accessing hidden method Lcom/android/org/conscrypt/AbstractConscryptSocket;->getAlpnSelectedProtocol()[B (greylist-max-q, reflection, denied)
02-08 20:47:45.494 6094 6094 E libc : Access denied finding property "ro.vendor.pref_scale_resolution"
02-08 20:47:45.546 6094 6094 E libc : Access denied finding property "ro.vendor.pref_scale_resolution"
02-08 20:47:45.547 6094 6094 E libc : Access denied finding property "ro.vendor.pref_scale_resolution"
02-08 20:47:45.551 6094 6094 E libc : Access denied finding property "ro.vendor.pref_scale_resolution"
02-08 20:47:45.552 6094 6094 E OplusCustomizeRestrictionManager: getInstance
02-08 20:47:45.562 6094 6094 E libc : Access denied finding property "ro.vendor.pref_scale_resolution"
02-08 20:47:45.563 6094 6094 E libc : Access denied finding property "ro.vendor.pref_scale_resolution"
02-08 20:47:45.605 6094 6094 E OplusCustomizeRestrictionManager: getInstance
02-08 20:47:45.611 6094 6094 E libc : Access denied finding property "ro.vendor.pref_scale_resolution"
02-08 20:47:45.613 6094 6459 W LOTTIE : Animation contains merge paths. Merge paths are only supported on KitKat+ and must be manually enabled by calling enableMergePathsForKitKatAndAbove().
02-08 20:47:45.614 6094 6094 E libc : Access denied finding property "ro.vendor.pref_scale_resolution"
02-08 20:47:45.620 6094 6094 E libc : Access denied finding property "ro.vendor.pref_scale_resolution"
02-08 20:47:45.614 6094 6094 E OplusCustomizeRestrictionManager: getInstance
02-08 20:47:45.696 6094 6094 W LOTTIE : Animation contains merge paths but they are disabled.
02-08 20:47:45.762 6094 6440 E Parcel : Reading a NULL string not supported here.
02-08 20:47:45.762 6094 6094 E libc : Access denied finding property "ro.vendor.pref_scale_resolution"
02-08 20:47:45.762 6094 6094 E OplusCustomizeRestrictionManager: getInstance
02-08 20:47:45.763 6094 6440 E Parcel : Reading a NULL string not supported here.
02-08 20:47:45.766 6094 6094 E OplusCustomizeRestrictionManager: getInstance
02-08 20:47:45.780 6094 6094 E libc : Access denied finding property "ro.vendor.pref_scale_resolution"
02-08 20:47:45.794 6094 6094 E libc : Access denied finding property "ro.vendor.pref_scale_resolution"
02-08 20:47:45.796 6094 6094 E libc : Access denied finding property "ro.vendor.pref_scale_resolution"
02-08 20:47:45.804 6094 6094 E libc : Access denied finding property "ro.vendor.pref_scale_resolution"
02-08 20:47:45.807 6094 6094 E libc : Access denied finding property "ro.vendor.pref_scale_resolution"
02-08 20:47:45.811 6094 6094 E libc : Access denied finding property "ro.vendor.pref_scale_resolution"
02-08 20:47:45.813 6094 6094 E OplusCustomizeRestrictionManager: getInstance
02-08 20:47:45.813 6094 6094 E libc : Access denied finding property "ro.vendor.pref_scale_resolution"
02-08 20:47:45.815 6094 6094 E libc : Access denied finding property "ro.vendor.pref_scale_resolution"
02-08 20:47:45.816 6094 6094 E libc : Access denied finding property "ro.vendor.pref_scale_resolution"
02-08 20:47:45.819 6094 6094 E libc : Access denied finding property "ro.vendor.pref_scale_resolution"
02-08 20:47:45.822 6094 6094 E OplusCustomizeRestrictionManager: getInstance
02-08 20:47:45.823 6094 6456 E OplusCustomizeRestrictionManager: getInstance
02-08 20:47:45.825 6094 6094 E OplusCustomizeRestrictionManager: getInstance
02-08 20:47:45.824 6094 6094 E libc : Access denied finding property "ro.vendor.pref_scale_resolution"
02-08 20:47:45.827 6094 6456 E libc : Access denied finding property "ro.vendor.pref_scale_resolution"
02-08 20:47:45.827 6094 6456 E OplusCustomizeRestrictionManager: getInstance
02-08 20:47:45.834 6094 6094 E libc : Access denied finding property "ro.vendor.pref_scale_resolution"
02-08 20:47:45.848 6094 6094 E libc : Access denied finding property "ro.vendor.pref_scale_resolution"
02-08 20:47:45.856 6094 6483 E libc : Access denied finding property "vendor.debug.drm.logv"
02-08 20:47:45.856 6094 6483 E libc : Access denied finding property "vendor.debug.drm.logv"
02-08 20:47:45.857 6094 6483 E libc : Access denied finding property "vendor.debug.drm.logd"
02-08 20:47:45.857 6094 6483 E libc : Access denied finding property "vendor.debug.drm.logv"
02-08 20:47:45.868 6094 6094 E OplusCustomizeRestrictionManager: getInstance
02-08 20:47:45.885 6094 6094 E libc : Access denied finding property "ro.vendor.pref_scale_resolution"
02-08 20:47:45.899 6094 6456 E OplusCustomizeRestrictionManager: getInstance
02-08 20:47:45.901 6094 6456 E OplusCustomizeRestrictionManager: getInstance
02-08 20:47:45.904 6094 6094 E OplusCustomizeRestrictionManager: getInstance
02-08 20:47:45.902 6094 6094 E libc : Access denied finding property "ro.vendor.pref_scale_resolution"
02-08 20:47:45.906 6094 6456 E libc : Access denied finding property "ro.vendor.pref_scale_resolution"
02-08 20:47:45.908 6094 6456 E libc : Access denied finding property "ro.vendor.pref_scale_resolution"
02-08 20:47:45.910 6094 6094 E libc : Access denied finding property "ro.vendor.pref_scale_resolution"
02-08 20:47:45.909 6094 6094 E OplusCustomizeRestrictionManager: getInstance
02-08 20:47:45.911 6094 6456 E OplusCustomizeRestrictionManager: getInstance
02-08 20:47:45.913 6094 6456 E OplusCustomizeRestrictionManager: getInstance
02-08 20:47:45.913 6094 6094 E OplusCustomizeRestrictionManager: getInstance
02-08 20:47:45.918 6094 6094 E libc : Access denied finding property "ro.vendor.pref_scale_resolution"
02-08 20:47:45.918 6094 6456 E libc : Access denied finding property "ro.vendor.pref_scale_resolution"
02-08 20:47:45.918 6094 6094 E OplusCustomizeRestrictionManager: getInstance
02-08 20:47:45.920 6094 6094 E libc : Access denied finding property "ro.vendor.pref_scale_resolution"
02-08 20:47:45.923 6094 6094 E OplusCustomizeRestrictionManager: getInstance
02-08 20:47:45.924 6094 6094 E OplusCustomizeRestrictionManager: getInstance
02-08 20:47:45.928 6094 6094 E libc : Access denied finding property "ro.vendor.pref_scale_resolution"
02-08 20:47:45.950 6094 6094 E OplusCustomizeRestrictionManager: getInstance
02-08 20:47:45.996 6094 6094 E OplusCustomizeRestrictionManager: getInstance
02-08 20:47:46.018 6094 6094 E OplusCustomizeRestrictionManager: getInstance
02-08 20:47:46.032 6094 6094 E OplusCustomizeRestrictionManager: getInstance
02-08 20:47:46.035 6094 6094 E OplusCustomizeRestrictionManager: getInstance
02-08 20:47:46.036 6094 6094 E OplusCustomizeRestrictionManager: getInstance
02-08 20:47:46.056 6094 6094 E libc : Access denied finding property "ro.vendor.pref_scale_resolution"
02-08 20:47:46.060 6094 6094 E OplusCustomizeRestrictionManager: getInstance
02-08 20:47:46.080 6094 6094 E libc : Access denied finding property "ro.vendor.pref_scale_resolution"
02-08 20:47:46.082 6094 6094 E libc : Access denied finding property "ro.vendor.pref_scale_resolution"
02-08 20:47:46.083 6094 6094 E libc : Access denied finding property "ro.vendor.pref_scale_resolution"
02-08 20:47:46.086 6094 6094 E OplusCustomizeRestrictionManager: getInstance
02-08 20:47:46.091 6094 6094 E OplusCustomizeRestrictionManager: getInstance
02-08 20:47:46.094 6094 6094 E OplusCustomizeRestrictionManager: getInstance
02-08 20:47:46.097 6094 6094 E OplusCustomizeRestrictionManager: getInstance
02-08 20:47:46.100 6094 6094 E OplusCustomizeRestrictionManager: getInstance
02-08 20:47:46.101 6094 6094 E OplusCustomizeRestrictionManager: getInstance
02-08 20:47:46.137 6094 6094 E OplusCustomizeRestrictionManager: getInstance
02-08 20:47:46.140 6094 6094 E libc : Access denied finding property "ro.vendor.pref_scale_resolution"
02-08 20:47:46.151 6094 6094 E OplusCustomizeRestrictionManager: getInstance
02-08 20:47:46.343 6094 6094 E OplusCustomizeRestrictionManager: getInstance
02-08 20:47:46.350 6094 6094 E RecyclerView: No adapter attached; skipping layout
02-08 20:47:46.351 6094 6094 E libc : Access denied finding property "ro.vendor.pref_scale_resolution"
02-08 20:47:46.353 6094 6094 E OplusCustomizeRestrictionManager: getInstance
02-08 20:47:46.354 6094 6094 E OplusCustomizeRestrictionManager: getInstance
02-08 20:47:46.352 6094 6094 E libc : Access denied finding property "ro.vendor.pref_scale_resolution"
02-08 20:47:46.386 6094 6440 E ion : ioctl c0044901 failed with code -1: Invalid argument
02-08 20:47:46.455 6094 6094 E libc : Access denied finding property "ro.vendor.pref_scale_resolution"
02-08 20:47:46.477 6094 6094 E OplusCustomizeRestrictionManager: getInstance
02-08 20:47:46.474 6094 6094 E libc : Access denied finding property "ro.vendor.pref_scale_resolution"
02-08 20:47:46.496 6094 6094 E RecyclerView: No adapter attached; skipping layout
02-08 20:47:46.503 6094 6094 E libc : Access denied finding property "ro.vendor.pref_scale_resolution"
02-08 20:47:46.517 6094 6094 E libc : Access denied finding property "ro.vendor.pref_scale_resolution"
02-08 20:47:46.513 6094 6094 E OplusCustomizeRestrictionManager: getInstance
02-08 20:47:46.525 6094 6094 E ArmVmp : Match on catch block at 0x0a in for 0xd1
02-08 20:47:46.594 6094 6094 E libc : Access denied finding property "ro.vendor.pref_scale_resolution"
02-08 20:47:46.595 6094 6094 E libc : Access denied finding property "ro.vendor.pref_scale_resolution"
02-08 20:47:46.596 6094 6094 E OplusCustomizeRestrictionManager: getInstance
02-08 20:47:46.600 6094 6094 E libc : Access denied finding property "ro.vendor.pref_scale_resolution"
02-08 20:47:46.601 6094 6094 E libc : Access denied finding property "ro.vendor.pref_scale_resolution"
02-08 20:47:46.604 6094 6094 E libc : Access denied finding property "ro.vendor.pref_scale_resolution"
02-08 20:47:46.633 6094 6094 E libc : Access denied finding property "ro.vendor.pref_scale_resolution"
02-08 20:47:46.637 6094 6094 E Parcel : Reading a NULL string not supported here.
02-08 20:47:46.602 6094 6094 E OplusCustomizeRestrictionManager: getInstance
02-08 20:47:46.756 6094 6094 E libc : Access denied finding property "ro.vendor.pref_scale_resolution"
02-08 20:47:46.756 6094 6094 E OplusCustomizeRestrictionManager: getInstance
02-08 20:47:46.763 6094 6094 E libc : Access denied finding property "ro.vendor.pref_scale_resolution"
02-08 20:47:46.766 6094 6094 E libc : Access denied finding property "ro.vendor.pref_scale_resolution"
02-08 20:47:46.774 6094 6094 E libc : Access denied finding property "ro.vendor.pref_scale_resolution"
02-08 20:47:46.802 6094 6094 E libc : Access denied finding property "ro.vendor.pref_scale_resolution"
02-08 20:47:46.766 6094 6094 E OplusCustomizeRestrictionManager: getInstance
02-08 20:47:46.803 6094 6094 E libc : Access denied finding property "ro.vendor.pref_scale_resolution"
02-08 20:47:46.830 6094 6094 E libc : Access denied finding property "ro.vendor.pref_scale_resolution"
02-08 20:47:46.834 6094 6094 E OplusCustomizeRestrictionManager: getInstance
02-08 20:47:46.852 6094 6094 E libc : Access denied finding property "ro.vendor.pref_scale_resolution"
02-08 20:47:46.862 6094 6094 E libc : Access denied finding property "ro.vendor.pref_scale_resolution"
02-08 20:47:46.867 6094 6094 E libc : Access denied finding property "ro.vendor.pref_scale_resolution"
02-08 20:47:46.871 6094 6094 E libc : Access denied finding property "ro.vendor.pref_scale_resolution"
02-08 20:47:46.906 6094 6094 E OplusCustomizeRestrictionManager: getInstance
02-08 20:47:46.904 6094 6094 E libc : Access denied finding property "ro.vendor.pref_scale_resolution"
02-08 20:47:46.909 6094 6094 E libc : Access denied finding property "ro.vendor.pref_scale_resolution"
02-08 20:47:46.910 6094 6094 E libc : Access denied finding property "ro.vendor.pref_scale_resolution"
02-08 20:47:46.911 6094 6094 E libc : Access denied finding property "ro.vendor.pref_scale_resolution"
02-08 20:47:46.918 6094 6094 E OplusCustomizeRestrictionManager: getInstance
02-08 20:47:46.929 6094 6094 E OplusCustomizeRestrictionManager: getInstance
02-08 20:47:46.930 6094 6094 E libc : Access denied finding property "ro.vendor.pref_scale_resolution"
02-08 20:47:47.011 6094 6094 E OplusCustomizeRestrictionManager: getInstance
02-08 20:47:47.020 6094 6094 E libc : Access denied finding property "ro.vendor.pref_scale_resolution"
02-08 20:47:47.065 6094 6094 E libc : Access denied finding property "ro.vendor.pref_scale_resolution"
02-08 20:47:47.088 6094 6094 E libc : Access denied finding property "ro.vendor.pref_scale_resolution"
02-08 20:47:47.137 6094 6094 E libc : Access denied finding property "ro.vendor.pref_scale_resolution"
02-08 20:47:47.156 6094 6094 E libc : Access denied finding property "ro.vendor.pref_scale_resolution"
02-08 20:47:47.171 6094 6094 E libc : Access denied finding property "ro.vendor.pref_scale_resolution"
02-08 20:47:47.170 6094 6094 E OplusCustomizeRestrictionManager: getInstance
02-08 20:47:47.217 6094 6094 E OplusCustomizeRestrictionManager: getInstance
02-08 20:47:47.293 6094 6094 E libc : Access denied finding property "ro.vendor.pref_scale_resolution"
02-08 20:47:47.328 6094 6094 E OplusCustomizeRestrictionManager: getInstance
02-08 20:47:47.399 6094 6094 E libc : Access denied finding property "ro.vendor.pref_scale_resolution"
02-08 20:47:47.399 6094 6094 E OplusCustomizeRestrictionManager: getInstance
02-08 20:47:47.410 6094 6094 E libc : Access denied finding property "ro.vendor.pref_scale_resolution"
02-08 20:47:47.491 6094 6094 E libc : Access denied finding property "ro.vendor.pref_scale_resolution"
02-08 20:47:47.472 6094 6094 E OplusCustomizeRestrictionManager: getInstance
02-08 20:47:49.412 6094 6094 E Parcel : Reading a NULL string not supported here.
02-08 20:47:49.656 6094 6094 E libc : Access denied finding property "ro.vendor.pref_scale_resolution"
02-08 20:47:49.658 6094 6094 E OplusCustomizeRestrictionManager: getInstance
02-08 20:47:49.661 6094 6094 E libc : Access denied finding property "ro.vendor.pref_scale_resolution"
02-08 20:47:49.776 6094 6094 E libc : Access denied finding property "ro.vendor.pref_scale_resolution"
02-08 20:47:49.783 6094 6094 E libc : Access denied finding property "ro.vendor.pref_scale_resolution"
02-08 20:47:49.792 6094 6094 E libc : Access denied finding property "ro.vendor.pref_scale_resolution"
02-08 20:47:49.823 6094 6094 E ArmVmp : Match on catch block at 0x0a in for 0xc9
02-08 20:47:49.826 6094 6094 E ArmVmp : Match on catch block at 0x0a in for 0xc9
02-08 20:47:49.831 6094 6094 E libc : Access denied finding property "ro.vendor.pref_scale_resolution"
02-08 20:47:49.842 6094 6094 E libc : Access denied finding property "ro.vendor.pref_scale_resolution"
02-08 20:47:49.843 6094 6094 E OplusCustomizeRestrictionManager: getInstance
02-08 20:47:49.913 6094 6094 E libc : Access denied finding property "ro.vendor.pref_scale_resolution"
02-08 20:47:49.914 6094 6094 E OplusCustomizeRestrictionManager: getInstance
02-08 20:47:49.952 6094 6094 E libc : Access denied finding property "ro.vendor.pref_scale_resolution"
02-08 20:47:50.022 6094 6094 E libc : Access denied finding property "ro.vendor.pref_scale_resolution"
02-08 20:47:50.042 6094 6094 E libc : Access denied finding property "ro.vendor.pref_scale_resolution"
02-08 20:47:50.049 6094 6094 E OplusCustomizeRestrictionManager: getInstance
02-08 20:47:50.052 6094 6094 E libc : Access denied finding property "ro.vendor.pref_scale_resolution"
02-08 20:47:50.062 6094 6094 E OplusCustomizeRestrictionManager: getInstance
02-08 20:47:50.126 6094 6094 E ArmVmp : Match on catch block at 0xc3 in for 0xb9
02-08 20:47:50.129 6094 6094 E libc : Access denied finding property "ro.vendor.pref_scale_resolution"
02-08 20:47:50.135 6094 6094 E libc : Access denied finding property "ro.vendor.pref_scale_resolution"
02-08 20:47:50.136 6094 6094 E ArmVmp : Match on catch block at 0xc3 in for 0xb5
02-08 20:47:50.138 6094 6094 E ArmVmp : Match on catch block at 0xc3 in for 0xb5
02-08 20:47:50.140 6094 6094 E libc : Access denied finding property "ro.vendor.pref_scale_resolution"
02-08 20:47:50.147 6094 6094 E libc : Access denied finding property "ro.vendor.pref_scale_resolution"
02-08 20:47:50.118 6094 6094 E OplusCustomizeRestrictionManager: getInstance
02-08 20:47:50.176 6094 6094 E libc : Access denied finding property "ro.vendor.pref_scale_resolution"
02-08 20:47:50.178 6094 6094 E libc : Access denied finding property "ro.vendor.pref_scale_resolution"
02-08 20:47:50.193 6094 6094 E ArmVmp : Match on catch block at 0xc3 in for 0xa5
02-08 20:47:50.196 6094 6094 E ArmVmp : Match on catch block at 0xc3 in for 0xa1
02-08 20:47:50.198 6094 6094 E ArmVmp : Match on catch block at 0xc3 in for 0xa1
02-08 20:47:50.226 6094 6094 E ArmVmp : Match on catch block at 0xc3 in for 0xa5
02-08 20:47:50.229 6094 6094 E ArmVmp : Match on catch block at 0xc3 in for 0xa9
02-08 20:47:50.230 6094 6094 E ArmVmp : Match on catch block at 0xc3 in for 0xa9
02-08 20:47:50.261 6094 6094 E ArmVmp : Match on catch block at 0xc3 in for 0xa1
02-08 20:47:50.264 6094 6094 E ArmVmp : Match on catch block at 0xc3 in for 0xa5
02-08 20:47:50.265 6094 6094 E ArmVmp : Match on catch block at 0xc3 in for 0xa5
02-08 20:47:50.758 6094 6094 E ArmVmp : Match on catch block at 0xc3 in for 0xa5
02-08 20:47:50.764 6094 6094 E ArmVmp : Match on catch block at 0xc3 in for 0xa9
02-08 20:47:50.766 6094 6094 E ArmVmp : Match on catch block at 0xc3 in for 0xa9
02-08 20:47:50.872 6094 6094 E ArmVmp : Match on catch block at 0xc3 in for 0xa5
02-08 20:47:50.876 6094 6094 E ArmVmp : Match on catch block at 0xc3 in for 0xa9
02-08 20:47:50.878 6094 6094 E ArmVmp : Match on catch block at 0xc3 in for 0xa9
02-08 20:47:50.960 6094 6094 E ArmVmp : Match on catch block at 0xc3 in for 0xa9
02-08 20:47:50.963 6094 6094 E ArmVmp : Match on catch block at 0xc3 in for 0xa1
02-08 20:47:50.965 6094 6094 E ArmVmp : Match on catch block at 0xc3 in for 0xa1
02-08 20:47:50.984 6094 6094 E ArmVmp : Match on catch block at 0xc3 in for 0xa5
02-08 20:47:50.988 6094 6094 E ArmVmp : Match on catch block at 0xc3 in for 0xa9
02-08 20:47:50.991 6094 6094 E ArmVmp : Match on catch block at 0xc3 in for 0xa9
02-08 20:47:51.174 6094 6094 E ArmVmp : Match on catch block at 0xc3 in for 0xa9
02-08 20:47:51.180 6094 6094 E ArmVmp : Match on catch block at 0xc3 in for 0xa1
02-08 20:47:51.183 6094 6094 E ArmVmp : Match on catch block at 0xc3 in for 0xa1
02-08 20:47:51.197 6094 6094 E ArmVmp : Match on catch block at 0xc3 in for 0xa5
02-08 20:47:51.200 6094 6094 E ArmVmp : Match on catch block at 0xc3 in for 0xa9
02-08 20:47:51.202 6094 6094 E ArmVmp : Match on catch block at 0xc3 in for 0xa9
02-08 20:47:51.263 6094 6094 E ArmVmp : Match on catch block at 0xc3 in for 0xa1
02-08 20:47:51.266 6094 6094 E ArmVmp : Match on catch block at 0xc3 in for 0xa5
02-08 20:47:51.269 6094 6094 E ArmVmp : Match on catch block at 0xc3 in for 0xa5
02-08 20:47:51.593 6094 6094 E ArmVmp : Match on catch block at 0xc3 in for 0xa9
02-08 20:47:51.598 6094 6094 E ArmVmp : Match on catch block at 0xc3 in for 0xa1
02-08 20:47:51.602 6094 6094 E ArmVmp : Match on catch block at 0xc3 in for 0xa1
02-08 20:47:51.621 6094 6094 E ArmVmp : Match on catch block at 0xc3 in for 0xa1
02-08 20:47:51.624 6094 6094 E ArmVmp : Match on catch block at 0xc3 in for 0xa5
02-08 20:47:51.626 6094 6094 E ArmVmp : Match on catch block at 0xc3 in for 0xa5
02-08 20:47:51.637 6094 6094 E ArmVmp : Match on catch block at 0xc3 in for 0xa9
02-08 20:47:51.640 6094 6094 E ArmVmp : Match on catch block at 0xc3 in for 0xa1
02-08 20:47:51.643 6094 6094 E ArmVmp : Match on catch block at 0xc3 in for 0xa1
02-08 20:47:51.654 6094 6094 E ArmVmp : Match on catch block at 0xc3 in for 0xa5
02-08 20:47:51.658 6094 6094 E ArmVmp : Match on catch block at 0xc3 in for 0xa9
02-08 20:47:51.663 6094 6094 E ArmVmp : Match on catch block at 0xc3 in for 0xa9
02-08 20:47:51.671 6094 6094 E ArmVmp : Match on catch block at 0xc3 in for 0xa1
02-08 20:47:51.674 6094 6094 E ArmVmp : Match on catch block at 0xc3 in for 0xa5
02-08 20:47:51.676 6094 6094 E ArmVmp : Match on catch block at 0xc3 in for 0xa5
02-08 20:47:51.685 6094 6094 E ArmVmp : Match on catch block at 0xc3 in for 0xa9
02-08 20:47:51.688 6094 6094 E ArmVmp : Match on catch block at 0xc3 in for 0xa1
02-08 20:47:51.690 6094 6094 E ArmVmp : Match on catch block at 0xc3 in for 0xa1
02-08 20:47:51.702 6094 6094 E ArmVmp : Match on catch block at 0xc3 in for 0xa5
02-08 20:47:51.705 6094 6094 E ArmVmp : Match on catch block at 0xc3 in for 0xa9
02-08 20:47:51.707 6094 6094 E ArmVmp : Match on catch block at 0xc3 in for 0xa9
02-08 20:47:51.720 6094 6094 E ArmVmp : Match on catch block at 0xc3 in for 0xa1
02-08 20:47:51.724 6094 6094 E ArmVmp : Match on catch block at 0xc3 in for 0xa5
02-08 20:47:51.727 6094 6094 E ArmVmp : Match on catch block at 0xc3 in for 0xa5
02-08 20:47:51.735 6094 6094 E ArmVmp : Match on catch block at 0xc3 in for 0xa9
02-08 20:47:51.739 6094 6094 E ArmVmp : Match on catch block at 0xc3 in for 0xa1
02-08 20:47:51.741 6094 6094 E ArmVmp : Match on catch block at 0xc3 in for 0xa1
02-08 20:47:51.750 6094 6094 E ArmVmp : Match on catch block at 0xc3 in for 0xa5
02-08 20:47:51.754 6094 6094 E ArmVmp : Match on catch block at 0xc3 in for 0xa9
02-08 20:47:51.756 6094 6094 E ArmVmp : Match on catch block at 0xc3 in for 0xa9
02-08 20:47:51.767 6094 6094 E ArmVmp : Match on catch block at 0xc3 in for 0xa1
02-08 20:47:51.771 6094 6094 E ArmVmp : Match on catch block at 0xc3 in for 0xa5
02-08 20:47:51.773 6094 6094 E ArmVmp : Match on catch block at 0xc3 in for 0xa5
02-08 20:47:51.782 6094 6094 E ArmVmp : Match on catch block at 0xc3 in for 0xa9
02-08 20:47:51.786 6094 6094 E ArmVmp : Match on catch block at 0xc3 in for 0xa1
02-08 20:47:51.789 6094 6094 E ArmVmp : Match on catch block at 0xc3 in for 0xa1
02-08 20:47:51.832 6094 6094 E ArmVmp : Match on catch block at 0xc3 in for 0xa5
02-08 20:47:51.838 6094 6094 E ArmVmp : Match on catch block at 0xc3 in for 0xa9
02-08 20:47:51.841 6094 6094 E ArmVmp : Match on catch block at 0xc3 in for 0xa9
02-08 20:47:51.929 6094 6094 E ArmVmp : Match on catch block at 0xc3 in for 0xa1
02-08 20:47:51.934 6094 6094 E ArmVmp : Match on catch block at 0xc3 in for 0xa5
02-08 20:47:51.938 6094 6094 E ArmVmp : Match on catch block at 0xc3 in for 0xa5
02-08 20:47:52.077 6094 6094 E ArmVmp : Match on catch block at 0xc3 in for 0xa9
02-08 20:47:52.081 6094 6094 E ArmVmp : Match on catch block at 0xc3 in for 0xa1
02-08 20:47:52.084 6094 6094 E ArmVmp : Match on catch block at 0xc3 in for 0xa1
02-08 20:47:52.141 6094 6094 E ArmVmp : Match on catch block at 0xc3 in for 0xa5
02-08 20:47:52.145 6094 6094 E ArmVmp : Match on catch block at 0xc3 in for 0xa9
02-08 20:47:52.149 6094 6094 E ArmVmp : Match on catch block at 0xc3 in for 0xa9
02-08 20:47:52.401 6094 6094 E ArmVmp : Match on catch block at 0xc3 in for 0xa5
02-08 20:47:52.406 6094 6094 E ArmVmp : Match on catch block at 0xc3 in for 0xa9
02-08 20:47:52.409 6094 6094 E ArmVmp : Match on catch block at 0xc3 in for 0xa9
02-08 20:47:52.630 6094 6094 E ArmVmp : Match on catch block at 0xc3 in for 0xa5
02-08 20:47:52.633 6094 6094 E ArmVmp : Match on catch block at 0xc3 in for 0xa9
02-08 20:47:52.636 6094 6094 E ArmVmp : Match on catch block at 0xc3 in for 0xa9
02-08 20:47:52.793 6094 6094 E ArmVmp : Match on catch block at 0xc3 in for 0xa1
02-08 20:47:52.797 6094 6094 E ArmVmp : Match on catch block at 0xc3 in for 0xa5
02-08 20:47:52.800 6094 6094 E ArmVmp : Match on catch block at 0xc3 in for 0xa5
02-08 20:47:52.906 6094 6094 E ArmVmp : Match on catch block at 0xc3 in for 0xa5
02-08 20:47:52.910 6094 6094 E ArmVmp : Match on catch block at 0xc3 in for 0xa9
02-08 20:47:52.913 6094 6094 E ArmVmp : Match on catch block at 0xc3 in for 0xa9
02-08 20:47:53.233 6094 6094 E ArmVmp : Match on catch block at 0xc3 in for 0xa5
02-08 20:47:53.237 6094 6094 E ArmVmp : Match on catch block at 0xc3 in for 0xa9
02-08 20:47:53.240 6094 6094 E ArmVmp : Match on catch block at 0xc3 in for 0xa9
02-08 20:47:53.263 6094 6094 E ArmVmp : Match on catch block at 0xc3 in for 0xa5
02-08 20:47:53.267 6094 6094 E ArmVmp : Match on catch block at 0xc3 in for 0xa9
02-08 20:47:53.270 6094 6094 E ArmVmp : Match on catch block at 0xc3 in for 0xa9
02-08 20:47:53.290 6094 6094 E ArmVmp : Match on catch block at 0xc3 in for 0xa1
02-08 20:47:53.294 6094 6094 E ArmVmp : Match on catch block at 0xc3 in for 0xa5
02-08 20:47:53.314 6094 6094 E libc : Access denied finding property "ro.vendor.pref_scale_resolution"
02-08 20:47:53.328 6094 6094 E OplusCustomizeRestrictionManager: getInstance
02-08 20:47:53.337 6094 6094 E libc : Access denied finding property "ro.vendor.pref_scale_resolution"
02-08 20:47:53.345 6094 6094 E ArmVmp : Match on catch block at 0xc3 in for 0xa5
02-08 20:47:53.349 6094 6094 E ArmVmp : Match on catch block at 0xc3 in for 0xa9
02-08 20:47:53.380 6094 6094 E libc : Access denied finding property "ro.vendor.pref_scale_resolution"
02-08 20:47:53.483 6094 6094 E ArmVmp : Match on catch block at 0xc3 in for 0xa9
02-08 20:47:53.488 6094 6094 E ArmVmp : Match on catch block at 0xc3 in for 0xa1
02-08 20:47:53.515 6094 6094 E ArmVmp : Match on catch block at 0xc3 in for 0xa5
02-08 20:47:53.519 6094 6094 E ArmVmp : Match on catch block at 0xc3 in for 0xa9
02-08 20:47:53.530 6094 6094 E libc : Access denied finding property "ro.vendor.pref_scale_resolution"
02-08 20:47:53.555 6094 6094 E ArmVmp : Match on catch block at 0xc3 in for 0xa5
02-08 20:47:53.558 6094 6094 E ArmVmp : Match on catch block at 0xc3 in for 0xa9
02-08 20:47:53.546 6094 6094 E OplusCustomizeRestrictionManager: getInstance
02-08 20:47:53.601 6094 6094 E ArmVmp : Match on catch block at 0xc3 in for 0xa1
02-08 20:47:53.604 6094 6094 E ArmVmp : Match on catch block at 0xc3 in for 0xa5
02-08 20:47:53.616 6094 6094 E ArmVmp : Match on catch block at 0xc3 in for 0xa1
02-08 20:47:53.621 6094 6094 E ArmVmp : Match on catch block at 0xc3 in for 0xa5
02-08 20:47:53.635 6094 6094 E ArmVmp : Match on catch block at 0xc3 in for 0xa1
02-08 20:47:53.638 6094 6094 E ArmVmp : Match on catch block at 0xc3 in for 0xa5
02-08 20:47:53.650 6094 6094 E ArmVmp : Match on catch block at 0xc3 in for 0xa1
02-08 20:47:53.654 6094 6094 E ArmVmp : Match on catch block at 0xc3 in for 0xa5
02-08 20:47:53.664 6094 6094 E ArmVmp : Match on catch block at 0xc3 in for 0xa1
02-08 20:47:53.666 6094 6094 E ArmVmp : Match on catch block at 0xc3 in for 0xa5
02-08 20:47:53.672 6094 6094 E libc : Access denied finding property "ro.vendor.pref_scale_resolution"
02-08 20:47:53.679 6094 6094 E ArmVmp : Match on catch block at 0xc3 in for 0xa1
02-08 20:47:53.682 6094 6094 E ArmVmp : Match on catch block at 0xc3 in for 0xa5
02-08 20:47:53.690 6094 6094 E ArmVmp : Match on catch block at 0xc3 in for 0xa1
02-08 20:47:53.693 6094 6094 E ArmVmp : Match on catch block at 0xc3 in for 0xa5
02-08 20:47:53.702 6094 6453 W MediaPlayer: Use of stream types is deprecated for operations other than volume control
02-08 20:47:53.702 6094 6453 W MediaPlayer: See the documentation of setAudioStreamType() for what to use instead with android.media.AudioAttributes to qualify your playback use case
02-08 20:47:53.705 6094 6094 E ArmVmp : Match on catch block at 0xc3 in for 0xa9
02-08 20:47:53.708 6094 6094 E ArmVmp : Match on catch block at 0xc3 in for 0xa1
02-08 20:47:53.722 6094 6094 E ArmVmp : Match on catch block at 0xc3 in for 0xa9
02-08 20:47:53.725 6094 6094 E ArmVmp : Match on catch block at 0xc3 in for 0xa1
02-08 20:47:53.739 6094 6094 E ArmVmp : Match on catch block at 0xc3 in for 0xa9
02-08 20:47:53.746 6094 6094 E ArmVmp : Match on catch block at 0xc3 in for 0xa1
02-08 20:47:53.755 6094 6094 E ArmVmp : Match on catch block at 0xc3 in for 0xa9
02-08 20:47:53.758 6094 6094 E ArmVmp : Match on catch block at 0xc3 in for 0xa1
02-08 20:47:53.771 6094 6094 E ArmVmp : Match on catch block at 0xc3 in for 0xa9
02-08 20:47:53.774 6094 6094 E ArmVmp : Match on catch block at 0xc3 in for 0xa1
02-08 20:47:53.786 6094 6094 E ArmVmp : Match on catch block at 0xc3 in for 0xa9
02-08 20:47:53.791 6094 6094 E ArmVmp : Match on catch block at 0xc3 in for 0xa1
02-08 20:47:53.820 6094 6094 E ArmVmp : Match on catch block at 0xc3 in for 0xa1
02-08 20:47:53.823 6094 6094 E ArmVmp : Match on catch block at 0xc3 in for 0xa5
02-08 20:47:54.018 6094 6094 E ArmVmp : Match on catch block at 0xc3 in for 0xa5
02-08 20:47:54.021 6094 6094 E ArmVmp : Match on catch block at 0xc3 in for 0xa9
02-08 20:47:54.035 6094 6094 E ArmVmp : Match on catch block at 0xc3 in for 0xa1
02-08 20:47:54.040 6094 6094 E ArmVmp : Match on catch block at 0xc3 in for 0xa5
02-08 20:47:54.053 6094 6094 E ArmVmp : Match on catch block at 0xc3 in for 0xa1
02-08 20:47:54.057 6094 6094 E ArmVmp : Match on catch block at 0xc3 in for 0xa5
02-08 20:47:54.074 6094 6094 E ArmVmp : Match on catch block at 0xc3 in for 0xa5
02-08 20:47:54.078 6094 6094 E ArmVmp : Match on catch block at 0xc3 in for 0xa9
02-08 20:47:54.088 6094 6094 E ArmVmp : Match on catch block at 0xc3 in for 0xa5
02-08 20:47:54.091 6094 6094 E ArmVmp : Match on catch block at 0xc3 in for 0xa9
02-08 20:47:54.102 6094 6094 E ArmVmp : Match on catch block at 0xc3 in for 0xa9
02-08 20:47:54.105 6094 6094 E ArmVmp : Match on catch block at 0xc3 in for 0xa1
02-08 20:47:54.113 6094 6094 E ArmVmp : Match on catch block at 0xc3 in for 0xa9
02-08 20:47:54.118 6094 6094 E ArmVmp : Match on catch block at 0xc3 in for 0xa1
02-08 20:47:54.127 6094 6094 E ArmVmp : Match on catch block at 0xc3 in for 0xa9
02-08 20:47:54.130 6094 6094 E ArmVmp : Match on catch block at 0xc3 in for 0xa1
02-08 20:47:54.148 6094 6094 E ArmVmp : Match on catch block at 0xc3 in for 0xa9
02-08 20:47:54.152 6094 6094 E ArmVmp : Match on catch block at 0xc3 in for 0xa1
02-08 20:47:54.160 6094 6094 E ArmVmp : Match on catch block at 0xc3 in for 0xa9
02-08 20:47:54.163 6094 6094 E ArmVmp : Match on catch block at 0xc3 in for 0xa1
02-08 20:47:54.174 6094 6094 E ArmVmp : Match on catch block at 0xc3 in for 0xa9
02-08 20:47:54.178 6094 6094 E ArmVmp : Match on catch block at 0xc3 in for 0xa1
02-08 20:47:54.191 6094 6094 E ArmVmp : Match on catch block at 0xc3 in for 0xa9
02-08 20:47:54.194 6094 6094 E ArmVmp : Match on catch block at 0xc3 in for 0xa1
02-08 20:47:54.208 6094 6094 E ArmVmp : Match on catch block at 0xc3 in for 0xa9
02-08 20:47:54.211 6094 6094 E ArmVmp : Match on catch block at 0xc3 in for 0xa1
02-08 20:47:54.348 6094 6094 E ArmVmp : Match on catch block at 0xc3 in for 0xa9
02-08 20:47:54.352 6094 6094 E ArmVmp : Match on catch block at 0xc3 in for 0xa1
02-08 20:47:54.615 6094 6094 E ArmVmp : Match on catch block at 0xc3 in for 0xa9
02-08 20:47:54.619 6094 6094 E ArmVmp : Match on catch block at 0xc3 in for 0xa1
02-08 20:47:54.645 6094 6094 E ArmVmp : Match on catch block at 0xc3 in for 0xa1
02-08 20:47:54.651 6094 6094 E ArmVmp : Match on catch block at 0xc3 in for 0xa5
02-08 20:47:54.672 6094 6094 E ArmVmp : Match on catch block at 0xc3 in for 0xa1
02-08 20:47:54.677 6094 6094 E ArmVmp : Match on catch block at 0xc3 in for 0xa5
02-08 20:47:54.697 6094 6094 E libc : Access denied finding property "ro.vendor.pref_scale_resolution"
02-08 20:47:54.715 6094 6094 E libc : Access denied finding property "ro.vendor.pref_scale_resolution"
02-08 20:47:54.716 6094 6094 E OplusCustomizeRestrictionManager: getInstance
02-08 20:47:54.724 6094 6094 E libc : Access denied finding property "ro.vendor.pref_scale_resolution"
02-08 20:47:54.730 6094 6094 E ArmVmp : Match on catch block at 0xc3 in for 0xa1
02-08 20:47:54.733 6094 6094 E ArmVmp : Match on catch block at 0xc3 in for 0xa5
02-08 20:47:54.753 6094 6094 E ArmVmp : Match on catch block at 0xc3 in for 0xa1
02-08 20:47:54.755 6094 6094 E ArmVmp : Match on catch block at 0xc3 in for 0xa5
02-08 20:47:54.763 6094 6094 E libc : Access denied finding property "ro.vendor.pref_scale_resolution"
02-08 20:47:54.766 6094 6094 E ArmVmp : Match on catch block at 0xc3 in for 0xa9
02-08 20:47:54.769 6094 6094 E ArmVmp : Match on catch block at 0xc3 in for 0xa1
02-08 20:47:54.780 6094 6094 E ArmVmp : Match on catch block at 0xc3 in for 0xa9
02-08 20:47:54.783 6094 6094 E ArmVmp : Match on catch block at 0xc3 in for 0xa1
02-08 20:47:54.793 6094 6094 E ArmVmp : Match on catch block at 0xc3 in for 0xa9
02-08 20:47:54.795 6094 6094 E ArmVmp : Match on catch block at 0xc3 in for 0xa1
02-08 20:47:54.810 6094 6094 E ArmVmp : Match on catch block at 0xc3 in for 0xa9
02-08 20:47:54.812 6094 6094 E ArmVmp : Match on catch block at 0xc3 in for 0xa1
02-08 20:47:54.825 6094 6094 E ArmVmp : Match on catch block at 0xc3 in for 0xa9
02-08 20:47:54.829 6094 6094 E ArmVmp : Match on catch block at 0xc3 in for 0xa1
02-08 20:47:54.722 6094 6094 E OplusCustomizeRestrictionManager: getInstance
02-08 20:47:55.106 6094 6094 E OplusCustomizeRestrictionManager: getInstance
02-08 20:47:55.110 6094 6094 E libc : Access denied finding property "ro.vendor.pref_scale_resolution"
02-08 20:47:55.115 6094 6094 E libc : Access denied finding property "ro.vendor.pref_scale_resolution"
02-08 20:47:55.131 6094 6094 E ArmVmp : Match on catch block at 0xc3 in for 0xa5
02-08 20:47:55.135 6094 6094 E ArmVmp : Match on catch block at 0xc3 in for 0xa9
02-08 20:47:55.147 6094 6094 E libc : Access denied finding property "ro.vendor.pref_scale_resolution"
02-08 20:47:55.156 6094 6094 E ArmVmp : Match on catch block at 0xc3 in for 0xa5
02-08 20:47:55.158 6094 6094 E ArmVmp : Match on catch block at 0xc3 in for 0xa9
02-08 20:47:55.167 6094 6453 W MediaPlayer: Use of stream types is deprecated for operations other than volume control
02-08 20:47:55.167 6094 6453 W MediaPlayer: See the documentation of setAudioStreamType() for what to use instead with android.media.AudioAttributes to qualify your playback use case
02-08 20:47:55.124 6094 6094 E OplusCustomizeRestrictionManager: getInstance
02-08 20:47:55.451 6094 6094 E ArmVmp : Match on catch block at 0xc3 in for 0xa1
02-08 20:47:55.455 6094 6094 E ArmVmp : Match on catch block at 0xc3 in for 0xa5
02-08 20:47:55.480 6094 6094 E ArmVmp : Match on catch block at 0xc3 in for 0xa1
02-08 20:47:55.483 6094 6094 E ArmVmp : Match on catch block at 0xc3 in for 0xa5
02-08 20:47:55.618 6094 6094 E ArmVmp : Match on catch block at 0xc3 in for 0xa1
02-08 20:47:55.622 6094 6094 E ArmVmp : Match on catch block at 0xc3 in for 0xa5
02-08 20:47:55.658 6094 6094 E libc : Access denied finding property "ro.vendor.pref_scale_resolution"
02-08 20:47:55.778 6094 6094 E ArmVmp : Match on catch block at 0xc3 in for 0xa9
02-08 20:47:55.781 6094 6094 E ArmVmp : Match on catch block at 0xc3 in for 0xa1
02-08 20:47:57.773 6094 6094 E Parcel : Reading a NULL string not supported here.
02-08 20:47:57.884 6094 6094 E libc : Access denied finding property "ro.vendor.pref_scale_resolution"
02-08 20:47:57.885 6094 6094 E OplusCustomizeRestrictionManager: getInstance
02-08 20:47:57.887 6094 6094 E libc : Access denied finding property "ro.vendor.pref_scale_resolution"
02-08 20:47:57.968 6094 6094 E libc : Access denied finding property "ro.vendor.pref_scale_resolution"
02-08 20:47:57.970 6094 6094 E libc : Access denied finding property "ro.vendor.pref_scale_resolution"
02-08 20:47:57.972 6094 6094 E libc : Access denied finding property "ro.vendor.pref_scale_resolution"
02-08 20:47:57.981 6094 6094 E libc : Access denied finding property "ro.vendor.pref_scale_resolution"
02-08 20:47:57.982 6094 6094 E libc : Access denied finding property "ro.vendor.pref_scale_resolution"
02-08 20:47:58.004 6094 6094 E ArmVmp : Match on catch block at 0x0a in for 0xc9
02-08 20:47:58.006 6094 6094 E ArmVmp : Match on catch block at 0x0a in for 0xc5
02-08 20:47:58.009 6094 6094 E libc : Access denied finding property "ro.vendor.pref_scale_resolution"
02-08 20:47:58.014 6094 6094 E libc : Access denied finding property "ro.vendor.pref_scale_resolution"
02-08 20:47:58.015 6094 6094 E OplusCustomizeRestrictionManager: getInstance
02-08 20:47:58.068 6094 6094 E OplusCustomizeRestrictionManager: getInstance
02-08 20:47:58.074 6094 6094 E libc : Access denied finding property "ro.vendor.pref_scale_resolution"
02-08 20:47:58.075 6094 6094 E libc : Access denied finding property "ro.vendor.pref_scale_resolution"
02-08 20:47:58.136 6094 6094 E libc : Access denied finding property "ro.vendor.pref_scale_resolution"
02-08 20:47:58.190 6094 6094 E libc : Access denied finding property "ro.vendor.pref_scale_resolution"
02-08 20:47:58.229 6094 6094 E ArmVmp : Match on catch block at 0xc3 in for 0xb9
02-08 20:47:58.233 6094 6094 E ArmVmp : Match on catch block at 0xc3 in for 0xb9
02-08 20:47:58.238 6094 6094 E libc : Access denied finding property "ro.vendor.pref_scale_resolution"
02-08 20:47:58.221 6094 6094 E OplusCustomizeRestrictionManager: getInstance
