02-11 07:38:30.062 12417 12417 E libc : Access denied finding property "ro.vendor.pref_scale_resolution"
02-11 07:38:30.080 12417 12417 E OplusCustomizeRestrictionManager: getInstance
02-11 07:38:30.083 12417 12417 E libc : Access denied finding property "ro.vendor.pref_scale_resolution"
02-11 07:38:30.096 12417 12417 E OplusCustomizeRestrictionManager: getInstance
02-11 07:38:30.095 12417 12417 E libc : Access denied finding property "ro.vendor.pref_scale_resolution"
02-11 07:38:30.118 12417 12442 W LibraryVersion: Failed to get app version for libraryName: firebase-iid
02-11 07:38:30.167 12417 12417 E OplusCustomizeRestrictionManager: getInstance
02-11 07:38:30.171 12417 12417 E libc : Access denied finding property "ro.vendor.pref_scale_resolution"
02-11 07:38:30.176 12417 12417 E libc : Access denied finding property "ro.vendor.pref_scale_resolution"
02-11 07:38:30.182 12417 12546 E Parcel : Reading a NULL string not supported here.
02-11 07:38:30.176 12417 12417 E OplusCustomizeRestrictionManager: getInstance
02-11 07:38:30.200 12417 12417 E OplusCustomizeRestrictionManager: getInstance
02-11 07:38:30.211 12417 12417 E libc : Access denied finding property "ro.vendor.pref_scale_resolution"
02-11 07:38:30.216 12417 12417 E libc : Access denied finding property "ro.vendor.pref_scale_resolution"
02-11 07:38:30.217 12417 12417 E libc : Access denied finding property "ro.vendor.pref_scale_resolution"
02-11 07:38:30.257 12417 12417 E libc : Access denied finding property "ro.vendor.pref_scale_resolution"
02-11 07:38:30.298 12417 12417 E libc : Access denied finding property "ro.vendor.pref_scale_resolution"
02-11 07:38:30.291 12417 12417 E OplusCustomizeRestrictionManager: getInstance
02-11 07:38:30.454 12417 12417 E OplusCustomizeRestrictionManager: getInstance
02-11 07:38:30.463 12417 12417 E OplusCustomizeRestrictionManager: getInstance
02-11 07:38:30.533 12417 12417 E OplusCustomizeRestrictionManager: getInstance
02-11 07:38:31.528 12417 12417 E Parcel : Reading a NULL string not supported here.
02-11 07:38:31.735 12417 12417 E libc : Access denied finding property "ro.vendor.pref_scale_resolution"
02-11 07:38:31.737 12417 12417 E OplusCustomizeRestrictionManager: getInstance
02-11 07:38:31.739 12417 12417 E libc : Access denied finding property "ro.vendor.pref_scale_resolution"
02-11 07:38:31.843 12417 12417 E libc : Access denied finding property "ro.vendor.pref_scale_resolution"
02-11 07:38:31.850 12417 12417 E libc : Access denied finding property "ro.vendor.pref_scale_resolution"
02-11 07:38:31.854 12417 12417 E libc : Access denied finding property "ro.vendor.pref_scale_resolution"
02-11 07:38:31.856 12417 12417 E libc : Access denied finding property "ro.vendor.pref_scale_resolution"
02-11 07:38:31.889 12417 12417 E ArmVmp : Match on catch block at 0x0a in for 0xc1
02-11 07:38:31.893 12417 12417 E ArmVmp : Match on catch block at 0x0a in for 0xc1
02-11 07:38:31.898 12417 12417 E libc : Access denied finding property "ro.vendor.pref_scale_resolution"
02-11 07:38:31.905 12417 12417 E libc : Access denied finding property "ro.vendor.pref_scale_resolution"
02-11 07:38:31.906 12417 12417 E OplusCustomizeRestrictionManager: getInstance
02-11 07:38:31.969 12417 12417 E libc : Access denied finding property "ro.vendor.pref_scale_resolution"
02-11 07:38:31.983 12417 12417 E OplusCustomizeRestrictionManager: getInstance
02-11 07:38:32.027 12417 12417 E libc : Access denied finding property "ro.vendor.pref_scale_resolution"
02-11 07:38:31.998 12417 12417 E OplusCustomizeRestrictionManager: getInstance
02-11 07:38:32.043 12417 12417 E OplusCustomizeRestrictionManager: getInstance
02-11 07:38:32.061 12417 12417 E libc : Access denied finding property "ro.vendor.pref_scale_resolution"
02-11 07:38:32.081 12417 12417 E libc : Access denied finding property "ro.vendor.pref_scale_resolution"
02-11 07:38:32.159 12417 12417 E OplusCustomizeRestrictionManager: getInstance
02-11 07:38:32.168 12417 12417 E OplusCustomizeRestrictionManager: getInstance
02-11 07:38:32.218 12417 12417 E OplusCustomizeRestrictionManager: getInstance
02-11 07:38:32.227 12417 12417 E OplusCustomizeRestrictionManager: getInstance
02-11 07:38:32.231 12417 12417 E OplusCustomizeRestrictionManager: getInstance
02-11 07:38:32.232 12417 12417 E OplusCustomizeRestrictionManager: getInstance
02-11 07:38:32.243 12417 12417 E OplusCustomizeRestrictionManager: getInstance
02-11 07:38:32.244 12417 12417 E OplusCustomizeRestrictionManager: getInstance
02-11 07:38:32.278 12417 12417 E libc : Access denied finding property "ro.vendor.pref_scale_resolution"
02-11 07:38:32.301 12417 12417 E libc : Access denied finding property "ro.vendor.pref_scale_resolution"
02-11 07:38:32.314 12417 12417 E ArmVmp : Match on catch block at 0xc3 in for 0xb9
02-11 07:38:32.317 12417 12417 E libc : Access denied finding property "ro.vendor.pref_scale_resolution"
02-11 07:38:32.332 12417 12417 E libc : Access denied finding property "ro.vendor.pref_scale_resolution"
02-11 07:38:32.332 12417 12417 E ArmVmp : Match on catch block at 0xc3 in for 0xb5
02-11 07:38:32.339 12417 12417 E libc : Access denied finding property "ro.vendor.pref_scale_resolution"
02-11 07:38:32.305 12417 12417 E OplusCustomizeRestrictionManager: getInstance
02-11 07:38:32.383 12417 12417 E libc : Access denied finding property "ro.vendor.pref_scale_resolution"
02-11 07:38:32.385 12417 12417 E libc : Access denied finding property "ro.vendor.pref_scale_resolution"
02-11 07:38:32.406 12417 12417 E libc : Access denied finding property "ro.vendor.pref_scale_resolution"
02-11 07:38:32.408 12417 12417 E libc : Access denied finding property "ro.vendor.pref_scale_resolution"
02-11 07:38:32.456 12417 12417 E ArmVmp : Match on catch block at 0xc3 in for 0xa1
02-11 07:38:32.459 12417 12417 E ArmVmp : Match on catch block at 0xc3 in for 0xa9
02-11 07:38:32.534 12417 12417 E ArmVmp : Match on catch block at 0xc3 in for 0xa1
02-11 07:38:32.537 12417 12417 E ArmVmp : Match on catch block at 0xc3 in for 0xa5
02-11 07:38:32.567 12417 12417 E libc : Access denied finding property "ro.vendor.pref_scale_resolution"
02-11 07:38:32.575 12417 12417 E ArmVmp : Match on catch block at 0xc3 in for 0xa9
02-11 07:38:32.578 12417 12417 E ArmVmp : Match on catch block at 0xc3 in for 0xa1
02-11 07:38:32.762 12417 12417 E ArmVmp : Match on catch block at 0xc3 in for 0xa1
02-11 07:38:32.766 12417 12417 E ArmVmp : Match on catch block at 0xc3 in for 0xa5
02-11 07:38:33.306 12417 12417 E Parcel : Reading a NULL string not supported here.
02-11 07:38:33.385 12417 12417 E libc : Access denied finding property "ro.vendor.pref_scale_resolution"
02-11 07:38:33.386 12417 12417 E OplusCustomizeRestrictionManager: getInstance
02-11 07:38:33.387 12417 12417 E libc : Access denied finding property "ro.vendor.pref_scale_resolution"
02-11 07:38:33.401 12417 12417 E OplusCustomizeRestrictionManager: getInstance
02-11 07:38:33.408 12417 12417 E OplusCustomizeRestrictionManager: getInstance
02-11 07:38:33.407 12417 12417 E libc : Access denied finding property "ro.vendor.pref_scale_resolution"
02-11 07:38:33.410 12417 12417 E libc : Access denied finding property "ro.vendor.pref_scale_resolution"
02-11 07:38:33.427 12417 12417 E libc : Access denied finding property "ro.vendor.pref_scale_resolution"
02-11 07:38:33.432 12417 12417 E libc : Access denied finding property "ro.vendor.pref_scale_resolution"
02-11 07:38:33.471 12417 12417 E libc : Access denied finding property "ro.vendor.pref_scale_resolution"
02-11 07:38:33.480 12417 12417 E libc : Access denied finding property "ro.vendor.pref_scale_resolution"
02-11 07:38:33.480 12417 12417 E libc : Access denied finding property "ro.vendor.pref_scale_resolution"
02-11 07:38:33.533 12417 12417 E ArmVmp : Match on catch block at 0x0a in for 0xc5
02-11 07:38:33.535 12417 12417 E ArmVmp : Match on catch block at 0x0a in for 0xc1
02-11 07:38:33.538 12417 12417 E libc : Access denied finding property "ro.vendor.pref_scale_resolution"
02-11 07:38:33.540 12417 12417 E libc : Access denied finding property "ro.vendor.pref_scale_resolution"
02-11 07:38:33.559 12417 12417 E libc : Access denied finding property "ro.vendor.pref_scale_resolution"
02-11 07:38:33.560 12417 12417 E OplusCustomizeRestrictionManager: getInstance
02-11 07:38:33.601 12417 12496 W com.mbwhatsapp: Accessing hidden method Lcom/android/org/conscrypt/ConscryptEngineSocket;->setUseSessionTickets(Z)V (greylist-max-q,test-api, reflection, denied)
02-11 07:38:33.602 12417 12496 W com.mbwhatsapp: Accessing hidden method Lcom/android/org/conscrypt/OpenSSLSocketImpl;->setUseSessionTickets(Z)V (greylist- max-q,test-api, reflection, denied)
02-11 07:38:33.602 12417 12496 W com.mbwhatsapp: Accessing hidden method Lcom/android/org/conscrypt/AbstractConscryptSocket;->setUseSessionTickets(Z)V (greylist-max-q, reflection, denied)
02-11 07:38:33.602 12417 12496 W com.mbwhatsapp: Accessing hidden method Lcom/android/org/conscrypt/ConscryptEngineSocket;->setHostname(Ljava/lang/String;)V (greylist-max-q,test-api, reflection, denied)
02-11 07:38:33.602 12417 12496 W com.mbwhatsapp: Accessing hidden method Lcom/android/org/conscrypt/OpenSSLSocketImpl;->setHostname(Ljava/lang/String;)V (greylist-max-q,test-api, reflection, denied)
02-11 07:38:33.602 12417 12496 W com.mbwhatsapp: Accessing hidden method Lcom/android/org/conscrypt/AbstractConscryptSocket;->setHostname(Ljava/lang/ String;)V (greylist-max-q, reflection, denied)
02-11 07:38:33.603 12417 12496 W com.mbwhatsapp: Accessing hidden method Lcom/android/org/conscrypt/OpenSSLSocketImpl;->setAlpnProtocols([B)V (greylist-max- q,test-api, reflection, denied)
02-11 07:38:33.603 12417 12496 W com.mbwhatsapp: Accessing hidden method Lcom/android/org/conscrypt/AbstractConscryptSocket;->setAlpnProtocols([B)V (greylist-max-q, reflection, denied)
02-11 07:38:33.610 12417 12417 E OplusCustomizeRestrictionManager: getInstance
02-11 07:38:33.612 12417 12417 E libc : Access denied finding property "ro.vendor.pref_scale_resolution"
02-11 07:38:33.613 12417 12417 E libc : Access denied finding property "ro.vendor.pref_scale_resolution"
02-11 07:38:33.618 12417 12417 E libc : Access denied finding property "ro.vendor.pref_scale_resolution"
02-11 07:38:33.630 12417 12417 E libc : Access denied finding property "ro.vendor.pref_scale_resolution"
02-11 07:38:33.641 12417 12417 E ArmVmp : Match on catch block at 0xc3 in for 0xb5
02-11 07:38:33.643 12417 12417 E ArmVmp : Match on catch block at 0xc3 in for 0xb5
02-11 07:38:33.645 12417 12417 E libc : Access denied finding property "ro.vendor.pref_scale_resolution"
02-11 07:38:33.632 12417 12417 E OplusCustomizeRestrictionManager: getInstance
02-11 07:38:33.682 12417 12417 E ArmVmp : Match on catch block at 0xc3 in for 0xa5
02-11 07:38:33.685 12417 12417 E ArmVmp : Match on catch block at 0xc3 in for 0xa9
02-11 07:38:33.706 12417 12417 E ArmVmp : Match on catch block at 0xc3 in for 0xa5
02-11 07:38:33.708 12417 12417 E ArmVmp : Match on catch block at 0xc3 in for 0xa9
02-11 07:38:33.745 12417 12417 E ArmVmp : Match on catch block at 0xc3 in for 0xa9
02-11 07:38:33.754 12417 12417 E ArmVmp : Match on catch block at 0xc3 in for 0xa1
02-11 07:38:33.758 12417 12417 E ArmVmp : Match on catch block at 0xc3 in for 0xa1
02-11 07:38:33.760 12417 12417 E ArmVmp : Match on catch block at 0xc3 in for 0xa5
02-11 07:38:33.772 12417 12417 E ArmVmp : Match on catch block at 0xc3 in for 0xa5
02-11 07:38:33.775 12417 12417 E ArmVmp : Match on catch block at 0xc3 in for 0xa9
02-11 07:38:33.780 12417 12417 E ArmVmp : Match on catch block at 0xc3 in for 0xa9
02-11 07:38:33.783 12417 12417 E ArmVmp : Match on catch block at 0xc3 in for 0xa1
02-11 07:38:34.251 12417 12417 E ArmVmp : Match on catch block at 0xc3 in for 0xa1
02-11 07:38:34.258 12417 12417 E ArmVmp : Match on catch block at 0xc3 in for 0xa5
02-11 07:38:34.741 12417 12417 E ArmVmp : Match on catch block at 0xc3 in for 0xa1
02-11 07:38:34.746 12417 12417 E ArmVmp : Match on catch block at 0xc3 in for 0xa5
02-11 07:38:34.852 12417 12417 E ArmVmp : Match on catch block at 0xc3 in for 0xa5
02-11 07:38:34.856 12417 12417 E ArmVmp : Match on catch block at 0xc3 in for 0xa9
02-11 07:38:35.143 12417 12417 E libc : Access denied finding property "ro.vendor.pref_scale_resolution"
02-11 07:38:35.174 12417 12417 E OplusCustomizeRestrictionManager: getInstance
02-11 07:38:35.232 12417 12417 E libc : Access denied finding property "ro.vendor.pref_scale_resolution"
02-11 07:38:35.275 12417 12417 E ArmVmp : Match on catch block at 0xc3 in for 0xa1
02-11 07:38:35.255 12417 12417 E OplusCustomizeRestrictionManager: getInstance
02-11 07:38:35.276 12417 12417 E ArmVmp : Match on catch block at 0xc3 in for 0xa5
02-11 07:38:35.297 12417 12417 E OplusCustomizeRestrictionManager: getInstance
02-11 07:38:35.311 12417 12417 E libc : Access denied finding property "ro.vendor.pref_scale_resolution"
02-11 07:38:35.313 12417 12417 E ArmVmp : Match on catch block at 0xc3 in for 0xa1
02-11 07:38:35.315 12417 12417 E ArmVmp : Match on catch block at 0xc3 in for 0xa5
02-11 07:38:35.308 12417 12417 E OplusCustomizeRestrictionManager: getInstance
02-11 07:38:35.350 12417 12417 E ArmVmp : Match on catch block at 0xc3 in for 0xa5
02-11 07:38:35.352 12417 12417 E ArmVmp : Match on catch block at 0xc3 in for 0xa9
02-11 07:38:35.370 12417 12417 E ArmVmp : Match on catch block at 0xc3 in for 0xa9
02-11 07:38:35.373 12417 12417 E ArmVmp : Match on catch block at 0xc3 in for 0xa1
02-11 07:38:35.379 12417 12417 E ArmVmp : Match on catch block at 0xc3 in for 0xa1
02-11 07:38:35.381 12417 12417 E ArmVmp : Match on catch block at 0xc3 in for 0xa5
02-11 07:38:35.400 12417 12417 E ArmVmp : Match on catch block at 0xc3 in for 0xa5
02-11 07:38:35.402 12417 12417 E ArmVmp : Match on catch block at 0xc3 in for 0xa9
02-11 07:38:35.413 12417 12417 E ArmVmp : Match on catch block at 0xc3 in for 0xa9
02-11 07:38:35.416 12417 12417 E ArmVmp : Match on catch block at 0xc3 in for 0xa1
02-11 07:38:35.428 12417 12417 E ArmVmp : Match on catch block at 0xc3 in for 0xa1
02-11 07:38:35.431 12417 12417 E ArmVmp : Match on catch block at 0xc3 in for 0xa5
02-11 07:38:35.442 12417 12417 E ArmVmp : Match on catch block at 0xc3 in for 0xa5
02-11 07:38:35.445 12417 12417 E ArmVmp : Match on catch block at 0xc3 in for 0xa9
02-11 07:38:35.453 12417 12417 E ArmVmp : Match on catch block at 0xc3 in for 0xa9
02-11 07:38:35.455 12417 12417 E ArmVmp : Match on catch block at 0xc3 in for 0xa1
02-11 07:38:35.482 12417 12417 E ArmVmp : Match on catch block at 0xc3 in for 0xa1
02-11 07:38:35.485 12417 12417 E ArmVmp : Match on catch block at 0xc3 in for 0xa5
02-11 07:38:35.491 12417 12417 E ArmVmp : Match on catch block at 0xc3 in for 0xa5
02-11 07:38:35.494 12417 12417 E ArmVmp : Match on catch block at 0xc3 in for 0xa9
02-11 07:38:35.505 12417 12417 E ArmVmp : Match on catch block at 0xc3 in for 0xa9
02-11 07:38:35.508 12417 12417 E ArmVmp : Match on catch block at 0xc3 in for 0xa1
02-11 07:38:35.524 12417 12417 E ArmVmp : Match on catch block at 0xc3 in for 0xa1
02-11 07:38:35.528 12417 12417 E ArmVmp : Match on catch block at 0xc3 in for 0xa5
02-11 07:38:35.539 12417 12417 E ArmVmp : Match on catch block at 0xc3 in for 0xa5
02-11 07:38:35.541 12417 12417 E ArmVmp : Match on catch block at 0xc3 in for 0xa9
02-11 07:38:35.553 12417 12417 E ArmVmp : Match on catch block at 0xc3 in for 0xa9
02-11 07:38:35.556 12417 12417 E ArmVmp : Match on catch block at 0xc3 in for 0xa1
02-11 07:38:35.569 12417 12417 E ArmVmp : Match on catch block at 0xc3 in for 0xa1
02-11 07:38:35.572 12417 12417 E ArmVmp : Match on catch block at 0xc3 in for 0xa5
02-11 07:38:35.586 12417 12417 E ArmVmp : Match on catch block at 0xc3 in for 0xa5
02-11 07:38:35.589 12417 12417 E ArmVmp : Match on catch block at 0xc3 in for 0xa9
02-11 07:38:35.602 12417 12417 E ArmVmp : Match on catch block at 0xc3 in for 0xa9
02-11 07:38:35.606 12417 12417 E ArmVmp : Match on catch block at 0xc3 in for 0xa1
02-11 07:38:35.617 12417 12417 E ArmVmp : Match on catch block at 0xc3 in for 0xa1
02-11 07:38:35.619 12417 12417 E ArmVmp : Match on catch block at 0xc3 in for 0xa5
02-11 07:38:35.793 12417 12417 E ArmVmp : Match on catch block at 0xc3 in for 0xa5
02-11 07:38:35.798 12417 12417 E ArmVmp : Match on catch block at 0xc3 in for 0xa9
02-11 07:38:36.020 12417 12417 W InputEventReceiver: Attempted to finish an input event but the input event receiver has already been disposed.
02-11 07:38:36.025 12417 12417 E ArmVmp : Match on catch block at 0xc3 in for 0xa9
02-11 07:38:36.028 12417 12417 E ArmVmp : Match on catch block at 0xc3 in for 0xa1
02-11 07:38:36.038 12417 12417 E ArmVmp : Match on catch block at 0xc3 in for 0xa1
02-11 07:38:36.042 12417 12417 E ArmVmp : Match on catch block at 0xc3 in for 0xa5
02-11 07:38:36.055 12417 12417 E ArmVmp : Match on catch block at 0xc3 in for 0xa5
02-11 07:38:36.059 12417 12417 E ArmVmp : Match on catch block at 0xc3 in for 0xa9
02-11 07:38:36.072 12417 12417 E ArmVmp : Match on catch block at 0xc3 in for 0xa5
02-11 07:38:36.075 12417 12417 E ArmVmp : Match on catch block at 0xc3 in for 0xa9
02-11 07:38:36.115 12417 12417 E ArmVmp : Match on catch block at 0xc3 in for 0xa5
02-11 07:38:36.118 12417 12417 E ArmVmp : Match on catch block at 0xc3 in for 0xa9
02-11 07:38:36.133 12417 12417 E ArmVmp : Match on catch block at 0xc3 in for 0xa9
02-11 07:38:36.137 12417 12417 E ArmVmp : Match on catch block at 0xc3 in for 0xa1
02-11 07:38:36.144 12417 12417 E ArmVmp : Match on catch block at 0xc3 in for 0xa1
02-11 07:38:36.147 12417 12417 E ArmVmp : Match on catch block at 0xc3 in for 0xa5
02-11 07:38:36.152 12417 12417 E ArmVmp : Match on catch block at 0xc3 in for 0xa5
02-11 07:38:36.155 12417 12417 E ArmVmp : Match on catch block at 0xc3 in for 0xa9
02-11 07:38:36.169 12417 12417 E ArmVmp : Match on catch block at 0xc3 in for 0xa9
02-11 07:38:36.173 12417 12417 E ArmVmp : Match on catch block at 0xc3 in for 0xa1
02-11 07:38:36.185 12417 12417 E ArmVmp : Match on catch block at 0xc3 in for 0xa1
02-11 07:38:36.189 12417 12417 E ArmVmp : Match on catch block at 0xc3 in for 0xa5
02-11 07:38:36.201 12417 12417 E ArmVmp : Match on catch block at 0xc3 in for 0xa5
02-11 07:38:36.205 12417 12417 E ArmVmp : Match on catch block at 0xc3 in for 0xa9
02-11 07:38:36.218 12417 12417 E ArmVmp : Match on catch block at 0xc3 in for 0xa9
02-11 07:38:36.221 12417 12417 E ArmVmp : Match on catch block at 0xc3 in for 0xa1
02-11 07:38:36.234 12417 12417 E ArmVmp : Match on catch block at 0xc3 in for 0xa1
02-11 07:38:36.237 12417 12417 E ArmVmp : Match on catch block at 0xc3 in for 0xa5
02-11 07:38:36.250 12417 12417 E ArmVmp : Match on catch block at 0xc3 in for 0xa5
02-11 07:38:36.252 12417 12417 E ArmVmp : Match on catch block at 0xc3 in for 0xa9
02-11 07:38:36.267 12417 12417 E ArmVmp : Match on catch block at 0xc3 in for 0xa9
02-11 07:38:36.271 12417 12417 E ArmVmp : Match on catch block at 0xc3 in for 0xa1
02-11 07:38:36.282 12417 12417 E ArmVmp : Match on catch block at 0xc3 in for 0xa1
02-11 07:38:36.287 12417 12417 E ArmVmp : Match on catch block at 0xc3 in for 0xa5
02-11 07:38:36.300 12417 12417 E ArmVmp : Match on catch block at 0xc3 in for 0xa5
02-11 07:38:36.303 12417 12417 E ArmVmp : Match on catch block at 0xc3 in for 0xa9
02-11 07:38:36.315 12417 12417 E ArmVmp : Match on catch block at 0xc3 in for 0xa9
02-11 07:38:36.319 12417 12417 E ArmVmp : Match on catch block at 0xc3 in for 0xa1
02-11 07:38:36.332 12417 12417 E ArmVmp : Match on catch block at 0xc3 in for 0xa1
02-11 07:38:36.335 12417 12417 E ArmVmp : Match on catch block at 0xc3 in for 0xa5
02-11 07:38:36.348 12417 12417 E ArmVmp : Match on catch block at 0xc3 in for 0xa5
02-11 07:38:36.351 12417 12417 E ArmVmp : Match on catch block at 0xc3 in for 0xa9
02-11 07:38:36.364 12417 12417 E ArmVmp : Match on catch block at 0xc3 in for 0xa9
02-11 07:38:36.367 12417 12417 E ArmVmp : Match on catch block at 0xc3 in for 0xa1
02-11 07:38:36.381 12417 12417 E ArmVmp : Match on catch block at 0xc3 in for 0xa1
02-11 07:38:36.385 12417 12417 E ArmVmp : Match on catch block at 0xc3 in for 0xa5
02-11 07:38:36.397 12417 12417 E ArmVmp : Match on catch block at 0xc3 in for 0xa5
02-11 07:38:36.400 12417 12417 E ArmVmp : Match on catch block at 0xc3 in for 0xa9
02-11 07:38:36.413 12417 12417 E ArmVmp : Match on catch block at 0xc3 in for 0xa9
02-11 07:38:36.415 12417 12417 E ArmVmp : Match on catch block at 0xc3 in for 0xa1
02-11 07:38:36.431 12417 12417 E ArmVmp : Match on catch block at 0xc3 in for 0xa1
02-11 07:38:36.435 12417 12417 E ArmVmp : Match on catch block at 0xc3 in for 0xa5
02-11 07:38:36.820 12417 12417 E ArmVmp : Match on catch block at 0xc3 in for 0xa1
02-11 07:38:36.824 12417 12417 E ArmVmp : Match on catch block at 0xc3 in for 0xa5
02-11 07:38:37.100 12417 12417 E ArmVmp : Match on catch block at 0xc3 in for 0xa1
02-11 07:38:37.101 12417 12417 E ArmVmp : Match on catch block at 0xc3 in for 0xa5
02-11 07:38:37.185 12417 12417 E ArmVmp : Match on catch block at 0xc3 in for 0xa5
02-11 07:38:37.188 12417 12417 E ArmVmp : Match on catch block at 0xc3 in for 0xa9
02-11 07:38:37.398 12417 12417 E ArmVmp : Match on catch block at 0xc3 in for 0xa1
02-11 07:38:37.401 12417 12417 E ArmVmp : Match on catch block at 0xc3 in for 0xa5
02-11 07:38:37.927 12417 12417 E Parcel : Reading a NULL string not supported here.
02-11 07:38:37.994 12417 12417 E libc : Access denied finding property "ro.vendor.pref_scale_resolution"
02-11 07:38:37.995 12417 12417 E OplusCustomizeRestrictionManager: getInstance
02-11 07:38:37.997 12417 12417 E libc : Access denied finding property "ro.vendor.pref_scale_resolution"
02-11 07:38:38.067 12417 12417 E libc : Access denied finding property "ro.vendor.pref_scale_resolution"
02-11 07:38:38.069 12417 12417 E libc : Access denied finding property "ro.vendor.pref_scale_resolution"
02-11 07:38:38.085 12417 12417 E libc : Access denied finding property "ro.vendor.pref_scale_resolution"
02-11 07:38:38.080 12417 12417 E OplusCustomizeRestrictionManager: getInstance
02-11 07:38:38.108 12417 12417 E ArmVmp : Match on catch block at 0x0a in for 0xc9
02-11 07:38:38.111 12417 12417 E ArmVmp : Match on catch block at 0x0a in for 0xc5
02-11 07:38:38.114 12417 12417 E libc : Access denied finding property "ro.vendor.pref_scale_resolution"
02-11 07:38:38.120 12417 12417 E libc : Access denied finding property "ro.vendor.pref_scale_resolution"
02-11 07:38:38.121 12417 12417 E OplusCustomizeRestrictionManager: getInstance
02-11 07:38:38.172 12417 12417 E libc : Access denied finding property "ro.vendor.pref_scale_resolution"
02-11 07:38:38.172 12417 12417 E OplusCustomizeRestrictionManager: getInstance
02-11 07:38:38.180 12417 12417 E libc : Access denied finding property "ro.vendor.pref_scale_resolution"
02-11 07:38:38.180 12417 12417 E libc : Access denied finding property "ro.vendor.pref_scale_resolution"
02-11 07:38:38.180 12417 12431 W System : A resource failed to call release.
02-11 07:38:38.180 12417 12417 E libc : Access denied finding property "ro.vendor.pref_scale_resolution"
02-11 07:38:38.184 12417 12417 E libc : Access denied finding property "ro.vendor.pref_scale_resolution"
02-11 07:38:38.219 12417 12417 E libc : Access denied finding property "ro.vendor.pref_scale_resolution"
02-11 07:38:38.227 12417 12417 E libc : Access denied finding property "ro.vendor.pref_scale_resolution"
02-11 07:38:38.256 12417 12417 E libc : Access denied finding property "ro.vendor.pref_scale_resolution"
02-11 07:38:38.272 12417 12417 E libc : Access denied finding property "ro.vendor.pref_scale_resolution"
02-11 07:38:38.331 12417 12417 E ArmVmp : Match on catch block at 0xc3 in for 0xb1
02-11 07:38:38.336 12417 12417 E ArmVmp : Match on catch block at 0xc3 in for 0xb1
02-11 07:38:38.340 12417 12417 E libc : Access denied finding property "ro.vendor.pref_scale_resolution"
02-11 07:38:38.321 12417 12417 E OplusCustomizeRestrictionManager: getInstance
02-11 07:38:38.375 12417 12417 E libc : Access denied finding property "ro.vendor.pref_scale_resolution"
02-11 07:38:38.377 12417 12417 E libc : Access denied finding property "ro.vendor.pref_scale_resolution"
02-11 07:38:38.387 12417 12417 E ArmVmp : Match on catch block at 0xc3 in for 0xa9
02-11 07:38:38.389 12417 12417 E ArmVmp : Match on catch block at 0xc3 in for 0xa1
02-11 07:38:38.391 12417 12417 E ArmVmp : Match on catch block at 0xc3 in for 0xa1
02-11 07:38:38.418 12417 12417 E ArmVmp : Match on catch block at 0xc3 in for 0xa5
02-11 07:38:38.421 12417 12417 E ArmVmp : Match on catch block at 0xc3 in for 0xa9
02-11 07:38:38.422 12417 12417 E ArmVmp : Match on catch block at 0xc3 in for 0xa9
02-11 07:38:38.458 12417 12417 E ArmVmp : Match on catch block at 0xc3 in for 0xa1
02-11 07:38:38.461 12417 12417 E ArmVmp : Match on catch block at 0xc3 in for 0xa5
02-11 07:38:38.463 12417 12417 E ArmVmp : Match on catch block at 0xc3 in for 0xa5
02-11 07:38:38.532 12417 12496 W com.mbwhatsapp: Accessing hidden method Lcom/android/org/conscrypt/OpenSSLSocketImpl;->getAlpnSelectedProtocol()[B (greylist-max-q,test-api, reflection, denied)
02-11 07:38:38.532 12417 12496 W com.mbwhatsapp: Accessing hidden method Lcom/android/org/conscrypt/AbstractConscryptSocket;->getAlpnSelectedProtocol()[B (greylist-max-q, reflection, denied)
02-11 07:38:38.643 12417 12417 E libc : Access denied finding property "ro.vendor.pref_scale_resolution"
02-11 07:38:38.690 12417 12417 E libc : Access denied finding property "ro.vendor.pref_scale_resolution"
02-11 07:38:38.952 12417 12417 E ArmVmp : Match on catch block at 0xc3 in for 0xa5
02-11 07:38:38.958 12417 12417 E ArmVmp : Match on catch block at 0xc3 in for 0xa9
02-11 07:38:38.961 12417 12417 E ArmVmp : Match on catch block at 0xc3 in for 0xa9
02-11 07:38:39.456 12417 12417 E ArmVmp : Match on catch block at 0xc3 in for 0xa9
02-11 07:38:39.463 12417 12417 E ArmVmp : Match on catch block at 0xc3 in for 0xa1
02-11 07:38:39.468 12417 12417 E ArmVmp : Match on catch block at 0xc3 in for 0xa1
02-11 07:38:39.902 12417 12417 E ArmVmp : Match on catch block at 0xc3 in for 0xa5
02-11 07:38:39.904 12417 12417 E ArmVmp : Match on catch block at 0xc3 in for 0xa9
02-11 07:38:39.906 12417 12417 E ArmVmp : Match on catch block at 0xc3 in for 0xa9
02-11 07:38:39.919 12417 12417 E ArmVmp : Match on catch block at 0xc3 in for 0xa5
02-11 07:38:39.922 12417 12417 E ArmVmp : Match on catch block at 0xc3 in for 0xa9
02-11 07:38:39.924 12417 12417 E ArmVmp : Match on catch block at 0xc3 in for 0xa9
02-11 07:38:39.935 12417 12417 E ArmVmp : Match on catch block at 0xc3 in for 0xa1
02-11 07:38:39.939 12417 12417 E ArmVmp : Match on catch block at 0xc3 in for 0xa5
02-11 07:38:39.941 12417 12417 E ArmVmp : Match on catch block at 0xc3 in for 0xa5
02-11 07:38:39.954 12417 12417 E ArmVmp : Match on catch block at 0xc3 in for 0xa1
02-11 07:38:39.958 12417 12417 E ArmVmp : Match on catch block at 0xc3 in for 0xa5
02-11 07:38:39.961 12417 12417 E ArmVmp : Match on catch block at 0xc3 in for 0xa5
02-11 07:38:39.969 12417 12417 E ArmVmp : Match on catch block at 0xc3 in for 0xa1
02-11 07:38:39.974 12417 12417 E ArmVmp : Match on catch block at 0xc3 in for 0xa5
02-11 07:38:39.976 12417 12417 E ArmVmp : Match on catch block at 0xc3 in for 0xa5
02-11 07:38:40.383 12417 12417 E ArmVmp : Match on catch block at 0xc3 in for 0xa9
02-11 07:38:40.386 12417 12417 E ArmVmp : Match on catch block at 0xc3 in for 0xa1
02-11 07:38:40.388 12417 12417 E ArmVmp : Match on catch block at 0xc3 in for 0xa1
02-11 07:38:40.399 12417 12417 E ArmVmp : Match on catch block at 0xc3 in for 0xa5
02-11 07:38:40.403 12417 12417 E ArmVmp : Match on catch block at 0xc3 in for 0xa9
02-11 07:38:40.406 12417 12417 E ArmVmp : Match on catch block at 0xc3 in for 0xa9
02-11 07:38:40.415 12417 12417 E ArmVmp : Match on catch block at 0xc3 in for 0xa1
02-11 07:38:40.419 12417 12417 E ArmVmp : Match on catch block at 0xc3 in for 0xa5
02-11 07:38:40.421 12417 12417 E ArmVmp : Match on catch block at 0xc3 in for 0xa5
02-11 07:38:40.431 12417 12417 E ArmVmp : Match on catch block at 0xc3 in for 0xa9
02-11 07:38:40.436 12417 12417 E ArmVmp : Match on catch block at 0xc3 in for 0xa1
02-11 07:38:40.438 12417 12417 E ArmVmp : Match on catch block at 0xc3 in for 0xa1
02-11 07:38:40.449 12417 12417 E ArmVmp : Match on catch block at 0xc3 in for 0xa5
02-11 07:38:40.452 12417 12417 E ArmVmp : Match on catch block at 0xc3 in for 0xa9
02-11 07:38:40.455 12417 12417 E ArmVmp : Match on catch block at 0xc3 in for 0xa9
02-11 07:38:40.465 12417 12417 E ArmVmp : Match on catch block at 0xc3 in for 0xa1
02-11 07:38:40.469 12417 12417 E ArmVmp : Match on catch block at 0xc3 in for 0xa5
02-11 07:38:40.471 12417 12417 E ArmVmp : Match on catch block at 0xc3 in for 0xa5
02-11 07:38:40.482 12417 12417 E ArmVmp : Match on catch block at 0xc3 in for 0xa9
02-11 07:38:40.485 12417 12417 E ArmVmp : Match on catch block at 0xc3 in for 0xa1
02-11 07:38:40.487 12417 12417 E ArmVmp : Match on catch block at 0xc3 in for 0xa1
02-11 07:38:40.499 12417 12417 E ArmVmp : Match on catch block at 0xc3 in for 0xa5
02-11 07:38:40.502 12417 12417 E ArmVmp : Match on catch block at 0xc3 in for 0xa9
02-11 07:38:40.504 12417 12417 E ArmVmp : Match on catch block at 0xc3 in for 0xa9
02-11 07:38:40.515 12417 12417 E ArmVmp : Match on catch block at 0xc3 in for 0xa1
02-11 07:38:40.518 12417 12417 E ArmVmp : Match on catch block at 0xc3 in for 0xa5
02-11 07:38:40.520 12417 12417 E ArmVmp : Match on catch block at 0xc3 in for 0xa5
02-11 07:38:40.529 12417 12417 E ArmVmp : Match on catch block at 0xc3 in for 0xa9
02-11 07:38:40.533 12417 12417 E ArmVmp : Match on catch block at 0xc3 in for 0xa1
02-11 07:38:40.535 12417 12417 E ArmVmp : Match on catch block at 0xc3 in for 0xa1
02-11 07:38:40.545 12417 12417 E ArmVmp : Match on catch block at 0xc3 in for 0xa5
02-11 07:38:40.549 12417 12417 E ArmVmp : Match on catch block at 0xc3 in for 0xa9
02-11 07:38:40.551 12417 12417 E ArmVmp : Match on catch block at 0xc3 in for 0xa9
02-11 07:38:40.562 12417 12417 E ArmVmp : Match on catch block at 0xc3 in for 0xa1
02-11 07:38:40.566 12417 12417 E ArmVmp : Match on catch block at 0xc3 in for 0xa5
02-11 07:38:40.568 12417 12417 E ArmVmp : Match on catch block at 0xc3 in for 0xa5
02-11 07:38:40.578 12417 12417 E ArmVmp : Match on catch block at 0xc3 in for 0xa9
02-11 07:38:40.582 12417 12417 E ArmVmp : Match on catch block at 0xc3 in for 0xa1
02-11 07:38:40.585 12417 12417 E ArmVmp : Match on catch block at 0xc3 in for 0xa1
02-11 07:38:40.594 12417 12417 E ArmVmp : Match on catch block at 0xc3 in for 0xa5
02-11 07:38:40.599 12417 12417 E ArmVmp : Match on catch block at 0xc3 in for 0xa9
02-11 07:38:40.601 12417 12417 E ArmVmp : Match on catch block at 0xc3 in for 0xa9
02-11 07:38:40.611 12417 12417 E ArmVmp : Match on catch block at 0xc3 in for 0xa1
02-11 07:38:40.616 12417 12417 E ArmVmp : Match on catch block at 0xc3 in for 0xa5
02-11 07:38:40.617 12417 12417 E ArmVmp : Match on catch block at 0xc3 in for 0xa5
02-11 07:38:40.627 12417 12417 E ArmVmp : Match on catch block at 0xc3 in for 0xa9
02-11 07:38:40.631 12417 12417 E ArmVmp : Match on catch block at 0xc3 in for 0xa1
02-11 07:38:40.633 12417 12417 E ArmVmp : Match on catch block at 0xc3 in for 0xa1
02-11 07:38:40.643 12417 12417 E ArmVmp : Match on catch block at 0xc3 in for 0xa5
02-11 07:38:40.646 12417 12417 E ArmVmp : Match on catch block at 0xc3 in for 0xa9
02-11 07:38:40.648 12417 12417 E ArmVmp : Match on catch block at 0xc3 in for 0xa9
02-11 07:38:40.825 12417 12417 E ArmVmp : Match on catch block at 0xc3 in for 0xa9
02-11 07:38:40.827 12417 12417 E ArmVmp : Match on catch block at 0xc3 in for 0xa1
02-11 07:38:40.828 12417 12417 E ArmVmp : Match on catch block at 0xc3 in for 0xa1
02-11 07:38:40.854 12417 12417 E libc : Access denied finding property "ro.vendor.pref_scale_resolution"
02-11 07:38:40.913 12417 12417 E ArmVmp : Match on catch block at 0xc3 in for 0xa5
02-11 07:38:40.915 12417 12417 E ArmVmp : Match on catch block at 0xc3 in for 0xa9
02-11 07:38:40.917 12417 12417 E ArmVmp : Match on catch block at 0xc3 in for 0xa9
02-11 07:38:41.130 12417 12417 E ArmVmp : Match on catch block at 0xc3 in for 0xa5
02-11 07:38:41.136 12417 12417 E ArmVmp : Match on catch block at 0xc3 in for 0xa9
02-11 07:38:41.140 12417 12417 E ArmVmp : Match on catch block at 0xc3 in for 0xa9
02-11 07:38:41.332 12417 12417 E libc : Access denied finding property "ro.vendor.pref_scale_resolution"
02-11 07:38:41.333 12417 12417 E OplusCustomizeRestrictionManager: getInstance
02-11 07:38:44.023 12417 12431 W System : A resource failed to call release.
02-11 07:38:44.024 12417 12431 W System : A resource failed to call release.
02-11 07:38:46.068 12417 12417 E libc : Access denied finding property "ro.vendor.pref_scale_resolution"
02-11 07:38:46.069 12417 12417 E OplusCustomizeRestrictionManager: getInstance
02-11 07:38:50.384 12417 12417 E OplusCustomizeRestrictionManager: getInstance
02-11 07:38:51.026 12417 12566 E Parcel : Reading a NULL string not supported here.
02-11 07:38:51.064 12417 12566 E libc : Access denied finding property "ro.vendor.pref_scale_resolution"
02-11 07:39:04.792 12417 12417 E OplusCustomizeRestrictionManager: getInstance
02-11 07:39:19.758 12417 12546 E Parcel : Reading a NULL string not supported here.
02-11 07:39:19.871 12417 12417 E Parcel : Reading a NULL string not supported here.
02-11 07:39:19.878 12417 12417 E Parcel : Reading a NULL string not supported here.
02-11 07:39:20.153 12417 12417 E libc : Access denied finding property "ro.vendor.pref_scale_resolution"
02-11 07:39:20.190 12417 12939 W AudioManager: Use of stream types is deprecated for operations other than volume control
02-11 07:39:20.191 12417 12939 W AudioManager: See the documentation of requestAudioFocus() for what to use instead with android.media.AudioAttributes to qualify your playback use case
02-11 07:39:20.214 12417 12931 E Parcel : Reading a NULL string not supported here.
02-11 07:39:20.293 12417 12417 W SoundPool: Use of stream types is deprecated for operations other than volume control
02-11 07:39:20.293 12417 12417 W SoundPool: See the documentation of SoundPool() for what to use instead with android.media.AudioAttributes to qualify your playback use case
02-11 07:39:20.337 12417 12983 E Parcel : Reading a NULL string not supported here.
02-11 07:39:20.337 12417 12982 E Parcel : Reading a NULL string not supported here.
02-11 07:39:20.405 12417 12988 W Codec2Client: query -- param skipped: index = 1107298332.
02-11 07:39:20.405 12417 12987 W Codec2Client: query -- param skipped: index = 1107298332.
02-11 07:39:20.405 12417 12988 W Codec2Client: query -- param skipped: index = 1342179345.
02-11 07:39:20.405 12417 12988 W Codec2Client: query -- param skipped: index = 2415921170.
02-11 07:39:20.406 12417 12987 W Codec2Client: query -- param skipped: index = 1342179345.
02-11 07:39:20.406 12417 12987 W Codec2Client: query -- param skipped: index = 2415921170.
02-11 07:39:20.406 12417 12987 E FMQ : grantorIdx must be less than 3
02-11 07:39:20.407 12417 12987 E FMQ : grantorIdx must be less than 3
02-11 07:39:20.408 12417 12988 E FMQ : grantorIdx must be less than 3
02-11 07:39:20.409 12417 12988 E FMQ : grantorIdx must be less than 3
02-11 07:39:20.415 12417 12987 E FMQ : grantorIdx must be less than 3
02-11 07:39:20.418 12417 12988 E FMQ : grantorIdx must be less than 3
02-11 07:39:20.429 12417 12993 E FMQ : grantorIdx must be less than 3
02-11 07:39:20.440 12417 12993 E FMQ : grantorIdx must be less than 3
02-11 07:39:20.556 12417 12999 W Codec2Client: query -- param skipped: index = 1107298332.
02-11 07:39:20.558 12417 12999 W Codec2Client: query -- param skipped: index = 1342179345.
02-11 07:39:20.558 12417 12999 W Codec2Client: query -- param skipped: index = 2415921170.
02-11 07:39:20.559 12417 12999 E FMQ : grantorIdx must be less than 3
02-11 07:39:20.559 12417 12999 E FMQ : grantorIdx must be less than 3
02-11 07:39:20.564 12417 12999 E FMQ : grantorIdx must be less than 3
02-11 07:39:20.581 12417 12993 E FMQ : grantorIdx must be less than 3
02-11 07:39:20.642 12417 13003 W Codec2Client: query -- param skipped: index = 1107298332.
02-11 07:39:20.643 12417 13003 W Codec2Client: query -- param skipped: index = 1342179345.
02-11 07:39:20.643 12417 13003 W Codec2Client: query -- param skipped: index = 2415921170.
02-11 07:39:20.644 12417 13003 E FMQ : grantorIdx must be less than 3
02-11 07:39:20.645 12417 13003 E FMQ : grantorIdx must be less than 3
02-11 07:39:20.658 12417 13003 E FMQ : grantorIdx must be less than 3
02-11 07:39:20.677 12417 12993 E FMQ : grantorIdx must be less than 3
02-11 07:39:20.719 12417 13006 W Codec2Client: query -- param skipped: index = 1107298332.
02-11 07:39:20.721 12417 13006 W Codec2Client: query -- param skipped: index = 1342179345.
02-11 07:39:20.721 12417 13006 W Codec2Client: query -- param skipped: index = 2415921170.
02-11 07:39:20.722 12417 13006 E FMQ : grantorIdx must be less than 3
02-11 07:39:20.722 12417 13006 E FMQ : grantorIdx must be less than 3
02-11 07:39:20.731 12417 13006 E FMQ : grantorIdx must be less than 3
02-11 07:39:20.745 12417 12993 E FMQ : grantorIdx must be less than 3
02-11 07:39:20.875 12417 12417 E libc : Access denied finding property "ro.vendor.pref_scale_resolution"
02-11 07:39:20.881 12417 12417 E OplusCustomizeRestrictionManager: getInstance
02-11 07:39:20.885 12417 12417 E libc : Access denied finding property "ro.vendor.pref_scale_resolution"
02-11 07:39:20.887 12417 12417 E libc : Access denied finding property "ro.vendor.pref_scale_resolution"
02-11 07:39:20.888 12417 12417 E libc : Access denied finding property "ro.vendor.pref_scale_resolution"
02-11 07:39:20.889 12417 12417 E libc : Access denied finding property "ro.vendor.pref_scale_resolution"
02-11 07:39:20.894 12417 12417 E libc : Access denied finding property "ro.vendor.pref_scale_resolution"
02-11 07:39:20.895 12417 12417 E libc : Access denied finding property "ro.vendor.pref_scale_resolution"
02-11 07:39:20.890 12417 12417 E OplusCustomizeRestrictionManager: getInstance
02-11 07:39:20.910 12417 12417 E libc : Access denied finding property "ro.vendor.pref_scale_resolution"
02-11 07:39:20.911 12417 12417 E OplusCustomizeRestrictionManager: getInstance
02-11 07:39:20.915 12417 12417 E libc : Access denied finding property "ro.vendor.pref_scale_resolution"
02-11 07:39:20.915 12417 12417 E OplusCustomizeRestrictionManager: getInstance
02-11 07:39:20.918 12417 12417 E libc : Access denied finding property "ro.vendor.pref_scale_resolution"
02-11 07:39:20.919 12417 12417 E libc : Access denied finding property "ro.vendor.pref_scale_resolution"
02-11 07:39:20.920 12417 12417 E libc : Access denied finding property "ro.vendor.pref_scale_resolution"
02-11 07:39:20.928 12417 12417 E libc : Access denied finding property "ro.vendor.pref_scale_resolution"
02-11 07:39:20.929 12417 12417 E OplusCustomizeRestrictionManager: getInstance
02-11 07:39:20.932 12417 12417 E OplusCustomizeRestrictionManager: getInstance
02-11 07:39:20.936 12417 12417 E OplusCustomizeRestrictionManager: getInstance
02-11 07:39:20.937 12417 12417 E OplusCustomizeRestrictionManager: getInstance
02-11 07:39:20.944 12417 12417 E libc : Access denied finding property "ro.vendor.pref_scale_resolution"
02-11 07:39:20.945 12417 12417 E OplusCustomizeRestrictionManager: getInstance
02-11 07:39:20.946 12417 12417 E OplusCustomizeRestrictionManager: getInstance
02-11 07:39:20.950 12417 12417 E libc : Access denied finding property "ro.vendor.pref_scale_resolution"
02-11 07:39:20.951 12417 12417 E OplusCustomizeRestrictionManager: getInstance
02-11 07:39:20.953 12417 12417 E OplusCustomizeRestrictionManager: getInstance
02-11 07:39:20.955 12417 12417 E libc : Access denied finding property "ro.vendor.pref_scale_resolution"
02-11 07:39:20.955 12417 12417 E libc : Access denied finding property "ro.vendor.pref_scale_resolution"
02-11 07:39:20.957 12417 12417 E libc : Access denied finding property "ro.vendor.pref_scale_resolution"
02-11 07:39:20.960 12417 12417 E libc : Access denied finding property "ro.vendor.pref_scale_resolution"
02-11 07:39:20.961 12417 12417 E libc : Access denied finding property "ro.vendor.pref_scale_resolution"
02-11 07:39:20.965 12417 12417 E libc : Access denied finding property "ro.vendor.pref_scale_resolution"
02-11 07:39:20.965 12417 12417 E OplusCustomizeRestrictionManager: getInstance
02-11 07:39:20.988 12417 12417 E libc : Access denied finding property "ro.vendor.pref_scale_resolution"
02-11 07:39:21.002 12417 12417 E libc : Access denied finding property "ro.vendor.pref_scale_resolution"
02-11 07:39:21.035 12417 12417 E libc : Access denied finding property "ro.vendor.pref_scale_resolution"
02-11 07:39:21.081 12417 12417 E OplusCustomizeRestrictionManager: getInstance
02-11 07:39:21.080 12417 12417 E libc : Access denied finding property "ro.vendor.pref_scale_resolution"
02-11 07:39:21.083 12417 12417 E OplusCustomizeRestrictionManager: getInstance
02-11 07:39:21.091 12417 12417 E libc : Access denied finding property "ro.vendor.pref_scale_resolution"
02-11 07:39:21.131 12417 12417 E libc : Access denied finding property "ro.vendor.pref_scale_resolution"
02-11 07:39:21.136 12417 12417 E libc : Access denied finding property "ro.vendor.pref_scale_resolution"
02-11 07:39:21.160 12417 12417 E libc : Access denied finding property "ro.vendor.pref_scale_resolution"
02-11 07:39:21.161 12417 12417 E OplusCustomizeRestrictionManager: getInstance
02-11 07:39:21.163 12417 12417 E OplusCustomizeRestrictionManager: getInstance
02-11 07:39:21.709 12417 12417 E libc : Access denied finding property "ro.vendor.pref_scale_resolution"
02-11 07:39:21.812 12417 12417 E libc : Access denied finding property "ro.vendor.pref_scale_resolution"
02-11 07:39:32.863 12417 12546 E Parcel : Reading a NULL string not supported here.
02-11 07:39:45.364 12417 12417 E libc : Access denied finding property "ro.vendor.pref_scale_resolution"
02-11 07:39:47.848 12417 12546 E Parcel : Reading a NULL string not supported here.
02-11 07:39:51.368 12417 12431 W System : A resource failed to call close.
02-11 07:39:52.770 12417 12417 E libc : Access denied finding property "ro.vendor.pref_scale_resolution"
02-11 07:39:52.872 12417 12417 E libc : Access denied finding property "ro.vendor.pref_scale_resolution"
02-11 07:39:52.873 12417 12417 E libc : Access denied finding property "ro.vendor.pref_scale_resolution"
02-11 07:39:52.911 12417 12417 E libc : Access denied finding property "ro.vendor.pref_scale_resolution"
02-11 07:39:52.990 12417 12417 E Parcel : Reading a NULL string not supported here.
02-11 07:39:53.020 12417 12417 E libc : Access denied finding property "ro.vendor.pref_scale_resolution"
02-11 07:39:53.115 12417 12417 E libc : Access denied finding property "ro.vendor.pref_scale_resolution"
02-11 07:39:53.116 12417 12417 E OplusCustomizeRestrictionManager: getInstance
02-11 07:39:53.119 12417 12417 E libc : Access denied finding property "ro.vendor.pref_scale_resolution"
02-11 07:39:53.119 12417 12417 E libc : Access denied finding property "ro.vendor.pref_scale_resolution"
02-11 07:39:53.150 12417 12417 E libc : Access denied finding property "ro.vendor.pref_scale_resolution"
02-11 07:39:53.153 12417 12417 E libc : Access denied finding property "ro.vendor.pref_scale_resolution"
02-11 07:39:53.153 12417 12417 E libc : Access denied finding property "ro.vendor.pref_scale_resolution"
02-11 07:39:53.158 12417 12417 E libc : Access denied finding property "ro.vendor.pref_scale_resolution"
02-11 07:39:53.182 12417 12417 E libc : Access denied finding property "ro.vendor.pref_scale_resolution"
02-11 07:39:53.193 12417 12417 E libc : Access denied finding property "ro.vendor.pref_scale_resolution"
02-11 07:39:53.209 12417 12417 E libc : Access denied finding property "ro.vendor.pref_scale_resolution"
02-11 07:39:53.211 12417 12417 E OplusCustomizeRestrictionManager: getInstance
02-11 07:39:53.376 12417 12417 E libc : Access denied finding property "ro.vendor.pref_scale_resolution"
02-11 07:39:53.377 12417 12417 E OplusCustomizeRestrictionManager: getInstance
02-11 07:39:53.378 12417 12417 E OplusCustomizeRestrictionManager: getInstance
02-11 07:39:55.599 12417 12417 E libc : Access denied finding property "ro.vendor.pref_scale_resolution"
02-11 07:39:55.649 12417 12417 E libc : Access denied finding property "ro.vendor.pref_scale_resolution"
02-11 07:39:55.650 12417 12417 E OplusCustomizeRestrictionManager: getInstance
02-11 07:39:55.655 12417 12417 E libc : Access denied finding property "ro.vendor.pref_scale_resolution"
02-11 07:39:55.746 12417 12417 E libc : Access denied finding property "ro.vendor.pref_scale_resolution"
02-11 07:39:55.773 12417 12417 E OplusCustomizeRestrictionManager: getInstance
02-11 07:39:55.875 12417 12417 E OplusCustomizeRestrictionManager: getInstance
02-11 07:39:55.912 12417 12417 E OplusCustomizeRestrictionManager: getInstance
02-11 07:39:56.573 12417 12417 E Parcel : Reading a NULL string not supported here.
02-11 07:39:56.650 12417 12417 E libc : Access denied finding property "ro.vendor.pref_scale_resolution"
02-11 07:39:56.652 12417 12417 E OplusCustomizeRestrictionManager: getInstance
02-11 07:39:56.653 12417 12417 E libc : Access denied finding property "ro.vendor.pref_scale_resolution"
02-11 07:39:56.674 12417 12417 E libc : Access denied finding property "ro.vendor.pref_scale_resolution"
02-11 07:39:56.677 12417 12417 E libc : Access denied finding property "ro.vendor.pref_scale_resolution"
02-11 07:39:56.731 12417 12417 E libc : Access denied finding property "ro.vendor.pref_scale_resolution"
02-11 07:39:56.741 12417 12417 E libc : Access denied finding property "ro.vendor.pref_scale_resolution"
02-11 07:39:56.742 12417 12417 E libc : Access denied finding property "ro.vendor.pref_scale_resolution"
02-11 07:39:56.765 12417 12417 E ArmVmp : Match on catch block at 0x0a in for 0xc9
02-11 07:39:56.767 12417 12417 E ArmVmp : Match on catch block at 0x0a in for 0xc5
02-11 07:39:56.770 12417 12417 E libc : Access denied finding property "ro.vendor.pref_scale_resolution"
02-11 07:39:56.790 12417 12417 E libc : Access denied finding property "ro.vendor.pref_scale_resolution"
02-11 07:39:56.791 12417 12417 E OplusCustomizeRestrictionManager: getInstance
02-11 07:39:56.831 12417 12417 E libc : Access denied finding property "ro.vendor.pref_scale_resolution"
02-11 07:39:56.831 12417 12417 E OplusCustomizeRestrictionManager: getInstance
02-11 07:39:56.845 12417 12417 E libc : Access denied finding property "ro.vendor.pref_scale_resolution"
02-11 07:39:56.847 12417 12417 E libc : Access denied finding property "ro.vendor.pref_scale_resolution"
02-11 07:39:56.861 12417 12417 E libc : Access denied finding property "ro.vendor.pref_scale_resolution"
02-11 07:39:56.879 12417 12417 E ArmVmp : Match on catch block at 0xc3 in for 0xb1
02-11 07:39:56.882 12417 12417 E ArmVmp : Match on catch block at 0xc3 in for 0xb1
02-11 07:39:56.871 12417 12417 E OplusCustomizeRestrictionManager: getInstance
02-11 07:39:56.923 12417 12417 E ArmVmp : Match on catch block at 0xc3 in for 0xa5
02-11 07:39:56.925 12417 12417 E ArmVmp : Match on catch block at 0xc3 in for 0xa9
02-11 07:39:56.926 12417 12417 E ArmVmp : Match on catch block at 0xc3 in for 0xa9
02-11 07:39:56.949 12417 12417 E ArmVmp : Match on catch block at 0xc3 in for 0xa9
02-11 07:39:56.951 12417 12417 E ArmVmp : Match on catch block at 0xc3 in for 0xa1
02-11 07:39:56.953 12417 12417 E ArmVmp : Match on catch block at 0xc3 in for 0xa1
02-11 07:39:56.987 12417 12417 E ArmVmp : Match on catch block at 0xc3 in for 0xa1
02-11 07:39:56.990 12417 12417 E ArmVmp : Match on catch block at 0xc3 in for 0xa5
02-11 07:39:56.992 12417 12417 E ArmVmp : Match on catch block at 0xc3 in for 0xa5
02-11 07:39:57.000 12417 12417 E ArmVmp : Match on catch block at 0xc3 in for 0xa9
02-11 07:39:57.003 12417 12417 E ArmVmp : Match on catch block at 0xc3 in for 0xa1
02-11 07:39:57.005 12417 12417 E ArmVmp : Match on catch block at 0xc3 in for 0xa1
02-11 07:39:57.029 12417 12417 E ArmVmp : Match on catch block at 0xc3 in for 0xa9
02-11 07:39:57.033 12417 12417 E ArmVmp : Match on catch block at 0xc3 in for 0xa1
02-11 07:39:57.035 12417 12417 E ArmVmp : Match on catch block at 0xc3 in for 0xa1
02-11 07:39:57.058 12417 12417 E ArmVmp : Match on catch block at 0xc3 in for 0xa5
02-11 07:39:57.061 12417 12417 E ArmVmp : Match on catch block at 0xc3 in for 0xa9
02-11 07:39:57.063 12417 12417 E ArmVmp : Match on catch block at 0xc3 in for 0xa9
02-11 07:39:57.483 12417 12417 E ArmVmp : Match on catch block at 0xc3 in for 0xa9
02-11 07:39:57.487 12417 12417 E ArmVmp : Match on catch block at 0xc3 in for 0xa1
02-11 07:39:57.490 12417 12417 E ArmVmp : Match on catch block at 0xc3 in for 0xa1
02-11 07:39:57.891 12417 12417 E ArmVmp : Match on catch block at 0xc3 in for 0xa5
02-11 07:39:57.898 12417 12417 E ArmVmp : Match on catch block at 0xc3 in for 0xa9
02-11 07:39:57.903 12417 12417 E ArmVmp : Match on catch block at 0xc3 in for 0xa9
02-11 07:39:57.988 12417 12417 E ArmVmp : Match on catch block at 0xc3 in for 0xa1
02-11 07:39:57.991 12417 12417 E ArmVmp : Match on catch block at 0xc3 in for 0xa5
02-11 07:39:57.994 12417 12417 E ArmVmp : Match on catch block at 0xc3 in for 0xa5
02-11 07:39:58.186 12417 12417 E libc : Access denied finding property "ro.vendor.pref_scale_resolution"
02-11 07:39:58.206 12417 12417 E OplusCustomizeRestrictionManager: getInstance
02-11 07:39:58.259 12417 12417 E libc : Access denied finding property "ro.vendor.pref_scale_resolution"
02-11 07:39:58.267 12417 12417 E libc : Access denied finding property "ro.vendor.pref_scale_resolution"
02-11 07:39:58.291 12417 12417 E OplusCustomizeRestrictionManager: getInstance
02-11 07:39:58.314 12417 12417 E ArmVmp : Match on catch block at 0xc3 in for 0xa1
02-11 07:39:58.317 12417 12417 E ArmVmp : Match on catch block at 0xc3 in for 0xa5
02-11 07:39:58.319 12417 12417 E ArmVmp : Match on catch block at 0xc3 in for 0xa5
