02-09 19:39:58.383 24126 24291 E SQLiteDatabase: android.database.sqlite.SQLiteConstraintException: UNIQUE constraint failed: message_media.message_row_id (code 1555 SQLITE_CONSTRAINT_PRIMARYKEY)
02-09 19:39:58.383 24126 24291 E SQLiteDatabase: at android.database.sqlite.SQLiteConnection.nativeExecuteForLastInsertedRowId(Native Method)
02-09 19:39:58.383 24126 24291 E SQLiteDatabase: at android.database.sqlite.SQLiteConnection.executeForLastInsertedRowId(SQLiteConnecti on.java:948)
02-09 19:39:58.383 24126 24291 E SQLiteDatabase: at android.database.sqlite.SQLiteSession.executeForLastInsertedRowId(SQLiteSession.jav a:790)
02-09 19:39:58.383 24126 24291 E SQLiteDatabase: at android.database.sqlite.SQLiteStatement.executeInsert(SQLiteStatement.java:88)
02-09 19:39:58.383 24126 24291 E SQLiteDatabase: at android.database.sqlite.SQLiteDatabase.insertWithOnConflict(SQLiteDatabase.java:171 2)
02-09 19:39:58.383 24126 24291 E SQLiteDatabase: at android.database.sqlite.SQLiteDatabase.insert(SQLiteDatabase.java:1581)
02-09 19:39:58.383 24126 24291 E SQLiteDatabase: at X.2tm.A08(Unknown Source:6)
02-09 19:39:58.383 24126 24291 E SQLiteDatabase: at X.35Y.A07(Unknown Source:212)
02-09 19:39:58.383 24126 24291 E SQLiteDatabase: at X.3QF.A14(Unknown Source:470)
02-09 19:39:58.383 24126 24291 E SQLiteDatabase: at X.3gU.run(Unknown Source:982)
02-09 19:39:58.383 24126 24291 E SQLiteDatabase: at android.os.Handler.handleCallback(Handler.java:938)
02-09 19:39:58.383 24126 24291 E SQLiteDatabase: at android.os.Handler.dispatchMessage(Handler.java:99)
02-09 19:39:58.383 24126 24291 E SQLiteDatabase: at X.0zq.dispatchMessage(Unknown Source:4)
02-09 19:39:58.383 24126 24291 E SQLiteDatabase: at android.os.Looper.loop(Looper.java:254)
02-09 19:39:58.383 24126 24291 E SQLiteDatabase: at android.os.HandlerThread.run(HandlerThread.java:67)
02-09 19:40:07.494 24126 24126 E OplusCustomizeRestrictionManager: getInstance
02-09 19:40:07.497 24126 24126 E libc : Access denied finding property "ro.vendor.pref_scale_resolution"
02-09 19:40:07.508 24126 24126 E libc : Access denied finding property "ro.vendor.pref_scale_resolution"
02-09 19:40:07.511 24126 24126 W BottomSheetBehavior: BottomSheetBehavior now supports multiple callbacks. `setBottomSheetCallback()` removes all existing callbacks, including ones set internally by library authors, which may result in unintended behavior. This may change in the future. Please use `addBottomSheetCallback()` and `removeBottomSheetCallback()` instead to set your own callbacks.
02-09 19:40:07.511 24126 24126 W BottomSheetBehavior: BottomSheetBehavior now supports multiple callbacks. `setBottomSheetCallback()` removes all existing callbacks, including ones set internally by library authors, which may result in unintended behavior. This may change in the future. Please use `addBottomSheetCallback()` and `removeBottomSheetCallback()` instead to set your own callbacks.
02-09 19:40:07.518 24126 24126 E libc : Access denied finding property "ro.vendor.pref_scale_resolution"
02-09 19:40:07.520 24126 25718 W Codec2Client: query -- param skipped: index = 1342179345.
02-09 19:40:07.520 24126 25718 W Codec2Client: query -- param skipped: index = 2415921170.
02-09 19:40:07.520 24126 25718 W Codec2Client: query -- param skipped: index = 1610614798.
02-09 19:40:07.521 24126 24126 E libc : Access denied finding property "ro.vendor.pref_scale_resolution"
02-09 19:40:07.523 24126 25709 W ACodec : Failed to set ANW_HWComposer to OMX, ignoring (-2147483648)
02-09 19:40:07.528 24126 24126 E libc : Access denied finding property "ro.vendor.pref_scale_resolution"
02-09 19:40:07.516 24126 24126 E OplusCustomizeRestrictionManager: getInstance
02-09 19:40:07.532 24126 24126 E libc : Access denied finding property "ro.vendor.pref_scale_resolution"
02-09 19:40:07.534 24126 24126 E OplusCustomizeRestrictionManager: getInstance
02-09 19:40:07.540 24126 24126 E libc : Access denied finding property "ro.vendor.pref_scale_resolution"
02-09 19:40:07.541 24126 24126 E libc : Access denied finding property "ro.vendor.pref_scale_resolution"
02-09 19:40:07.544 24126 24126 E libc : Access denied finding property "ro.vendor.pref_scale_resolution"
02-09 19:40:07.545 24126 24126 E OplusCustomizeRestrictionManager: getInstance
02-09 19:40:07.822 24126 24126 E libc : Access denied finding property "ro.vendor.pref_scale_resolution"
02-09 19:40:07.824 24126 24126 E OplusCustomizeRestrictionManager: getInstance
02-09 19:40:07.829 24126 24126 E libc : Access denied finding property "ro.vendor.pref_scale_resolution"
02-09 19:40:07.866 24126 24126 W BottomSheetBehavior: BottomSheetBehavior now supports multiple callbacks. `setBottomSheetCallback()` removes all existing callbacks, including ones set internally by library authors, which may result in unintended behavior. This may change in the future. Please use `addBottomSheetCallback()` and `removeBottomSheetCallback()` instead to set your own callbacks.
02-09 19:40:07.866 24126 24126 W BottomSheetBehavior: BottomSheetBehavior now supports multiple callbacks. `setBottomSheetCallback()` removes all existing callbacks, including ones set internally by library authors, which may result in unintended behavior. This may change in the future. Please use `addBottomSheetCallback()` and `removeBottomSheetCallback()` instead to set your own callbacks.
02-09 19:40:07.880 24126 24126 E RecyclerView: No adapter attached; skipping layout
02-09 19:40:07.863 24126 24126 E OplusCustomizeRestrictionManager: getInstance
02-09 19:40:08.178 24126 24291 E SQLiteDatabase: Error inserting transferred=1 media_job_uuid=15f64633-a8f9-415d-973b-9d950b88a039 transcoded=0 gif_attribution=0 first_scan_length=3302 direct_path=/v/t62.7118- 24/31415261_1068237697615695_6946962833596822370_n.enc?ccb=11- 4&oh=01_AdTAZVOnGMnMl4o22wIHBY15oDgbYXfsa8Nz8yyhTeQA6g&oe=65ED3AE5&_nc_sid=5e03e0 thumbnail_height_width_ratio=1.8113208 is_animated_sticker=0 file_hash=Hkky+HyqewRsBVEdvdK66/4l9cEt4n9kaFb90XEg9bY= file_path=Media/.Statuses/97693c72e3d6434896349af9a172e564.jpg file_size=20205 partial_media_hash=6ty3h7FApiiS/tg5BWT7ehhqE64cLHgoSVWpLYay5b0= face_x=0 face_y=0 height=960 trim_to=0 media_key_timestamp=1707462448000 message_url=https://mmg.whatsapp.net/v/t62.7118- 24/31415261_1068237697615695_6946962833596822370_n.enc?ccb=11- 4&oh=01_AdTAZVOnGMnMl4o22wIHBY15oDgbYXfsa8Nz8yyhTeQA6g&oe=65ED3AE5&_nc_sid=5e03e0&m ms3=true media_caption=null trim_from=0 mime_type=image/jpeg partial_media_enc_hash=null width=540 original_file_hash=null has_streaming_sidecar=1 autotransfer_retry_enabled=1 media_upload_handle=null message_row_id=109893 multicast_id=null enc_file_hash=0H0pHlghdWHd2X8kzkzqJdLaOk9FQysU2Rfl8D0kiVA= mute_video=0 page_count=0 first_scan_sidecar=[B@5abb565 suspicious_content=0 file_length=20205 media_name=null media_duration=0 chat_row_id=336 media_key=[B@c7f323a
02-09 19:40:08.178 24126 24291 E SQLiteDatabase: android.database.sqlite.SQLiteConstraintException: UNIQUE constraint failed: message_media.message_row_id (code 1555 SQLITE_CONSTRAINT_PRIMARYKEY)
02-09 19:40:08.178 24126 24291 E SQLiteDatabase: at android.database.sqlite.SQLiteConnection.nativeExecuteForLastInsertedRowId(Native Method)
02-09 19:40:08.178 24126 24291 E SQLiteDatabase: at android.database.sqlite.SQLiteConnection.executeForLastInsertedRowId(SQLiteConnecti on.java:948)
02-09 19:40:08.178 24126 24291 E SQLiteDatabase: at android.database.sqlite.SQLiteSession.executeForLastInsertedRowId(SQLiteSession.jav a:790)
02-09 19:40:08.178 24126 24291 E SQLiteDatabase: at android.database.sqlite.SQLiteStatement.executeInsert(SQLiteStatement.java:88)
02-09 19:40:08.178 24126 24291 E SQLiteDatabase: at android.database.sqlite.SQLiteDatabase.insertWithOnConflict(SQLiteDatabase.java:171 2)
02-09 19:40:08.178 24126 24291 E SQLiteDatabase: at android.database.sqlite.SQLiteDatabase.insert(SQLiteDatabase.java:1581)
02-09 19:40:08.178 24126 24291 E SQLiteDatabase: at X.2tm.A08(Unknown Source:6)
02-09 19:40:08.178 24126 24291 E SQLiteDatabase: at X.35Y.A07(Unknown Source:212)
02-09 19:40:08.178 24126 24291 E SQLiteDatabase: at X.3QF.A14(Unknown Source:470)
02-09 19:40:08.178 24126 24291 E SQLiteDatabase: at X.3gU.run(Unknown Source:982)
02-09 19:40:08.178 24126 24291 E SQLiteDatabase: at android.os.Handler.handleCallback(Handler.java:938)
02-09 19:40:08.178 24126 24291 E SQLiteDatabase: at android.os.Handler.dispatchMessage(Handler.java:99)
02-09 19:40:08.178 24126 24291 E SQLiteDatabase: at X.0zq.dispatchMessage(Unknown Source:4)
02-09 19:40:08.178 24126 24291 E SQLiteDatabase: at android.os.Looper.loop(Looper.java:254)
02-09 19:40:08.178 24126 24291 E SQLiteDatabase: at android.os.HandlerThread.run(HandlerThread.java:67)
02-09 19:40:08.415 24126 24126 E libc : Access denied finding property "ro.vendor.pref_scale_resolution"
02-09 19:40:08.507 24126 24126 E OplusCustomizeRestrictionManager: getInstance
02-09 19:40:08.513 24126 25665 E Parcel : Reading a NULL string not supported here.
02-09 19:40:08.515 24126 25332 W Choreographer: Frame time is 0.225513 ms in the future! Check that graphics HAL is generating vsync timestamps using the correct timebase.
02-09 19:40:08.540 24126 24126 W BottomSheetBehavior: BottomSheetBehavior now supports multiple callbacks. `setBottomSheetCallback()` removes all existing callbacks, including ones set internally by library authors, which may result in unintended behavior. This may change in the future. Please use `addBottomSheetCallback()` and `removeBottomSheetCallback()` instead to set your own callbacks.
02-09 19:40:08.540 24126 24126 W BottomSheetBehavior: BottomSheetBehavior now supports multiple callbacks. `setBottomSheetCallback()` removes all existing callbacks, including ones set internally by library authors, which may result in unintended behavior. This may change in the future. Please use `addBottomSheetCallback()` and `removeBottomSheetCallback()` instead to set your own callbacks.
02-09 19:40:08.544 24126 24126 E RecyclerView: No adapter attached; skipping layout
02-09 19:40:08.570 24126 26018 E OplusACodec: [GetVideoCodingTypeFromMime:L691] mime:video/avc
02-09 19:40:08.572 24126 26018 E MtkACodecExt: setConfig(OMX_CONFIG_ROTATIONTYPE) returned error 0xfffffc0e
02-09 19:40:08.572 24126 26018 E ACodec : [OMX.MTK.VIDEO.DECODER.AVC] failed to setViLTEParameters 1
02-09 19:40:08.601 24126 26027 W Codec2Client: query -- param skipped: index = 1107298332.
02-09 19:40:08.601 24126 26027 W CCodec : This behavior is subject to change. It is recommended that app developers double check whether the requested max input size is in reasonable range.
02-09 19:40:08.602 24126 26027 W Codec2Client: query -- param skipped: index = 1342179345.
02-09 19:40:08.602 24126 26027 W Codec2Client: query -- param skipped: index = 2415921170.
02-09 19:40:08.602 24126 26027 W Codec2Client: query -- param skipped: index = 1610614798.
02-09 19:40:08.603 24126 26027 E FMQ : grantorIdx must be less than 3
02-09 19:40:08.603 24126 26027 E FMQ : grantorIdx must be less than 3
02-09 19:40:08.611 24126 26027 E FMQ : grantorIdx must be less than 3
02-09 19:40:08.617 24126 25342 E FMQ : grantorIdx must be less than 3
02-09 19:40:08.538 24126 24126 E OplusCustomizeRestrictionManager: getInstance
02-09 19:40:10.726 24126 24126 E OplusCustomizeRestrictionManager: getInstance
02-09 19:40:10.730 24126 26027 W Codec2Client: query -- param skipped: index = 1342179345.
02-09 19:40:10.730 24126 26027 W Codec2Client: query -- param skipped: index = 2415921170.
02-09 19:40:10.730 24126 26027 W Codec2Client: query -- param skipped: index = 1610614798.
02-09 19:40:10.732 24126 26018 W ACodec : Failed to set ANW_HWComposer to OMX, ignoring (-2147483648)
02-09 19:40:10.728 24126 24126 E OplusCustomizeRestrictionManager: getInstance
02-09 19:40:10.736 24126 24126 E OplusCustomizeRestrictionManager: getInstance
02-09 19:40:10.744 24126 24126 W BottomSheetBehavior: BottomSheetBehavior now supports multiple callbacks. `setBottomSheetCallback()` removes all existing callbacks, including ones set internally by library authors, which may result in unintended behavior. This may change in the future. Please use `addBottomSheetCallback()` and `removeBottomSheetCallback()` instead to set your own callbacks.
02-09 19:40:10.744 24126 24126 W BottomSheetBehavior: BottomSheetBehavior now supports multiple callbacks. `setBottomSheetCallback()` removes all existing callbacks, including ones set internally by library authors, which may result in unintended behavior. This may change in the future. Please use `addBottomSheetCallback()` and `removeBottomSheetCallback()` instead to set your own callbacks.
02-09 19:40:10.755 24126 24126 E RecyclerView: No adapter attached; skipping layout
02-09 19:40:10.804 24126 26040 E OplusACodec: [GetVideoCodingTypeFromMime:L691] mime:video/avc
02-09 19:40:10.806 24126 26040 E MtkACodecExt: setConfig(OMX_CONFIG_ROTATIONTYPE) returned error 0xfffffc0e
02-09 19:40:10.806 24126 26040 E ACodec : [OMX.MTK.VIDEO.DECODER.AVC] failed to setViLTEParameters 1
02-09 19:40:10.836 24126 26058 W Codec2Client: query -- param skipped: index = 1107298332.
02-09 19:40:10.836 24126 26058 W CCodec : This behavior is subject to change. It is recommended that app developers double check whether the requested max input size is in reasonable range.
02-09 19:40:10.837 24126 26058 W Codec2Client: query -- param skipped: index = 1342179345.
02-09 19:40:10.837 24126 26058 W Codec2Client: query -- param skipped: index = 2415921170.
02-09 19:40:10.837 24126 26058 W Codec2Client: query -- param skipped: index = 1610614798.
02-09 19:40:10.838 24126 26058 E FMQ : grantorIdx must be less than 3
02-09 19:40:10.838 24126 26058 E FMQ : grantorIdx must be less than 3
02-09 19:40:10.845 24126 26058 E FMQ : grantorIdx must be less than 3
02-09 19:40:10.853 24126 25342 E FMQ : grantorIdx must be less than 3
02-09 19:40:10.741 24126 24126 E OplusCustomizeRestrictionManager: getInstance
02-09 19:40:11.244 24126 26058 W Codec2Client: query -- param skipped: index = 1342179345.
02-09 19:40:11.244 24126 26058 W Codec2Client: query -- param skipped: index = 2415921170.
02-09 19:40:11.244 24126 26058 W Codec2Client: query -- param skipped: index = 1610614798.
02-09 19:40:11.246 24126 26040 W ACodec : Failed to set ANW_HWComposer to OMX, ignoring (-2147483648)
02-09 19:40:11.321 24126 26065 E OplusACodec: [GetVideoCodingTypeFromMime:L691] mime:video/avc
02-09 19:40:11.323 24126 26065 E MtkACodecExt: setConfig(OMX_CONFIG_ROTATIONTYPE) returned error 0xfffffc0e
02-09 19:40:11.323 24126 26065 E ACodec : [OMX.MTK.VIDEO.DECODER.AVC] failed to setViLTEParameters 1
02-09 19:40:11.358 24126 26074 W Codec2Client: query -- param skipped: index = 1107298332.
02-09 19:40:11.358 24126 26074 W CCodec : This behavior is subject to change. It is recommended that app developers double check whether the requested max input size is in reasonable range.
02-09 19:40:11.359 24126 26074 W Codec2Client: query -- param skipped: index = 1342179345.
02-09 19:40:11.359 24126 26074 W Codec2Client: query -- param skipped: index = 2415921170.
02-09 19:40:11.359 24126 26074 W Codec2Client: query -- param skipped: index = 1610614798.
02-09 19:40:11.359 24126 26074 E FMQ : grantorIdx must be less than 3
02-09 19:40:11.360 24126 26074 E FMQ : grantorIdx must be less than 3
02-09 19:40:11.365 24126 26074 E FMQ : grantorIdx must be less than 3
02-09 19:40:11.374 24126 25342 E FMQ : grantorIdx must be less than 3
02-09 19:40:12.201 24126 24126 E libc : Access denied finding property "ro.vendor.pref_scale_resolution"
02-09 19:40:12.201 24126 24126 E libc : Access denied finding property "ro.vendor.pref_scale_resolution"
02-09 19:40:12.237 24126 26074 W Codec2Client: query -- param skipped: index = 1342179345.
02-09 19:40:12.237 24126 26074 W Codec2Client: query -- param skipped: index = 2415921170.
02-09 19:40:12.237 24126 26074 W Codec2Client: query -- param skipped: index = 1610614798.
02-09 19:40:12.238 24126 26065 W ACodec : Failed to set ANW_HWComposer to OMX, ignoring (-2147483648)
02-09 19:40:12.932 24126 24126 E libc : Access denied finding property "ro.vendor.pref_scale_resolution"
02-09 19:40:12.984 24126 24126 E libc : Access denied finding property "ro.vendor.pref_scale_resolution"
02-09 19:40:12.984 24126 24126 E OplusCustomizeRestrictionManager: getInstance
02-09 19:40:13.112 24126 24126 E OplusCustomizeRestrictionManager: getInstance
02-09 19:40:13.227 24126 24126 E OplusCustomizeRestrictionManager: getInstance
02-09 19:40:13.228 24126 24126 E OplusCustomizeRestrictionManager: getInstance
02-09 19:40:13.537 24126 24126 E OplusCustomizeRestrictionManager: getInstance
02-09 19:40:13.538 24126 24126 E OplusCustomizeRestrictionManager: getInstance
02-09 19:40:18.509 24126 24126 E Parcel : Reading a NULL string not supported here.
02-09 19:40:18.585 24126 24126 E libc : Access denied finding property "ro.vendor.pref_scale_resolution"
02-09 19:40:18.586 24126 24126 E libc : Access denied finding property "ro.vendor.pref_scale_resolution"
02-09 19:40:18.588 24126 24126 E OplusCustomizeRestrictionManager: getInstance
02-09 19:40:18.594 24126 24126 E libc : Access denied finding property "ro.vendor.pref_scale_resolution"
02-09 19:40:18.610 24126 24126 E OplusCustomizeRestrictionManager: getInstance
02-09 19:40:18.650 24126 24126 E OplusCustomizeRestrictionManager: getInstance
02-09 19:40:18.651 24126 24126 E OplusCustomizeRestrictionManager: getInstance
02-09 19:40:18.653 24126 24126 E libc : Access denied finding property "ro.vendor.pref_scale_resolution"
02-09 19:40:18.659 24126 24126 E OplusCustomizeRestrictionManager: getInstance
02-09 19:40:18.666 24126 24126 E libc : Access denied finding property "ro.vendor.pref_scale_resolution"
02-09 19:40:18.667 24126 24126 W BottomSheetBehavior: BottomSheetBehavior now supports multiple callbacks. `setBottomSheetCallback()` removes all existing callbacks, including ones set internally by library authors, which may result in unintended behavior. This may change in the future. Please use `addBottomSheetCallback()` and `removeBottomSheetCallback()` instead to set your own callbacks.
02-09 19:40:18.668 24126 24126 W BottomSheetBehavior: BottomSheetBehavior now supports multiple callbacks. `setBottomSheetCallback()` removes all existing callbacks, including ones set internally by library authors, which may result in unintended behavior. This may change in the future. Please use `addBottomSheetCallback()` and `removeBottomSheetCallback()` instead to set your own callbacks.
02-09 19:40:18.688 24126 24126 E OplusCustomizeRestrictionManager: getInstance
02-09 19:40:18.692 24126 24126 E OplusCustomizeRestrictionManager: getInstance
02-09 19:40:18.695 24126 24126 W BottomSheetBehavior: BottomSheetBehavior now supports multiple callbacks. `setBottomSheetCallback()` removes all existing callbacks, including ones set internally by library authors, which may result in unintended behavior. This may change in the future. Please use `addBottomSheetCallback()` and `removeBottomSheetCallback()` instead to set your own callbacks.
02-09 19:40:18.695 24126 24126 W BottomSheetBehavior: BottomSheetBehavior now supports multiple callbacks. `setBottomSheetCallback()` removes all existing callbacks, including ones set internally by library authors, which may result in unintended behavior. This may change in the future. Please use `addBottomSheetCallback()` and `removeBottomSheetCallback()` instead to set your own callbacks.
02-09 19:40:18.697 24126 26302 E Parcel : Reading a NULL string not supported here.
02-09 19:40:18.709 24126 24126 W BottomSheetBehavior: BottomSheetBehavior now supports multiple callbacks. `setBottomSheetCallback()` removes all existing callbacks, including ones set internally by library authors, which may result in unintended behavior. This may change in the future. Please use `addBottomSheetCallback()` and `removeBottomSheetCallback()` instead to set your own callbacks.
02-09 19:40:18.709 24126 24126 W BottomSheetBehavior: BottomSheetBehavior now supports multiple callbacks. `setBottomSheetCallback()` removes all existing callbacks, including ones set internally by library authors, which may result in unintended behavior. This may change in the future. Please use `addBottomSheetCallback()` and `removeBottomSheetCallback()` instead to set your own callbacks.
02-09 19:40:18.713 24126 24126 E libc : Access denied finding property "ro.vendor.pref_scale_resolution"
02-09 19:40:18.715 24126 24126 E libc : Access denied finding property "ro.vendor.pref_scale_resolution"
02-09 19:40:18.719 24126 24126 E libc : Access denied finding property "ro.vendor.pref_scale_resolution"
02-09 19:40:18.721 24126 24126 E libc : Access denied finding property "ro.vendor.pref_scale_resolution"
02-09 19:40:18.728 24126 24126 E libc : Access denied finding property "ro.vendor.pref_scale_resolution"
02-09 19:40:18.729 24126 24126 E libc : Access denied finding property "ro.vendor.pref_scale_resolution"
02-09 19:40:18.745 24126 26305 E OplusACodec: [GetVideoCodingTypeFromMime:L691] mime:video/avc
02-09 19:40:18.746 24126 24126 W BottomSheetBehavior: BottomSheetBehavior now supports multiple callbacks. `setBottomSheetCallback()` removes all existing callbacks, including ones set internally by library authors, which may result in unintended behavior. This may change in the future. Please use `addBottomSheetCallback()` and `removeBottomSheetCallback()` instead to set your own callbacks.
02-09 19:40:18.746 24126 24126 W BottomSheetBehavior: BottomSheetBehavior now supports multiple callbacks. `setBottomSheetCallback()` removes all existing callbacks, including ones set internally by library authors, which may result in unintended behavior. This may change in the future. Please use `addBottomSheetCallback()` and `removeBottomSheetCallback()` instead to set your own callbacks.
02-09 19:40:18.748 24126 26305 E MtkACodecExt: setConfig(OMX_CONFIG_ROTATIONTYPE) returned error 0xfffffc0e
02-09 19:40:18.748 24126 26305 E ACodec : [OMX.MTK.VIDEO.DECODER.AVC] failed to setViLTEParameters 1
02-09 19:40:18.761 24126 24126 E RecyclerView: No adapter attached; skipping layout
02-09 19:40:18.761 24126 24126 E RecyclerView: No adapter attached; skipping layout
02-09 19:40:18.762 24126 24126 E RecyclerView: No adapter attached; skipping layout
02-09 19:40:18.791 24126 26317 W Codec2Client: query -- param skipped: index = 1107298332.
02-09 19:40:18.791 24126 26317 W CCodec : This behavior is subject to change. It is recommended that app developers double check whether the requested max input size is in reasonable range.
02-09 19:40:18.745 24126 24126 E OplusCustomizeRestrictionManager: getInstance
02-09 19:40:18.792 24126 26317 W Codec2Client: query -- param skipped: index = 1342179345.
02-09 19:40:18.792 24126 26317 W Codec2Client: query -- param skipped: index = 2415921170.
02-09 19:40:18.792 24126 26317 W Codec2Client: query -- param skipped: index = 1610614798.
02-09 19:40:18.792 24126 26317 E FMQ : grantorIdx must be less than 3
02-09 19:40:18.792 24126 26317 E FMQ : grantorIdx must be less than 3
02-09 19:40:18.800 24126 26317 E FMQ : grantorIdx must be less than 3
02-09 19:40:18.825 24126 25342 E FMQ : grantorIdx must be less than 3
02-09 19:40:18.876 24126 26305 W ACodec : Failed to set ANW_HWComposer to OMX, ignoring (-2147483648)
02-09 19:40:19.742 24126 24291 E SQLiteDatabase: Error inserting transferred=1 media_job_uuid=3cda1c70-f7d4-4b29-b016-256a8ae6624f transcoded=0 gif_attribution=0 first_scan_length=0 direct_path=/v/t62.7161- 24/35712707_7328114670579937_3637082473575595708_n.enc?ccb=11- 4&oh=01_AdQSz1VNDfX6JJTY3dbDCMbCop-kvNmxdWRkUdhXZNxZQQ&oe=65ED47E8&_nc_sid=5e03e0 thumbnail_height_width_ratio=1.8461539 is_animated_sticker=0 file_hash=ZG4pGSJKv5mDg350vw8UvKgmIYKW6q5/5levAPaTayU= file_path=Media/.Statuses/1f551e8f9c4443f5922e66b116560928.mp4 file_size=1309861 partial_media_hash=null face_x=0 face_y=0 height=640 trim_to=0 media_key_timestamp=1707468083000 message_url=https://mmg.whatsapp.net/v/t62.7161- 24/35712707_7328114670579937_3637082473575595708_n.enc?ccb=11- 4&oh=01_AdQSz1VNDfX6JJTY3dbDCMbCop- kvNmxdWRkUdhXZNxZQQ&oe=65ED47E8&_nc_sid=5e03e0&mms3=true media_caption=null trim_from=0 mime_type=video/mp4 partial_media_enc_hash=null width=352 original_file_hash=null has_streaming_sidecar=1 autotransfer_retry_enabled=1 media_upload_handle=null message_row_id=109927 multicast_id=null enc_file_hash=bDP1jMP7Fo7Mw55s5PYw3J4ooXtHxkHrdlPNAkPTOs4= mute_video=0 page_count=0 first_scan_sidecar=null suspicious_content=0 file_length=1309861 media_name=null media_duration=9 chat_row_id=336 media_key=[B@56b6ee9
02-09 19:40:19.742 24126 24291 E SQLiteDatabase: android.database.sqlite.SQLiteConstraintException: UNIQUE constraint failed: message_media.message_row_id (code 1555 SQLITE_CONSTRAINT_PRIMARYKEY)
02-09 19:40:19.742 24126 24291 E SQLiteDatabase: at android.database.sqlite.SQLiteConnection.nativeExecuteForLastInsertedRowId(Native Method)
02-09 19:40:19.742 24126 24291 E SQLiteDatabase: at android.database.sqlite.SQLiteConnection.executeForLastInsertedRowId(SQLiteConnecti on.java:948)
02-09 19:40:19.742 24126 24291 E SQLiteDatabase: at android.database.sqlite.SQLiteSession.executeForLastInsertedRowId(SQLiteSession.jav a:790)
02-09 19:40:19.742 24126 24291 E SQLiteDatabase: at android.database.sqlite.SQLiteStatement.executeInsert(SQLiteStatement.java:88)
02-09 19:40:19.742 24126 24291 E SQLiteDatabase: at android.database.sqlite.SQLiteDatabase.insertWithOnConflict(SQLiteDatabase.java:171 2)
02-09 19:40:19.742 24126 24291 E SQLiteDatabase: at android.database.sqlite.SQLiteDatabase.insert(SQLiteDatabase.java:1581)
02-09 19:40:19.742 24126 24291 E SQLiteDatabase: at X.2tm.A08(Unknown Source:6)
02-09 19:40:19.742 24126 24291 E SQLiteDatabase: at X.35Y.A07(Unknown Source:212)
02-09 19:40:19.742 24126 24291 E SQLiteDatabase: at X.3QF.A14(Unknown Source:470)
02-09 19:40:19.742 24126 24291 E SQLiteDatabase: at X.3gU.run(Unknown Source:982)
02-09 19:40:19.742 24126 24291 E SQLiteDatabase: at android.os.Handler.handleCallback(Handler.java:938)
02-09 19:40:19.742 24126 24291 E SQLiteDatabase: at android.os.Handler.dispatchMessage(Handler.java:99)
02-09 19:40:19.742 24126 24291 E SQLiteDatabase: at X.0zq.dispatchMessage(Unknown Source:4)
02-09 19:40:19.742 24126 24291 E SQLiteDatabase: at android.os.Looper.loop(Looper.java:254)
02-09 19:40:19.742 24126 24291 E SQLiteDatabase: at android.os.HandlerThread.run(HandlerThread.java:67)
02-09 19:40:19.759 24126 24126 E libc : Access denied finding property "ro.vendor.pref_scale_resolution"
02-09 19:40:19.760 24126 24126 E libc : Access denied finding property "ro.vendor.pref_scale_resolution"
02-09 19:40:19.782 24126 26317 W Codec2Client: query -- param skipped: index = 1342179345.
02-09 19:40:19.782 24126 26317 W Codec2Client: query -- param skipped: index = 2415921170.
02-09 19:40:19.782 24126 26317 W Codec2Client: query -- param skipped: index = 1610614798.
02-09 19:40:19.783 24126 26305 W ACodec : Failed to set ANW_HWComposer to OMX, ignoring (-2147483648)
02-09 19:40:20.006 24126 24126 E libc : Access denied finding property "ro.vendor.pref_scale_resolution"
02-09 19:40:20.317 24126 24126 E libc : Access denied finding property "ro.vendor.pref_scale_resolution"
02-09 19:40:21.942 24126 24126 E Parcel : Reading a NULL string not supported here.
02-09 19:40:22.012 24126 24126 E libc : Access denied finding property "ro.vendor.pref_scale_resolution"
02-09 19:40:22.016 24126 24126 E OplusCustomizeRestrictionManager: getInstance
02-09 19:40:22.024 24126 24126 E libc : Access denied finding property "ro.vendor.pref_scale_resolution"
02-09 19:40:22.039 24126 24126 E OplusCustomizeRestrictionManager: getInstance
02-09 19:40:22.083 24126 24126 E OplusCustomizeRestrictionManager: getInstance
02-09 19:40:22.088 24126 24126 E libc : Access denied finding property "ro.vendor.pref_scale_resolution"
02-09 19:40:22.090 24126 24126 E libc : Access denied finding property "ro.vendor.pref_scale_resolution"
02-09 19:40:22.091 24126 24126 E libc : Access denied finding property "ro.vendor.pref_scale_resolution"
02-09 19:40:22.100 24126 24126 E libc : Access denied finding property "ro.vendor.pref_scale_resolution"
02-09 19:40:22.102 24126 24126 W BottomSheetBehavior: BottomSheetBehavior now supports multiple callbacks. `setBottomSheetCallback()` removes all existing callbacks, including ones set internally by library authors, which may result in unintended behavior. This may change in the future. Please use `addBottomSheetCallback()` and `removeBottomSheetCallback()` instead to set your own callbacks.
02-09 19:40:22.102 24126 24126 W BottomSheetBehavior: BottomSheetBehavior now supports multiple callbacks. `setBottomSheetCallback()` removes all existing callbacks, including ones set internally by library authors, which may result in unintended behavior. This may change in the future. Please use `addBottomSheetCallback()` and `removeBottomSheetCallback()` instead to set your own callbacks.
02-09 19:40:22.116 24126 24126 W BottomSheetBehavior: BottomSheetBehavior now supports multiple callbacks. `setBottomSheetCallback()` removes all existing callbacks, including ones set internally by library authors, which may result in unintended behavior. This may change in the future. Please use `addBottomSheetCallback()` and `removeBottomSheetCallback()` instead to set your own callbacks.
02-09 19:40:22.117 24126 24126 W BottomSheetBehavior: BottomSheetBehavior now supports multiple callbacks. `setBottomSheetCallback()` removes all existing callbacks, including ones set internally by library authors, which may result in unintended behavior. This may change in the future. Please use `addBottomSheetCallback()` and `removeBottomSheetCallback()` instead to set your own callbacks.
02-09 19:40:22.128 24126 24126 W BottomSheetBehavior: BottomSheetBehavior now supports multiple callbacks. `setBottomSheetCallback()` removes all existing callbacks, including ones set internally by library authors, which may result in unintended behavior. This may change in the future. Please use `addBottomSheetCallback()` and `removeBottomSheetCallback()` instead to set your own callbacks.
02-09 19:40:22.128 24126 24126 W BottomSheetBehavior: BottomSheetBehavior now supports multiple callbacks. `setBottomSheetCallback()` removes all existing callbacks, including ones set internally by library authors, which may result in unintended behavior. This may change in the future. Please use `addBottomSheetCallback()` and `removeBottomSheetCallback()` instead to set your own callbacks.
02-09 19:40:22.131 24126 24126 E libc : Access denied finding property "ro.vendor.pref_scale_resolution"
02-09 19:40:22.141 24126 24126 W BottomSheetBehavior: BottomSheetBehavior now supports multiple callbacks. `setBottomSheetCallback()` removes all existing callbacks, including ones set internally by library authors, which may result in unintended behavior. This may change in the future. Please use `addBottomSheetCallback()` and `removeBottomSheetCallback()` instead to set your own callbacks.
02-09 19:40:22.141 24126 24126 W BottomSheetBehavior: BottomSheetBehavior now supports multiple callbacks. `setBottomSheetCallback()` removes all existing callbacks, including ones set internally by library authors, which may result in unintended behavior. This may change in the future. Please use `addBottomSheetCallback()` and `removeBottomSheetCallback()` instead to set your own callbacks.
02-09 19:40:22.155 24126 24126 E RecyclerView: No adapter attached; skipping layout
02-09 19:40:22.157 24126 24126 E RecyclerView: No adapter attached; skipping layout
02-09 19:40:22.157 24126 24126 E RecyclerView: No adapter attached; skipping layout
02-09 19:40:22.139 24126 24126 E OplusCustomizeRestrictionManager: getInstance
02-09 19:40:22.411 24126 24291 E SQLiteDatabase: Error inserting transferred=1 media_job_uuid=e32ac4a9-9378-4351-a4cd-aa815bf11cf3 transcoded=0 gif_attribution=0 first_scan_length=4662 direct_path=/o1/v/t62.7118-24/f1/m232/up-oil-image-3d16b833- 7848-44bf-a664-fad2d3d4e2ad?ccb=9- 4&oh=01_AdQSBy5woUFmYUcNZd6ZB4e4Vepr3s2z2PHiAcheX-YbAg&oe=65ED3C23&_nc_sid=000000 thumbnail_height_width_ratio=1.8113208 is_animated_sticker=0 file_hash=u4WZs7jSLrivoFqgNfPhhpEZsKfvroSFs2+nYWLVMFg= file_path=Media/.Statuses/8a8179702beb4df798c7276a4d156121.jpg file_size=30163 partial_media_hash=n/lHSNz53S668L4ub3SKIh05D1I4AsPzPHupxhH9VBQ= face_x=0 face_y=0 height=1040 trim_to=0 media_key_timestamp=1707463212000 message_url=https://mmg.whatsapp.net/o1/v/t62.7118-24/f1/m232/up-oil-image- 3d16b833-7848-44bf-a664-fad2d3d4e2ad?ccb=9- 4&oh=01_AdQSBy5woUFmYUcNZd6ZB4e4Vepr3s2z2PHiAcheX- YbAg&oe=65ED3C23&_nc_sid=000000&mms3=true media_caption=null trim_from=0 mime_type=image/jpeg partial_media_enc_hash=null width=588 original_file_hash=null has_streaming_sidecar=1 autotransfer_retry_enabled=1 media_upload_handle=null message_row_id=109897 multicast_id=null enc_file_hash=hhm139bkWGlJbCaJcJkpZzrPQDtSC6z9yeUu5G3kdTk= mute_video=0 page_count=0 first_scan_sidecar=[B@aff176a suspicious_content=0 file_length=30163 media_name=null media_duration=0 chat_row_id=336 media_key=[B@dbb745b
02-09 19:40:22.411 24126 24291 E SQLiteDatabase: android.database.sqlite.SQLiteConstraintException: UNIQUE constraint failed: message_media.message_row_id (code 1555 SQLITE_CONSTRAINT_PRIMARYKEY)
02-09 19:40:22.411 24126 24291 E SQLiteDatabase: at android.database.sqlite.SQLiteConnection.nativeExecuteForLastInsertedRowId(Native Method)
02-09 19:40:22.411 24126 24291 E SQLiteDatabase: at android.database.sqlite.SQLiteConnection.executeForLastInsertedRowId(SQLiteConnecti on.java:948)
02-09 19:40:22.411 24126 24291 E SQLiteDatabase: at android.database.sqlite.SQLiteSession.executeForLastInsertedRowId(SQLiteSession.jav a:790)
02-09 19:40:22.411 24126 24291 E SQLiteDatabase: at android.database.sqlite.SQLiteStatement.executeInsert(SQLiteStatement.java:88)
02-09 19:40:22.411 24126 24291 E SQLiteDatabase: at android.database.sqlite.SQLiteDatabase.insertWithOnConflict(SQLiteDatabase.java:171 2)
02-09 19:40:22.411 24126 24291 E SQLiteDatabase: at android.database.sqlite.SQLiteDatabase.insert(SQLiteDatabase.java:1581)
02-09 19:40:22.411 24126 24291 E SQLiteDatabase: at X.2tm.A08(Unknown Source:6)
02-09 19:40:22.411 24126 24291 E SQLiteDatabase: at X.35Y.A07(Unknown Source:212)
02-09 19:40:22.411 24126 24291 E SQLiteDatabase: at X.3QF.A14(Unknown Source:470)
02-09 19:40:22.411 24126 24291 E SQLiteDatabase: at X.3gU.run(Unknown Source:982)
02-09 19:40:22.411 24126 24291 E SQLiteDatabase: at android.os.Handler.handleCallback(Handler.java:938)
02-09 19:40:22.411 24126 24291 E SQLiteDatabase: at android.os.Handler.dispatchMessage(Handler.java:99)
02-09 19:40:22.411 24126 24291 E SQLiteDatabase: at X.0zq.dispatchMessage(Unknown Source:4)
02-09 19:40:22.411 24126 24291 E SQLiteDatabase: at android.os.Looper.loop(Looper.java:254)
02-09 19:40:22.411 24126 24291 E SQLiteDatabase: at android.os.HandlerThread.run(HandlerThread.java:67)
02-09 19:40:22.596 24126 24126 E libc : Access denied finding property "ro.vendor.pref_scale_resolution"
02-09 19:40:22.614 24126 24126 E libc : Access denied finding property "ro.vendor.pref_scale_resolution"
02-09 19:40:22.723 24126 24291 E SQLiteDatabase: Error inserting transferred=1 media_job_uuid=31c4ef84-80af-4bf5-826b-2953b2729f8b transcoded=0 gif_attribution=0 first_scan_length=7879 direct_path=/o1/v/t62.7118-24/f1/m269/up-oil-image-d3f13b10- bd0a-4f5f-9b82-1f5aeb283d94?ccb=9-4&oh=01_AdQfxe3DFtIGjU-wjt1MqW- WPZmPcVFKk9GwtKr0wfqPww&oe=65EC53FA&_nc_sid=000000 thumbnail_height_width_ratio=1.5238096 is_animated_sticker=0 file_hash=+ +lqF7C78lt6zE6HfCB0v1PW/3nx1+1HXlPJEiMo8CY= file_path=Media/.Statuses/a33757594445443ba1b9a56b29f7bbd9.jpg file_size=67949 partial_media_hash=fRGkF7m57lAW6Cbcq17PxYlST2UKHgBtPGuhuxCtCss= face_x=0 face_y=0 height=1080 trim_to=0 media_key_timestamp=1707402948000 message_url=https://mmg.whatsapp.net/o1/v/t62.7118-24/f1/m269/up-oil-image- d3f13b10-bd0a-4f5f-9b82-1f5aeb283d94?ccb=9-4&oh=01_AdQfxe3DFtIGjU-wjt1MqW- WPZmPcVFKk9GwtKr0wfqPww&oe=65EC53FA&_nc_sid=000000&mms3=true media_caption=null trim_from=0 mime_type=image/jpeg partial_media_enc_hash=null width=722 original_file_hash=null has_streaming_sidecar=1 autotransfer_retry_enabled=1 media_upload_handle=null message_row_id=109521 multicast_id=null enc_file_hash=vAF8DhGblC2pL1Ex36BuWzRl68j2wG0FblqXLDQuQ+E= mute_video=0 page_count=0 first_scan_sidecar=[B@31267f5 suspicious_content=0 file_length=67949 media_name=null media_duration=0 chat_row_id=336 media_key=[B@701198a
02-09 19:40:22.723 24126 24291 E SQLiteDatabase: android.database.sqlite.SQLiteConstraintException: UNIQUE constraint failed: message_media.message_row_id (code 1555 SQLITE_CONSTRAINT_PRIMARYKEY)
02-09 19:40:22.723 24126 24291 E SQLiteDatabase: at android.database.sqlite.SQLiteConnection.nativeExecuteForLastInsertedRowId(Native Method)
02-09 19:40:22.723 24126 24291 E SQLiteDatabase: at android.database.sqlite.SQLiteConnection.executeForLastInsertedRowId(SQLiteConnecti on.java:948)
02-09 19:40:22.723 24126 24291 E SQLiteDatabase: at android.database.sqlite.SQLiteSession.executeForLastInsertedRowId(SQLiteSession.jav a:790)
02-09 19:40:22.723 24126 24291 E SQLiteDatabase: at android.database.sqlite.SQLiteStatement.executeInsert(SQLiteStatement.java:88)
02-09 19:40:22.723 24126 24291 E SQLiteDatabase: at android.database.sqlite.SQLiteDatabase.insertWithOnConflict(SQLiteDatabase.java:171 2)
02-09 19:40:22.723 24126 24291 E SQLiteDatabase: at android.database.sqlite.SQLiteDatabase.insert(SQLiteDatabase.java:1581)
02-09 19:40:22.723 24126 24291 E SQLiteDatabase: at X.2tm.A08(Unknown Source:6)
02-09 19:40:22.723 24126 24291 E SQLiteDatabase: at X.35Y.A07(Unknown Source:212)
02-09 19:40:22.723 24126 24291 E SQLiteDatabase: at X.3QF.A14(Unknown Source:470)
02-09 19:40:22.723 24126 24291 E SQLiteDatabase: at X.3gU.run(Unknown Source:982)
02-09 19:40:22.723 24126 24291 E SQLiteDatabase: at android.os.Handler.handleCallback(Handler.java:938)
02-09 19:40:22.723 24126 24291 E SQLiteDatabase: at android.os.Handler.dispatchMessage(Handler.java:99)
02-09 19:40:22.723 24126 24291 E SQLiteDatabase: at X.0zq.dispatchMessage(Unknown Source:4)
02-09 19:40:22.723 24126 24291 E SQLiteDatabase: at android.os.Looper.loop(Looper.java:254)
02-09 19:40:22.723 24126 24291 E SQLiteDatabase: at android.os.HandlerThread.run(HandlerThread.java:67)
02-09 19:40:23.085 24126 24291 E SQLiteDatabase: Error inserting transferred=1 media_job_uuid=5fd75664-804e-42ef-ba65-f5d27fc58925 transcoded=0 gif_attribution=0 first_scan_length=11597 direct_path=/v/t62.7118- 24/32691130_382303954520430_6933914406058399780_n.enc?ccb=11- 4&oh=01_AdQ5O9EmrSzW3KmyctyUHeaiRbHeNl8LpKVOOZem-Dzl-Q&oe=65EC4A6B&_nc_sid=5e03e0 thumbnail_height_width_ratio=1.3333334 is_animated_sticker=0 file_hash=2VGn0ePmhpg8qynuSErJ5MMu45oUsPqKMU7cYfbd0ns= file_path=Media/.Statuses/a210144036cc46b9a56be5a457c0949a.jpg file_size=94206 partial_media_hash=wrbYTGAf3ggjZ8398UgHwUDLwE+NglDQZCMswkN7l2I= face_x=0 face_y=0 height=1280 trim_to=0 media_key_timestamp=1707370044000 message_url=https://mmg.whatsapp.net/v/t62.7118- 24/32691130_382303954520430_6933914406058399780_n.enc?ccb=11- 4&oh=01_AdQ5O9EmrSzW3KmyctyUHeaiRbHeNl8LpKVOOZem-Dzl- Q&oe=65EC4A6B&_nc_sid=5e03e0&mms3=true media_caption=null trim_from=0 mime_type=image/jpeg partial_media_enc_hash=null width=960 original_file_hash=null has_streaming_sidecar=1 autotransfer_retry_enabled=1 media_upload_handle=null message_row_id=109494 multicast_id=null enc_file_hash=hzW7sLs9fBWaRoLLCIzmpRJYfHZjRyCtcDVS8QFzlUQ= mute_video=0 page_count=0 first_scan_sidecar=[B@1576dd9 suspicious_content=0 file_length=94206 media_name=null media_duration=0 chat_row_id=336 media_key=[B@488139e
02-09 19:40:23.085 24126 24291 E SQLiteDatabase: android.database.sqlite.SQLiteConstraintException: UNIQUE constraint failed: message_media.message_row_id (code 1555 SQLITE_CONSTRAINT_PRIMARYKEY)
02-09 19:40:23.085 24126 24291 E SQLiteDatabase: at android.database.sqlite.SQLiteConnection.nativeExecuteForLastInsertedRowId(Native Method)
02-09 19:40:23.085 24126 24291 E SQLiteDatabase: at android.database.sqlite.SQLiteConnection.executeForLastInsertedRowId(SQLiteConnecti on.java:948)
02-09 19:40:23.085 24126 24291 E SQLiteDatabase: at android.database.sqlite.SQLiteSession.executeForLastInsertedRowId(SQLiteSession.jav a:790)
02-09 19:40:23.085 24126 24291 E SQLiteDatabase: at android.database.sqlite.SQLiteStatement.executeInsert(SQLiteStatement.java:88)
02-09 19:40:23.085 24126 24291 E SQLiteDatabase: at android.database.sqlite.SQLiteDatabase.insertWithOnConflict(SQLiteDatabase.java:171 2)
02-09 19:40:23.085 24126 24291 E SQLiteDatabase: at android.database.sqlite.SQLiteDatabase.insert(SQLiteDatabase.java:1581)
02-09 19:40:23.085 24126 24291 E SQLiteDatabase: at X.2tm.A08(Unknown Source:6)
02-09 19:40:23.085 24126 24291 E SQLiteDatabase: at X.35Y.A07(Unknown Source:212)
02-09 19:40:23.085 24126 24291 E SQLiteDatabase: at X.3QF.A14(Unknown Source:470)
02-09 19:40:23.085 24126 24291 E SQLiteDatabase: at X.3gU.run(Unknown Source:982)
02-09 19:40:23.085 24126 24291 E SQLiteDatabase: at android.os.Handler.handleCallback(Handler.java:938)
02-09 19:40:23.085 24126 24291 E SQLiteDatabase: at android.os.Handler.dispatchMessage(Handler.java:99)
02-09 19:40:23.085 24126 24291 E SQLiteDatabase: at X.0zq.dispatchMessage(Unknown Source:4)
02-09 19:40:23.085 24126 24291 E SQLiteDatabase: at android.os.Looper.loop(Looper.java:254)
02-09 19:40:23.085 24126 24291 E SQLiteDatabase: at android.os.HandlerThread.run(HandlerThread.java:67)
02-09 19:40:27.562 24126 24126 E libc : Access denied finding property "ro.vendor.pref_scale_resolution"
02-09 19:40:27.564 24126 24126 E libc : Access denied finding property "ro.vendor.pref_scale_resolution"
02-09 19:40:28.081 24126 24126 E libc : Access denied finding property "ro.vendor.pref_scale_resolution"
02-09 19:40:31.007 24126 24126 E OplusCustomizeRestrictionManager: getInstance
02-09 19:40:31.011 24126 24126 E libc : Access denied finding property "ro.vendor.pref_scale_resolution"
02-09 19:40:38.377 24126 24126 E libc : Access denied finding property "ro.vendor.pref_scale_resolution"
02-09 19:40:38.378 24126 24126 E OplusCustomizeRestrictionManager: getInstance
02-09 19:40:49.249 24126 24126 E libc : Access denied finding property "ro.vendor.pref_scale_resolution"
02-09 19:40:49.378 24126 24126 E libc : Access denied finding property "ro.vendor.pref_scale_resolution"
02-09 19:40:58.443 24126 24126 E libc : Access denied finding property "ro.vendor.pref_scale_resolution"
02-09 19:40:58.444 24126 24126 E libc : Access denied finding property "ro.vendor.pref_scale_resolution"
02-09 19:40:59.539 24126 24126 E libc : Access denied finding property "ro.vendor.pref_scale_resolution"
02-09 19:40:59.559 24126 24126 E libc : Access denied finding property "ro.vendor.pref_scale_resolution"
02-09 19:40:59.564 24126 24126 E libc : Access denied finding property "ro.vendor.pref_scale_resolution"
02-09 19:40:59.572 24126 24126 E OplusCustomizeRestrictionManager: getInstance
02-09 19:40:59.569 24126 24126 E libc : Access denied finding property "ro.vendor.pref_scale_resolution"
02-09 19:40:59.574 24126 24126 E OplusCustomizeRestrictionManager: getInstance
02-09 19:41:01.913 24126 24126 E libc : Access denied finding property "ro.vendor.pref_scale_resolution"
02-09 19:41:01.991 24126 24126 E libc : Access denied finding property "ro.vendor.pref_scale_resolution"
02-09 19:41:01.992 24126 24126 E OplusCustomizeRestrictionManager: getInstance
02-09 19:41:02.878 24126 24126 E Parcel : Reading a NULL string not supported here.
02-09 19:41:03.095 24126 24126 E libc : Access denied finding property "ro.vendor.pref_scale_resolution"
02-09 19:41:03.096 24126 24126 E OplusCustomizeRestrictionManager: getInstance
02-09 19:41:03.098 24126 24126 E libc : Access denied finding property "ro.vendor.pref_scale_resolution"
02-09 19:41:03.187 24126 24126 E libc : Access denied finding property "ro.vendor.pref_scale_resolution"
02-09 19:41:03.197 24126 24126 E libc : Access denied finding property "ro.vendor.pref_scale_resolution"
02-09 19:41:03.200 24126 24126 E libc : Access denied finding property "ro.vendor.pref_scale_resolution"
02-09 19:41:03.202 24126 24126 E libc : Access denied finding property "ro.vendor.pref_scale_resolution"
02-09 19:41:03.210 24126 24126 E libc : Access denied finding property "ro.vendor.pref_scale_resolution"
02-09 19:41:03.216 24126 24126 E libc : Access denied finding property "ro.vendor.pref_scale_resolution"
02-09 19:41:03.217 24126 24126 E libc : Access denied finding property "ro.vendor.pref_scale_resolution"
02-09 19:41:03.247 24126 24126 E ArmVmp : Match on catch block at 0x0a in for 0xc1
02-09 19:41:03.250 24126 24126 E ArmVmp : Match on catch block at 0x0a in for 0xc1
02-09 19:41:03.256 24126 24126 E libc : Access denied finding property "ro.vendor.pref_scale_resolution"
02-09 19:41:03.265 24126 24126 E libc : Access denied finding property "ro.vendor.pref_scale_resolution"
02-09 19:41:03.266 24126 24126 E OplusCustomizeRestrictionManager: getInstance
02-09 19:41:03.337 24126 24126 E libc : Access denied finding property "ro.vendor.pref_scale_resolution"
02-09 19:41:03.337 24126 24126 E OplusCustomizeRestrictionManager: getInstance
02-09 19:41:03.349 24126 24126 E libc : Access denied finding property "ro.vendor.pref_scale_resolution"
02-09 19:41:03.352 24126 24126 E libc : Access denied finding property "ro.vendor.pref_scale_resolution"
02-09 19:41:03.367 24126 24126 E libc : Access denied finding property "ro.vendor.pref_scale_resolution"
02-09 19:41:03.373 24126 24126 E libc : Access denied finding property "ro.vendor.pref_scale_resolution"
02-09 19:41:03.374 24126 24126 E libc : Access denied finding property "ro.vendor.pref_scale_resolution"
02-09 19:41:03.364 24126 24126 E OplusCustomizeRestrictionManager: getInstance
02-09 19:41:03.393 24126 24126 E OplusCustomizeRestrictionManager: getInstance
02-09 19:41:03.483 24126 24126 E libc : Access denied finding property "ro.vendor.pref_scale_resolution"
02-09 19:41:03.511 24126 24126 E libc : Access denied finding property "ro.vendor.pref_scale_resolution"
02-09 19:41:03.535 24126 24126 E libc : Access denied finding property "ro.vendor.pref_scale_resolution"
02-09 19:41:03.535 24126 24126 E libc : Access denied finding property "ro.vendor.pref_scale_resolution"
02-09 19:41:03.540 24126 24126 E OplusCustomizeRestrictionManager: getInstance
02-09 19:41:03.543 24126 24126 E libc : Access denied finding property "ro.vendor.pref_scale_resolution"
02-09 19:41:03.543 24126 24126 E OplusCustomizeRestrictionManager: getInstance
02-09 19:41:03.593 24126 24126 E libc : Access denied finding property "ro.vendor.pref_scale_resolution"
02-09 19:41:03.652 24126 24126 E libc : Access denied finding property "ro.vendor.pref_scale_resolution"
02-09 19:41:03.671 24126 24126 E libc : Access denied finding property "ro.vendor.pref_scale_resolution"
02-09 19:41:03.683 24126 24126 E ArmVmp : Match on catch block at 0xc3 in for 0xb1
02-09 19:41:03.688 24126 24126 E libc : Access denied finding property "ro.vendor.pref_scale_resolution"
02-09 19:41:03.690 24126 24126 E libc : Access denied finding property "ro.vendor.pref_scale_resolution"
02-09 19:41:03.691 24126 24126 E ArmVmp : Match on catch block at 0xc3 in for 0xb9
02-09 19:41:03.693 24126 24126 E ArmVmp : Match on catch block at 0xc3 in for 0xb9
02-09 19:41:03.696 24126 24126 E libc : Access denied finding property "ro.vendor.pref_scale_resolution"
02-09 19:41:03.701 24126 24126 E libc : Access denied finding property "ro.vendor.pref_scale_resolution"
02-09 19:41:03.705 24126 24126 E libc : Access denied finding property "ro.vendor.pref_scale_resolution"
02-09 19:41:03.676 24126 24126 E OplusCustomizeRestrictionManager: getInstance
02-09 19:41:03.744 24126 24126 E ArmVmp : Match on catch block at 0xc3 in for 0xa1
02-09 19:41:03.747 24126 24126 E ArmVmp : Match on catch block at 0xc3 in for 0xa9
02-09 19:41:03.748 24126 24126 E ArmVmp : Match on catch block at 0xc3 in for 0xa9
02-09 19:41:03.768 24126 24126 E libc : Access denied finding property "ro.vendor.pref_scale_resolution"
02-09 19:41:03.778 24126 24126 E libc : Access denied finding property "ro.vendor.pref_scale_resolution"
02-09 19:41:03.787 24126 24126 E libc : Access denied finding property "ro.vendor.pref_scale_resolution"
02-09 19:41:03.799 24126 24126 E ArmVmp : Match on catch block at 0xc3 in for 0xa9
02-09 19:41:03.802 24126 24126 E ArmVmp : Match on catch block at 0xc3 in for 0xa1
02-09 19:41:03.803 24126 24126 E ArmVmp : Match on catch block at 0xc3 in for 0xa1
02-09 19:41:03.839 24126 24126 E ArmVmp : Match on catch block at 0xc3 in for 0xa5
02-09 19:41:03.842 24126 24126 E ArmVmp : Match on catch block at 0xc3 in for 0xa9
02-09 19:41:03.844 24126 24126 E ArmVmp : Match on catch block at 0xc3 in for 0xa9
02-09 19:41:04.343 24126 24126 E ArmVmp : Match on catch block at 0xc3 in for 0xa9
02-09 19:41:04.350 24126 24126 E ArmVmp : Match on catch block at 0xc3 in for 0xa1
02-09 19:41:04.354 24126 24126 E ArmVmp : Match on catch block at 0xc3 in for 0xa1
02-09 19:41:04.832 24126 24126 E ArmVmp : Match on catch block at 0xc3 in for 0xa5
02-09 19:41:04.837 24126 24126 E ArmVmp : Match on catch block at 0xc3 in for 0xa9
02-09 19:41:04.840 24126 24126 E ArmVmp : Match on catch block at 0xc3 in for 0xa9
02-09 19:41:05.260 24126 24126 E ArmVmp : Match on catch block at 0xc3 in for 0xa9
02-09 19:41:05.265 24126 24126 E ArmVmp : Match on catch block at 0xc3 in for 0xa1
02-09 19:41:05.268 24126 24126 E ArmVmp : Match on catch block at 0xc3 in for 0xa1
02-09 19:41:05.285 24126 24126 E ArmVmp : Match on catch block at 0xc3 in for 0xa9
