02-02 13:12:07.674 4020 4075 E SQLiteDatabase: at android.os.HandlerThread.run(HandlerThread.java:67)
02-02 13:12:08.043 4020 4020 E libc : Access denied finding property "ro.vendor.pref_scale_resolution"
02-02 13:12:08.120 4020 4020 E libc : Access denied finding property "ro.vendor.pref_scale_resolution"
02-02 13:12:09.107 4020 4020 E libc : Access denied finding property "ro.vendor.pref_scale_resolution"
02-02 13:12:11.205 4020 4020 E Parcel : Reading a NULL string not supported here.
02-02 13:12:11.279 4020 4020 E libc : Access denied finding property "ro.vendor.pref_scale_resolution"
02-02 13:12:11.283 4020 4020 E OplusCustomizeRestrictionManager: getInstance
02-02 13:12:11.290 4020 4020 E libc : Access denied finding property "ro.vendor.pref_scale_resolution"
02-02 13:12:11.303 4020 4020 E OplusCustomizeRestrictionManager: getInstance
02-02 13:12:11.346 4020 4020 E OplusCustomizeRestrictionManager: getInstance
02-02 13:12:11.347 4020 4020 E OplusCustomizeRestrictionManager: getInstance
02-02 13:12:11.349 4020 4020 E libc : Access denied finding property "ro.vendor.pref_scale_resolution"
02-02 13:12:11.355 4020 4020 E OplusCustomizeRestrictionManager: getInstance
02-02 13:12:11.360 4020 4020 E OplusCustomizeRestrictionManager: getInstance
02-02 13:12:11.361 4020 4020 E libc : Access denied finding property "ro.vendor.pref_scale_resolution"
02-02 13:12:11.363 4020 4020 W BottomSheetBehavior: BottomSheetBehavior now supports multiple callbacks. `setBottomSheetCallback()` removes all existing callbacks, including ones set internally by library authors, which may result in unintended behavior. This may change in the future. Please use `addBottomSheetCallback()` and `removeBottomSheetCallback()` instead to set your own callbacks.
02-02 13:12:11.363 4020 4020 W BottomSheetBehavior: BottomSheetBehavior now supports multiple callbacks. `setBottomSheetCallback()` removes all existing callbacks, including ones set internally by library authors, which may result in unintended behavior. This may change in the future. Please use `addBottomSheetCallback()` and `removeBottomSheetCallback()` instead to set your own callbacks.
02-02 13:12:11.382 4020 4020 W BottomSheetBehavior: BottomSheetBehavior now supports multiple callbacks. `setBottomSheetCallback()` removes all existing callbacks, including ones set internally by library authors, which may result in unintended behavior. This may change in the future. Please use `addBottomSheetCallback()` and `removeBottomSheetCallback()` instead to set your own callbacks.
02-02 13:12:11.382 4020 4020 W BottomSheetBehavior: BottomSheetBehavior now supports multiple callbacks. `setBottomSheetCallback()` removes all existing callbacks, including ones set internally by library authors, which may result in unintended behavior. This may change in the future. Please use `addBottomSheetCallback()` and `removeBottomSheetCallback()` instead to set your own callbacks.
02-02 13:12:11.394 4020 4020 W BottomSheetBehavior: BottomSheetBehavior now supports multiple callbacks. `setBottomSheetCallback()` removes all existing callbacks, including ones set internally by library authors, which may result in unintended behavior. This may change in the future. Please use `addBottomSheetCallback()` and `removeBottomSheetCallback()` instead to set your own callbacks.
02-02 13:12:11.395 4020 4020 W BottomSheetBehavior: BottomSheetBehavior now supports multiple callbacks. `setBottomSheetCallback()` removes all existing callbacks, including ones set internally by library authors, which may result in unintended behavior. This may change in the future. Please use `addBottomSheetCallback()` and `removeBottomSheetCallback()` instead to set your own callbacks.
02-02 13:12:11.407 4020 4020 E RecyclerView: No adapter attached; skipping layout
02-02 13:12:11.407 4020 4020 E RecyclerView: No adapter attached; skipping layout
02-02 13:12:11.426 4020 4020 E libc : Access denied finding property "ro.vendor.pref_scale_resolution"
02-02 13:12:11.393 4020 4020 E OplusCustomizeRestrictionManager: getInstance
02-02 13:12:11.627 4020 4075 E SQLiteDatabase: Error inserting transferred=1 media_job_uuid=91ff00e1-37db-4827-a7ac-e54825c30009 transcoded=0 gif_attribution=0 first_scan_length=5669 direct_path=/v/t62.7118- 24/40285231_938321714389423_2164643080291386924_n.enc?ccb=11-4&oh=01_AdS5RJQh7Qsyi- 5biXgyEpz3eUUOATYyXdMdHyf5Tz5xAA&oe=65E30E64&_nc_sid=5e03e0 thumbnail_height_width_ratio=1.3521127 is_animated_sticker=0 file_hash=ZXe/VLebQXAGfPlR9i1XqT7Igl5n2KqKh7yilIRs2SU= file_path=Media/.Statuses/80100d309eb547988760bba709b34476.jpg file_size=39619 partial_media_hash=5Oh/LOX7vEudxW7vTniA3rNZFiEdsVOOH3+fWpMxFEw= face_x=0 face_y=0 height=1040 trim_to=0 media_key_timestamp=1706792134000 message_url=https://mmg.whatsapp.net/v/t62.7118- 24/40285231_938321714389423_2164643080291386924_n.enc?ccb=11-4&oh=01_AdS5RJQh7Qsyi- 5biXgyEpz3eUUOATYyXdMdHyf5Tz5xAA&oe=65E30E64&_nc_sid=5e03e0&mms3=true media_caption=null trim_from=0 mime_type=image/jpeg partial_media_enc_hash=null width=780 original_file_hash=null has_streaming_sidecar=1 autotransfer_retry_enabled=1 media_upload_handle=null message_row_id=104995 multicast_id=null enc_file_hash=OlNN21uu/ke/P7C4tBYceeMtRdFwusekqx72gYFB4jc= mute_video=0 page_count=0 first_scan_sidecar=[B@174cd9c suspicious_content=0 file_length=39619 media_name=null media_duration=0 chat_row_id=336 media_key=[B@80943a5
02-02 13:12:11.627 4020 4075 E SQLiteDatabase: android.database.sqlite.SQLiteConstraintException: UNIQUE constraint failed: message_media.message_row_id (code 1555 SQLITE_CONSTRAINT_PRIMARYKEY)
02-02 13:12:11.627 4020 4075 E SQLiteDatabase: at android.database.sqlite.SQLiteConnection.nativeExecuteForLastInsertedRowId(Native Method)
02-02 13:12:11.627 4020 4075 E SQLiteDatabase: at android.database.sqlite.SQLiteConnection.executeForLastInsertedRowId(SQLiteConnecti on.java:948)
02-02 13:12:11.627 4020 4075 E SQLiteDatabase: at android.database.sqlite.SQLiteSession.executeForLastInsertedRowId(SQLiteSession.jav a:790)
02-02 13:12:11.627 4020 4075 E SQLiteDatabase: at android.database.sqlite.SQLiteStatement.executeInsert(SQLiteStatement.java:88)
02-02 13:12:11.627 4020 4075 E SQLiteDatabase: at android.database.sqlite.SQLiteDatabase.insertWithOnConflict(SQLiteDatabase.java:171 2)
02-02 13:12:11.627 4020 4075 E SQLiteDatabase: at android.database.sqlite.SQLiteDatabase.insert(SQLiteDatabase.java:1581)
02-02 13:12:11.627 4020 4075 E SQLiteDatabase: at X.2tm.A08(Unknown Source:6)
02-02 13:12:11.627 4020 4075 E SQLiteDatabase: at X.35Y.A07(Unknown Source:212)
02-02 13:12:11.627 4020 4075 E SQLiteDatabase: at X.3QF.A14(Unknown Source:470)
02-02 13:12:11.627 4020 4075 E SQLiteDatabase: at X.3gU.run(Unknown Source:982)
02-02 13:12:11.627 4020 4075 E SQLiteDatabase: at android.os.Handler.handleCallback(Handler.java:938)
02-02 13:12:11.627 4020 4075 E SQLiteDatabase: at android.os.Handler.dispatchMessage(Handler.java:99)
02-02 13:12:11.627 4020 4075 E SQLiteDatabase: at X.0zq.dispatchMessage(Unknown Source:4)
02-02 13:12:11.627 4020 4075 E SQLiteDatabase: at android.os.Looper.loop(Looper.java:254)
02-02 13:12:11.627 4020 4075 E SQLiteDatabase: at android.os.HandlerThread.run(HandlerThread.java:67)
02-02 13:12:12.274 4020 4075 E SQLiteDatabase: Error inserting transferred=0 media_job_uuid=f4969e14-c771-4c61-9838-400801fe5e1a transcoded=0 gif_attribution=0 first_scan_length=0 direct_path=/v/t62.7161- 24/19975174_3525521734366629_5735276514386656192_n.enc?ccb=11-4&oh=01_AdRBY7j- YZug3ATWR6DZA3wxNcHxQCNyDK3qc0IOgBZ8CQ&oe=65E2E481&_nc_sid=5e03e0 thumbnail_height_width_ratio=1.7777778 is_animated_sticker=0 file_hash=23qamPsWBMOjb2inu55iv4+9X7b8RLPbBG2l/Mt7+Yo= file_path=null file_size=0 partial_media_hash=null face_x=0 face_y=0 height=656 trim_to=0 media_key_timestamp=1706780795000 message_url=https://mmg.whatsapp.net/v/t62.7161- 24/19975174_3525521734366629_5735276514386656192_n.enc?ccb=11-4&oh=01_AdRBY7j- YZug3ATWR6DZA3wxNcHxQCNyDK3qc0IOgBZ8CQ&oe=65E2E481&_nc_sid=5e03e0&mms3=true media_caption=null trim_from=0 mime_type=video/mp4 partial_media_enc_hash=null width=368 original_file_hash=null has_streaming_sidecar=1 autotransfer_retry_enabled=1 media_upload_handle=null message_row_id=104884 multicast_id=null enc_file_hash=UmjwQiQGGAzUqQOw8rwY8IIa3zaz1paH5hrUgvkB2uE= mute_video=0 page_count=0 first_scan_sidecar=null suspicious_content=0 file_length=5078608 media_name=null media_duration=30 chat_row_id=336 media_key=[B@aff765c
02-02 13:12:12.274 4020 4075 E SQLiteDatabase: android.database.sqlite.SQLiteConstraintException: UNIQUE constraint failed: message_media.message_row_id (code 1555 SQLITE_CONSTRAINT_PRIMARYKEY)
02-02 13:12:12.274 4020 4075 E SQLiteDatabase: at android.database.sqlite.SQLiteConnection.nativeExecuteForLastInsertedRowId(Native Method)
02-02 13:12:12.274 4020 4075 E SQLiteDatabase: at android.database.sqlite.SQLiteConnection.executeForLastInsertedRowId(SQLiteConnecti on.java:948)
02-02 13:12:12.274 4020 4075 E SQLiteDatabase: at android.database.sqlite.SQLiteSession.executeForLastInsertedRowId(SQLiteSession.jav a:790)
02-02 13:12:12.274 4020 4075 E SQLiteDatabase: at android.database.sqlite.SQLiteStatement.executeInsert(SQLiteStatement.java:88)
02-02 13:12:12.274 4020 4075 E SQLiteDatabase: at android.database.sqlite.SQLiteDatabase.insertWithOnConflict(SQLiteDatabase.java:171 2)
02-02 13:12:12.274 4020 4075 E SQLiteDatabase: at android.database.sqlite.SQLiteDatabase.insert(SQLiteDatabase.java:1581)
02-02 13:12:12.274 4020 4075 E SQLiteDatabase: at X.2tm.A08(Unknown Source:6)
02-02 13:12:12.274 4020 4075 E SQLiteDatabase: at X.35Y.A07(Unknown Source:212)
02-02 13:12:12.274 4020 4075 E SQLiteDatabase: at X.3QF.A14(Unknown Source:470)
02-02 13:12:12.274 4020 4075 E SQLiteDatabase: at X.3gU.run(Unknown Source:982)
02-02 13:12:12.274 4020 4075 E SQLiteDatabase: at android.os.Handler.handleCallback(Handler.java:938)
02-02 13:12:12.274 4020 4075 E SQLiteDatabase: at android.os.Handler.dispatchMessage(Handler.java:99)
02-02 13:12:12.274 4020 4075 E SQLiteDatabase: at X.0zq.dispatchMessage(Unknown Source:4)
02-02 13:12:12.274 4020 4075 E SQLiteDatabase: at android.os.Looper.loop(Looper.java:254)
02-02 13:12:12.274 4020 4075 E SQLiteDatabase: at android.os.HandlerThread.run(HandlerThread.java:67)
02-02 13:12:12.308 4020 4075 E SQLiteDatabase: Error inserting transferred=0 media_job_uuid=86d3e8a7-647f-4061-9acd-0456109d80db transcoded=0 gif_attribution=0 first_scan_length=0 direct_path=/v/t62.7161- 24/30935760_1441250189805103_588117259167854778_n.enc?ccb=11- 4&oh=01_AdSGCvLzYPKYUiEPz5ocKfd8wGZLboe5ltLtclZ7M0GpoA&oe=65E2DFB8&_nc_sid=5e03e0 thumbnail_height_width_ratio=1.7777778 is_animated_sticker=0 file_hash=qVb9jWttv6tKYxltJEUc5pg0LIyo0SOsAYaQfsXn/jk= file_path=null file_size=0 partial_media_hash=null face_x=0 face_y=0 height=1024 trim_to=0 media_key_timestamp=1706785946000 message_url=https://mmg.whatsapp.net/v/t62.7161- 24/30935760_1441250189805103_588117259167854778_n.enc?ccb=11- 4&oh=01_AdSGCvLzYPKYUiEPz5ocKfd8wGZLboe5ltLtclZ7M0GpoA&oe=65E2DFB8&_nc_sid=5e03e0&m ms3=true media_caption=null trim_from=0 mime_type=video/mp4 partial_media_enc_hash=null width=576 original_file_hash=null has_streaming_sidecar=1 autotransfer_retry_enabled=1 media_upload_handle=null message_row_id=104916 multicast_id=null enc_file_hash=KUgVwrFjCKlP4SBMRLWQO0mv+VY+1+MG6Rg8RjRCVlg= mute_video=0 page_count=0 first_scan_sidecar=null suspicious_content=0 file_length=3129869 media_name=null media_duration=30 chat_row_id=336 media_key=[B@b3b9c48
02-02 13:12:12.308 4020 4075 E SQLiteDatabase: android.database.sqlite.SQLiteConstraintException: UNIQUE constraint failed: message_media.message_row_id (code 1555 SQLITE_CONSTRAINT_PRIMARYKEY)
02-02 13:12:12.308 4020 4075 E SQLiteDatabase: at android.database.sqlite.SQLiteConnection.nativeExecuteForLastInsertedRowId(Native Method)
02-02 13:12:12.308 4020 4075 E SQLiteDatabase: at android.database.sqlite.SQLiteConnection.executeForLastInsertedRowId(SQLiteConnecti on.java:948)
02-02 13:12:12.308 4020 4075 E SQLiteDatabase: at android.database.sqlite.SQLiteSession.executeForLastInsertedRowId(SQLiteSession.jav a:790)
02-02 13:12:12.308 4020 4075 E SQLiteDatabase: at android.database.sqlite.SQLiteStatement.executeInsert(SQLiteStatement.java:88)
02-02 13:12:12.308 4020 4075 E SQLiteDatabase: at android.database.sqlite.SQLiteDatabase.insertWithOnConflict(SQLiteDatabase.java:171 2)
02-02 13:12:12.308 4020 4075 E SQLiteDatabase: at android.database.sqlite.SQLiteDatabase.insert(SQLiteDatabase.java:1581)
02-02 13:12:12.308 4020 4075 E SQLiteDatabase: at X.2tm.A08(Unknown Source:6)
02-02 13:12:12.308 4020 4075 E SQLiteDatabase: at X.35Y.A07(Unknown Source:212)
02-02 13:12:12.308 4020 4075 E SQLiteDatabase: at X.3QF.A14(Unknown Source:470)
02-02 13:12:12.308 4020 4075 E SQLiteDatabase: at X.3gU.run(Unknown Source:982)
02-02 13:12:12.308 4020 4075 E SQLiteDatabase: at android.os.Handler.handleCallback(Handler.java:938)
02-02 13:12:12.308 4020 4075 E SQLiteDatabase: at android.os.Handler.dispatchMessage(Handler.java:99)
02-02 13:12:12.308 4020 4075 E SQLiteDatabase: at X.0zq.dispatchMessage(Unknown Source:4)
02-02 13:12:12.308 4020 4075 E SQLiteDatabase: at android.os.Looper.loop(Looper.java:254)
02-02 13:12:12.308 4020 4075 E SQLiteDatabase: at android.os.HandlerThread.run(HandlerThread.java:67)
02-02 13:12:12.452 4020 4020 E libc : Access denied finding property "ro.vendor.pref_scale_resolution"
02-02 13:12:12.509 4020 4020 E libc : Access denied finding property "ro.vendor.pref_scale_resolution"
02-02 13:12:13.957 4020 4020 E libc : Access denied finding property "ro.vendor.pref_scale_resolution"
02-02 13:12:13.958 4020 4020 E libc : Access denied finding property "ro.vendor.pref_scale_resolution"
02-02 13:12:14.703 4020 4020 E OplusCustomizeRestrictionManager: getInstance
02-02 13:12:14.709 4020 4020 E libc : Access denied finding property "ro.vendor.pref_scale_resolution"
02-02 13:12:15.510 4020 4020 E Parcel : Reading a NULL string not supported here.
02-02 13:12:15.591 4020 4020 E libc : Access denied finding property "ro.vendor.pref_scale_resolution"
02-02 13:12:15.594 4020 4020 E OplusCustomizeRestrictionManager: getInstance
02-02 13:12:15.599 4020 4020 E libc : Access denied finding property "ro.vendor.pref_scale_resolution"
02-02 13:12:15.613 4020 4020 E OplusCustomizeRestrictionManager: getInstance
02-02 13:12:15.656 4020 4020 E OplusCustomizeRestrictionManager: getInstance
02-02 13:12:15.657 4020 4020 E OplusCustomizeRestrictionManager: getInstance
02-02 13:12:15.659 4020 4020 E libc : Access denied finding property "ro.vendor.pref_scale_resolution"
02-02 13:12:15.664 4020 4020 E OplusCustomizeRestrictionManager: getInstance
02-02 13:12:15.671 4020 4020 E libc : Access denied finding property "ro.vendor.pref_scale_resolution"
02-02 13:12:15.672 4020 4020 W BottomSheetBehavior: BottomSheetBehavior now supports multiple callbacks. `setBottomSheetCallback()` removes all existing callbacks, including ones set internally by library authors, which may result in unintended behavior. This may change in the future. Please use `addBottomSheetCallback()` and `removeBottomSheetCallback()` instead to set your own callbacks.
02-02 13:12:15.673 4020 4020 W BottomSheetBehavior: BottomSheetBehavior now supports multiple callbacks. `setBottomSheetCallback()` removes all existing callbacks, including ones set internally by library authors, which may result in unintended behavior. This may change in the future. Please use `addBottomSheetCallback()` and `removeBottomSheetCallback()` instead to set your own callbacks.
02-02 13:12:15.692 4020 4020 W BottomSheetBehavior: BottomSheetBehavior now supports multiple callbacks. `setBottomSheetCallback()` removes all existing callbacks, including ones set internally by library authors, which may result in unintended behavior. This may change in the future. Please use `addBottomSheetCallback()` and `removeBottomSheetCallback()` instead to set your own callbacks.
02-02 13:12:15.692 4020 4020 W BottomSheetBehavior: BottomSheetBehavior now supports multiple callbacks. `setBottomSheetCallback()` removes all existing callbacks, including ones set internally by library authors, which may result in unintended behavior. This may change in the future. Please use `addBottomSheetCallback()` and `removeBottomSheetCallback()` instead to set your own callbacks.
02-02 13:12:15.706 4020 4020 W BottomSheetBehavior: BottomSheetBehavior now supports multiple callbacks. `setBottomSheetCallback()` removes all existing callbacks, including ones set internally by library authors, which may result in unintended behavior. This may change in the future. Please use `addBottomSheetCallback()` and `removeBottomSheetCallback()` instead to set your own callbacks.
02-02 13:12:15.706 4020 4020 W BottomSheetBehavior: BottomSheetBehavior now supports multiple callbacks. `setBottomSheetCallback()` removes all existing callbacks, including ones set internally by library authors, which may result in unintended behavior. This may change in the future. Please use `addBottomSheetCallback()` and `removeBottomSheetCallback()` instead to set your own callbacks.
02-02 13:12:15.722 4020 4020 E RecyclerView: No adapter attached; skipping layout
02-02 13:12:15.722 4020 4020 E RecyclerView: No adapter attached; skipping layout
02-02 13:12:15.723 4020 4020 E RecyclerView: No adapter attached; skipping layout
02-02 13:12:15.704 4020 4020 E OplusCustomizeRestrictionManager: getInstance
02-02 13:12:15.894 4020 4075 E SQLiteDatabase: Error inserting transferred=1 media_job_uuid=b21dbdef-d48e-417f-a31d-044211b29c38 transcoded=0 gif_attribution=0 first_scan_length=4515 direct_path=/o1/v/t62.7118-24/f1/m269/up-oil-image-c62cec39- d299-45fc-83b7-2f8e00f1f8a3?ccb=9- 4&oh=01_AdTBZfIsQcip4xio5468Xpl4g39g5hiJHWjnRaOTOugwUw&oe=65E2C2DE&_nc_sid=000000 thumbnail_height_width_ratio=0.71875 is_animated_sticker=0 file_hash=AoPHCRu6XsF3Ze56XSW3qBeyfGXz9gPHiOUjfZj3xG8= file_path=Media/.Statuses/4f89ed78d008419dad67365638ad8729.jpg file_size=31271 partial_media_hash=6riAJu7zDxkgjNFmVK5Lc6MDIViHb+3dVKme74PtzKs= face_x=0 face_y=0 height=782 trim_to=0 media_key_timestamp=1706775781000 message_url=https://mmg.whatsapp.net/o1/v/t62.7118-24/f1/m269/up-oil-image- c62cec39-d299-45fc-83b7-2f8e00f1f8a3?ccb=9- 4&oh=01_AdTBZfIsQcip4xio5468Xpl4g39g5hiJHWjnRaOTOugwUw&oe=65E2C2DE&_nc_sid=000000&m ms3=true media_caption=null trim_from=0 mime_type=image/jpeg partial_media_enc_hash=null width=1079 original_file_hash=null has_streaming_sidecar=1 autotransfer_retry_enabled=1 media_upload_handle=null message_row_id=104845 multicast_id=null enc_file_hash=Cc6HKgZkFYZiRJcLeY7nAZqI9HaZh1kOckyRFkXV3iM= mute_video=0 page_count=0 first_scan_sidecar=[B@d7a1f5b suspicious_content=0 file_length=31271 media_name=null media_duration=0 chat_row_id=336 media_key=[B@def43f8
02-02 13:12:15.894 4020 4075 E SQLiteDatabase: android.database.sqlite.SQLiteConstraintException: UNIQUE constraint failed: message_media.message_row_id (code 1555 SQLITE_CONSTRAINT_PRIMARYKEY)
02-02 13:12:15.894 4020 4075 E SQLiteDatabase: at android.database.sqlite.SQLiteConnection.nativeExecuteForLastInsertedRowId(Native Method)
02-02 13:12:15.894 4020 4075 E SQLiteDatabase: at android.database.sqlite.SQLiteConnection.executeForLastInsertedRowId(SQLiteConnecti on.java:948)
02-02 13:12:15.894 4020 4075 E SQLiteDatabase: at android.database.sqlite.SQLiteSession.executeForLastInsertedRowId(SQLiteSession.jav a:790)
02-02 13:12:15.894 4020 4075 E SQLiteDatabase: at android.database.sqlite.SQLiteStatement.executeInsert(SQLiteStatement.java:88)
02-02 13:12:15.894 4020 4075 E SQLiteDatabase: at android.database.sqlite.SQLiteDatabase.insertWithOnConflict(SQLiteDatabase.java:171 2)
02-02 13:12:15.894 4020 4075 E SQLiteDatabase: at android.database.sqlite.SQLiteDatabase.insert(SQLiteDatabase.java:1581)
02-02 13:12:15.894 4020 4075 E SQLiteDatabase: at X.2tm.A08(Unknown Source:6)
02-02 13:12:15.894 4020 4075 E SQLiteDatabase: at X.35Y.A07(Unknown Source:212)
02-02 13:12:15.894 4020 4075 E SQLiteDatabase: at X.3QF.A14(Unknown Source:470)
02-02 13:12:15.894 4020 4075 E SQLiteDatabase: at X.3gU.run(Unknown Source:982)
02-02 13:12:15.894 4020 4075 E SQLiteDatabase: at android.os.Handler.handleCallback(Handler.java:938)
02-02 13:12:15.894 4020 4075 E SQLiteDatabase: at android.os.Handler.dispatchMessage(Handler.java:99)
02-02 13:12:15.894 4020 4075 E SQLiteDatabase: at X.0zq.dispatchMessage(Unknown Source:4)
02-02 13:12:15.894 4020 4075 E SQLiteDatabase: at android.os.Looper.loop(Looper.java:254)
02-02 13:12:15.894 4020 4075 E SQLiteDatabase: at android.os.HandlerThread.run(HandlerThread.java:67)
02-02 13:12:16.146 4020 4075 E SQLiteDatabase: Error inserting transferred=0 media_job_uuid=450c481e-2692-4202-9c90-6c206d77715f transcoded=0 gif_attribution=0 first_scan_length=0 direct_path=/v/t62.7161- 24/20098948_402485039121622_2119587479890657579_n.enc?ccb=11- 4&oh=01_AdReu4ke9XqayO7G-G5_HEdZWvF2Su9TLgiaMVRwMsuyQA&oe=65E2DD54&_nc_sid=5e03e0 thumbnail_height_width_ratio=1.7777778 is_animated_sticker=0 file_hash=tIZGfxV+EbKdti/7D4J3vJiB53OX1D51vKxVj6OF0p4= file_path=null file_size=0 partial_media_hash=null face_x=0 face_y=0 height=1280 trim_to=0 media_key_timestamp=1706777220000 message_url=https://mmg.whatsapp.net/v/t62.7161- 24/20098948_402485039121622_2119587479890657579_n.enc?ccb=11- 4&oh=01_AdReu4ke9XqayO7G- G5_HEdZWvF2Su9TLgiaMVRwMsuyQA&oe=65E2DD54&_nc_sid=5e03e0&mms3=true media_caption=null trim_from=0 mime_type=video/mp4 partial_media_enc_hash=null width=720 original_file_hash=null has_streaming_sidecar=1 autotransfer_retry_enabled=1 media_upload_handle=null message_row_id=104849 multicast_id=null enc_file_hash=uyxwCMWUy4/9+Kh1PiYWMWa5q6la5eGCqw5LJYS7iBc= mute_video=0 page_count=0 first_scan_sidecar=null suspicious_content=0 file_length=5403426 media_name=null media_duration=25 chat_row_id=336 media_key=[B@6385907
02-02 13:12:16.146 4020 4075 E SQLiteDatabase: android.database.sqlite.SQLiteConstraintException: UNIQUE constraint failed: message_media.message_row_id (code 1555 SQLITE_CONSTRAINT_PRIMARYKEY)
02-02 13:12:16.146 4020 4075 E SQLiteDatabase: at android.database.sqlite.SQLiteConnection.nativeExecuteForLastInsertedRowId(Native Method)
02-02 13:12:16.146 4020 4075 E SQLiteDatabase: at android.database.sqlite.SQLiteConnection.executeForLastInsertedRowId(SQLiteConnecti on.java:948)
02-02 13:12:16.146 4020 4075 E SQLiteDatabase: at android.database.sqlite.SQLiteSession.executeForLastInsertedRowId(SQLiteSession.jav a:790)
02-02 13:12:16.146 4020 4075 E SQLiteDatabase: at android.database.sqlite.SQLiteStatement.executeInsert(SQLiteStatement.java:88)
02-02 13:12:16.146 4020 4075 E SQLiteDatabase: at android.database.sqlite.SQLiteDatabase.insertWithOnConflict(SQLiteDatabase.java:171 2)
02-02 13:12:16.146 4020 4075 E SQLiteDatabase: at android.database.sqlite.SQLiteDatabase.insert(SQLiteDatabase.java:1581)
02-02 13:12:16.146 4020 4075 E SQLiteDatabase: at X.2tm.A08(Unknown Source:6)
02-02 13:12:16.146 4020 4075 E SQLiteDatabase: at X.35Y.A07(Unknown Source:212)
02-02 13:12:16.146 4020 4075 E SQLiteDatabase: at X.3QF.A14(Unknown Source:470)
02-02 13:12:16.146 4020 4075 E SQLiteDatabase: at X.3gU.run(Unknown Source:982)
02-02 13:12:16.146 4020 4075 E SQLiteDatabase: at android.os.Handler.handleCallback(Handler.java:938)
02-02 13:12:16.146 4020 4075 E SQLiteDatabase: at android.os.Handler.dispatchMessage(Handler.java:99)
02-02 13:12:16.146 4020 4075 E SQLiteDatabase: at X.0zq.dispatchMessage(Unknown Source:4)
02-02 13:12:16.146 4020 4075 E SQLiteDatabase: at android.os.Looper.loop(Looper.java:254)
02-02 13:12:16.146 4020 4075 E SQLiteDatabase: at android.os.HandlerThread.run(HandlerThread.java:67)
02-02 13:12:16.331 4020 4020 E libc : Access denied finding property "ro.vendor.pref_scale_resolution"
02-02 13:12:16.396 4020 4020 E libc : Access denied finding property "ro.vendor.pref_scale_resolution"
02-02 13:12:16.669 4020 4075 E SQLiteDatabase: Error inserting transferred=0 media_job_uuid=fcf3d2da-e4b9-46a8-b0d8-59bc093dce6f transcoded=0 gif_attribution=0 first_scan_length=0 direct_path=/v/t62.7161- 24/56106742_1297547154272763_3633236371768319361_n.enc?ccb=11-4&oh=01_AdRXvb85_L- bTplT6DlqiwLgg7b4r4wv4EvLzcZxa97-ug&oe=65E2A0DF&_nc_sid=5e03e0 thumbnail_height_width_ratio=1.7777778 is_animated_sticker=0 file_hash=kjkKtUPNHhctf0kCvaxe2S61qWUDnEWuY1il0gahl2s= file_path=null file_size=0 partial_media_hash=null face_x=0 face_y=0 height=1024 trim_to=0 media_key_timestamp=1706772198000 message_url=https://mmg.whatsapp.net/v/t62.7161- 24/56106742_1297547154272763_3633236371768319361_n.enc?ccb=11-4&oh=01_AdRXvb85_L- bTplT6DlqiwLgg7b4r4wv4EvLzcZxa97-ug&oe=65E2A0DF&_nc_sid=5e03e0&mms3=true media_caption=null trim_from=0 mime_type=video/mp4 partial_media_enc_hash=null width=576 original_file_hash=null has_streaming_sidecar=1 autotransfer_retry_enabled=1 media_upload_handle=null message_row_id=104823 multicast_id=null enc_file_hash=lFScYRjriUOGc5a/81RcfUtqLbcjFps2jFxNR3m1Dl8= mute_video=0 page_count=0 first_scan_sidecar=null suspicious_content=0 file_length=1489008 media_name=null media_duration=15 chat_row_id=336 media_key=[B@ba0a21d
02-02 13:12:16.669 4020 4075 E SQLiteDatabase: android.database.sqlite.SQLiteConstraintException: UNIQUE constraint failed: message_media.message_row_id (code 1555 SQLITE_CONSTRAINT_PRIMARYKEY)
02-02 13:12:16.669 4020 4075 E SQLiteDatabase: at android.database.sqlite.SQLiteConnection.nativeExecuteForLastInsertedRowId(Native Method)
02-02 13:12:16.669 4020 4075 E SQLiteDatabase: at android.database.sqlite.SQLiteConnection.executeForLastInsertedRowId(SQLiteConnecti on.java:948)
02-02 13:12:16.669 4020 4075 E SQLiteDatabase: at android.database.sqlite.SQLiteSession.executeForLastInsertedRowId(SQLiteSession.jav a:790)
02-02 13:12:16.669 4020 4075 E SQLiteDatabase: at android.database.sqlite.SQLiteStatement.executeInsert(SQLiteStatement.java:88)
02-02 13:12:16.669 4020 4075 E SQLiteDatabase: at android.database.sqlite.SQLiteDatabase.insertWithOnConflict(SQLiteDatabase.java:171 2)
02-02 13:12:16.669 4020 4075 E SQLiteDatabase: at android.database.sqlite.SQLiteDatabase.insert(SQLiteDatabase.java:1581)
02-02 13:12:16.669 4020 4075 E SQLiteDatabase: at X.2tm.A08(Unknown Source:6)
02-02 13:12:16.669 4020 4075 E SQLiteDatabase: at X.35Y.A07(Unknown Source:212)
02-02 13:12:16.669 4020 4075 E SQLiteDatabase: at X.3QF.A14(Unknown Source:470)
02-02 13:12:16.669 4020 4075 E SQLiteDatabase: at X.3gU.run(Unknown Source:982)
02-02 13:12:16.669 4020 4075 E SQLiteDatabase: at android.os.Handler.handleCallback(Handler.java:938)
02-02 13:12:16.669 4020 4075 E SQLiteDatabase: at android.os.Handler.dispatchMessage(Handler.java:99)
02-02 13:12:16.669 4020 4075 E SQLiteDatabase: at X.0zq.dispatchMessage(Unknown Source:4)
02-02 13:12:16.669 4020 4075 E SQLiteDatabase: at android.os.Looper.loop(Looper.java:254)
02-02 13:12:16.669 4020 4075 E SQLiteDatabase: at android.os.HandlerThread.run(HandlerThread.java:67)
02-02 13:12:46.307 4020 4020 E libc : Access denied finding property "ro.vendor.pref_scale_resolution"
02-02 13:12:46.308 4020 4020 E libc : Access denied finding property "ro.vendor.pref_scale_resolution"
02-02 13:12:47.096 4020 4020 E libc : Access denied finding property "ro.vendor.pref_scale_resolution"
02-02 13:12:47.126 4020 4020 E libc : Access denied finding property "ro.vendor.pref_scale_resolution"
02-02 13:12:47.131 4020 4020 E libc : Access denied finding property "ro.vendor.pref_scale_resolution"
02-02 13:12:47.140 4020 4020 E OplusCustomizeRestrictionManager: getInstance
02-02 13:12:47.137 4020 4020 E libc : Access denied finding property "ro.vendor.pref_scale_resolution"
02-02 13:12:47.143 4020 4020 E OplusCustomizeRestrictionManager: getInstance
02-02 13:12:52.118 4020 4020 E libc : Access denied finding property "ro.vendor.pref_scale_resolution"
02-02 13:12:52.120 4020 4020 E OplusCustomizeRestrictionManager: getInstance
02-02 13:12:52.137 4020 4020 E OplusCustomizeRestrictionManager: getInstance
02-02 13:12:54.386 4020 4020 E libc : Access denied finding property "ro.vendor.pref_scale_resolution"
02-02 13:12:54.387 4020 4020 E OplusCustomizeRestrictionManager: getInstance
02-02 13:12:54.886 4020 4020 E OplusCustomizeRestrictionManager: getInstance
02-02 13:13:01.523 4020 4020 E libc : Access denied finding property "ro.vendor.pref_scale_resolution"
02-02 13:13:16.877 4020 4020 E libc : Access denied finding property "ro.vendor.pref_scale_resolution" --------- beginning of system
02-02 22:33:43.353 4020 4020 E OplusCustomizeRestrictionManager: getInstance
02-02 22:33:43.381 4020 4020 E OplusCustomizeRestrictionManager: getInstance
02-02 22:33:43.404 4020 4020 E OplusCustomizeRestrictionManager: getInstance
02-02 22:33:43.426 4020 4020 E OplusCustomizeRestrictionManager: getInstance
02-02 22:33:45.264 4020 4020 E OplusCustomizeRestrictionManager: getInstance
02-02 22:33:45.280 4020 4020 E OplusCustomizeRestrictionManager: getInstance
02-02 22:33:51.233 4020 4020 E OplusCustomizeRestrictionManager: getInstance
02-02 22:33:51.257 4020 4020 E OplusCustomizeRestrictionManager: getInstance
02-02 22:33:51.291 4020 4020 E OplusCustomizeRestrictionManager: getInstance
02-02 22:33:51.327 4020 4020 E OplusCustomizeRestrictionManager: getInstance
02-02 22:33:52.751 4020 4020 E OplusCustomizeRestrictionManager: getInstance
02-02 22:33:52.820 4020 4020 E OplusCustomizeRestrictionManager: getInstance
02-02 22:33:53.993 4020 4020 E OplusCustomizeRestrictionManager: getInstance
02-02 22:33:54.059 4020 4020 E OplusCustomizeRestrictionManager: getInstance
02-02 22:33:56.380 4020 4020 E OplusCustomizeRestrictionManager: getInstance
02-02 22:33:56.439 4020 4020 E OplusCustomizeRestrictionManager: getInstance
02-02 22:33:58.240 4020 4020 E OplusCustomizeRestrictionManager: getInstance
02-02 22:33:58.283 4020 4020 E OplusCustomizeRestrictionManager: getInstance
02-02 22:33:59.216 4020 4020 E OplusCustomizeRestrictionManager: getInstance
02-02 22:33:59.223 4020 4020 E OplusCustomizeRestrictionManager: getInstance
02-02 22:33:59.255 4020 4020 E OplusCustomizeRestrictionManager: getInstance
02-02 22:33:59.270 4020 4020 E OplusCustomizeRestrictionManager: getInstance
02-02 22:34:00.368 4020 4020 E OplusCustomizeRestrictionManager: getInstance
02-02 22:34:00.403 4020 4020 E OplusCustomizeRestrictionManager: getInstance
02-02 22:34:00.440 4020 4020 E OplusCustomizeRestrictionManager: getInstance
02-02 22:34:00.466 4020 4020 E OplusCustomizeRestrictionManager: getInstance
02-02 22:34:00.513 4020 4020 E OplusCustomizeRestrictionManager: getInstance
02-02 22:34:00.525 4020 4020 E OplusCustomizeRestrictionManager: getInstance
02-02 22:34:00.555 4020 4020 E OplusCustomizeRestrictionManager: getInstance
02-02 22:34:00.556 4020 4020 E OplusCustomizeRestrictionManager: getInstance
02-02 22:34:00.601 4020 4020 E OplusCustomizeRestrictionManager: getInstance
02-02 22:34:00.704 4020 4020 E OplusCustomizeRestrictionManager: getInstance
02-02 22:34:01.484 4020 4020 E OplusCustomizeRestrictionManager: getInstance
02-02 22:34:01.524 4020 4020 E OplusCustomizeRestrictionManager: getInstance
02-02 22:34:01.641 4020 4020 E OplusCustomizeRestrictionManager: getInstance
02-02 22:34:01.642 4020 4020 E OplusCustomizeRestrictionManager: getInstance
02-02 22:34:04.164 4020 4020 E OplusCustomizeRestrictionManager: getInstance
02-02 22:34:04.171 4020 4020 E OplusCustomizeRestrictionManager: getInstance
02-02 22:34:04.176 4020 4020 E OplusCustomizeRestrictionManager: getInstance
02-02 22:34:10.157 4020 4020 E OplusCustomizeRestrictionManager: getInstance
02-02 22:34:10.167 4020 4020 E OplusCustomizeRestrictionManager: getInstance
02-02 22:34:10.202 4020 4020 E OplusCustomizeRestrictionManager: getInstance
02-02 22:34:10.214 4020 4020 E OplusCustomizeRestrictionManager: getInstance
02-02 22:34:11.109 4020 4020 E OplusCustomizeRestrictionManager: getInstance
02-02 22:34:11.119 4020 4020 E OplusCustomizeRestrictionManager: getInstance
02-02 22:34:11.205 4020 4020 E OplusCustomizeRestrictionManager: getInstance
02-02 22:34:11.207 4020 4020 E OplusCustomizeRestrictionManager: getInstance
02-02 22:34:12.943 4020 4020 E OplusCustomizeRestrictionManager: getInstance
02-02 22:34:12.947 4020 4020 E OplusCustomizeRestrictionManager: getInstance
02-02 22:34:12.981 4020 4020 E OplusCustomizeRestrictionManager: getInstance
02-02 22:34:12.992 4020 4020 E OplusCustomizeRestrictionManager: getInstance
02-02 22:34:14.065 4020 4020 E OplusCustomizeRestrictionManager: getInstance
02-02 22:34:14.092 4020 4020 E OplusCustomizeRestrictionManager: getInstance
02-02 22:34:14.126 4020 4020 E OplusCustomizeRestrictionManager: getInstance
02-02 22:34:14.156 4020 4020 E OplusCustomizeRestrictionManager: getInstance
02-02 22:34:14.202 4020 4020 E OplusCustomizeRestrictionManager: getInstance
02-02 22:34:14.231 4020 4020 E OplusCustomizeRestrictionManager: getInstance
02-02 22:34:14.324 4020 4020 E OplusCustomizeRestrictionManager: getInstance
02-02 22:34:14.413 4020 4020 E OplusCustomizeRestrictionManager: getInstance
02-02 22:34:14.431 4020 4020 E OplusCustomizeRestrictionManager: getInstance
02-02 22:34:14.433 4020 4020 E OplusCustomizeRestrictionManager: getInstance
02-02 22:34:15.004 4020 4020 E OplusCustomizeRestrictionManager: getInstance
02-02 22:34:15.048 4020 4020 E OplusCustomizeRestrictionManager: getInstance
02-02 22:34:15.183 4020 4020 E OplusCustomizeRestrictionManager: getInstance
02-02 22:34:15.184 4020 4020 E OplusCustomizeRestrictionManager: getInstance
02-02 22:34:17.867 4020 4020 E OplusCustomizeRestrictionManager: getInstance
02-02 22:34:17.877 4020 4020 E OplusCustomizeRestrictionManager: getInstance
02-02 22:34:33.377 4020 4020 E OplusCustomizeRestrictionManager: getInstance
02-02 22:34:33.381 4020 4020 E OplusCustomizeRestrictionManager: getInstance
02-02 22:34:33.439 4020 4020 E OplusCustomizeRestrictionManager: getInstance
02-02 22:34:33.443 4020 4020 E OplusCustomizeRestrictionManager: getInstance --------- beginning of main
02-02 22:35:42.387 4020 4020 E libc : Access denied finding property "ro.vendor.pref_scale_resolution"
02-02 22:35:42.399 4020 4020 E OplusCustomizeRestrictionManager: getInstance
02-02 22:35:42.417 4020 4020 E OplusCustomizeRestrictionManager: getInstance
02-02 22:35:57.301 4020 4020 E Parcel : Reading a NULL string not supported here.
02-02 22:35:57.331 4020 4777 E FrameEvents: updateAcquireFence: Did not find frame.
02-02 22:35:57.369 4020 4020 E libc : Access denied finding property "ro.vendor.pref_scale_resolution"
02-02 22:35:57.376 4020 4020 E OplusCustomizeRestrictionManager: getInstance
02-02 22:35:57.380 4020 4020 E libc : Access denied finding property "ro.vendor.pref_scale_resolution"
02-02 22:35:57.380 4020 4020 E OplusCustomizeRestrictionManager: getInstance
02-02 22:35:57.435 4020 4020 E libc : Access denied finding property "ro.vendor.pref_scale_resolution"
02-02 22:35:57.437 4020 4020 E OplusCustomizeRestrictionManager: getInstance
02-02 22:35:57.439 4020 4020 E libc : Access denied finding property "ro.vendor.pref_scale_resolution"
02-02 22:35:57.441 4020 4020 E OplusCustomizeRestrictionManager: getInstance
02-02 22:35:59.825 4020 4777 E FrameEvents: updateAcquireFence: Did not find frame.
02-02 22:36:00.748 4020 4020 E ArmVmp : Match on catch block at 0x0a in for 0xd5
02-02 22:36:00.767 4020 4020 E ArmVmp : Match on catch block at 0xc3 in for 0xa1
02-02 22:36:00.769 4020 4020 E ArmVmp : Match on catch block at 0xc3 in for 0xa5
02-02 22:36:00.770 4020 4020 E ArmVmp : Match on catch block at 0xc3 in for 0xa9
02-02 22:36:00.772 4020 4020 E ArmVmp : Match on catch block at 0xc3 in for 0xa1
02-02 22:36:00.773 4020 4020 E ArmVmp : Match on catch block at 0xc3 in for 0xa5
02-02 22:36:00.774 4020 4020 E ArmVmp : Match on catch block at 0xc3 in for 0xa9
02-02 22:36:00.775 4020 4020 E ArmVmp : Match on catch block at 0xc3 in for 0xa1
02-02 22:36:02.139 4020 4020 E ArmVmp : Match on catch block at 0xc3 in for 0xa5
02-02 22:36:02.143 4020 4020 E ArmVmp : Match on catch block at 0xc3 in for 0xa9
02-02 22:36:02.145 4020 4020 E ArmVmp : Match on catch block at 0xc3 in for 0xa1
02-02 22:36:02.147 4020 4020 E ArmVmp : Match on catch block at 0xc3 in for 0xa5
02-02 22:36:02.149 4020 4020 E ArmVmp : Match on catch block at 0xc3 in for 0xa9
02-02 22:36:02.150 4020 4020 E ArmVmp : Match on catch block at 0xc3 in for 0xa1
02-02 22:36:02.153 4020 4020 E ArmVmp : Match on catch block at 0xc3 in for 0xa5
02-02 22:36:02.831 4020 4020 E Parcel : Reading a NULL string not supported here.
02-02 22:36:02.874 4020 4020 E libc : Access denied finding property "ro.vendor.pref_scale_resolution"
02-02 22:36:02.875 4020 4020 E libc : Access denied finding property "ro.vendor.pref_scale_resolution"
02-02 22:36:02.876 4020 4020 E OplusCustomizeRestrictionManager: getInstance
02-02 22:36:02.880 4020 4020 E libc : Access denied finding property "ro.vendor.pref_scale_resolution"
02-02 22:36:02.882 4020 4020 E libc : Access denied finding property "ro.vendor.pref_scale_resolution"
02-02 22:36:02.900 4020 4020 E libc : Access denied finding property "ro.vendor.pref_scale_resolution"
02-02 22:36:02.914 4020 4020 E libc : Access denied finding property "ro.vendor.pref_scale_resolution"
02-02 22:36:02.932 4020 4020 E libc : Access denied finding property "ro.vendor.pref_scale_resolution"
02-02 22:36:02.928 4020 4020 E OplusCustomizeRestrictionManager: getInstance
02-02 22:36:03.006 4020 4020 E libc : Access denied finding property "ro.vendor.pref_scale_resolution"
02-02 22:36:03.006 4020 4020 E libc : Access denied finding property "ro.vendor.pref_scale_resolution"
02-02 22:36:06.629 4020 4020 E OplusCustomizeRestrictionManager: getInstance
02-02 22:36:07.515 4020 4020 E Parcel : Reading a NULL string not supported here.
02-02 22:36:07.707 21593 21593 E com.mbwhatsapp: Unknown bits set in runtime_flags: 0x40000000
02-02 22:36:07.710 21593 21593 E com.mbwhatsapp: Not starting debugger since process cannot load the jdwp agent.
02-02 22:36:07.714 21593 21593 E RefClass: java.lang.reflect.InvocationTargetException
02-02 22:36:07.796 21593 21593 W System.err: java.lang.ClassNotFoundException: mbmodsd.mbmodsw.ui.views.btn.BtnBK
02-02 22:36:07.797 21593 21593 W System.err: at java.lang.Runtime.nativeLoad(Native Method)
02-02 22:36:07.797 21593 21593 W System.err: at java.lang.Runtime.nativeLoad(Runtime.java:1131)
02-02 22:36:07.797 21593 21593 W System.err: at java.lang.Runtime.loadLibrary0(Runtime.java:1085)
02-02 22:36:07.797 21593 21593 W System.err: at java.lang.Runtime.loadLibrary0(Runtime.java:1008)
02-02 22:36:07.797 21593 21593 W System.err: at java.lang.System.loadLibrary(System.java:1664)
02-02 22:36:07.797 21593 21593 W System.err: at arm.EpicVm.<clinit>(Unknown Source:2)
02-02 22:36:07.797 21593 21593 W System.err: at java.lang.Class.newInstance(Native Method)
02-02 22:36:07.797 21593 21593 W System.err: at android.app.AppComponentFactory.instantiateApplication(AppComponentFactory.java:76)
02-02 22:36:07.797 21593 21593 W System.err: at androidx.core.app.CoreComponentFactory.instantiateApplication(Unknown Source:0)
02-02 22:36:07.797 21593 21593 W System.err: at android.app.Instrumentation.newApplication(Instrumentation.java:1158)
02-02 22:36:07.797 21593 21593 W System.err: at android.app.LoadedApk.makeApplication(LoadedApk.java:1324)
02-02 22:36:07.797 21593 21593 W System.err: at android.app.ActivityThread.handleBindApplication(ActivityThread.java:7190)
02-02 22:36:07.797 21593 21593 W System.err: at android.app.ActivityThread.access$1700(ActivityThread.java:292)
02-02 22:36:07.797 21593 21593 W System.err: at android.app.ActivityThread$H.handleMessage(ActivityThread.java:2172)
02-02 22:36:07.797 21593 21593 W System.err: at android.os.Handler.dispatchMessage(Handler.java:106)
02-02 22:36:07.797 21593 21593 W System.err: at android.os.Looper.loop(Looper.java:254)
02-02 22:36:07.797 21593 21593 W System.err: at android.app.ActivityThread.main(ActivityThread.java:8218)
02-02 22:36:07.797 21593 21593 W System.err: at java.lang.reflect.Method.invoke(Native Method)
02-02 22:36:07.797 21593 21593 W System.err: at com.android.internal.os.RuntimeInit$MethodAndArgsCaller.run(RuntimeInit.java:632)
02-02 22:36:07.797 21593 21593 W System.err: at com.android.internal.os.ZygoteInit.main(ZygoteInit.java:1049)
02-02 22:36:07.836 21593 21593 E CustomActivityOnCrash: IMPORTANT WARNING! You already have an UncaughtExceptionHandler, are you sure this is correct? If you use a custom UncaughtExceptionHandler, you must initialize it AFTER CustomActivityOnCrash! Installing anyway, but your original handler will not be called.
02-02 22:36:07.841 21593 21636 E libc : Access denied finding property "ro.vendor.pref_scale_resolution"
02-02 22:36:07.846 21593 21636 E libc : Access denied finding property "ro.vendor.pref_scale_resolution"
02-02 22:36:07.851 21593 21636 E libc : Access denied finding property "ro.vendor.pref_scale_resolution"
02-02 22:36:07.858 21593 21636 E libc : Access denied finding property "ro.vendor.pref_scale_resolution"
02-02 22:36:07.863 21593 21636 E libc : Access denied finding property "ro.vendor.pref_scale_resolution"
02-02 22:36:07.867 21593 21636 E libc : Access denied finding property "ro.vendor.pref_scale_resolution"
02-02 22:36:07.867 21593 21636 E libc : Access denied finding property "ro.vendor.pref_scale_resolution"
02-02 22:36:07.867 21593 21636 E libc : Access denied finding property "ro.vendor.pref_scale_resolution"
02-02 22:36:07.868 21593 21636 W AsyncDrawableCache: can not found res: 2131233001, maybe dynamic res id.
02-02 22:36:07.870 21593 21636 E libc : Access denied finding property "ro.vendor.pref_scale_resolution"
02-02 22:36:07.873 21593 21636 E libc : Access denied finding property "ro.vendor.pref_scale_resolution"
02-02 22:36:07.918 21593 21636 E libc : Access denied finding property "ro.vendor.pref_scale_resolution"
02-02 22:36:07.981 21593 21593 W com.mbwhatsapp: Accessing hidden method Lcom/android/org/conscrypt/OpenSSLSocketImpl;->setUseSessionTickets(Z)V (greylist- max-q,test-api, reflection, denied)
02-02 22:36:07.981 21593 21593 W com.mbwhatsapp: Accessing hidden method Lcom/android/org/conscrypt/AbstractConscryptSocket;->setUseSessionTickets(Z)V (greylist-max-q, reflection, denied)
02-02 22:36:08.025 21593 21593 W linker : Warning: "/data/data/com.mbwhatsapp/files/decompressed/libs.spk.zst/libc++_shared.so" unused DT entry: unknown processor-specific (type 0x70000001 arg 0x0) (ignoring)
02-02 22:36:08.158 21593 21673 W com.mbwhatsapp: Class X.2rL failed lock verification and will run slower.
02-02 22:36:08.158 21593 21673 W com.mbwhatsapp: Common causes for lock verification issues are non-optimized dex code
02-02 22:36:08.158 21593 21673 W com.mbwhatsapp: and incorrect proguard optimizations.
02-02 22:36:08.170 21593 21593 W com.mbwhatsapp: Class X.0eU failed lock verification and will run slower.
02-02 22:36:08.191 21593 21593 E libc : Access denied finding property "ro.vendor.pref_scale_resolution"
02-02 22:36:08.218 21593 21593 E libc : Access denied finding property "ro.vendor.pref_scale_resolution"
02-02 22:36:08.265 21593 21593 E Parcel : Reading a NULL string not supported here.
02-02 22:36:08.334 21593 21593 W com.mbwhatsapp: Class com.mbwhatsapp.HomeActivity failed lock verification and will run slower.
02-02 22:36:08.369 21593 21593 E OplusCustomizeRestrictionManager: getInstance
02-02 22:36:08.369 21593 21593 E OplusCustomizeRestrictionManager: sInstance is null, start a new sInstance
02-02 22:36:08.379 21593 21593 E libc : Access denied finding property "ro.vendor.pref_scale_resolution"
02-02 22:36:08.384 21593 21593 E OplusCustomizeRestrictionManager: getInstance
02-02 22:36:08.389 21593 21593 E OplusCustomizeRestrictionManager: getInstance
02-02 22:36:08.408 21593 21593 E OplusCustomizeRestrictionManager: getInstance
02-02 22:36:08.483 21593 21593 E libc : Access denied finding property "ro.vendor.pref_scale_resolution"
02-02 22:36:08.488 21593 21593 E libc : Access denied finding property "ro.vendor.pref_scale_resolution"
02-02 22:36:08.555 21593 21593 E libc : Access denied finding property "ro.vendor.pref_scale_resolution"
02-02 22:36:08.555 21593 21593 E ion : ioctl c0044901 failed with code -1: Invalid argument
02-02 22:36:08.586 21593 21593 E libc : Access denied finding property "ro.vendor.pref_scale_resolution"
02-02 22:36:08.601 21593 21593 E ArmVmp : Match on catch block at 0x0a in for 0xc9
02-02 22:36:08.621 21593 21593 E libc : Access denied finding property "ro.vendor.pref_scale_resolution"
02-02 22:36:08.622 21593 21593 E ArmVmp : Match on catch block at 0x0a in for 0x131
02-02 22:36:08.625 21593 21593 E Parcel : Reading a NULL string not supported here.
02-02 22:36:08.522 21593 21593 E OplusCustomizeRestrictionManager: getInstance
02-02 22:36:08.645 21593 21593 E Parcel : Reading a NULL string not supported here.
02-02 22:36:08.694 21593 21636 W System : ClassLoader referenced unknown path: system/framework/mediatek-cta.jar
02-02 22:36:08.697 21593 21593 E libc : Access denied finding property "ro.vendor.pref_scale_resolution"
02-02 22:36:08.697 21593 21593 E OplusCustomizeRestrictionManager: getInstance
02-02 22:36:08.754 21593 21593 E OplusCustomizeRestrictionManager: getInstance
02-02 22:36:08.750 21593 21593 E libc : Access denied finding property "ro.vendor.pref_scale_resolution"
02-02 22:36:08.878 21593 21593 E libc : Access denied finding property "ro.vendor.pref_scale_resolution"
02-02 22:36:08.879 21593 21593 E libc : Access denied finding property "ro.vendor.pref_scale_resolution"
02-02 22:36:08.880 21593 21593 E OplusCustomizeRestrictionManager: getInstance
02-02 22:36:08.885 21593 21593 E OplusCustomizeRestrictionManager: getInstance
02-02 22:36:08.889 21593 21593 E libc : Access denied finding property "ro.vendor.pref_scale_resolution"
02-02 22:36:08.890 21593 21593 E OplusCustomizeRestrictionManager: getInstance
02-02 22:36:08.892 21593 21593 E libc : Access denied finding property "ro.vendor.pref_scale_resolution"
02-02 22:36:08.893 21593 21593 E OplusCustomizeRestrictionManager: getInstance
02-02 22:36:08.896 21593 21593 E OplusCustomizeRestrictionManager: getInstance
02-02 22:36:08.898 21593 21593 E libc : Access denied finding property "ro.vendor.pref_scale_resolution"
02-02 22:36:08.909 21593 21593 E libc : Access denied finding property "ro.vendor.pref_scale_resolution"
02-02 22:36:08.910 21593 21593 E OplusCustomizeRestrictionManager: getInstance
02-02 22:36:08.979 21593 21593 E libc : Access denied finding property "ro.vendor.pref_scale_resolution"
02-02 22:36:08.980 21593 21593 E libc : Access denied finding property "ro.vendor.pref_scale_resolution"
02-02 22:36:09.005 21593 21593 E libc : Access denied finding property "ro.vendor.pref_scale_resolution"
02-02 22:36:08.990 21593 21593 E OplusCustomizeRestrictionManager: getInstance
02-02 22:36:09.006 21593 21593 E libc : Access denied finding property "ro.vendor.pref_scale_resolution"
02-02 22:36:09.030 21593 21693 E OplusCustomizeRestrictionManager: getInstance
02-02 22:36:09.034 21593 21693 E libc : Access denied finding property "ro.vendor.pref_scale_resolution"
02-02 22:36:09.034 21593 21693 E OplusCustomizeRestrictionManager: getInstance
02-02 22:36:09.060 21593 21679 E Parcel : Reading a NULL string not supported here.
02-02 22:36:09.061 21593 21679 E Parcel : Reading a NULL string not supported here.
02-02 22:36:09.078 21593 21593 E libc : Access denied finding property "ro.vendor.pref_scale_resolution"
02-02 22:36:09.089 21593 21693 E OplusCustomizeRestrictionManager: getInstance
02-02 22:36:09.093 21593 21593 E libc : Access denied finding property "ro.vendor.pref_scale_resolution"
02-02 22:36:09.097 21593 21693 E libc : Access denied finding property "ro.vendor.pref_scale_resolution"
02-02 22:36:09.097 21593 21593 E libc : Access denied finding property "ro.vendor.pref_scale_resolution"
02-02 22:36:09.099 21593 21693 E libc : Access denied finding property "ro.vendor.pref_scale_resolution"
02-02 22:36:09.091 21593 21693 E OplusCustomizeRestrictionManager: getInstance
02-02 22:36:09.100 21593 21593 E OplusCustomizeRestrictionManager: getInstance
02-02 22:36:09.103 21593 21593 E OplusCustomizeRestrictionManager: getInstance
02-02 22:36:09.103 21593 21693 E OplusCustomizeRestrictionManager: getInstance
02-02 22:36:09.105 21593 21593 E OplusCustomizeRestrictionManager: getInstance
02-02 22:36:09.105 21593 21693 E OplusCustomizeRestrictionManager: getInstance
02-02 22:36:09.108 21593 21593 E libc : Access denied finding property "ro.vendor.pref_scale_resolution"
02-02 22:36:09.110 21593 21693 E libc : Access denied finding property "ro.vendor.pref_scale_resolution"
02-02 22:36:09.113 21593 21593 E libc : Access denied finding property "ro.vendor.pref_scale_resolution"
02-02 22:36:09.115 21593 21593 E OplusCustomizeRestrictionManager: getInstance
02-02 22:36:09.151 21593 21593 E libc : Access denied finding property "ro.vendor.pref_scale_resolution"
02-02 22:36:09.139 21593 21593 E OplusCustomizeRestrictionManager: getInstance
02-02 22:36:09.202 21593 21719 E libc : Access denied finding property "vendor.debug.drm.logv"
02-02 22:36:09.203 21593 21719 E libc : Access denied finding property "vendor.debug.drm.logv"
02-02 22:36:09.203 21593 21719 E libc : Access denied finding property "vendor.debug.drm.logd"
02-02 22:36:09.204 21593 21719 E libc : Access denied finding property "vendor.debug.drm.logv"
02-02 22:36:09.208 21593 21593 E libc : Access denied finding property "ro.vendor.pref_scale_resolution"
02-02 22:36:09.211 21593 21593 E OplusCustomizeRestrictionManager: getInstance
02-02 22:36:09.221 21593 21593 E libc : Access denied finding property "ro.vendor.pref_scale_resolution"
02-02 22:36:09.246 21593 21593 E OplusCustomizeRestrictionManager: getInstance
