02-11 16:15:49.968 17118 17118 E ArmVmp : Match on catch block at 0xc3 in for 0xa5
02-11 16:15:49.970 17118 17118 E ArmVmp : Match on catch block at 0xc3 in for 0xa9
02-11 16:15:49.985 17118 17118 E ArmVmp : Match on catch block at 0xc3 in for 0xa9
02-11 16:15:49.988 17118 17118 E ArmVmp : Match on catch block at 0xc3 in for 0xa1
02-11 16:15:50.001 17118 17118 E ArmVmp : Match on catch block at 0xc3 in for 0xa1
02-11 16:15:50.006 17118 17118 E ArmVmp : Match on catch block at 0xc3 in for 0xa5
02-11 16:15:50.018 17118 17118 E ArmVmp : Match on catch block at 0xc3 in for 0xa5
02-11 16:15:50.020 17118 17118 E ArmVmp : Match on catch block at 0xc3 in for 0xa9
02-11 16:15:50.034 17118 17118 E ArmVmp : Match on catch block at 0xc3 in for 0xa9
02-11 16:15:50.039 17118 17118 E ArmVmp : Match on catch block at 0xc3 in for 0xa1
02-11 16:15:50.050 17118 17118 E ArmVmp : Match on catch block at 0xc3 in for 0xa1
02-11 16:15:50.052 17118 17118 E ArmVmp : Match on catch block at 0xc3 in for 0xa5
02-11 16:15:50.067 17118 17118 E ArmVmp : Match on catch block at 0xc3 in for 0xa5
02-11 16:15:50.070 17118 17118 E ArmVmp : Match on catch block at 0xc3 in for 0xa9
02-11 16:15:50.090 17118 17118 E libc : Access denied finding property "ro.vendor.pref_scale_resolution"
02-11 16:15:50.110 17118 17118 E libc : Access denied finding property "ro.vendor.pref_scale_resolution"
02-11 16:15:50.116 17118 17118 E ArmVmp : Match on catch block at 0xc3 in for 0xa9
02-11 16:15:50.121 17118 17118 E ArmVmp : Match on catch block at 0xc3 in for 0xa1
02-11 16:15:50.131 17118 17118 E ArmVmp : Match on catch block at 0xc3 in for 0xa5
02-11 16:15:50.136 17118 17118 E ArmVmp : Match on catch block at 0xc3 in for 0xa9
02-11 16:15:50.196 17118 17118 E ArmVmp : Match on catch block at 0xc3 in for 0xa9
02-11 16:15:50.198 17118 17118 E ArmVmp : Match on catch block at 0xc3 in for 0xa1
02-11 16:15:53.621 17118 17118 E ArmVmp : Match on catch block at 0xc3 in for 0xa5
02-11 16:15:53.627 17118 17118 E ArmVmp : Match on catch block at 0xc3 in for 0xa9
02-11 16:15:53.976 17118 17118 E ArmVmp : Match on catch block at 0xc3 in for 0xa1
02-11 16:15:53.979 17118 17118 E ArmVmp : Match on catch block at 0xc3 in for 0xa5
02-11 16:15:54.014 17118 17118 E libc : Access denied finding property "ro.vendor.pref_scale_resolution"
02-11 16:15:54.182 17118 17118 E ArmVmp : Match on catch block at 0xc3 in for 0xa5
02-11 16:15:54.186 17118 17118 E ArmVmp : Match on catch block at 0xc3 in for 0xa9
02-11 16:15:55.832 17118 17118 E libc : Access denied finding property "ro.vendor.pref_scale_resolution"
02-11 16:15:55.869 17118 17118 E libc : Access denied finding property "ro.vendor.pref_scale_resolution"
02-11 16:15:55.878 17118 17118 E libc : Access denied finding property "ro.vendor.pref_scale_resolution"
02-11 16:15:55.891 17118 17118 E OplusCustomizeRestrictionManager: getInstance
02-11 16:15:55.888 17118 17118 E libc : Access denied finding property "ro.vendor.pref_scale_resolution"
02-11 16:15:55.897 17118 17118 E OplusCustomizeRestrictionManager: getInstance
02-11 16:15:56.782 17118 17118 E Parcel : Reading a NULL string not supported here.
02-11 16:15:56.857 17118 17118 E libc : Access denied finding property "ro.vendor.pref_scale_resolution"
02-11 16:15:56.879 17118 17118 E OplusCustomizeRestrictionManager: getInstance
02-11 16:15:56.882 17118 17118 E libc : Access denied finding property "ro.vendor.pref_scale_resolution"
02-11 16:15:56.883 17118 17118 E libc : Access denied finding property "ro.vendor.pref_scale_resolution"
02-11 16:15:56.886 17118 17118 E libc : Access denied finding property "ro.vendor.pref_scale_resolution"
02-11 16:15:56.887 17118 17118 W TabLayout: MODE_SCROLLABLE + GRAVITY_FILL is not supported, GRAVITY_START will be used instead
02-11 16:15:56.893 17118 17118 E libc : Access denied finding property "ro.vendor.pref_scale_resolution"
02-11 16:15:56.923 17118 17118 E Parcel : Reading a NULL string not supported here.
02-11 16:15:56.928 17118 17118 E Parcel : Reading a NULL string not supported here.
02-11 16:15:56.928 17118 17118 E Parcel : Reading a NULL string not supported here.
02-11 16:15:56.928 17118 17118 E Parcel : Reading a NULL string not supported here.
02-11 16:15:56.933 17118 17118 E libc : Access denied finding property "ro.vendor.pref_scale_resolution"
02-11 16:15:56.940 17118 17118 E libc : Access denied finding property "ro.vendor.pref_scale_resolution"
02-11 16:15:56.946 17118 17118 E Parcel : Reading a NULL string not supported here.
02-11 16:15:56.951 17118 17118 E Parcel : Reading a NULL string not supported here.
02-11 16:15:56.957 17118 17118 W BottomSheetBehavior: BottomSheetBehavior now supports multiple callbacks. `setBottomSheetCallback()` removes all existing callbacks, including ones set internally by library authors, which may result in unintended behavior. This may change in the future. Please use `addBottomSheetCallback()` and `removeBottomSheetCallback()` instead to set your own callbacks.
02-11 16:15:56.961 17118 17118 E Parcel : Reading a NULL string not supported here.
02-11 16:15:56.966 17118 17195 E Parcel : Reading a NULL string not supported here.
02-11 16:15:56.973 17118 17118 E libc : Access denied finding property "ro.vendor.pref_scale_resolution"
02-11 16:15:56.974 17118 17118 E libc : Access denied finding property "ro.vendor.pref_scale_resolution"
02-11 16:15:56.975 17118 17118 E libc : Access denied finding property "ro.vendor.pref_scale_resolution"
02-11 16:15:56.979 17118 17118 E libc : Access denied finding property "ro.vendor.pref_scale_resolution"
02-11 16:15:56.985 17118 17118 E libc : Access denied finding property "ro.vendor.pref_scale_resolution"
02-11 16:15:56.988 17118 17118 E libc : Access denied finding property "ro.vendor.pref_scale_resolution"
02-11 16:15:56.990 17118 17118 E libc : Access denied finding property "ro.vendor.pref_scale_resolution"
02-11 16:15:56.986 17118 17118 E OplusCustomizeRestrictionManager: getInstance
02-11 16:15:56.993 17118 17138 E CameraManagerGlobal: Camera 6 is not available. Ignore physical camera status change
02-11 16:15:56.993 17118 17118 E OplusCustomizeRestrictionManager: getInstance
02-11 16:15:56.994 17118 17138 E CameraManagerGlobal: Camera 7 is not available. Ignore physical camera status change
02-11 16:15:56.997 17118 17118 E libc : Access denied finding property "ro.vendor.pref_scale_resolution"
02-11 16:15:56.998 17118 17118 E libc : Access denied finding property "ro.vendor.pref_scale_resolution"
02-11 16:15:56.995 17118 17118 E OplusCustomizeRestrictionManager: getInstance
02-11 16:15:57.001 17118 17118 E OplusCustomizeRestrictionManager: getInstance
02-11 16:15:57.001 17118 17138 E CameraManagerGlobal: Camera 8 is not available. Ignore physical camera status change
02-11 16:15:57.016 17118 17180 E libc : Access denied finding property "ro.vendor.pref_scale_resolution"
02-11 16:15:57.019 17118 17180 E libc : Access denied finding property "ro.vendor.pref_scale_resolution"
02-11 16:15:57.019 17118 17180 E libc : Access denied finding property "ro.vendor.pref_scale_resolution"
02-11 16:15:57.031 17118 17180 E libc : Access denied finding property "ro.vendor.pref_scale_resolution"
02-11 16:15:57.039 17118 17118 E OplusCustomizeRestrictionManager: getInstance
02-11 16:15:57.044 17118 17180 E libc : Access denied finding property "ro.vendor.pref_scale_resolution"
02-11 16:15:57.059 17118 17118 E libc : Access denied finding property "ro.vendor.pref_scale_resolution"
02-11 16:15:57.063 17118 17174 E Parcel : Reading a NULL string not supported here.
02-11 16:15:57.064 17118 17118 E libc : Access denied finding property "ro.vendor.pref_scale_resolution"
02-11 16:15:57.076 17118 17118 E libc : Access denied finding property "ro.vendor.pref_scale_resolution"
02-11 16:15:57.077 17118 17174 E Parcel : Reading a NULL string not supported here.
02-11 16:15:57.078 17118 17118 E libc : Access denied finding property "ro.vendor.pref_scale_resolution"
02-11 16:15:57.091 17118 17118 E libc : Access denied finding property "ro.vendor.pref_scale_resolution"
02-11 16:15:57.099 17118 17196 E Parcel : Reading a NULL string not supported here.
02-11 16:15:57.091 17118 17118 E OplusCustomizeRestrictionManager: getInstance
02-11 16:15:57.147 17118 17174 E Parcel : Reading a NULL string not supported here.
02-11 16:15:57.179 17118 17174 E Parcel : Reading a NULL string not supported here.
02-11 16:15:57.196 17118 17180 E Parcel : Reading a NULL string not supported here.
02-11 16:15:57.205 17118 17118 E libc : Access denied finding property "ro.vendor.pref_scale_resolution"
02-11 16:15:57.206 17118 17118 E libc : Access denied finding property "ro.vendor.pref_scale_resolution"
02-11 16:15:57.207 17118 17118 E libc : Access denied finding property "ro.vendor.pref_scale_resolution"
02-11 16:15:57.209 17118 17118 E OplusCustomizeRestrictionManager: getInstance
02-11 16:15:57.214 17118 17118 E libc : Access denied finding property "ro.vendor.pref_scale_resolution"
02-11 16:15:57.219 17118 17958 E Parcel : Reading a NULL string not supported here.
02-11 16:15:57.223 17118 17118 E libc : Access denied finding property "ro.vendor.pref_scale_resolution"
02-11 16:15:57.234 17118 17118 E libc : Access denied finding property "ro.vendor.pref_scale_resolution"
02-11 16:15:57.281 17118 17174 E Parcel : Reading a NULL string not supported here.
02-11 16:15:57.282 17118 17118 E libc : Access denied finding property "ro.vendor.pref_scale_resolution"
02-11 16:15:57.286 17118 17958 E Parcel : Reading a NULL string not supported here.
02-11 16:15:57.280 17118 17118 E OplusCustomizeRestrictionManager: getInstance
02-11 16:15:57.333 17118 17933 E Parcel : Reading a NULL string not supported here.
02-11 16:15:57.395 17118 17174 E Parcel : Reading a NULL string not supported here.
02-11 16:15:57.409 17118 17195 E Parcel : Reading a NULL string not supported here.
02-11 16:15:57.460 17118 17174 E Parcel : Reading a NULL string not supported here.
02-11 16:15:57.537 17118 17174 E Parcel : Reading a NULL string not supported here.
02-11 16:15:57.556 17118 17118 E OplusCustomizeRestrictionManager: getInstance
02-11 16:15:57.558 17118 17174 E Parcel : Reading a NULL string not supported here.
02-11 16:15:57.578 17118 17174 E Parcel : Reading a NULL string not supported here.
02-11 16:15:57.589 17118 17174 E Parcel : Reading a NULL string not supported here.
02-11 16:15:57.607 17118 17174 E Parcel : Reading a NULL string not supported here.
02-11 16:15:57.626 17118 17174 E Parcel : Reading a NULL string not supported here.
02-11 16:15:57.647 17118 17174 E Parcel : Reading a NULL string not supported here.
02-11 16:15:57.649 17118 17118 E OplusCustomizeRestrictionManager: getInstance
02-11 16:15:57.675 17118 17959 E Parcel : Reading a NULL string not supported here.
02-11 16:15:57.677 17118 17174 E Parcel : Reading a NULL string not supported here.
02-11 16:15:57.682 17118 17933 E Parcel : Reading a NULL string not supported here.
02-11 16:15:57.691 17118 17174 E Parcel : Reading a NULL string not supported here.
02-11 16:15:57.700 17118 17959 E Parcel : Reading a NULL string not supported here.
02-11 16:15:57.752 17118 17118 E libc : Access denied finding property "ro.vendor.pref_scale_resolution"
02-11 16:15:57.795 17118 17174 E Parcel : Reading a NULL string not supported here.
02-11 16:15:57.917 17118 17174 E Parcel : Reading a NULL string not supported here.
02-11 16:15:57.995 17118 17174 E Parcel : Reading a NULL string not supported here.
02-11 16:15:58.061 17118 17174 E Parcel : Reading a NULL string not supported here.
02-11 16:15:58.087 17118 17174 E Parcel : Reading a NULL string not supported here.
02-11 16:15:58.102 17118 17174 E Parcel : Reading a NULL string not supported here.
02-11 16:15:58.122 17118 17933 E Parcel : Reading a NULL string not supported here.
02-11 16:15:58.129 17118 17959 E Parcel : Reading a NULL string not supported here.
02-11 16:15:58.167 17118 17933 E Parcel : Reading a NULL string not supported here.
02-11 16:15:58.196 17118 17118 E Parcel : Reading a NULL string not supported here.
02-11 16:15:58.196 17118 17959 E Parcel : Reading a NULL string not supported here.
02-11 16:15:58.200 17118 17174 E Parcel : Reading a NULL string not supported here.
02-11 16:15:58.249 17118 17959 E Parcel : Reading a NULL string not supported here.
02-11 16:15:58.255 17118 17174 E Parcel : Reading a NULL string not supported here.
02-11 16:15:58.263 17118 17118 E Parcel : Reading a NULL string not supported here.
02-11 16:15:58.265 17118 17118 E Parcel : Reading a NULL string not supported here.
02-11 16:15:58.281 17118 17174 E Parcel : Reading a NULL string not supported here.
02-11 16:15:58.287 17118 17959 E Parcel : Reading a NULL string not supported here.
02-11 16:15:58.288 17118 17933 E Parcel : Reading a NULL string not supported here.
02-11 16:15:58.320 17118 17118 E libc : Access denied finding property "ro.vendor.pref_scale_resolution"
02-11 16:15:58.321 17118 17118 E OplusCustomizeRestrictionManager: getInstance
02-11 16:15:58.325 17118 17118 E libc : Access denied finding property "ro.vendor.pref_scale_resolution"
02-11 16:15:58.332 17118 17118 E OplusCustomizeRestrictionManager: getInstance
02-11 16:15:58.334 17118 17118 E libc : Access denied finding property "ro.vendor.pref_scale_resolution"
02-11 16:15:58.336 17118 17118 E libc : Access denied finding property "ro.vendor.pref_scale_resolution"
02-11 16:15:58.338 17118 17118 E libc : Access denied finding property "ro.vendor.pref_scale_resolution"
02-11 16:15:58.341 17118 17118 E libc : Access denied finding property "ro.vendor.pref_scale_resolution"
02-11 16:15:58.342 17118 17118 E libc : Access denied finding property "ro.vendor.pref_scale_resolution"
02-11 16:15:58.344 17118 17118 E libc : Access denied finding property "ro.vendor.pref_scale_resolution"
02-11 16:15:58.347 17118 17118 E libc : Access denied finding property "ro.vendor.pref_scale_resolution"
02-11 16:15:58.353 17118 17118 E libc : Access denied finding property "ro.vendor.pref_scale_resolution"
02-11 16:15:58.354 17118 17118 E libc : Access denied finding property "ro.vendor.pref_scale_resolution"
02-11 16:15:58.354 17118 17118 E libc : Access denied finding property "ro.vendor.pref_scale_resolution"
02-11 16:15:58.355 17118 17933 E Parcel : Reading a NULL string not supported here.
02-11 16:15:58.356 17118 17118 E libc : Access denied finding property "ro.vendor.pref_scale_resolution"
02-11 16:15:58.356 17118 17118 E libc : Access denied finding property "ro.vendor.pref_scale_resolution"
02-11 16:15:58.357 17118 17118 E libc : Access denied finding property "ro.vendor.pref_scale_resolution"
02-11 16:15:58.359 17118 17118 E OplusCustomizeRestrictionManager: getInstance
02-11 16:15:58.362 17118 17118 E OplusCustomizeRestrictionManager: getInstance
02-11 16:15:58.362 17118 17174 E Parcel : Reading a NULL string not supported here.
02-11 16:15:58.364 17118 17118 E libc : Access denied finding property "ro.vendor.pref_scale_resolution"
02-11 16:15:58.364 17118 17118 E libc : Access denied finding property "ro.vendor.pref_scale_resolution"
02-11 16:15:58.366 17118 17118 E libc : Access denied finding property "ro.vendor.pref_scale_resolution"
02-11 16:15:58.367 17118 17118 E libc : Access denied finding property "ro.vendor.pref_scale_resolution"
02-11 16:15:58.372 17118 17118 E libc : Access denied finding property "ro.vendor.pref_scale_resolution"
02-11 16:15:58.374 17118 17118 E libc : Access denied finding property "ro.vendor.pref_scale_resolution"
02-11 16:15:58.377 17118 17118 E libc : Access denied finding property "ro.vendor.pref_scale_resolution"
02-11 16:15:58.379 17118 17118 E libc : Access denied finding property "ro.vendor.pref_scale_resolution"
02-11 16:15:58.380 17118 17118 E libc : Access denied finding property "ro.vendor.pref_scale_resolution"
02-11 16:15:58.382 17118 17118 E libc : Access denied finding property "ro.vendor.pref_scale_resolution"
02-11 16:15:58.382 17118 17959 E Parcel : Reading a NULL string not supported here.
02-11 16:15:58.384 17118 17118 E libc : Access denied finding property "ro.vendor.pref_scale_resolution"
02-11 16:15:58.387 17118 17118 E libc : Access denied finding property "ro.vendor.pref_scale_resolution"
02-11 16:15:58.389 17118 17118 E libc : Access denied finding property "ro.vendor.pref_scale_resolution"
02-11 16:15:58.399 17118 17118 E libc : Access denied finding property "ro.vendor.pref_scale_resolution"
02-11 16:15:58.411 17118 17958 E Parcel : Reading a NULL string not supported here.
02-11 16:15:58.413 17118 17118 E libc : Access denied finding property "ro.vendor.pref_scale_resolution"
02-11 16:15:58.414 17118 17118 E libc : Access denied finding property "ro.vendor.pref_scale_resolution"
02-11 16:15:58.416 17118 17118 E libc : Access denied finding property "ro.vendor.pref_scale_resolution"
02-11 16:15:58.417 17118 17959 E Parcel : Reading a NULL string not supported here.
02-11 16:15:58.418 17118 17118 E libc : Access denied finding property "ro.vendor.pref_scale_resolution"
02-11 16:15:58.428 17118 17196 E Parcel : Reading a NULL string not supported here.
02-11 16:15:58.428 17118 17118 E OplusCustomizeRestrictionManager: getInstance
02-11 16:15:58.440 17118 17174 E Parcel : Reading a NULL string not supported here.
02-11 16:15:58.481 17118 17959 E Parcel : Reading a NULL string not supported here.
02-11 16:15:58.483 17118 17174 E Parcel : Reading a NULL string not supported here.
02-11 16:15:58.518 17118 17138 E CameraManagerGlobal: Camera 6 is not available. Ignore physical camera status change
02-11 16:15:58.518 17118 17138 E CameraManagerGlobal: Camera 7 is not available. Ignore physical camera status change
02-11 16:15:58.518 17118 17138 E CameraManagerGlobal: Camera 8 is not available. Ignore physical camera status change
02-11 16:15:58.522 17118 17174 E Parcel : Reading a NULL string not supported here.
02-11 16:15:58.539 17118 17959 E Parcel : Reading a NULL string not supported here.
02-11 16:15:58.547 17118 17174 E Parcel : Reading a NULL string not supported here.
02-11 16:15:58.553 17118 17959 E Parcel : Reading a NULL string not supported here.
02-11 16:15:58.567 17118 17174 E Parcel : Reading a NULL string not supported here.
02-11 16:15:58.569 17118 17959 E Parcel : Reading a NULL string not supported here.
02-11 16:15:58.591 17118 17174 E Parcel : Reading a NULL string not supported here.
02-11 16:15:58.607 17118 17118 E libc : Access denied finding property "ro.vendor.pref_scale_resolution"
02-11 16:15:58.611 17118 17118 E libc : Access denied finding property "ro.vendor.pref_scale_resolution"
02-11 16:15:58.611 17118 17118 E OplusCustomizeRestrictionManager: getInstance
02-11 16:15:58.617 17118 17118 E libc : Access denied finding property "ro.vendor.pref_scale_resolution"
02-11 16:15:58.621 17118 17118 E libc : Access denied finding property "ro.vendor.pref_scale_resolution"
02-11 16:15:58.625 17118 17118 E libc : Access denied finding property "ro.vendor.pref_scale_resolution"
02-11 16:15:58.630 17118 17133 W System : A resource failed to call close.
02-11 16:15:58.641 17118 17118 E libc : Access denied finding property "ro.vendor.pref_scale_resolution"
02-11 16:15:58.642 17118 17118 W BottomSheetBehavior: BottomSheetBehavior now supports multiple callbacks. `setBottomSheetCallback()` removes all existing callbacks, including ones set internally by library authors, which may result in unintended behavior. This may change in the future. Please use `addBottomSheetCallback()` and `removeBottomSheetCallback()` instead to set your own callbacks.
02-11 16:15:58.658 17118 17118 E RecyclerView: No adapter attached; skipping layout
02-11 16:15:58.625 17118 17118 E OplusCustomizeRestrictionManager: getInstance
02-11 16:15:58.675 17118 17118 E RecyclerView: No adapter attached; skipping layout
02-11 16:15:58.696 17118 17958 E Parcel : Reading a NULL string not supported here.
02-11 16:15:58.719 17118 17958 E Parcel : Reading a NULL string not supported here.
02-11 16:15:59.164 17118 17118 E OplusCustomizeRestrictionManager: getInstance
02-11 16:15:59.168 17118 17118 E libc : Access denied finding property "ro.vendor.pref_scale_resolution"
02-11 16:15:59.204 17118 17118 E OplusCustomizeRestrictionManager: getInstance
02-11 16:15:59.363 17118 17133 W System : A resource failed to call release.
02-11 16:15:59.596 17118 17959 E Parcel : Reading a NULL string not supported here.
02-11 16:15:59.623 17118 17959 E Parcel : Reading a NULL string not supported here.
02-11 16:15:59.632 17118 17959 E Parcel : Reading a NULL string not supported here.
02-11 16:15:59.642 17118 17959 E Parcel : Reading a NULL string not supported here.
02-11 16:15:59.664 17118 17118 E OplusCustomizeRestrictionManager: getInstance
02-11 16:15:59.667 17118 17118 E libc : Access denied finding property "ro.vendor.pref_scale_resolution"
02-11 16:15:59.669 17118 17118 E libc : Access denied finding property "ro.vendor.pref_scale_resolution"
02-11 16:15:59.675 17118 17118 E libc : Access denied finding property "ro.vendor.pref_scale_resolution"
02-11 16:15:59.676 17118 17118 E libc : Access denied finding property "ro.vendor.pref_scale_resolution"
02-11 16:15:59.676 17118 17118 E libc : Access denied finding property "ro.vendor.pref_scale_resolution"
02-11 16:15:59.678 17118 17118 E libc : Access denied finding property "ro.vendor.pref_scale_resolution"
02-11 16:15:59.680 17118 17118 E libc : Access denied finding property "ro.vendor.pref_scale_resolution"
02-11 16:15:59.680 17118 17118 E libc : Access denied finding property "ro.vendor.pref_scale_resolution"
02-11 16:15:59.687 17118 17118 E libc : Access denied finding property "ro.vendor.pref_scale_resolution"
02-11 16:15:59.692 17118 17118 E libc : Access denied finding property "ro.vendor.pref_scale_resolution"
02-11 16:15:59.696 17118 17118 E libc : Access denied finding property "ro.vendor.pref_scale_resolution"
02-11 16:15:59.697 17118 17118 E libc : Access denied finding property "ro.vendor.pref_scale_resolution"
02-11 16:15:59.699 17118 17118 E libc : Access denied finding property "ro.vendor.pref_scale_resolution"
02-11 16:15:59.702 17118 17118 E libc : Access denied finding property "ro.vendor.pref_scale_resolution"
02-11 16:15:59.693 17118 17118 E OplusCustomizeRestrictionManager: getInstance
02-11 16:15:59.759 17118 17118 E libc : Access denied finding property "ro.vendor.pref_scale_resolution"
02-11 16:15:59.845 17118 17959 E Parcel : Reading a NULL string not supported here.
02-11 16:16:00.414 17118 17959 E Parcel : Reading a NULL string not supported here.
02-11 16:16:00.430 17118 17959 E Parcel : Reading a NULL string not supported here.
02-11 16:16:00.444 17118 17959 E Parcel : Reading a NULL string not supported here.
02-11 16:16:00.463 17118 17959 E Parcel : Reading a NULL string not supported here.
02-11 16:16:00.478 17118 17959 E Parcel : Reading a NULL string not supported here.
02-11 16:16:00.491 17118 17959 E Parcel : Reading a NULL string not supported here.
02-11 16:16:00.922 17118 17118 W IInputConnectionWrapper: requestCursorAnchorInfo on inactive InputConnection
02-11 16:16:01.624 17118 17118 E Parcel : Reading a NULL string not supported here.
02-11 16:16:01.677 17118 17118 E OplusCustomizeRestrictionManager: getInstance
02-11 16:16:01.679 17118 17118 E OplusCustomizeRestrictionManager: getInstance
02-11 16:16:01.680 17118 17118 E libc : Access denied finding property "ro.vendor.pref_scale_resolution"
02-11 16:16:01.680 17118 17118 E OplusCustomizeRestrictionManager: getInstance
02-11 16:16:01.683 17118 17118 E libc : Access denied finding property "ro.vendor.pref_scale_resolution"
02-11 16:16:01.683 17118 17118 E OplusCustomizeRestrictionManager: getInstance
02-11 16:16:03.557 17118 17118 W Bitmap : Called getWidth() on a recycle()'d bitmap! This is undefined behavior!
02-11 16:16:03.557 17118 17118 W Bitmap : Called getHeight() on a recycle()'d bitmap! This is undefined behavior!
02-11 16:16:03.557 17118 17118 W Bitmap : Called getWidth() on a recycle()'d bitmap! This is undefined behavior!
02-11 16:16:03.557 17118 17118 W Bitmap : Called getHeight() on a recycle()'d bitmap! This is undefined behavior!
02-11 16:16:03.557 17118 17118 W Bitmap : Called getWidth() on a recycle()'d bitmap! This is undefined behavior!
02-11 16:16:03.557 17118 17118 W Bitmap : Called getHeight() on a recycle()'d bitmap! This is undefined behavior!
02-11 16:16:03.575 17118 17225 E OplusSkImageProcessing: not in image processing list
02-11 16:16:03.740 17118 17118 E OplusCustomizeRestrictionManager: getInstance
02-11 16:16:03.746 17118 17118 E libc : Access denied finding property "ro.vendor.pref_scale_resolution"
02-11 16:16:04.960 17118 17118 E Parcel : Reading a NULL string not supported here.
02-11 16:16:05.011 17118 17118 E OplusCustomizeRestrictionManager: getInstance
02-11 16:16:05.017 17118 17118 E libc : Access denied finding property "ro.vendor.pref_scale_resolution"
02-11 16:16:05.019 17118 17118 E libc : Access denied finding property "ro.vendor.pref_scale_resolution"
02-11 16:16:05.021 17118 17118 E OplusCustomizeRestrictionManager: getInstance
02-11 16:16:05.546 17118 17273 E Parcel : Reading a NULL string not supported here.
02-11 16:16:05.642 17118 17273 W CursorWindow: Window is full: requested allocation 804 bytes, free space 724 bytes, window size 2097152 bytes
02-11 16:16:06.004 17118 17273 W CursorWindow: Window is full: requested allocation 804 bytes, free space 162 bytes, window size 2097152 bytes
02-11 16:16:06.267 17118 17273 W CursorWindow: Window is full: requested allocation 804 bytes, free space 739 bytes, window size 2097152 bytes
02-11 16:16:06.538 17118 17273 E Parcel : Reading a NULL string not supported here.
02-11 16:16:06.744 17118 17273 E Parcel : Reading a NULL string not supported here.
02-11 16:16:06.960 17118 17118 W Bitmap : Called getWidth() on a recycle()'d bitmap! This is undefined behavior!
02-11 16:16:06.960 17118 17118 W Bitmap : Called getHeight() on a recycle()'d bitmap! This is undefined behavior!
02-11 16:16:06.960 17118 17118 W Bitmap : Called getWidth() on a recycle()'d bitmap! This is undefined behavior!
02-11 16:16:06.960 17118 17118 W Bitmap : Called getHeight() on a recycle()'d bitmap! This is undefined behavior!
02-11 16:16:06.960 17118 17118 W Bitmap : Called getWidth() on a recycle()'d bitmap! This is undefined behavior!
02-11 16:16:06.960 17118 17118 W Bitmap : Called getHeight() on a recycle()'d bitmap! This is undefined behavior!
02-11 16:16:06.961 17118 17174 E OplusSkImageProcessing: not in image processing list
02-11 16:16:07.132 17118 17118 E OplusCustomizeRestrictionManager: getInstance
02-11 16:16:07.213 17118 17133 W System : A resource failed to call release.
02-11 16:16:07.213 17118 17133 W System : A resource failed to call release.
02-11 16:16:07.213 17118 17133 W System : A resource failed to call release.
02-11 16:16:07.778 17118 17118 E OplusCustomizeRestrictionManager: getInstance
02-11 16:16:07.780 17118 17118 E libc : Access denied finding property "ro.vendor.pref_scale_resolution"
02-11 16:16:07.790 17118 17118 E libc : Access denied finding property "ro.vendor.pref_scale_resolution"
02-11 16:16:07.791 17118 17118 E libc : Access denied finding property "ro.vendor.pref_scale_resolution"
02-11 16:16:07.815 17118 17118 E libc : Access denied finding property "ro.vendor.pref_scale_resolution"
02-11 16:16:07.806 17118 17118 E OplusCustomizeRestrictionManager: getInstance
02-11 16:16:08.625 17118 17273 E Parcel : Reading a NULL string not supported here.
02-11 16:16:08.651 17118 17273 E Parcel : Reading a NULL string not supported here.
02-11 16:16:08.714 17118 17273 E Parcel : Reading a NULL string not supported here.
02-11 16:16:08.900 17118 17273 E Parcel : Reading a NULL string not supported here.
02-11 16:16:16.262 17118 17118 E libc : Access denied finding property "ro.vendor.pref_scale_resolution"
02-11 16:16:16.315 17118 17118 E OplusCustomizeRestrictionManager: getInstance
02-11 16:16:16.357 17118 17118 E libc : Access denied finding property "ro.vendor.pref_scale_resolution"
02-11 16:16:16.339 17118 17118 E OplusCustomizeRestrictionManager: getInstance
02-11 16:16:16.381 17118 17118 E OplusCustomizeRestrictionManager: getInstance
02-11 16:16:16.384 17118 17118 E OplusCustomizeRestrictionManager: getInstance
02-11 16:16:16.421 17118 17118 E libc : Access denied finding property "ro.vendor.pref_scale_resolution"
02-11 16:16:16.422 17118 17118 E libc : Access denied finding property "ro.vendor.pref_scale_resolution"
02-11 16:16:16.424 17118 17118 E libc : Access denied finding property "ro.vendor.pref_scale_resolution"
02-11 16:16:16.433 17118 17118 E libc : Access denied finding property "ro.vendor.pref_scale_resolution"
02-11 16:16:17.953 17118 17118 W InputEventReceiver: Attempted to finish an input event but the input event receiver has already been disposed.
02-11 16:16:18.027 17118 17118 E libc : Access denied finding property "ro.vendor.pref_scale_resolution"
02-11 16:16:18.029 17118 17118 E libc : Access denied finding property "ro.vendor.pref_scale_resolution"
02-11 16:16:18.031 17118 17118 E libc : Access denied finding property "ro.vendor.pref_scale_resolution"
02-11 16:16:18.033 17118 17118 E libc : Access denied finding property "ro.vendor.pref_scale_resolution"
02-11 16:16:18.036 17118 17118 E libc : Access denied finding property "ro.vendor.pref_scale_resolution"
02-11 16:16:18.037 17118 17118 E libc : Access denied finding property "ro.vendor.pref_scale_resolution"
02-11 16:16:18.043 17118 17118 E libc : Access denied finding property "ro.vendor.pref_scale_resolution"
02-11 16:16:18.046 17118 17118 E libc : Access denied finding property "ro.vendor.pref_scale_resolution"
02-11 16:16:18.047 17118 17118 E libc : Access denied finding property "ro.vendor.pref_scale_resolution"
02-11 16:16:18.050 17118 17118 E libc : Access denied finding property "ro.vendor.pref_scale_resolution"
02-11 16:16:18.051 17118 17118 E OplusCustomizeRestrictionManager: getInstance
02-11 16:16:18.054 17118 17118 E libc : Access denied finding property "ro.vendor.pref_scale_resolution"
02-11 16:16:18.055 17118 17118 E libc : Access denied finding property "ro.vendor.pref_scale_resolution"
02-11 16:16:18.055 17118 17118 E libc : Access denied finding property "ro.vendor.pref_scale_resolution"
02-11 16:16:18.171 17118 17118 E OplusCustomizeRestrictionManager: getInstance
02-11 16:16:18.179 17118 17118 E OplusCustomizeRestrictionManager: getInstance
02-11 16:16:18.234 17118 17118 E OplusCustomizeRestrictionManager: getInstance
02-11 16:16:37.988 17118 17118 E libc : Access denied finding property "ro.vendor.pref_scale_resolution"
02-11 16:16:37.989 17118 17118 E libc : Access denied finding property "ro.vendor.pref_scale_resolution"
02-11 16:16:37.990 17118 17118 E libc : Access denied finding property "ro.vendor.pref_scale_resolution"
02-11 16:16:37.991 17118 17118 E OplusCustomizeRestrictionManager: getInstance
02-11 16:16:37.997 17118 17118 E OplusCustomizeRestrictionManager: getInstance
02-11 16:16:38.037 17118 17118 E OplusCustomizeRestrictionManager: getInstance
02-11 16:16:38.051 17118 17118 E OplusCustomizeRestrictionManager: getInstance
02-11 16:16:38.916 17118 17118 W InputEventReceiver: Attempted to finish an input event but the input event receiver has already been disposed.
02-11 16:16:45.547 17118 17273 E Parcel : Reading a NULL string not supported here.
02-11 16:16:45.618 17118 17273 W CursorWindow: Window is full: requested allocation 804 bytes, free space 724 bytes, window size 2097152 bytes
02-11 16:16:45.994 17118 17273 W CursorWindow: Window is full: requested allocation 804 bytes, free space 162 bytes, window size 2097152 bytes
02-11 16:16:46.241 17118 17133 W System : A resource failed to call release.
02-11 16:16:46.286 17118 17273 W CursorWindow: Window is full: requested allocation 804 bytes, free space 739 bytes, window size 2097152 bytes
02-11 16:16:46.548 17118 17273 E Parcel : Reading a NULL string not supported here.
02-11 16:16:46.757 17118 17273 E Parcel : Reading a NULL string not supported here.
02-11 16:16:47.493 17118 17273 E Parcel : Reading a NULL string not supported here.
02-11 16:16:47.522 17118 17273 E Parcel : Reading a NULL string not supported here.
02-11 16:16:47.581 17118 17273 E Parcel : Reading a NULL string not supported here.
02-11 16:16:47.726 17118 17273 E Parcel : Reading a NULL string not supported here.
02-11 16:16:49.995 17118 17273 E Parcel : Reading a NULL string not supported here.
02-11 16:16:54.579 17118 17118 E libc : Access denied finding property "ro.vendor.pref_scale_resolution"
02-11 16:16:56.164 17118 17118 E libc : Access denied finding property "ro.vendor.pref_scale_resolution"
02-11 16:16:56.990 17118 17118 E Parcel : Reading a NULL string not supported here.
02-11 16:16:57.052 17118 17118 E OplusCustomizeRestrictionManager: getInstance
02-11 16:16:57.056 17118 17118 E libc : Access denied finding property "ro.vendor.pref_scale_resolution"
02-11 16:16:57.058 17118 17118 E libc : Access denied finding property "ro.vendor.pref_scale_resolution"
02-11 16:16:57.059 17118 17118 E OplusCustomizeRestrictionManager: getInstance
02-11 16:16:58.762 17118 17118 W Bitmap : Called getWidth() on a recycle()'d bitmap! This is undefined behavior!
02-11 16:16:58.762 17118 17118 W Bitmap : Called getHeight() on a recycle()'d bitmap! This is undefined behavior!
02-11 16:16:58.762 17118 17118 W Bitmap : Called getWidth() on a recycle()'d bitmap! This is undefined behavior!
02-11 16:16:58.762 17118 17118 W Bitmap : Called getHeight() on a recycle()'d bitmap! This is undefined behavior!
02-11 16:16:58.762 17118 17118 W Bitmap : Called getWidth() on a recycle()'d bitmap! This is undefined behavior!
02-11 16:16:58.762 17118 17118 W Bitmap : Called getHeight() on a recycle()'d bitmap! This is undefined behavior!
02-11 16:16:58.763 17118 17174 E OplusSkImageProcessing: not in image processing list
02-11 16:16:58.918 17118 17118 E OplusCustomizeRestrictionManager: getInstance
02-11 16:16:58.921 17118 17118 E libc : Access denied finding property "ro.vendor.pref_scale_resolution"
02-11 16:17:02.652 17118 17118 E libc : Access denied finding property "ro.vendor.pref_scale_resolution"
02-11 16:17:02.652 17118 17118 E OplusCustomizeRestrictionManager: getInstance
02-11 16:17:02.662 17118 17118 E OplusCustomizeRestrictionManager: getInstance
02-11 16:17:03.793 17118 17118 E OplusCustomizeRestrictionManager: getInstance
02-11 16:17:05.385 17118 17118 E OplusCustomizeRestrictionManager: getInstance
02-11 16:17:05.978 17118 17118 E OplusCustomizeRestrictionManager: getInstance
02-11 16:17:13.678 17118 17118 E Parcel : Reading a NULL string not supported here.
02-11 16:17:13.728 17118 17118 E OplusCustomizeRestrictionManager: getInstance
02-11 16:17:13.731 17118 17118 E libc : Access denied finding property "ro.vendor.pref_scale_resolution"
02-11 16:17:13.734 17118 17118 E libc : Access denied finding property "ro.vendor.pref_scale_resolution"
02-11 16:17:13.734 17118 17118 E OplusCustomizeRestrictionManager: getInstance
02-11 16:17:16.836 17118 17118 W Bitmap : Called getWidth() on a recycle()'d bitmap! This is undefined behavior!
02-11 16:17:16.836 17118 17118 W Bitmap : Called getHeight() on a recycle()'d bitmap! This is undefined behavior!
02-11 16:17:16.836 17118 17118 W Bitmap : Called getWidth() on a recycle()'d bitmap! This is undefined behavior!
02-11 16:17:16.836 17118 17118 W Bitmap : Called getHeight() on a recycle()'d bitmap! This is undefined behavior!
02-11 16:17:16.836 17118 17118 W Bitmap : Called getWidth() on a recycle()'d bitmap! This is undefined behavior!
02-11 16:17:16.836 17118 17118 W Bitmap : Called getHeight() on a recycle()'d bitmap! This is undefined behavior!
02-11 16:17:16.838 17118 17174 E OplusSkImageProcessing: not in image processing list
02-11 16:17:17.006 17118 17118 E OplusCustomizeRestrictionManager: getInstance
02-11 16:17:17.012 17118 17118 E libc : Access denied finding property "ro.vendor.pref_scale_resolution"
02-11 16:17:17.048 17118 17133 W System : A resource failed to call release.
02-11 16:17:17.052 17118 17133 W System : A resource failed to call release.
02-11 16:17:17.903 17118 17118 E libc : Access denied finding property "ro.vendor.pref_scale_resolution"
02-11 16:17:17.917 17118 17118 E OplusCustomizeRestrictionManager: getInstance
02-11 16:17:17.916 17118 17118 E libc : Access denied finding property "ro.vendor.pref_scale_resolution"
02-11 16:17:17.959 17118 17118 E libc : Access denied finding property "ro.vendor.pref_scale_resolution"
02-11 16:17:17.960 17118 17118 E libc : Access denied finding property "ro.vendor.pref_scale_resolution"
02-11 16:17:17.987 17118 17118 E libc : Access denied finding property "ro.vendor.pref_scale_resolution"
02-11 16:17:17.958 17118 17118 E OplusCustomizeRestrictionManager: getInstance
02-11 16:17:18.006 17118 17118 E OplusCustomizeRestrictionManager: getInstance
02-11 16:17:19.037 17118 17174 E OplusSkImageProcessing: not in image processing list
02-11 16:17:19.083 17118 17959 E Parcel : Reading a NULL string not supported here.
02-11 16:17:19.085 17118 17933 E Parcel : Reading a NULL string not supported here.
02-11 16:17:19.095 17118 17959 E Parcel : Reading a NULL string not supported here.
02-11 16:17:19.098 17118 17933 E Parcel : Reading a NULL string not supported here.
02-11 16:17:19.108 17118 17959 E Parcel : Reading a NULL string not supported here.
02-11 16:17:19.111 17118 17933 E Parcel : Reading a NULL string not supported here.
02-11 16:17:19.112 17118 17118 E libc : Access denied finding property "ro.vendor.pref_scale_resolution"
02-11 16:17:19.112 17118 17118 E libc : Access denied finding property "ro.vendor.pref_scale_resolution"
02-11 16:17:19.117 17118 17959 E Parcel : Reading a NULL string not supported here.
02-11 16:17:19.126 17118 17933 E Parcel : Reading a NULL string not supported here.
02-11 16:17:19.138 17118 17959 E Parcel : Reading a NULL string not supported here.
02-11 16:17:19.145 17118 17933 E Parcel : Reading a NULL string not supported here.
02-11 16:17:19.151 17118 17959 E Parcel : Reading a NULL string not supported here.
02-11 16:17:19.153 17118 17933 E Parcel : Reading a NULL string not supported here.
02-11 16:17:19.165 17118 17959 E Parcel : Reading a NULL string not supported here.
02-11 16:17:19.182 17118 17959 E Parcel : Reading a NULL string not supported here.
02-11 16:17:19.197 17118 17959 E Parcel : Reading a NULL string not supported here.
02-11 16:17:19.215 17118 17959 E Parcel : Reading a NULL string not supported here.
02-11 16:17:19.225 17118 17959 E Parcel : Reading a NULL string not supported here.
02-11 16:17:19.239 17118 17959 E Parcel : Reading a NULL string not supported here.
02-11 16:17:19.556 17118 17118 E libc : Access denied finding property "ro.vendor.pref_scale_resolution"
02-11 16:17:19.557 17118 17118 E OplusCustomizeRestrictionManager: getInstance
02-11 16:17:19.614 17118 17118 W BottomSheetBehavior: BottomSheetBehavior now supports multiple callbacks. `setBottomSheetCallback()` removes all existing callbacks, including ones set internally by library authors, which may result in unintended behavior. This may change in the future. Please use `addBottomSheetCallback()` and `removeBottomSheetCallback()` instead to set your own callbacks.
02-11 16:17:19.559 17118 17118 E OplusCustomizeRestrictionManager: getInstance
02-11 16:17:19.993 17118 17171 E SQLiteDatabase: Error inserting transferred=0 media_job_uuid=f5a80b19-783e-4fa4-ab17-9ded0e991096 transcoded=1 gif_attribution=0 first_scan_length=0 direct_path=null thumbnail_height_width_ratio=2.7575758 is_animated_sticker=0 file_hash=null file_path=/data/user/0/com.mbwhatsapp/files/.Shared/fffc926c-fd88-46f5-9bf4- f4421d4a2d68.jpg file_size=475147 partial_media_hash=null face_x=0 face_y=0 height=2910 trim_to=0 media_key_timestamp=0 message_url=null media_caption=null trim_from=0 mime_type=null partial_media_enc_hash=null width=1080 original_file_hash=+f+xOhHc69Naj1tdstjlW8Iw6eWPhyVUfj7LemVAbGQ= has_streaming_sidecar=0 autotransfer_retry_enabled=1 media_upload_handle=null message_row_id=111958 multicast_id=null enc_file_hash=null mute_video=0 page_count=0 first_scan_sidecar=null suspicious_content=0 file_length=475147 media_name=fffc926c-fd88-46f5-9bf4-f4421d4a2d68.jpg media_duration=0 chat_row_id=336 media_key=null
02-11 16:17:19.993 17118 17171 E SQLiteDatabase: android.database.sqlite.SQLiteConstraintException: UNIQUE constraint failed: message_media.message_row_id (code 1555 SQLITE_CONSTRAINT_PRIMARYKEY)
02-11 16:17:19.993 17118 17171 E SQLiteDatabase: at android.database.sqlite.SQLiteConnection.nativeExecuteForLastInsertedRowId(Native Method)
02-11 16:17:19.993 17118 17171 E SQLiteDatabase: at android.database.sqlite.SQLiteConnection.executeForLastInsertedRowId(SQLiteConnecti on.java:948)
02-11 16:17:19.993 17118 17171 E SQLiteDatabase: at android.database.sqlite.SQLiteSession.executeForLastInsertedRowId(SQLiteSession.jav a:790)
02-11 16:17:19.993 17118 17171 E SQLiteDatabase: at android.database.sqlite.SQLiteStatement.executeInsert(SQLiteStatement.java:88)
02-11 16:17:19.993 17118 17171 E SQLiteDatabase: at android.database.sqlite.SQLiteDatabase.insertWithOnConflict(SQLiteDatabase.java:171 2)
02-11 16:17:19.993 17118 17171 E SQLiteDatabase: at android.database.sqlite.SQLiteDatabase.insert(SQLiteDatabase.java:1581)
02-11 16:17:19.993 17118 17171 E SQLiteDatabase: at X.2tm.A08(Unknown Source:6)
02-11 16:17:19.993 17118 17171 E SQLiteDatabase: at X.35Y.A07(Unknown Source:212)
02-11 16:17:19.993 17118 17171 E SQLiteDatabase: at X.3QF.A14(Unknown Source:470)
02-11 16:17:19.993 17118 17171 E SQLiteDatabase: at X.3gU.run(Unknown Source:982)
02-11 16:17:19.993 17118 17171 E SQLiteDatabase: at android.os.Handler.handleCallback(Handler.java:938)
02-11 16:17:19.993 17118 17171 E SQLiteDatabase: at android.os.Handler.dispatchMessage(Handler.java:99)
02-11 16:17:19.993 17118 17171 E SQLiteDatabase: at X.0zq.dispatchMessage(Unknown Source:4)
02-11 16:17:19.993 17118 17171 E SQLiteDatabase: at android.os.Looper.loop(Looper.java:254)
02-11 16:17:19.993 17118 17171 E SQLiteDatabase: at android.os.HandlerThread.run(HandlerThread.java:67)
02-11 16:17:20.283 17118 17118 E libc : Access denied finding property "ro.vendor.pref_scale_resolution"
02-11 16:17:20.287 17118 17118 E libc : Access denied finding property "ro.vendor.pref_scale_resolution"
02-11 16:17:20.300 17118 17118 E libc : Access denied finding property "ro.vendor.pref_scale_resolution"
02-11 16:17:20.332 17118 17118 E libc : Access denied finding property "ro.vendor.pref_scale_resolution"
02-11 16:17:20.361 17118 17133 W System : A resource failed to call release.
02-11 16:17:20.379 17118 17118 E libc : Access denied finding property "ro.vendor.pref_scale_resolution"
02-11 16:17:20.387 17118 17118 E OplusCustomizeRestrictionManager: getInstance
02-11 16:17:20.385 17118 17118 E libc : Access denied finding property "ro.vendor.pref_scale_resolution"
02-11 16:17:20.585 17118 17118 E libc : Access denied finding property "ro.vendor.pref_scale_resolution"
02-11 16:17:20.605 17118 17118 E OplusCustomizeRestrictionManager: getInstance
02-11 16:17:21.509 17118 17180 E Parcel : Reading a NULL string not supported here.
02-11 16:17:21.519 17118 17171 E SQLiteDatabase: Error inserting transferred=1 media_job_uuid=f5a80b19-783e-4fa4-ab17-9ded0e991096 transcoded=1 gif_attribution=0 first_scan_length=0 direct_path=/o1/v/t62.7118-24/f1/m269/up-oil-image-883a8171- 7913-4ec3-a103-e99737f07d42?ccb=9- 4&oh=01_AdQe6AnTJOwYo7oUj2C1vbbvrK4wlWzNz3PNz4_YdOeWPQ&oe=65EFEB67&_nc_sid=000000 thumbnail_height_width_ratio=2.7575758 is_animated_sticker=0 file_hash=eZROqOjKlOxPhp/qjedXRN5dz3ZuTlwSxDsD3lprPGw= file_path=Media/MBWhatsApp Images/Sent/IMG-20240211-WA0049.jpg file_size=475147 partial_media_hash=3YqKF6WGPwE628NMceXacsWPAuJMujny7nSTdvB6mKo= face_x=0 face_y=0 height=2910 trim_to=0 media_key_timestamp=1707643045961 message_url=https://mmg.whatsapp.net/o1/v/t62.7118-24/f1/m269/up-oil-image- 883a8171-7913-4ec3-a103-e99737f07d42?ccb=9- 4&oh=01_AdQe6AnTJOwYo7oUj2C1vbbvrK4wlWzNz3PNz4_YdOeWPQ&oe=65EFEB67&_nc_sid=000000&m ms3=true media_caption=null trim_from=0 mime_type=null partial_media_enc_hash=null width=1080 original_file_hash=+f+xOhHc69Naj1tdstjlW8Iw6eWPhyVUfj7LemVAbGQ= has_streaming_sidecar=1 autotransfer_retry_enabled=0 media_upload_handle=null message_row_id=111958 multicast_id=null enc_file_hash=Ewlq44jxtwW6r5x6RoQ3ffR23Da+hH9ztEvXEuEP+Yc= mute_video=0 page_count=0 first_scan_sidecar=null suspicious_content=0 file_length=475147 media_name=fffc926c-fd88-46f5-9bf4-f4421d4a2d68.jpg media_duration=0 chat_row_id=336 media_key=[B@fa97b94
02-11 16:17:21.519 17118 17171 E SQLiteDatabase: android.database.sqlite.SQLiteConstraintException: UNIQUE constraint failed: message_media.message_row_id (code 1555 SQLITE_CONSTRAINT_PRIMARYKEY)
02-11 16:17:21.519 17118 17171 E SQLiteDatabase: at android.database.sqlite.SQLiteConnection.nativeExecuteForLastInsertedRowId(Native Method)
02-11 16:17:21.519 17118 17171 E SQLiteDatabase: at android.database.sqlite.SQLiteConnection.executeForLastInsertedRowId(SQLiteConnecti on.java:948)
02-11 16:17:21.519 17118 17171 E SQLiteDatabase: at android.database.sqlite.SQLiteSession.executeForLastInsertedRowId(SQLiteSession.jav a:790)
02-11 16:17:21.519 17118 17171 E SQLiteDatabase: at android.database.sqlite.SQLiteStatement.executeInsert(SQLiteStatement.java:88)
02-11 16:17:21.519 17118 17171 E SQLiteDatabase: at android.database.sqlite.SQLiteDatabase.insertWithOnConflict(SQLiteDatabase.java:171 2)
02-11 16:17:21.519 17118 17171 E SQLiteDatabase: at android.database.sqlite.SQLiteDatabase.insert(SQLiteDatabase.java:1581)
02-11 16:17:21.519 17118 17171 E SQLiteDatabase: at X.2tm.A08(Unknown Source:6)
02-11 16:17:21.519 17118 17171 E SQLiteDatabase: at X.35Y.A07(Unknown Source:212)
02-11 16:17:21.519 17118 17171 E SQLiteDatabase: at X.3QF.A14(Unknown Source:470)
02-11 16:17:21.519 17118 17171 E SQLiteDatabase: at X.3gU.run(Unknown Source:982)
02-11 16:17:21.519 17118 17171 E SQLiteDatabase: at android.os.Handler.handleCallback(Handler.java:938)
02-11 16:17:21.519 17118 17171 E SQLiteDatabase: at android.os.Handler.dispatchMessage(Handler.java:99)
02-11 16:17:21.519 17118 17171 E SQLiteDatabase: at X.0zq.dispatchMessage(Unknown Source:4)
02-11 16:17:21.519 17118 17171 E SQLiteDatabase: at android.os.Looper.loop(Looper.java:254)
02-11 16:17:21.519 17118 17171 E SQLiteDatabase: at android.os.HandlerThread.run(HandlerThread.java:67)
02-11 16:17:22.316 17118 17118 E OplusCustomizeRestrictionManager: getInstance
02-11 16:17:22.318 17118 17118 E libc : Access denied finding property "ro.vendor.pref_scale_resolution"
02-11 16:17:22.319 17118 17118 E libc : Access denied finding property "ro.vendor.pref_scale_resolution"
02-11 16:17:22.319 17118 17118 E OplusCustomizeRestrictionManager: getInstance
02-11 16:17:23.652 17118 17118 E libc : Access denied finding property "ro.vendor.pref_scale_resolution"
02-11 16:17:23.652 17118 17118 E OplusCustomizeRestrictionManager: getInstance
02-11 16:17:33.813 17118 17274 E Parcel : Reading a NULL string not supported here.
02-11 16:17:54.044 17118 17118 E Parcel : Reading a NULL string not supported here.
02-11 16:17:54.120 17118 17118 E libc : Access denied finding property "ro.vendor.pref_scale_resolution"
02-11 16:17:54.121 17118 17118 E OplusCustomizeRestrictionManager: getInstance
02-11 16:17:54.122 17118 17118 E libc : Access denied finding property "ro.vendor.pref_scale_resolution"
02-11 16:17:54.195 17118 17118 E libc : Access denied finding property "ro.vendor.pref_scale_resolution"
02-11 16:17:54.201 17118 17118 E libc : Access denied finding property "ro.vendor.pref_scale_resolution"
02-11 16:17:54.205 17118 17118 E libc : Access denied finding property "ro.vendor.pref_scale_resolution"
02-11 16:17:54.215 17118 17118 E libc : Access denied finding property "ro.vendor.pref_scale_resolution"
02-11 16:17:54.215 17118 17118 E libc : Access denied finding property "ro.vendor.pref_scale_resolution"
02-11 16:17:54.234 17118 17118 E ArmVmp : Match on catch block at 0x0a in for 0xc1
02-11 16:17:54.237 17118 17118 E ArmVmp : Match on catch block at 0x0a in for 0xc9
02-11 16:17:54.240 17118 17118 E libc : Access denied finding property "ro.vendor.pref_scale_resolution"
02-11 16:17:54.246 17118 17118 E libc : Access denied finding property "ro.vendor.pref_scale_resolution"
02-11 16:17:54.247 17118 17118 E OplusCustomizeRestrictionManager: getInstance
02-11 16:17:54.293 17118 17118 E libc : Access denied finding property "ro.vendor.pref_scale_resolution"
02-11 16:17:54.293 17118 17118 E OplusCustomizeRestrictionManager: getInstance
02-11 16:17:54.300 17118 17118 E libc : Access denied finding property "ro.vendor.pref_scale_resolution"
02-11 16:17:54.309 17118 17118 E libc : Access denied finding property "ro.vendor.pref_scale_resolution"
02-11 16:17:54.313 17118 17118 E libc : Access denied finding property "ro.vendor.pref_scale_resolution"
02-11 16:17:54.315 17118 17118 E libc : Access denied finding property "ro.vendor.pref_scale_resolution"
02-11 16:17:54.316 17118 17118 E libc : Access denied finding property "ro.vendor.pref_scale_resolution"
02-11 16:17:54.332 17118 17118 E libc : Access denied finding property "ro.vendor.pref_scale_resolution"
02-11 16:17:54.343 17118 17118 E libc : Access denied finding property "ro.vendor.pref_scale_resolution"
02-11 16:17:54.386 17118 17118 E libc : Access denied finding property "ro.vendor.pref_scale_resolution"
02-11 16:17:54.394 17118 17118 E OplusCustomizeRestrictionManager: getInstance
02-11 16:17:54.399 17118 17118 E ArmVmp : Match on catch block at 0xc3 in for 0xb5
02-11 16:17:54.402 17118 17118 E ArmVmp : Match on catch block at 0xc3 in for 0xb5
02-11 16:17:54.404 17118 17118 E ArmVmp : Match on catch block at 0xc3 in for 0xb5
02-11 16:17:54.435 17118 17118 E libc : Access denied finding property "ro.vendor.pref_scale_resolution"
