02-09 19:41:05.287 24126 24126 E ArmVmp : Match on catch block at 0xc3 in for 0xa1
02-09 19:41:05.288 24126 24126 E ArmVmp : Match on catch block at 0xc3 in for 0xa1
02-09 19:41:05.318 24126 24126 E libc : Access denied finding property "ro.vendor.pref_scale_resolution"
02-09 19:41:05.368 24126 24126 E ArmVmp : Match on catch block at 0xc3 in for 0xa9
02-09 19:41:05.371 24126 24126 E ArmVmp : Match on catch block at 0xc3 in for 0xa1
02-09 19:41:05.373 24126 24126 E ArmVmp : Match on catch block at 0xc3 in for 0xa1
02-09 19:41:05.605 24126 24126 E ArmVmp : Match on catch block at 0xc3 in for 0xa9
02-09 19:41:05.610 24126 24126 E ArmVmp : Match on catch block at 0xc3 in for 0xa1
02-09 19:41:05.614 24126 24126 E ArmVmp : Match on catch block at 0xc3 in for 0xa1
02-09 19:41:06.758 24126 24126 E libc : Access denied finding property "ro.vendor.pref_scale_resolution"
02-09 19:41:06.762 24126 24126 E libc : Access denied finding property "ro.vendor.pref_scale_resolution"
02-09 19:41:06.769 24126 24126 E libc : Access denied finding property "ro.vendor.pref_scale_resolution"
02-09 19:41:06.772 24126 24126 E libc : Access denied finding property "ro.vendor.pref_scale_resolution"
02-09 19:41:06.781 24126 24126 E libc : Access denied finding property "ro.vendor.pref_scale_resolution"
02-09 19:41:06.787 24126 24126 E libc : Access denied finding property "ro.vendor.pref_scale_resolution"
02-09 19:41:06.796 24126 24126 E OplusCustomizeRestrictionManager: getInstance
02-09 19:41:06.793 24126 24126 E libc : Access denied finding property "ro.vendor.pref_scale_resolution"
02-09 19:41:06.800 24126 24126 E OplusCustomizeRestrictionManager: getInstance
02-09 19:41:07.078 24126 24140 W System : A resource failed to call release.
02-09 19:41:10.723 24126 24126 E Parcel : Reading a NULL string not supported here.
02-09 19:41:10.784 24126 24126 E libc : Access denied finding property "ro.vendor.pref_scale_resolution"
02-09 19:41:10.786 24126 24126 E libc : Access denied finding property "ro.vendor.pref_scale_resolution"
02-09 19:41:10.787 24126 24126 E OplusCustomizeRestrictionManager: getInstance
02-09 19:41:10.792 24126 24126 E libc : Access denied finding property "ro.vendor.pref_scale_resolution"
02-09 19:41:10.793 24126 24126 E libc : Access denied finding property "ro.vendor.pref_scale_resolution"
02-09 19:41:10.811 24126 24126 E libc : Access denied finding property "ro.vendor.pref_scale_resolution"
02-09 19:41:10.807 24126 24126 E OplusCustomizeRestrictionManager: getInstance
02-09 19:41:10.870 24126 24126 E libc : Access denied finding property "ro.vendor.pref_scale_resolution"
02-09 19:41:10.871 24126 24126 E libc : Access denied finding property "ro.vendor.pref_scale_resolution"
02-09 19:41:10.887 24126 24126 E libc : Access denied finding property "ro.vendor.pref_scale_resolution"
02-09 19:41:10.894 24126 24126 E OplusCustomizeRestrictionManager: getInstance
02-09 19:41:10.894 24126 24126 E libc : Access denied finding property "ro.vendor.pref_scale_resolution"
02-09 19:41:10.906 24126 24126 E libc : Access denied finding property "ro.vendor.pref_scale_resolution"
02-09 19:41:10.903 24126 24126 E OplusCustomizeRestrictionManager: getInstance
02-09 19:41:11.796 24126 24126 E Parcel : Reading a NULL string not supported here.
02-09 19:41:11.871 24126 24126 E libc : Access denied finding property "ro.vendor.pref_scale_resolution"
02-09 19:41:11.874 24126 24126 E OplusCustomizeRestrictionManager: getInstance
02-09 19:41:11.879 24126 24126 E libc : Access denied finding property "ro.vendor.pref_scale_resolution"
02-09 19:41:11.876 24126 24126 E OplusCustomizeRestrictionManager: getInstance
02-09 19:41:11.915 24126 24126 E OplusCustomizeRestrictionManager: getInstance
02-09 19:41:11.917 24126 24126 E OplusCustomizeRestrictionManager: getInstance
02-09 19:41:11.918 24126 24126 E libc : Access denied finding property "ro.vendor.pref_scale_resolution"
02-09 19:41:11.920 24126 24126 E libc : Access denied finding property "ro.vendor.pref_scale_resolution"
02-09 19:41:11.921 24126 24126 E libc : Access denied finding property "ro.vendor.pref_scale_resolution"
02-09 19:41:11.924 24126 24126 E libc : Access denied finding property "ro.vendor.pref_scale_resolution"
02-09 19:41:11.929 24126 24126 E libc : Access denied finding property "ro.vendor.pref_scale_resolution"
02-09 19:41:11.942 24126 24126 E libc : Access denied finding property "ro.vendor.pref_scale_resolution"
02-09 19:41:11.943 24126 24126 W BottomSheetBehavior: BottomSheetBehavior now supports multiple callbacks. `setBottomSheetCallback()` removes all existing callbacks, including ones set internally by library authors, which may result in unintended behavior. This may change in the future. Please use `addBottomSheetCallback()` and `removeBottomSheetCallback()` instead to set your own callbacks.
02-09 19:41:11.943 24126 24126 W BottomSheetBehavior: BottomSheetBehavior now supports multiple callbacks. `setBottomSheetCallback()` removes all existing callbacks, including ones set internally by library authors, which may result in unintended behavior. This may change in the future. Please use `addBottomSheetCallback()` and `removeBottomSheetCallback()` instead to set your own callbacks.
02-09 19:41:11.967 24126 24126 W BottomSheetBehavior: BottomSheetBehavior now supports multiple callbacks. `setBottomSheetCallback()` removes all existing callbacks, including ones set internally by library authors, which may result in unintended behavior. This may change in the future. Please use `addBottomSheetCallback()` and `removeBottomSheetCallback()` instead to set your own callbacks.
02-09 19:41:11.967 24126 24126 W BottomSheetBehavior: BottomSheetBehavior now supports multiple callbacks. `setBottomSheetCallback()` removes all existing callbacks, including ones set internally by library authors, which may result in unintended behavior. This may change in the future. Please use `addBottomSheetCallback()` and `removeBottomSheetCallback()` instead to set your own callbacks.
02-09 19:41:12.018 24126 24126 E libc : Access denied finding property "ro.vendor.pref_scale_resolution"
02-09 19:41:11.963 24126 24126 E OplusCustomizeRestrictionManager: getInstance
02-09 19:41:12.025 24126 24126 E OplusCustomizeRestrictionManager: getInstance
02-09 19:41:12.067 24126 24126 E OplusCustomizeRestrictionManager: getInstance
02-09 19:41:13.488 24126 24126 E OplusCustomizeRestrictionManager: getInstance
02-09 19:41:13.548 24126 26572 E Parcel : Reading a NULL string not supported here.
02-09 19:41:13.592 24126 26576 E OplusACodec: [GetVideoCodingTypeFromMime:L691] mime:video/avc
02-09 19:41:13.595 24126 26576 E MtkACodecExt: setConfig(OMX_CONFIG_ROTATIONTYPE) returned error 0xfffffc0e
02-09 19:41:13.595 24126 26576 E ACodec : [OMX.MTK.VIDEO.DECODER.AVC] failed to setViLTEParameters 1
02-09 19:41:13.628 24126 26584 W Codec2Client: query -- param skipped: index = 1107298332.
02-09 19:41:13.628 24126 26584 W CCodec : This behavior is subject to change. It is recommended that app developers double check whether the requested max input size is in reasonable range.
02-09 19:41:13.629 24126 26584 W Codec2Client: query -- param skipped: index = 1342179345.
02-09 19:41:13.630 24126 26584 W Codec2Client: query -- param skipped: index = 2415921170.
02-09 19:41:13.630 24126 26584 W Codec2Client: query -- param skipped: index = 1610614798.
02-09 19:41:13.631 24126 26584 E FMQ : grantorIdx must be less than 3
02-09 19:41:13.631 24126 26584 E FMQ : grantorIdx must be less than 3
02-09 19:41:13.637 24126 26584 E FMQ : grantorIdx must be less than 3
02-09 19:41:13.645 24126 25342 E FMQ : grantorIdx must be less than 3
02-09 19:41:13.527 24126 24126 E OplusCustomizeRestrictionManager: getInstance
02-09 19:41:14.018 24126 24126 E OplusCustomizeRestrictionManager: getInstance
02-09 19:41:14.038 24126 24126 E OplusCustomizeRestrictionManager: getInstance
02-09 19:41:20.769 24126 24126 E OplusCustomizeRestrictionManager: getInstance
02-09 19:41:20.816 24126 26584 W Codec2Client: query -- param skipped: index = 1342179345.
02-09 19:41:20.816 24126 26584 W Codec2Client: query -- param skipped: index = 2415921170.
02-09 19:41:20.816 24126 26584 W Codec2Client: query -- param skipped: index = 1610614798.
02-09 19:41:20.818 24126 26576 W ACodec : Failed to set ANW_HWComposer to OMX, ignoring (-2147483648)
02-09 19:41:20.791 24126 24126 E OplusCustomizeRestrictionManager: getInstance
02-09 19:41:21.130 24126 26572 E Parcel : Reading a NULL string not supported here.
02-09 19:41:21.177 24126 26609 E OplusACodec: [GetVideoCodingTypeFromMime:L691] mime:video/avc
02-09 19:41:21.180 24126 26609 E MtkACodecExt: setConfig(OMX_CONFIG_ROTATIONTYPE) returned error 0xfffffc0e
02-09 19:41:21.180 24126 26609 E ACodec : [OMX.MTK.VIDEO.DECODER.AVC] failed to setViLTEParameters 1
02-09 19:41:21.219 24126 26617 W Codec2Client: query -- param skipped: index = 1107298332.
02-09 19:41:21.219 24126 26617 W CCodec : This behavior is subject to change. It is recommended that app developers double check whether the requested max input size is in reasonable range.
02-09 19:41:21.220 24126 26617 W Codec2Client: query -- param skipped: index = 1342179345.
02-09 19:41:21.220 24126 26617 W Codec2Client: query -- param skipped: index = 2415921170.
02-09 19:41:21.220 24126 26617 W Codec2Client: query -- param skipped: index = 1610614798.
02-09 19:41:21.220 24126 26617 E FMQ : grantorIdx must be less than 3
02-09 19:41:21.220 24126 26617 E FMQ : grantorIdx must be less than 3
02-09 19:41:21.225 24126 26617 E FMQ : grantorIdx must be less than 3
02-09 19:41:21.231 24126 25342 E FMQ : grantorIdx must be less than 3
02-09 19:41:38.563 24126 26617 W Codec2Client: query -- param skipped: index = 1342179345.
02-09 19:41:38.563 24126 26617 W Codec2Client: query -- param skipped: index = 2415921170.
02-09 19:41:38.563 24126 26617 W Codec2Client: query -- param skipped: index = 1610614798.
02-09 19:41:38.565 24126 26609 W ACodec : Failed to set ANW_HWComposer to OMX, ignoring (-2147483648)
02-09 19:41:39.475 24126 24126 E libc : Access denied finding property "ro.vendor.pref_scale_resolution"
02-09 19:41:39.476 24126 24126 E libc : Access denied finding property "ro.vendor.pref_scale_resolution"
02-09 19:41:42.733 24126 24126 E Parcel : Reading a NULL string not supported here.
02-09 19:41:42.810 24126 24126 E libc : Access denied finding property "ro.vendor.pref_scale_resolution"
02-09 19:41:42.814 24126 24126 E OplusCustomizeRestrictionManager: getInstance
02-09 19:41:42.821 24126 24126 E libc : Access denied finding property "ro.vendor.pref_scale_resolution"
02-09 19:41:42.836 24126 24126 E OplusCustomizeRestrictionManager: getInstance
02-09 19:41:42.878 24126 24126 E OplusCustomizeRestrictionManager: getInstance
02-09 19:41:42.879 24126 24126 E OplusCustomizeRestrictionManager: getInstance
02-09 19:41:42.881 24126 24126 E libc : Access denied finding property "ro.vendor.pref_scale_resolution"
02-09 19:41:42.886 24126 24126 E libc : Access denied finding property "ro.vendor.pref_scale_resolution"
02-09 19:41:42.887 24126 24126 E OplusCustomizeRestrictionManager: getInstance
02-09 19:41:42.887 24126 24126 E libc : Access denied finding property "ro.vendor.pref_scale_resolution"
02-09 19:41:42.893 24126 24126 E libc : Access denied finding property "ro.vendor.pref_scale_resolution"
02-09 19:41:42.895 24126 24126 W BottomSheetBehavior: BottomSheetBehavior now supports multiple callbacks. `setBottomSheetCallback()` removes all existing callbacks, including ones set internally by library authors, which may result in unintended behavior. This may change in the future. Please use `addBottomSheetCallback()` and `removeBottomSheetCallback()` instead to set your own callbacks.
02-09 19:41:42.895 24126 24126 W BottomSheetBehavior: BottomSheetBehavior now supports multiple callbacks. `setBottomSheetCallback()` removes all existing callbacks, including ones set internally by library authors, which may result in unintended behavior. This may change in the future. Please use `addBottomSheetCallback()` and `removeBottomSheetCallback()` instead to set your own callbacks.
02-09 19:41:42.908 24126 24126 W BottomSheetBehavior: BottomSheetBehavior now supports multiple callbacks. `setBottomSheetCallback()` removes all existing callbacks, including ones set internally by library authors, which may result in unintended behavior. This may change in the future. Please use `addBottomSheetCallback()` and `removeBottomSheetCallback()` instead to set your own callbacks.
02-09 19:41:42.908 24126 24126 W BottomSheetBehavior: BottomSheetBehavior now supports multiple callbacks. `setBottomSheetCallback()` removes all existing callbacks, including ones set internally by library authors, which may result in unintended behavior. This may change in the future. Please use `addBottomSheetCallback()` and `removeBottomSheetCallback()` instead to set your own callbacks.
02-09 19:41:42.911 24126 24126 E libc : Access denied finding property "ro.vendor.pref_scale_resolution"
02-09 19:41:42.918 24126 24126 E libc : Access denied finding property "ro.vendor.pref_scale_resolution"
02-09 19:41:42.923 24126 24126 E libc : Access denied finding property "ro.vendor.pref_scale_resolution"
02-09 19:41:42.924 24126 24126 E libc : Access denied finding property "ro.vendor.pref_scale_resolution"
02-09 19:41:42.940 24126 24126 W BottomSheetBehavior: BottomSheetBehavior now supports multiple callbacks. `setBottomSheetCallback()` removes all existing callbacks, including ones set internally by library authors, which may result in unintended behavior. This may change in the future. Please use `addBottomSheetCallback()` and `removeBottomSheetCallback()` instead to set your own callbacks.
02-09 19:41:42.940 24126 24126 W BottomSheetBehavior: BottomSheetBehavior now supports multiple callbacks. `setBottomSheetCallback()` removes all existing callbacks, including ones set internally by library authors, which may result in unintended behavior. This may change in the future. Please use `addBottomSheetCallback()` and `removeBottomSheetCallback()` instead to set your own callbacks.
02-09 19:41:42.948 24126 24126 E libc : Access denied finding property "ro.vendor.pref_scale_resolution"
02-09 19:41:42.956 24126 24126 W BottomSheetBehavior: BottomSheetBehavior now supports multiple callbacks. `setBottomSheetCallback()` removes all existing callbacks, including ones set internally by library authors, which may result in unintended behavior. This may change in the future. Please use `addBottomSheetCallback()` and `removeBottomSheetCallback()` instead to set your own callbacks.
02-09 19:41:42.956 24126 24126 W BottomSheetBehavior: BottomSheetBehavior now supports multiple callbacks. `setBottomSheetCallback()` removes all existing callbacks, including ones set internally by library authors, which may result in unintended behavior. This may change in the future. Please use `addBottomSheetCallback()` and `removeBottomSheetCallback()` instead to set your own callbacks.
02-09 19:41:42.958 24126 24126 E libc : Access denied finding property "ro.vendor.pref_scale_resolution"
02-09 19:41:42.959 24126 24126 E libc : Access denied finding property "ro.vendor.pref_scale_resolution"
02-09 19:41:42.968 24126 24126 E RecyclerView: No adapter attached; skipping layout
02-09 19:41:42.969 24126 24126 E RecyclerView: No adapter attached; skipping layout
02-09 19:41:42.969 24126 24126 E RecyclerView: No adapter attached; skipping layout
02-09 19:41:42.955 24126 24126 E OplusCustomizeRestrictionManager: getInstance
02-09 19:41:43.562 24126 24291 E SQLiteDatabase: Error inserting transferred=1 media_job_uuid=78709943-0252-4e77-a420-01fba14c363b transcoded=0 gif_attribution=0 first_scan_length=18545 direct_path=/o1/v/t62.7118-24/f1/m233/up-oil-image- 7166f7a2-bea2-4d18-8124-0dd8f7064255?ccb=9- 4&oh=01_AdQANMy6teoYxIT600AIRNteWOG9C7aldfkJO6K-X56bNQ&oe=65ED8C44&_nc_sid=000000 thumbnail_height_width_ratio=1.25 is_animated_sticker=0 file_hash=CheiaQ4I+XmEpklu/odJz3n4jBPRZVrmkiHNomcX0MM= file_path=Media/.Statuses/86ff310bc3c04db9a19e6f70816a9da2.jpg file_size=218319 partial_media_hash=GM9N7380R+5iJy0D5cxhDrrj5gyiSWyOoUAHU+Abzbk= face_x=0 face_y=0 height=1600 trim_to=0 media_key_timestamp=1707477040000 message_url=https://mmg.whatsapp.net/o1/v/t62.7118-24/f1/m233/up-oil-image- 7166f7a2-bea2-4d18-8124-0dd8f7064255?ccb=9- 4&oh=01_AdQANMy6teoYxIT600AIRNteWOG9C7aldfkJO6K- X56bNQ&oe=65ED8C44&_nc_sid=000000&mms3=true media_caption=null trim_from=0 mime_type=image/jpeg partial_media_enc_hash=null width=1280 original_file_hash=null has_streaming_sidecar=1 autotransfer_retry_enabled=1 media_upload_handle=null message_row_id=109996 multicast_id=null enc_file_hash=UFnpRrJ4U3FHpvEABbVQQVeQOkq/Mquu9+xUqYghj0o= mute_video=0 page_count=0 first_scan_sidecar=[B@80ee806 suspicious_content=0 file_length=218319 media_name=null media_duration=0 chat_row_id=336 media_key=[B@3aecec7
02-09 19:41:43.562 24126 24291 E SQLiteDatabase: android.database.sqlite.SQLiteConstraintException: UNIQUE constraint failed: message_media.message_row_id (code 1555 SQLITE_CONSTRAINT_PRIMARYKEY)
02-09 19:41:43.562 24126 24291 E SQLiteDatabase: at android.database.sqlite.SQLiteConnection.nativeExecuteForLastInsertedRowId(Native Method)
02-09 19:41:43.562 24126 24291 E SQLiteDatabase: at android.database.sqlite.SQLiteConnection.executeForLastInsertedRowId(SQLiteConnecti on.java:948)
02-09 19:41:43.562 24126 24291 E SQLiteDatabase: at android.database.sqlite.SQLiteSession.executeForLastInsertedRowId(SQLiteSession.jav a:790)
02-09 19:41:43.562 24126 24291 E SQLiteDatabase: at android.database.sqlite.SQLiteStatement.executeInsert(SQLiteStatement.java:88)
02-09 19:41:43.562 24126 24291 E SQLiteDatabase: at android.database.sqlite.SQLiteDatabase.insertWithOnConflict(SQLiteDatabase.java:171 2)
02-09 19:41:43.562 24126 24291 E SQLiteDatabase: at android.database.sqlite.SQLiteDatabase.insert(SQLiteDatabase.java:1581)
02-09 19:41:43.562 24126 24291 E SQLiteDatabase: at X.2tm.A08(Unknown Source:6)
02-09 19:41:43.562 24126 24291 E SQLiteDatabase: at X.35Y.A07(Unknown Source:212)
02-09 19:41:43.562 24126 24291 E SQLiteDatabase: at X.3QF.A14(Unknown Source:470)
02-09 19:41:43.562 24126 24291 E SQLiteDatabase: at X.3gU.run(Unknown Source:982)
02-09 19:41:43.562 24126 24291 E SQLiteDatabase: at android.os.Handler.handleCallback(Handler.java:938)
02-09 19:41:43.562 24126 24291 E SQLiteDatabase: at android.os.Handler.dispatchMessage(Handler.java:99)
02-09 19:41:43.562 24126 24291 E SQLiteDatabase: at X.0zq.dispatchMessage(Unknown Source:4)
02-09 19:41:43.562 24126 24291 E SQLiteDatabase: at android.os.Looper.loop(Looper.java:254)
02-09 19:41:43.562 24126 24291 E SQLiteDatabase: at android.os.HandlerThread.run(HandlerThread.java:67)
02-09 19:41:43.704 24126 24126 E libc : Access denied finding property "ro.vendor.pref_scale_resolution"
02-09 19:41:43.807 24126 24126 E libc : Access denied finding property "ro.vendor.pref_scale_resolution"
02-09 19:41:43.856 24126 24291 E SQLiteDatabase: Error inserting transferred=1 media_job_uuid=bd222e21-17ef-43a9-a7f5-84c2815f86b9 transcoded=0 gif_attribution=0 first_scan_length=4119 direct_path=/o1/v/t62.7118-24/f1/m269/up-oil-image-a95ed5bd- f6de-46f3-99e1-f38d842217ba?ccb=9- 4&oh=01_AdSXlEIXIeKcxifFnid6WvgPuJm09UUOp3XyPAL88h3nqw&oe=65ED0067&_nc_sid=000000 thumbnail_height_width_ratio=2.1052632 is_animated_sticker=0 file_hash=wbOJOEKiv5NgRNJbK0KT8Yjh2ICzpVLnP/UWMIAQsxM= file_path=Media/.Statuses/f64e1de2e811411ca553faa71fdf825a.jpg file_size=46890 partial_media_hash=GgydmTygY1VuT597itT1OAn3nZgLHnCCAYNBaFzPU74= face_x=0 face_y=0 height=1080 trim_to=0 media_key_timestamp=1707445276000 message_url=https://mmg.whatsapp.net/o1/v/t62.7118-24/f1/m269/up-oil-image- a95ed5bd-f6de-46f3-99e1-f38d842217ba?ccb=9- 4&oh=01_AdSXlEIXIeKcxifFnid6WvgPuJm09UUOp3XyPAL88h3nqw&oe=65ED0067&_nc_sid=000000&m ms3=true media_caption=null trim_from=0 mime_type=image/jpeg partial_media_enc_hash=null width=512 original_file_hash=null has_streaming_sidecar=1 autotransfer_retry_enabled=1 media_upload_handle=null message_row_id=109716 multicast_id=null enc_file_hash=x7WT9Tl0A63qPfMVaRPSndDP2BVyFkatGKvppyl5Z4I= mute_video=0 page_count=0 first_scan_sidecar=[B@cf22403 suspicious_content=0 file_length=46890 media_name=null media_duration=0 chat_row_id=336 media_key=[B@7646f80
02-09 19:41:43.856 24126 24291 E SQLiteDatabase: android.database.sqlite.SQLiteConstraintException: UNIQUE constraint failed: message_media.message_row_id (code 1555 SQLITE_CONSTRAINT_PRIMARYKEY)
02-09 19:41:43.856 24126 24291 E SQLiteDatabase: at android.database.sqlite.SQLiteConnection.nativeExecuteForLastInsertedRowId(Native Method)
02-09 19:41:43.856 24126 24291 E SQLiteDatabase: at android.database.sqlite.SQLiteConnection.executeForLastInsertedRowId(SQLiteConnecti on.java:948)
02-09 19:41:43.856 24126 24291 E SQLiteDatabase: at android.database.sqlite.SQLiteSession.executeForLastInsertedRowId(SQLiteSession.jav a:790)
02-09 19:41:43.856 24126 24291 E SQLiteDatabase: at android.database.sqlite.SQLiteStatement.executeInsert(SQLiteStatement.java:88)
02-09 19:41:43.856 24126 24291 E SQLiteDatabase: at android.database.sqlite.SQLiteDatabase.insertWithOnConflict(SQLiteDatabase.java:171 2)
02-09 19:41:43.856 24126 24291 E SQLiteDatabase: at android.database.sqlite.SQLiteDatabase.insert(SQLiteDatabase.java:1581)
02-09 19:41:43.856 24126 24291 E SQLiteDatabase: at X.2tm.A08(Unknown Source:6)
02-09 19:41:43.856 24126 24291 E SQLiteDatabase: at X.35Y.A07(Unknown Source:212)
02-09 19:41:43.856 24126 24291 E SQLiteDatabase: at X.3QF.A14(Unknown Source:470)
02-09 19:41:43.856 24126 24291 E SQLiteDatabase: at X.3gU.run(Unknown Source:982)
02-09 19:41:43.856 24126 24291 E SQLiteDatabase: at android.os.Handler.handleCallback(Handler.java:938)
02-09 19:41:43.856 24126 24291 E SQLiteDatabase: at android.os.Handler.dispatchMessage(Handler.java:99)
02-09 19:41:43.856 24126 24291 E SQLiteDatabase: at X.0zq.dispatchMessage(Unknown Source:4)
02-09 19:41:43.856 24126 24291 E SQLiteDatabase: at android.os.Looper.loop(Looper.java:254)
02-09 19:41:43.856 24126 24291 E SQLiteDatabase: at android.os.HandlerThread.run(HandlerThread.java:67)
02-09 19:41:45.686 24126 24126 E libc : Access denied finding property "ro.vendor.pref_scale_resolution"
02-09 19:41:45.686 24126 24126 E libc : Access denied finding property "ro.vendor.pref_scale_resolution"
02-09 19:41:46.586 24126 24126 E libc : Access denied finding property "ro.vendor.pref_scale_resolution"
02-09 19:41:46.614 24126 24126 E libc : Access denied finding property "ro.vendor.pref_scale_resolution"
02-09 19:41:46.619 24126 24126 E libc : Access denied finding property "ro.vendor.pref_scale_resolution"
02-09 19:41:46.627 24126 24126 E OplusCustomizeRestrictionManager: getInstance
02-09 19:41:46.625 24126 24126 E libc : Access denied finding property "ro.vendor.pref_scale_resolution"
02-09 19:41:46.630 24126 24126 E OplusCustomizeRestrictionManager: getInstance
02-09 19:41:54.186 24126 24140 W System : A resource failed to call dispose. --------- beginning of system
02-11 07:36:33.975 24126 24126 E OplusCustomizeRestrictionManager: getInstance
02-11 07:36:33.983 24126 24126 E OplusCustomizeRestrictionManager: getInstance
02-11 07:36:34.858 24126 24126 E OplusCustomizeRestrictionManager: getInstance
02-11 07:36:34.860 24126 24126 E OplusCustomizeRestrictionManager: getInstance
02-11 07:36:35.762 24126 24126 E OplusCustomizeRestrictionManager: getInstance
02-11 07:36:35.768 24126 24126 E OplusCustomizeRestrictionManager: getInstance
02-11 07:36:35.803 24126 24126 E OplusCustomizeRestrictionManager: getInstance
02-11 07:36:35.844 24126 24126 E OplusCustomizeRestrictionManager: getInstance
02-11 07:36:35.850 24126 24126 E OplusCustomizeRestrictionManager: getInstance
02-11 07:36:41.546 24126 24126 E OplusCustomizeRestrictionManager: getInstance
02-11 07:36:42.904 24126 24126 E OplusCustomizeRestrictionManager: getInstance
02-11 07:36:42.992 24126 24126 E OplusCustomizeRestrictionManager: getInstance
02-11 07:36:42.993 24126 24126 E OplusCustomizeRestrictionManager: getInstance
02-11 07:36:43.037 24126 24126 E OplusCustomizeRestrictionManager: getInstance
02-11 07:36:43.085 24126 24126 E OplusCustomizeRestrictionManager: getInstance
02-11 07:36:43.260 24126 24126 E OplusCustomizeRestrictionManager: getInstance
02-11 07:36:43.271 24126 24126 E OplusCustomizeRestrictionManager: getInstance
02-11 07:36:43.405 24126 24126 E OplusCustomizeRestrictionManager: getInstance
02-11 07:36:47.424 24126 24126 E OplusCustomizeRestrictionManager: getInstance
02-11 07:36:47.427 24126 24126 E OplusCustomizeRestrictionManager: getInstance
02-11 07:36:48.363 24126 24126 E OplusCustomizeRestrictionManager: getInstance
02-11 07:36:48.365 24126 24126 E OplusCustomizeRestrictionManager: getInstance
02-11 07:36:49.625 24126 24126 E OplusCustomizeRestrictionManager: getInstance
02-11 07:36:49.742 24126 24126 E OplusCustomizeRestrictionManager: getInstance
02-11 07:36:49.794 24126 24126 E OplusCustomizeRestrictionManager: getInstance
02-11 07:36:49.886 24126 24126 E OplusCustomizeRestrictionManager: getInstance
02-11 07:37:04.516 24126 24126 E OplusCustomizeRestrictionManager: getInstance
02-11 07:37:10.365 24126 24126 E OplusCustomizeRestrictionManager: getInstance
02-11 07:37:11.700 24126 24126 E OplusCustomizeRestrictionManager: getInstance
02-11 07:37:11.733 24126 24126 E OplusCustomizeRestrictionManager: getInstance
02-11 07:37:18.283 24126 24126 E OplusCustomizeRestrictionManager: getInstance
02-11 07:37:23.420 24126 24126 E OplusCustomizeRestrictionManager: getInstance
02-11 07:37:30.273 24126 24126 E OplusCustomizeRestrictionManager: getInstance
02-11 07:37:30.394 24126 24126 E OplusCustomizeRestrictionManager: getInstance
02-11 07:37:30.439 24126 24126 E OplusCustomizeRestrictionManager: getInstance
02-11 07:37:30.543 24126 24126 E OplusCustomizeRestrictionManager: getInstance
02-11 07:37:45.559 24126 24126 E OplusCustomizeRestrictionManager: getInstance
02-11 07:37:45.564 24126 24126 E OplusCustomizeRestrictionManager: getInstance
02-11 07:37:45.571 24126 24126 E OplusCustomizeRestrictionManager: getInstance
02-11 07:37:45.580 24126 24126 E OplusCustomizeRestrictionManager: getInstance
02-11 07:37:50.534 24126 24126 E OplusCustomizeRestrictionManager: getInstance
02-11 07:37:50.536 24126 24126 E OplusCustomizeRestrictionManager: getInstance
02-11 07:37:53.879 24126 24126 E OplusCustomizeRestrictionManager: getInstance
02-11 07:37:58.380 24126 24126 E OplusCustomizeRestrictionManager: getInstance
02-11 07:38:01.345 24126 24126 E OplusCustomizeRestrictionManager: getInstance
02-11 07:38:05.234 24126 24126 E OplusCustomizeRestrictionManager: getInstance
02-11 07:38:05.368 24126 24126 E OplusCustomizeRestrictionManager: getInstance
02-11 07:38:05.417 24126 24126 E OplusCustomizeRestrictionManager: getInstance
02-11 07:38:05.550 24126 24126 E OplusCustomizeRestrictionManager: getInstance --------- beginning of main
02-11 07:38:09.119 24126 24126 E ArmVmp : Match on catch block at 0xc3 in for 0xa1
02-11 07:38:09.124 24126 24126 E ArmVmp : Match on catch block at 0xc3 in for 0xa5
02-11 07:38:09.126 24126 24126 E ArmVmp : Match on catch block at 0xc3 in for 0xa5
02-11 07:38:09.298 24126 24126 E ArmVmp : Match on catch block at 0xc3 in for 0xa9
02-11 07:38:09.302 24126 24126 E ArmVmp : Match on catch block at 0xc3 in for 0xa1
02-11 07:38:09.305 24126 24126 E ArmVmp : Match on catch block at 0xc3 in for 0xa1
02-11 07:38:09.395 24126 24126 E ArmVmp : Match on catch block at 0xc3 in for 0xa5
02-11 07:38:09.400 24126 24126 E ArmVmp : Match on catch block at 0xc3 in for 0xa9
02-11 07:38:09.402 24126 24126 E ArmVmp : Match on catch block at 0xc3 in for 0xa9
02-11 07:38:09.542 24126 24126 E ArmVmp : Match on catch block at 0xc3 in for 0xa1
02-11 07:38:09.547 24126 24126 E ArmVmp : Match on catch block at 0xc3 in for 0xa5
02-11 07:38:09.550 24126 24126 E ArmVmp : Match on catch block at 0xc3 in for 0xa5
02-11 07:38:09.656 24126 24126 E ArmVmp : Match on catch block at 0xc3 in for 0xa9
02-11 07:38:09.659 24126 24126 E ArmVmp : Match on catch block at 0xc3 in for 0xa1
02-11 07:38:09.662 24126 24126 E ArmVmp : Match on catch block at 0xc3 in for 0xa1
02-11 07:38:09.803 24126 24126 E ArmVmp : Match on catch block at 0xc3 in for 0xa5
02-11 07:38:09.807 24126 24126 E ArmVmp : Match on catch block at 0xc3 in for 0xa9
02-11 07:38:09.809 24126 24126 E ArmVmp : Match on catch block at 0xc3 in for 0xa9
02-11 07:38:09.966 24126 24126 E ArmVmp : Match on catch block at 0xc3 in for 0xa1
02-11 07:38:09.970 24126 24126 E ArmVmp : Match on catch block at 0xc3 in for 0xa5
02-11 07:38:09.973 24126 24126 E ArmVmp : Match on catch block at 0xc3 in for 0xa5
02-11 07:38:10.161 24126 24126 E ArmVmp : Match on catch block at 0xc3 in for 0xa9
02-11 07:38:10.166 24126 24126 E ArmVmp : Match on catch block at 0xc3 in for 0xa1
02-11 07:38:10.169 24126 24126 E ArmVmp : Match on catch block at 0xc3 in for 0xa1
02-11 07:38:10.323 24126 24126 E ArmVmp : Match on catch block at 0xc3 in for 0xa5
02-11 07:38:10.328 24126 24126 E ArmVmp : Match on catch block at 0xc3 in for 0xa9
02-11 07:38:10.331 24126 24126 E ArmVmp : Match on catch block at 0xc3 in for 0xa9
02-11 07:38:10.503 24126 24126 E ArmVmp : Match on catch block at 0xc3 in for 0xa1
02-11 07:38:10.508 24126 24126 E ArmVmp : Match on catch block at 0xc3 in for 0xa5
02-11 07:38:10.511 24126 24126 E ArmVmp : Match on catch block at 0xc3 in for 0xa5
02-11 07:38:10.602 24126 24126 E ArmVmp : Match on catch block at 0xc3 in for 0xa9
02-11 07:38:10.607 24126 24126 E ArmVmp : Match on catch block at 0xc3 in for 0xa1
02-11 07:38:10.612 24126 24126 E ArmVmp : Match on catch block at 0xc3 in for 0xa1
02-11 07:38:10.783 24126 24126 E ArmVmp : Match on catch block at 0xc3 in for 0xa5
02-11 07:38:10.792 24126 24126 E ArmVmp : Match on catch block at 0xc3 in for 0xa9
02-11 07:38:10.798 24126 24126 E ArmVmp : Match on catch block at 0xc3 in for 0xa9
02-11 07:38:10.815 24126 9714 W MediaPlayer: Use of stream types is deprecated for operations other than volume control
02-11 07:38:10.815 24126 9714 W MediaPlayer: See the documentation of setAudioStreamType() for what to use instead with android.media.AudioAttributes to qualify your playback use case
02-11 07:38:10.838 24126 24126 E ArmVmp : Match on catch block at 0xc3 in for 0xa1
02-11 07:38:10.846 24126 24126 E ArmVmp : Match on catch block at 0xc3 in for 0xa5
02-11 07:38:10.854 24126 24126 E ArmVmp : Match on catch block at 0xc3 in for 0xa5
02-11 07:38:10.884 24126 24126 E ArmVmp : Match on catch block at 0xc3 in for 0xa9
02-11 07:38:10.888 24126 24126 E ArmVmp : Match on catch block at 0xc3 in for 0xa1
02-11 07:38:10.890 24126 24126 E ArmVmp : Match on catch block at 0xc3 in for 0xa1
02-11 07:38:10.911 24126 24126 E ArmVmp : Match on catch block at 0xc3 in for 0xa1
02-11 07:38:10.914 24126 24126 E ArmVmp : Match on catch block at 0xc3 in for 0xa5
02-11 07:38:10.916 24126 24126 E ArmVmp : Match on catch block at 0xc3 in for 0xa5
02-11 07:38:10.925 24126 24126 E ArmVmp : Match on catch block at 0xc3 in for 0xa9
02-11 07:38:10.929 24126 24126 E ArmVmp : Match on catch block at 0xc3 in for 0xa1
02-11 07:38:10.931 24126 24126 E ArmVmp : Match on catch block at 0xc3 in for 0xa1
02-11 07:38:10.942 24126 24126 E ArmVmp : Match on catch block at 0xc3 in for 0xa5
02-11 07:38:10.945 24126 24126 E ArmVmp : Match on catch block at 0xc3 in for 0xa9
02-11 07:38:10.947 24126 24126 E ArmVmp : Match on catch block at 0xc3 in for 0xa9
02-11 07:38:10.958 24126 24126 E ArmVmp : Match on catch block at 0xc3 in for 0xa1
02-11 07:38:10.961 24126 24126 E ArmVmp : Match on catch block at 0xc3 in for 0xa5
02-11 07:38:10.963 24126 24126 E ArmVmp : Match on catch block at 0xc3 in for 0xa5
02-11 07:38:10.974 24126 24126 E ArmVmp : Match on catch block at 0xc3 in for 0xa9
02-11 07:38:10.977 24126 24126 E ArmVmp : Match on catch block at 0xc3 in for 0xa1
02-11 07:38:10.979 24126 24126 E ArmVmp : Match on catch block at 0xc3 in for 0xa1
02-11 07:38:10.991 24126 24126 E ArmVmp : Match on catch block at 0xc3 in for 0xa5
02-11 07:38:10.994 24126 24126 E ArmVmp : Match on catch block at 0xc3 in for 0xa9
02-11 07:38:10.997 24126 24126 E ArmVmp : Match on catch block at 0xc3 in for 0xa9
02-11 07:38:11.007 24126 24126 E ArmVmp : Match on catch block at 0xc3 in for 0xa1
02-11 07:38:11.011 24126 24126 E ArmVmp : Match on catch block at 0xc3 in for 0xa5
02-11 07:38:11.013 24126 24126 E ArmVmp : Match on catch block at 0xc3 in for 0xa5
02-11 07:38:11.023 24126 24126 E ArmVmp : Match on catch block at 0xc3 in for 0xa9
02-11 07:38:11.026 24126 24126 E ArmVmp : Match on catch block at 0xc3 in for 0xa1
02-11 07:38:11.029 24126 24126 E ArmVmp : Match on catch block at 0xc3 in for 0xa1
02-11 07:38:11.040 24126 24126 E ArmVmp : Match on catch block at 0xc3 in for 0xa5
02-11 07:38:11.044 24126 24126 E ArmVmp : Match on catch block at 0xc3 in for 0xa9
02-11 07:38:11.047 24126 24126 E ArmVmp : Match on catch block at 0xc3 in for 0xa9
02-11 07:38:11.056 24126 24126 E ArmVmp : Match on catch block at 0xc3 in for 0xa1
02-11 07:38:11.059 24126 24126 E ArmVmp : Match on catch block at 0xc3 in for 0xa5
02-11 07:38:11.061 24126 24126 E ArmVmp : Match on catch block at 0xc3 in for 0xa5
02-11 07:38:11.073 24126 24126 E ArmVmp : Match on catch block at 0xc3 in for 0xa9
02-11 07:38:11.077 24126 24126 E ArmVmp : Match on catch block at 0xc3 in for 0xa1
02-11 07:38:11.093 24126 24126 E ArmVmp : Match on catch block at 0xc3 in for 0xa1
02-11 07:38:11.097 24126 24126 E ArmVmp : Match on catch block at 0xc3 in for 0xa5
02-11 07:38:11.100 24126 24126 E ArmVmp : Match on catch block at 0xc3 in for 0xa5
02-11 07:38:11.120 24126 24126 E ArmVmp : Match on catch block at 0xc3 in for 0xa9
02-11 07:38:11.123 24126 24126 E ArmVmp : Match on catch block at 0xc3 in for 0xa1
02-11 07:38:11.126 24126 24126 E ArmVmp : Match on catch block at 0xc3 in for 0xa1
02-11 07:38:11.137 24126 24126 E ArmVmp : Match on catch block at 0xc3 in for 0xa5
02-11 07:38:11.140 24126 24126 E ArmVmp : Match on catch block at 0xc3 in for 0xa9
02-11 07:38:11.143 24126 24126 E ArmVmp : Match on catch block at 0xc3 in for 0xa9
02-11 07:38:11.154 24126 24126 E ArmVmp : Match on catch block at 0xc3 in for 0xa1
02-11 07:38:11.158 24126 24126 E ArmVmp : Match on catch block at 0xc3 in for 0xa5
02-11 07:38:11.163 24126 24126 E ArmVmp : Match on catch block at 0xc3 in for 0xa5
02-11 07:38:11.169 24126 24126 E ArmVmp : Match on catch block at 0xc3 in for 0xa9
02-11 07:38:11.174 24126 24126 E ArmVmp : Match on catch block at 0xc3 in for 0xa1
02-11 07:38:11.177 24126 24126 E ArmVmp : Match on catch block at 0xc3 in for 0xa1
02-11 07:38:11.187 24126 24126 E ArmVmp : Match on catch block at 0xc3 in for 0xa5
02-11 07:38:11.192 24126 24126 E ArmVmp : Match on catch block at 0xc3 in for 0xa9
02-11 07:38:11.195 24126 24126 E ArmVmp : Match on catch block at 0xc3 in for 0xa9
02-11 07:38:11.202 24126 24126 E ArmVmp : Match on catch block at 0xc3 in for 0xa1
02-11 07:38:11.206 24126 24126 E ArmVmp : Match on catch block at 0xc3 in for 0xa5
02-11 07:38:11.210 24126 24126 E ArmVmp : Match on catch block at 0xc3 in for 0xa5
02-11 07:38:11.219 24126 24126 E ArmVmp : Match on catch block at 0xc3 in for 0xa9
02-11 07:38:11.221 24126 24126 E ArmVmp : Match on catch block at 0xc3 in for 0xa1
02-11 07:38:11.223 24126 24126 E ArmVmp : Match on catch block at 0xc3 in for 0xa1
02-11 07:38:11.235 24126 24126 E ArmVmp : Match on catch block at 0xc3 in for 0xa5
02-11 07:38:11.240 24126 24126 E ArmVmp : Match on catch block at 0xc3 in for 0xa9
02-11 07:38:11.244 24126 24126 E ArmVmp : Match on catch block at 0xc3 in for 0xa9
02-11 07:38:11.253 24126 24126 E ArmVmp : Match on catch block at 0xc3 in for 0xa1
02-11 07:38:11.258 24126 24126 E ArmVmp : Match on catch block at 0xc3 in for 0xa5
02-11 07:38:11.261 24126 24126 E ArmVmp : Match on catch block at 0xc3 in for 0xa5
02-11 07:38:11.268 24126 24126 E ArmVmp : Match on catch block at 0xc3 in for 0xa9
02-11 07:38:11.272 24126 24126 E ArmVmp : Match on catch block at 0xc3 in for 0xa1
02-11 07:38:11.275 24126 24126 E ArmVmp : Match on catch block at 0xc3 in for 0xa1
02-11 07:38:11.285 24126 24126 E ArmVmp : Match on catch block at 0xc3 in for 0xa5
02-11 07:38:11.288 24126 24126 E ArmVmp : Match on catch block at 0xc3 in for 0xa9
02-11 07:38:11.291 24126 24126 E ArmVmp : Match on catch block at 0xc3 in for 0xa9
02-11 07:38:11.349 24126 24126 E ArmVmp : Match on catch block at 0xc3 in for 0xa1
02-11 07:38:11.351 24126 24126 E ArmVmp : Match on catch block at 0xc3 in for 0xa5
02-11 07:38:11.355 24126 24126 E ArmVmp : Match on catch block at 0xc3 in for 0xa5
02-11 07:38:11.658 24126 24126 E ArmVmp : Match on catch block at 0xc3 in for 0xa5
02-11 07:38:11.661 24126 24126 E ArmVmp : Match on catch block at 0xc3 in for 0xa9
02-11 07:38:11.663 24126 24126 E ArmVmp : Match on catch block at 0xc3 in for 0xa9
02-11 07:38:11.686 24126 24126 E ArmVmp : Match on catch block at 0xc3 in for 0xa9
02-11 07:38:11.690 24126 24126 E ArmVmp : Match on catch block at 0xc3 in for 0xa1
02-11 07:38:11.694 24126 24126 E ArmVmp : Match on catch block at 0xc3 in for 0xa1
02-11 07:38:11.722 24126 24126 E ArmVmp : Match on catch block at 0xc3 in for 0xa9
02-11 07:38:11.727 24126 24126 E ArmVmp : Match on catch block at 0xc3 in for 0xa1
02-11 07:38:11.741 24126 24126 E libc : Access denied finding property "ro.vendor.pref_scale_resolution"
02-11 07:38:11.754 24126 24126 E ArmVmp : Match on catch block at 0xc3 in for 0xa1
02-11 07:38:11.759 24126 24126 E ArmVmp : Match on catch block at 0xc3 in for 0xa5
02-11 07:38:11.778 24126 24126 E ArmVmp : Match on catch block at 0xc3 in for 0xa5
02-11 07:38:11.781 24126 24126 E ArmVmp : Match on catch block at 0xc3 in for 0xa9
02-11 07:38:11.788 24126 24126 E libc : Access denied finding property "ro.vendor.pref_scale_resolution"
02-11 07:38:11.790 24126 24126 E ArmVmp : Match on catch block at 0xc3 in for 0xa1
02-11 07:38:11.794 24126 24126 E ArmVmp : Match on catch block at 0xc3 in for 0xa5
02-11 07:38:11.805 24126 24126 E ArmVmp : Match on catch block at 0xc3 in for 0xa1
02-11 07:38:11.808 24126 24126 E ArmVmp : Match on catch block at 0xc3 in for 0xa5
02-11 07:38:11.821 24126 24126 E ArmVmp : Match on catch block at 0xc3 in for 0xa1
02-11 07:38:11.824 24126 24126 E ArmVmp : Match on catch block at 0xc3 in for 0xa5
02-11 07:38:11.837 24126 24126 E ArmVmp : Match on catch block at 0xc3 in for 0xa1
02-11 07:38:11.842 24126 24126 E ArmVmp : Match on catch block at 0xc3 in for 0xa5
02-11 07:38:11.854 24126 24126 E ArmVmp : Match on catch block at 0xc3 in for 0xa1
02-11 07:38:11.858 24126 24126 E ArmVmp : Match on catch block at 0xc3 in for 0xa5
02-11 07:38:11.870 24126 24126 E ArmVmp : Match on catch block at 0xc3 in for 0xa1
02-11 07:38:11.873 24126 24126 E ArmVmp : Match on catch block at 0xc3 in for 0xa5
02-11 07:38:12.179 24126 24126 E ArmVmp : Match on catch block at 0xc3 in for 0xa1
02-11 07:38:12.182 24126 24126 E ArmVmp : Match on catch block at 0xc3 in for 0xa5
02-11 07:38:12.633 24126 24126 E OplusCustomizeRestrictionManager: getInstance
02-11 07:38:12.671 24126 24126 E ArmVmp : Match on catch block at 0xc3 in for 0xa5
02-11 07:38:12.674 24126 24126 E ArmVmp : Match on catch block at 0xc3 in for 0xa9
02-11 07:38:12.684 24126 24126 E ArmVmp : Match on catch block at 0xc3 in for 0xa5
02-11 07:38:12.686 24126 24126 E ArmVmp : Match on catch block at 0xc3 in for 0xa9
02-11 07:38:12.664 24126 24126 E OplusCustomizeRestrictionManager: getInstance
02-11 07:38:12.945 24126 24126 E OplusCustomizeRestrictionManager: getInstance
02-11 07:38:13.104 24126 24126 E libc : Access denied finding property "ro.vendor.pref_scale_resolution"
02-11 07:38:13.110 24126 24126 E ArmVmp : Match on catch block at 0xc3 in for 0xa5
02-11 07:38:13.113 24126 24126 E ArmVmp : Match on catch block at 0xc3 in for 0xa9
02-11 07:38:13.120 24126 9714 W MediaPlayer: Use of stream types is deprecated for operations other than volume control
02-11 07:38:13.120 24126 9714 W MediaPlayer: See the documentation of setAudioStreamType() for what to use instead with android.media.AudioAttributes to qualify your playback use case
02-11 07:38:13.197 24126 24126 E ArmVmp : Match on catch block at 0xc3 in for 0xa5
02-11 07:38:13.200 24126 24126 E ArmVmp : Match on catch block at 0xc3 in for 0xa9
02-11 07:38:13.329 24126 24126 E ArmVmp : Match on catch block at 0xc3 in for 0xa1
02-11 07:38:13.331 24126 24126 E ArmVmp : Match on catch block at 0xc3 in for 0xa5
02-11 07:38:13.526 24126 24126 E ArmVmp : Match on catch block at 0xc3 in for 0xa5
02-11 07:38:13.531 24126 24126 E ArmVmp : Match on catch block at 0xc3 in for 0xa9
02-11 07:38:14.313 24126 24126 E Parcel : Reading a NULL string not supported here.
02-11 07:38:14.389 24126 24126 E libc : Access denied finding property "ro.vendor.pref_scale_resolution"
02-11 07:38:14.391 24126 24126 E OplusCustomizeRestrictionManager: getInstance
02-11 07:38:14.393 24126 24126 E libc : Access denied finding property "ro.vendor.pref_scale_resolution"
02-11 07:38:14.397 24126 24126 E libc : Access denied finding property "ro.vendor.pref_scale_resolution"
02-11 07:38:14.465 24126 24126 E libc : Access denied finding property "ro.vendor.pref_scale_resolution"
02-11 07:38:14.474 24126 24126 E libc : Access denied finding property "ro.vendor.pref_scale_resolution"
02-11 07:38:14.495 24126 24126 E ArmVmp : Match on catch block at 0x0a in for 0xc5
02-11 07:38:14.497 24126 24126 E ArmVmp : Match on catch block at 0x0a in for 0xc1
02-11 07:38:14.500 24126 24126 E libc : Access denied finding property "ro.vendor.pref_scale_resolution"
02-11 07:38:14.524 24126 24126 E libc : Access denied finding property "ro.vendor.pref_scale_resolution"
02-11 07:38:14.525 24126 24126 E OplusCustomizeRestrictionManager: getInstance
02-11 07:38:14.569 24126 24126 E libc : Access denied finding property "ro.vendor.pref_scale_resolution"
02-11 07:38:14.569 24126 24126 E OplusCustomizeRestrictionManager: getInstance
02-11 07:38:14.586 24126 24126 E libc : Access denied finding property "ro.vendor.pref_scale_resolution"
02-11 07:38:14.587 24126 24126 E libc : Access denied finding property "ro.vendor.pref_scale_resolution"
02-11 07:38:14.599 24126 24126 E libc : Access denied finding property "ro.vendor.pref_scale_resolution"
02-11 07:38:14.611 24126 24126 E ArmVmp : Match on catch block at 0xc3 in for 0xb9
02-11 07:38:14.613 24126 24126 E ArmVmp : Match on catch block at 0xc3 in for 0xb9
02-11 07:38:14.614 24126 24126 E ArmVmp : Match on catch block at 0xc3 in for 0xb9
02-11 07:38:14.601 24126 24126 E OplusCustomizeRestrictionManager: getInstance
02-11 07:38:14.648 24126 24126 E ArmVmp : Match on catch block at 0xc3 in for 0xa9
02-11 07:38:14.649 24126 24126 E ArmVmp : Match on catch block at 0xc3 in for 0xa1
02-11 07:38:14.650 24126 24126 E ArmVmp : Match on catch block at 0xc3 in for 0xa1
02-11 07:38:14.671 24126 24126 E ArmVmp : Match on catch block at 0xc3 in for 0xa1
02-11 07:38:14.673 24126 24126 E ArmVmp : Match on catch block at 0xc3 in for 0xa5
02-11 07:38:14.674 24126 24126 E ArmVmp : Match on catch block at 0xc3 in for 0xa5
02-11 07:38:14.706 24126 24126 E ArmVmp : Match on catch block at 0xc3 in for 0xa5
02-11 07:38:14.709 24126 24126 E ArmVmp : Match on catch block at 0xc3 in for 0xa9
02-11 07:38:14.711 24126 24126 E ArmVmp : Match on catch block at 0xc3 in for 0xa9
02-11 07:38:14.719 24126 24126 E ArmVmp : Match on catch block at 0xc3 in for 0xa1
02-11 07:38:14.722 24126 24126 E ArmVmp : Match on catch block at 0xc3 in for 0xa5
02-11 07:38:14.726 24126 24126 E ArmVmp : Match on catch block at 0xc3 in for 0xa5
02-11 07:38:14.743 24126 24126 E ArmVmp : Match on catch block at 0xc3 in for 0xa1
02-11 07:38:14.745 24126 24126 E ArmVmp : Match on catch block at 0xc3 in for 0xa5
02-11 07:38:14.748 24126 24126 E ArmVmp : Match on catch block at 0xc3 in for 0xa5
02-11 07:38:14.765 24126 24126 E ArmVmp : Match on catch block at 0xc3 in for 0xa9
02-11 07:38:14.769 24126 24126 E ArmVmp : Match on catch block at 0xc3 in for 0xa1
02-11 07:38:14.772 24126 24126 E ArmVmp : Match on catch block at 0xc3 in for 0xa1
02-11 07:38:15.106 24126 24140 W System : A resource failed to call release.
02-11 07:38:15.207 24126 24126 E ArmVmp : Match on catch block at 0xc3 in for 0xa9
02-11 07:38:15.213 24126 24126 E ArmVmp : Match on catch block at 0xc3 in for 0xa1
02-11 07:38:15.217 24126 24126 E ArmVmp : Match on catch block at 0xc3 in for 0xa1
02-11 07:38:15.713 24126 24126 E ArmVmp : Match on catch block at 0xc3 in for 0xa5
02-11 07:38:15.720 24126 24126 E ArmVmp : Match on catch block at 0xc3 in for 0xa9
02-11 07:38:15.726 24126 24126 E ArmVmp : Match on catch block at 0xc3 in for 0xa9
02-11 07:38:15.908 24126 24126 E ArmVmp : Match on catch block at 0xc3 in for 0xa9
02-11 07:38:15.911 24126 24126 E ArmVmp : Match on catch block at 0xc3 in for 0xa1
02-11 07:38:15.913 24126 24126 E ArmVmp : Match on catch block at 0xc3 in for 0xa1
02-11 07:38:16.200 24126 24126 E libc : Access denied finding property "ro.vendor.pref_scale_resolution"
02-11 07:38:16.227 24126 24126 E OplusCustomizeRestrictionManager: getInstance
02-11 07:38:16.232 24126 24126 E libc : Access denied finding property "ro.vendor.pref_scale_resolution"
02-11 07:38:16.281 24126 24126 E libc : Access denied finding property "ro.vendor.pref_scale_resolution"
02-11 07:38:16.289 24126 24126 E libc : Access denied finding property "ro.vendor.pref_scale_resolution"
02-11 07:38:16.332 24126 24126 E ArmVmp : Match on catch block at 0xc3 in for 0xa9
02-11 07:38:16.334 24126 24126 E ArmVmp : Match on catch block at 0xc3 in for 0xa1
02-11 07:38:16.337 24126 24126 E ArmVmp : Match on catch block at 0xc3 in for 0xa1
02-11 07:38:16.360 24126 24126 E libc : Access denied finding property "ro.vendor.pref_scale_resolution"
02-11 07:38:16.364 24126 24126 E ArmVmp : Match on catch block at 0xc3 in for 0xa1
02-11 07:38:16.366 24126 24126 E ArmVmp : Match on catch block at 0xc3 in for 0xa5
02-11 07:38:16.367 24126 24126 E ArmVmp : Match on catch block at 0xc3 in for 0xa5
02-11 07:38:16.359 24126 24126 E OplusCustomizeRestrictionManager: getInstance
02-11 07:38:16.403 24126 24126 E ArmVmp : Match on catch block at 0xc3 in for 0xa9
02-11 07:38:16.406 24126 24126 E ArmVmp : Match on catch block at 0xc3 in for 0xa1
02-11 07:38:16.409 24126 24126 E ArmVmp : Match on catch block at 0xc3 in for 0xa1
02-11 07:38:16.421 24126 24126 E ArmVmp : Match on catch block at 0xc3 in for 0xa1
02-11 07:38:16.423 24126 24126 E ArmVmp : Match on catch block at 0xc3 in for 0xa5
02-11 07:38:16.425 24126 24126 E ArmVmp : Match on catch block at 0xc3 in for 0xa5
02-11 07:38:16.448 24126 24126 E ArmVmp : Match on catch block at 0xc3 in for 0xa9
02-11 07:38:16.450 24126 24126 E ArmVmp : Match on catch block at 0xc3 in for 0xa1
02-11 07:38:16.452 24126 24126 E ArmVmp : Match on catch block at 0xc3 in for 0xa1
02-11 07:38:16.458 24126 24126 E ArmVmp : Match on catch block at 0xc3 in for 0xa5
02-11 07:38:16.460 24126 24126 E ArmVmp : Match on catch block at 0xc3 in for 0xa9
02-11 07:38:16.462 24126 24126 E ArmVmp : Match on catch block at 0xc3 in for 0xa9
02-11 07:38:16.474 24126 24126 E ArmVmp : Match on catch block at 0xc3 in for 0xa1
02-11 07:38:16.477 24126 24126 E ArmVmp : Match on catch block at 0xc3 in for 0xa5
02-11 07:38:16.479 24126 24126 E ArmVmp : Match on catch block at 0xc3 in for 0xa5
02-11 07:38:16.489 24126 24126 E ArmVmp : Match on catch block at 0xc3 in for 0xa9
02-11 07:38:16.491 24126 24126 E ArmVmp : Match on catch block at 0xc3 in for 0xa1
02-11 07:38:16.495 24126 24126 E ArmVmp : Match on catch block at 0xc3 in for 0xa1
02-11 07:38:16.505 24126 24126 E ArmVmp : Match on catch block at 0xc3 in for 0xa5
02-11 07:38:16.507 24126 24126 E ArmVmp : Match on catch block at 0xc3 in for 0xa9
02-11 07:38:16.510 24126 24126 E ArmVmp : Match on catch block at 0xc3 in for 0xa9
02-11 07:38:16.520 24126 24126 E ArmVmp : Match on catch block at 0xc3 in for 0xa1
02-11 07:38:16.523 24126 24126 E ArmVmp : Match on catch block at 0xc3 in for 0xa5
02-11 07:38:16.526 24126 24126 E ArmVmp : Match on catch block at 0xc3 in for 0xa5
02-11 07:38:16.539 24126 24126 E ArmVmp : Match on catch block at 0xc3 in for 0xa9
02-11 07:38:16.543 24126 24126 E ArmVmp : Match on catch block at 0xc3 in for 0xa1
02-11 07:38:16.546 24126 24126 E ArmVmp : Match on catch block at 0xc3 in for 0xa1
02-11 07:38:16.557 24126 24126 E ArmVmp : Match on catch block at 0xc3 in for 0xa5
02-11 07:38:16.559 24126 24126 E ArmVmp : Match on catch block at 0xc3 in for 0xa9
02-11 07:38:16.562 24126 24126 E ArmVmp : Match on catch block at 0xc3 in for 0xa9
02-11 07:38:16.569 24126 24126 E ArmVmp : Match on catch block at 0xc3 in for 0xa1
02-11 07:38:16.571 24126 24126 E ArmVmp : Match on catch block at 0xc3 in for 0xa5
02-11 07:38:16.574 24126 24126 E ArmVmp : Match on catch block at 0xc3 in for 0xa5
02-11 07:38:16.583 24126 24126 E ArmVmp : Match on catch block at 0xc3 in for 0xa9
02-11 07:38:16.584 24126 24126 E ArmVmp : Match on catch block at 0xc3 in for 0xa1
02-11 07:38:16.587 24126 24126 E ArmVmp : Match on catch block at 0xc3 in for 0xa1
02-11 07:38:16.593 24126 24126 E ArmVmp : Match on catch block at 0xc3 in for 0xa5
02-11 07:38:16.597 24126 24126 E ArmVmp : Match on catch block at 0xc3 in for 0xa9
02-11 07:38:16.600 24126 24126 E ArmVmp : Match on catch block at 0xc3 in for 0xa9
02-11 07:38:16.610 24126 24126 E ArmVmp : Match on catch block at 0xc3 in for 0xa1
02-11 07:38:16.613 24126 24126 E ArmVmp : Match on catch block at 0xc3 in for 0xa5
02-11 07:38:16.616 24126 24126 E ArmVmp : Match on catch block at 0xc3 in for 0xa5
02-11 07:38:16.624 24126 24126 E ArmVmp : Match on catch block at 0xc3 in for 0xa9
02-11 07:38:16.626 24126 24126 E ArmVmp : Match on catch block at 0xc3 in for 0xa1
02-11 07:38:16.628 24126 24126 E ArmVmp : Match on catch block at 0xc3 in for 0xa1
