02-02 13:09:53.340 4020 4020 E ArmVmp : Match on catch block at 0xc3 in for 0xa5
02-02 13:09:53.344 4020 4020 E ArmVmp : Match on catch block at 0xc3 in for 0xa9
02-02 13:09:53.346 4020 4020 E ArmVmp : Match on catch block at 0xc3 in for 0xa9
02-02 13:09:53.487 4020 4020 E ArmVmp : Match on catch block at 0xc3 in for 0xa1
02-02 13:09:53.490 4020 4020 E ArmVmp : Match on catch block at 0xc3 in for 0xa5
02-02 13:09:53.492 4020 4020 E ArmVmp : Match on catch block at 0xc3 in for 0xa5
02-02 13:09:53.651 4020 4020 E ArmVmp : Match on catch block at 0xc3 in for 0xa9
02-02 13:09:53.653 4020 4020 E ArmVmp : Match on catch block at 0xc3 in for 0xa1
02-02 13:09:53.655 4020 4020 E ArmVmp : Match on catch block at 0xc3 in for 0xa1
02-02 13:09:54.154 4020 4020 E ArmVmp : Match on catch block at 0xc3 in for 0xa9
02-02 13:09:54.157 4020 4020 E ArmVmp : Match on catch block at 0xc3 in for 0xa1
02-02 13:09:54.160 4020 4020 E ArmVmp : Match on catch block at 0xc3 in for 0xa1
02-02 13:09:54.659 4020 4020 E ArmVmp : Match on catch block at 0xc3 in for 0xa9
02-02 13:09:54.661 4020 4020 E ArmVmp : Match on catch block at 0xc3 in for 0xa1
02-02 13:09:54.663 4020 4020 E ArmVmp : Match on catch block at 0xc3 in for 0xa1
02-02 13:09:54.701 4020 4020 E ArmVmp : Match on catch block at 0xc3 in for 0xa9
02-02 13:09:54.705 4020 4020 E ArmVmp : Match on catch block at 0xc3 in for 0xa1
02-02 13:09:54.707 4020 4020 E ArmVmp : Match on catch block at 0xc3 in for 0xa1
02-02 13:09:54.720 4020 4020 E libc : Access denied finding property "ro.vendor.pref_scale_resolution"
02-02 13:09:54.736 4020 4020 E ArmVmp : Match on catch block at 0xc3 in for 0xa5
02-02 13:09:54.740 4020 4020 E ArmVmp : Match on catch block at 0xc3 in for 0xa9
02-02 13:09:54.758 4020 4020 E ArmVmp : Match on catch block at 0xc3 in for 0xa5
02-02 13:09:54.761 4020 4020 E ArmVmp : Match on catch block at 0xc3 in for 0xa9
02-02 13:09:54.775 4020 4020 E ArmVmp : Match on catch block at 0xc3 in for 0xa5
02-02 13:09:54.779 4020 4020 E ArmVmp : Match on catch block at 0xc3 in for 0xa9
02-02 13:09:54.788 4020 4020 E ArmVmp : Match on catch block at 0xc3 in for 0xa5
02-02 13:09:54.791 4020 4020 E ArmVmp : Match on catch block at 0xc3 in for 0xa9
02-02 13:09:54.805 4020 4020 E ArmVmp : Match on catch block at 0xc3 in for 0xa5
02-02 13:09:54.810 4020 4020 E ArmVmp : Match on catch block at 0xc3 in for 0xa9
02-02 13:09:54.821 4020 4020 E ArmVmp : Match on catch block at 0xc3 in for 0xa5
02-02 13:09:54.826 4020 4020 E ArmVmp : Match on catch block at 0xc3 in for 0xa9
02-02 13:09:54.841 4020 4020 E OplusCustomizeRestrictionManager: getInstance
02-02 13:09:54.854 4020 4020 E libc : Access denied finding property "ro.vendor.pref_scale_resolution"
02-02 13:09:54.857 4020 4020 E libc : Access denied finding property "ro.vendor.pref_scale_resolution"
02-02 13:09:54.874 4020 4020 E ArmVmp : Match on catch block at 0xc3 in for 0xa9
02-02 13:09:54.876 4020 4020 E ArmVmp : Match on catch block at 0xc3 in for 0xa1
02-02 13:09:54.894 4020 4020 E ArmVmp : Match on catch block at 0xc3 in for 0xa9
02-02 13:09:54.897 4020 4020 E ArmVmp : Match on catch block at 0xc3 in for 0xa1
02-02 13:09:54.850 4020 4020 E OplusCustomizeRestrictionManager: getInstance
02-02 13:09:54.918 4020 4020 E ArmVmp : Match on catch block at 0xc3 in for 0xa9
02-02 13:09:54.921 4020 4020 E ArmVmp : Match on catch block at 0xc3 in for 0xa1
02-02 13:09:55.166 4020 4020 E libc : Access denied finding property "ro.vendor.pref_scale_resolution"
02-02 13:09:55.185 4020 4020 E ArmVmp : Match on catch block at 0xc3 in for 0xa1
02-02 13:09:55.187 4020 4020 E ArmVmp : Match on catch block at 0xc3 in for 0xa5
02-02 13:09:55.195 4020 4020 E ArmVmp : Match on catch block at 0xc3 in for 0xa9
02-02 13:09:55.198 4020 4020 E ArmVmp : Match on catch block at 0xc3 in for 0xa1
02-02 13:09:55.271 4020 4020 E OplusCustomizeRestrictionManager: getInstance
02-02 13:09:55.274 4020 4020 E OplusCustomizeRestrictionManager: getInstance
02-02 13:09:55.278 4020 4020 E libc : Access denied finding property "ro.vendor.pref_scale_resolution"
02-02 13:09:55.282 4020 4020 E OplusCustomizeRestrictionManager: getInstance
02-02 13:09:55.286 4020 4020 E OplusCustomizeRestrictionManager: getInstance
02-02 13:09:55.287 4020 4020 E OplusCustomizeRestrictionManager: getInstance
02-02 13:09:55.293 4020 4020 E OplusCustomizeRestrictionManager: getInstance
02-02 13:09:55.303 4020 4020 E libc : Access denied finding property "ro.vendor.pref_scale_resolution"
02-02 13:09:55.314 4020 4020 E ArmVmp : Match on catch block at 0xc3 in for 0xa9
02-02 13:09:55.318 4020 4020 E ArmVmp : Match on catch block at 0xc3 in for 0xa1
02-02 13:09:55.334 4020 4020 E ArmVmp : Match on catch block at 0xc3 in for 0xa9
02-02 13:09:55.337 4020 4020 E ArmVmp : Match on catch block at 0xc3 in for 0xa1
02-02 13:09:55.705 4020 4020 E ArmVmp : Match on catch block at 0xc3 in for 0xa9
02-02 13:09:55.710 4020 4020 E ArmVmp : Match on catch block at 0xc3 in for 0xa1
02-02 13:09:55.732 4020 4020 E ArmVmp : Match on catch block at 0xc3 in for 0xa1
02-02 13:09:55.734 4020 4020 E ArmVmp : Match on catch block at 0xc3 in for 0xa5
02-02 13:09:55.771 4020 4020 W com.mbwhatsapp: Class com.mbwhatsapp.HomeActivity failed lock verification and will run slower.
02-02 13:09:55.821 4020 4020 E OplusCustomizeRestrictionManager: getInstance
02-02 13:09:55.826 4020 4020 E libc : Access denied finding property "ro.vendor.pref_scale_resolution"
02-02 13:09:55.851 4020 4020 E libc : Access denied finding property "ro.vendor.pref_scale_resolution"
02-02 13:09:55.856 4020 4020 E libc : Access denied finding property "ro.vendor.pref_scale_resolution"
02-02 13:09:55.869 4020 4020 E libc : Access denied finding property "ro.vendor.pref_scale_resolution"
02-02 13:09:55.871 4020 4020 E libc : Access denied finding property "ro.vendor.pref_scale_resolution"
02-02 13:09:55.936 4020 4020 E libc : Access denied finding property "ro.vendor.pref_scale_resolution"
02-02 13:09:55.940 4020 4020 E libc : Access denied finding property "ro.vendor.pref_scale_resolution"
02-02 13:09:55.955 4020 4020 E OplusCustomizeRestrictionManager: getInstance
02-02 13:09:55.956 4020 4020 E OplusCustomizeRestrictionManager: getInstance
02-02 13:09:55.957 4020 4020 E OplusCustomizeRestrictionManager: getInstance
02-02 13:09:55.959 4020 4020 E OplusCustomizeRestrictionManager: getInstance
02-02 13:09:55.961 4020 4020 E libc : Access denied finding property "ro.vendor.pref_scale_resolution"
02-02 13:09:55.964 4020 4020 E OplusCustomizeRestrictionManager: getInstance
02-02 13:09:55.983 4020 4020 E libc : Access denied finding property "ro.vendor.pref_scale_resolution"
02-02 13:09:55.999 4020 4020 E libc : Access denied finding property "ro.vendor.pref_scale_resolution"
02-02 13:09:56.025 4020 4020 E libc : Access denied finding property "ro.vendor.pref_scale_resolution"
02-02 13:09:56.040 4020 4020 E ArmVmp : Match on catch block at 0x0a in for 0xc9
02-02 13:09:56.058 4020 4020 E libc : Access denied finding property "ro.vendor.pref_scale_resolution"
02-02 13:09:56.059 4020 4020 E ArmVmp : Match on catch block at 0x0a in for 0x139
02-02 13:09:56.062 4020 4020 E Parcel : Reading a NULL string not supported here.
02-02 13:09:56.080 4020 4020 E Parcel : Reading a NULL string not supported here.
02-02 13:09:56.084 4020 4859 W com.mbwhatsapp: Accessing hidden method Lcom/android/org/conscrypt/ConscryptEngineSocket;->setUseSessionTickets(Z)V (greylist-max-q,test-api, reflection, denied)
02-02 13:09:56.084 4020 4859 W com.mbwhatsapp: Accessing hidden method Lcom/android/org/conscrypt/OpenSSLSocketImpl;->setUseSessionTickets(Z)V (greylist- max-q,test-api, reflection, denied)
02-02 13:09:56.084 4020 4859 W com.mbwhatsapp: Accessing hidden method Lcom/android/org/conscrypt/AbstractConscryptSocket;->setUseSessionTickets(Z)V (greylist-max-q, reflection, denied)
02-02 13:09:56.084 4020 4859 W com.mbwhatsapp: Accessing hidden method Lcom/android/org/conscrypt/ConscryptEngineSocket;->setHostname(Ljava/lang/String;)V (greylist-max-q,test-api, reflection, denied)
02-02 13:09:56.084 4020 4859 W com.mbwhatsapp: Accessing hidden method Lcom/android/org/conscrypt/OpenSSLSocketImpl;->setHostname(Ljava/lang/String;)V (greylist-max-q,test-api, reflection, denied)
02-02 13:09:56.084 4020 4859 W com.mbwhatsapp: Accessing hidden method Lcom/android/org/conscrypt/AbstractConscryptSocket;->setHostname(Ljava/lang/ String;)V (greylist-max-q, reflection, denied)
02-02 13:09:56.084 4020 4859 W com.mbwhatsapp: Accessing hidden method Lcom/android/org/conscrypt/OpenSSLSocketImpl;->setAlpnProtocols([B)V (greylist-max- q,test-api, reflection, denied)
02-02 13:09:56.084 4020 4859 W com.mbwhatsapp: Accessing hidden method Lcom/android/org/conscrypt/AbstractConscryptSocket;->setAlpnProtocols([B)V (greylist-max-q, reflection, denied)
02-02 13:09:56.101 4020 4020 E libc : Access denied finding property "ro.vendor.pref_scale_resolution"
02-02 13:09:56.101 4020 4020 E OplusCustomizeRestrictionManager: getInstance
02-02 13:09:56.114 4020 4020 E libc : Access denied finding property "ro.vendor.pref_scale_resolution"
02-02 13:09:56.119 4020 4020 E libc : Access denied finding property "ro.vendor.pref_scale_resolution"
02-02 13:09:56.122 4020 4020 E libc : Access denied finding property "ro.vendor.pref_scale_resolution"
02-02 13:09:56.124 4020 4020 E libc : Access denied finding property "ro.vendor.pref_scale_resolution"
02-02 13:09:56.124 4020 4020 E libc : Access denied finding property "ro.vendor.pref_scale_resolution"
02-02 13:09:56.129 4020 4020 E libc : Access denied finding property "ro.vendor.pref_scale_resolution"
02-02 13:09:56.149 4020 4020 E OplusCustomizeRestrictionManager: getInstance
02-02 13:09:56.160 4020 4020 E libc : Access denied finding property "ro.vendor.pref_scale_resolution"
02-02 13:09:56.161 4020 4020 E libc : Access denied finding property "ro.vendor.pref_scale_resolution"
02-02 13:09:56.161 4020 4020 E OplusCustomizeRestrictionManager: getInstance
02-02 13:09:56.167 4020 4020 E OplusCustomizeRestrictionManager: getInstance
02-02 13:09:56.171 4020 4020 E OplusCustomizeRestrictionManager: getInstance
02-02 13:09:56.173 4020 4020 E OplusCustomizeRestrictionManager: getInstance
02-02 13:09:56.178 4020 4020 E libc : Access denied finding property "ro.vendor.pref_scale_resolution"
02-02 13:09:56.176 4020 4020 E OplusCustomizeRestrictionManager: getInstance
02-02 13:09:56.187 4020 4020 E libc : Access denied finding property "ro.vendor.pref_scale_resolution"
02-02 13:09:56.188 4020 4020 E OplusCustomizeRestrictionManager: getInstance
02-02 13:09:56.240 4020 4020 E libc : Access denied finding property "ro.vendor.pref_scale_resolution"
02-02 13:09:56.241 4020 4020 E libc : Access denied finding property "ro.vendor.pref_scale_resolution"
02-02 13:09:56.247 4020 4020 E OplusCustomizeRestrictionManager: getInstance
02-02 13:09:56.262 4020 4020 E libc : Access denied finding property "ro.vendor.pref_scale_resolution"
02-02 13:09:56.270 4020 4020 E libc : Access denied finding property "ro.vendor.pref_scale_resolution"
02-02 13:09:56.313 4020 4020 E OplusCustomizeRestrictionManager: getInstance
02-02 13:09:56.315 4020 4020 E libc : Access denied finding property "ro.vendor.pref_scale_resolution"
02-02 13:09:56.318 4020 4020 E libc : Access denied finding property "ro.vendor.pref_scale_resolution"
02-02 13:09:56.319 4020 4020 E OplusCustomizeRestrictionManager: getInstance
02-02 13:09:56.321 4020 4020 E libc : Access denied finding property "ro.vendor.pref_scale_resolution"
02-02 13:09:56.327 4020 4020 E libc : Access denied finding property "ro.vendor.pref_scale_resolution"
02-02 13:09:56.321 4020 4020 E OplusCustomizeRestrictionManager: getInstance
02-02 13:09:56.343 4020 4869 W LOTTIE : Animation contains merge paths. Merge paths are only supported on KitKat+ and must be manually enabled by calling enableMergePathsForKitKatAndAbove().
02-02 13:09:56.380 4020 4020 E libc : Access denied finding property "ro.vendor.pref_scale_resolution"
02-02 13:09:56.476 4020 4020 E libc : Access denied finding property "ro.vendor.pref_scale_resolution"
02-02 13:09:56.476 4020 4020 E OplusCustomizeRestrictionManager: getInstance
02-02 13:09:56.483 4020 4020 E OplusCustomizeRestrictionManager: getInstance
02-02 13:09:56.490 4020 4020 E libc : Access denied finding property "ro.vendor.pref_scale_resolution"
02-02 13:09:56.501 4020 4020 E libc : Access denied finding property "ro.vendor.pref_scale_resolution"
02-02 13:09:56.504 4020 4020 E libc : Access denied finding property "ro.vendor.pref_scale_resolution"
02-02 13:09:56.505 4020 4020 E libc : Access denied finding property "ro.vendor.pref_scale_resolution"
02-02 13:09:56.510 4020 4020 E libc : Access denied finding property "ro.vendor.pref_scale_resolution"
02-02 13:09:56.514 4020 4020 E OplusCustomizeRestrictionManager: getInstance
02-02 13:09:56.523 4020 4020 E libc : Access denied finding property "ro.vendor.pref_scale_resolution"
02-02 13:09:56.526 4020 4020 E libc : Access denied finding property "ro.vendor.pref_scale_resolution"
02-02 13:09:56.533 4020 4020 E libc : Access denied finding property "ro.vendor.pref_scale_resolution"
02-02 13:09:56.529 4020 4020 E OplusCustomizeRestrictionManager: getInstance
02-02 13:09:56.534 4020 4307 E OplusCustomizeRestrictionManager: getInstance
02-02 13:09:56.536 4020 4020 E OplusCustomizeRestrictionManager: getInstance
02-02 13:09:56.536 4020 4020 E libc : Access denied finding property "ro.vendor.pref_scale_resolution"
02-02 13:09:56.540 4020 4020 E libc : Access denied finding property "ro.vendor.pref_scale_resolution"
02-02 13:09:56.542 4020 4020 E libc : Access denied finding property "ro.vendor.pref_scale_resolution"
02-02 13:09:56.543 4020 4307 E libc : Access denied finding property "ro.vendor.pref_scale_resolution"
02-02 13:09:56.543 4020 4307 E OplusCustomizeRestrictionManager: getInstance
02-02 13:09:56.551 4020 4020 E libc : Access denied finding property "ro.vendor.pref_scale_resolution"
02-02 13:09:56.555 4020 4020 E OplusCustomizeRestrictionManager: getInstance
02-02 13:09:56.574 4020 4020 E libc : Access denied finding property "ro.vendor.pref_scale_resolution"
02-02 13:09:56.600 4020 4020 E OplusCustomizeRestrictionManager: getInstance
02-02 13:09:56.601 4020 4307 E OplusCustomizeRestrictionManager: getInstance
02-02 13:09:56.604 4020 4307 E OplusCustomizeRestrictionManager: getInstance
02-02 13:09:56.607 4020 4020 E OplusCustomizeRestrictionManager: getInstance
02-02 13:09:56.613 4020 4020 E OplusCustomizeRestrictionManager: getInstance
02-02 13:09:56.619 4020 4307 E libc : Access denied finding property "ro.vendor.pref_scale_resolution"
02-02 13:09:56.619 4020 4020 E OplusCustomizeRestrictionManager: getInstance
02-02 13:09:56.623 4020 4020 E OplusCustomizeRestrictionManager: getInstance
02-02 13:09:56.625 4020 4307 E OplusCustomizeRestrictionManager: getInstance
02-02 13:09:56.627 4020 4307 E OplusCustomizeRestrictionManager: getInstance
02-02 13:09:56.622 4020 4307 E libc : Access denied finding property "ro.vendor.pref_scale_resolution"
02-02 13:09:56.631 4020 4307 E libc : Access denied finding property "ro.vendor.pref_scale_resolution"
02-02 13:09:56.652 4020 4020 E OplusCustomizeRestrictionManager: getInstance
02-02 13:09:56.689 4020 4020 E libc : Access denied finding property "ro.vendor.pref_scale_resolution"
02-02 13:09:56.694 4020 4020 E libc : Access denied finding property "ro.vendor.pref_scale_resolution"
02-02 13:09:56.710 4020 4020 E OplusCustomizeRestrictionManager: getInstance
02-02 13:09:56.713 4020 4020 E OplusCustomizeRestrictionManager: getInstance
02-02 13:09:56.749 4020 4020 E OplusCustomizeRestrictionManager: getInstance
02-02 13:09:56.767 4020 4020 E OplusCustomizeRestrictionManager: getInstance
02-02 13:09:56.769 4020 4020 E OplusCustomizeRestrictionManager: getInstance
02-02 13:09:56.783 4020 4020 E OplusCustomizeRestrictionManager: getInstance
02-02 13:09:56.810 4020 4020 E OplusCustomizeRestrictionManager: getInstance
02-02 13:09:56.856 4020 4020 E OplusCustomizeRestrictionManager: getInstance
02-02 13:09:56.884 4020 4020 E OplusCustomizeRestrictionManager: getInstance
02-02 13:09:56.909 4020 4020 E OplusCustomizeRestrictionManager: getInstance
02-02 13:09:57.019 4020 4020 E libc : Access denied finding property "ro.vendor.pref_scale_resolution"
02-02 13:09:57.068 4020 4020 E RecyclerView: No adapter attached; skipping layout
02-02 13:09:57.070 4020 4020 E libc : Access denied finding property "ro.vendor.pref_scale_resolution"
02-02 13:09:57.071 4020 4020 E libc : Access denied finding property "ro.vendor.pref_scale_resolution"
02-02 13:09:57.120 4020 4020 E ArmVmp : Match on catch block at 0xc3 in for 0xa9
02-02 13:09:57.122 4020 4020 E ArmVmp : Match on catch block at 0xc3 in for 0xa1
02-02 13:09:57.132 4020 4020 W LOTTIE : Animation contains merge paths but they are disabled.
02-02 13:09:57.073 4020 4020 E OplusCustomizeRestrictionManager: getInstance
02-02 13:09:57.136 4020 4020 E ArmVmp : Match on catch block at 0x0a in for 0xd5
02-02 13:09:57.146 4020 4020 E libc : Access denied finding property "ro.vendor.pref_scale_resolution"
02-02 13:09:57.147 4020 4020 E libc : Access denied finding property "ro.vendor.pref_scale_resolution"
02-02 13:09:57.154 4020 4020 E libc : Access denied finding property "ro.vendor.pref_scale_resolution"
02-02 13:09:57.163 4020 4020 E libc : Access denied finding property "ro.vendor.pref_scale_resolution"
02-02 13:09:57.167 4020 4020 E OplusCustomizeRestrictionManager: getInstance
02-02 13:09:57.182 4020 4020 E RecyclerView: No adapter attached; skipping layout
02-02 13:09:57.192 4020 4020 E ArmVmp : Match on catch block at 0xc3 in for 0xa1
02-02 13:09:57.195 4020 4020 E ArmVmp : Match on catch block at 0xc3 in for 0xa5
02-02 13:09:57.203 4020 4020 E libc : Access denied finding property "ro.vendor.pref_scale_resolution"
02-02 13:09:57.208 4020 4020 E libc : Access denied finding property "ro.vendor.pref_scale_resolution"
02-02 13:09:57.212 4020 4020 E libc : Access denied finding property "ro.vendor.pref_scale_resolution"
02-02 13:09:57.217 4020 4020 E ArmVmp : Match on catch block at 0x0a in for 0x1d5
02-02 13:09:57.211 4020 4020 E OplusCustomizeRestrictionManager: getInstance
02-02 13:09:57.230 4020 4020 E OplusCustomizeRestrictionManager: getInstance
02-02 13:09:57.234 4020 4020 E libc : Access denied finding property "ro.vendor.pref_scale_resolution"
02-02 13:09:57.231 4020 4020 E OplusCustomizeRestrictionManager: getInstance
02-02 13:09:57.486 4020 4020 E libc : Access denied finding property "ro.vendor.pref_scale_resolution"
02-02 13:09:57.487 4020 4020 E libc : Access denied finding property "ro.vendor.pref_scale_resolution"
02-02 13:09:57.488 4020 4020 E OplusCustomizeRestrictionManager: getInstance
02-02 13:09:57.495 4020 4020 E libc : Access denied finding property "ro.vendor.pref_scale_resolution"
02-02 13:09:57.493 4020 4020 E OplusCustomizeRestrictionManager: getInstance
02-02 13:09:57.522 4020 4020 W InputEventReceiver: Attempted to finish an input event but the input event receiver has already been disposed.
02-02 13:09:57.551 4020 4020 E Parcel : Reading a NULL string not supported here.
02-02 13:09:57.629 4020 4020 E libc : Access denied finding property "ro.vendor.pref_scale_resolution"
02-02 13:09:57.630 4020 4020 E libc : Access denied finding property "ro.vendor.pref_scale_resolution"
02-02 13:09:57.679 4020 4020 E libc : Access denied finding property "ro.vendor.pref_scale_resolution"
02-02 13:09:57.680 4020 4020 E OplusCustomizeRestrictionManager: getInstance
02-02 13:09:57.684 4020 4020 E libc : Access denied finding property "ro.vendor.pref_scale_resolution"
02-02 13:09:57.686 4020 4020 E libc : Access denied finding property "ro.vendor.pref_scale_resolution"
02-02 13:09:57.686 4020 4020 E OplusCustomizeRestrictionManager: getInstance
02-02 13:09:57.745 4020 4020 E libc : Access denied finding property "ro.vendor.pref_scale_resolution"
02-02 13:09:57.748 4020 4020 E OplusCustomizeRestrictionManager: getInstance
02-02 13:09:57.763 4020 4020 E libc : Access denied finding property "ro.vendor.pref_scale_resolution"
02-02 13:09:57.769 4020 4020 E libc : Access denied finding property "ro.vendor.pref_scale_resolution"
02-02 13:09:57.839 4020 4020 E libc : Access denied finding property "ro.vendor.pref_scale_resolution"
02-02 13:09:57.846 4020 4020 E libc : Access denied finding property "ro.vendor.pref_scale_resolution"
02-02 13:09:57.848 4020 4020 E OplusCustomizeRestrictionManager: getInstance
02-02 13:09:57.850 4020 4020 E libc : Access denied finding property "ro.vendor.pref_scale_resolution"
02-02 13:09:57.873 4020 4090 E Parcel : Reading a NULL string not supported here.
02-02 13:09:57.883 4020 4084 E Parcel : Reading a NULL string not supported here.
02-02 13:09:57.923 4020 4085 E Parcel : Reading a NULL string not supported here.
02-02 13:09:57.938 4020 4079 E Parcel : Reading a NULL string not supported here.
02-02 13:09:57.945 4020 4090 E Parcel : Reading a NULL string not supported here.
02-02 13:09:57.969 4020 4085 E Parcel : Reading a NULL string not supported here.
02-02 13:09:57.982 4020 4084 E Parcel : Reading a NULL string not supported here.
02-02 13:09:57.984 4020 4020 E OplusCustomizeRestrictionManager: getInstance
02-02 13:09:57.995 4020 4020 E libc : Access denied finding property "ro.vendor.pref_scale_resolution"
02-02 13:09:58.008 4020 4020 E libc : Access denied finding property "ro.vendor.pref_scale_resolution"
02-02 13:09:58.029 4020 4020 E libc : Access denied finding property "ro.vendor.pref_scale_resolution"
02-02 13:09:58.197 4020 4020 E libc : Access denied finding property "ro.vendor.pref_scale_resolution"
02-02 13:09:58.225 4020 4020 E libc : Access denied finding property "ro.vendor.pref_scale_resolution"
02-02 13:09:58.242 4020 4020 E libc : Access denied finding property "ro.vendor.pref_scale_resolution"
02-02 13:09:58.352 4020 4020 E libc : Access denied finding property "ro.vendor.pref_scale_resolution"
02-02 13:09:58.374 4020 4020 E OplusCustomizeRestrictionManager: getInstance
02-02 13:09:58.375 4020 4020 E OplusCustomizeRestrictionManager: getInstance
02-02 13:09:58.439 4020 4020 E OplusCustomizeRestrictionManager: getInstance
02-02 13:09:58.523 4020 4020 E libc : Access denied finding property "ro.vendor.pref_scale_resolution"
02-02 13:09:58.523 4020 4020 E OplusCustomizeRestrictionManager: getInstance
02-02 13:09:58.528 4020 4020 E libc : Access denied finding property "ro.vendor.pref_scale_resolution"
02-02 13:09:58.534 4020 4020 E libc : Access denied finding property "ro.vendor.pref_scale_resolution"
02-02 13:09:58.532 4020 4020 E OplusCustomizeRestrictionManager: getInstance
02-02 13:09:58.537 4020 4020 E OplusCustomizeRestrictionManager: getInstance
02-02 13:09:58.614 4020 4020 E libc : Access denied finding property "ro.vendor.pref_scale_resolution"
02-02 13:09:58.633 4020 4020 E libc : Access denied finding property "ro.vendor.pref_scale_resolution"
02-02 13:09:58.638 4020 4020 E libc : Access denied finding property "ro.vendor.pref_scale_resolution"
02-02 13:09:58.643 4020 4020 E libc : Access denied finding property "ro.vendor.pref_scale_resolution"
02-02 13:09:58.656 4020 4020 E libc : Access denied finding property "ro.vendor.pref_scale_resolution"
02-02 13:09:58.661 4020 4020 E libc : Access denied finding property "ro.vendor.pref_scale_resolution"
02-02 13:09:58.663 4020 4020 E libc : Access denied finding property "ro.vendor.pref_scale_resolution"
02-02 13:09:58.666 4020 4020 E libc : Access denied finding property "ro.vendor.pref_scale_resolution"
02-02 13:09:58.671 4020 4020 E OplusCustomizeRestrictionManager: getInstance
02-02 13:09:59.108 4020 4859 W com.mbwhatsapp: Accessing hidden method Lcom/android/org/conscrypt/ConscryptEngineSocket;->setUseSessionTickets(Z)V (greylist-max-q,test-api, reflection, denied)
02-02 13:09:59.108 4020 4859 W com.mbwhatsapp: Accessing hidden method Lcom/android/org/conscrypt/OpenSSLSocketImpl;->setUseSessionTickets(Z)V (greylist- max-q,test-api, reflection, denied)
02-02 13:09:59.109 4020 4859 W com.mbwhatsapp: Accessing hidden method Lcom/android/org/conscrypt/AbstractConscryptSocket;->setUseSessionTickets(Z)V (greylist-max-q, reflection, denied)
02-02 13:09:59.109 4020 4859 W com.mbwhatsapp: Accessing hidden method Lcom/android/org/conscrypt/ConscryptEngineSocket;->setHostname(Ljava/lang/String;)V (greylist-max-q,test-api, reflection, denied)
02-02 13:09:59.109 4020 4859 W com.mbwhatsapp: Accessing hidden method Lcom/android/org/conscrypt/OpenSSLSocketImpl;->setHostname(Ljava/lang/String;)V (greylist-max-q,test-api, reflection, denied)
02-02 13:09:59.109 4020 4859 W com.mbwhatsapp: Accessing hidden method Lcom/android/org/conscrypt/AbstractConscryptSocket;->setHostname(Ljava/lang/ String;)V (greylist-max-q, reflection, denied)
02-02 13:09:59.109 4020 4859 W com.mbwhatsapp: Accessing hidden method Lcom/android/org/conscrypt/OpenSSLSocketImpl;->setAlpnProtocols([B)V (greylist-max- q,test-api, reflection, denied)
02-02 13:09:59.109 4020 4859 W com.mbwhatsapp: Accessing hidden method Lcom/android/org/conscrypt/AbstractConscryptSocket;->setAlpnProtocols([B)V (greylist-max-q, reflection, denied)
02-02 13:09:59.186 4020 4859 W com.mbwhatsapp: Accessing hidden method Lcom/android/org/conscrypt/OpenSSLSocketImpl;->getAlpnSelectedProtocol()[B (greylist-max-q,test-api, reflection, denied)
02-02 13:09:59.186 4020 4859 W com.mbwhatsapp: Accessing hidden method Lcom/android/org/conscrypt/AbstractConscryptSocket;->getAlpnSelectedProtocol()[B (greylist-max-q, reflection, denied)
02-02 13:10:00.137 4020 4020 E Parcel : Reading a NULL string not supported here.
02-02 13:10:00.244 4020 4020 E libc : Access denied finding property "ro.vendor.pref_scale_resolution"
02-02 13:10:00.251 4020 4020 E OplusCustomizeRestrictionManager: getInstance
02-02 13:10:00.261 4020 4020 E libc : Access denied finding property "ro.vendor.pref_scale_resolution"
02-02 13:10:00.277 4020 4020 E OplusCustomizeRestrictionManager: getInstance
02-02 13:10:00.324 4020 4020 E OplusCustomizeRestrictionManager: getInstance
02-02 13:10:00.329 4020 4020 E libc : Access denied finding property "ro.vendor.pref_scale_resolution"
02-02 13:10:00.335 4020 4020 E libc : Access denied finding property "ro.vendor.pref_scale_resolution"
02-02 13:10:00.337 4020 4020 E libc : Access denied finding property "ro.vendor.pref_scale_resolution"
02-02 13:10:00.344 4020 4020 E libc : Access denied finding property "ro.vendor.pref_scale_resolution"
02-02 13:10:00.347 4020 4020 W BottomSheetBehavior: BottomSheetBehavior now supports multiple callbacks. `setBottomSheetCallback()` removes all existing callbacks, including ones set internally by library authors, which may result in unintended behavior. This may change in the future. Please use `addBottomSheetCallback()` and `removeBottomSheetCallback()` instead to set your own callbacks.
02-02 13:10:00.347 4020 4020 W BottomSheetBehavior: BottomSheetBehavior now supports multiple callbacks. `setBottomSheetCallback()` removes all existing callbacks, including ones set internally by library authors, which may result in unintended behavior. This may change in the future. Please use `addBottomSheetCallback()` and `removeBottomSheetCallback()` instead to set your own callbacks.
02-02 13:10:00.378 4020 4020 W BottomSheetBehavior: BottomSheetBehavior now supports multiple callbacks. `setBottomSheetCallback()` removes all existing callbacks, including ones set internally by library authors, which may result in unintended behavior. This may change in the future. Please use `addBottomSheetCallback()` and `removeBottomSheetCallback()` instead to set your own callbacks.
02-02 13:10:00.378 4020 4020 W BottomSheetBehavior: BottomSheetBehavior now supports multiple callbacks. `setBottomSheetCallback()` removes all existing callbacks, including ones set internally by library authors, which may result in unintended behavior. This may change in the future. Please use `addBottomSheetCallback()` and `removeBottomSheetCallback()` instead to set your own callbacks.
02-02 13:10:00.383 4020 4020 E libc : Access denied finding property "ro.vendor.pref_scale_resolution"
02-02 13:10:00.383 4020 4020 E libc : Access denied finding property "ro.vendor.pref_scale_resolution"
02-02 13:10:00.395 4020 4020 W BottomSheetBehavior: BottomSheetBehavior now supports multiple callbacks. `setBottomSheetCallback()` removes all existing callbacks, including ones set internally by library authors, which may result in unintended behavior. This may change in the future. Please use `addBottomSheetCallback()` and `removeBottomSheetCallback()` instead to set your own callbacks.
02-02 13:10:00.395 4020 4020 W BottomSheetBehavior: BottomSheetBehavior now supports multiple callbacks. `setBottomSheetCallback()` removes all existing callbacks, including ones set internally by library authors, which may result in unintended behavior. This may change in the future. Please use `addBottomSheetCallback()` and `removeBottomSheetCallback()` instead to set your own callbacks.
02-02 13:10:00.402 4020 4020 E libc : Access denied finding property "ro.vendor.pref_scale_resolution"
02-02 13:10:00.425 4020 4020 W BottomSheetBehavior: BottomSheetBehavior now supports multiple callbacks. `setBottomSheetCallback()` removes all existing callbacks, including ones set internally by library authors, which may result in unintended behavior. This may change in the future. Please use `addBottomSheetCallback()` and `removeBottomSheetCallback()` instead to set your own callbacks.
02-02 13:10:00.425 4020 4020 W BottomSheetBehavior: BottomSheetBehavior now supports multiple callbacks. `setBottomSheetCallback()` removes all existing callbacks, including ones set internally by library authors, which may result in unintended behavior. This may change in the future. Please use `addBottomSheetCallback()` and `removeBottomSheetCallback()` instead to set your own callbacks.
02-02 13:10:00.439 4020 4020 E RecyclerView: No adapter attached; skipping layout
02-02 13:10:00.440 4020 4020 E RecyclerView: No adapter attached; skipping layout
02-02 13:10:00.464 4020 4020 E libc : Access denied finding property "ro.vendor.pref_scale_resolution"
02-02 13:10:00.423 4020 4020 E OplusCustomizeRestrictionManager: getInstance
02-02 13:10:00.497 4020 4020 E libc : Access denied finding property "ro.vendor.pref_scale_resolution"
02-02 13:10:00.498 4020 4020 E OplusCustomizeRestrictionManager: getInstance
02-02 13:10:00.667 4020 4075 E SQLiteDatabase: Error inserting transferred=1 media_job_uuid=78f32fcb-bc64-455a-b131-1406683cb865 transcoded=0 gif_attribution=0 first_scan_length=4127 direct_path=/o1/v/t62.7118-24/f1/m238/up-oil-image-971a59b9- 6ac5-48b9-a217-d3cc38f8a9ad?ccb=9-4&oh=01_AdRlM9ZANWNP7XCLmU3kumrHGcNsrgwDR06w8n- 3WkMoEg&oe=65E2E7A4&_nc_sid=000000 thumbnail_height_width_ratio=1.7777778 is_animated_sticker=0 file_hash=VrvTY1wKzLi2EV70nxMQ8BJqw9J8/YWNtpBfm/FXeSs= file_path=Media/.Statuses/9b3e6de7611d4f38b7b7e38bb071f48f.jpg file_size=37108 partial_media_hash=7voz6rcz3YpWPWOnoGklGJh8aQtSze8qJ054uazjqyk= face_x=0 face_y=0 height=960 trim_to=0 media_key_timestamp=1706787483000 message_url=https://mmg.whatsapp.net/o1/v/t62.7118-24/f1/m238/up-oil-image- 971a59b9-6ac5-48b9-a217-d3cc38f8a9ad?ccb=9- 4&oh=01_AdRlM9ZANWNP7XCLmU3kumrHGcNsrgwDR06w8n- 3WkMoEg&oe=65E2E7A4&_nc_sid=000000&mms3=true media_caption=null trim_from=0 mime_type=image/jpeg partial_media_enc_hash=null width=540 original_file_hash=null has_streaming_sidecar=1 autotransfer_retry_enabled=1 media_upload_handle=null message_row_id=104956 multicast_id=null enc_file_hash=H1swoAqG520G96ZncTU32PH59WJSnL5SCRGkbg6pS/o= mute_video=0 page_count=0 first_scan_sidecar=[B@da179d8 suspicious_content=0 file_length=37108 media_name=null media_duration=0 chat_row_id=336 media_key=[B@5f0e131
02-02 13:10:00.667 4020 4075 E SQLiteDatabase: android.database.sqlite.SQLiteConstraintException: UNIQUE constraint failed: message_media.message_row_id (code 1555 SQLITE_CONSTRAINT_PRIMARYKEY)
02-02 13:10:00.667 4020 4075 E SQLiteDatabase: at android.database.sqlite.SQLiteConnection.nativeExecuteForLastInsertedRowId(Native Method)
02-02 13:10:00.667 4020 4075 E SQLiteDatabase: at android.database.sqlite.SQLiteConnection.executeForLastInsertedRowId(SQLiteConnecti on.java:948)
02-02 13:10:00.667 4020 4075 E SQLiteDatabase: at android.database.sqlite.SQLiteSession.executeForLastInsertedRowId(SQLiteSession.jav a:790)
02-02 13:10:00.667 4020 4075 E SQLiteDatabase: at android.database.sqlite.SQLiteStatement.executeInsert(SQLiteStatement.java:88)
02-02 13:10:00.667 4020 4075 E SQLiteDatabase: at android.database.sqlite.SQLiteDatabase.insertWithOnConflict(SQLiteDatabase.java:171 2)
02-02 13:10:00.667 4020 4075 E SQLiteDatabase: at android.database.sqlite.SQLiteDatabase.insert(SQLiteDatabase.java:1581)
02-02 13:10:00.667 4020 4075 E SQLiteDatabase: at X.2tm.A08(Unknown Source:6)
02-02 13:10:00.667 4020 4075 E SQLiteDatabase: at X.35Y.A07(Unknown Source:212)
02-02 13:10:00.667 4020 4075 E SQLiteDatabase: at X.3QF.A14(Unknown Source:470)
02-02 13:10:00.667 4020 4075 E SQLiteDatabase: at X.3gU.run(Unknown Source:982)
02-02 13:10:00.667 4020 4075 E SQLiteDatabase: at android.os.Handler.handleCallback(Handler.java:938)
02-02 13:10:00.667 4020 4075 E SQLiteDatabase: at android.os.Handler.dispatchMessage(Handler.java:99)
02-02 13:10:00.667 4020 4075 E SQLiteDatabase: at X.0zq.dispatchMessage(Unknown Source:4)
02-02 13:10:00.667 4020 4075 E SQLiteDatabase: at android.os.Looper.loop(Looper.java:254)
02-02 13:10:00.667 4020 4075 E SQLiteDatabase: at android.os.HandlerThread.run(HandlerThread.java:67)
02-02 13:10:00.826 4020 4020 E libc : Access denied finding property "ro.vendor.pref_scale_resolution"
02-02 13:10:00.892 4020 4020 E libc : Access denied finding property "ro.vendor.pref_scale_resolution"
02-02 13:10:02.015 4020 4075 E SQLiteDatabase: Error inserting transferred=0 media_job_uuid=1d6bccb1-01cd-467d-8a90-92cf5334066d transcoded=0 gif_attribution=0 first_scan_length=0 direct_path=/v/t62.7161- 24/32428576_627330756165467_9171306570202599388_n.enc?ccb=11- 4&oh=01_AdQUWu4zapQj497gjUAidVg9Rf8kEcYcNFvfz9t-V99g_A&oe=65E40E68&_nc_sid=5e03e0 thumbnail_height_width_ratio=1.7777778 is_animated_sticker=0 file_hash=ec+sS4J07vw6xw3r8K1nH/Iiha90sEP04vLfC6h+ApI= file_path=null file_size=0 partial_media_hash=null face_x=0 face_y=0 height=1280 trim_to=0 media_key_timestamp=1706842626000 message_url=https://mmg.whatsapp.net/v/t62.7161- 24/32428576_627330756165467_9171306570202599388_n.enc?ccb=11- 4&oh=01_AdQUWu4zapQj497gjUAidVg9Rf8kEcYcNFvfz9t- V99g_A&oe=65E40E68&_nc_sid=5e03e0&mms3=true media_caption=null trim_from=0 mime_type=video/mp4 partial_media_enc_hash=null width=720 original_file_hash=null has_streaming_sidecar=1 autotransfer_retry_enabled=1 media_upload_handle=null message_row_id=105336 multicast_id=null enc_file_hash=IgzCCedWw7erq6pNz1W+clIWAjFppH/zMTkSlNhMPBM= mute_video=0 page_count=0 first_scan_sidecar=null suspicious_content=0 file_length=3220298 media_name=null media_duration=8 chat_row_id=336 media_key=[B@433bde0
02-02 13:10:02.015 4020 4075 E SQLiteDatabase: android.database.sqlite.SQLiteConstraintException: UNIQUE constraint failed: message_media.message_row_id (code 1555 SQLITE_CONSTRAINT_PRIMARYKEY)
02-02 13:10:02.015 4020 4075 E SQLiteDatabase: at android.database.sqlite.SQLiteConnection.nativeExecuteForLastInsertedRowId(Native Method)
02-02 13:10:02.015 4020 4075 E SQLiteDatabase: at android.database.sqlite.SQLiteConnection.executeForLastInsertedRowId(SQLiteConnecti on.java:948)
02-02 13:10:02.015 4020 4075 E SQLiteDatabase: at android.database.sqlite.SQLiteSession.executeForLastInsertedRowId(SQLiteSession.jav a:790)
02-02 13:10:02.015 4020 4075 E SQLiteDatabase: at android.database.sqlite.SQLiteStatement.executeInsert(SQLiteStatement.java:88)
02-02 13:10:02.015 4020 4075 E SQLiteDatabase: at android.database.sqlite.SQLiteDatabase.insertWithOnConflict(SQLiteDatabase.java:171 2)
02-02 13:10:02.015 4020 4075 E SQLiteDatabase: at android.database.sqlite.SQLiteDatabase.insert(SQLiteDatabase.java:1581)
02-02 13:10:02.015 4020 4075 E SQLiteDatabase: at X.2tm.A08(Unknown Source:6)
02-02 13:10:02.015 4020 4075 E SQLiteDatabase: at X.35Y.A07(Unknown Source:212)
02-02 13:10:02.015 4020 4075 E SQLiteDatabase: at X.3QF.A14(Unknown Source:470)
02-02 13:10:02.015 4020 4075 E SQLiteDatabase: at X.3gU.run(Unknown Source:982)
02-02 13:10:02.015 4020 4075 E SQLiteDatabase: at android.os.Handler.handleCallback(Handler.java:938)
02-02 13:10:02.015 4020 4075 E SQLiteDatabase: at android.os.Handler.dispatchMessage(Handler.java:99)
02-02 13:10:02.015 4020 4075 E SQLiteDatabase: at X.0zq.dispatchMessage(Unknown Source:4)
02-02 13:10:02.015 4020 4075 E SQLiteDatabase: at android.os.Looper.loop(Looper.java:254)
02-02 13:10:02.015 4020 4075 E SQLiteDatabase: at android.os.HandlerThread.run(HandlerThread.java:67)
02-02 13:10:02.163 4020 4020 E libc : Access denied finding property "ro.vendor.pref_scale_resolution"
02-02 13:10:02.254 4020 4020 E libc : Access denied finding property "ro.vendor.pref_scale_resolution"
02-02 13:10:02.876 4020 4020 E RecyclerView: No adapter attached; skipping layout
02-02 13:10:02.901 4020 4075 E SQLiteDatabase: Error inserting transferred=0 media_job_uuid=fd18e1b5-c462-4b65-b490-d77a8dd05650 transcoded=0 gif_attribution=0 first_scan_length=0 direct_path=/v/t62.7161- 24/30615564_358127537025570_9110565151041409336_n.enc?ccb=11- 4&oh=01_AdQlVV6xt4VxvJdaxQN0UKY68d4Tw-bYyr8QCFtdFNayAg&oe=65E3FF64&_nc_sid=5e03e0 thumbnail_height_width_ratio=1.7560976 is_animated_sticker=0 file_hash=WnvTq+vj/bcZkrzT5yYZuNvMr7ESS/Y8dCKICw0cJP8= file_path=null file_size=0 partial_media_hash=null face_x=0 face_y=0 height=1280 trim_to=0 media_key_timestamp=1706853198000 message_url=https://mmg.whatsapp.net/v/t62.7161- 24/30615564_358127537025570_9110565151041409336_n.enc?ccb=11- 4&oh=01_AdQlVV6xt4VxvJdaxQN0UKY68d4Tw- bYyr8QCFtdFNayAg&oe=65E3FF64&_nc_sid=5e03e0&mms3=true media_caption=null trim_from=0 mime_type=video/mp4 partial_media_enc_hash=null width=720 original_file_hash=null has_streaming_sidecar=0 autotransfer_retry_enabled=0 media_upload_handle=null message_row_id=105337 multicast_id=null enc_file_hash=hvHELIo9OYFndSlpkyqFiuGrIHD4py1PPOgGhogImqM= mute_video=0 page_count=0 first_scan_sidecar=null suspicious_content=0 file_length=6621809 media_name=null media_duration=17 chat_row_id=336 media_key=[B@e8811ef
02-02 13:10:02.901 4020 4075 E SQLiteDatabase: android.database.sqlite.SQLiteConstraintException: UNIQUE constraint failed: message_media.message_row_id (code 1555 SQLITE_CONSTRAINT_PRIMARYKEY)
02-02 13:10:02.901 4020 4075 E SQLiteDatabase: at android.database.sqlite.SQLiteConnection.nativeExecuteForLastInsertedRowId(Native Method)
02-02 13:10:02.901 4020 4075 E SQLiteDatabase: at android.database.sqlite.SQLiteConnection.executeForLastInsertedRowId(SQLiteConnecti on.java:948)
02-02 13:10:02.901 4020 4075 E SQLiteDatabase: at android.database.sqlite.SQLiteSession.executeForLastInsertedRowId(SQLiteSession.jav a:790)
02-02 13:10:02.901 4020 4075 E SQLiteDatabase: at android.database.sqlite.SQLiteStatement.executeInsert(SQLiteStatement.java:88)
02-02 13:10:02.901 4020 4075 E SQLiteDatabase: at android.database.sqlite.SQLiteDatabase.insertWithOnConflict(SQLiteDatabase.java:171 2)
02-02 13:10:02.901 4020 4075 E SQLiteDatabase: at android.database.sqlite.SQLiteDatabase.insert(SQLiteDatabase.java:1581)
02-02 13:10:02.901 4020 4075 E SQLiteDatabase: at X.2tm.A08(Unknown Source:6)
02-02 13:10:02.901 4020 4075 E SQLiteDatabase: at X.35Y.A07(Unknown Source:212)
02-02 13:10:02.901 4020 4075 E SQLiteDatabase: at X.3QF.A14(Unknown Source:470)
02-02 13:10:02.901 4020 4075 E SQLiteDatabase: at X.3gU.run(Unknown Source:982)
02-02 13:10:02.901 4020 4075 E SQLiteDatabase: at android.os.Handler.handleCallback(Handler.java:938)
02-02 13:10:02.901 4020 4075 E SQLiteDatabase: at android.os.Handler.dispatchMessage(Handler.java:99)
02-02 13:10:02.901 4020 4075 E SQLiteDatabase: at X.0zq.dispatchMessage(Unknown Source:4)
02-02 13:10:02.901 4020 4075 E SQLiteDatabase: at android.os.Looper.loop(Looper.java:254)
02-02 13:10:02.901 4020 4075 E SQLiteDatabase: at android.os.HandlerThread.run(HandlerThread.java:67)
02-02 13:10:02.917 4020 5124 W AudioCapabilities: Unsupported mime audio/ffmpeg
02-02 13:10:02.917 4020 5124 W AudioCapabilities: Unsupported mime audio/x-adpcm- ms
02-02 13:10:02.917 4020 5124 W AudioCapabilities: Unsupported mime audio/x-adpcm- dvi-ima
02-02 13:10:02.917 4020 5124 W AudioCapabilities: Unsupported mime audio/alac
02-02 13:10:02.917 4020 5124 W AudioCapabilities: Unsupported mime audio/ape
02-02 13:10:02.918 4020 5124 W AudioCapabilities: Unsupported mime audio/x-ms-wma
02-02 13:10:02.918 4020 5124 W AudioCapabilities: Unsupported mime audio/x-ms- wmapro
02-02 13:10:02.918 4020 5124 W VideoCapabilities: Unsupported mime image/vnd.android.heic
02-02 13:10:02.918 4020 5124 W VideoCapabilities: Unsupported mime video/ffmpeg
02-02 13:10:02.919 4020 5124 W VideoCapabilities: Unrecognized profile/level 1/32 for video/mp4v-es
02-02 13:10:02.919 4020 4075 E SQLiteDatabase: Error inserting transferred=0 media_job_uuid=fd18e1b5-c462-4b65-b490-d77a8dd05650 transcoded=0 gif_attribution=0 first_scan_length=0 direct_path=/v/t62.7161- 24/30615564_358127537025570_9110565151041409336_n.enc?ccb=11- 4&oh=01_AdQlVV6xt4VxvJdaxQN0UKY68d4Tw-bYyr8QCFtdFNayAg&oe=65E3FF64&_nc_sid=5e03e0 thumbnail_height_width_ratio=1.7560976 is_animated_sticker=0 file_hash=WnvTq+vj/bcZkrzT5yYZuNvMr7ESS/Y8dCKICw0cJP8= file_path=null file_size=0 partial_media_hash=null face_x=0 face_y=0 height=1280 trim_to=0 media_key_timestamp=1706853198000 message_url=https://mmg.whatsapp.net/v/t62.7161- 24/30615564_358127537025570_9110565151041409336_n.enc?ccb=11- 4&oh=01_AdQlVV6xt4VxvJdaxQN0UKY68d4Tw- bYyr8QCFtdFNayAg&oe=65E3FF64&_nc_sid=5e03e0&mms3=true media_caption=null trim_from=0 mime_type=video/mp4 partial_media_enc_hash=null width=720 original_file_hash=null has_streaming_sidecar=0 autotransfer_retry_enabled=0 media_upload_handle=null message_row_id=105337 multicast_id=null enc_file_hash=hvHELIo9OYFndSlpkyqFiuGrIHD4py1PPOgGhogImqM= mute_video=0 page_count=0 first_scan_sidecar=null suspicious_content=0 file_length=6621809 media_name=null media_duration=17 chat_row_id=336 media_key=[B@e8811ef
02-02 13:10:02.919 4020 4075 E SQLiteDatabase: android.database.sqlite.SQLiteConstraintException: UNIQUE constraint failed: message_media.message_row_id (code 1555 SQLITE_CONSTRAINT_PRIMARYKEY)
02-02 13:10:02.919 4020 4075 E SQLiteDatabase: at android.database.sqlite.SQLiteConnection.nativeExecuteForLastInsertedRowId(Native Method)
02-02 13:10:02.919 4020 4075 E SQLiteDatabase: at android.database.sqlite.SQLiteConnection.executeForLastInsertedRowId(SQLiteConnecti on.java:948)
02-02 13:10:02.919 4020 4075 E SQLiteDatabase: at android.database.sqlite.SQLiteSession.executeForLastInsertedRowId(SQLiteSession.jav a:790)
02-02 13:10:02.919 4020 4075 E SQLiteDatabase: at android.database.sqlite.SQLiteStatement.executeInsert(SQLiteStatement.java:88)
02-02 13:10:02.919 4020 4075 E SQLiteDatabase: at android.database.sqlite.SQLiteDatabase.insertWithOnConflict(SQLiteDatabase.java:171 2)
02-02 13:10:02.919 4020 4075 E SQLiteDatabase: at android.database.sqlite.SQLiteDatabase.insert(SQLiteDatabase.java:1581)
02-02 13:10:02.919 4020 4075 E SQLiteDatabase: at X.2tm.A08(Unknown Source:6)
02-02 13:10:02.919 4020 4075 E SQLiteDatabase: at X.35Y.A07(Unknown Source:212)
02-02 13:10:02.919 4020 4075 E SQLiteDatabase: at X.3QF.A14(Unknown Source:470)
02-02 13:10:02.919 4020 4075 E SQLiteDatabase: at X.3gU.run(Unknown Source:982)
02-02 13:10:02.919 4020 4075 E SQLiteDatabase: at android.os.Handler.handleCallback(Handler.java:938)
02-02 13:10:02.919 4020 4075 E SQLiteDatabase: at android.os.Handler.dispatchMessage(Handler.java:99)
02-02 13:10:02.919 4020 4075 E SQLiteDatabase: at X.0zq.dispatchMessage(Unknown Source:4)
02-02 13:10:02.919 4020 4075 E SQLiteDatabase: at android.os.Looper.loop(Looper.java:254)
02-02 13:10:02.919 4020 4075 E SQLiteDatabase: at android.os.HandlerThread.run(HandlerThread.java:67)
02-02 13:10:02.920 4020 5124 W VideoCapabilities: Unrecognized profile/level 32768/2 for video/mp4v-es
02-02 13:10:02.920 4020 5124 W VideoCapabilities: Unrecognized profile/level 32768/64 for video/mp4v-es
02-02 13:10:02.922 4020 5124 W VideoCapabilities: Unsupported mime video/x-ms-wmv
02-02 13:10:02.922 4020 5124 W VideoCapabilities: Unsupported mime video/xvid
02-02 13:10:02.925 4020 5124 W VideoCapabilities: Unrecognized profile/level 1/32 for video/mp4v-es
02-02 13:10:02.948 4020 5124 E Parcel : Reading a NULL string not supported here.
02-02 13:10:03.034 4020 5155 E OplusACodec: [GetVideoCodingTypeFromMime:L691] mime:video/avc
02-02 13:10:03.037 4020 5155 E MtkACodecExt: setConfig(OMX_CONFIG_ROTATIONTYPE) returned error 0xfffffc0e
02-02 13:10:03.037 4020 5155 E ACodec : [OMX.MTK.VIDEO.DECODER.AVC] failed to setViLTEParameters 1
02-02 13:10:03.052 4020 4020 E libc : Access denied finding property "ro.vendor.pref_scale_resolution"
02-02 13:10:03.085 4020 5168 W Codec2Client: query -- param skipped: index = 1107298332.
02-02 13:10:03.085 4020 5168 W CCodec : This behavior is subject to change. It is recommended that app developers double check whether the requested max input size is in reasonable range.
02-02 13:10:03.087 4020 5168 W Codec2Client: query -- param skipped: index = 1342179345.
02-02 13:10:03.087 4020 5168 W Codec2Client: query -- param skipped: index = 2415921170.
02-02 13:10:03.087 4020 5168 W Codec2Client: query -- param skipped: index = 1610614798.
02-02 13:10:03.088 4020 5168 E FMQ : grantorIdx must be less than 3
02-02 13:10:03.088 4020 5168 E FMQ : grantorIdx must be less than 3
02-02 13:10:03.093 4020 5168 E FMQ : grantorIdx must be less than 3
02-02 13:10:03.102 4020 5156 E FMQ : grantorIdx must be less than 3
02-02 13:10:03.125 4020 4020 E libc : Access denied finding property "ro.vendor.pref_scale_resolution"
02-02 13:10:03.313 4020 4020 E libc : Access denied finding property "ro.vendor.pref_scale_resolution"
02-02 13:10:03.935 4020 4075 E SQLiteDatabase: Error inserting transferred=1 media_job_uuid=1d6bccb1-01cd-467d-8a90-92cf5334066d transcoded=0 gif_attribution=0 first_scan_length=0 direct_path=/v/t62.7161- 24/32428576_627330756165467_9171306570202599388_n.enc?ccb=11- 4&oh=01_AdQUWu4zapQj497gjUAidVg9Rf8kEcYcNFvfz9t-V99g_A&oe=65E40E68&_nc_sid=5e03e0 thumbnail_height_width_ratio=1.7777778 is_animated_sticker=0 file_hash=ec+sS4J07vw6xw3r8K1nH/Iiha90sEP04vLfC6h+ApI= file_path=Media/.Statuses/73163fadc5e34dccabde004dcfcbda76.mp4 file_size=3220298 partial_media_hash=null face_x=0 face_y=0 height=1280 trim_to=0 media_key_timestamp=1706842626000 message_url=https://mmg.whatsapp.net/v/t62.7161- 24/32428576_627330756165467_9171306570202599388_n.enc?ccb=11- 4&oh=01_AdQUWu4zapQj497gjUAidVg9Rf8kEcYcNFvfz9t- V99g_A&oe=65E40E68&_nc_sid=5e03e0&mms3=true media_caption=null trim_from=0 mime_type=video/mp4 partial_media_enc_hash=null width=720 original_file_hash=null has_streaming_sidecar=1 autotransfer_retry_enabled=1 media_upload_handle=null message_row_id=105336 multicast_id=null enc_file_hash=IgzCCedWw7erq6pNz1W+clIWAjFppH/zMTkSlNhMPBM= mute_video=0 page_count=0 first_scan_sidecar=null suspicious_content=0 file_length=3220298 media_name=null media_duration=8 chat_row_id=336 media_key=[B@433bde0
02-02 13:10:03.935 4020 4075 E SQLiteDatabase: android.database.sqlite.SQLiteConstraintException: UNIQUE constraint failed: message_media.message_row_id (code 1555 SQLITE_CONSTRAINT_PRIMARYKEY)
02-02 13:10:03.935 4020 4075 E SQLiteDatabase: at android.database.sqlite.SQLiteConnection.nativeExecuteForLastInsertedRowId(Native Method)
02-02 13:10:03.935 4020 4075 E SQLiteDatabase: at android.database.sqlite.SQLiteConnection.executeForLastInsertedRowId(SQLiteConnecti on.java:948)
02-02 13:10:03.935 4020 4075 E SQLiteDatabase: at android.database.sqlite.SQLiteSession.executeForLastInsertedRowId(SQLiteSession.jav a:790)
02-02 13:10:03.935 4020 4075 E SQLiteDatabase: at android.database.sqlite.SQLiteStatement.executeInsert(SQLiteStatement.java:88)
02-02 13:10:03.935 4020 4075 E SQLiteDatabase: at android.database.sqlite.SQLiteDatabase.insertWithOnConflict(SQLiteDatabase.java:171 2)
02-02 13:10:03.935 4020 4075 E SQLiteDatabase: at android.database.sqlite.SQLiteDatabase.insert(SQLiteDatabase.java:1581)
02-02 13:10:03.935 4020 4075 E SQLiteDatabase: at X.2tm.A08(Unknown Source:6)
02-02 13:10:03.935 4020 4075 E SQLiteDatabase: at X.35Y.A07(Unknown Source:212)
02-02 13:10:03.935 4020 4075 E SQLiteDatabase: at X.3QF.A14(Unknown Source:470)
02-02 13:10:03.935 4020 4075 E SQLiteDatabase: at X.3gU.run(Unknown Source:982)
02-02 13:10:03.935 4020 4075 E SQLiteDatabase: at android.os.Handler.handleCallback(Handler.java:938)
02-02 13:10:03.935 4020 4075 E SQLiteDatabase: at android.os.Handler.dispatchMessage(Handler.java:99)
02-02 13:10:03.935 4020 4075 E SQLiteDatabase: at X.0zq.dispatchMessage(Unknown Source:4)
02-02 13:10:03.935 4020 4075 E SQLiteDatabase: at android.os.Looper.loop(Looper.java:254)
02-02 13:10:03.935 4020 4075 E SQLiteDatabase: at android.os.HandlerThread.run(HandlerThread.java:67)
02-02 13:10:04.060 4020 4020 E libc : Access denied finding property "ro.vendor.pref_scale_resolution"
02-02 13:10:04.138 4020 4020 E libc : Access denied finding property "ro.vendor.pref_scale_resolution"
