02-09 19:39:06.252 24126 24126 E libc : Access denied finding property "ro.vendor.pref_scale_resolution"
02-09 19:39:06.306 24126 24126 E libc : Access denied finding property "ro.vendor.pref_scale_resolution"
02-09 19:39:06.350 24126 24126 E OplusCustomizeRestrictionManager: getInstance
02-09 19:39:06.363 24126 24126 E OplusCustomizeRestrictionManager: getInstance
02-09 19:39:06.365 24126 24126 E OplusCustomizeRestrictionManager: getInstance
02-09 19:39:06.456 24126 24126 E libc : Access denied finding property "ro.vendor.pref_scale_resolution"
02-09 19:39:06.461 24126 24126 E libc : Access denied finding property "ro.vendor.pref_scale_resolution"
02-09 19:39:06.517 24126 24126 E RecyclerView: No adapter attached; skipping layout
02-09 19:39:06.519 24126 24126 E libc : Access denied finding property "ro.vendor.pref_scale_resolution"
02-09 19:39:06.520 24126 24126 E libc : Access denied finding property "ro.vendor.pref_scale_resolution"
02-09 19:39:06.553 24126 24728 E ion : ioctl c0044901 failed with code -1: Invalid argument
02-09 19:39:06.522 24126 24126 E OplusCustomizeRestrictionManager: getInstance
02-09 19:39:06.614 24126 24126 E libc : Access denied finding property "ro.vendor.pref_scale_resolution"
02-09 19:39:06.615 24126 24126 E libc : Access denied finding property "ro.vendor.pref_scale_resolution"
02-09 19:39:06.623 24126 24126 E libc : Access denied finding property "ro.vendor.pref_scale_resolution"
02-09 19:39:06.625 24126 24126 E libc : Access denied finding property "ro.vendor.pref_scale_resolution"
02-09 19:39:06.632 24126 24126 E libc : Access denied finding property "ro.vendor.pref_scale_resolution"
02-09 19:39:06.638 24126 24126 E OplusCustomizeRestrictionManager: getInstance
02-09 19:39:06.655 24126 24126 E RecyclerView: No adapter attached; skipping layout
02-09 19:39:06.664 24126 24126 E libc : Access denied finding property "ro.vendor.pref_scale_resolution"
02-09 19:39:06.678 24126 24126 E libc : Access denied finding property "ro.vendor.pref_scale_resolution"
02-09 19:39:06.674 24126 24126 E OplusCustomizeRestrictionManager: getInstance
02-09 19:39:06.683 24126 24126 E ArmVmp : Match on catch block at 0x0a in for 0xd5
02-09 19:39:06.767 24126 24126 E libc : Access denied finding property "ro.vendor.pref_scale_resolution"
02-09 19:39:06.768 24126 24126 E libc : Access denied finding property "ro.vendor.pref_scale_resolution"
02-09 19:39:06.769 24126 24126 E OplusCustomizeRestrictionManager: getInstance
02-09 19:39:06.773 24126 24126 E libc : Access denied finding property "ro.vendor.pref_scale_resolution"
02-09 19:39:06.774 24126 24126 E libc : Access denied finding property "ro.vendor.pref_scale_resolution"
02-09 19:39:06.775 24126 24126 E OplusCustomizeRestrictionManager: getInstance
02-09 19:39:06.777 24126 24126 E libc : Access denied finding property "ro.vendor.pref_scale_resolution"
02-09 19:39:06.821 24126 24126 E OplusCustomizeRestrictionManager: getInstance
02-09 19:39:06.825 24126 24126 E libc : Access denied finding property "ro.vendor.pref_scale_resolution"
02-09 19:39:06.828 24126 24126 E OplusCustomizeRestrictionManager: getInstance
02-09 19:39:06.832 24126 24126 E libc : Access denied finding property "ro.vendor.pref_scale_resolution"
02-09 19:39:06.836 24126 24126 E Parcel : Reading a NULL string not supported here.
02-09 19:39:06.853 24126 24791 W LOTTIE : Animation contains merge paths. Merge paths are only supported on KitKat+ and must be manually enabled by calling enableMergePathsForKitKatAndAbove().
02-09 19:39:06.870 24126 24126 E libc : Access denied finding property "ro.vendor.pref_scale_resolution"
02-09 19:39:06.870 24126 24126 E OplusCustomizeRestrictionManager: getInstance
02-09 19:39:06.882 24126 24126 E OplusCustomizeRestrictionManager: getInstance
02-09 19:39:06.970 24126 24126 E libc : Access denied finding property "ro.vendor.pref_scale_resolution"
02-09 19:39:07.107 24126 24126 E libc : Access denied finding property "ro.vendor.pref_scale_resolution"
02-09 19:39:07.113 24126 24126 E libc : Access denied finding property "ro.vendor.pref_scale_resolution"
02-09 19:39:07.167 24126 24126 E libc : Access denied finding property "ro.vendor.pref_scale_resolution"
02-09 19:39:07.167 24126 24126 E OplusCustomizeRestrictionManager: getInstance
02-09 19:39:07.175 24126 24126 E libc : Access denied finding property "ro.vendor.pref_scale_resolution"
02-09 19:39:07.185 24126 24126 E libc : Access denied finding property "ro.vendor.pref_scale_resolution"
02-09 19:39:07.216 24126 24126 W LOTTIE : Animation contains merge paths but they are disabled.
02-09 19:39:07.178 24126 24126 E OplusCustomizeRestrictionManager: getInstance
02-09 19:39:07.246 24126 24126 E libc : Access denied finding property "ro.vendor.pref_scale_resolution"
02-09 19:39:07.250 24126 24126 E OplusCustomizeRestrictionManager: getInstance
02-09 19:39:07.263 24126 24126 E libc : Access denied finding property "ro.vendor.pref_scale_resolution"
02-09 19:39:07.269 24126 24126 E libc : Access denied finding property "ro.vendor.pref_scale_resolution"
02-09 19:39:07.282 24126 24126 E libc : Access denied finding property "ro.vendor.pref_scale_resolution"
02-09 19:39:07.284 24126 24296 E Parcel : Reading a NULL string not supported here.
02-09 19:39:07.284 24126 24126 E libc : Access denied finding property "ro.vendor.pref_scale_resolution"
02-09 19:39:07.307 24126 24126 E libc : Access denied finding property "ro.vendor.pref_scale_resolution"
02-09 19:39:07.313 24126 24126 E libc : Access denied finding property "ro.vendor.pref_scale_resolution"
02-09 19:39:07.315 24126 24126 E libc : Access denied finding property "ro.vendor.pref_scale_resolution"
02-09 19:39:07.315 24126 24305 E Parcel : Reading a NULL string not supported here.
02-09 19:39:07.316 24126 24126 E libc : Access denied finding property "ro.vendor.pref_scale_resolution"
02-09 19:39:07.340 24126 24126 E libc : Access denied finding property "ro.vendor.pref_scale_resolution"
02-09 19:39:07.341 24126 24126 E libc : Access denied finding property "ro.vendor.pref_scale_resolution"
02-09 19:39:07.342 24126 24301 E Parcel : Reading a NULL string not supported here.
02-09 19:39:07.340 24126 24126 E OplusCustomizeRestrictionManager: getInstance
02-09 19:39:07.412 24126 24126 E OplusCustomizeRestrictionManager: getInstance
02-09 19:39:07.417 24126 24126 E libc : Access denied finding property "ro.vendor.pref_scale_resolution"
02-09 19:39:07.490 24126 24126 E libc : Access denied finding property "ro.vendor.pref_scale_resolution"
02-09 19:39:07.620 24126 24126 E OplusCustomizeRestrictionManager: getInstance
02-09 19:39:07.734 24126 24126 E OplusCustomizeRestrictionManager: getInstance
02-09 19:39:07.815 24126 24126 E OplusCustomizeRestrictionManager: getInstance
02-09 19:39:07.828 24126 24126 E OplusCustomizeRestrictionManager: getInstance
02-09 19:39:07.961 24126 24126 E libc : Access denied finding property "ro.vendor.pref_scale_resolution"
02-09 19:39:07.974 24126 24126 E libc : Access denied finding property "ro.vendor.pref_scale_resolution"
02-09 19:39:08.066 24126 24126 E libc : Access denied finding property "ro.vendor.pref_scale_resolution"
02-09 19:39:08.040 24126 24126 E OplusCustomizeRestrictionManager: getInstance
02-09 19:39:10.227 24126 24126 E libc : Access denied finding property "ro.vendor.pref_scale_resolution"
02-09 19:39:10.232 24126 24126 E libc : Access denied finding property "ro.vendor.pref_scale_resolution"
02-09 19:39:10.236 24126 24126 E OplusCustomizeRestrictionManager: getInstance
02-09 19:39:10.239 24126 24126 E libc : Access denied finding property "ro.vendor.pref_scale_resolution"
02-09 19:39:10.245 24126 24126 E libc : Access denied finding property "ro.vendor.pref_scale_resolution"
02-09 19:39:10.253 24126 24126 E libc : Access denied finding property "ro.vendor.pref_scale_resolution"
02-09 19:39:10.258 24126 24126 E libc : Access denied finding property "ro.vendor.pref_scale_resolution"
02-09 19:39:10.268 24126 24126 E OplusCustomizeRestrictionManager: getInstance
02-09 19:39:10.292 24126 24126 E OplusCustomizeRestrictionManager: getInstance
02-09 19:39:10.314 24126 24126 E OplusCustomizeRestrictionManager: getInstance
02-09 19:39:11.355 24126 24126 E libc : Access denied finding property "ro.vendor.pref_scale_resolution"
02-09 19:39:17.580 24126 24126 E libc : Access denied finding property "ro.vendor.pref_scale_resolution"
02-09 19:39:17.582 24126 24126 E OplusCustomizeRestrictionManager: getInstance
02-09 19:39:26.404 24126 24126 W InputEventReceiver: Attempted to finish an input event but the input event receiver has already been disposed.
02-09 19:39:28.978 24126 24126 E Parcel : Reading a NULL string not supported here.
02-09 19:39:29.039 24126 24126 E libc : Access denied finding property "ro.vendor.pref_scale_resolution"
02-09 19:39:29.039 24126 24126 E OplusCustomizeRestrictionManager: getInstance
02-09 19:39:29.057 24126 24126 E libc : Access denied finding property "ro.vendor.pref_scale_resolution"
02-09 19:39:29.059 24126 24126 E OplusCustomizeRestrictionManager: getInstance
02-09 19:39:29.905 24126 24126 E Parcel : Reading a NULL string not supported here.
02-09 19:39:29.964 24126 24126 E libc : Access denied finding property "ro.vendor.pref_scale_resolution"
02-09 19:39:29.969 24126 24126 E libc : Access denied finding property "ro.vendor.pref_scale_resolution"
02-09 19:39:29.971 24126 24126 E OplusCustomizeRestrictionManager: getInstance
02-09 19:39:29.973 24126 24126 E libc : Access denied finding property "ro.vendor.pref_scale_resolution"
02-09 19:39:29.974 24126 24126 E OplusCustomizeRestrictionManager: getInstance
02-09 19:39:30.024 24126 24126 E libc : Access denied finding property "ro.vendor.pref_scale_resolution"
02-09 19:39:30.026 24126 24126 E OplusCustomizeRestrictionManager: getInstance
02-09 19:39:30.029 24126 24126 E libc : Access denied finding property "ro.vendor.pref_scale_resolution"
02-09 19:39:30.065 24126 24126 E OplusCustomizeRestrictionManager: getInstance
02-09 19:39:31.089 24126 24728 E FrameEvents: updateAcquireFence: Did not find frame.
02-09 19:39:31.529 24126 24140 W System : A resource failed to call release.
02-09 19:39:31.529 24126 24140 W System : A resource failed to call release.
02-09 19:39:31.575 24126 24126 E libc : Access denied finding property "ro.vendor.pref_scale_resolution"
02-09 19:39:32.112 24126 24126 E libc : Access denied finding property "ro.vendor.pref_scale_resolution"
02-09 19:39:32.118 24126 24126 E libc : Access denied finding property "ro.vendor.pref_scale_resolution"
02-09 19:39:32.126 24126 24126 E libc : Access denied finding property "ro.vendor.pref_scale_resolution"
02-09 19:39:32.146 24126 24126 E libc : Access denied finding property "ro.vendor.pref_scale_resolution"
02-09 19:39:32.152 24126 24126 E libc : Access denied finding property "ro.vendor.pref_scale_resolution"
02-09 19:39:32.161 24126 24126 E OplusCustomizeRestrictionManager: getInstance
02-09 19:39:32.159 24126 24126 E libc : Access denied finding property "ro.vendor.pref_scale_resolution"
02-09 19:39:32.166 24126 24126 E OplusCustomizeRestrictionManager: getInstance
02-09 19:39:33.549 24126 24126 E Parcel : Reading a NULL string not supported here.
02-09 19:39:33.636 24126 24126 E libc : Access denied finding property "ro.vendor.pref_scale_resolution"
02-09 19:39:33.641 24126 24126 E OplusCustomizeRestrictionManager: getInstance
02-09 19:39:33.651 24126 24126 E libc : Access denied finding property "ro.vendor.pref_scale_resolution"
02-09 19:39:33.668 24126 24126 E OplusCustomizeRestrictionManager: getInstance
02-09 19:39:33.715 24126 24126 E OplusCustomizeRestrictionManager: getInstance
02-09 19:39:33.717 24126 24126 E OplusCustomizeRestrictionManager: getInstance
02-09 19:39:33.720 24126 24126 E libc : Access denied finding property "ro.vendor.pref_scale_resolution"
02-09 19:39:33.724 24126 24126 E libc : Access denied finding property "ro.vendor.pref_scale_resolution"
02-09 19:39:33.726 24126 24126 E libc : Access denied finding property "ro.vendor.pref_scale_resolution"
02-09 19:39:33.735 24126 24126 E libc : Access denied finding property "ro.vendor.pref_scale_resolution"
02-09 19:39:33.738 24126 24126 W BottomSheetBehavior: BottomSheetBehavior now supports multiple callbacks. `setBottomSheetCallback()` removes all existing callbacks, including ones set internally by library authors, which may result in unintended behavior. This may change in the future. Please use `addBottomSheetCallback()` and `removeBottomSheetCallback()` instead to set your own callbacks.
02-09 19:39:33.738 24126 24126 W BottomSheetBehavior: BottomSheetBehavior now supports multiple callbacks. `setBottomSheetCallback()` removes all existing callbacks, including ones set internally by library authors, which may result in unintended behavior. This may change in the future. Please use `addBottomSheetCallback()` and `removeBottomSheetCallback()` instead to set your own callbacks.
02-09 19:39:33.908 24126 24126 W BottomSheetBehavior: BottomSheetBehavior now supports multiple callbacks. `setBottomSheetCallback()` removes all existing callbacks, including ones set internally by library authors, which may result in unintended behavior. This may change in the future. Please use `addBottomSheetCallback()` and `removeBottomSheetCallback()` instead to set your own callbacks.
02-09 19:39:33.908 24126 24126 W BottomSheetBehavior: BottomSheetBehavior now supports multiple callbacks. `setBottomSheetCallback()` removes all existing callbacks, including ones set internally by library authors, which may result in unintended behavior. This may change in the future. Please use `addBottomSheetCallback()` and `removeBottomSheetCallback()` instead to set your own callbacks.
02-09 19:39:33.914 24126 24126 E libc : Access denied finding property "ro.vendor.pref_scale_resolution"
02-09 19:39:33.916 24126 24126 E libc : Access denied finding property "ro.vendor.pref_scale_resolution"
02-09 19:39:33.932 24126 24126 W BottomSheetBehavior: BottomSheetBehavior now supports multiple callbacks. `setBottomSheetCallback()` removes all existing callbacks, including ones set internally by library authors, which may result in unintended behavior. This may change in the future. Please use `addBottomSheetCallback()` and `removeBottomSheetCallback()` instead to set your own callbacks.
02-09 19:39:33.932 24126 24126 W BottomSheetBehavior: BottomSheetBehavior now supports multiple callbacks. `setBottomSheetCallback()` removes all existing callbacks, including ones set internally by library authors, which may result in unintended behavior. This may change in the future. Please use `addBottomSheetCallback()` and `removeBottomSheetCallback()` instead to set your own callbacks.
02-09 19:39:33.935 24126 24140 W System : A resource failed to call release.
02-09 19:39:33.950 24126 24126 E RecyclerView: No adapter attached; skipping layout
02-09 19:39:33.952 24126 24126 E RecyclerView: No adapter attached; skipping layout
02-09 19:39:33.953 24126 24126 E RecyclerView: No adapter attached; skipping layout
02-09 19:39:33.930 24126 24126 E OplusCustomizeRestrictionManager: getInstance
02-09 19:39:34.574 24126 25333 W AudioCapabilities: Unsupported mime audio/ffmpeg
02-09 19:39:34.574 24126 25333 W AudioCapabilities: Unsupported mime audio/x-adpcm- ms
02-09 19:39:34.574 24126 25333 W AudioCapabilities: Unsupported mime audio/x-adpcm- dvi-ima
02-09 19:39:34.574 24126 25333 W AudioCapabilities: Unsupported mime audio/alac
02-09 19:39:34.574 24126 25333 W AudioCapabilities: Unsupported mime audio/ape
02-09 19:39:34.575 24126 25333 W AudioCapabilities: Unsupported mime audio/x-ms-wma
02-09 19:39:34.575 24126 25333 W AudioCapabilities: Unsupported mime audio/x-ms- wmapro
02-09 19:39:34.575 24126 25333 W VideoCapabilities: Unsupported mime image/vnd.android.heic
02-09 19:39:34.575 24126 25333 W VideoCapabilities: Unsupported mime video/ffmpeg
02-09 19:39:34.576 24126 25333 W VideoCapabilities: Unrecognized profile/level 1/32 for video/mp4v-es
02-09 19:39:34.576 24126 25333 W VideoCapabilities: Unrecognized profile/level 32768/2 for video/mp4v-es
02-09 19:39:34.576 24126 25333 W VideoCapabilities: Unrecognized profile/level 32768/64 for video/mp4v-es
02-09 19:39:34.577 24126 25333 W VideoCapabilities: Unsupported mime video/x-ms-wmv
02-09 19:39:34.577 24126 25333 W VideoCapabilities: Unsupported mime video/xvid
02-09 19:39:34.578 24126 25333 W VideoCapabilities: Unrecognized profile/level 1/32 for video/mp4v-es
02-09 19:39:34.586 24126 25333 E Parcel : Reading a NULL string not supported here.
02-09 19:39:34.668 24126 25341 E OplusACodec: [GetVideoCodingTypeFromMime:L691] mime:video/avc
02-09 19:39:34.671 24126 25341 E MtkACodecExt: setConfig(OMX_CONFIG_ROTATIONTYPE) returned error 0xfffffc0e
02-09 19:39:34.671 24126 25341 E ACodec : [OMX.MTK.VIDEO.DECODER.AVC] failed to setViLTEParameters 1
02-09 19:39:34.712 24126 25351 W Codec2Client: query -- param skipped: index = 1107298332.
02-09 19:39:34.712 24126 25351 W CCodec : This behavior is subject to change. It is recommended that app developers double check whether the requested max input size is in reasonable range.
02-09 19:39:34.725 24126 25351 W Codec2Client: query -- param skipped: index = 1342179345.
02-09 19:39:34.725 24126 25351 W Codec2Client: query -- param skipped: index = 2415921170.
02-09 19:39:34.725 24126 25351 W Codec2Client: query -- param skipped: index = 1610614798.
02-09 19:39:34.725 24126 25351 E FMQ : grantorIdx must be less than 3
02-09 19:39:34.725 24126 25351 E FMQ : grantorIdx must be less than 3
02-09 19:39:34.731 24126 25351 E FMQ : grantorIdx must be less than 3
02-09 19:39:34.744 24126 25342 E FMQ : grantorIdx must be less than 3
02-09 19:39:35.780 24126 24291 E SQLiteDatabase: Error inserting transferred=1 media_job_uuid=98539aff-3fd0-424e-b270-81dd9d116aee transcoded=0 gif_attribution=0 first_scan_length=0 direct_path=/v/t62.7161- 24/33483678_1068275604459897_2984528506751464077_n.enc?ccb=11- 4&oh=01_AdTy9FOx4GBn1fndsF9rV5yaMmn9WKlzMpi97BPRElVuhg&oe=65ED8DF8&_nc_sid=5e03e0 thumbnail_height_width_ratio=1.7575758 is_animated_sticker=0 file_hash=Dywine5R4+k0IhGO6PZpyzu68QylweKmW1B0eRRpLRs= file_path=Media/.Statuses/bf458b3a882d40fb9b4c1db6294c19c6.mp4 file_size=1926326 partial_media_hash=null face_x=0 face_y=0 height=848 trim_to=0 media_key_timestamp=1707482102000 message_url=https://mmg.whatsapp.net/v/t62.7161- 24/33483678_1068275604459897_2984528506751464077_n.enc?ccb=11- 4&oh=01_AdTy9FOx4GBn1fndsF9rV5yaMmn9WKlzMpi97BPRElVuhg&oe=65ED8DF8&_nc_sid=5e03e0&m ms3=true media_caption=null trim_from=0 mime_type=video/mp4 partial_media_enc_hash=null width=480 original_file_hash=null has_streaming_sidecar=1 autotransfer_retry_enabled=1 media_upload_handle=null message_row_id=110040 multicast_id=null enc_file_hash=/Sw7tLnRJVP3RCjm3pUEvfQsMC+TkWPCRNlLQD1WkTg= mute_video=0 page_count=0 first_scan_sidecar=null suspicious_content=0 file_length=1926326 media_name=null media_duration=15 chat_row_id=336 media_key=[B@c5d1b1f
02-09 19:39:35.780 24126 24291 E SQLiteDatabase: android.database.sqlite.SQLiteConstraintException: UNIQUE constraint failed: message_media.message_row_id (code 1555 SQLITE_CONSTRAINT_PRIMARYKEY)
02-09 19:39:35.780 24126 24291 E SQLiteDatabase: at android.database.sqlite.SQLiteConnection.nativeExecuteForLastInsertedRowId(Native Method)
02-09 19:39:35.780 24126 24291 E SQLiteDatabase: at android.database.sqlite.SQLiteConnection.executeForLastInsertedRowId(SQLiteConnecti on.java:948)
02-09 19:39:35.780 24126 24291 E SQLiteDatabase: at android.database.sqlite.SQLiteSession.executeForLastInsertedRowId(SQLiteSession.jav a:790)
02-09 19:39:35.780 24126 24291 E SQLiteDatabase: at android.database.sqlite.SQLiteStatement.executeInsert(SQLiteStatement.java:88)
02-09 19:39:35.780 24126 24291 E SQLiteDatabase: at android.database.sqlite.SQLiteDatabase.insertWithOnConflict(SQLiteDatabase.java:171 2)
02-09 19:39:35.780 24126 24291 E SQLiteDatabase: at android.database.sqlite.SQLiteDatabase.insert(SQLiteDatabase.java:1581)
02-09 19:39:35.780 24126 24291 E SQLiteDatabase: at X.2tm.A08(Unknown Source:6)
02-09 19:39:35.780 24126 24291 E SQLiteDatabase: at X.35Y.A07(Unknown Source:212)
02-09 19:39:35.780 24126 24291 E SQLiteDatabase: at X.3QF.A14(Unknown Source:470)
02-09 19:39:35.780 24126 24291 E SQLiteDatabase: at X.3gU.run(Unknown Source:982)
02-09 19:39:35.780 24126 24291 E SQLiteDatabase: at android.os.Handler.handleCallback(Handler.java:938)
02-09 19:39:35.780 24126 24291 E SQLiteDatabase: at android.os.Handler.dispatchMessage(Handler.java:99)
02-09 19:39:35.780 24126 24291 E SQLiteDatabase: at X.0zq.dispatchMessage(Unknown Source:4)
02-09 19:39:35.780 24126 24291 E SQLiteDatabase: at android.os.Looper.loop(Looper.java:254)
02-09 19:39:35.780 24126 24291 E SQLiteDatabase: at android.os.HandlerThread.run(HandlerThread.java:67)
02-09 19:39:35.955 24126 24126 E libc : Access denied finding property "ro.vendor.pref_scale_resolution"
02-09 19:39:35.972 24126 24126 E libc : Access denied finding property "ro.vendor.pref_scale_resolution"
02-09 19:39:36.283 24126 24291 E SQLiteDatabase: Error inserting transferred=1 media_job_uuid=20381004-a49d-496e-a854-c14c0d8c4f85 transcoded=0 gif_attribution=0 first_scan_length=6938 direct_path=/o1/v/t62.7118-24/f1/m232/up-oil-image-55ce37b1- a42f-4040-989a-81ce24f48522?ccb=9-4&oh=01_AdQ_j5uh- GUeBjMHTHWQViEbWrDoC07m5SDuhqIDx2tpng&oe=65ED7A0E&_nc_sid=000000 thumbnail_height_width_ratio=1.8113208 is_animated_sticker=0 file_hash=ROZuQpJTKhAEul147Re3F9IZSruO1M0j948xYYAx+Gg= file_path=Media/.Statuses/d3d5719fdfba423588472ac236555b6d.jpg file_size=80707 partial_media_hash=jG1EFGs0xjASw2ABsnZ7QuvdBcN5Jti/zjMTN4l9gn8= face_x=0 face_y=0 height=1080 trim_to=0 media_key_timestamp=1707481653000 message_url=https://mmg.whatsapp.net/o1/v/t62.7118-24/f1/m232/up-oil-image- 55ce37b1-a42f-4040-989a-81ce24f48522?ccb=9-4&oh=01_AdQ_j5uh- GUeBjMHTHWQViEbWrDoC07m5SDuhqIDx2tpng&oe=65ED7A0E&_nc_sid=000000&mms3=true media_caption=null trim_from=0 mime_type=image/jpeg partial_media_enc_hash=null width=607 original_file_hash=null has_streaming_sidecar=1 autotransfer_retry_enabled=1 media_upload_handle=null message_row_id=110038 multicast_id=null enc_file_hash=U0O+Dl2qNVHikFBpLAu4a0Ao0Xa6YMaEQGkl7eESO1w= mute_video=0 page_count=0 first_scan_sidecar=[B@1696fb5 suspicious_content=0 file_length=80707 media_name=null media_duration=0 chat_row_id=336 media_key=[B@4ebe64a
02-09 19:39:36.283 24126 24291 E SQLiteDatabase: android.database.sqlite.SQLiteConstraintException: UNIQUE constraint failed: message_media.message_row_id (code 1555 SQLITE_CONSTRAINT_PRIMARYKEY)
02-09 19:39:36.283 24126 24291 E SQLiteDatabase: at android.database.sqlite.SQLiteConnection.nativeExecuteForLastInsertedRowId(Native Method)
02-09 19:39:36.283 24126 24291 E SQLiteDatabase: at android.database.sqlite.SQLiteConnection.executeForLastInsertedRowId(SQLiteConnecti on.java:948)
02-09 19:39:36.283 24126 24291 E SQLiteDatabase: at android.database.sqlite.SQLiteSession.executeForLastInsertedRowId(SQLiteSession.jav a:790)
02-09 19:39:36.283 24126 24291 E SQLiteDatabase: at android.database.sqlite.SQLiteStatement.executeInsert(SQLiteStatement.java:88)
02-09 19:39:36.283 24126 24291 E SQLiteDatabase: at android.database.sqlite.SQLiteDatabase.insertWithOnConflict(SQLiteDatabase.java:171 2)
02-09 19:39:36.283 24126 24291 E SQLiteDatabase: at android.database.sqlite.SQLiteDatabase.insert(SQLiteDatabase.java:1581)
02-09 19:39:36.283 24126 24291 E SQLiteDatabase: at X.2tm.A08(Unknown Source:6)
02-09 19:39:36.283 24126 24291 E SQLiteDatabase: at X.35Y.A07(Unknown Source:212)
02-09 19:39:36.283 24126 24291 E SQLiteDatabase: at X.3QF.A14(Unknown Source:470)
02-09 19:39:36.283 24126 24291 E SQLiteDatabase: at X.3gU.run(Unknown Source:982)
02-09 19:39:36.283 24126 24291 E SQLiteDatabase: at android.os.Handler.handleCallback(Handler.java:938)
02-09 19:39:36.283 24126 24291 E SQLiteDatabase: at android.os.Handler.dispatchMessage(Handler.java:99)
02-09 19:39:36.283 24126 24291 E SQLiteDatabase: at X.0zq.dispatchMessage(Unknown Source:4)
02-09 19:39:36.283 24126 24291 E SQLiteDatabase: at android.os.Looper.loop(Looper.java:254)
02-09 19:39:36.283 24126 24291 E SQLiteDatabase: at android.os.HandlerThread.run(HandlerThread.java:67)
02-09 19:39:39.881 24126 25333 W AudioTrack: getTimestamp_l(42): retrograde timestamp time corrected, 1160585900376 < 1160772767991
02-09 19:39:40.283 24126 24126 E Parcel : Reading a NULL string not supported here.
02-09 19:39:40.345 24126 24126 E OplusCustomizeRestrictionManager: getInstance
02-09 19:39:40.356 24126 24126 E libc : Access denied finding property "ro.vendor.pref_scale_resolution"
02-09 19:39:40.373 24126 24126 E libc : Access denied finding property "ro.vendor.pref_scale_resolution"
02-09 19:39:40.374 24126 24126 E libc : Access denied finding property "ro.vendor.pref_scale_resolution"
02-09 19:39:40.377 24126 24126 E libc : Access denied finding property "ro.vendor.pref_scale_resolution"
02-09 19:39:40.384 24126 24126 E libc : Access denied finding property "ro.vendor.pref_scale_resolution"
02-09 19:39:40.386 24126 24126 E libc : Access denied finding property "ro.vendor.pref_scale_resolution"
02-09 19:39:40.386 24126 24126 E libc : Access denied finding property "ro.vendor.pref_scale_resolution"
02-09 19:39:40.389 24126 24126 E libc : Access denied finding property "ro.vendor.pref_scale_resolution"
02-09 19:39:40.391 24126 24126 E libc : Access denied finding property "ro.vendor.pref_scale_resolution"
02-09 19:39:40.395 24126 24126 E libc : Access denied finding property "ro.vendor.pref_scale_resolution"
02-09 19:39:40.377 24126 24126 E OplusCustomizeRestrictionManager: getInstance
02-09 19:39:40.402 24126 24126 E OplusCustomizeRestrictionManager: getInstance
02-09 19:39:40.447 24126 24126 E libc : Access denied finding property "ro.vendor.pref_scale_resolution"
02-09 19:39:40.449 24126 24126 W SoundPool: Use of stream types is deprecated for operations other than volume control
02-09 19:39:40.449 24126 24126 W SoundPool: See the documentation of SoundPool() for what to use instead with android.media.AudioAttributes to qualify your playback use case
02-09 19:39:40.453 24126 24126 E libc : Access denied finding property "ro.vendor.pref_scale_resolution"
02-09 19:39:40.455 24126 24126 E libc : Access denied finding property "ro.vendor.pref_scale_resolution"
02-09 19:39:40.457 24126 24126 E libc : Access denied finding property "ro.vendor.pref_scale_resolution"
02-09 19:39:40.461 24126 24126 E libc : Access denied finding property "ro.vendor.pref_scale_resolution"
02-09 19:39:40.464 24126 24126 E libc : Access denied finding property "ro.vendor.pref_scale_resolution"
02-09 19:39:40.465 24126 25563 W Codec2Client: query -- param skipped: index = 1107298332.
02-09 19:39:40.466 24126 25563 W Codec2Client: query -- param skipped: index = 1342179345.
02-09 19:39:40.466 24126 25563 W Codec2Client: query -- param skipped: index = 2415921170.
02-09 19:39:40.467 24126 25563 E FMQ : grantorIdx must be less than 3
02-09 19:39:40.467 24126 25563 E FMQ : grantorIdx must be less than 3
02-09 19:39:40.472 24126 25564 W Codec2Client: query -- param skipped: index = 1107298332.
02-09 19:39:40.473 24126 25564 W Codec2Client: query -- param skipped: index = 1342179345.
02-09 19:39:40.473 24126 25564 W Codec2Client: query -- param skipped: index = 2415921170.
02-09 19:39:40.473 24126 25563 E FMQ : grantorIdx must be less than 3
02-09 19:39:40.474 24126 25564 E FMQ : grantorIdx must be less than 3
02-09 19:39:40.474 24126 25564 E FMQ : grantorIdx must be less than 3
02-09 19:39:40.478 24126 24126 W BottomSheetBehavior: BottomSheetBehavior now supports multiple callbacks. `setBottomSheetCallback()` removes all existing callbacks, including ones set internally by library authors, which may result in unintended behavior. This may change in the future. Please use `addBottomSheetCallback()` and `removeBottomSheetCallback()` instead to set your own callbacks.
02-09 19:39:40.482 24126 25564 E FMQ : grantorIdx must be less than 3
02-09 19:39:40.484 24126 25342 E FMQ : grantorIdx must be less than 3
02-09 19:39:40.436 24126 24126 E OplusCustomizeRestrictionManager: getInstance
02-09 19:39:40.492 24126 25342 E FMQ : grantorIdx must be less than 3
02-09 19:39:40.528 24126 25572 W Codec2Client: query -- param skipped: index = 1107298332.
02-09 19:39:40.528 24126 25572 W Codec2Client: query -- param skipped: index = 1342179345.
02-09 19:39:40.528 24126 25572 W Codec2Client: query -- param skipped: index = 2415921170.
02-09 19:39:40.529 24126 25572 E FMQ : grantorIdx must be less than 3
02-09 19:39:40.529 24126 25572 E FMQ : grantorIdx must be less than 3
02-09 19:39:40.540 24126 25572 E FMQ : grantorIdx must be less than 3
02-09 19:39:40.552 24126 24126 E libc : Access denied finding property "ro.vendor.pref_scale_resolution"
02-09 19:39:40.552 24126 25342 E FMQ : grantorIdx must be less than 3
02-09 19:39:40.570 24126 25575 W Codec2Client: query -- param skipped: index = 1107298332.
02-09 19:39:40.572 24126 25575 W Codec2Client: query -- param skipped: index = 1342179345.
02-09 19:39:40.572 24126 25575 W Codec2Client: query -- param skipped: index = 2415921170.
02-09 19:39:40.573 24126 25575 E FMQ : grantorIdx must be less than 3
02-09 19:39:40.573 24126 25575 E FMQ : grantorIdx must be less than 3
02-09 19:39:40.579 24126 25575 E FMQ : grantorIdx must be less than 3
02-09 19:39:40.598 24126 25342 E FMQ : grantorIdx must be less than 3
02-09 19:39:40.620 24126 25579 W Codec2Client: query -- param skipped: index = 1107298332.
02-09 19:39:40.621 24126 25579 W Codec2Client: query -- param skipped: index = 1342179345.
02-09 19:39:40.621 24126 25579 W Codec2Client: query -- param skipped: index = 2415921170.
02-09 19:39:40.621 24126 25579 E FMQ : grantorIdx must be less than 3
02-09 19:39:40.621 24126 25579 E FMQ : grantorIdx must be less than 3
02-09 19:39:40.633 24126 25579 E FMQ : grantorIdx must be less than 3
02-09 19:39:40.649 24126 25342 E FMQ : grantorIdx must be less than 3
02-09 19:39:40.703 24126 25583 W Codec2Client: query -- param skipped: index = 1107298332.
02-09 19:39:40.704 24126 25583 W Codec2Client: query -- param skipped: index = 1342179345.
02-09 19:39:40.704 24126 25583 W Codec2Client: query -- param skipped: index = 2415921170.
02-09 19:39:40.705 24126 25583 E FMQ : grantorIdx must be less than 3
02-09 19:39:40.705 24126 25583 E FMQ : grantorIdx must be less than 3
02-09 19:39:40.714 24126 25583 E FMQ : grantorIdx must be less than 3
02-09 19:39:40.736 24126 25342 E FMQ : grantorIdx must be less than 3
02-09 19:39:44.835 24126 24126 E libc : Access denied finding property "ro.vendor.pref_scale_resolution"
02-09 19:39:44.836 24126 24126 E libc : Access denied finding property "ro.vendor.pref_scale_resolution"
02-09 19:39:44.839 24126 24126 E libc : Access denied finding property "ro.vendor.pref_scale_resolution"
02-09 19:39:44.843 24126 24126 E libc : Access denied finding property "ro.vendor.pref_scale_resolution"
02-09 19:39:44.847 24126 24126 E libc : Access denied finding property "ro.vendor.pref_scale_resolution"
02-09 19:39:44.851 24126 24126 E libc : Access denied finding property "ro.vendor.pref_scale_resolution"
02-09 19:39:44.872 24126 24126 E OplusCustomizeRestrictionManager: getInstance
02-09 19:39:44.875 24126 24126 E libc : Access denied finding property "ro.vendor.pref_scale_resolution"
02-09 19:39:44.882 24126 24126 E libc : Access denied finding property "ro.vendor.pref_scale_resolution"
02-09 19:39:44.921 24126 24126 E libc : Access denied finding property "ro.vendor.pref_scale_resolution"
02-09 19:39:44.900 24126 24126 E OplusCustomizeRestrictionManager: getInstance
02-09 19:39:44.946 24126 24126 E OplusCustomizeRestrictionManager: getInstance
02-09 19:39:44.950 24126 24126 E OplusCustomizeRestrictionManager: getInstance
02-09 19:39:44.982 24126 24126 E libc : Access denied finding property "ro.vendor.pref_scale_resolution"
02-09 19:39:44.985 24126 24126 E libc : Access denied finding property "ro.vendor.pref_scale_resolution"
02-09 19:39:44.994 24126 24126 E libc : Access denied finding property "ro.vendor.pref_scale_resolution"
02-09 19:39:48.010 24126 24126 E OplusCustomizeRestrictionManager: getInstance
02-09 19:39:48.012 24126 24126 E Toast : setGravity() shouldn't be called on text toasts, the values won't be used
02-09 19:39:48.222 24126 24126 E libc : Access denied finding property "ro.vendor.pref_scale_resolution"
02-09 19:39:49.078 24126 24126 E libc : Access denied finding property "ro.vendor.pref_scale_resolution"
02-09 19:39:49.079 24126 24126 E libc : Access denied finding property "ro.vendor.pref_scale_resolution"
02-09 19:39:49.099 24126 25351 W Codec2Client: query -- param skipped: index = 1342179345.
02-09 19:39:49.099 24126 25351 W Codec2Client: query -- param skipped: index = 2415921170.
02-09 19:39:49.099 24126 25351 W Codec2Client: query -- param skipped: index = 1610614798.
02-09 19:39:49.100 24126 25341 W ACodec : Failed to set ANW_HWComposer to OMX, ignoring (-2147483648)
02-09 19:39:49.178 24126 24126 E libc : Access denied finding property "ro.vendor.pref_scale_resolution"
02-09 19:39:49.198 24126 25665 E Parcel : Reading a NULL string not supported here.
02-09 19:39:49.256 24126 25668 E OplusACodec: [GetVideoCodingTypeFromMime:L691] mime:video/avc
02-09 19:39:49.258 24126 25668 E MtkACodecExt: setConfig(OMX_CONFIG_ROTATIONTYPE) returned error 0xfffffc0e
02-09 19:39:49.258 24126 25668 E ACodec : [OMX.MTK.VIDEO.DECODER.AVC] failed to setViLTEParameters 1
02-09 19:39:49.282 24126 24126 E libc : Access denied finding property "ro.vendor.pref_scale_resolution"
02-09 19:39:49.283 24126 24126 E OplusCustomizeRestrictionManager: getInstance
02-09 19:39:49.299 24126 25678 W Codec2Client: query -- param skipped: index = 1107298332.
02-09 19:39:49.300 24126 25678 W CCodec : This behavior is subject to change. It is recommended that app developers double check whether the requested max input size is in reasonable range.
02-09 19:39:49.302 24126 25678 W Codec2Client: query -- param skipped: index = 1342179345.
02-09 19:39:49.302 24126 25678 W Codec2Client: query -- param skipped: index = 2415921170.
02-09 19:39:49.302 24126 25678 W Codec2Client: query -- param skipped: index = 1610614798.
02-09 19:39:49.302 24126 25678 E FMQ : grantorIdx must be less than 3
02-09 19:39:49.302 24126 25678 E FMQ : grantorIdx must be less than 3
02-09 19:39:49.312 24126 25678 E FMQ : grantorIdx must be less than 3
02-09 19:39:49.321 24126 24126 E libc : Access denied finding property "ro.vendor.pref_scale_resolution"
02-09 19:39:49.325 24126 25342 E FMQ : grantorIdx must be less than 3
02-09 19:39:49.285 24126 24126 E OplusCustomizeRestrictionManager: getInstance
02-09 19:39:50.117 24126 24126 E Parcel : Reading a NULL string not supported here.
02-09 19:39:50.198 24126 24126 E libc : Access denied finding property "ro.vendor.pref_scale_resolution"
02-09 19:39:50.202 24126 24126 E OplusCustomizeRestrictionManager: getInstance
02-09 19:39:50.209 24126 24126 E libc : Access denied finding property "ro.vendor.pref_scale_resolution"
02-09 19:39:50.225 24126 24126 E OplusCustomizeRestrictionManager: getInstance
02-09 19:39:50.270 24126 24126 E OplusCustomizeRestrictionManager: getInstance
02-09 19:39:50.273 24126 24126 E libc : Access denied finding property "ro.vendor.pref_scale_resolution"
02-09 19:39:50.274 24126 24126 E libc : Access denied finding property "ro.vendor.pref_scale_resolution"
02-09 19:39:50.275 24126 24126 E libc : Access denied finding property "ro.vendor.pref_scale_resolution"
02-09 19:39:50.276 24126 24126 E libc : Access denied finding property "ro.vendor.pref_scale_resolution"
02-09 19:39:50.278 24126 24126 E libc : Access denied finding property "ro.vendor.pref_scale_resolution"
02-09 19:39:50.280 24126 24126 E libc : Access denied finding property "ro.vendor.pref_scale_resolution"
02-09 19:39:50.285 24126 24126 E libc : Access denied finding property "ro.vendor.pref_scale_resolution"
02-09 19:39:50.286 24126 24126 E libc : Access denied finding property "ro.vendor.pref_scale_resolution"
02-09 19:39:50.288 24126 24126 W BottomSheetBehavior: BottomSheetBehavior now supports multiple callbacks. `setBottomSheetCallback()` removes all existing callbacks, including ones set internally by library authors, which may result in unintended behavior. This may change in the future. Please use `addBottomSheetCallback()` and `removeBottomSheetCallback()` instead to set your own callbacks.
02-09 19:39:50.288 24126 24126 W BottomSheetBehavior: BottomSheetBehavior now supports multiple callbacks. `setBottomSheetCallback()` removes all existing callbacks, including ones set internally by library authors, which may result in unintended behavior. This may change in the future. Please use `addBottomSheetCallback()` and `removeBottomSheetCallback()` instead to set your own callbacks.
02-09 19:39:50.298 24126 24126 E libc : Access denied finding property "ro.vendor.pref_scale_resolution"
02-09 19:39:50.315 24126 24126 W BottomSheetBehavior: BottomSheetBehavior now supports multiple callbacks. `setBottomSheetCallback()` removes all existing callbacks, including ones set internally by library authors, which may result in unintended behavior. This may change in the future. Please use `addBottomSheetCallback()` and `removeBottomSheetCallback()` instead to set your own callbacks.
02-09 19:39:50.315 24126 24126 W BottomSheetBehavior: BottomSheetBehavior now supports multiple callbacks. `setBottomSheetCallback()` removes all existing callbacks, including ones set internally by library authors, which may result in unintended behavior. This may change in the future. Please use `addBottomSheetCallback()` and `removeBottomSheetCallback()` instead to set your own callbacks.
02-09 19:39:50.332 24126 24126 W BottomSheetBehavior: BottomSheetBehavior now supports multiple callbacks. `setBottomSheetCallback()` removes all existing callbacks, including ones set internally by library authors, which may result in unintended behavior. This may change in the future. Please use `addBottomSheetCallback()` and `removeBottomSheetCallback()` instead to set your own callbacks.
02-09 19:39:50.332 24126 24126 W BottomSheetBehavior: BottomSheetBehavior now supports multiple callbacks. `setBottomSheetCallback()` removes all existing callbacks, including ones set internally by library authors, which may result in unintended behavior. This may change in the future. Please use `addBottomSheetCallback()` and `removeBottomSheetCallback()` instead to set your own callbacks.
02-09 19:39:50.335 24126 24126 E libc : Access denied finding property "ro.vendor.pref_scale_resolution"
02-09 19:39:50.340 24126 25678 W Codec2Client: query -- param skipped: index = 1342179345.
02-09 19:39:50.340 24126 25678 W Codec2Client: query -- param skipped: index = 2415921170.
02-09 19:39:50.340 24126 25678 W Codec2Client: query -- param skipped: index = 1610614798.
02-09 19:39:50.343 24126 25668 W ACodec : Failed to set ANW_HWComposer to OMX, ignoring (-2147483648)
02-09 19:39:50.345 24126 24126 E OplusCustomizeRestrictionManager: getInstance
02-09 19:39:50.350 24126 24126 E OplusCustomizeRestrictionManager: getInstance
02-09 19:39:50.354 24126 24126 W BottomSheetBehavior: BottomSheetBehavior now supports multiple callbacks. `setBottomSheetCallback()` removes all existing callbacks, including ones set internally by library authors, which may result in unintended behavior. This may change in the future. Please use `addBottomSheetCallback()` and `removeBottomSheetCallback()` instead to set your own callbacks.
02-09 19:39:50.354 24126 24126 W BottomSheetBehavior: BottomSheetBehavior now supports multiple callbacks. `setBottomSheetCallback()` removes all existing callbacks, including ones set internally by library authors, which may result in unintended behavior. This may change in the future. Please use `addBottomSheetCallback()` and `removeBottomSheetCallback()` instead to set your own callbacks.
02-09 19:39:50.369 24126 24126 E RecyclerView: No adapter attached; skipping layout
02-09 19:39:50.371 24126 24126 E RecyclerView: No adapter attached; skipping layout
02-09 19:39:50.372 24126 24126 E RecyclerView: No adapter attached; skipping layout
02-09 19:39:50.352 24126 24126 E OplusCustomizeRestrictionManager: getInstance
02-09 19:39:50.563 24126 25665 E Parcel : Reading a NULL string not supported here.
02-09 19:39:50.625 24126 25709 E OplusACodec: [GetVideoCodingTypeFromMime:L691] mime:video/avc
02-09 19:39:50.627 24126 25709 E MtkACodecExt: setConfig(OMX_CONFIG_ROTATIONTYPE) returned error 0xfffffc0e
02-09 19:39:50.627 24126 25709 E ACodec : [OMX.MTK.VIDEO.DECODER.AVC] failed to setViLTEParameters 1
02-09 19:39:50.670 24126 25718 W Codec2Client: query -- param skipped: index = 1107298332.
02-09 19:39:50.671 24126 25718 W CCodec : This behavior is subject to change. It is recommended that app developers double check whether the requested max input size is in reasonable range.
02-09 19:39:50.672 24126 25718 W Codec2Client: query -- param skipped: index = 1342179345.
02-09 19:39:50.672 24126 25718 W Codec2Client: query -- param skipped: index = 2415921170.
02-09 19:39:50.672 24126 25718 W Codec2Client: query -- param skipped: index = 1610614798.
02-09 19:39:50.673 24126 25718 E FMQ : grantorIdx must be less than 3
02-09 19:39:50.673 24126 25718 E FMQ : grantorIdx must be less than 3
02-09 19:39:50.680 24126 25718 E FMQ : grantorIdx must be less than 3
02-09 19:39:50.695 24126 25342 E FMQ : grantorIdx must be less than 3
02-09 19:39:56.317 24126 24291 E SQLiteDatabase: Error inserting transferred=1 media_job_uuid=493fa757-9b28-4ce5-8447-e5e0043e0902 transcoded=0 gif_attribution=0 first_scan_length=0 direct_path=/v/t62.7161- 24/12158954_866327041958537_9085429778812521520_n.enc?ccb=11- 4&oh=01_AdQA15VQ_H2UDKyuSrSkPzp9UfBPXPf6czCpzwzdNbefDw&oe=65ED70A7&_nc_sid=5e03e0 thumbnail_height_width_ratio=1.7777778 is_animated_sticker=0 file_hash=NNXxy12OaG3KAlokNef9BzEry7BEsQaG1uBf3LqRRmk= file_path=Media/.Statuses/cd0680cddda54362af36ae125f8027a5.mp4 file_size=2479385 partial_media_hash=null face_x=0 face_y=0 height=848 trim_to=0 media_key_timestamp=1707480495000 message_url=https://mmg.whatsapp.net/v/t62.7161- 24/12158954_866327041958537_9085429778812521520_n.enc?ccb=11- 4&oh=01_AdQA15VQ_H2UDKyuSrSkPzp9UfBPXPf6czCpzwzdNbefDw&oe=65ED70A7&_nc_sid=5e03e0&m ms3=true media_caption=null trim_from=0 mime_type=video/mp4 partial_media_enc_hash=null width=480 original_file_hash=null has_streaming_sidecar=1 autotransfer_retry_enabled=1 media_upload_handle=null message_row_id=110032 multicast_id=null enc_file_hash=Mcm4zT2i1YuaBrHgWvoQGMhVWf2qMTP9F1dbSf8sMeY= mute_video=0 page_count=0 first_scan_sidecar=null suspicious_content=0 file_length=2479385 media_name=null media_duration=18 chat_row_id=336 media_key=[B@b535e38
02-09 19:39:56.317 24126 24291 E SQLiteDatabase: android.database.sqlite.SQLiteConstraintException: UNIQUE constraint failed: message_media.message_row_id (code 1555 SQLITE_CONSTRAINT_PRIMARYKEY)
02-09 19:39:56.317 24126 24291 E SQLiteDatabase: at android.database.sqlite.SQLiteConnection.nativeExecuteForLastInsertedRowId(Native Method)
02-09 19:39:56.317 24126 24291 E SQLiteDatabase: at android.database.sqlite.SQLiteConnection.executeForLastInsertedRowId(SQLiteConnecti on.java:948)
02-09 19:39:56.317 24126 24291 E SQLiteDatabase: at android.database.sqlite.SQLiteSession.executeForLastInsertedRowId(SQLiteSession.jav a:790)
02-09 19:39:56.317 24126 24291 E SQLiteDatabase: at android.database.sqlite.SQLiteStatement.executeInsert(SQLiteStatement.java:88)
02-09 19:39:56.317 24126 24291 E SQLiteDatabase: at android.database.sqlite.SQLiteDatabase.insertWithOnConflict(SQLiteDatabase.java:171 2)
02-09 19:39:56.317 24126 24291 E SQLiteDatabase: at android.database.sqlite.SQLiteDatabase.insert(SQLiteDatabase.java:1581)
02-09 19:39:56.317 24126 24291 E SQLiteDatabase: at X.2tm.A08(Unknown Source:6)
02-09 19:39:56.317 24126 24291 E SQLiteDatabase: at X.35Y.A07(Unknown Source:212)
02-09 19:39:56.317 24126 24291 E SQLiteDatabase: at X.3QF.A14(Unknown Source:470)
02-09 19:39:56.317 24126 24291 E SQLiteDatabase: at X.3gU.run(Unknown Source:982)
02-09 19:39:56.317 24126 24291 E SQLiteDatabase: at android.os.Handler.handleCallback(Handler.java:938)
02-09 19:39:56.317 24126 24291 E SQLiteDatabase: at android.os.Handler.dispatchMessage(Handler.java:99)
02-09 19:39:56.317 24126 24291 E SQLiteDatabase: at X.0zq.dispatchMessage(Unknown Source:4)
02-09 19:39:56.317 24126 24291 E SQLiteDatabase: at android.os.Looper.loop(Looper.java:254)
02-09 19:39:56.317 24126 24291 E SQLiteDatabase: at android.os.HandlerThread.run(HandlerThread.java:67)
02-09 19:39:56.467 24126 24126 E libc : Access denied finding property "ro.vendor.pref_scale_resolution"
02-09 19:39:56.491 24126 24126 E libc : Access denied finding property "ro.vendor.pref_scale_resolution"
02-09 19:39:56.650 24126 24126 E libc : Access denied finding property "ro.vendor.pref_scale_resolution"
02-09 19:39:56.669 24126 24126 E libc : Access denied finding property "ro.vendor.pref_scale_resolution"
02-09 19:39:58.122 24126 24291 E SQLiteDatabase: Error inserting transferred=1 media_job_uuid=ddc4f44f-84b0-4b2d-b5e2-90036d0d2d1f transcoded=0 gif_attribution=0 first_scan_length=0 direct_path=/o1/v/t62.7118-24/f1/m232/up-oil-image-987b2685- fcad-41db-a893-14c87525ffa5?ccb=9- 4&oh=01_AdR4o3lL_AJaH29ZD5LJQJSIAt7ynOK6X6zUR_i6QT6VQg&oe=65ED92D4&_nc_sid=000000&_ nc_hot=1707480825 thumbnail_height_width_ratio=1.25 is_animated_sticker=0 file_hash=VOZCJxYdJDmIXn4eA5KiHibxFSsoEy1n4AasZpsC4TU= file_path=Media/.Statuses/0257a7ec6303467f9d4feb6a117a0d82.jpg file_size=726829 partial_media_hash=null face_x=688 face_y=456 height=2560 trim_to=0 media_key_timestamp=1707480823000 message_url=https://mmg.whatsapp.net/o1/v/t62.7118-24/f1/m232/up-oil-image- 987b2685-fcad-41db-a893-14c87525ffa5?ccb=9- 4&oh=01_AdR4o3lL_AJaH29ZD5LJQJSIAt7ynOK6X6zUR_i6QT6VQg&oe=65ED92D4&_nc_sid=000000&m ms3=true media_caption=null trim_from=0 mime_type=image/jpeg partial_media_enc_hash=null width=2048 original_file_hash=null has_streaming_sidecar=0 autotransfer_retry_enabled=1 media_upload_handle=null message_row_id=110034 multicast_id=null enc_file_hash=pLBpNCR3h4sdnnVH0EMn2+llH5/5XDMhSQu9UnO1ycc= mute_video=0 page_count=0 first_scan_sidecar=null suspicious_content=0 file_length=726829 media_name=null media_duration=0 chat_row_id=336 media_key=[B@430471
02-09 19:39:58.122 24126 24291 E SQLiteDatabase: android.database.sqlite.SQLiteConstraintException: UNIQUE constraint failed: message_media.message_row_id (code 1555 SQLITE_CONSTRAINT_PRIMARYKEY)
02-09 19:39:58.122 24126 24291 E SQLiteDatabase: at android.database.sqlite.SQLiteConnection.nativeExecuteForLastInsertedRowId(Native Method)
02-09 19:39:58.122 24126 24291 E SQLiteDatabase: at android.database.sqlite.SQLiteConnection.executeForLastInsertedRowId(SQLiteConnecti on.java:948)
02-09 19:39:58.122 24126 24291 E SQLiteDatabase: at android.database.sqlite.SQLiteSession.executeForLastInsertedRowId(SQLiteSession.jav a:790)
02-09 19:39:58.122 24126 24291 E SQLiteDatabase: at android.database.sqlite.SQLiteStatement.executeInsert(SQLiteStatement.java:88)
02-09 19:39:58.122 24126 24291 E SQLiteDatabase: at android.database.sqlite.SQLiteDatabase.insertWithOnConflict(SQLiteDatabase.java:171 2)
02-09 19:39:58.122 24126 24291 E SQLiteDatabase: at android.database.sqlite.SQLiteDatabase.insert(SQLiteDatabase.java:1581)
02-09 19:39:58.122 24126 24291 E SQLiteDatabase: at X.2tm.A08(Unknown Source:6)
02-09 19:39:58.122 24126 24291 E SQLiteDatabase: at X.35Y.A07(Unknown Source:212)
02-09 19:39:58.122 24126 24291 E SQLiteDatabase: at X.3QF.A14(Unknown Source:470)
02-09 19:39:58.122 24126 24291 E SQLiteDatabase: at X.3gU.run(Unknown Source:982)
02-09 19:39:58.122 24126 24291 E SQLiteDatabase: at android.os.Handler.handleCallback(Handler.java:938)
02-09 19:39:58.122 24126 24291 E SQLiteDatabase: at android.os.Handler.dispatchMessage(Handler.java:99)
02-09 19:39:58.122 24126 24291 E SQLiteDatabase: at X.0zq.dispatchMessage(Unknown Source:4)
02-09 19:39:58.122 24126 24291 E SQLiteDatabase: at android.os.Looper.loop(Looper.java:254)
02-09 19:39:58.122 24126 24291 E SQLiteDatabase: at android.os.HandlerThread.run(HandlerThread.java:67)
02-09 19:39:58.383 24126 24291 E SQLiteDatabase: Error inserting transferred=1 media_job_uuid=5dae7607-29f7-40c1-8118-5b26def322d3 transcoded=0 gif_attribution=0 first_scan_length=5231 direct_path=/o1/v/t62.7118-24/f1/m234/up-oil-image-bddfa4ce- 78d9-4084-8cab-5216b8457db7?ccb=9- 4&oh=01_AdQvzcoaW_E0jjjEtgPOVOfW5uB9_rLT8fjsAZtoPgJaaQ&oe=65EC7B50&_nc_sid=000000 thumbnail_height_width_ratio=0.5520833 is_animated_sticker=0 file_hash=lo7b8C+UvZCQP4grPlFMBYAbO+c4PM8oTJR4hfWEU/E= file_path=Media/.Statuses/b1111a02b28e4da8a4417f6f416f7753.jpg file_size=33637 partial_media_hash=/Pm5x1LVrgKgirV6XASUXj17oKRrmudDCbDheaPw55o= face_x=0 face_y=0 height=581 trim_to=0 media_key_timestamp=1707405610000 message_url=https://mmg.whatsapp.net/o1/v/t62.7118-24/f1/m234/up-oil-image- bddfa4ce-78d9-4084-8cab-5216b8457db7?ccb=9- 4&oh=01_AdQvzcoaW_E0jjjEtgPOVOfW5uB9_rLT8fjsAZtoPgJaaQ&oe=65EC7B50&_nc_sid=000000&m ms3=true media_caption=null trim_from=0 mime_type=image/jpeg partial_media_enc_hash=null width=1032 original_file_hash=null has_streaming_sidecar=1 autotransfer_retry_enabled=1 media_upload_handle=null message_row_id=109544 multicast_id=null enc_file_hash=67BUIA/WJLcq/k/UrQ6J621VBpe7PRwQCzxfhlfu8Z8= mute_video=0 page_count=0 first_scan_sidecar=[B@d19dc4c suspicious_content=0 file_length=33637 media_name=null media_duration=0 chat_row_id=336 media_key=[B@3ea2495
