01-30 07:04:18.976 8067 8067 E ArmVmp : Match on catch block at 0xc3 in for 0xa9
01-30 07:04:18.980 8067 8067 E ArmVmp : Match on catch block at 0xc3 in for 0xa1
01-30 07:04:18.992 8067 8067 E ArmVmp : Match on catch block at 0xc3 in for 0xa1
01-30 07:04:18.996 8067 8067 E ArmVmp : Match on catch block at 0xc3 in for 0xa5
01-30 07:04:19.009 8067 8067 E ArmVmp : Match on catch block at 0xc3 in for 0xa5
01-30 07:04:19.013 8067 8067 E ArmVmp : Match on catch block at 0xc3 in for 0xa9
01-30 07:04:19.026 8067 8067 E ArmVmp : Match on catch block at 0xc3 in for 0xa9
01-30 07:04:19.029 8067 8067 E ArmVmp : Match on catch block at 0xc3 in for 0xa1
01-30 07:04:19.042 8067 8067 E ArmVmp : Match on catch block at 0xc3 in for 0xa1
01-30 07:04:19.047 8067 8067 E ArmVmp : Match on catch block at 0xc3 in for 0xa5
01-30 07:04:19.075 8067 8067 E ArmVmp : Match on catch block at 0xc3 in for 0xa5
01-30 07:04:19.079 8067 8067 E ArmVmp : Match on catch block at 0xc3 in for 0xa9
01-30 07:04:19.590 8067 8067 E ArmVmp : Match on catch block at 0xc3 in for 0xa9
01-30 07:04:19.594 8067 8067 E ArmVmp : Match on catch block at 0xc3 in for 0xa1
01-30 07:04:19.920 8067 8067 E ArmVmp : Match on catch block at 0xc3 in for 0xa1
01-30 07:04:19.924 8067 8067 E ArmVmp : Match on catch block at 0xc3 in for 0xa5
01-30 07:04:20.103 8067 8067 E ArmVmp : Match on catch block at 0xc3 in for 0xa5
01-30 07:04:20.107 8067 8067 E ArmVmp : Match on catch block at 0xc3 in for 0xa9
01-30 07:04:20.169 8067 8067 E ArmVmp : Match on catch block at 0xc3 in for 0xa9
01-30 07:04:20.173 8067 8067 E ArmVmp : Match on catch block at 0xc3 in for 0xa1
01-30 07:04:20.252 8067 8067 E ArmVmp : Match on catch block at 0xc3 in for 0xa1
01-30 07:04:20.256 8067 8067 E ArmVmp : Match on catch block at 0xc3 in for 0xa5
01-30 07:04:20.401 8067 8067 E ArmVmp : Match on catch block at 0xc3 in for 0xa5
01-30 07:04:20.404 8067 8067 E ArmVmp : Match on catch block at 0xc3 in for 0xa9
01-30 07:04:20.484 8067 8067 E ArmVmp : Match on catch block at 0xc3 in for 0xa9
01-30 07:04:20.487 8067 8067 E ArmVmp : Match on catch block at 0xc3 in for 0xa1
01-30 07:04:20.500 8067 8067 E ArmVmp : Match on catch block at 0xc3 in for 0xa1
01-30 07:04:20.503 8067 8067 E ArmVmp : Match on catch block at 0xc3 in for 0xa5
01-30 07:04:20.517 8067 8067 E ArmVmp : Match on catch block at 0xc3 in for 0xa5
01-30 07:04:20.520 8067 8067 E ArmVmp : Match on catch block at 0xc3 in for 0xa9
01-30 07:04:20.533 8067 8067 E ArmVmp : Match on catch block at 0xc3 in for 0xa9
01-30 07:04:20.537 8067 8067 E ArmVmp : Match on catch block at 0xc3 in for 0xa1
01-30 07:04:20.550 8067 8067 E ArmVmp : Match on catch block at 0xc3 in for 0xa1
01-30 07:04:20.554 8067 8067 E ArmVmp : Match on catch block at 0xc3 in for 0xa5
01-30 07:04:20.567 8067 8067 E ArmVmp : Match on catch block at 0xc3 in for 0xa5
01-30 07:04:20.571 8067 8067 E ArmVmp : Match on catch block at 0xc3 in for 0xa9
01-30 07:04:20.584 8067 8067 E ArmVmp : Match on catch block at 0xc3 in for 0xa9
01-30 07:04:20.588 8067 8067 E ArmVmp : Match on catch block at 0xc3 in for 0xa1
01-30 07:04:20.600 8067 8067 E ArmVmp : Match on catch block at 0xc3 in for 0xa1
01-30 07:04:20.604 8067 8067 E ArmVmp : Match on catch block at 0xc3 in for 0xa5
01-30 07:04:20.617 8067 8067 E ArmVmp : Match on catch block at 0xc3 in for 0xa5
01-30 07:04:20.621 8067 8067 E ArmVmp : Match on catch block at 0xc3 in for 0xa9
01-30 07:04:20.634 8067 8067 E ArmVmp : Match on catch block at 0xc3 in for 0xa9
01-30 07:04:20.638 8067 8067 E ArmVmp : Match on catch block at 0xc3 in for 0xa1
01-30 07:04:20.650 8067 8067 E ArmVmp : Match on catch block at 0xc3 in for 0xa1
01-30 07:04:20.654 8067 8067 E ArmVmp : Match on catch block at 0xc3 in for 0xa5
01-30 07:04:20.667 8067 8067 E ArmVmp : Match on catch block at 0xc3 in for 0xa5
01-30 07:04:20.671 8067 8067 E ArmVmp : Match on catch block at 0xc3 in for 0xa9
01-30 07:04:20.684 8067 8067 E ArmVmp : Match on catch block at 0xc3 in for 0xa9
01-30 07:04:20.688 8067 8067 E ArmVmp : Match on catch block at 0xc3 in for 0xa1
01-30 07:04:20.700 8067 8067 E ArmVmp : Match on catch block at 0xc3 in for 0xa1
01-30 07:04:20.703 8067 8067 E ArmVmp : Match on catch block at 0xc3 in for 0xa5
01-30 07:04:20.716 8067 8067 E ArmVmp : Match on catch block at 0xc3 in for 0xa5
01-30 07:04:20.720 8067 8067 E ArmVmp : Match on catch block at 0xc3 in for 0xa9
01-30 07:04:20.733 8067 8067 E ArmVmp : Match on catch block at 0xc3 in for 0xa9
01-30 07:04:20.737 8067 8067 E ArmVmp : Match on catch block at 0xc3 in for 0xa1
01-30 07:04:20.749 8067 8067 E ArmVmp : Match on catch block at 0xc3 in for 0xa1
01-30 07:04:20.753 8067 8067 E ArmVmp : Match on catch block at 0xc3 in for 0xa5
01-30 07:04:20.766 8067 8067 E ArmVmp : Match on catch block at 0xc3 in for 0xa5
01-30 07:04:20.770 8067 8067 E ArmVmp : Match on catch block at 0xc3 in for 0xa9
01-30 07:04:20.783 8067 8067 E ArmVmp : Match on catch block at 0xc3 in for 0xa9
01-30 07:04:20.787 8067 8067 E ArmVmp : Match on catch block at 0xc3 in for 0xa1
01-30 07:04:20.799 8067 8067 E ArmVmp : Match on catch block at 0xc3 in for 0xa1
01-30 07:04:20.803 8067 8067 E ArmVmp : Match on catch block at 0xc3 in for 0xa5
01-30 07:04:20.816 8067 8067 E ArmVmp : Match on catch block at 0xc3 in for 0xa5
01-30 07:04:20.821 8067 8067 E ArmVmp : Match on catch block at 0xc3 in for 0xa9
01-30 07:04:20.832 8067 8067 E ArmVmp : Match on catch block at 0xc3 in for 0xa9
01-30 07:04:20.836 8067 8067 E ArmVmp : Match on catch block at 0xc3 in for 0xa1
01-30 07:04:20.849 8067 8067 E ArmVmp : Match on catch block at 0xc3 in for 0xa1
01-30 07:04:20.853 8067 8067 E ArmVmp : Match on catch block at 0xc3 in for 0xa5
01-30 07:04:20.866 8067 8067 E ArmVmp : Match on catch block at 0xc3 in for 0xa5
01-30 07:04:20.869 8067 8067 E ArmVmp : Match on catch block at 0xc3 in for 0xa9
01-30 07:04:20.882 8067 8067 E ArmVmp : Match on catch block at 0xc3 in for 0xa9
01-30 07:04:20.886 8067 8067 E ArmVmp : Match on catch block at 0xc3 in for 0xa1
01-30 07:04:20.899 8067 8067 E ArmVmp : Match on catch block at 0xc3 in for 0xa1
01-30 07:04:20.903 8067 8067 E ArmVmp : Match on catch block at 0xc3 in for 0xa5
01-30 07:04:20.998 8067 8067 E ArmVmp : Match on catch block at 0xc3 in for 0xa9
01-30 07:04:21.002 8067 8067 E ArmVmp : Match on catch block at 0xc3 in for 0xa1
01-30 07:04:21.031 8067 8067 E ArmVmp : Match on catch block at 0xc3 in for 0xa1
01-30 07:04:21.036 8067 8067 E ArmVmp : Match on catch block at 0xc3 in for 0xa5
01-30 07:04:21.063 8067 8067 E ArmVmp : Match on catch block at 0xc3 in for 0xa5
01-30 07:04:21.065 8067 8067 E ArmVmp : Match on catch block at 0xc3 in for 0xa9
01-30 07:04:21.081 8067 8067 E ArmVmp : Match on catch block at 0xc3 in for 0xa9
01-30 07:04:21.084 8067 8067 E ArmVmp : Match on catch block at 0xc3 in for 0xa1
01-30 07:04:21.093 8067 8067 E ArmVmp : Match on catch block at 0xc3 in for 0xa1
01-30 07:04:21.096 8067 8067 E ArmVmp : Match on catch block at 0xc3 in for 0xa5
01-30 07:04:21.129 8067 8067 E ArmVmp : Match on catch block at 0xc3 in for 0xa1
01-30 07:04:21.132 8067 8067 E ArmVmp : Match on catch block at 0xc3 in for 0xa5
01-30 07:04:21.146 8067 8067 E ArmVmp : Match on catch block at 0xc3 in for 0xa5
01-30 07:04:21.149 8067 8067 E ArmVmp : Match on catch block at 0xc3 in for 0xa9
01-30 07:04:21.155 8067 8067 E ArmVmp : Match on catch block at 0xc3 in for 0xa9
01-30 07:04:21.158 8067 8067 E ArmVmp : Match on catch block at 0xc3 in for 0xa1
01-30 07:04:21.162 8067 8067 E ArmVmp : Match on catch block at 0xc3 in for 0xa1
01-30 07:04:21.165 8067 8067 E ArmVmp : Match on catch block at 0xc3 in for 0xa5
01-30 07:04:21.179 8067 8067 E ArmVmp : Match on catch block at 0xc3 in for 0xa5
01-30 07:04:21.183 8067 8067 E ArmVmp : Match on catch block at 0xc3 in for 0xa9
01-30 07:04:21.196 8067 8067 E ArmVmp : Match on catch block at 0xc3 in for 0xa9
01-30 07:04:21.200 8067 8067 E ArmVmp : Match on catch block at 0xc3 in for 0xa1
01-30 07:04:21.213 8067 8067 E ArmVmp : Match on catch block at 0xc3 in for 0xa1
01-30 07:04:21.215 8067 8067 E ArmVmp : Match on catch block at 0xc3 in for 0xa5
01-30 07:04:21.229 8067 8067 E ArmVmp : Match on catch block at 0xc3 in for 0xa5
01-30 07:04:21.233 8067 8067 E ArmVmp : Match on catch block at 0xc3 in for 0xa9
01-30 07:04:21.246 8067 8067 E ArmVmp : Match on catch block at 0xc3 in for 0xa9
01-30 07:04:21.249 8067 8067 E ArmVmp : Match on catch block at 0xc3 in for 0xa1
01-30 07:04:21.383 8067 8067 E ArmVmp : Match on catch block at 0xc3 in for 0xa5
01-30 07:04:21.386 8067 8067 E ArmVmp : Match on catch block at 0xc3 in for 0xa9
01-30 07:04:21.393 8067 8183 W MediaPlayer: Use of stream types is deprecated for
operations other than volume control
01-30 07:04:21.393 8067 8183 W MediaPlayer: See the documentation of
setAudioStreamType() for what to use instead with android.media.AudioAttributes to
qualify your playback use case
01-30 07:04:21.395 8067 8067 E ArmVmp : Match on catch block at 0xc3 in for 0xa5
01-30 07:04:21.399 8067 8067 E ArmVmp : Match on catch block at 0xc3 in for 0xa9
01-30 07:04:21.561 8067 8067 E ArmVmp : Match on catch block at 0xc3 in for 0xa9
01-30 07:04:21.565 8067 8067 E ArmVmp : Match on catch block at 0xc3 in for 0xa1
01-30 07:04:21.712 8067 8067 E ArmVmp : Match on catch block at 0xc3 in for 0xa9
01-30 07:04:21.716 8067 8067 E ArmVmp : Match on catch block at 0xc3 in for 0xa1
01-30 07:04:21.728 8067 8067 E ArmVmp : Match on catch block at 0xc3 in for 0xa1
01-30 07:04:21.732 8067 8067 E ArmVmp : Match on catch block at 0xc3 in for 0xa5
01-30 07:04:21.745 8067 8067 E ArmVmp : Match on catch block at 0xc3 in for 0xa5
01-30 07:04:21.749 8067 8067 E ArmVmp : Match on catch block at 0xc3 in for 0xa9
01-30 07:04:21.761 8067 8067 E ArmVmp : Match on catch block at 0xc3 in for 0xa9
01-30 07:04:21.766 8067 8067 E ArmVmp : Match on catch block at 0xc3 in for 0xa1
01-30 07:04:21.778 8067 8067 E ArmVmp : Match on catch block at 0xc3 in for 0xa1
01-30 07:04:21.782 8067 8067 E ArmVmp : Match on catch block at 0xc3 in for 0xa5
01-30 07:04:21.799 8067 8067 E ArmVmp : Match on catch block at 0xc3 in for 0xa5
01-30 07:04:21.803 8067 8067 E ArmVmp : Match on catch block at 0xc3 in for 0xa9
01-30 07:04:21.811 8067 8067 E ArmVmp : Match on catch block at 0xc3 in for 0xa9
01-30 07:04:21.815 8067 8067 E ArmVmp : Match on catch block at 0xc3 in for 0xa1
01-30 07:04:21.827 8067 8067 E ArmVmp : Match on catch block at 0xc3 in for 0xa1
01-30 07:04:21.830 8067 8067 E ArmVmp : Match on catch block at 0xc3 in for 0xa5
01-30 07:04:21.844 8067 8067 E ArmVmp : Match on catch block at 0xc3 in for 0xa5
01-30 07:04:21.847 8067 8067 E ArmVmp : Match on catch block at 0xc3 in for 0xa9
01-30 07:04:21.864 8067 8067 E ArmVmp : Match on catch block at 0xc3 in for 0xa1
01-30 07:04:21.867 8067 8067 E ArmVmp : Match on catch block at 0xc3 in for 0xa5
01-30 07:04:21.890 8067 8067 E ArmVmp : Match on catch block at 0xc3 in for 0xa5
01-30 07:04:21.893 8067 8067 E ArmVmp : Match on catch block at 0xc3 in for 0xa9
01-30 07:04:21.908 8067 8067 E ArmVmp : Match on catch block at 0xc3 in for 0xa9
01-30 07:04:21.910 8067 8067 E ArmVmp : Match on catch block at 0xc3 in for 0xa1
01-30 07:04:21.916 8067 8067 E ArmVmp : Match on catch block at 0xc3 in for 0xa1
01-30 07:04:21.918 8067 8067 E ArmVmp : Match on catch block at 0xc3 in for 0xa5
01-30 07:04:21.925 8067 8067 E ArmVmp : Match on catch block at 0xc3 in for 0xa5
01-30 07:04:21.928 8067 8067 E ArmVmp : Match on catch block at 0xc3 in for 0xa9
01-30 07:04:21.942 8067 8067 E ArmVmp : Match on catch block at 0xc3 in for 0xa9
01-30 07:04:21.944 8067 8067 E ArmVmp : Match on catch block at 0xc3 in for 0xa1
01-30 07:04:21.958 8067 8067 E ArmVmp : Match on catch block at 0xc3 in for 0xa1
01-30 07:04:21.961 8067 8067 E ArmVmp : Match on catch block at 0xc3 in for 0xa5
01-30 07:04:21.975 8067 8067 E ArmVmp : Match on catch block at 0xc3 in for 0xa5
01-30 07:04:21.978 8067 8067 E ArmVmp : Match on catch block at 0xc3 in for 0xa9
01-30 07:04:21.992 8067 8067 E ArmVmp : Match on catch block at 0xc3 in for 0xa9
01-30 07:04:21.995 8067 8067 E ArmVmp : Match on catch block at 0xc3 in for 0xa1
01-30 07:04:22.008 8067 8067 E ArmVmp : Match on catch block at 0xc3 in for 0xa1
01-30 07:04:22.011 8067 8067 E ArmVmp : Match on catch block at 0xc3 in for 0xa5
01-30 07:04:22.025 8067 8067 E ArmVmp : Match on catch block at 0xc3 in for 0xa5
01-30 07:04:22.028 8067 8067 E ArmVmp : Match on catch block at 0xc3 in for 0xa9
01-30 07:04:22.042 8067 8067 E ArmVmp : Match on catch block at 0xc3 in for 0xa9
01-30 07:04:22.044 8067 8067 E ArmVmp : Match on catch block at 0xc3 in for 0xa1
01-30 07:04:22.058 8067 8067 E ArmVmp : Match on catch block at 0xc3 in for 0xa1
01-30 07:04:22.061 8067 8067 E ArmVmp : Match on catch block at 0xc3 in for 0xa5
01-30 07:04:22.075 8067 8067 E ArmVmp : Match on catch block at 0xc3 in for 0xa5
01-30 07:04:22.079 8067 8067 E ArmVmp : Match on catch block at 0xc3 in for 0xa9
01-30 07:04:22.092 8067 8067 E ArmVmp : Match on catch block at 0xc3 in for 0xa9
01-30 07:04:22.095 8067 8067 E ArmVmp : Match on catch block at 0xc3 in for 0xa1
01-30 07:04:22.108 8067 8067 E ArmVmp : Match on catch block at 0xc3 in for 0xa1
01-30 07:04:22.112 8067 8067 E ArmVmp : Match on catch block at 0xc3 in for 0xa5
01-30 07:04:22.125 8067 8067 E ArmVmp : Match on catch block at 0xc3 in for 0xa5
01-30 07:04:22.129 8067 8067 E ArmVmp : Match on catch block at 0xc3 in for 0xa9
01-30 07:04:22.141 8067 8067 E ArmVmp : Match on catch block at 0xc3 in for 0xa9
01-30 07:04:22.145 8067 8067 E ArmVmp : Match on catch block at 0xc3 in for 0xa1
01-30 07:04:22.168 8067 8067 E ArmVmp : Match on catch block at 0xc3 in for 0xa9
01-30 07:04:22.172 8067 8067 E ArmVmp : Match on catch block at 0xc3 in for 0xa1
01-30 07:04:22.179 8067 8067 E ArmVmp : Match on catch block at 0xc3 in for 0xa1
01-30 07:04:22.183 8067 8067 E ArmVmp : Match on catch block at 0xc3 in for 0xa5
01-30 07:04:22.572 8067 8067 E ArmVmp : Match on catch block at 0xc3 in for 0xa5
01-30 07:04:22.576 8067 8067 E ArmVmp : Match on catch block at 0xc3 in for 0xa9
01-30 07:04:23.069 8067 8067 E ArmVmp : Match on catch block at 0xc3 in for 0xa9
01-30 07:04:23.074 8067 8067 E ArmVmp : Match on catch block at 0xc3 in for 0xa1
01-30 07:04:23.584 8067 8067 E ArmVmp : Match on catch block at 0xc3 in for 0xa1
01-30 07:04:23.588 8067 8067 E ArmVmp : Match on catch block at 0xc3 in for 0xa5
01-30 07:04:23.766 8067 8067 E ArmVmp : Match on catch block at 0xc3 in for 0xa5
01-30 07:04:23.770 8067 8067 E ArmVmp : Match on catch block at 0xc3 in for 0xa9
01-30 07:04:23.782 8067 8067 E ArmVmp : Match on catch block at 0xc3 in for 0xa9
01-30 07:04:23.786 8067 8067 E ArmVmp : Match on catch block at 0xc3 in for 0xa1
01-30 07:04:23.799 8067 8067 E ArmVmp : Match on catch block at 0xc3 in for 0xa1
01-30 07:04:23.804 8067 8067 E ArmVmp : Match on catch block at 0xc3 in for 0xa5
01-30 07:04:23.815 8067 8067 E ArmVmp : Match on catch block at 0xc3 in for 0xa5
01-30 07:04:23.820 8067 8067 E ArmVmp : Match on catch block at 0xc3 in for 0xa9
01-30 07:04:23.832 8067 8067 E ArmVmp : Match on catch block at 0xc3 in for 0xa9
01-30 07:04:23.836 8067 8067 E ArmVmp : Match on catch block at 0xc3 in for 0xa1
01-30 07:04:23.848 8067 8067 E ArmVmp : Match on catch block at 0xc3 in for 0xa1
01-30 07:04:23.852 8067 8067 E ArmVmp : Match on catch block at 0xc3 in for 0xa5
01-30 07:04:23.865 8067 8067 E ArmVmp : Match on catch block at 0xc3 in for 0xa5
01-30 07:04:23.869 8067 8067 E ArmVmp : Match on catch block at 0xc3 in for 0xa9
01-30 07:04:23.882 8067 8067 E ArmVmp : Match on catch block at 0xc3 in for 0xa9
01-30 07:04:23.886 8067 8067 E ArmVmp : Match on catch block at 0xc3 in for 0xa1
01-30 07:04:23.898 8067 8067 E ArmVmp : Match on catch block at 0xc3 in for 0xa1
01-30 07:04:23.903 8067 8067 E ArmVmp : Match on catch block at 0xc3 in for 0xa5
01-30 07:04:23.915 8067 8067 E ArmVmp : Match on catch block at 0xc3 in for 0xa5
01-30 07:04:23.918 8067 8067 E ArmVmp : Match on catch block at 0xc3 in for 0xa9
01-30 07:04:23.934 8067 8067 E ArmVmp : Match on catch block at 0xc3 in for 0xa1
01-30 07:04:23.938 8067 8067 E ArmVmp : Match on catch block at 0xc3 in for 0xa5
01-30 07:04:23.952 8067 8067 E ArmVmp : Match on catch block at 0xc3 in for 0xa1
01-30 07:04:23.955 8067 8067 E ArmVmp : Match on catch block at 0xc3 in for 0xa5
01-30 07:04:23.964 8067 8067 E ArmVmp : Match on catch block at 0xc3 in for 0xa5
01-30 07:04:23.966 8067 8067 E ArmVmp : Match on catch block at 0xc3 in for 0xa9
01-30 07:04:23.980 8067 8067 E ArmVmp : Match on catch block at 0xc3 in for 0xa9
01-30 07:04:23.985 8067 8067 E ArmVmp : Match on catch block at 0xc3 in for 0xa1
01-30 07:04:23.997 8067 8067 E ArmVmp : Match on catch block at 0xc3 in for 0xa1
01-30 07:04:24.001 8067 8067 E ArmVmp : Match on catch block at 0xc3 in for 0xa5
01-30 07:04:24.014 8067 8067 E ArmVmp : Match on catch block at 0xc3 in for 0xa5
01-30 07:04:24.019 8067 8067 E ArmVmp : Match on catch block at 0xc3 in for 0xa9
01-30 07:04:24.030 8067 8067 E ArmVmp : Match on catch block at 0xc3 in for 0xa9
01-30 07:04:24.034 8067 8067 E ArmVmp : Match on catch block at 0xc3 in for 0xa1
01-30 07:04:24.047 8067 8067 E ArmVmp : Match on catch block at 0xc3 in for 0xa1
01-30 07:04:24.050 8067 8067 E ArmVmp : Match on catch block at 0xc3 in for 0xa5
01-30 07:04:24.066 8067 8067 E ArmVmp : Match on catch block at 0xc3 in for 0xa5
01-30 07:04:24.069 8067 8067 E ArmVmp : Match on catch block at 0xc3 in for 0xa9
01-30 07:04:24.080 8067 8067 E ArmVmp : Match on catch block at 0xc3 in for 0xa9
01-30 07:04:24.083 8067 8067 E ArmVmp : Match on catch block at 0xc3 in for 0xa1
01-30 07:04:24.097 8067 8067 E ArmVmp : Match on catch block at 0xc3 in for 0xa1
01-30 07:04:24.100 8067 8067 E ArmVmp : Match on catch block at 0xc3 in for 0xa5
01-30 07:04:24.113 8067 8067 E ArmVmp : Match on catch block at 0xc3 in for 0xa5
01-30 07:04:24.116 8067 8067 E ArmVmp : Match on catch block at 0xc3 in for 0xa9
01-30 07:04:24.130 8067 8067 E ArmVmp : Match on catch block at 0xc3 in for 0xa9
01-30 07:04:24.133 8067 8067 E ArmVmp : Match on catch block at 0xc3 in for 0xa1
01-30 07:04:24.146 8067 8067 E ArmVmp : Match on catch block at 0xc3 in for 0xa1
01-30 07:04:24.149 8067 8067 E ArmVmp : Match on catch block at 0xc3 in for 0xa5
01-30 07:04:24.411 8067 8067 E ArmVmp : Match on catch block at 0xc3 in for 0xa5
01-30 07:04:24.414 8067 8067 E ArmVmp : Match on catch block at 0xc3 in for 0xa9
01-30 07:04:24.926 8067 8067 E ArmVmp : Match on catch block at 0xc3 in for 0xa9
01-30 07:04:24.929 8067 8067 E ArmVmp : Match on catch block at 0xc3 in for 0xa1
01-30 07:04:25.041 8067 8067 E ArmVmp : Match on catch block at 0xc3 in for 0xa1
01-30 07:04:25.044 8067 8067 E ArmVmp : Match on catch block at 0xc3 in for 0xa5
01-30 07:04:25.240 8067 8067 E ArmVmp : Match on catch block at 0xc3 in for 0xa5
01-30 07:04:25.243 8067 8067 E ArmVmp : Match on catch block at 0xc3 in for 0xa9
01-30 07:04:25.356 8067 8067 E ArmVmp : Match on catch block at 0xc3 in for 0xa9
01-30 07:04:25.359 8067 8067 E ArmVmp : Match on catch block at 0xc3 in for 0xa1
01-30 07:04:25.837 8067 8067 E ArmVmp : Match on catch block at 0xc3 in for 0xa1
01-30 07:04:25.841 8067 8067 E ArmVmp : Match on catch block at 0xc3 in for 0xa5
01-30 07:04:26.035 8067 8067 E ArmVmp : Match on catch block at 0xc3 in for 0xa5
01-30 07:04:26.039 8067 8067 E ArmVmp : Match on catch block at 0xc3 in for 0xa9
01-30 07:04:26.152 8067 8067 E ArmVmp : Match on catch block at 0xc3 in for 0xa9
01-30 07:04:26.155 8067 8067 E ArmVmp : Match on catch block at 0xc3 in for 0xa1
01-30 07:04:26.185 8067 8067 E ArmVmp : Match on catch block at 0xc3 in for 0xa1
01-30 07:04:26.188 8067 8067 E ArmVmp : Match on catch block at 0xc3 in for 0xa5
01-30 07:04:26.467 8067 8067 E ArmVmp : Match on catch block at 0xc3 in for 0xa5
01-30 07:04:26.470 8067 8067 E ArmVmp : Match on catch block at 0xc3 in for 0xa9
01-30 07:04:26.981 8067 8067 E ArmVmp : Match on catch block at 0xc3 in for 0xa9
01-30 07:04:26.985 8067 8067 E ArmVmp : Match on catch block at 0xc3 in for 0xa1
01-30 07:04:27.478 8067 8067 E ArmVmp : Match on catch block at 0xc3 in for 0xa1
01-30 07:04:27.482 8067 8067 E ArmVmp : Match on catch block at 0xc3 in for 0xa5
01-30 07:04:27.976 8067 8067 E ArmVmp : Match on catch block at 0xc3 in for 0xa5
01-30 07:04:27.980 8067 8067 E ArmVmp : Match on catch block at 0xc3 in for 0xa9
01-30 07:04:28.108 8067 8067 E ArmVmp : Match on catch block at 0xc3 in for 0xa9
01-30 07:04:28.113 8067 8067 E ArmVmp : Match on catch block at 0xc3 in for 0xa1
01-30 07:04:28.143 8067 8067 E ArmVmp : Match on catch block at 0xc3 in for 0xa9
01-30 07:04:28.147 8067 8067 E ArmVmp : Match on catch block at 0xc3 in for 0xa1
01-30 07:04:28.161 8067 8067 E ArmVmp : Match on catch block at 0xc3 in for 0xa9
01-30 07:04:28.164 8067 8067 E ArmVmp : Match on catch block at 0xc3 in for 0xa1
01-30 07:04:28.173 8067 8067 E ArmVmp : Match on catch block at 0xc3 in for 0xa1
01-30 07:04:28.176 8067 8067 E ArmVmp : Match on catch block at 0xc3 in for 0xa5
01-30 07:04:28.190 8067 8067 E ArmVmp : Match on catch block at 0xc3 in for 0xa5
01-30 07:04:28.194 8067 8067 E ArmVmp : Match on catch block at 0xc3 in for 0xa9
01-30 07:04:28.223 8067 8067 E ArmVmp : Match on catch block at 0xc3 in for 0xa5
01-30 07:04:28.226 8067 8067 E ArmVmp : Match on catch block at 0xc3 in for 0xa9
01-30 07:04:28.242 8067 8067 E ArmVmp : Match on catch block at 0xc3 in for 0xa1
01-30 07:04:28.245 8067 8067 E ArmVmp : Match on catch block at 0xc3 in for 0xa5
01-30 07:04:28.250 8067 8067 E ArmVmp : Match on catch block at 0xc3 in for 0xa5
01-30 07:04:28.252 8067 8067 E ArmVmp : Match on catch block at 0xc3 in for 0xa9
01-30 07:04:28.256 8067 8067 E ArmVmp : Match on catch block at 0xc3 in for 0xa9
01-30 07:04:28.259 8067 8067 E ArmVmp : Match on catch block at 0xc3 in for 0xa1
01-30 07:04:28.273 8067 8067 E ArmVmp : Match on catch block at 0xc3 in for 0xa1
01-30 07:04:28.276 8067 8067 E ArmVmp : Match on catch block at 0xc3 in for 0xa5
01-30 07:04:28.290 8067 8067 E ArmVmp : Match on catch block at 0xc3 in for 0xa5
01-30 07:04:28.293 8067 8067 E ArmVmp : Match on catch block at 0xc3 in for 0xa9
01-30 07:04:28.306 8067 8067 E ArmVmp : Match on catch block at 0xc3 in for 0xa9
01-30 07:04:28.310 8067 8067 E ArmVmp : Match on catch block at 0xc3 in for 0xa1
01-30 07:04:28.323 8067 8067 E ArmVmp : Match on catch block at 0xc3 in for 0xa1
01-30 07:04:28.326 8067 8067 E ArmVmp : Match on catch block at 0xc3 in for 0xa5
01-30 07:04:28.510 8067 8067 E ArmVmp : Match on catch block at 0xc3 in for 0xa1
01-30 07:04:28.514 8067 8067 E ArmVmp : Match on catch block at 0xc3 in for 0xa5
01-30 07:04:28.521 8067 8183 W MediaPlayer: Use of stream types is deprecated for
operations other than volume control
01-30 07:04:28.522 8067 8067 E ArmVmp : Match on catch block at 0xc3 in for 0xa1
01-30 07:04:28.522 8067 8183 W MediaPlayer: See the documentation of
setAudioStreamType() for what to use instead with android.media.AudioAttributes to
qualify your playback use case
01-30 07:04:28.525 8067 8067 E ArmVmp : Match on catch block at 0xc3 in for 0xa5
01-30 07:04:28.671 8067 8067 E ArmVmp : Match on catch block at 0xc3 in for 0xa5
01-30 07:04:28.675 8067 8067 E ArmVmp : Match on catch block at 0xc3 in for 0xa9
01-30 07:04:28.825 8067 8067 E ArmVmp : Match on catch block at 0xc3 in for 0xa5
01-30 07:04:28.829 8067 8067 E ArmVmp : Match on catch block at 0xc3 in for 0xa9
01-30 07:04:28.844 8067 8067 E ArmVmp : Match on catch block at 0xc3 in for 0xa1
01-30 07:04:28.847 8067 8067 E ArmVmp : Match on catch block at 0xc3 in for 0xa5
01-30 07:04:28.853 8067 8067 E ArmVmp : Match on catch block at 0xc3 in for 0xa1
01-30 07:04:28.857 8067 8067 E ArmVmp : Match on catch block at 0xc3 in for 0xa5
01-30 07:04:29.093 8067 8067 E ArmVmp : Match on catch block at 0xc3 in for 0xa5
01-30 07:04:29.095 8067 8067 E ArmVmp : Match on catch block at 0xc3 in for 0xa9
01-30 07:04:29.102 8067 8067 E ArmVmp : Match on catch block at 0xc3 in for 0xa9
01-30 07:04:29.106 8067 8067 E ArmVmp : Match on catch block at 0xc3 in for 0xa1
01-30 07:04:29.169 8067 8067 E ArmVmp : Match on catch block at 0xc3 in for 0xa1
01-30 07:04:29.171 8067 8067 E ArmVmp : Match on catch block at 0xc3 in for 0xa5
01-30 07:04:29.665 8067 8067 E ArmVmp : Match on catch block at 0xc3 in for 0xa5
01-30 07:04:29.669 8067 8067 E ArmVmp : Match on catch block at 0xc3 in for 0xa9
01-30 07:04:30.163 8067 8067 E ArmVmp : Match on catch block at 0xc3 in for 0xa9
01-30 07:04:30.167 8067 8067 E ArmVmp : Match on catch block at 0xc3 in for 0xa1
01-30 07:04:30.500 8067 8067 E ArmVmp : Match on catch block at 0xc3 in for 0xa1
01-30 07:04:30.503 8067 8067 E ArmVmp : Match on catch block at 0xc3 in for 0xa5
01-30 07:04:30.517 8067 8067 E ArmVmp : Match on catch block at 0xc3 in for 0xa1
01-30 07:04:30.519 8067 8067 E ArmVmp : Match on catch block at 0xc3 in for 0xa5
01-30 07:04:30.527 8067 8067 E ArmVmp : Match on catch block at 0xc3 in for 0xa5
01-30 07:04:30.531 8067 8067 E ArmVmp : Match on catch block at 0xc3 in for 0xa9
01-30 07:04:30.544 8067 8067 E ArmVmp : Match on catch block at 0xc3 in for 0xa9
01-30 07:04:30.548 8067 8067 E ArmVmp : Match on catch block at 0xc3 in for 0xa1
01-30 07:04:30.561 8067 8067 E ArmVmp : Match on catch block at 0xc3 in for 0xa1
01-30 07:04:30.563 8067 8067 E ArmVmp : Match on catch block at 0xc3 in for 0xa5
01-30 07:04:30.578 8067 8067 E ArmVmp : Match on catch block at 0xc3 in for 0xa5
01-30 07:04:30.581 8067 8067 E ArmVmp : Match on catch block at 0xc3 in for 0xa9
01-30 07:04:30.593 8067 8067 E ArmVmp : Match on catch block at 0xc3 in for 0xa9
01-30 07:04:30.596 8067 8067 E ArmVmp : Match on catch block at 0xc3 in for 0xa1
01-30 07:04:30.614 8067 8067 E ArmVmp : Match on catch block at 0xc3 in for 0xa1
01-30 07:04:30.617 8067 8067 E ArmVmp : Match on catch block at 0xc3 in for 0xa5
01-30 07:04:30.627 8067 8067 E ArmVmp : Match on catch block at 0xc3 in for 0xa5
01-30 07:04:30.630 8067 8067 E ArmVmp : Match on catch block at 0xc3 in for 0xa9
01-30 07:04:30.643 8067 8067 E ArmVmp : Match on catch block at 0xc3 in for 0xa9
01-30 07:04:30.646 8067 8067 E ArmVmp : Match on catch block at 0xc3 in for 0xa1
01-30 07:04:30.660 8067 8067 E ArmVmp : Match on catch block at 0xc3 in for 0xa9
01-30 07:04:30.662 8067 8067 E ArmVmp : Match on catch block at 0xc3 in for 0xa1
01-30 07:04:30.676 8067 8067 E ArmVmp : Match on catch block at 0xc3 in for 0xa1
01-30 07:04:30.679 8067 8067 E ArmVmp : Match on catch block at 0xc3 in for 0xa5
01-30 07:04:30.693 8067 8067 E ArmVmp : Match on catch block at 0xc3 in for 0xa5
01-30 07:04:30.696 8067 8067 E ArmVmp : Match on catch block at 0xc3 in for 0xa9
01-30 07:04:30.709 8067 8067 E ArmVmp : Match on catch block at 0xc3 in for 0xa9
01-30 07:04:30.712 8067 8067 E ArmVmp : Match on catch block at 0xc3 in for 0xa1
01-30 07:04:30.726 8067 8067 E ArmVmp : Match on catch block at 0xc3 in for 0xa1
01-30 07:04:30.729 8067 8067 E ArmVmp : Match on catch block at 0xc3 in for 0xa5
01-30 07:04:30.742 8067 8067 E ArmVmp : Match on catch block at 0xc3 in for 0xa5
01-30 07:04:30.745 8067 8067 E ArmVmp : Match on catch block at 0xc3 in for 0xa9
01-30 07:04:30.759 8067 8067 E ArmVmp : Match on catch block at 0xc3 in for 0xa9
01-30 07:04:30.763 8067 8067 E ArmVmp : Match on catch block at 0xc3 in for 0xa1
01-30 07:04:30.776 8067 8067 E ArmVmp : Match on catch block at 0xc3 in for 0xa1
01-30 07:04:30.780 8067 8067 E ArmVmp : Match on catch block at 0xc3 in for 0xa5
01-30 07:04:30.793 8067 8067 E ArmVmp : Match on catch block at 0xc3 in for 0xa5
01-30 07:04:30.797 8067 8067 E ArmVmp : Match on catch block at 0xc3 in for 0xa9
01-30 07:04:30.809 8067 8067 E ArmVmp : Match on catch block at 0xc3 in for 0xa9
01-30 07:04:30.813 8067 8067 E ArmVmp : Match on catch block at 0xc3 in for 0xa1
01-30 07:04:30.826 8067 8067 E ArmVmp : Match on catch block at 0xc3 in for 0xa1
01-30 07:04:30.830 8067 8067 E ArmVmp : Match on catch block at 0xc3 in for 0xa5
01-30 07:04:30.842 8067 8067 E ArmVmp : Match on catch block at 0xc3 in for 0xa5
01-30 07:04:30.846 8067 8067 E ArmVmp : Match on catch block at 0xc3 in for 0xa9
01-30 07:04:30.859 8067 8067 E ArmVmp : Match on catch block at 0xc3 in for 0xa9
01-30 07:04:30.863 8067 8067 E ArmVmp : Match on catch block at 0xc3 in for 0xa1
01-30 07:04:30.875 8067 8067 E ArmVmp : Match on catch block at 0xc3 in for 0xa1
01-30 07:04:30.879 8067 8067 E ArmVmp : Match on catch block at 0xc3 in for 0xa5
01-30 07:04:30.892 8067 8067 E ArmVmp : Match on catch block at 0xc3 in for 0xa5
01-30 07:04:30.896 8067 8067 E ArmVmp : Match on catch block at 0xc3 in for 0xa9
01-30 07:04:30.909 8067 8067 E ArmVmp : Match on catch block at 0xc3 in for 0xa9
01-30 07:04:30.913 8067 8067 E ArmVmp : Match on catch block at 0xc3 in for 0xa1
01-30 07:04:30.925 8067 8067 E ArmVmp : Match on catch block at 0xc3 in for 0xa1
01-30 07:04:30.930 8067 8067 E ArmVmp : Match on catch block at 0xc3 in for 0xa5
01-30 07:04:30.942 8067 8067 E ArmVmp : Match on catch block at 0xc3 in for 0xa5
01-30 07:04:30.946 8067 8067 E ArmVmp : Match on catch block at 0xc3 in for 0xa9
01-30 07:04:30.959 8067 8067 E ArmVmp : Match on catch block at 0xc3 in for 0xa9
01-30 07:04:30.963 8067 8067 E ArmVmp : Match on catch block at 0xc3 in for 0xa1
01-30 07:04:30.975 8067 8067 E ArmVmp : Match on catch block at 0xc3 in for 0xa1
01-30 07:04:30.979 8067 8067 E ArmVmp : Match on catch block at 0xc3 in for 0xa5
01-30 07:04:31.157 8067 8067 E ArmVmp : Match on catch block at 0xc3 in for 0xa5
01-30 07:04:31.161 8067 8067 E ArmVmp : Match on catch block at 0xc3 in for 0xa9
01-30 07:04:31.672 8067 8067 E ArmVmp : Match on catch block at 0xc3 in for 0xa9
01-30 07:04:31.676 8067 8067 E ArmVmp : Match on catch block at 0xc3 in for 0xa1
01-30 07:04:31.738 8067 8067 E ArmVmp : Match on catch block at 0xc3 in for 0xa1
01-30 07:04:31.742 8067 8067 E ArmVmp : Match on catch block at 0xc3 in for 0xa5
01-30 07:04:31.764 8067 8067 E ArmVmp : Match on catch block at 0xc3 in for 0xa9
01-30 07:04:31.766 8067 8067 E ArmVmp : Match on catch block at 0xc3 in for 0xa1
01-30 07:04:31.780 8067 8067 E ArmVmp : Match on catch block at 0xc3 in for 0xa1
01-30 07:04:31.784 8067 8067 E ArmVmp : Match on catch block at 0xc3 in for 0xa5
01-30 07:04:31.814 8067 8067 E ArmVmp : Match on catch block at 0xc3 in for 0xa5
01-30 07:04:31.820 8067 8067 E ArmVmp : Match on catch block at 0xc3 in for 0xa9
01-30 07:04:31.832 8067 8067 E ArmVmp : Match on catch block at 0xc3 in for 0xa1
01-30 07:04:31.835 8067 8067 E ArmVmp : Match on catch block at 0xc3 in for 0xa5
01-30 07:04:31.840 8067 8067 E ArmVmp : Match on catch block at 0xc3 in for 0xa5
01-30 07:04:31.843 8067 8067 E ArmVmp : Match on catch block at 0xc3 in for 0xa9
01-30 07:04:31.853 8067 8067 E ArmVmp : Match on catch block at 0xc3 in for 0xa9
01-30 07:04:31.856 8067 8067 E ArmVmp : Match on catch block at 0xc3 in for 0xa1
01-30 07:04:31.869 8067 8067 E ArmVmp : Match on catch block at 0xc3 in for 0xa1
01-30 07:04:31.872 8067 8067 E ArmVmp : Match on catch block at 0xc3 in for 0xa5
01-30 07:04:31.886 8067 8067 E ArmVmp : Match on catch block at 0xc3 in for 0xa5
01-30 07:04:31.888 8067 8067 E ArmVmp : Match on catch block at 0xc3 in for 0xa9
01-30 07:04:31.903 8067 8067 E ArmVmp : Match on catch block at 0xc3 in for 0xa9
01-30 07:04:31.906 8067 8067 E ArmVmp : Match on catch block at 0xc3 in for 0xa1
01-30 07:04:31.919 8067 8067 E ArmVmp : Match on catch block at 0xc3 in for 0xa1
01-30 07:04:31.922 8067 8067 E ArmVmp : Match on catch block at 0xc3 in for 0xa5
01-30 07:04:31.936 8067 8067 E ArmVmp : Match on catch block at 0xc3 in for 0xa5
01-30 07:04:31.939 8067 8067 E ArmVmp : Match on catch block at 0xc3 in for 0xa9
01-30 07:04:31.953 8067 8067 E ArmVmp : Match on catch block at 0xc3 in for 0xa9
01-30 07:04:31.957 8067 8067 E ArmVmp : Match on catch block at 0xc3 in for 0xa1
01-30 07:04:32.000 8067 8067 E ArmVmp : Match on catch block at 0xc3 in for 0xa5
01-30 07:04:32.004 8067 8067 E ArmVmp : Match on catch block at 0xc3 in for 0xa9
01-30 07:04:32.011 8067 8067 E ArmVmp : Match on catch block at 0xc3 in for 0xa9
01-30 07:04:32.013 8067 8067 E ArmVmp : Match on catch block at 0xc3 in for 0xa1
01-30 07:04:32.104 8067 8067 E ArmVmp : Match on catch block at 0xc3 in for 0xa5
01-30 07:04:32.107 8067 8067 E ArmVmp : Match on catch block at 0xc3 in for 0xa9
01-30 07:04:32.113 8067 8183 W MediaPlayer: Use of stream types is deprecated for
operations other than volume control
01-30 07:04:32.113 8067 8183 W MediaPlayer: See the documentation of
setAudioStreamType() for what to use instead with android.media.AudioAttributes to
qualify your playback use case
01-30 07:04:32.118 8067 8067 E ArmVmp : Match on catch block at 0xc3 in for 0xa5
01-30 07:04:32.121 8067 8067 E ArmVmp : Match on catch block at 0xc3 in for 0xa9
01-30 07:04:32.267 8067 8067 E ArmVmp : Match on catch block at 0xc3 in for 0xa9
01-30 07:04:32.270 8067 8067 E ArmVmp : Match on catch block at 0xc3 in for 0xa1
01-30 07:04:32.573 8067 8067 E ArmVmp : Match on catch block at 0xc3 in for 0xa9
01-30 07:04:32.576 8067 8067 E ArmVmp : Match on catch block at 0xc3 in for 0xa1
01-30 07:04:32.584 8067 8067 E ArmVmp : Match on catch block at 0xc3 in for 0xa1
01-30 07:04:32.586 8067 8067 E ArmVmp : Match on catch block at 0xc3 in for 0xa5
01-30 07:04:32.602 8067 8067 E ArmVmp : Match on catch block at 0xc3 in for 0xa1
01-30 07:04:32.606 8067 8067 E ArmVmp : Match on catch block at 0xc3 in for 0xa5
01-30 07:04:32.615 8067 8067 E ArmVmp : Match on catch block at 0xc3 in for 0xa5
01-30 07:04:32.618 8067 8067 E ArmVmp : Match on catch block at 0xc3 in for 0xa9
01-30 07:04:32.636 8067 8067 E ArmVmp : Match on catch block at 0xc3 in for 0xa1
01-30 07:04:32.639 8067 8067 E ArmVmp : Match on catch block at 0xc3 in for 0xa5
01-30 07:04:32.649 8067 8067 E ArmVmp : Match on catch block at 0xc3 in for 0xa5
01-30 07:04:32.651 8067 8067 E ArmVmp : Match on catch block at 0xc3 in for 0xa9
01-30 07:04:32.698 8067 8067 E ArmVmp : Match on catch block at 0xc3 in for 0xa5
01-30 07:04:32.706 8067 8067 E ArmVmp : Match on catch block at 0xc3 in for 0xa9
01-30 07:04:32.879 8067 8067 E ArmVmp : Match on catch block at 0x0a in for 0xc5
01-30 07:04:32.895 8067 8067 E ArmVmp : Match on catch block at 0x0a in for
0x135
01-30 07:04:32.933 8067 9378 E ArmVmp : No matching catch block at 0x07
01-30 07:04:32.933 8067 9378 E ArmVmp : Match on catch block at 0x02 in for 0x21
01-30 07:04:32.933 8067 9378 W System.err: java.net.ConnectException: Failed to
connect to pastebin.com/127.0.0.1:443
01-30 07:04:32.933 8067 9378 W System.err:
01-30 07:04:32.934 8067 9378 W System.err: at
com.android.okhttp.internal.io.RealConnection.connectSocket(RealConnection.java:147
)
01-30 07:04:32.934 8067 9378 W System.err:
01-30 07:04:32.934 8067 9378 W System.err: at
com.android.okhttp.internal.io.RealConnection.connect(RealConnection.java:116)
01-30 07:04:32.934 8067 9378 W System.err:
01-30 07:04:32.934 8067 9378 W System.err: at
com.android.okhttp.internal.http.StreamAllocation.findConnection(StreamAllocation.j
ava:186)
01-30 07:04:32.935 8067 9378 W System.err:
01-30 07:04:32.935 8067 9378 W System.err: at
com.android.okhttp.internal.http.StreamAllocation.findHealthyConnection(StreamAlloc
ation.java:128)
01-30 07:04:32.935 8067 9378 W System.err:
01-30 07:04:32.935 8067 9378 W System.err: at
com.android.okhttp.internal.http.StreamAllocation.newStream(StreamAllocation.java:9
7)
01-30 07:04:32.935 8067 9378 W System.err:
01-30 07:04:32.935 8067 9378 W System.err: at
com.android.okhttp.internal.http.HttpEngine.connect(HttpEngine.java:289)
01-30 07:04:32.935 8067 9378 W System.err:
01-30 07:04:32.935 8067 9378 W System.err: at
com.android.okhttp.internal.http.HttpEngine.sendRequest(HttpEngine.java:232)
01-30 07:04:32.935 8067 9378 W System.err:
01-30 07:04:32.936 8067 9378 W System.err: at
com.android.okhttp.internal.huc.HttpURLConnectionImpl.execute(HttpURLConnectionImpl
.java:465)
01-30 07:04:32.936 8067 9378 W System.err:
01-30 07:04:32.936 8067 9378 W System.err: at
com.android.okhttp.internal.huc.HttpURLConnectionImpl.getResponse(HttpURLConnection
Impl.java:411)
01-30 07:04:32.936 8067 9378 W System.err:
01-30 07:04:32.936 8067 9378 W System.err: at
com.android.okhttp.internal.huc.HttpURLConnectionImpl.getInputStream(HttpURLConnect
ionImpl.java:248)
01-30 07:04:32.936 8067 9378 W System.err:
01-30 07:04:32.936 8067 9378 W System.err: at
com.android.okhttp.internal.huc.DelegatingHttpsURLConnection.getInputStream(Delegat
ingHttpsURLConnection.java:211)
01-30 07:04:32.936 8067 9378 W System.err:
01-30 07:04:32.936 8067 9378 W System.err: at
com.android.okhttp.internal.huc.HttpsURLConnectionImpl.getInputStream(HttpsURLConne
ctionImpl.java:30)
01-30 07:04:32.937 8067 9378 W System.err:
01-30 07:04:32.937 8067 9378 W System.err: at
java.net.URL.openStream(URL.java:1072)
01-30 07:04:32.937 8067 9378 W System.err:
01-30 07:04:32.937 8067 9378 W System.err: at
mbmodsd.mbmodsw.mbdialog.MBDialogMan.loadJsonFromUrl(Native Method)
01-30 07:04:32.937 8067 9378 W System.err:
01-30 07:04:32.937 8067 9378 W System.err: at
mbmodsd.mbmodsw.mbdialog.MBDialogMan.access$000(Native Method)
01-30 07:04:32.937 8067 9378 W System.err:
01-30 07:04:32.937 8067 9378 W System.err: at
mbmodsd.mbmodsw.mbdialog.MBDialogMan$FetchJsonTask.doInBackground(Native Method)
01-30 07:04:32.937 8067 9378 W System.err:
01-30 07:04:32.938 8067 9378 W System.err: at
mbmodsd.mbmodsw.mbdialog.MBDialogMan$FetchJsonTask.doInBackground(Native Method)
01-30 07:04:32.938 8067 9378 W System.err:
01-30 07:04:32.938 8067 9378 W System.err: at
android.os.AsyncTask$3.call(AsyncTask.java:394)
01-30 07:04:32.938 8067 9378 W System.err:
01-30 07:04:32.938 8067 9378 W System.err: at
java.util.concurrent.FutureTask.run(FutureTask.java:266)
01-30 07:04:32.938 8067 9378 W System.err:
01-30 07:04:32.938 8067 9378 W System.err: at
android.os.AsyncTask$SerialExecutor$1.run(AsyncTask.java:305)
01-30 07:04:32.938 8067 9378 W System.err:
01-30 07:04:32.938 8067 9378 W System.err: at
java.util.concurrent.ThreadPoolExecutor.runWorker(ThreadPoolExecutor.java:1167)
01-30 07:04:32.939 8067 9378 W System.err:
01-30 07:04:32.939 8067 9378 W System.err: at
java.util.concurrent.ThreadPoolExecutor$Worker.run(ThreadPoolExecutor.java:641)
01-30 07:04:32.939 8067 9378 W System.err:
01-30 07:04:32.939 8067 9378 W System.err: at
java.lang.Thread.run(Thread.java:923)
01-30 07:04:32.939 8067 9378 W System.err:
01-30 07:04:32.981 8067 8067 E ArmVmp : Match on catch block at 0xc3 in for 0xa5
01-30 07:04:32.983 8067 8067 E ArmVmp : Match on catch block at 0xc3 in for 0xa9
01-30 07:04:33.330 8067 8067 E RecyclerView: No adapter attached; skipping layout
01-30 07:04:33.416 8067 8067 E RecyclerView: No adapter attached; skipping layout
01-30 07:04:33.528 8067 8155 W libEGL : EGLNativeWindowType 0xb400006fa471d600
disconnect failed
01-30 07:04:33.533 8067 8067 E ArmVmp : Match on catch block at 0xc3 in for 0xa9
01-30 07:04:33.535 8067 8067 E ArmVmp : Match on catch block at 0xc3 in for 0xa1
01-30 07:04:34.007 8067 8155 W libEGL : EGLNativeWindowType 0xb400006fa474c360
disconnect failed
01-30 07:04:39.219 8067 8081 W System : A resource failed to call release.
01-30 07:05:49.173 8067 8067 E ArmVmp : Match on catch block at 0x0a in for 0xd9
01-30 07:05:49.493 8067 8155 W libEGL : EGLNativeWindowType 0xb400006fa474c360
disconnect failed
01-30 07:05:49.717 8067 8155 W libEGL : EGLNativeWindowType 0xb400006fa475b1d0
disconnect failed
01-30 07:05:50.352 8067 8155 W libEGL : EGLNativeWindowType 0xb400006fa475b1d0
disconnect failed
01-30 07:05:50.369 8067 8155 W libEGL : EGLNativeWindowType 0xb400006fa475b1d0
disconnect failed
01-30 07:05:50.386 8067 8155 W libEGL : EGLNativeWindowType 0xb400006fa475b1d0
disconnect failed
01-30 07:05:50.403 8067 8155 W libEGL : EGLNativeWindowType 0xb400006fa475b1d0
disconnect failed
01-30 07:05:50.419 8067 8155 W libEGL : EGLNativeWindowType 0xb400006fa475b1d0
disconnect failed
01-30 07:05:50.435 8067 8155 W libEGL : EGLNativeWindowType 0xb400006fa475b1d0
disconnect failed
01-30 07:05:50.455 8067 8155 W libEGL : EGLNativeWindowType 0xb400006fa475b1d0
disconnect failed
01-30 07:05:50.473 8067 8155 W libEGL : EGLNativeWindowType 0xb400006fa475b1d0
disconnect failed
01-30 07:05:50.495 8067 8155 W libEGL : EGLNativeWindowType 0xb400006fa475b1d0
disconnect failed
01-30 07:05:50.513 8067 8155 W libEGL : EGLNativeWindowType 0xb400006fa475b1d0
disconnect failed
01-30 07:05:50.533 8067 8155 W libEGL : EGLNativeWindowType 0xb400006fa475b1d0
disconnect failed
01-30 07:05:50.554 8067 8155 W libEGL : EGLNativeWindowType 0xb400006fa475b1d0
disconnect failed
01-30 07:05:50.574 8067 8155 W libEGL : EGLNativeWindowType 0xb400006fa475b1d0
disconnect failed
01-30 07:05:50.597 8067 8155 W libEGL : EGLNativeWindowType 0xb400006fa475b1d0
disconnect failed
01-30 07:05:50.617 8067 8155 W libEGL : EGLNativeWindowType 0xb400006fa475b1d0
disconnect failed
01-30 07:05:50.639 8067 8155 W libEGL : EGLNativeWindowType 0xb400006fa475b1d0
disconnect failed
01-30 07:05:50.657 8067 8155 W libEGL : EGLNativeWindowType 0xb400006fa475b1d0
disconnect failed
01-30 07:05:51.628 8067 8155 W libEGL : EGLNativeWindowType 0xb400006fa475b1d0
disconnect failed
01-30 07:05:53.634 8067 8155 W libEGL : EGLNativeWindowType 0xb400006fa475b1d0
disconnect failed
01-30 07:05:54.761 8067 8155 W libEGL : EGLNativeWindowType 0xb400006fa475b1d0
disconnect failed
01-30 07:05:54.901 8067 8067 W Choreographer: Frame time is 0.270578 ms in the
future! Check that graphics HAL is generating vsync timestamps using the correct
timebase.
01-30 07:05:55.400 8067 8155 W libEGL : EGLNativeWindowType 0xb400006fa475b1d0
disconnect failed
01-30 07:05:55.432 8067 8155 W libEGL : EGLNativeWindowType 0xb400006fa475b1d0
disconnect failed
01-30 07:05:55.456 8067 8155 W libEGL : EGLNativeWindowType 0xb400006fa475b1d0
disconnect failed
01-30 07:05:55.479 8067 8155 W libEGL : EGLNativeWindowType 0xb400006fa475b1d0
disconnect failed
01-30 07:05:55.498 8067 8155 W libEGL : EGLNativeWindowType 0xb400006fa475b1d0
disconnect failed
01-30 07:05:55.521 8067 8155 W libEGL : EGLNativeWindowType 0xb400006fa475b1d0
disconnect failed
01-30 07:05:55.539 8067 8155 W libEGL : EGLNativeWindowType 0xb400006fa475b1d0
disconnect failed
01-30 07:05:55.557 8067 8155 W libEGL : EGLNativeWindowType 0xb400006fa475b1d0
disconnect failed
01-30 07:05:55.574 8067 8155 W libEGL : EGLNativeWindowType 0xb400006fa475b1d0
disconnect failed
01-30 07:05:55.591 8067 8155 W libEGL : EGLNativeWindowType 0xb400006fa475b1d0
disconnect failed
01-30 07:05:55.611 8067 8155 W libEGL : EGLNativeWindowType 0xb400006fa475b1d0
disconnect failed
01-30 07:05:55.634 8067 8155 W libEGL : EGLNativeWindowType 0xb400006fa475b1d0
disconnect failed
01-30 07:05:55.653 8067 8155 W libEGL : EGLNativeWindowType 0xb400006fa475b1d0
disconnect failed
01-30 07:05:55.672 8067 8155 W libEGL : EGLNativeWindowType 0xb400006fa475b1d0
disconnect failed
01-30 07:05:55.685 8067 8155 W libEGL : EGLNativeWindowType 0xb400006fa475b1d0
disconnect failed
01-30 07:05:56.219 8067 8155 W libEGL : EGLNativeWindowType 0xb400006fa474c360
disconnect failed
01-30 07:05:56.667 8067 8155 W libEGL : EGLNativeWindowType 0xb400006fa475b1d0
disconnect failed
01-30 07:05:58.676 8067 8155 W libEGL : EGLNativeWindowType 0xb400006fa475b1d0
disconnect failed
01-30 07:06:18.052 8067 8067 W com.mbwhatsapp: type=1400 audit(0.0:48653): avc:
granted { execute } for comm=4D65646961446F776E6C6F61642023
path="/data/data/com.mbwhatsapp/files/decompressed/libs.spk.zst/libstatic-webp.so"
dev="dm-19" ino=55972 scontext=u:r:untrusted_app:s0:c27,c257,c512,c768
tcontext=u:object_r:app_data_file:s0:c27,c257,c512,c768 tclass=file
app=com.mbwhatsapp
01-30 07:06:18.145 8067 8131 E SQLiteDatabase: Error inserting transferred=1
media_job_uuid=a39c6025-ef74-4a0f-ad08-0b5e203f91b4 transcoded=0 gif_attribution=0
first_scan_length=0 direct_path=/v/t62.15575-
24/18986945_423549210009454_2708446394575732885_n.enc?ccb=11-
4&oh=01_AdR8kPxZ0ltR2bPrZregOEi9qCNJdRhAlYxf8na9Zw1aKw&oe=65E04C3F&_nc_sid=5e03e0
thumbnail_height_width_ratio=1.0 is_animated_sticker=0
file_hash=YHlDVnB2AZyLXQfH7TTi6wWODKbTgj1xzTzLCzJrtJ0= file_path=Media/MBWhatsApp
Stickers/STK-20230913-WA0001.webp file_size=0 partial_media_hash=null face_x=0
face_y=0 height=64 trim_to=0 media_key_timestamp=1706616376000
message_url=https://mmg.whatsapp.net/v/t62.15575-
24/18986945_423549210009454_2708446394575732885_n.enc?ccb=11-
4&oh=01_AdR8kPxZ0ltR2bPrZregOEi9qCNJdRhAlYxf8na9Zw1aKw&oe=65E04C3F&_nc_sid=5e03e0&m
ms3=true media_caption=null trim_from=0 mime_type=image/webp
partial_media_enc_hash=null width=64 original_file_hash=null
has_streaming_sidecar=0 autotransfer_retry_enabled=1 media_upload_handle=null
message_row_id=14838 multicast_id=null
enc_file_hash=8AIkUQKZ/SaFbtgd2+0c6x/49aRsHmXgeJ4nv5SyQIo= mute_video=0
page_count=0 first_scan_sidecar=null suspicious_content=0 file_length=52852
media_name=null media_duration=0 chat_row_id=309 media_key=[B@a15ce58
01-30 07:06:18.145 8067 8131 E SQLiteDatabase:
android.database.sqlite.SQLiteConstraintException: UNIQUE constraint failed:
message_media.message_row_id (code 1555 SQLITE_CONSTRAINT_PRIMARYKEY)
01-30 07:06:18.145 8067 8131 E SQLiteDatabase: at
android.database.sqlite.SQLiteConnection.nativeExecuteForLastInsertedRowId(Native
Method)
01-30 07:06:18.145 8067 8131 E SQLiteDatabase: at
android.database.sqlite.SQLiteConnection.executeForLastInsertedRowId(SQLiteConnecti
on.java:938)
01-30 07:06:18.145 8067 8131 E SQLiteDatabase: at
android.database.sqlite.SQLiteSession.executeForLastInsertedRowId(SQLiteSession.jav
a:790)
01-30 07:06:18.145 8067 8131 E SQLiteDatabase: at
android.database.sqlite.SQLiteStatement.executeInsert(SQLiteStatement.java:88)
01-30 07:06:18.145 8067 8131 E SQLiteDatabase: at
android.database.sqlite.SQLiteDatabase.insertWithOnConflict(SQLiteDatabase.java:170
1)
01-30 07:06:18.145 8067 8131 E SQLiteDatabase: at
android.database.sqlite.SQLiteDatabase.insert(SQLiteDatabase.java:1570)
01-30 07:06:18.145 8067 8131 E SQLiteDatabase: at X.2tm.A08(Unknown
Source:6)
01-30 07:06:18.145 8067 8131 E SQLiteDatabase: at X.35Y.A07(Unknown
Source:212)
01-30 07:06:18.145 8067 8131 E SQLiteDatabase: at X.3QF.A14(Unknown
Source:470)
01-30 07:06:18.145 8067 8131 E SQLiteDatabase: at X.3gU.run(Unknown
Source:982)
01-30 07:06:18.145 8067 8131 E SQLiteDatabase: at
android.os.Handler.handleCallback(Handler.java:938)
01-30 07:06:18.145 8067 8131 E SQLiteDatabase: at
android.os.Handler.dispatchMessage(Handler.java:99)
01-30 07:06:18.145 8067 8131 E SQLiteDatabase: at
X.0zq.dispatchMessage(Unknown Source:4)
01-30 07:06:18.145 8067 8131 E SQLiteDatabase: at
android.os.Looper.loop(Looper.java:223)
01-30 07:06:18.145 8067 8131 E SQLiteDatabase: at
android.os.HandlerThread.run(HandlerThread.java:67)
01-30 07:06:25.970 8067 8131 E SQLiteDatabase: Error inserting transferred=1
media_job_uuid=2d43cd5a-e677-49f2-9548-86eb5416e8e0 transcoded=0 gif_attribution=0
first_scan_length=5174 direct_path=/v/t62.15575-
24/29647050_409917044811916_5970761059133938694_n.enc?ccb=11-
4&oh=01_AdSfWr8l5ayTKp9vQed9YlKf6tjKHRiNRy3GuWVYk4PQAQ&oe=65E06B3B&_nc_sid=5e03e0
thumbnail_height_width_ratio=1.0 is_animated_sticker=1
file_hash=UXA78AyYwWwTgkV59y/jv15vTQKtb7x5pi2d0o9jTso= file_path=Media/MBWhatsApp
Stickers/STK-20231020-WA0005.webp file_size=0 partial_media_hash=null face_x=0
face_y=0 height=64 trim_to=0 media_key_timestamp=1706616385000
message_url=https://mmg.whatsapp.net/v/t62.15575-
24/29647050_409917044811916_5970761059133938694_n.enc?ccb=11-
4&oh=01_AdSfWr8l5ayTKp9vQed9YlKf6tjKHRiNRy3GuWVYk4PQAQ&oe=65E06B3B&_nc_sid=5e03e0&m
ms3=true media_caption=null trim_from=0 mime_type=image/webp
partial_media_enc_hash=null width=64 original_file_hash=null
has_streaming_sidecar=0 autotransfer_retry_enabled=1 media_upload_handle=null
message_row_id=14840 multicast_id=null
enc_file_hash=0nScTufEixWdjVt9Xr36TVbZ86IOADyDpS4L36Yri6c= mute_video=0
page_count=0 first_scan_sidecar=[B@772ecda suspicious_content=0 file_length=11328
media_name=null media_duration=0 chat_row_id=309 media_key=[B@ab5750b
01-30 07:06:25.970 8067 8131 E SQLiteDatabase:
android.database.sqlite.SQLiteConstraintException: UNIQUE constraint failed:
message_media.message_row_id (code 1555 SQLITE_CONSTRAINT_PRIMARYKEY)
01-30 07:06:25.970 8067 8131 E SQLiteDatabase: at
android.database.sqlite.SQLiteConnection.nativeExecuteForLastInsertedRowId(Native
Method)
01-30 07:06:25.970 8067 8131 E SQLiteDatabase: at
android.database.sqlite.SQLiteConnection.executeForLastInsertedRowId(SQLiteConnecti
on.java:938)
01-30 07:06:25.970 8067 8131 E SQLiteDatabase: at
android.database.sqlite.SQLiteSession.executeForLastInsertedRowId(SQLiteSession.jav
a:790)
01-30 07:06:25.970 8067 8131 E SQLiteDatabase: at
android.database.sqlite.SQLiteStatement.executeInsert(SQLiteStatement.java:88)
01-30 07:06:25.970 8067 8131 E SQLiteDatabase: at
android.database.sqlite.SQLiteDatabase.insertWithOnConflict(SQLiteDatabase.java:170
1)
01-30 07:06:25.970 8067 8131 E SQLiteDatabase: at
android.database.sqlite.SQLiteDatabase.insert(SQLiteDatabase.java:1570)
01-30 07:06:25.970 8067 8131 E SQLiteDatabase: at X.2tm.A08(Unknown
Source:6)
01-30 07:06:25.970 8067 8131 E SQLiteDatabase: at X.35Y.A07(Unknown
Source:212)
01-30 07:06:25.970 8067 8131 E SQLiteDatabase: at X.3QF.A14(Unknown
Source:470)
01-30 07:06:25.970 8067 8131 E SQLiteDatabase: at X.3gU.run(Unknown
Source:982)
01-30 07:06:25.970 8067 8131 E SQLiteDatabase: at
android.os.Handler.handleCallback(Handler.java:938)
01-30 07:06:25.970 8067 8131 E SQLiteDatabase: at
android.os.Handler.dispatchMessage(Handler.java:99)
01-30 07:06:25.970 8067 8131 E SQLiteDatabase: at
X.0zq.dispatchMessage(Unknown Source:4)
01-30 07:06:25.970 8067 8131 E SQLiteDatabase: at
android.os.Looper.loop(Looper.java:223)
01-30 07:06:25.970 8067 8131 E SQLiteDatabase: at
android.os.HandlerThread.run(HandlerThread.java:67)
