01-30 07:08:25.189 8067 8067 E ArmVmp : Match on catch block at 0xc3 in for 0xa9
01-30 07:08:25.191 8067 8067 E ArmVmp : Match on catch block at 0xc3 in for 0xa1
01-30 07:08:25.205 8067 8067 E ArmVmp : Match on catch block at 0xc3 in for 0xa1
01-30 07:08:25.208 8067 8067 E ArmVmp : Match on catch block at 0xc3 in for 0xa5
01-30 07:08:25.222 8067 8067 E ArmVmp : Match on catch block at 0xc3 in for 0xa5
01-30 07:08:25.226 8067 8067 E ArmVmp : Match on catch block at 0xc3 in for 0xa9
01-30 07:08:25.240 8067 8067 E ArmVmp : Match on catch block at 0xc3 in for 0xa9
01-30 07:08:25.243 8067 8067 E ArmVmp : Match on catch block at 0xc3 in for 0xa1
01-30 07:08:25.256 8067 8067 E ArmVmp : Match on catch block at 0xc3 in for 0xa1
01-30 07:08:25.260 8067 8067 E ArmVmp : Match on catch block at 0xc3 in for 0xa5
01-30 07:08:25.272 8067 8067 E ArmVmp : Match on catch block at 0xc3 in for 0xa5
01-30 07:08:25.276 8067 8067 E ArmVmp : Match on catch block at 0xc3 in for 0xa9
01-30 07:08:25.289 8067 8067 E ArmVmp : Match on catch block at 0xc3 in for 0xa9
01-30 07:08:25.294 8067 8067 E ArmVmp : Match on catch block at 0xc3 in for 0xa1
01-30 07:08:25.306 8067 8067 E ArmVmp : Match on catch block at 0xc3 in for 0xa1
01-30 07:08:25.309 8067 8067 E ArmVmp : Match on catch block at 0xc3 in for 0xa5
01-30 07:08:25.322 8067 8067 E ArmVmp : Match on catch block at 0xc3 in for 0xa5
01-30 07:08:25.326 8067 8067 E ArmVmp : Match on catch block at 0xc3 in for 0xa9
01-30 07:08:25.339 8067 8067 E ArmVmp : Match on catch block at 0xc3 in for 0xa9
01-30 07:08:25.342 8067 8067 E ArmVmp : Match on catch block at 0xc3 in for 0xa1
01-30 07:08:25.363 8067 8067 E ArmVmp : Match on catch block at 0xc3 in for 0xa1
01-30 07:08:25.367 8067 8067 E ArmVmp : Match on catch block at 0xc3 in for 0xa5
01-30 07:08:25.374 8067 8067 E ArmVmp : Match on catch block at 0xc3 in for 0xa5
01-30 07:08:25.377 8067 8067 E ArmVmp : Match on catch block at 0xc3 in for 0xa9
01-30 07:08:25.753 8067 8067 E ArmVmp : Match on catch block at 0xc3 in for 0xa9
01-30 07:08:25.756 8067 8067 E ArmVmp : Match on catch block at 0xc3 in for 0xa1
01-30 07:08:26.024 8067 8067 E ArmVmp : Match on catch block at 0xc3 in for 0xa1
01-30 07:08:26.027 8067 8067 E ArmVmp : Match on catch block at 0xc3 in for 0xa5
01-30 07:08:26.042 8067 8067 E ArmVmp : Match on catch block at 0xc3 in for 0xa5
01-30 07:08:26.046 8067 8067 E ArmVmp : Match on catch block at 0xc3 in for 0xa9
01-30 07:08:26.058 8067 8067 E ArmVmp : Match on catch block at 0xc3 in for 0xa1
01-30 07:08:26.061 8067 8067 E ArmVmp : Match on catch block at 0xc3 in for 0xa5
01-30 07:08:26.266 8067 8067 E ArmVmp : Match on catch block at 0xc3 in for 0xa9
01-30 07:08:26.270 8067 8067 E ArmVmp : Match on catch block at 0xc3 in for 0xa1
01-30 07:08:26.386 8067 8067 E ArmVmp : Match on catch block at 0xc3 in for 0xa5
01-30 07:08:26.391 8067 8067 E ArmVmp : Match on catch block at 0xc3 in for 0xa9
01-30 07:08:26.410 8067 8067 E ArmVmp : Match on catch block at 0xc3 in for 0xa5
01-30 07:08:26.413 8067 8067 E ArmVmp : Match on catch block at 0xc3 in for 0xa9
01-30 07:08:26.432 8067 8067 E ArmVmp : Match on catch block at 0xc3 in for 0xa9
01-30 07:08:26.436 8067 8067 E ArmVmp : Match on catch block at 0xc3 in for 0xa1
01-30 07:08:26.449 8067 8067 E ArmVmp : Match on catch block at 0xc3 in for 0xa1
01-30 07:08:26.452 8067 8067 E ArmVmp : Match on catch block at 0xc3 in for 0xa5
01-30 07:08:26.465 8067 8067 E ArmVmp : Match on catch block at 0xc3 in for 0xa5
01-30 07:08:26.469 8067 8067 E ArmVmp : Match on catch block at 0xc3 in for 0xa9
01-30 07:08:26.482 8067 8067 E ArmVmp : Match on catch block at 0xc3 in for 0xa9
01-30 07:08:26.485 8067 8067 E ArmVmp : Match on catch block at 0xc3 in for 0xa1
01-30 07:08:26.498 8067 8067 E ArmVmp : Match on catch block at 0xc3 in for 0xa1
01-30 07:08:26.502 8067 8067 E ArmVmp : Match on catch block at 0xc3 in for 0xa5
01-30 07:08:26.517 8067 8067 E ArmVmp : Match on catch block at 0xc3 in for 0xa5
01-30 07:08:26.522 8067 8067 E ArmVmp : Match on catch block at 0xc3 in for 0xa9
01-30 07:08:26.531 8067 8067 E ArmVmp : Match on catch block at 0xc3 in for 0xa9
01-30 07:08:26.535 8067 8067 E ArmVmp : Match on catch block at 0xc3 in for 0xa1
01-30 07:08:26.548 8067 8067 E ArmVmp : Match on catch block at 0xc3 in for 0xa1
01-30 07:08:26.551 8067 8067 E ArmVmp : Match on catch block at 0xc3 in for 0xa5
01-30 07:08:26.565 8067 8067 E ArmVmp : Match on catch block at 0xc3 in for 0xa5
01-30 07:08:26.568 8067 8067 E ArmVmp : Match on catch block at 0xc3 in for 0xa9
01-30 07:08:26.581 8067 8067 E ArmVmp : Match on catch block at 0xc3 in for 0xa9
01-30 07:08:26.585 8067 8067 E ArmVmp : Match on catch block at 0xc3 in for 0xa1
01-30 07:08:26.614 8067 8067 E ArmVmp : Match on catch block at 0xc3 in for 0xa1
01-30 07:08:26.618 8067 8067 E ArmVmp : Match on catch block at 0xc3 in for 0xa5
01-30 07:08:26.830 8067 8067 E ArmVmp : Match on catch block at 0xc3 in for 0xa5
01-30 07:08:26.833 8067 8067 E ArmVmp : Match on catch block at 0xc3 in for 0xa9
01-30 07:08:27.045 8067 8067 E ArmVmp : Match on catch block at 0xc3 in for 0xa9
01-30 07:08:27.049 8067 8067 E ArmVmp : Match on catch block at 0xc3 in for 0xa1
01-30 07:08:27.560 8067 8067 E ArmVmp : Match on catch block at 0xc3 in for 0xa1
01-30 07:08:27.564 8067 8067 E ArmVmp : Match on catch block at 0xc3 in for 0xa5
01-30 07:08:27.609 8067 8067 E ArmVmp : Match on catch block at 0xc3 in for 0xa5
01-30 07:08:27.613 8067 8067 E ArmVmp : Match on catch block at 0xc3 in for 0xa9
01-30 07:08:27.642 8067 8067 E ArmVmp : Match on catch block at 0xc3 in for 0xa9
01-30 07:08:27.646 8067 8067 E ArmVmp : Match on catch block at 0xc3 in for 0xa1
01-30 07:08:27.659 8067 8067 E ArmVmp : Match on catch block at 0xc3 in for 0xa1
01-30 07:08:27.663 8067 8067 E ArmVmp : Match on catch block at 0xc3 in for 0xa5
01-30 07:08:27.675 8067 8067 E ArmVmp : Match on catch block at 0xc3 in for 0xa5
01-30 07:08:27.679 8067 8067 E ArmVmp : Match on catch block at 0xc3 in for 0xa9
01-30 07:08:27.692 8067 8067 E ArmVmp : Match on catch block at 0xc3 in for 0xa9
01-30 07:08:27.696 8067 8067 E ArmVmp : Match on catch block at 0xc3 in for 0xa1
01-30 07:08:27.709 8067 8067 E ArmVmp : Match on catch block at 0xc3 in for 0xa1
01-30 07:08:27.712 8067 8067 E ArmVmp : Match on catch block at 0xc3 in for 0xa5
01-30 07:08:27.725 8067 8067 E ArmVmp : Match on catch block at 0xc3 in for 0xa5
01-30 07:08:27.729 8067 8067 E ArmVmp : Match on catch block at 0xc3 in for 0xa9
01-30 07:08:27.742 8067 8067 E ArmVmp : Match on catch block at 0xc3 in for 0xa9
01-30 07:08:27.746 8067 8067 E ArmVmp : Match on catch block at 0xc3 in for 0xa1
01-30 07:08:27.758 8067 8067 E ArmVmp : Match on catch block at 0xc3 in for 0xa1
01-30 07:08:27.762 8067 8067 E ArmVmp : Match on catch block at 0xc3 in for 0xa5
01-30 07:08:27.775 8067 8067 E ArmVmp : Match on catch block at 0xc3 in for 0xa5
01-30 07:08:27.779 8067 8067 E ArmVmp : Match on catch block at 0xc3 in for 0xa9
01-30 07:08:27.791 8067 8067 E ArmVmp : Match on catch block at 0xc3 in for 0xa9
01-30 07:08:27.795 8067 8067 E ArmVmp : Match on catch block at 0xc3 in for 0xa1
01-30 07:08:27.808 8067 8067 E ArmVmp : Match on catch block at 0xc3 in for 0xa1
01-30 07:08:27.812 8067 8067 E ArmVmp : Match on catch block at 0xc3 in for 0xa5
01-30 07:08:27.824 8067 8067 E ArmVmp : Match on catch block at 0xc3 in for 0xa5
01-30 07:08:27.829 8067 8067 E ArmVmp : Match on catch block at 0xc3 in for 0xa9
01-30 07:08:27.841 8067 8067 E ArmVmp : Match on catch block at 0xc3 in for 0xa9
01-30 07:08:27.846 8067 8067 E ArmVmp : Match on catch block at 0xc3 in for 0xa1
01-30 07:08:27.858 8067 8067 E ArmVmp : Match on catch block at 0xc3 in for 0xa1
01-30 07:08:27.863 8067 8067 E ArmVmp : Match on catch block at 0xc3 in for 0xa5
01-30 07:08:27.875 8067 8067 E ArmVmp : Match on catch block at 0xc3 in for 0xa5
01-30 07:08:27.881 8067 8067 E ArmVmp : Match on catch block at 0xc3 in for 0xa9
01-30 07:08:27.891 8067 8067 E ArmVmp : Match on catch block at 0xc3 in for 0xa9
01-30 07:08:27.895 8067 8067 E ArmVmp : Match on catch block at 0xc3 in for 0xa1
01-30 07:08:27.907 8067 8067 E ArmVmp : Match on catch block at 0xc3 in for 0xa1
01-30 07:08:27.911 8067 8067 E ArmVmp : Match on catch block at 0xc3 in for 0xa5
01-30 07:08:27.940 8067 8067 E ArmVmp : Match on catch block at 0xc3 in for 0xa5
01-30 07:08:27.944 8067 8067 E ArmVmp : Match on catch block at 0xc3 in for 0xa9
01-30 07:08:28.023 8067 8067 E ArmVmp : Match on catch block at 0xc3 in for 0xa9
01-30 07:08:28.027 8067 8067 E ArmVmp : Match on catch block at 0xc3 in for 0xa1
01-30 07:08:28.205 8067 8067 E ArmVmp : Match on catch block at 0xc3 in for 0xa1
01-30 07:08:28.209 8067 8067 E ArmVmp : Match on catch block at 0xc3 in for 0xa5
01-30 07:08:28.355 8067 8067 E ArmVmp : Match on catch block at 0xc3 in for 0xa5
01-30 07:08:28.359 8067 8067 E ArmVmp : Match on catch block at 0xc3 in for 0xa9
01-30 07:08:28.454 8067 8067 E ArmVmp : Match on catch block at 0xc3 in for 0xa9
01-30 07:08:28.458 8067 8067 E ArmVmp : Match on catch block at 0xc3 in for 0xa1
01-30 07:08:28.969 8067 8067 E ArmVmp : Match on catch block at 0xc3 in for 0xa1
01-30 07:08:28.973 8067 8067 E ArmVmp : Match on catch block at 0xc3 in for 0xa5
01-30 07:08:29.467 8067 8067 E ArmVmp : Match on catch block at 0xc3 in for 0xa5
01-30 07:08:29.471 8067 8067 E ArmVmp : Match on catch block at 0xc3 in for 0xa9
01-30 07:08:29.963 8067 8067 E ArmVmp : Match on catch block at 0xc3 in for 0xa9
01-30 07:08:29.967 8067 8067 E ArmVmp : Match on catch block at 0xc3 in for 0xa1
01-30 07:08:30.230 8067 8067 E ArmVmp : Match on catch block at 0xc3 in for 0xa1
01-30 07:08:30.233 8067 8067 E ArmVmp : Match on catch block at 0xc3 in for 0xa5
01-30 07:08:30.527 8067 8067 E ArmVmp : Match on catch block at 0xc3 in for 0xa9
01-30 07:08:30.531 8067 8067 E ArmVmp : Match on catch block at 0xc3 in for 0xa1
01-30 07:08:30.560 8067 8067 E ArmVmp : Match on catch block at 0xc3 in for 0xa9
01-30 07:08:30.564 8067 8067 E ArmVmp : Match on catch block at 0xc3 in for 0xa1
01-30 07:08:30.578 8067 8067 E ArmVmp : Match on catch block at 0xc3 in for 0xa9
01-30 07:08:30.581 8067 8067 E ArmVmp : Match on catch block at 0xc3 in for 0xa1
01-30 07:08:30.592 8067 8067 E ArmVmp : Match on catch block at 0xc3 in for 0xa1
01-30 07:08:30.595 8067 8067 E ArmVmp : Match on catch block at 0xc3 in for 0xa5
01-30 07:08:30.608 8067 8067 E ArmVmp : Match on catch block at 0xc3 in for 0xa5
01-30 07:08:30.611 8067 8067 E ArmVmp : Match on catch block at 0xc3 in for 0xa9
01-30 07:08:30.637 8067 8067 E ArmVmp : Match on catch block at 0xc3 in for 0xa9
01-30 07:08:30.640 8067 8067 E ArmVmp : Match on catch block at 0xc3 in for 0xa1
01-30 07:08:30.651 8067 8067 E ArmVmp : Match on catch block at 0xc3 in for 0xa1
01-30 07:08:30.655 8067 8067 E ArmVmp : Match on catch block at 0xc3 in for 0xa5
01-30 07:08:30.663 8067 8067 E ArmVmp : Match on catch block at 0xc3 in for 0xa9
01-30 07:08:30.665 8067 8067 E ArmVmp : Match on catch block at 0xc3 in for 0xa1
01-30 07:08:30.674 8067 8067 E ArmVmp : Match on catch block at 0xc3 in for 0xa1
01-30 07:08:30.677 8067 8067 E ArmVmp : Match on catch block at 0xc3 in for 0xa5
01-30 07:08:30.691 8067 8067 E ArmVmp : Match on catch block at 0xc3 in for 0xa5
01-30 07:08:30.695 8067 8067 E ArmVmp : Match on catch block at 0xc3 in for 0xa9
01-30 07:08:30.708 8067 8067 E ArmVmp : Match on catch block at 0xc3 in for 0xa9
01-30 07:08:30.712 8067 8067 E ArmVmp : Match on catch block at 0xc3 in for 0xa1
01-30 07:08:30.725 8067 8067 E ArmVmp : Match on catch block at 0xc3 in for 0xa1
01-30 07:08:30.728 8067 8067 E ArmVmp : Match on catch block at 0xc3 in for 0xa5
01-30 07:08:30.741 8067 8067 E ArmVmp : Match on catch block at 0xc3 in for 0xa5
01-30 07:08:30.744 8067 8067 E ArmVmp : Match on catch block at 0xc3 in for 0xa9
01-30 07:08:31.058 8067 8067 E ArmVmp : Match on catch block at 0xc3 in for 0xa9
01-30 07:08:31.065 8067 8067 E ArmVmp : Match on catch block at 0xc3 in for 0xa1
01-30 07:08:31.094 8067 8067 E ArmVmp : Match on catch block at 0xc3 in for 0xa1
01-30 07:08:31.098 8067 8067 E ArmVmp : Match on catch block at 0xc3 in for 0xa5
01-30 07:08:31.105 8067 9663 W MediaPlayer: Use of stream types is deprecated for
operations other than volume control
01-30 07:08:31.105 8067 9663 W MediaPlayer: See the documentation of
setAudioStreamType() for what to use instead with android.media.AudioAttributes to
qualify your playback use case
01-30 07:08:31.109 8067 8067 E ArmVmp : Match on catch block at 0xc3 in for 0xa9
01-30 07:08:31.112 8067 8067 E ArmVmp : Match on catch block at 0xc3 in for 0xa1
01-30 07:08:31.458 8067 8067 E ArmVmp : Match on catch block at 0xc3 in for 0xa1
01-30 07:08:31.461 8067 8067 E ArmVmp : Match on catch block at 0xc3 in for 0xa5
01-30 07:08:31.476 8067 8067 E ArmVmp : Match on catch block at 0xc3 in for 0xa5
01-30 07:08:31.480 8067 8067 E ArmVmp : Match on catch block at 0xc3 in for 0xa9
01-30 07:08:31.491 8067 8067 E ArmVmp : Match on catch block at 0xc3 in for 0xa1
01-30 07:08:31.496 8067 8067 E ArmVmp : Match on catch block at 0xc3 in for 0xa5
01-30 07:08:31.553 8067 8067 E ArmVmp : Match on catch block at 0xc3 in for 0xa9
01-30 07:08:31.558 8067 8067 E ArmVmp : Match on catch block at 0xc3 in for 0xa1
01-30 07:08:31.722 8067 8067 E ArmVmp : Match on catch block at 0xc3 in for 0xa5
01-30 07:08:31.726 8067 8067 E ArmVmp : Match on catch block at 0xc3 in for 0xa9
01-30 07:08:31.854 8067 8067 E ArmVmp : Match on catch block at 0xc3 in for 0xa5
01-30 07:08:31.858 8067 8067 E ArmVmp : Match on catch block at 0xc3 in for 0xa9
01-30 07:08:31.956 8067 8067 E ArmVmp : Match on catch block at 0xc3 in for 0xa9
01-30 07:08:31.961 8067 8067 E ArmVmp : Match on catch block at 0xc3 in for 0xa1
01-30 07:08:31.982 8067 8155 W libEGL : EGLNativeWindowType 0xb400006fa47191e0
disconnect failed
01-30 07:08:32.050 8067 8067 E ArmVmp : Match on catch block at 0xc3 in for 0xa9
01-30 07:08:32.053 8067 8067 E ArmVmp : Match on catch block at 0xc3 in for 0xa1
01-30 07:08:32.568 8067 8067 E ArmVmp : Match on catch block at 0xc3 in for 0xa1
01-30 07:08:32.575 8067 8067 E ArmVmp : Match on catch block at 0xc3 in for 0xa5
01-30 07:08:33.063 8067 8067 E ArmVmp : Match on catch block at 0xc3 in for 0xa5
01-30 07:08:33.068 8067 8067 E ArmVmp : Match on catch block at 0xc3 in for 0xa9
01-30 07:08:33.079 8067 8067 E ArmVmp : Match on catch block at 0xc3 in for 0xa9
01-30 07:08:33.083 8067 8067 E ArmVmp : Match on catch block at 0xc3 in for 0xa1
01-30 07:08:33.095 8067 8067 E ArmVmp : Match on catch block at 0xc3 in for 0xa1
01-30 07:08:33.099 8067 8067 E ArmVmp : Match on catch block at 0xc3 in for 0xa5
01-30 07:08:33.111 8067 8067 E ArmVmp : Match on catch block at 0xc3 in for 0xa5
01-30 07:08:33.115 8067 8067 E ArmVmp : Match on catch block at 0xc3 in for 0xa9
01-30 07:08:33.128 8067 8067 E ArmVmp : Match on catch block at 0xc3 in for 0xa9
01-30 07:08:33.133 8067 8067 E ArmVmp : Match on catch block at 0xc3 in for 0xa1
01-30 07:08:33.145 8067 8067 E ArmVmp : Match on catch block at 0xc3 in for 0xa1
01-30 07:08:33.149 8067 8067 E ArmVmp : Match on catch block at 0xc3 in for 0xa5
01-30 07:08:33.161 8067 8067 E ArmVmp : Match on catch block at 0xc3 in for 0xa5
01-30 07:08:33.166 8067 8067 E ArmVmp : Match on catch block at 0xc3 in for 0xa9
01-30 07:08:33.178 8067 8067 E ArmVmp : Match on catch block at 0xc3 in for 0xa9
01-30 07:08:33.183 8067 8067 E ArmVmp : Match on catch block at 0xc3 in for 0xa1
01-30 07:08:33.194 8067 8067 E ArmVmp : Match on catch block at 0xc3 in for 0xa1
01-30 07:08:33.199 8067 8067 E ArmVmp : Match on catch block at 0xc3 in for 0xa5
01-30 07:08:33.211 8067 8067 E ArmVmp : Match on catch block at 0xc3 in for 0xa5
01-30 07:08:33.215 8067 8067 E ArmVmp : Match on catch block at 0xc3 in for 0xa9
01-30 07:08:33.228 8067 8067 E ArmVmp : Match on catch block at 0xc3 in for 0xa9
01-30 07:08:33.232 8067 8067 E ArmVmp : Match on catch block at 0xc3 in for 0xa1
01-30 07:08:33.244 8067 8067 E ArmVmp : Match on catch block at 0xc3 in for 0xa1
01-30 07:08:33.248 8067 8067 E ArmVmp : Match on catch block at 0xc3 in for 0xa5
01-30 07:08:33.261 8067 8067 E ArmVmp : Match on catch block at 0xc3 in for 0xa5
01-30 07:08:33.265 8067 8067 E ArmVmp : Match on catch block at 0xc3 in for 0xa9
01-30 07:08:33.278 8067 8067 E ArmVmp : Match on catch block at 0xc3 in for 0xa9
01-30 07:08:33.282 8067 8067 E ArmVmp : Match on catch block at 0xc3 in for 0xa1
01-30 07:08:33.294 8067 8067 E ArmVmp : Match on catch block at 0xc3 in for 0xa1
01-30 07:08:33.298 8067 8067 E ArmVmp : Match on catch block at 0xc3 in for 0xa5
01-30 07:08:33.311 8067 8067 E ArmVmp : Match on catch block at 0xc3 in for 0xa5
01-30 07:08:33.315 8067 8067 E ArmVmp : Match on catch block at 0xc3 in for 0xa9
01-30 07:08:33.327 8067 8067 E ArmVmp : Match on catch block at 0xc3 in for 0xa9
01-30 07:08:33.332 8067 8067 E ArmVmp : Match on catch block at 0xc3 in for 0xa1
01-30 07:08:33.344 8067 8067 E ArmVmp : Match on catch block at 0xc3 in for 0xa1
01-30 07:08:33.348 8067 8067 E ArmVmp : Match on catch block at 0xc3 in for 0xa5
01-30 07:08:33.560 8067 8067 E ArmVmp : Match on catch block at 0xc3 in for 0xa5
01-30 07:08:33.564 8067 8067 E ArmVmp : Match on catch block at 0xc3 in for 0xa9
01-30 07:08:34.056 8067 8067 E ArmVmp : Match on catch block at 0xc3 in for 0xa9
01-30 07:08:34.060 8067 8067 E ArmVmp : Match on catch block at 0xc3 in for 0xa1
01-30 07:08:34.554 8067 8067 E ArmVmp : Match on catch block at 0xc3 in for 0xa1
01-30 07:08:34.558 8067 8067 E ArmVmp : Match on catch block at 0xc3 in for 0xa5
01-30 07:08:35.068 8067 8067 E ArmVmp : Match on catch block at 0xc3 in for 0xa5
01-30 07:08:35.072 8067 8067 E ArmVmp : Match on catch block at 0xc3 in for 0xa9
01-30 07:08:35.565 8067 8067 E ArmVmp : Match on catch block at 0xc3 in for 0xa9
01-30 07:08:35.570 8067 8067 E ArmVmp : Match on catch block at 0xc3 in for 0xa1
01-30 07:08:36.062 8067 8067 E ArmVmp : Match on catch block at 0xc3 in for 0xa1
01-30 07:08:36.067 8067 8067 E ArmVmp : Match on catch block at 0xc3 in for 0xa5
01-30 07:08:36.333 8067 8067 E ArmVmp : Match on catch block at 0xc3 in for 0xa1
01-30 07:08:36.337 8067 8067 E ArmVmp : Match on catch block at 0xc3 in for 0xa5
01-30 07:08:36.366 8067 8067 E ArmVmp : Match on catch block at 0xc3 in for 0xa1
01-30 07:08:36.370 8067 8067 E ArmVmp : Match on catch block at 0xc3 in for 0xa5
01-30 07:08:36.375 8067 8067 E ArmVmp : Match on catch block at 0xc3 in for 0xa5
01-30 07:08:36.380 8067 8067 E ArmVmp : Match on catch block at 0xc3 in for 0xa9
01-30 07:08:36.385 8067 8067 E ArmVmp : Match on catch block at 0xc3 in for 0xa9
01-30 07:08:36.389 8067 8067 E ArmVmp : Match on catch block at 0xc3 in for 0xa1
01-30 07:08:36.403 8067 8067 E ArmVmp : Match on catch block at 0xc3 in for 0xa1
01-30 07:08:36.406 8067 8067 E ArmVmp : Match on catch block at 0xc3 in for 0xa5
01-30 07:08:36.412 8067 8067 E ArmVmp : Match on catch block at 0xc3 in for 0xa5
01-30 07:08:36.415 8067 8067 E ArmVmp : Match on catch block at 0xc3 in for 0xa9
01-30 07:08:36.426 8067 8067 E ArmVmp : Match on catch block at 0xc3 in for 0xa9
01-30 07:08:36.429 8067 8067 E ArmVmp : Match on catch block at 0xc3 in for 0xa1
01-30 07:08:36.442 8067 8067 E ArmVmp : Match on catch block at 0xc3 in for 0xa1
01-30 07:08:36.446 8067 8067 E ArmVmp : Match on catch block at 0xc3 in for 0xa5
01-30 07:08:36.462 8067 8067 E ArmVmp : Match on catch block at 0xc3 in for 0xa5
01-30 07:08:36.465 8067 8067 E ArmVmp : Match on catch block at 0xc3 in for 0xa9
01-30 07:08:36.476 8067 8067 E ArmVmp : Match on catch block at 0xc3 in for 0xa9
01-30 07:08:36.479 8067 8067 E ArmVmp : Match on catch block at 0xc3 in for 0xa1
01-30 07:08:36.492 8067 8067 E ArmVmp : Match on catch block at 0xc3 in for 0xa1
01-30 07:08:36.496 8067 8067 E ArmVmp : Match on catch block at 0xc3 in for 0xa5
01-30 07:08:36.509 8067 8067 E ArmVmp : Match on catch block at 0xc3 in for 0xa5
01-30 07:08:36.512 8067 8067 E ArmVmp : Match on catch block at 0xc3 in for 0xa9
01-30 07:08:36.526 8067 8067 E ArmVmp : Match on catch block at 0xc3 in for 0xa9
01-30 07:08:36.529 8067 8067 E ArmVmp : Match on catch block at 0xc3 in for 0xa1
01-30 07:08:36.843 8067 8067 E ArmVmp : Match on catch block at 0xc3 in for 0xa1
01-30 07:08:36.848 8067 8067 E ArmVmp : Match on catch block at 0xc3 in for 0xa5
01-30 07:08:36.945 8067 8067 E ArmVmp : Match on catch block at 0xc3 in for 0xa1
01-30 07:08:36.948 8067 8067 E ArmVmp : Match on catch block at 0xc3 in for 0xa5
01-30 07:08:36.963 8067 8067 E ArmVmp : Match on catch block at 0xc3 in for 0xa5
01-30 07:08:36.967 8067 8067 E ArmVmp : Match on catch block at 0xc3 in for 0xa9
01-30 07:08:36.973 8067 8067 E ArmVmp : Match on catch block at 0xc3 in for 0xa9
01-30 07:08:36.976 8067 8067 E ArmVmp : Match on catch block at 0xc3 in for 0xa1
01-30 07:08:37.256 8067 8067 E ArmVmp : Match on catch block at 0xc3 in for 0xa1
01-30 07:08:37.260 8067 8067 E ArmVmp : Match on catch block at 0xc3 in for 0xa5
01-30 07:08:37.281 8067 8067 E ArmVmp : Match on catch block at 0xc3 in for 0xa9
01-30 07:08:37.284 8067 8067 E ArmVmp : Match on catch block at 0xc3 in for 0xa1
01-30 07:08:37.297 8067 8067 E ArmVmp : Match on catch block at 0xc3 in for 0xa1
01-30 07:08:37.300 8067 8067 E ArmVmp : Match on catch block at 0xc3 in for 0xa5
01-30 07:08:37.305 8067 8067 E ArmVmp : Match on catch block at 0xc3 in for 0xa5
01-30 07:08:37.308 8067 8067 E ArmVmp : Match on catch block at 0xc3 in for 0xa9
01-30 07:08:37.337 8067 8067 E ArmVmp : Match on catch block at 0xc3 in for 0xa1
01-30 07:08:37.339 8067 8067 E ArmVmp : Match on catch block at 0xc3 in for 0xa5
01-30 07:08:37.352 8067 8067 E ArmVmp : Match on catch block at 0xc3 in for 0xa9
01-30 07:08:37.356 8067 8067 E ArmVmp : Match on catch block at 0xc3 in for 0xa1
01-30 07:08:37.365 8067 8067 E ArmVmp : Match on catch block at 0xc3 in for 0xa1
01-30 07:08:37.368 8067 8067 E ArmVmp : Match on catch block at 0xc3 in for 0xa5
01-30 07:08:37.372 8067 8067 E ArmVmp : Match on catch block at 0xc3 in for 0xa5
01-30 07:08:37.376 8067 8067 E ArmVmp : Match on catch block at 0xc3 in for 0xa9
01-30 07:08:37.387 8067 8067 E ArmVmp : Match on catch block at 0xc3 in for 0xa9
01-30 07:08:37.396 8067 8067 E ArmVmp : Match on catch block at 0xc3 in for 0xa1
01-30 07:08:37.403 8067 8067 E ArmVmp : Match on catch block at 0xc3 in for 0xa1
01-30 07:08:37.406 8067 8067 E ArmVmp : Match on catch block at 0xc3 in for 0xa5
01-30 07:08:37.420 8067 8067 E ArmVmp : Match on catch block at 0xc3 in for 0xa5
01-30 07:08:37.426 8067 8067 E ArmVmp : Match on catch block at 0xc3 in for 0xa9
01-30 07:08:37.437 8067 8067 E ArmVmp : Match on catch block at 0xc3 in for 0xa9
01-30 07:08:37.440 8067 8067 E ArmVmp : Match on catch block at 0xc3 in for 0xa1
01-30 07:08:37.453 8067 8067 E ArmVmp : Match on catch block at 0xc3 in for 0xa1
01-30 07:08:37.457 8067 8067 E ArmVmp : Match on catch block at 0xc3 in for 0xa5
01-30 07:08:37.470 8067 8067 E ArmVmp : Match on catch block at 0xc3 in for 0xa5
01-30 07:08:37.474 8067 8067 E ArmVmp : Match on catch block at 0xc3 in for 0xa9
01-30 07:08:37.707 8067 8067 E ArmVmp : Match on catch block at 0xc3 in for 0xa1
01-30 07:08:37.710 8067 8067 E ArmVmp : Match on catch block at 0xc3 in for 0xa5
01-30 07:08:37.718 8067 9663 W MediaPlayer: Use of stream types is deprecated for
operations other than volume control
01-30 07:08:37.718 8067 9663 W MediaPlayer: See the documentation of
setAudioStreamType() for what to use instead with android.media.AudioAttributes to
qualify your playback use case
01-30 07:08:37.723 8067 8067 E ArmVmp : Match on catch block at 0xc3 in for 0xa5
01-30 07:08:37.727 8067 8067 E ArmVmp : Match on catch block at 0xc3 in for 0xa9
01-30 07:08:37.785 8067 8067 E ArmVmp : Match on catch block at 0xc3 in for 0xa9
01-30 07:08:37.788 8067 8067 E ArmVmp : Match on catch block at 0xc3 in for 0xa1
01-30 07:08:38.271 8067 8067 E ArmVmp : Match on catch block at 0xc3 in for 0xa5
01-30 07:08:38.274 8067 8067 E ArmVmp : Match on catch block at 0xc3 in for 0xa9
01-30 07:08:38.290 8067 8067 E ArmVmp : Match on catch block at 0xc3 in for 0xa1
01-30 07:08:38.294 8067 8067 E ArmVmp : Match on catch block at 0xc3 in for 0xa5
01-30 07:08:38.306 8067 8067 E ArmVmp : Match on catch block at 0xc3 in for 0xa5
01-30 07:08:38.308 8067 8067 E ArmVmp : Match on catch block at 0xc3 in for 0xa9
01-30 07:08:38.381 8067 8067 E ArmVmp : Match on catch block at 0xc3 in for 0xa1
01-30 07:08:38.384 8067 8067 E ArmVmp : Match on catch block at 0xc3 in for 0xa5
01-30 07:08:38.456 8067 8155 W libEGL : EGLNativeWindowType 0xb400006fa47191e0
disconnect failed
01-30 07:08:38.531 8067 8067 E ArmVmp : Match on catch block at 0xc3 in for 0xa5
01-30 07:08:38.534 8067 8067 E ArmVmp : Match on catch block at 0xc3 in for 0xa9
01-30 07:08:38.540 8067 8067 E ArmVmp : Match on catch block at 0xc3 in for 0xa9
01-30 07:08:38.542 8067 8067 E ArmVmp : Match on catch block at 0xc3 in for 0xa1
01-30 07:08:38.796 8067 8067 E ArmVmp : Match on catch block at 0xc3 in for 0xa1
01-30 07:08:38.799 8067 8067 E ArmVmp : Match on catch block at 0xc3 in for 0xa5
01-30 07:08:39.294 8067 8067 E ArmVmp : Match on catch block at 0xc3 in for 0xa5
01-30 07:08:39.298 8067 8067 E ArmVmp : Match on catch block at 0xc3 in for 0xa9
01-30 07:08:39.791 8067 8067 E ArmVmp : Match on catch block at 0xc3 in for 0xa9
01-30 07:08:39.795 8067 8067 E ArmVmp : Match on catch block at 0xc3 in for 0xa1
01-30 07:08:40.056 8067 8067 E ArmVmp : Match on catch block at 0xc3 in for 0xa1
01-30 07:08:40.061 8067 8067 E ArmVmp : Match on catch block at 0xc3 in for 0xa5
01-30 07:08:40.072 8067 8067 E ArmVmp : Match on catch block at 0xc3 in for 0xa5
01-30 07:08:40.077 8067 8067 E ArmVmp : Match on catch block at 0xc3 in for 0xa9
01-30 07:08:40.089 8067 8067 E ArmVmp : Match on catch block at 0xc3 in for 0xa9
01-30 07:08:40.094 8067 8067 E ArmVmp : Match on catch block at 0xc3 in for 0xa1
01-30 07:08:40.106 8067 8067 E ArmVmp : Match on catch block at 0xc3 in for 0xa1
01-30 07:08:40.110 8067 8067 E ArmVmp : Match on catch block at 0xc3 in for 0xa5
01-30 07:08:40.122 8067 8067 E ArmVmp : Match on catch block at 0xc3 in for 0xa5
01-30 07:08:40.126 8067 8067 E ArmVmp : Match on catch block at 0xc3 in for 0xa9
01-30 07:08:40.139 8067 8067 E ArmVmp : Match on catch block at 0xc3 in for 0xa9
01-30 07:08:40.143 8067 8067 E ArmVmp : Match on catch block at 0xc3 in for 0xa1
01-30 07:08:40.156 8067 8067 E ArmVmp : Match on catch block at 0xc3 in for 0xa1
01-30 07:08:40.160 8067 8067 E ArmVmp : Match on catch block at 0xc3 in for 0xa5
01-30 07:08:40.172 8067 8067 E ArmVmp : Match on catch block at 0xc3 in for 0xa5
01-30 07:08:40.176 8067 8067 E ArmVmp : Match on catch block at 0xc3 in for 0xa9
01-30 07:08:40.188 8067 8067 E ArmVmp : Match on catch block at 0xc3 in for 0xa9
01-30 07:08:40.193 8067 8067 E ArmVmp : Match on catch block at 0xc3 in for 0xa1
01-30 07:08:40.205 8067 8067 E ArmVmp : Match on catch block at 0xc3 in for 0xa1
01-30 07:08:40.210 8067 8067 E ArmVmp : Match on catch block at 0xc3 in for 0xa5
01-30 07:08:40.222 8067 8067 E ArmVmp : Match on catch block at 0xc3 in for 0xa5
01-30 07:08:40.227 8067 8067 E ArmVmp : Match on catch block at 0xc3 in for 0xa9
01-30 07:08:40.238 8067 8067 E ArmVmp : Match on catch block at 0xc3 in for 0xa9
01-30 07:08:40.242 8067 8067 E ArmVmp : Match on catch block at 0xc3 in for 0xa1
01-30 07:08:40.255 8067 8067 E ArmVmp : Match on catch block at 0xc3 in for 0xa1
01-30 07:08:40.259 8067 8067 E ArmVmp : Match on catch block at 0xc3 in for 0xa5
01-30 07:08:40.271 8067 8067 E ArmVmp : Match on catch block at 0xc3 in for 0xa5
01-30 07:08:40.275 8067 8067 E ArmVmp : Match on catch block at 0xc3 in for 0xa9
01-30 07:08:40.288 8067 8067 E ArmVmp : Match on catch block at 0xc3 in for 0xa9
01-30 07:08:40.292 8067 8067 E ArmVmp : Match on catch block at 0xc3 in for 0xa1
01-30 07:08:40.304 8067 8067 E ArmVmp : Match on catch block at 0xc3 in for 0xa1
01-30 07:08:40.309 8067 8067 E ArmVmp : Match on catch block at 0xc3 in for 0xa5
01-30 07:08:40.321 8067 8067 E ArmVmp : Match on catch block at 0xc3 in for 0xa5
01-30 07:08:40.325 8067 8067 E ArmVmp : Match on catch block at 0xc3 in for 0xa9
01-30 07:08:40.802 8067 8067 E ArmVmp : Match on catch block at 0xc3 in for 0xa9
01-30 07:08:40.807 8067 8067 E ArmVmp : Match on catch block at 0xc3 in for 0xa1
01-30 07:08:41.299 8067 8067 E ArmVmp : Match on catch block at 0xc3 in for 0xa1
01-30 07:08:41.303 8067 8067 E ArmVmp : Match on catch block at 0xc3 in for 0xa5
01-30 07:08:41.813 8067 8067 E ArmVmp : Match on catch block at 0xc3 in for 0xa5
01-30 07:08:41.817 8067 8067 E ArmVmp : Match on catch block at 0xc3 in for 0xa9
01-30 07:08:42.310 8067 8067 E ArmVmp : Match on catch block at 0xc3 in for 0xa9
01-30 07:08:42.314 8067 8067 E ArmVmp : Match on catch block at 0xc3 in for 0xa1
01-30 07:08:42.808 8067 8067 E ArmVmp : Match on catch block at 0xc3 in for 0xa1
01-30 07:08:42.812 8067 8067 E ArmVmp : Match on catch block at 0xc3 in for 0xa5
01-30 07:08:42.840 8067 8067 E ArmVmp : Match on catch block at 0xc3 in for 0xa1
01-30 07:08:42.844 8067 8067 E ArmVmp : Match on catch block at 0xc3 in for 0xa5
01-30 07:08:42.870 8067 8067 E ArmVmp : Match on catch block at 0xc3 in for 0xa5
01-30 07:08:42.874 8067 8067 E ArmVmp : Match on catch block at 0xc3 in for 0xa9
01-30 07:08:43.005 8067 8067 E ArmVmp : Match on catch block at 0xc3 in for 0xa1
01-30 07:08:43.009 8067 8067 E ArmVmp : Match on catch block at 0xc3 in for 0xa5
01-30 07:08:43.427 8067 8155 W libEGL : EGLNativeWindowType 0xb400006fa4730890
disconnect failed
01-30 07:08:43.434 8067 8067 E ArmVmp : Match on catch block at 0xc3 in for 0xa5
01-30 07:08:43.438 8067 8067 E ArmVmp : Match on catch block at 0xc3 in for 0xa9
01-30 07:08:45.043 8067 8067 E ArmVmp : Match on catch block at 0x0a in for 0xc9
01-30 07:08:45.045 8067 8067 E ArmVmp : Match on catch block at 0x0a in for 0xc5
01-30 07:08:45.264 8067 8067 W View : requestLayout() improperly called by
X.4rg{5d88de4 V.E....L. ......ID 0,765-720,919} during layout: running second
layout pass
01-30 07:08:45.264 8067 8067 W View : requestLayout() improperly called by
android.widget.LinearLayout{9a7ea13 V.E...... ......ID 18,2-536,144 #7f0b0e50
app:id/main_layout} during layout: running second layout pass
01-30 07:08:45.264 8067 8067 W View : requestLayout() improperly called by
com.mbwhatsapp.conversation.conversationrow.ConversationRowImage$RowImageView{ac812
4d VFED..CL. ......ID 8,8-510,134 #7f0b0c84 app:id/image} during layout: running
second layout pass
01-30 07:08:45.268 8067 8067 E ArmVmp : Match on catch block at 0xc3 in for 0xb1
01-30 07:08:45.273 8067 8067 E ArmVmp : Match on catch block at 0xc3 in for 0xb1
01-30 07:08:45.339 8067 8067 E ArmVmp : Match on catch block at 0xc3 in for 0xa9
01-30 07:08:45.341 8067 8067 E ArmVmp : Match on catch block at 0xc3 in for 0xa1
01-30 07:08:45.344 8067 8067 E ArmVmp : Match on catch block at 0xc3 in for 0xa1
01-30 07:08:45.367 8067 8067 W View : requestLayout() improperly called by
X.4rg{5d88de4 V.E....L. ......ID 0,765-720,919} during second layout pass: posting
in next frame
01-30 07:08:45.367 8067 8067 W View : requestLayout() improperly called by
android.widget.LinearLayout{9a7ea13 V.E...... .......D 18,2-536,144 #7f0b0e50
app:id/main_layout} during second layout pass: posting in next frame
01-30 07:08:45.376 8067 8067 E ArmVmp : Match on catch block at 0xc3 in for 0xa9
01-30 07:08:45.378 8067 8067 E ArmVmp : Match on catch block at 0xc3 in for 0xa1
01-30 07:08:45.380 8067 8067 E ArmVmp : Match on catch block at 0xc3 in for 0xa1
01-30 07:08:45.392 8067 8067 E ArmVmp : Match on catch block at 0xc3 in for 0xa1
01-30 07:08:45.396 8067 8067 E ArmVmp : Match on catch block at 0xc3 in for 0xa5
01-30 07:08:45.397 8067 8067 E ArmVmp : Match on catch block at 0xc3 in for 0xa5
01-30 07:08:45.751 8067 8155 W libEGL : EGLNativeWindowType 0xb400006fa4767e30
disconnect failed
01-30 07:08:45.873 8067 8067 E ArmVmp : Match on catch block at 0xc3 in for 0xa5
01-30 07:08:45.877 8067 8067 E ArmVmp : Match on catch block at 0xc3 in for 0xa9
01-30 07:08:45.880 8067 8067 E ArmVmp : Match on catch block at 0xc3 in for 0xa9
01-30 07:08:45.889 8067 8067 E ArmVmp : Match on catch block at 0xc3 in for 0xa1
01-30 07:08:45.893 8067 8067 E ArmVmp : Match on catch block at 0xc3 in for 0xa5
01-30 07:08:45.896 8067 8067 E ArmVmp : Match on catch block at 0xc3 in for 0xa5
01-30 07:08:45.906 8067 8067 E ArmVmp : Match on catch block at 0xc3 in for 0xa9
01-30 07:08:45.910 8067 8067 E ArmVmp : Match on catch block at 0xc3 in for 0xa1
01-30 07:08:45.913 8067 8067 E ArmVmp : Match on catch block at 0xc3 in for 0xa1
01-30 07:08:45.923 8067 8067 E ArmVmp : Match on catch block at 0xc3 in for 0xa5
01-30 07:08:45.927 8067 8067 E ArmVmp : Match on catch block at 0xc3 in for 0xa9
01-30 07:08:45.929 8067 8067 E ArmVmp : Match on catch block at 0xc3 in for 0xa9
01-30 07:08:45.939 8067 8067 E ArmVmp : Match on catch block at 0xc3 in for 0xa1
01-30 07:08:45.943 8067 8067 E ArmVmp : Match on catch block at 0xc3 in for 0xa5
01-30 07:08:45.945 8067 8067 E ArmVmp : Match on catch block at 0xc3 in for 0xa5
01-30 07:08:45.955 8067 8067 E ArmVmp : Match on catch block at 0xc3 in for 0xa9
01-30 07:08:45.959 8067 8067 E ArmVmp : Match on catch block at 0xc3 in for 0xa1
01-30 07:08:45.962 8067 8067 E ArmVmp : Match on catch block at 0xc3 in for 0xa1
01-30 07:08:45.972 8067 8067 E ArmVmp : Match on catch block at 0xc3 in for 0xa5
01-30 07:08:45.975 8067 8067 E ArmVmp : Match on catch block at 0xc3 in for 0xa9
01-30 07:08:45.978 8067 8067 E ArmVmp : Match on catch block at 0xc3 in for 0xa9
01-30 07:08:45.989 8067 8067 E ArmVmp : Match on catch block at 0xc3 in for 0xa1
01-30 07:08:45.992 8067 8067 E ArmVmp : Match on catch block at 0xc3 in for 0xa5
01-30 07:08:45.995 8067 8067 E ArmVmp : Match on catch block at 0xc3 in for 0xa5
01-30 07:08:46.005 8067 8067 E ArmVmp : Match on catch block at 0xc3 in for 0xa9
01-30 07:08:46.009 8067 8067 E ArmVmp : Match on catch block at 0xc3 in for 0xa1
01-30 07:08:46.012 8067 8067 E ArmVmp : Match on catch block at 0xc3 in for 0xa1
01-30 07:08:46.021 8067 8067 E ArmVmp : Match on catch block at 0xc3 in for 0xa5
01-30 07:08:46.025 8067 8067 E ArmVmp : Match on catch block at 0xc3 in for 0xa9
01-30 07:08:46.028 8067 8067 E ArmVmp : Match on catch block at 0xc3 in for 0xa9
01-30 07:08:46.038 8067 8067 E ArmVmp : Match on catch block at 0xc3 in for 0xa1
01-30 07:08:46.044 8067 8067 E ArmVmp : Match on catch block at 0xc3 in for 0xa5
01-30 07:08:46.046 8067 8067 E ArmVmp : Match on catch block at 0xc3 in for 0xa5
01-30 07:08:46.055 8067 8067 E ArmVmp : Match on catch block at 0xc3 in for 0xa9
01-30 07:08:46.058 8067 8067 E ArmVmp : Match on catch block at 0xc3 in for 0xa1
01-30 07:08:46.061 8067 8067 E ArmVmp : Match on catch block at 0xc3 in for 0xa1
01-30 07:08:46.071 8067 8067 E ArmVmp : Match on catch block at 0xc3 in for 0xa5
01-30 07:08:46.075 8067 8067 E ArmVmp : Match on catch block at 0xc3 in for 0xa9
01-30 07:08:46.077 8067 8067 E ArmVmp : Match on catch block at 0xc3 in for 0xa9
01-30 07:08:46.088 8067 8067 E ArmVmp : Match on catch block at 0xc3 in for 0xa1
01-30 07:08:46.094 8067 8067 E ArmVmp : Match on catch block at 0xc3 in for 0xa5
01-30 07:08:46.096 8067 8067 E ArmVmp : Match on catch block at 0xc3 in for 0xa5
01-30 07:08:46.104 8067 8067 E ArmVmp : Match on catch block at 0xc3 in for 0xa9
01-30 07:08:46.108 8067 8067 E ArmVmp : Match on catch block at 0xc3 in for 0xa1
01-30 07:08:46.110 8067 8067 E ArmVmp : Match on catch block at 0xc3 in for 0xa1
01-30 07:08:46.121 8067 8067 E ArmVmp : Match on catch block at 0xc3 in for 0xa5
01-30 07:08:46.125 8067 8067 E ArmVmp : Match on catch block at 0xc3 in for 0xa9
01-30 07:08:46.127 8067 8067 E ArmVmp : Match on catch block at 0xc3 in for 0xa9
01-30 07:08:46.138 8067 8067 E ArmVmp : Match on catch block at 0xc3 in for 0xa1
01-30 07:08:46.142 8067 8067 E ArmVmp : Match on catch block at 0xc3 in for 0xa5
01-30 07:08:46.144 8067 8067 E ArmVmp : Match on catch block at 0xc3 in for 0xa5
01-30 07:08:46.155 8067 8067 E ArmVmp : Match on catch block at 0xc3 in for 0xa9
01-30 07:08:46.160 8067 8067 E ArmVmp : Match on catch block at 0xc3 in for 0xa1
01-30 07:08:46.163 8067 8067 E ArmVmp : Match on catch block at 0xc3 in for 0xa1
01-30 07:08:46.172 8067 8067 E ArmVmp : Match on catch block at 0xc3 in for 0xa5
01-30 07:08:46.176 8067 8067 E ArmVmp : Match on catch block at 0xc3 in for 0xa9
01-30 07:08:46.179 8067 8067 E ArmVmp : Match on catch block at 0xc3 in for 0xa9
01-30 07:08:46.391 8067 8067 E ArmVmp : Match on catch block at 0xc3 in for 0xa5
01-30 07:08:46.395 8067 8067 E ArmVmp : Match on catch block at 0xc3 in for 0xa9
01-30 07:08:46.398 8067 8067 E ArmVmp : Match on catch block at 0xc3 in for 0xa9
01-30 07:08:46.404 8067 8067 E ArmVmp : Match on catch block at 0xc3 in for 0xa1
01-30 07:08:46.408 8067 8067 E ArmVmp : Match on catch block at 0xc3 in for 0xa5
01-30 07:08:46.410 8067 8067 E ArmVmp : Match on catch block at 0xc3 in for 0xa5
01-30 07:08:46.517 8067 8067 E ArmVmp : Match on catch block at 0xc3 in for 0xa9
01-30 07:08:46.521 8067 8067 E ArmVmp : Match on catch block at 0xc3 in for 0xa1
01-30 07:08:46.523 8067 8067 E ArmVmp : Match on catch block at 0xc3 in for 0xa1
01-30 07:08:46.620 8067 8067 E ArmVmp : Match on catch block at 0xc3 in for 0xa9
01-30 07:08:46.622 8067 8067 E ArmVmp : Match on catch block at 0xc3 in for 0xa1
01-30 07:08:46.624 8067 8067 E ArmVmp : Match on catch block at 0xc3 in for 0xa1
01-30 07:08:47.038 8067 8155 W libEGL : EGLNativeWindowType 0xb400006fa45fbd80
disconnect failed
01-30 07:08:47.045 8067 8067 E ArmVmp : Match on catch block at 0xc3 in for 0xa1
01-30 07:08:47.049 8067 8067 E ArmVmp : Match on catch block at 0xc3 in for 0xa5
01-30 07:08:47.052 8067 8067 E ArmVmp : Match on catch block at 0xc3 in for 0xa5
01-30 07:08:47.984 8067 8155 W libEGL : EGLNativeWindowType 0xb400006fa4767e30
disconnect failed
01-30 07:09:49.768 8067 10771 W Bitmap : Called getByteCount() on a recycle()'d
bitmap! This is undefined behavior!
01-30 07:09:49.768 8067 10771 W Bitmap : Called getByteCount() on a recycle()'d
bitmap! This is undefined behavior!
01-30 07:10:22.997 8067 8155 W libEGL : EGLNativeWindowType 0xb400006fa4763a10
disconnect failed
--------- beginning of system
02-01 19:14:52.657 8067 8067 W ActivityThread: Main thread can not be idle for a
long time.
02-01 19:16:02.324 8067 8067 W ViewRootImpl[PopupWindow:10d195f]: Dropping event
due to root view being removed: MotionEvent { action=ACTION_MOVE, actionButton=0,
id[0]=0, x[0]=-132.0, y[0]=279.0, toolType[0]=TOOL_TYPE_FINGER, buttonState=0,
classification=NONE, metaState=0, flags=0x0, edgeFlags=0x0, pointerCount=1,
historySize=0, eventTime=106550841, downTime=106550832, deviceId=6, source=0x1002,
displayId=0 }
02-02 01:42:48.846 8067 8067 W ActivityThread: Main thread can not be idle for a
long time.
--------- beginning of main
02-02 04:57:07.145 8146 8146 W System.err: java.lang.ClassNotFoundException:
mbmodsd.mbmodsw.ui.views.btn.BtnBK
02-02 04:57:07.146 8146 8146 W System.err: at
java.lang.Runtime.nativeLoad(Native Method)
02-02 04:57:07.146 8146 8146 W System.err: at
java.lang.Runtime.nativeLoad(Runtime.java:1131)
02-02 04:57:07.146 8146 8146 W System.err: at
java.lang.Runtime.loadLibrary0(Runtime.java:1085)
02-02 04:57:07.146 8146 8146 W System.err: at
java.lang.Runtime.loadLibrary0(Runtime.java:1008)
02-02 04:57:07.146 8146 8146 W System.err: at
java.lang.System.loadLibrary(System.java:1664)
02-02 04:57:07.146 8146 8146 W System.err: at arm.EpicVm.<clinit>(Unknown
Source:2)
02-02 04:57:07.146 8146 8146 W System.err: at
java.lang.Class.newInstance(Native Method)
02-02 04:57:07.146 8146 8146 W System.err: at
android.app.AppComponentFactory.instantiateApplication(AppComponentFactory.java:76)
02-02 04:57:07.146 8146 8146 W System.err: at
androidx.core.app.CoreComponentFactory.instantiateApplication(Unknown Source:0)
02-02 04:57:07.146 8146 8146 W System.err: at
android.app.Instrumentation.newApplication(Instrumentation.java:1158)
02-02 04:57:07.146 8146 8146 W System.err: at
android.app.LoadedApk.makeApplication(LoadedApk.java:1271)
02-02 04:57:07.146 8146 8146 W System.err: at
android.app.ActivityThread.handleBindApplication(ActivityThread.java:6884)
02-02 04:57:07.146 8146 8146 W System.err: at
android.app.ActivityThread.access$1300(ActivityThread.java:260)
02-02 04:57:07.146 8146 8146 W System.err: at
android.app.ActivityThread$H.handleMessage(ActivityThread.java:1955)
02-02 04:57:07.146 8146 8146 W System.err: at
android.os.Handler.dispatchMessage(Handler.java:106)
02-02 04:57:07.146 8146 8146 W System.err: at
android.os.Looper.loop(Looper.java:223)
02-02 04:57:07.146 8146 8146 W System.err: at
android.app.ActivityThread.main(ActivityThread.java:7950)
02-02 04:57:07.146 8146 8146 W System.err: at
java.lang.reflect.Method.invoke(Native Method)
02-02 04:57:07.146 8146 8146 W System.err: at
com.android.internal.os.RuntimeInit$MethodAndArgsCaller.run(RuntimeInit.java:603)
02-02 04:57:07.146 8146 8146 W System.err: at
com.android.internal.os.ZygoteInit.main(ZygoteInit.java:947)
02-02 04:57:07.196 8146 8146 E CustomActivityOnCrash: IMPORTANT WARNING! You
already have an UncaughtExceptionHandler, are you sure this is correct? If you use
a custom UncaughtExceptionHandler, you must initialize it AFTER
CustomActivityOnCrash! Installing anyway, but your original handler will not be
called.
02-02 04:57:07.699 8146 8146 W com.mbwhatsapp: Accessing hidden method
Lcom/android/org/conscrypt/OpenSSLSocketImpl;->setUseSessionTickets(Z)V (greylist-
max-q,test-api, reflection, denied)
02-02 04:57:07.699 8146 8146 W com.mbwhatsapp: Accessing hidden method
Lcom/android/org/conscrypt/AbstractConscryptSocket;->setUseSessionTickets(Z)V
(greylist-max-q, reflection, denied)
02-02 04:57:07.763 8146 8146 W com.mbwhatsapp: type=1400 audit(0.0:918109): avc:
granted { execute } for
path="/data/data/com.mbwhatsapp/files/decompressed/libs.spk.zst/libc++_shared.so"
dev="dm-19" ino=55978 scontext=u:r:untrusted_app:s0:c27,c257,c512,c768
tcontext=u:object_r:app_data_file:s0:c27,c257,c512,c768 tclass=file
app=com.mbwhatsapp
02-02 04:57:07.766 8146 8146 W linker : Warning:
"/data/data/com.mbwhatsapp/files/decompressed/libs.spk.zst/libc++_shared.so" unused
DT entry: unknown processor-specific (type 0x70000001 arg 0x0) (ignoring)
02-02 04:57:07.771 8146 8146 W com.mbwhatsapp: type=1400 audit(0.0:918110): avc:
granted { execute } for
path="/data/data/com.mbwhatsapp/files/decompressed/libs.spk.zst/libvlc.so" dev="dm-
19" ino=43455 scontext=u:r:untrusted_app:s0:c27,c257,c512,c768
tcontext=u:object_r:app_data_file:s0:c27,c257,c512,c768 tclass=file
app=com.mbwhatsapp
02-02 04:57:07.779 8146 8146 W com.mbwhatsapp: type=1400 audit(0.0:918111): avc:
granted { execute } for
path="/data/data/com.mbwhatsapp/files/decompressed/libs.spk.zst/libwhatsapp.so"
dev="dm-19" ino=41403 scontext=u:r:untrusted_app:s0:c27,c257,c512,c768
tcontext=u:object_r:app_data_file:s0:c27,c257,c512,c768 tclass=file
app=com.mbwhatsapp
02-02 04:57:07.831 8146 8146 W com.mbwhatsapp: type=1400 audit(0.0:918112): avc:
granted { execute } for
path="/data/data/com.mbwhatsapp/files/decompressed/libs.spk.zst/libcurve25519.so"
dev="dm-19" ino=92115 scontext=u:r:untrusted_app:s0:c27,c257,c512,c768
tcontext=u:object_r:app_data_file:s0:c27,c257,c512,c768 tclass=file
app=com.mbwhatsapp
02-02 04:57:07.851 8146 8146 W com.mbwhatsapp: type=1400 audit(0.0:918113): avc:
granted { execute } for
path="/data/data/com.mbwhatsapp/files/decompressed/libs.spk.zst/libwhatsapp.so"
dev="dm-19" ino=41403 scontext=u:r:untrusted_app:s0:c27,c257,c512,c768
tcontext=u:object_r:app_data_file:s0:c27,c257,c512,c768 tclass=file
app=com.mbwhatsapp
02-02 04:57:07.962 8146 8146 W CheckTime: App running slow: Executing
handleBindApplication : callApplicationOnCreate took 667ms
02-02 04:57:07.971 8146 6075 W com.mbwhatsapp: Class X.2rL failed lock
verification and will run slower.
02-02 04:57:07.971 8146 6075 W com.mbwhatsapp: Common causes for lock
verification issues are non-optimized dex code
02-02 04:57:07.971 8146 6075 W com.mbwhatsapp: and incorrect proguard
optimizations.
02-02 04:57:07.971 8146 8146 W CheckTime: App running slow: Executing
com.google.firebase.iid.FirebaseInstanceIdReceiver scheduleReceive took 1086ms
02-02 04:57:07.971 8146 8146 W ActivityThread: Main thread can not be idle for a
long time.
02-02 04:57:15.874 8146 8160 W com.mbwhatsapp: Reducing the number of considered
missed Gc histogram windows from 11265 to 100
--------- beginning of system
--------- beginning of main
02-02 11:08:04.542 10167 10167 W System.err: java.lang.ClassNotFoundException:
mbmodsd.mbmodsw.ui.views.btn.BtnBK
02-02 11:08:04.543 10167 10167 W System.err: at
java.lang.Runtime.nativeLoad(Native Method)
02-02 11:08:04.543 10167 10167 W System.err: at
java.lang.Runtime.nativeLoad(Runtime.java:1131)
02-02 11:08:04.543 10167 10167 W System.err: at
java.lang.Runtime.loadLibrary0(Runtime.java:1085)
02-02 11:08:04.543 10167 10167 W System.err: at
java.lang.Runtime.loadLibrary0(Runtime.java:1008)
02-02 11:08:04.543 10167 10167 W System.err: at
java.lang.System.loadLibrary(System.java:1664)
02-02 11:08:04.543 10167 10167 W System.err: at arm.EpicVm.<clinit>(Unknown
Source:2)
02-02 11:08:04.543 10167 10167 W System.err: at
java.lang.Class.newInstance(Native Method)
02-02 11:08:04.543 10167 10167 W System.err: at
android.app.AppComponentFactory.instantiateApplication(AppComponentFactory.java:76)
02-02 11:08:04.543 10167 10167 W System.err: at
androidx.core.app.CoreComponentFactory.instantiateApplication(Unknown Source:0)
02-02 11:08:04.543 10167 10167 W System.err: at
android.app.Instrumentation.newApplication(Instrumentation.java:1158)
02-02 11:08:04.543 10167 10167 W System.err: at
android.app.LoadedApk.makeApplication(LoadedApk.java:1271)
02-02 11:08:04.543 10167 10167 W System.err: at
android.app.ActivityThread.handleBindApplication(ActivityThread.java:6884)
02-02 11:08:04.543 10167 10167 W System.err: at
android.app.ActivityThread.access$1300(ActivityThread.java:260)
02-02 11:08:04.543 10167 10167 W System.err: at
android.app.ActivityThread$H.handleMessage(ActivityThread.java:1955)
02-02 11:08:04.543 10167 10167 W System.err: at
android.os.Handler.dispatchMessage(Handler.java:106)
02-02 11:08:04.543 10167 10167 W System.err: at
android.os.Looper.loop(Looper.java:223)
02-02 11:08:04.543 10167 10167 W System.err: at
android.app.ActivityThread.main(ActivityThread.java:7950)
02-02 11:08:04.543 10167 10167 W System.err: at
java.lang.reflect.Method.invoke(Native Method)
02-02 11:08:04.543 10167 10167 W System.err: at
com.android.internal.os.RuntimeInit$MethodAndArgsCaller.run(RuntimeInit.java:603)
02-02 11:08:04.543 10167 10167 W System.err: at
com.android.internal.os.ZygoteInit.main(ZygoteInit.java:947)
02-02 11:08:04.564 10167 10167 E CustomActivityOnCrash: IMPORTANT WARNING! You
already have an UncaughtExceptionHandler, are you sure this is correct? If you use
a custom UncaughtExceptionHandler, you must initialize it AFTER
CustomActivityOnCrash! Installing anyway, but your original handler will not be
called.
02-02 11:08:04.883 10167 10167 W com.mbwhatsapp: Accessing hidden method
Lcom/android/org/conscrypt/OpenSSLSocketImpl;->setUseSessionTickets(Z)V (greylist-
max-q,test-api, reflection, denied)
02-02 11:08:04.883 10167 10167 W com.mbwhatsapp: Accessing hidden method
Lcom/android/org/conscrypt/AbstractConscryptSocket;->setUseSessionTickets(Z)V
(greylist-max-q, reflection, denied)
02-02 11:08:04.920 10167 10167 W com.mbwhatsapp: type=1400 audit(0.0:1034640): avc:
granted { execute } for
path="/data/data/com.mbwhatsapp/files/decompressed/libs.spk.zst/libc++_shared.so"
dev="dm-19" ino=55978 scontext=u:r:untrusted_app:s0:c27,c257,c512,c768
tcontext=u:object_r:app_data_file:s0:c27,c257,c512,c768 tclass=file
app=com.mbwhatsapp
02-02 11:08:04.927 10167 10167 W linker : Warning:
"/data/data/com.mbwhatsapp/files/decompressed/libs.spk.zst/libc++_shared.so" unused
DT entry: unknown processor-specific (type 0x70000001 arg 0x0) (ignoring)
02-02 11:08:04.928 10167 10167 W com.mbwhatsapp: type=1400 audit(0.0:1034641): avc:
granted { execute } for
path="/data/data/com.mbwhatsapp/files/decompressed/libs.spk.zst/libvlc.so" dev="dm-
19" ino=43455 scontext=u:r:untrusted_app:s0:c27,c257,c512,c768
tcontext=u:object_r:app_data_file:s0:c27,c257,c512,c768 tclass=file
app=com.mbwhatsapp
02-02 11:08:04.936 10167 10167 W com.mbwhatsapp: type=1400 audit(0.0:1034642): avc:
granted { execute } for
path="/data/data/com.mbwhatsapp/files/decompressed/libs.spk.zst/libwhatsapp.so"
dev="dm-19" ino=41403 scontext=u:r:untrusted_app:s0:c27,c257,c512,c768
tcontext=u:object_r:app_data_file:s0:c27,c257,c512,c768 tclass=file
app=com.mbwhatsapp
02-02 11:08:04.988 10167 10167 W com.mbwhatsapp: type=1400 audit(0.0:1034643): avc:
granted { execute } for
path="/data/data/com.mbwhatsapp/files/decompressed/libs.spk.zst/libcurve25519.so"
dev="dm-19" ino=92115 scontext=u:r:untrusted_app:s0:c27,c257,c512,c768
tcontext=u:object_r:app_data_file:s0:c27,c257,c512,c768 tclass=file
app=com.mbwhatsapp
02-02 11:08:05.000 10167 10167 W com.mbwhatsapp: type=1400 audit(0.0:1034644): avc:
granted { execute } for
path="/data/data/com.mbwhatsapp/files/decompressed/libs.spk.zst/libwhatsapp.so"
dev="dm-19" ino=41403 scontext=u:r:untrusted_app:s0:c27,c257,c512,c768
tcontext=u:object_r:app_data_file:s0:c27,c257,c512,c768 tclass=file
app=com.mbwhatsapp
02-02 11:08:05.000 10167 10167 W com.mbwhatsapp: type=1400 audit(0.0:1034645): avc:
granted { execute } for
path="/data/data/com.mbwhatsapp/files/decompressed/libs.spk.zst/libwhatsapp.so"
dev="dm-19" ino=41403 scontext=u:r:untrusted_app:s0:c27,c257,c512,c768
tcontext=u:object_r:app_data_file:s0:c27,c257,c512,c768 tclass=file
app=com.mbwhatsapp
02-02 11:08:05.000 10167 10167 W com.mbwhatsapp: type=1400 audit(0.0:1034646): avc:
granted { execute } for
path="/data/data/com.mbwhatsapp/files/decompressed/libs.spk.zst/libwhatsapp.so"
