02-02 11:56:50.935 19294 19294 E ArmVmp : Match on catch block at 0xc3 in for 0xa5
02-02 11:56:50.940 19294 19294 E ArmVmp : Match on catch block at 0xc3 in for 0xa9
02-02 11:56:50.942 19294 19294 E ArmVmp : Match on catch block at 0xc3 in for 0xa9
02-02 11:56:50.951 19294 19294 E ArmVmp : Match on catch block at 0xc3 in for 0xa1
02-02 11:56:50.956 19294 19294 E ArmVmp : Match on catch block at 0xc3 in for 0xa5
02-02 11:56:50.958 19294 19294 E ArmVmp : Match on catch block at 0xc3 in for 0xa5
02-02 11:56:50.968 19294 19294 E ArmVmp : Match on catch block at 0xc3 in for 0xa9
02-02 11:56:50.972 19294 19294 E ArmVmp : Match on catch block at 0xc3 in for 0xa1
02-02 11:56:50.974 19294 19294 E ArmVmp : Match on catch block at 0xc3 in for 0xa1
02-02 11:56:50.984 19294 19294 E ArmVmp : Match on catch block at 0xc3 in for 0xa5
02-02 11:56:50.988 19294 19294 E ArmVmp : Match on catch block at 0xc3 in for 0xa9
02-02 11:56:50.990 19294 19294 E ArmVmp : Match on catch block at 0xc3 in for 0xa9
02-02 11:56:51.002 19294 19294 E ArmVmp : Match on catch block at 0xc3 in for 0xa1
02-02 11:56:51.006 19294 19294 E ArmVmp : Match on catch block at 0xc3 in for 0xa5
02-02 11:56:51.008 19294 19294 E ArmVmp : Match on catch block at 0xc3 in for 0xa5
02-02 11:56:51.018 19294 19294 E ArmVmp : Match on catch block at 0xc3 in for 0xa9
02-02 11:56:51.022 19294 19294 E ArmVmp : Match on catch block at 0xc3 in for 0xa1
02-02 11:56:51.025 19294 19294 E ArmVmp : Match on catch block at 0xc3 in for 0xa1
02-02 11:56:51.035 19294 19294 E ArmVmp : Match on catch block at 0xc3 in for 0xa5
02-02 11:56:51.039 19294 19294 E ArmVmp : Match on catch block at 0xc3 in for 0xa9
02-02 11:56:51.041 19294 19294 E ArmVmp : Match on catch block at 0xc3 in for 0xa9
02-02 11:56:51.051 19294 19294 E ArmVmp : Match on catch block at 0xc3 in for 0xa1
02-02 11:56:51.055 19294 19294 E ArmVmp : Match on catch block at 0xc3 in for 0xa5
02-02 11:56:51.057 19294 19294 E ArmVmp : Match on catch block at 0xc3 in for 0xa5
02-02 11:56:51.200 19294 19294 E ArmVmp : Match on catch block at 0xc3 in for 0xa9
02-02 11:56:51.205 19294 19294 E ArmVmp : Match on catch block at 0xc3 in for 0xa1
02-02 11:56:51.208 19294 19294 E ArmVmp : Match on catch block at 0xc3 in for 0xa1
02-02 11:56:51.532 19294 20658 W libEGL : EGLNativeWindowType 0xb400006fa46c1d50
disconnect failed
02-02 11:56:51.550 19294 19294 E ArmVmp : Match on catch block at 0xc3 in for 0xa1
02-02 11:56:51.554 19294 19294 E ArmVmp : Match on catch block at 0xc3 in for 0xa5
02-02 11:56:51.557 19294 19294 E ArmVmp : Match on catch block at 0xc3 in for 0xa5
02-02 11:56:51.880 19294 19294 E ArmVmp : Match on catch block at 0xc3 in for 0xa9
02-02 11:56:51.883 19294 19294 E ArmVmp : Match on catch block at 0xc3 in for 0xa1
02-02 11:56:51.885 19294 19294 E ArmVmp : Match on catch block at 0xc3 in for 0xa1
02-02 11:56:51.946 19294 19294 E ArmVmp : Match on catch block at 0xc3 in for 0xa5
02-02 11:56:51.949 19294 19294 E ArmVmp : Match on catch block at 0xc3 in for 0xa9
02-02 11:56:51.951 19294 19294 E ArmVmp : Match on catch block at 0xc3 in for 0xa9
02-02 11:56:52.178 19294 19294 E ArmVmp : Match on catch block at 0xc3 in for 0xa1
02-02 11:56:52.182 19294 19294 E ArmVmp : Match on catch block at 0xc3 in for 0xa5
02-02 11:56:52.187 19294 19294 E ArmVmp : Match on catch block at 0xc3 in for 0xa5
02-02 11:56:52.344 19294 19294 E ArmVmp : Match on catch block at 0xc3 in for 0xa9
02-02 11:56:52.347 19294 19294 E ArmVmp : Match on catch block at 0xc3 in for 0xa1
02-02 11:56:52.349 19294 19294 E ArmVmp : Match on catch block at 0xc3 in for 0xa1
02-02 11:56:52.493 19294 19294 E ArmVmp : Match on catch block at 0xc3 in for 0xa5
02-02 11:56:52.495 19294 19294 E ArmVmp : Match on catch block at 0xc3 in for 0xa9
02-02 11:56:52.498 19294 19294 E ArmVmp : Match on catch block at 0xc3 in for 0xa9
02-02 11:56:52.659 19294 19294 E ArmVmp : Match on catch block at 0xc3 in for 0xa1
02-02 11:56:52.663 19294 19294 E ArmVmp : Match on catch block at 0xc3 in for 0xa5
02-02 11:56:52.667 19294 19294 E ArmVmp : Match on catch block at 0xc3 in for 0xa5
02-02 11:56:53.172 19294 19294 E ArmVmp : Match on catch block at 0xc3 in for 0xa9
02-02 11:56:53.175 19294 19294 E ArmVmp : Match on catch block at 0xc3 in for 0xa1
02-02 11:56:53.177 19294 19294 E ArmVmp : Match on catch block at 0xc3 in for 0xa1
02-02 11:56:53.239 19294 19294 E ArmVmp : Match on catch block at 0xc3 in for 0xa5
02-02 11:56:53.246 19294 19294 E ArmVmp : Match on catch block at 0xc3 in for 0xa9
02-02 11:56:53.248 19294 19294 E ArmVmp : Match on catch block at 0xc3 in for 0xa9
02-02 11:56:53.487 19294 19294 E ArmVmp : Match on catch block at 0xc3 in for 0xa1
02-02 11:56:53.490 19294 19294 E ArmVmp : Match on catch block at 0xc3 in for 0xa5
02-02 11:56:53.492 19294 19294 E ArmVmp : Match on catch block at 0xc3 in for 0xa5
02-02 11:56:53.984 19294 19294 E ArmVmp : Match on catch block at 0xc3 in for 0xa9
02-02 11:56:53.988 19294 19294 E ArmVmp : Match on catch block at 0xc3 in for 0xa1
02-02 11:56:53.990 19294 19294 E ArmVmp : Match on catch block at 0xc3 in for 0xa1
02-02 11:56:54.482 19294 19294 E ArmVmp : Match on catch block at 0xc3 in for 0xa5
02-02 11:56:54.486 19294 19294 E ArmVmp : Match on catch block at 0xc3 in for 0xa9
02-02 11:56:54.488 19294 19294 E ArmVmp : Match on catch block at 0xc3 in for 0xa9
02-02 11:56:54.800 19294 19294 E ArmVmp : Match on catch block at 0xc3 in for 0xa9
02-02 11:56:54.804 19294 19294 E ArmVmp : Match on catch block at 0xc3 in for 0xa1
02-02 11:56:54.808 19294 19294 E ArmVmp : Match on catch block at 0xc3 in for 0xa1
02-02 11:56:54.845 19294 19294 E ArmVmp : Match on catch block at 0xc3 in for 0xa5
02-02 11:56:54.849 19294 19294 E ArmVmp : Match on catch block at 0xc3 in for 0xa9
02-02 11:56:54.864 19294 19294 E ArmVmp : Match on catch block at 0xc3 in for 0xa9
02-02 11:56:54.867 19294 19294 E ArmVmp : Match on catch block at 0xc3 in for 0xa1
02-02 11:56:54.874 19294 19294 E ArmVmp : Match on catch block at 0xc3 in for 0xa9
02-02 11:56:54.876 19294 19294 E ArmVmp : Match on catch block at 0xc3 in for 0xa1
02-02 11:56:54.913 19294 19294 E ArmVmp : Match on catch block at 0xc3 in for 0xa1
02-02 11:56:54.916 19294 19294 E ArmVmp : Match on catch block at 0xc3 in for 0xa5
02-02 11:56:54.933 19294 19294 E ArmVmp : Match on catch block at 0xc3 in for 0xa9
02-02 11:56:54.937 19294 19294 E ArmVmp : Match on catch block at 0xc3 in for 0xa1
02-02 11:56:54.944 19294 19294 E ArmVmp : Match on catch block at 0xc3 in for 0xa9
02-02 11:56:54.948 19294 19294 E ArmVmp : Match on catch block at 0xc3 in for 0xa1
02-02 11:56:54.962 19294 19294 E ArmVmp : Match on catch block at 0xc3 in for 0xa9
02-02 11:56:54.965 19294 19294 E ArmVmp : Match on catch block at 0xc3 in for 0xa1
02-02 11:56:54.978 19294 19294 E ArmVmp : Match on catch block at 0xc3 in for 0xa9
02-02 11:56:54.981 19294 19294 E ArmVmp : Match on catch block at 0xc3 in for 0xa1
02-02 11:56:54.995 19294 19294 E ArmVmp : Match on catch block at 0xc3 in for 0xa9
02-02 11:56:54.998 19294 19294 E ArmVmp : Match on catch block at 0xc3 in for 0xa1
02-02 11:56:55.011 19294 19294 E ArmVmp : Match on catch block at 0xc3 in for 0xa9
02-02 11:56:55.017 19294 19294 E ArmVmp : Match on catch block at 0xc3 in for 0xa1
02-02 11:56:55.028 19294 19294 E ArmVmp : Match on catch block at 0xc3 in for 0xa9
02-02 11:56:55.032 19294 19294 E ArmVmp : Match on catch block at 0xc3 in for 0xa1
02-02 11:56:55.201 19294 19294 E ArmVmp : Match on catch block at 0xc3 in for 0xa9
02-02 11:56:55.205 19294 19294 E ArmVmp : Match on catch block at 0xc3 in for 0xa1
02-02 11:56:55.211 19294 19294 E ArmVmp : Match on catch block at 0xc3 in for 0xa5
02-02 11:56:55.214 19294 19294 E ArmVmp : Match on catch block at 0xc3 in for 0xa9
02-02 11:56:55.216 19294 20694 W MediaPlayer: Use of stream types is deprecated for
operations other than volume control
02-02 11:56:55.216 19294 20694 W MediaPlayer: See the documentation of
setAudioStreamType() for what to use instead with android.media.AudioAttributes to
qualify your playback use case
02-02 11:56:55.343 19294 19294 E ArmVmp : Match on catch block at 0xc3 in for 0xa5
02-02 11:56:55.348 19294 19294 E ArmVmp : Match on catch block at 0xc3 in for 0xa9
02-02 11:56:55.430 19294 19294 E ArmVmp : Match on catch block at 0xc3 in for 0xa1
02-02 11:56:55.434 19294 19294 E ArmVmp : Match on catch block at 0xc3 in for 0xa5
02-02 11:56:55.446 19294 19294 E ArmVmp : Match on catch block at 0xc3 in for 0xa5
02-02 11:56:55.449 19294 19294 E ArmVmp : Match on catch block at 0xc3 in for 0xa9
02-02 11:56:55.459 19294 19294 E ArmVmp : Match on catch block at 0xc3 in for 0xa1
02-02 11:56:55.462 19294 19294 E ArmVmp : Match on catch block at 0xc3 in for 0xa5
02-02 11:56:55.841 19294 19294 E ArmVmp : Match on catch block at 0xc3 in for 0xa1
02-02 11:56:55.845 19294 19294 E ArmVmp : Match on catch block at 0xc3 in for 0xa5
02-02 11:56:56.338 19294 19294 E ArmVmp : Match on catch block at 0xc3 in for 0xa1
02-02 11:56:56.343 19294 19294 E ArmVmp : Match on catch block at 0xc3 in for 0xa5
02-02 11:56:56.578 19294 19294 E ArmVmp : Match on catch block at 0xc3 in for 0xa5
02-02 11:56:56.581 19294 19294 E ArmVmp : Match on catch block at 0xc3 in for 0xa9
02-02 11:56:56.590 19294 19294 E ArmVmp : Match on catch block at 0xc3 in for 0xa5
02-02 11:56:56.593 19294 19294 E ArmVmp : Match on catch block at 0xc3 in for 0xa9
02-02 11:56:56.688 19294 19294 E ArmVmp : Match on catch block at 0xc3 in for 0xa1
02-02 11:56:56.691 19294 19294 E ArmVmp : Match on catch block at 0xc3 in for 0xa5
02-02 11:56:56.702 19294 19294 E ArmVmp : Match on catch block at 0xc3 in for 0xa1
02-02 11:56:56.705 19294 19294 E ArmVmp : Match on catch block at 0xc3 in for 0xa5
02-02 11:56:56.738 19294 19294 E ArmVmp : Match on catch block at 0xc3 in for 0xa9
02-02 11:56:56.741 19294 19294 E ArmVmp : Match on catch block at 0xc3 in for 0xa1
02-02 11:56:56.823 19294 19294 W com.mbwhatsapp: Class com.mbwhatsapp.HomeActivity
failed lock verification and will run slower.
02-02 11:56:57.035 19294 19294 E ArmVmp : Match on catch block at 0x0a in for 0xc1
02-02 11:56:57.052 19294 19294 E ArmVmp : Match on catch block at 0x0a in for
0x139
02-02 11:56:57.160 19294 19498 E ArmVmp : No matching catch block at 0x07
02-02 11:56:57.160 19294 19498 E ArmVmp : Match on catch block at 0x02 in for 0x21
02-02 11:56:57.162 19294 19498 W System.err: java.net.ConnectException: Failed to
connect to pastebin.com/127.0.0.1:443
02-02 11:56:57.162 19294 19498 W System.err:
02-02 11:56:57.166 19294 19498 W System.err: at
com.android.okhttp.internal.io.RealConnection.connectSocket(RealConnection.java:147
)
02-02 11:56:57.166 19294 19498 W System.err:
02-02 11:56:57.166 19294 19498 W System.err: at
com.android.okhttp.internal.io.RealConnection.connect(RealConnection.java:116)
02-02 11:56:57.166 19294 19498 W System.err:
02-02 11:56:57.167 19294 19498 W System.err: at
com.android.okhttp.internal.http.StreamAllocation.findConnection(StreamAllocation.j
ava:186)
02-02 11:56:57.167 19294 19498 W System.err:
02-02 11:56:57.167 19294 19498 W System.err: at
com.android.okhttp.internal.http.StreamAllocation.findHealthyConnection(StreamAlloc
ation.java:128)
02-02 11:56:57.167 19294 19498 W System.err:
02-02 11:56:57.167 19294 19498 W System.err: at
com.android.okhttp.internal.http.StreamAllocation.newStream(StreamAllocation.java:9
7)
02-02 11:56:57.167 19294 19498 W System.err:
02-02 11:56:57.167 19294 19498 W System.err: at
com.android.okhttp.internal.http.HttpEngine.connect(HttpEngine.java:289)
02-02 11:56:57.167 19294 19498 W System.err:
02-02 11:56:57.167 19294 19498 W System.err: at
com.android.okhttp.internal.http.HttpEngine.sendRequest(HttpEngine.java:232)
02-02 11:56:57.167 19294 19498 W System.err:
02-02 11:56:57.168 19294 19498 W System.err: at
com.android.okhttp.internal.huc.HttpURLConnectionImpl.execute(HttpURLConnectionImpl
.java:465)
02-02 11:56:57.168 19294 19498 W System.err:
02-02 11:56:57.168 19294 19498 W System.err: at
com.android.okhttp.internal.huc.HttpURLConnectionImpl.getResponse(HttpURLConnection
Impl.java:411)
02-02 11:56:57.168 19294 19498 W System.err:
02-02 11:56:57.168 19294 19498 W System.err: at
com.android.okhttp.internal.huc.HttpURLConnectionImpl.getInputStream(HttpURLConnect
ionImpl.java:248)
02-02 11:56:57.168 19294 19498 W System.err:
02-02 11:56:57.168 19294 19498 W System.err: at
com.android.okhttp.internal.huc.DelegatingHttpsURLConnection.getInputStream(Delegat
ingHttpsURLConnection.java:211)
02-02 11:56:57.168 19294 19498 W System.err:
02-02 11:56:57.168 19294 19498 W System.err: at
com.android.okhttp.internal.huc.HttpsURLConnectionImpl.getInputStream(HttpsURLConne
ctionImpl.java:30)
02-02 11:56:57.169 19294 19498 W System.err:
02-02 11:56:57.169 19294 19498 W System.err: at
java.net.URL.openStream(URL.java:1072)
02-02 11:56:57.169 19294 19498 W System.err:
02-02 11:56:57.169 19294 19498 W System.err: at
mbmodsd.mbmodsw.mbdialog.MBDialogMan.loadJsonFromUrl(Native Method)
02-02 11:56:57.169 19294 19498 W System.err:
02-02 11:56:57.169 19294 19498 W System.err: at
mbmodsd.mbmodsw.mbdialog.MBDialogMan.access$000(Native Method)
02-02 11:56:57.169 19294 19498 W System.err:
02-02 11:56:57.170 19294 19498 W System.err: at
mbmodsd.mbmodsw.mbdialog.MBDialogMan$FetchJsonTask.doInBackground(Native Method)
02-02 11:56:57.170 19294 19498 W System.err:
02-02 11:56:57.170 19294 19498 W System.err: at
mbmodsd.mbmodsw.mbdialog.MBDialogMan$FetchJsonTask.doInBackground(Native Method)
02-02 11:56:57.170 19294 19498 W System.err:
02-02 11:56:57.170 19294 19498 W System.err: at
android.os.AsyncTask$3.call(AsyncTask.java:394)
02-02 11:56:57.170 19294 19498 W System.err:
02-02 11:56:57.170 19294 19498 W System.err: at
java.util.concurrent.FutureTask.run(FutureTask.java:266)
02-02 11:56:57.170 19294 19498 W System.err:
02-02 11:56:57.170 19294 19498 W System.err: at
android.os.AsyncTask$SerialExecutor$1.run(AsyncTask.java:305)
02-02 11:56:57.170 19294 19498 W System.err:
02-02 11:56:57.171 19294 19498 W System.err: at
java.util.concurrent.ThreadPoolExecutor.runWorker(ThreadPoolExecutor.java:1167)
02-02 11:56:57.171 19294 19498 W System.err:
02-02 11:56:57.171 19294 19498 W System.err: at
java.util.concurrent.ThreadPoolExecutor$Worker.run(ThreadPoolExecutor.java:641)
02-02 11:56:57.171 19294 19498 W System.err:
02-02 11:56:57.171 19294 19498 W System.err: at
java.lang.Thread.run(Thread.java:923)
02-02 11:56:57.171 19294 19498 W System.err:
02-02 11:56:57.261 19294 21044 W com.mbwhatsapp: Accessing hidden method
Lcom/android/org/conscrypt/ConscryptEngineSocket;->setUseSessionTickets(Z)V
(greylist-max-q,test-api, reflection, denied)
02-02 11:56:57.261 19294 21044 W com.mbwhatsapp: Accessing hidden method
Lcom/android/org/conscrypt/OpenSSLSocketImpl;->setUseSessionTickets(Z)V (greylist-
max-q,test-api, reflection, denied)
02-02 11:56:57.261 19294 21044 W com.mbwhatsapp: Accessing hidden method
Lcom/android/org/conscrypt/AbstractConscryptSocket;->setUseSessionTickets(Z)V
(greylist-max-q, reflection, denied)
02-02 11:56:57.261 19294 21044 W com.mbwhatsapp: Accessing hidden method
Lcom/android/org/conscrypt/ConscryptEngineSocket;->setHostname(Ljava/lang/String;)V
(greylist-max-q,test-api, reflection, denied)
02-02 11:56:57.261 19294 21044 W com.mbwhatsapp: Accessing hidden method
Lcom/android/org/conscrypt/OpenSSLSocketImpl;->setHostname(Ljava/lang/String;)V
(greylist-max-q,test-api, reflection, denied)
02-02 11:56:57.261 19294 21044 W com.mbwhatsapp: Accessing hidden method
Lcom/android/org/conscrypt/AbstractConscryptSocket;->setHostname(Ljava/lang/
String;)V (greylist-max-q, reflection, denied)
02-02 11:56:57.261 19294 21044 W com.mbwhatsapp: Accessing hidden method
Lcom/android/org/conscrypt/OpenSSLSocketImpl;->setAlpnProtocols([B)V (greylist-max-
q,test-api, reflection, denied)
02-02 11:56:57.261 19294 21044 W com.mbwhatsapp: Accessing hidden method
Lcom/android/org/conscrypt/AbstractConscryptSocket;->setAlpnProtocols([B)V
(greylist-max-q, reflection, denied)
02-02 11:56:57.501 19294 21044 W com.mbwhatsapp: Accessing hidden method
Lcom/android/org/conscrypt/OpenSSLSocketImpl;->getAlpnSelectedProtocol()[B
(greylist-max-q,test-api, reflection, denied)
02-02 11:56:57.501 19294 21044 W com.mbwhatsapp: Accessing hidden method
Lcom/android/org/conscrypt/AbstractConscryptSocket;->getAlpnSelectedProtocol()[B
(greylist-max-q, reflection, denied)
02-02 11:56:57.717 19294 19294 E RecyclerView: No adapter attached; skipping layout
02-02 11:56:57.769 19294 19294 E ArmVmp : Match on catch block at 0xc3 in for 0xa5
02-02 11:56:57.772 19294 19294 E ArmVmp : Match on catch block at 0xc3 in for 0xa9
02-02 11:56:57.823 19294 19294 E RecyclerView: No adapter attached; skipping layout
02-02 11:56:57.965 19294 19294 E ArmVmp : Match on catch block at 0x0a in for 0xd1
02-02 11:56:57.992 19294 20658 W libEGL : EGLNativeWindowType 0xb400006fa46c6170
disconnect failed
02-02 11:56:58.015 19294 20658 W libEGL : EGLNativeWindowType 0xb400006fa45fdf90
disconnect failed
02-02 11:56:58.025 19294 19294 E ArmVmp : Match on catch block at 0xc3 in for 0xa9
02-02 11:56:58.028 19294 19294 E ArmVmp : Match on catch block at 0xc3 in for 0xa1
02-02 11:56:58.180 19294 21089 W LOTTIE : Animation contains merge paths. Merge
paths are only supported on KitKat+ and must be manually enabled by calling
enableMergePathsForKitKatAndAbove().
02-02 11:56:58.364 19294 19294 W LOTTIE : Animation contains merge paths but they
are disabled.
02-02 11:56:58.432 19294 20658 W libEGL : EGLNativeWindowType 0xb400006fa46ea480
disconnect failed
02-02 11:56:58.743 19294 20658 W libEGL : EGLNativeWindowType 0xb400006fa46ea480
disconnect failed
02-02 11:56:58.776 19294 20658 W libEGL : EGLNativeWindowType 0xb400006fa46ea480
disconnect failed
02-02 11:56:58.790 19294 20658 W libEGL : EGLNativeWindowType 0xb400006fa46ea480
disconnect failed
02-02 11:56:58.817 19294 20658 W libEGL : EGLNativeWindowType 0xb400006fa46ea480
disconnect failed
02-02 11:56:58.852 19294 20658 W libEGL : EGLNativeWindowType 0xb400006fa46ea480
disconnect failed
02-02 11:56:58.884 19294 20658 W libEGL : EGLNativeWindowType 0xb400006fa46ea480
disconnect failed
02-02 11:56:58.908 19294 20658 W libEGL : EGLNativeWindowType 0xb400006fa46ea480
disconnect failed
02-02 11:56:58.953 19294 20658 W libEGL : EGLNativeWindowType 0xb400006fa46ea480
disconnect failed
02-02 11:56:58.978 19294 20658 W libEGL : EGLNativeWindowType 0xb400006fa46ea480
disconnect failed
02-02 11:56:59.035 19294 20658 W libEGL : EGLNativeWindowType 0xb400006fa46ea480
disconnect failed
02-02 11:56:59.946 19294 20658 W libEGL : EGLNativeWindowType 0xb400006fa46ea480
disconnect failed
02-02 11:57:00.391 19294 19294 E ArmVmp : Match on catch block at 0x0a in for 0xc5
02-02 11:57:00.393 19294 19294 E ArmVmp : Match on catch block at 0x0a in for 0xc1
02-02 11:57:00.597 19294 19294 E ArmVmp : Match on catch block at 0xc3 in for 0xb1
02-02 11:57:00.603 19294 19294 E ArmVmp : Match on catch block at 0xc3 in for 0xb1
02-02 11:57:00.644 19294 19294 E ArmVmp : Match on catch block at 0xc3 in for 0xa5
02-02 11:57:00.647 19294 19294 E ArmVmp : Match on catch block at 0xc3 in for 0xa9
02-02 11:57:00.650 19294 19294 E ArmVmp : Match on catch block at 0xc3 in for 0xa9
02-02 11:57:00.682 19294 19294 E ArmVmp : Match on catch block at 0xc3 in for 0xa1
02-02 11:57:00.685 19294 19294 E ArmVmp : Match on catch block at 0xc3 in for 0xa5
02-02 11:57:00.687 19294 19294 E ArmVmp : Match on catch block at 0xc3 in for 0xa5
02-02 11:57:00.711 19294 19294 E ArmVmp : Match on catch block at 0xc3 in for 0xa9
02-02 11:57:00.717 19294 19294 E ArmVmp : Match on catch block at 0xc3 in for 0xa1
02-02 11:57:00.719 19294 19294 E ArmVmp : Match on catch block at 0xc3 in for 0xa1
02-02 11:57:00.736 19294 19294 E ArmVmp : Match on catch block at 0xc3 in for 0xa1
02-02 11:57:00.739 19294 19294 E ArmVmp : Match on catch block at 0xc3 in for 0xa5
02-02 11:57:00.741 19294 19294 E ArmVmp : Match on catch block at 0xc3 in for 0xa5
02-02 11:57:00.756 19294 19294 E ArmVmp : Match on catch block at 0xc3 in for 0xa1
02-02 11:57:00.759 19294 19294 E ArmVmp : Match on catch block at 0xc3 in for 0xa5
02-02 11:57:00.761 19294 19294 E ArmVmp : Match on catch block at 0xc3 in for 0xa5
02-02 11:57:01.071 19294 20658 W libEGL : EGLNativeWindowType 0xb400006fa46e6060
disconnect failed
02-02 11:57:01.211 19294 19294 E ArmVmp : Match on catch block at 0xc3 in for 0xa5
02-02 11:57:01.213 19294 19294 E ArmVmp : Match on catch block at 0xc3 in for 0xa9
02-02 11:57:01.215 19294 19294 E ArmVmp : Match on catch block at 0xc3 in for 0xa9
02-02 11:57:01.227 19294 19294 E ArmVmp : Match on catch block at 0xc3 in for 0xa1
02-02 11:57:01.230 19294 19294 E ArmVmp : Match on catch block at 0xc3 in for 0xa5
02-02 11:57:01.243 19294 19294 E ArmVmp : Match on catch block at 0xc3 in for 0xa5
02-02 11:57:01.247 19294 19294 E ArmVmp : Match on catch block at 0xc3 in for 0xa9
02-02 11:57:01.249 19294 19294 E ArmVmp : Match on catch block at 0xc3 in for 0xa9
02-02 11:57:01.260 19294 19294 E ArmVmp : Match on catch block at 0xc3 in for 0xa5
02-02 11:57:01.263 19294 19294 E ArmVmp : Match on catch block at 0xc3 in for 0xa9
02-02 11:57:01.265 19294 19294 E ArmVmp : Match on catch block at 0xc3 in for 0xa9
02-02 11:57:01.277 19294 19294 E ArmVmp : Match on catch block at 0xc3 in for 0xa5
02-02 11:57:01.280 19294 19294 E ArmVmp : Match on catch block at 0xc3 in for 0xa9
02-02 11:57:01.283 19294 19294 E ArmVmp : Match on catch block at 0xc3 in for 0xa9
02-02 11:57:01.293 19294 19294 E ArmVmp : Match on catch block at 0xc3 in for 0xa5
02-02 11:57:01.296 19294 19294 E ArmVmp : Match on catch block at 0xc3 in for 0xa9
02-02 11:57:01.299 19294 19294 E ArmVmp : Match on catch block at 0xc3 in for 0xa9
02-02 11:57:01.309 19294 19294 E ArmVmp : Match on catch block at 0xc3 in for 0xa9
02-02 11:57:01.314 19294 19294 E ArmVmp : Match on catch block at 0xc3 in for 0xa1
02-02 11:57:01.316 19294 19294 E ArmVmp : Match on catch block at 0xc3 in for 0xa1
02-02 11:57:01.326 19294 19294 E ArmVmp : Match on catch block at 0xc3 in for 0xa9
02-02 11:57:01.330 19294 19294 E ArmVmp : Match on catch block at 0xc3 in for 0xa1
02-02 11:57:01.332 19294 19294 E ArmVmp : Match on catch block at 0xc3 in for 0xa1
02-02 11:57:01.354 19294 19294 E ArmVmp : Match on catch block at 0xc3 in for 0xa9
02-02 11:57:01.358 19294 19294 E ArmVmp : Match on catch block at 0xc3 in for 0xa1
02-02 11:57:01.360 19294 19294 E ArmVmp : Match on catch block at 0xc3 in for 0xa1
02-02 11:57:01.367 19294 19294 E ArmVmp : Match on catch block at 0xc3 in for 0xa5
02-02 11:57:01.370 19294 19294 E ArmVmp : Match on catch block at 0xc3 in for 0xa9
02-02 11:57:01.372 19294 19294 E ArmVmp : Match on catch block at 0xc3 in for 0xa9
02-02 11:57:01.381 19294 19294 E ArmVmp : Match on catch block at 0xc3 in for 0xa1
02-02 11:57:01.384 19294 19294 E ArmVmp : Match on catch block at 0xc3 in for 0xa5
02-02 11:57:01.386 19294 19294 E ArmVmp : Match on catch block at 0xc3 in for 0xa5
02-02 11:57:01.405 19294 19294 E ArmVmp : Match on catch block at 0xc3 in for 0xa5
02-02 11:57:01.408 19294 19294 E ArmVmp : Match on catch block at 0xc3 in for 0xa9
02-02 11:57:01.411 19294 19294 E ArmVmp : Match on catch block at 0xc3 in for 0xa9
02-02 11:57:01.424 19294 19294 E ArmVmp : Match on catch block at 0xc3 in for 0xa1
02-02 11:57:01.424 19294 20658 W libEGL : EGLNativeWindowType 0xb400006fa4723c30
disconnect failed
02-02 11:57:01.427 19294 19294 E ArmVmp : Match on catch block at 0xc3 in for 0xa5
02-02 11:57:01.428 19294 19294 E ArmVmp : Match on catch block at 0xc3 in for 0xa5
02-02 11:57:01.442 19294 19294 E ArmVmp : Match on catch block at 0xc3 in for 0xa9
02-02 11:57:01.445 19294 19294 E ArmVmp : Match on catch block at 0xc3 in for 0xa1
02-02 11:57:01.448 19294 19294 E ArmVmp : Match on catch block at 0xc3 in for 0xa1
02-02 11:57:01.459 19294 19294 E ArmVmp : Match on catch block at 0xc3 in for 0xa5
02-02 11:57:01.462 19294 19294 E ArmVmp : Match on catch block at 0xc3 in for 0xa9
02-02 11:57:01.464 19294 19294 E ArmVmp : Match on catch block at 0xc3 in for 0xa9
02-02 11:57:01.475 19294 19294 E ArmVmp : Match on catch block at 0xc3 in for 0xa1
02-02 11:57:01.478 19294 19294 E ArmVmp : Match on catch block at 0xc3 in for 0xa5
02-02 11:57:01.480 19294 19294 E ArmVmp : Match on catch block at 0xc3 in for 0xa5
02-02 11:57:01.491 19294 19294 E ArmVmp : Match on catch block at 0xc3 in for 0xa9
02-02 11:57:01.494 19294 19294 E ArmVmp : Match on catch block at 0xc3 in for 0xa1
02-02 11:57:01.497 19294 19294 E ArmVmp : Match on catch block at 0xc3 in for 0xa1
02-02 11:57:01.508 19294 19294 E ArmVmp : Match on catch block at 0xc3 in for 0xa5
02-02 11:57:01.511 19294 19294 E ArmVmp : Match on catch block at 0xc3 in for 0xa9
02-02 11:57:01.514 19294 19294 E ArmVmp : Match on catch block at 0xc3 in for 0xa9
02-02 11:57:01.525 19294 19294 E ArmVmp : Match on catch block at 0xc3 in for 0xa1
02-02 11:57:01.528 19294 19294 E ArmVmp : Match on catch block at 0xc3 in for 0xa5
02-02 11:57:01.531 19294 19294 E ArmVmp : Match on catch block at 0xc3 in for 0xa5
02-02 11:57:01.542 19294 19294 E ArmVmp : Match on catch block at 0xc3 in for 0xa9
02-02 11:57:01.545 19294 19294 E ArmVmp : Match on catch block at 0xc3 in for 0xa1
02-02 11:57:01.548 19294 19294 E ArmVmp : Match on catch block at 0xc3 in for 0xa1
02-02 11:57:01.707 19294 19294 E ArmVmp : Match on catch block at 0xc3 in for 0xa5
02-02 11:57:01.711 19294 19294 E ArmVmp : Match on catch block at 0xc3 in for 0xa9
02-02 11:57:01.713 19294 19294 E ArmVmp : Match on catch block at 0xc3 in for 0xa9
02-02 11:57:01.955 19294 20658 W libEGL : EGLNativeWindowType 0xb400006fa46ea480
disconnect failed
02-02 11:57:02.223 19294 19294 E ArmVmp : Match on catch block at 0xc3 in for 0xa9
02-02 11:57:02.227 19294 19294 E ArmVmp : Match on catch block at 0xc3 in for 0xa1
02-02 11:57:02.230 19294 19294 E ArmVmp : Match on catch block at 0xc3 in for 0xa1
02-02 11:57:02.260 19294 19294 E ArmVmp : Match on catch block at 0xc3 in for 0xa5
02-02 11:57:02.264 19294 19294 E ArmVmp : Match on catch block at 0xc3 in for 0xa9
02-02 11:57:02.267 19294 19294 E ArmVmp : Match on catch block at 0xc3 in for 0xa9
02-02 11:57:02.279 19294 19294 E ArmVmp : Match on catch block at 0xc3 in for 0xa1
02-02 11:57:02.284 19294 19294 E ArmVmp : Match on catch block at 0xc3 in for 0xa5
02-02 11:57:02.288 19294 19294 E ArmVmp : Match on catch block at 0xc3 in for 0xa5
02-02 11:57:02.301 19294 19294 E ArmVmp : Match on catch block at 0xc3 in for 0xa9
02-02 11:57:02.305 19294 19294 E ArmVmp : Match on catch block at 0xc3 in for 0xa1
02-02 11:57:02.309 19294 19294 E ArmVmp : Match on catch block at 0xc3 in for 0xa1
02-02 11:57:02.320 19294 19294 E ArmVmp : Match on catch block at 0xc3 in for 0xa5
02-02 11:57:02.324 19294 19294 E ArmVmp : Match on catch block at 0xc3 in for 0xa9
02-02 11:57:02.327 19294 19294 E ArmVmp : Match on catch block at 0xc3 in for 0xa9
02-02 11:57:02.337 19294 19294 E ArmVmp : Match on catch block at 0xc3 in for 0xa1
02-02 11:57:02.341 19294 19294 E ArmVmp : Match on catch block at 0xc3 in for 0xa5
02-02 11:57:02.344 19294 19294 E ArmVmp : Match on catch block at 0xc3 in for 0xa5
02-02 11:57:02.355 19294 19294 E ArmVmp : Match on catch block at 0xc3 in for 0xa9
02-02 11:57:02.359 19294 19294 E ArmVmp : Match on catch block at 0xc3 in for 0xa1
02-02 11:57:02.362 19294 19294 E ArmVmp : Match on catch block at 0xc3 in for 0xa1
02-02 11:57:02.372 19294 19294 E ArmVmp : Match on catch block at 0xc3 in for 0xa5
02-02 11:57:02.376 19294 19294 E ArmVmp : Match on catch block at 0xc3 in for 0xa9
02-02 11:57:02.379 19294 19294 E ArmVmp : Match on catch block at 0xc3 in for 0xa9
02-02 11:57:02.389 19294 19294 E ArmVmp : Match on catch block at 0xc3 in for 0xa1
02-02 11:57:02.393 19294 19294 E ArmVmp : Match on catch block at 0xc3 in for 0xa5
02-02 11:57:02.396 19294 19294 E ArmVmp : Match on catch block at 0xc3 in for 0xa5
02-02 11:57:02.407 19294 19294 E ArmVmp : Match on catch block at 0xc3 in for 0xa9
02-02 11:57:02.411 19294 19294 E ArmVmp : Match on catch block at 0xc3 in for 0xa1
02-02 11:57:02.414 19294 19294 E ArmVmp : Match on catch block at 0xc3 in for 0xa1
02-02 11:57:02.426 19294 19294 E ArmVmp : Match on catch block at 0xc3 in for 0xa5
02-02 11:57:02.430 19294 19294 E ArmVmp : Match on catch block at 0xc3 in for 0xa9
02-02 11:57:02.432 19294 19294 E ArmVmp : Match on catch block at 0xc3 in for 0xa9
02-02 11:57:02.442 19294 19294 E ArmVmp : Match on catch block at 0xc3 in for 0xa1
02-02 11:57:02.446 19294 19294 E ArmVmp : Match on catch block at 0xc3 in for 0xa5
02-02 11:57:02.448 19294 19294 E ArmVmp : Match on catch block at 0xc3 in for 0xa5
02-02 11:57:02.460 19294 19294 E ArmVmp : Match on catch block at 0xc3 in for 0xa9
02-02 11:57:02.463 19294 19294 E ArmVmp : Match on catch block at 0xc3 in for 0xa1
02-02 11:57:02.466 19294 19294 E ArmVmp : Match on catch block at 0xc3 in for 0xa1
02-02 11:57:02.476 19294 19294 E ArmVmp : Match on catch block at 0xc3 in for 0xa5
02-02 11:57:02.480 19294 19294 E ArmVmp : Match on catch block at 0xc3 in for 0xa9
02-02 11:57:02.482 19294 19294 E ArmVmp : Match on catch block at 0xc3 in for 0xa9
02-02 11:57:02.493 19294 19294 E ArmVmp : Match on catch block at 0xc3 in for 0xa1
02-02 11:57:02.497 19294 19294 E ArmVmp : Match on catch block at 0xc3 in for 0xa5
02-02 11:57:02.499 19294 19294 E ArmVmp : Match on catch block at 0xc3 in for 0xa5
02-02 11:57:02.510 19294 19294 E ArmVmp : Match on catch block at 0xc3 in for 0xa9
02-02 11:57:02.514 19294 19294 E ArmVmp : Match on catch block at 0xc3 in for 0xa1
02-02 11:57:02.516 19294 19294 E ArmVmp : Match on catch block at 0xc3 in for 0xa1
02-02 11:57:02.521 19294 19294 E ArmVmp : Match on catch block at 0xc3 in for 0xa5
02-02 11:57:02.525 19294 19294 E ArmVmp : Match on catch block at 0xc3 in for 0xa9
02-02 11:57:02.528 19294 19294 E ArmVmp : Match on catch block at 0xc3 in for 0xa9
02-02 11:57:02.537 19294 19294 E ArmVmp : Match on catch block at 0xc3 in for 0xa1
02-02 11:57:02.541 19294 19294 E ArmVmp : Match on catch block at 0xc3 in for 0xa5
02-02 11:57:02.543 19294 19294 E ArmVmp : Match on catch block at 0xc3 in for 0xa5
02-02 11:57:02.553 19294 19294 E ArmVmp : Match on catch block at 0xc3 in for 0xa9
02-02 11:57:02.556 19294 19294 E ArmVmp : Match on catch block at 0xc3 in for 0xa1
02-02 11:57:02.559 19294 19294 E ArmVmp : Match on catch block at 0xc3 in for 0xa1
02-02 11:57:02.569 19294 19294 E ArmVmp : Match on catch block at 0xc3 in for 0xa5
02-02 11:57:02.573 19294 19294 E ArmVmp : Match on catch block at 0xc3 in for 0xa9
02-02 11:57:02.577 19294 19294 E ArmVmp : Match on catch block at 0xc3 in for 0xa9
02-02 11:57:02.586 19294 19294 E ArmVmp : Match on catch block at 0xc3 in for 0xa1
02-02 11:57:02.591 19294 19294 E ArmVmp : Match on catch block at 0xc3 in for 0xa5
02-02 11:57:02.593 19294 19294 E ArmVmp : Match on catch block at 0xc3 in for 0xa5
02-02 11:57:02.603 19294 19294 E ArmVmp : Match on catch block at 0xc3 in for 0xa9
02-02 11:57:02.607 19294 19294 E ArmVmp : Match on catch block at 0xc3 in for 0xa1
02-02 11:57:02.610 19294 19294 E ArmVmp : Match on catch block at 0xc3 in for 0xa1
02-02 11:57:02.619 19294 19294 E ArmVmp : Match on catch block at 0xc3 in for 0xa5
02-02 11:57:02.624 19294 19294 E ArmVmp : Match on catch block at 0xc3 in for 0xa9
02-02 11:57:02.627 19294 19294 E ArmVmp : Match on catch block at 0xc3 in for 0xa9
02-02 11:57:02.636 19294 19294 E ArmVmp : Match on catch block at 0xc3 in for 0xa1
02-02 11:57:02.641 19294 19294 E ArmVmp : Match on catch block at 0xc3 in for 0xa5
02-02 11:57:02.643 19294 19294 E ArmVmp : Match on catch block at 0xc3 in for 0xa5
02-02 11:57:02.652 19294 19294 E ArmVmp : Match on catch block at 0xc3 in for 0xa9
02-02 11:57:02.656 19294 19294 E ArmVmp : Match on catch block at 0xc3 in for 0xa1
02-02 11:57:02.659 19294 19294 E ArmVmp : Match on catch block at 0xc3 in for 0xa1
02-02 11:57:02.669 19294 19294 E ArmVmp : Match on catch block at 0xc3 in for 0xa5
02-02 11:57:02.673 19294 19294 E ArmVmp : Match on catch block at 0xc3 in for 0xa9
02-02 11:57:02.676 19294 19294 E ArmVmp : Match on catch block at 0xc3 in for 0xa9
02-02 11:57:02.686 19294 19294 E ArmVmp : Match on catch block at 0xc3 in for 0xa1
02-02 11:57:02.690 19294 19294 E ArmVmp : Match on catch block at 0xc3 in for 0xa5
02-02 11:57:02.693 19294 19294 E ArmVmp : Match on catch block at 0xc3 in for 0xa5
02-02 11:57:02.702 19294 19294 E ArmVmp : Match on catch block at 0xc3 in for 0xa9
02-02 11:57:02.707 19294 19294 E ArmVmp : Match on catch block at 0xc3 in for 0xa1
02-02 11:57:02.710 19294 19294 E ArmVmp : Match on catch block at 0xc3 in for 0xa1
02-02 11:57:02.719 19294 19294 E ArmVmp : Match on catch block at 0xc3 in for 0xa5
02-02 11:57:02.723 19294 19294 E ArmVmp : Match on catch block at 0xc3 in for 0xa9
02-02 11:57:02.726 19294 19294 E ArmVmp : Match on catch block at 0xc3 in for 0xa9
02-02 11:57:02.736 19294 19294 E ArmVmp : Match on catch block at 0xc3 in for 0xa1
02-02 11:57:02.741 19294 19294 E ArmVmp : Match on catch block at 0xc3 in for 0xa5
02-02 11:57:02.743 19294 19294 E ArmVmp : Match on catch block at 0xc3 in for 0xa5
02-02 11:57:02.752 19294 19294 E ArmVmp : Match on catch block at 0xc3 in for 0xa9
02-02 11:57:02.757 19294 19294 E ArmVmp : Match on catch block at 0xc3 in for 0xa1
02-02 11:57:02.759 19294 19294 E ArmVmp : Match on catch block at 0xc3 in for 0xa1
02-02 11:57:02.768 19294 19294 E ArmVmp : Match on catch block at 0xc3 in for 0xa5
02-02 11:57:02.773 19294 19294 E ArmVmp : Match on catch block at 0xc3 in for 0xa9
02-02 11:57:02.775 19294 19294 E ArmVmp : Match on catch block at 0xc3 in for 0xa9
02-02 11:57:02.785 19294 19294 E ArmVmp : Match on catch block at 0xc3 in for 0xa1
02-02 11:57:02.788 19294 19294 E ArmVmp : Match on catch block at 0xc3 in for 0xa5
02-02 11:57:02.790 19294 19294 E ArmVmp : Match on catch block at 0xc3 in for 0xa5
02-02 11:57:02.801 19294 19294 E ArmVmp : Match on catch block at 0xc3 in for 0xa9
02-02 11:57:02.805 19294 19294 E ArmVmp : Match on catch block at 0xc3 in for 0xa1
02-02 11:57:02.807 19294 19294 E ArmVmp : Match on catch block at 0xc3 in for 0xa1
02-02 11:57:02.818 19294 19294 E ArmVmp : Match on catch block at 0xc3 in for 0xa5
02-02 11:57:02.822 19294 19294 E ArmVmp : Match on catch block at 0xc3 in for 0xa9
02-02 11:57:02.824 19294 19294 E ArmVmp : Match on catch block at 0xc3 in for 0xa9
02-02 11:57:02.834 19294 19294 E ArmVmp : Match on catch block at 0xc3 in for 0xa1
02-02 11:57:02.837 19294 19294 E ArmVmp : Match on catch block at 0xc3 in for 0xa5
02-02 11:57:02.839 19294 19294 E ArmVmp : Match on catch block at 0xc3 in for 0xa5
02-02 11:57:02.851 19294 19294 E ArmVmp : Match on catch block at 0xc3 in for 0xa9
02-02 11:57:02.854 19294 19294 E ArmVmp : Match on catch block at 0xc3 in for 0xa1
02-02 11:57:02.857 19294 19294 E ArmVmp : Match on catch block at 0xc3 in for 0xa1
02-02 11:57:02.867 19294 19294 E ArmVmp : Match on catch block at 0xc3 in for 0xa5
02-02 11:57:02.871 19294 19294 E ArmVmp : Match on catch block at 0xc3 in for 0xa9
02-02 11:57:02.873 19294 19294 E ArmVmp : Match on catch block at 0xc3 in for 0xa9
02-02 11:57:02.884 19294 19294 E ArmVmp : Match on catch block at 0xc3 in for 0xa1
02-02 11:57:02.888 19294 19294 E ArmVmp : Match on catch block at 0xc3 in for 0xa5
02-02 11:57:02.890 19294 19294 E ArmVmp : Match on catch block at 0xc3 in for 0xa5
02-02 11:57:02.901 19294 19294 E ArmVmp : Match on catch block at 0xc3 in for 0xa9
02-02 11:57:02.903 19294 19294 E ArmVmp : Match on catch block at 0xc3 in for 0xa1
02-02 11:57:02.905 19294 19294 E ArmVmp : Match on catch block at 0xc3 in for 0xa1
02-02 11:57:02.918 19294 19294 E ArmVmp : Match on catch block at 0xc3 in for 0xa5
02-02 11:57:02.922 19294 19294 E ArmVmp : Match on catch block at 0xc3 in for 0xa9
02-02 11:57:02.924 19294 19294 E ArmVmp : Match on catch block at 0xc3 in for 0xa9
02-02 11:57:02.934 19294 19294 E ArmVmp : Match on catch block at 0xc3 in for 0xa1
02-02 11:57:02.940 19294 19294 E ArmVmp : Match on catch block at 0xc3 in for 0xa5
02-02 11:57:02.943 19294 19294 E ArmVmp : Match on catch block at 0xc3 in for 0xa5
02-02 11:57:02.951 19294 19294 E ArmVmp : Match on catch block at 0xc3 in for 0xa9
02-02 11:57:02.954 19294 19294 E ArmVmp : Match on catch block at 0xc3 in for 0xa1
02-02 11:57:02.957 19294 19294 E ArmVmp : Match on catch block at 0xc3 in for 0xa1
02-02 11:57:02.967 19294 19294 E ArmVmp : Match on catch block at 0xc3 in for 0xa5
02-02 11:57:02.972 19294 19294 E ArmVmp : Match on catch block at 0xc3 in for 0xa9
02-02 11:57:02.974 19294 19294 E ArmVmp : Match on catch block at 0xc3 in for 0xa9
02-02 11:57:02.984 19294 19294 E ArmVmp : Match on catch block at 0xc3 in for 0xa1
02-02 11:57:02.987 19294 19294 E ArmVmp : Match on catch block at 0xc3 in for 0xa5
02-02 11:57:02.990 19294 19294 E ArmVmp : Match on catch block at 0xc3 in for 0xa5
02-02 11:57:03.001 19294 19294 E ArmVmp : Match on catch block at 0xc3 in for 0xa9
02-02 11:57:03.005 19294 19294 E ArmVmp : Match on catch block at 0xc3 in for 0xa1
02-02 11:57:03.008 19294 19294 E ArmVmp : Match on catch block at 0xc3 in for 0xa1
02-02 11:57:03.017 19294 19294 E ArmVmp : Match on catch block at 0xc3 in for 0xa5
02-02 11:57:03.021 19294 19294 E ArmVmp : Match on catch block at 0xc3 in for 0xa9
02-02 11:57:03.024 19294 19294 E ArmVmp : Match on catch block at 0xc3 in for 0xa9
02-02 11:57:03.033 19294 19294 E ArmVmp : Match on catch block at 0xc3 in for 0xa1
02-02 11:57:03.037 19294 19294 E ArmVmp : Match on catch block at 0xc3 in for 0xa5
02-02 11:57:03.040 19294 19294 E ArmVmp : Match on catch block at 0xc3 in for 0xa5
02-02 11:57:03.050 19294 19294 E ArmVmp : Match on catch block at 0xc3 in for 0xa9
02-02 11:57:03.054 19294 19294 E ArmVmp : Match on catch block at 0xc3 in for 0xa1
02-02 11:57:03.056 19294 19294 E ArmVmp : Match on catch block at 0xc3 in for 0xa1
02-02 11:57:03.066 19294 19294 E ArmVmp : Match on catch block at 0xc3 in for 0xa5
02-02 11:57:03.070 19294 19294 E ArmVmp : Match on catch block at 0xc3 in for 0xa9
02-02 11:57:03.088 19294 19294 E ArmVmp : Match on catch block at 0xc3 in for 0xa9
02-02 11:57:03.091 19294 19294 E ArmVmp : Match on catch block at 0xc3 in for 0xa1
02-02 11:57:03.094 19294 19294 E ArmVmp : Match on catch block at 0xc3 in for 0xa1
02-02 11:57:03.101 19294 19294 E ArmVmp : Match on catch block at 0xc3 in for 0xa5
02-02 11:57:03.105 19294 19294 E ArmVmp : Match on catch block at 0xc3 in for 0xa9
02-02 11:57:03.107 19294 19294 E ArmVmp : Match on catch block at 0xc3 in for 0xa9
02-02 11:57:03.232 19294 19294 E ArmVmp : Match on catch block at 0xc3 in for 0xa1
02-02 11:57:03.237 19294 19294 E ArmVmp : Match on catch block at 0xc3 in for 0xa5
02-02 11:57:03.240 19294 19294 E ArmVmp : Match on catch block at 0xc3 in for 0xa5
02-02 11:57:03.730 19294 19294 E ArmVmp : Match on catch block at 0xc3 in for 0xa5
02-02 11:57:03.735 19294 19294 E ArmVmp : Match on catch block at 0xc3 in for 0xa9
02-02 11:57:03.738 19294 19294 E ArmVmp : Match on catch block at 0xc3 in for 0xa9
02-02 11:57:03.965 19294 20658 W libEGL : EGLNativeWindowType 0xb400006fa46ea480
disconnect failed
02-02 11:57:04.227 19294 19294 E ArmVmp : Match on catch block at 0xc3 in for 0xa1
02-02 11:57:04.233 19294 19294 E ArmVmp : Match on catch block at 0xc3 in for 0xa5
02-02 11:57:04.235 19294 19294 E ArmVmp : Match on catch block at 0xc3 in for 0xa5
02-02 11:57:04.249 19294 19294 E ArmVmp : Match on catch block at 0xc3 in for 0xa1
02-02 11:57:04.252 19294 19294 E ArmVmp : Match on catch block at 0xc3 in for 0xa5
02-02 11:57:04.254 19294 19294 E ArmVmp : Match on catch block at 0xc3 in for 0xa5
02-02 11:57:04.265 19294 19294 E ArmVmp : Match on catch block at 0xc3 in for 0xa5
02-02 11:57:04.267 19294 19294 E ArmVmp : Match on catch block at 0xc3 in for 0xa9
02-02 11:57:04.270 19294 19294 E ArmVmp : Match on catch block at 0xc3 in for 0xa9
02-02 11:57:04.276 19294 19294 E ArmVmp : Match on catch block at 0xc3 in for 0xa1
02-02 11:57:04.278 19294 19294 E ArmVmp : Match on catch block at 0xc3 in for 0xa5
02-02 11:57:04.282 19294 19294 E ArmVmp : Match on catch block at 0xc3 in for 0xa5
02-02 11:57:04.292 19294 19294 E ArmVmp : Match on catch block at 0xc3 in for 0xa9
02-02 11:57:04.295 19294 19294 E ArmVmp : Match on catch block at 0xc3 in for 0xa1
02-02 11:57:04.299 19294 19294 E ArmVmp : Match on catch block at 0xc3 in for 0xa1
02-02 11:57:04.309 19294 19294 E ArmVmp : Match on catch block at 0xc3 in for 0xa5
02-02 11:57:04.312 19294 19294 E ArmVmp : Match on catch block at 0xc3 in for 0xa9
02-02 11:57:04.315 19294 19294 E ArmVmp : Match on catch block at 0xc3 in for 0xa9
02-02 11:57:04.326 19294 19294 E ArmVmp : Match on catch block at 0xc3 in for 0xa1
02-02 11:57:04.328 19294 19294 E ArmVmp : Match on catch block at 0xc3 in for 0xa5
02-02 11:57:04.331 19294 19294 E ArmVmp : Match on catch block at 0xc3 in for 0xa5
02-02 11:57:04.343 19294 19294 E ArmVmp : Match on catch block at 0xc3 in for 0xa9
02-02 11:57:04.345 19294 19294 E ArmVmp : Match on catch block at 0xc3 in for 0xa1
02-02 11:57:04.349 19294 19294 E ArmVmp : Match on catch block at 0xc3 in for 0xa1
02-02 11:57:04.362 19294 19294 E ArmVmp : Match on catch block at 0xc3 in for 0xa5
02-02 11:57:04.366 19294 19294 E ArmVmp : Match on catch block at 0xc3 in for 0xa9
02-02 11:57:04.368 19294 19294 E ArmVmp : Match on catch block at 0xc3 in for 0xa9
02-02 11:57:04.375 19294 19294 E ArmVmp : Match on catch block at 0xc3 in for 0xa1
02-02 11:57:04.378 19294 19294 E ArmVmp : Match on catch block at 0xc3 in for 0xa5
02-02 11:57:04.382 19294 19294 E ArmVmp : Match on catch block at 0xc3 in for 0xa5
02-02 11:57:04.393 19294 19294 E ArmVmp : Match on catch block at 0xc3 in for 0xa9
02-02 11:57:04.395 19294 19294 E ArmVmp : Match on catch block at 0xc3 in for 0xa1
02-02 11:57:04.399 19294 19294 E ArmVmp : Match on catch block at 0xc3 in for 0xa1
02-02 11:57:04.409 19294 19294 E ArmVmp : Match on catch block at 0xc3 in for 0xa5
02-02 11:57:04.412 19294 19294 E ArmVmp : Match on catch block at 0xc3 in for 0xa9
02-02 11:57:04.415 19294 19294 E ArmVmp : Match on catch block at 0xc3 in for 0xa9
02-02 11:57:04.425 19294 19294 E ArmVmp : Match on catch block at 0xc3 in for 0xa1
02-02 11:57:04.428 19294 19294 E ArmVmp : Match on catch block at 0xc3 in for 0xa5
02-02 11:57:04.430 19294 19294 E ArmVmp : Match on catch block at 0xc3 in for 0xa5
02-02 11:57:04.442 19294 19294 E ArmVmp : Match on catch block at 0xc3 in for 0xa9
02-02 11:57:04.445 19294 19294 E ArmVmp : Match on catch block at 0xc3 in for 0xa1
02-02 11:57:04.447 19294 19294 E ArmVmp : Match on catch block at 0xc3 in for 0xa1
02-02 11:57:04.691 19294 19294 E ArmVmp : Match on catch block at 0xc3 in for 0xa5
02-02 11:57:04.695 19294 19294 E ArmVmp : Match on catch block at 0xc3 in for 0xa9
02-02 11:57:04.698 19294 19294 E ArmVmp : Match on catch block at 0xc3 in for 0xa9
02-02 11:57:04.707 19294 19294 E ArmVmp : Match on catch block at 0xc3 in for 0xa1
02-02 11:57:04.711 19294 19294 E ArmVmp : Match on catch block at 0xc3 in for 0xa5
02-02 11:57:04.714 19294 19294 E ArmVmp : Match on catch block at 0xc3 in for 0xa5
02-02 11:57:04.724 19294 19294 E ArmVmp : Match on catch block at 0xc3 in for 0xa9
02-02 11:57:04.729 19294 19294 E ArmVmp : Match on catch block at 0xc3 in for 0xa1
02-02 11:57:04.732 19294 19294 E ArmVmp : Match on catch block at 0xc3 in for 0xa1
02-02 11:57:04.741 19294 19294 E ArmVmp : Match on catch block at 0xc3 in for 0xa5
02-02 11:57:04.745 19294 19294 E ArmVmp : Match on catch block at 0xc3 in for 0xa9
02-02 11:57:04.748 19294 19294 E ArmVmp : Match on catch block at 0xc3 in for 0xa9
02-02 11:57:04.757 19294 19294 E ArmVmp : Match on catch block at 0xc3 in for 0xa1
02-02 11:57:04.762 19294 19294 E ArmVmp : Match on catch block at 0xc3 in for 0xa5
02-02 11:57:04.764 19294 19294 E ArmVmp : Match on catch block at 0xc3 in for 0xa5
02-02 11:57:04.774 19294 19294 E ArmVmp : Match on catch block at 0xc3 in for 0xa9
02-02 11:57:04.779 19294 19294 E ArmVmp : Match on catch block at 0xc3 in for 0xa1
02-02 11:57:04.781 19294 19294 E ArmVmp : Match on catch block at 0xc3 in for 0xa1
02-02 11:57:04.790 19294 19294 E ArmVmp : Match on catch block at 0xc3 in for 0xa5
02-02 11:57:04.795 19294 19294 E ArmVmp : Match on catch block at 0xc3 in for 0xa9
02-02 11:57:04.798 19294 19294 E ArmVmp : Match on catch block at 0xc3 in for 0xa9
02-02 11:57:04.807 19294 19294 E ArmVmp : Match on catch block at 0xc3 in for 0xa1
02-02 11:57:04.811 19294 19294 E ArmVmp : Match on catch block at 0xc3 in for 0xa5
02-02 11:57:04.814 19294 19294 E ArmVmp : Match on catch block at 0xc3 in for 0xa5
02-02 11:57:04.823 19294 19294 E ArmVmp : Match on catch block at 0xc3 in for 0xa9
02-02 11:57:04.829 19294 19294 E ArmVmp : Match on catch block at 0xc3 in for 0xa1
02-02 11:57:04.831 19294 19294 E ArmVmp : Match on catch block at 0xc3 in for 0xa1
02-02 11:57:04.840 19294 19294 E ArmVmp : Match on catch block at 0xc3 in for 0xa5
02-02 11:57:04.845 19294 19294 E ArmVmp : Match on catch block at 0xc3 in for 0xa9
02-02 11:57:04.847 19294 19294 E ArmVmp : Match on catch block at 0xc3 in for 0xa9
02-02 11:57:04.856 19294 19294 E ArmVmp : Match on catch block at 0xc3 in for 0xa1
02-02 11:57:04.861 19294 19294 E ArmVmp : Match on catch block at 0xc3 in for 0xa5
02-02 11:57:04.863 19294 19294 E ArmVmp : Match on catch block at 0xc3 in for 0xa5
02-02 11:57:04.874 19294 19294 E ArmVmp : Match on catch block at 0xc3 in for 0xa9
02-02 11:57:04.878 19294 19294 E ArmVmp : Match on catch block at 0xc3 in for 0xa1
02-02 11:57:04.881 19294 19294 E ArmVmp : Match on catch block at 0xc3 in for 0xa1
02-02 11:57:04.890 19294 19294 E ArmVmp : Match on catch block at 0xc3 in for 0xa5
02-02 11:57:04.894 19294 19294 E ArmVmp : Match on catch block at 0xc3 in for 0xa9
02-02 11:57:04.898 19294 19294 E ArmVmp : Match on catch block at 0xc3 in for 0xa9
02-02 11:57:04.906 19294 19294 E ArmVmp : Match on catch block at 0xc3 in for 0xa1
02-02 11:57:04.911 19294 19294 E ArmVmp : Match on catch block at 0xc3 in for 0xa5
02-02 11:57:04.913 19294 19294 E ArmVmp : Match on catch block at 0xc3 in for 0xa5
02-02 11:57:04.923 19294 19294 E ArmVmp : Match on catch block at 0xc3 in for 0xa9
02-02 11:57:04.927 19294 19294 E ArmVmp : Match on catch block at 0xc3 in for 0xa1
02-02 11:57:04.930 19294 19294 E ArmVmp : Match on catch block at 0xc3 in for 0xa1
02-02 11:57:04.939 19294 19294 E ArmVmp : Match on catch block at 0xc3 in for 0xa5
02-02 11:57:04.944 19294 19294 E ArmVmp : Match on catch block at 0xc3 in for 0xa9
02-02 11:57:04.948 19294 19294 E ArmVmp : Match on catch block at 0xc3 in for 0xa9
02-02 11:57:04.956 19294 19294 E ArmVmp : Match on catch block at 0xc3 in for 0xa1
02-02 11:57:04.959 19294 19294 E ArmVmp : Match on catch block at 0xc3 in for 0xa5
02-02 11:57:04.962 19294 19294 E ArmVmp : Match on catch block at 0xc3 in for 0xa5
02-02 11:57:05.255 19294 19294 E ArmVmp : Match on catch block at 0xc3 in for 0xa9
02-02 11:57:05.258 19294 19294 E ArmVmp : Match on catch block at 0xc3 in for 0xa1
02-02 11:57:05.262 19294 19294 E ArmVmp : Match on catch block at 0xc3 in for 0xa1
02-02 11:57:05.769 19294 19294 E ArmVmp : Match on catch block at 0xc3 in for 0xa5
02-02 11:57:05.773 19294 19294 E ArmVmp : Match on catch block at 0xc3 in for 0xa9
02-02 11:57:05.776 19294 19294 E ArmVmp : Match on catch block at 0xc3 in for 0xa9
02-02 11:57:06.266 19294 19294 E ArmVmp : Match on catch block at 0xc3 in for 0xa1
02-02 11:57:06.270 19294 19294 E ArmVmp : Match on catch block at 0xc3 in for 0xa5
02-02 11:57:06.272 19294 19294 E ArmVmp : Match on catch block at 0xc3 in for 0xa5
02-02 11:57:06.299 19294 19294 E ArmVmp : Match on catch block at 0xc3 in for 0xa9
02-02 11:57:06.302 19294 19294 E ArmVmp : Match on catch block at 0xc3 in for 0xa1
02-02 11:57:06.305 19294 19294 E ArmVmp : Match on catch block at 0xc3 in for 0xa1
02-02 11:57:06.464 19294 19294 E ArmVmp : Match on catch block at 0xc3 in for 0xa5
02-02 11:57:06.469 19294 19294 E ArmVmp : Match on catch block at 0xc3 in for 0xa9
02-02 11:57:06.472 19294 19294 E ArmVmp : Match on catch block at 0xc3 in for 0xa9
02-02 11:57:06.647 19294 19294 E ArmVmp : Match on catch block at 0xc3 in for 0xa1
02-02 11:57:06.651 19294 19294 E ArmVmp : Match on catch block at 0xc3 in for 0xa5
02-02 11:57:06.654 19294 19294 E ArmVmp : Match on catch block at 0xc3 in for 0xa5
02-02 11:57:06.746 19294 19294 E ArmVmp : Match on catch block at 0xc3 in for 0xa9
02-02 11:57:06.750 19294 19294 E ArmVmp : Match on catch block at 0xc3 in for 0xa1
02-02 11:57:06.755 19294 19294 E ArmVmp : Match on catch block at 0xc3 in for 0xa1
02-02 11:57:06.845 19294 19294 E ArmVmp : Match on catch block at 0xc3 in for 0xa5
02-02 11:57:06.848 19294 19294 E ArmVmp : Match on catch block at 0xc3 in for 0xa9
02-02 11:57:06.851 19294 19294 E ArmVmp : Match on catch block at 0xc3 in for 0xa9
02-02 11:57:06.994 19294 19294 E ArmVmp : Match on catch block at 0xc3 in for 0xa1
02-02 11:57:06.997 19294 19294 E ArmVmp : Match on catch block at 0xc3 in for 0xa5
02-02 11:57:06.999 19294 19294 E ArmVmp : Match on catch block at 0xc3 in for 0xa5
02-02 11:57:07.176 19294 19294 E ArmVmp : Match on catch block at 0xc3 in for 0xa9
02-02 11:57:07.180 19294 19294 E ArmVmp : Match on catch block at 0xc3 in for 0xa1
02-02 11:57:07.184 19294 19294 E ArmVmp : Match on catch block at 0xc3 in for 0xa1
02-02 11:57:07.293 19294 19294 E ArmVmp : Match on catch block at 0xc3 in for 0xa5
02-02 11:57:07.296 19294 19294 E ArmVmp : Match on catch block at 0xc3 in for 0xa9
02-02 11:57:07.299 19294 19294 E ArmVmp : Match on catch block at 0xc3 in for 0xa9
02-02 11:57:07.442 19294 19294 E ArmVmp : Match on catch block at 0xc3 in for 0xa1
02-02 11:57:07.446 19294 19294 E ArmVmp : Match on catch block at 0xc3 in for 0xa5
02-02 11:57:07.449 19294 19294 E ArmVmp : Match on catch block at 0xc3 in for 0xa5
02-02 11:57:07.491 19294 19294 E ArmVmp : Match on catch block at 0xc3 in for 0xa9
02-02 11:57:07.495 19294 19294 E ArmVmp : Match on catch block at 0xc3 in for 0xa1
