granted { execute } for
path="/data/data/com.mbwhatsapp/files/decompressed/libs.spk.zst/libwhatsapp.so"
dev="dm-19" ino=41403 scontext=u:r:untrusted_app:s0:c27,c257,c512,c768
tcontext=u:object_r:app_data_file:s0:c27,c257,c512,c768 tclass=file
app=com.mbwhatsapp
02-02 11:55:27.457 19126 19126 W linker : Warning:
"/data/data/com.mbwhatsapp/files/decompressed/libs.spk.zst/libc++_shared.so" unused
DT entry: unknown processor-specific (type 0x70000001 arg 0x0) (ignoring)
02-02 11:55:27.469 19126 19126 W com.mbwhatsapp: type=1400 audit(0.0:1047448): avc:
granted { execute } for
path="/data/data/com.mbwhatsapp/files/decompressed/libs.spk.zst/libcurve25519.so"
dev="dm-19" ino=92115 scontext=u:r:untrusted_app:s0:c27,c257,c512,c768
tcontext=u:object_r:app_data_file:s0:c27,c257,c512,c768 tclass=file
app=com.mbwhatsapp
02-02 11:55:27.469 19126 19126 W com.mbwhatsapp: type=1400 audit(0.0:1047449): avc:
granted { execute } for
path="/data/data/com.mbwhatsapp/files/decompressed/libs.spk.zst/libwhatsapp.so"
dev="dm-19" ino=41403 scontext=u:r:untrusted_app:s0:c27,c257,c512,c768
tcontext=u:object_r:app_data_file:s0:c27,c257,c512,c768 tclass=file
app=com.mbwhatsapp
02-02 11:55:27.506 19126 19126 E FirebaseInstanceId: Error while delivering the
message: ServiceIntent not found.
02-02 11:55:27.512 19126 19177 W com.mbwhatsapp: Class X.2rL failed lock
verification and will run slower.
02-02 11:55:27.512 19126 19177 W com.mbwhatsapp: Common causes for lock
verification issues are non-optimized dex code
02-02 11:55:27.512 19126 19177 W com.mbwhatsapp: and incorrect proguard
optimizations.
--------- beginning of main
02-02 11:55:56.052 19211 19211 E com.mbwhatsapp: Not starting debugger since
process cannot load the jdwp agent.
02-02 11:55:56.121 19211 19211 W System.err: java.lang.ClassNotFoundException:
mbmodsd.mbmodsw.ui.views.btn.BtnBK
02-02 11:55:56.122 19211 19211 W System.err: at
java.lang.Runtime.nativeLoad(Native Method)
02-02 11:55:56.122 19211 19211 W System.err: at
java.lang.Runtime.nativeLoad(Runtime.java:1131)
02-02 11:55:56.122 19211 19211 W System.err: at
java.lang.Runtime.loadLibrary0(Runtime.java:1085)
02-02 11:55:56.122 19211 19211 W System.err: at
java.lang.Runtime.loadLibrary0(Runtime.java:1008)
02-02 11:55:56.122 19211 19211 W System.err: at
java.lang.System.loadLibrary(System.java:1664)
02-02 11:55:56.122 19211 19211 W System.err: at arm.EpicVm.<clinit>(Unknown
Source:2)
02-02 11:55:56.122 19211 19211 W System.err: at
java.lang.Class.newInstance(Native Method)
02-02 11:55:56.122 19211 19211 W System.err: at
android.app.AppComponentFactory.instantiateApplication(AppComponentFactory.java:76)
02-02 11:55:56.122 19211 19211 W System.err: at
androidx.core.app.CoreComponentFactory.instantiateApplication(Unknown Source:0)
02-02 11:55:56.122 19211 19211 W System.err: at
android.app.Instrumentation.newApplication(Instrumentation.java:1158)
02-02 11:55:56.122 19211 19211 W System.err: at
android.app.LoadedApk.makeApplication(LoadedApk.java:1271)
02-02 11:55:56.122 19211 19211 W System.err: at
android.app.ActivityThread.handleBindApplication(ActivityThread.java:6884)
02-02 11:55:56.122 19211 19211 W System.err: at
android.app.ActivityThread.access$1300(ActivityThread.java:260)
02-02 11:55:56.122 19211 19211 W System.err: at
android.app.ActivityThread$H.handleMessage(ActivityThread.java:1955)
02-02 11:55:56.122 19211 19211 W System.err: at
android.os.Handler.dispatchMessage(Handler.java:106)
02-02 11:55:56.122 19211 19211 W System.err: at
android.os.Looper.loop(Looper.java:223)
02-02 11:55:56.122 19211 19211 W System.err: at
android.app.ActivityThread.main(ActivityThread.java:7950)
02-02 11:55:56.122 19211 19211 W System.err: at
java.lang.reflect.Method.invoke(Native Method)
02-02 11:55:56.122 19211 19211 W System.err: at
com.android.internal.os.RuntimeInit$MethodAndArgsCaller.run(RuntimeInit.java:603)
02-02 11:55:56.122 19211 19211 W System.err: at
com.android.internal.os.ZygoteInit.main(ZygoteInit.java:947)
02-02 11:55:56.127 19211 19211 E CustomActivityOnCrash: IMPORTANT WARNING! You
already have an UncaughtExceptionHandler, are you sure this is correct? If you use
a custom UncaughtExceptionHandler, you must initialize it AFTER
CustomActivityOnCrash! Installing anyway, but your original handler will not be
called.
02-02 11:55:56.243 19211 19211 W com.mbwhatsapp: Accessing hidden method
Lcom/android/org/conscrypt/OpenSSLSocketImpl;->setUseSessionTickets(Z)V (greylist-
max-q,test-api, reflection, denied)
02-02 11:55:56.244 19211 19211 W com.mbwhatsapp: Accessing hidden method
Lcom/android/org/conscrypt/AbstractConscryptSocket;->setUseSessionTickets(Z)V
(greylist-max-q, reflection, denied)
02-02 11:55:56.257 19211 19211 W com.mbwhatsapp: type=1400 audit(0.0:1047752): avc:
granted { execute } for
path="/data/data/com.mbwhatsapp/files/decompressed/libs.spk.zst/libc++_shared.so"
dev="dm-19" ino=55978 scontext=u:r:untrusted_app:s0:c27,c257,c512,c768
tcontext=u:object_r:app_data_file:s0:c27,c257,c512,c768 tclass=file
app=com.mbwhatsapp
02-02 11:55:56.257 19211 19211 W com.mbwhatsapp: type=1400 audit(0.0:1047753): avc:
granted { execute } for
path="/data/data/com.mbwhatsapp/files/decompressed/libs.spk.zst/libvlc.so" dev="dm-
19" ino=43455 scontext=u:r:untrusted_app:s0:c27,c257,c512,c768
tcontext=u:object_r:app_data_file:s0:c27,c257,c512,c768 tclass=file
app=com.mbwhatsapp
02-02 11:55:56.261 19211 19211 W com.mbwhatsapp: type=1400 audit(0.0:1047754): avc:
granted { execute } for
path="/data/data/com.mbwhatsapp/files/decompressed/libs.spk.zst/libwhatsapp.so"
dev="dm-19" ino=41403 scontext=u:r:untrusted_app:s0:c27,c257,c512,c768
tcontext=u:object_r:app_data_file:s0:c27,c257,c512,c768 tclass=file
app=com.mbwhatsapp
02-02 11:55:56.261 19211 19211 W linker : Warning:
"/data/data/com.mbwhatsapp/files/decompressed/libs.spk.zst/libc++_shared.so" unused
DT entry: unknown processor-specific (type 0x70000001 arg 0x0) (ignoring)
02-02 11:55:56.273 19211 19211 W com.mbwhatsapp: type=1400 audit(0.0:1047755): avc:
granted { execute } for
path="/data/data/com.mbwhatsapp/files/decompressed/libs.spk.zst/libcurve25519.so"
dev="dm-19" ino=92115 scontext=u:r:untrusted_app:s0:c27,c257,c512,c768
tcontext=u:object_r:app_data_file:s0:c27,c257,c512,c768 tclass=file
app=com.mbwhatsapp
02-02 11:55:56.273 19211 19211 W com.mbwhatsapp: type=1400 audit(0.0:1047756): avc:
granted { execute } for
path="/data/data/com.mbwhatsapp/files/decompressed/libs.spk.zst/libwhatsapp.so"
dev="dm-19" ino=41403 scontext=u:r:untrusted_app:s0:c27,c257,c512,c768
tcontext=u:object_r:app_data_file:s0:c27,c257,c512,c768 tclass=file
app=com.mbwhatsapp
02-02 11:55:56.309 19211 19211 E FirebaseInstanceId: Error while delivering the
message: ServiceIntent not found.
02-02 11:55:56.312 19211 19259 W com.mbwhatsapp: Class X.2rL failed lock
verification and will run slower.
02-02 11:55:56.312 19211 19259 W com.mbwhatsapp: Common causes for lock
verification issues are non-optimized dex code
02-02 11:55:56.312 19211 19259 W com.mbwhatsapp: and incorrect proguard
optimizations.
--------- beginning of main
02-02 11:56:09.803 19294 19294 E com.mbwhatsapp: Not starting debugger since
process cannot load the jdwp agent.
02-02 11:56:10.020 19294 19294 W System.err: java.lang.ClassNotFoundException:
mbmodsd.mbmodsw.ui.views.btn.BtnBK
02-02 11:56:10.020 19294 19294 W System.err: at
java.lang.Runtime.nativeLoad(Native Method)
02-02 11:56:10.020 19294 19294 W System.err: at
java.lang.Runtime.nativeLoad(Runtime.java:1131)
02-02 11:56:10.021 19294 19294 W System.err: at
java.lang.Runtime.loadLibrary0(Runtime.java:1085)
02-02 11:56:10.021 19294 19294 W System.err: at
java.lang.Runtime.loadLibrary0(Runtime.java:1008)
02-02 11:56:10.021 19294 19294 W System.err: at
java.lang.System.loadLibrary(System.java:1664)
02-02 11:56:10.021 19294 19294 W System.err: at arm.EpicVm.<clinit>(Unknown
Source:2)
02-02 11:56:10.021 19294 19294 W System.err: at
java.lang.Class.newInstance(Native Method)
02-02 11:56:10.021 19294 19294 W System.err: at
android.app.AppComponentFactory.instantiateApplication(AppComponentFactory.java:76)
02-02 11:56:10.021 19294 19294 W System.err: at
androidx.core.app.CoreComponentFactory.instantiateApplication(Unknown Source:0)
02-02 11:56:10.021 19294 19294 W System.err: at
android.app.Instrumentation.newApplication(Instrumentation.java:1158)
02-02 11:56:10.021 19294 19294 W System.err: at
android.app.LoadedApk.makeApplication(LoadedApk.java:1271)
02-02 11:56:10.021 19294 19294 W System.err: at
android.app.ActivityThread.handleBindApplication(ActivityThread.java:6884)
02-02 11:56:10.021 19294 19294 W System.err: at
android.app.ActivityThread.access$1300(ActivityThread.java:260)
02-02 11:56:10.021 19294 19294 W System.err: at
android.app.ActivityThread$H.handleMessage(ActivityThread.java:1955)
02-02 11:56:10.021 19294 19294 W System.err: at
android.os.Handler.dispatchMessage(Handler.java:106)
02-02 11:56:10.021 19294 19294 W System.err: at
android.os.Looper.loop(Looper.java:223)
02-02 11:56:10.021 19294 19294 W System.err: at
android.app.ActivityThread.main(ActivityThread.java:7950)
02-02 11:56:10.021 19294 19294 W System.err: at
java.lang.reflect.Method.invoke(Native Method)
02-02 11:56:10.021 19294 19294 W System.err: at
com.android.internal.os.RuntimeInit$MethodAndArgsCaller.run(RuntimeInit.java:603)
02-02 11:56:10.021 19294 19294 W System.err: at
com.android.internal.os.ZygoteInit.main(ZygoteInit.java:947)
02-02 11:56:10.025 19294 19294 E CustomActivityOnCrash: IMPORTANT WARNING! You
already have an UncaughtExceptionHandler, are you sure this is correct? If you use
a custom UncaughtExceptionHandler, you must initialize it AFTER
CustomActivityOnCrash! Installing anyway, but your original handler will not be
called.
02-02 11:56:10.139 19294 19294 W com.mbwhatsapp: Accessing hidden method
Lcom/android/org/conscrypt/OpenSSLSocketImpl;->setUseSessionTickets(Z)V (greylist-
max-q,test-api, reflection, denied)
02-02 11:56:10.140 19294 19294 W com.mbwhatsapp: Accessing hidden method
Lcom/android/org/conscrypt/AbstractConscryptSocket;->setUseSessionTickets(Z)V
(greylist-max-q, reflection, denied)
02-02 11:56:10.153 19294 19294 W com.mbwhatsapp: type=1400 audit(0.0:1048159): avc:
granted { execute } for
path="/data/data/com.mbwhatsapp/files/decompressed/libs.spk.zst/libc++_shared.so"
dev="dm-19" ino=55978 scontext=u:r:untrusted_app:s0:c27,c257,c512,c768
tcontext=u:object_r:app_data_file:s0:c27,c257,c512,c768 tclass=file
app=com.mbwhatsapp
02-02 11:56:10.153 19294 19294 W com.mbwhatsapp: type=1400 audit(0.0:1048160): avc:
granted { execute } for
path="/data/data/com.mbwhatsapp/files/decompressed/libs.spk.zst/libvlc.so" dev="dm-
19" ino=43455 scontext=u:r:untrusted_app:s0:c27,c257,c512,c768
tcontext=u:object_r:app_data_file:s0:c27,c257,c512,c768 tclass=file
app=com.mbwhatsapp
02-02 11:56:10.156 19294 19294 W linker : Warning:
"/data/data/com.mbwhatsapp/files/decompressed/libs.spk.zst/libc++_shared.so" unused
DT entry: unknown processor-specific (type 0x70000001 arg 0x0) (ignoring)
02-02 11:56:10.157 19294 19294 W com.mbwhatsapp: type=1400 audit(0.0:1048161): avc:
granted { execute } for
path="/data/data/com.mbwhatsapp/files/decompressed/libs.spk.zst/libwhatsapp.so"
dev="dm-19" ino=41403 scontext=u:r:untrusted_app:s0:c27,c257,c512,c768
tcontext=u:object_r:app_data_file:s0:c27,c257,c512,c768 tclass=file
app=com.mbwhatsapp
02-02 11:56:10.165 19294 19294 W com.mbwhatsapp: type=1400 audit(0.0:1048162): avc:
granted { execute } for
path="/data/data/com.mbwhatsapp/files/decompressed/libs.spk.zst/libcurve25519.so"
dev="dm-19" ino=92115 scontext=u:r:untrusted_app:s0:c27,c257,c512,c768
tcontext=u:object_r:app_data_file:s0:c27,c257,c512,c768 tclass=file
app=com.mbwhatsapp
02-02 11:56:10.169 19294 19294 W com.mbwhatsapp: type=1400 audit(0.0:1048163): avc:
granted { execute } for
path="/data/data/com.mbwhatsapp/files/decompressed/libs.spk.zst/libwhatsapp.so"
dev="dm-19" ino=41403 scontext=u:r:untrusted_app:s0:c27,c257,c512,c768
tcontext=u:object_r:app_data_file:s0:c27,c257,c512,c768 tclass=file
app=com.mbwhatsapp
02-02 11:56:10.210 19294 19425 W com.mbwhatsapp: Class X.2rL failed lock
verification and will run slower.
02-02 11:56:10.210 19294 19425 W com.mbwhatsapp: Common causes for lock
verification issues are non-optimized dex code
02-02 11:56:10.210 19294 19425 W com.mbwhatsapp: and incorrect proguard
optimizations.
02-02 11:56:24.703 19294 19294 W com.mbwhatsapp: Class X.0eU failed lock
verification and will run slower.
02-02 11:56:25.070 19294 20670 E RenderScript: Failed loading RS driver: dlopen
failed: library "libRSDriverArm.so" not found
02-02 11:56:25.070 19294 20670 E RenderScript: Failed to load runtime
libRSDriverArm.so, loading default
02-02 11:56:25.347 19294 19294 E ArmVmp : Match on catch block at 0x0a in for 0xc5
02-02 11:56:25.351 19294 19294 E ArmVmp : Match on catch block at 0x0a in for 0xc5
--------- beginning of system
02-02 11:56:25.434 20696 20696 E com.mbwhatsapp: Not starting debugger since
process cannot load the jdwp agent.
02-02 11:56:25.824 19294 19294 E ArmVmp : Match on catch block at 0xc3 in for 0xb9
02-02 11:56:25.838 19294 19294 E ArmVmp : Match on catch block at 0xc3 in for 0xb9
02-02 11:56:25.845 19294 19294 E ArmVmp : Match on catch block at 0xc3 in for 0xb9
02-02 11:56:25.855 19294 19294 E OpenGLRenderer: ~SkiaDisplayList() ##### pid =
19294
02-02 11:56:25.870 19294 20658 E libc : Access denied finding property
"persist.vendor.sf.fbc"
02-02 11:56:25.870 19294 20658 E libc : Access denied finding property
"persist.vendor.gpu.fbc"
02-02 11:56:25.870 19294 20658 E libc : Access denied finding property
"persist.vendor.vsp.fbc"
02-02 11:56:26.028 19294 19294 E ArmVmp : Match on catch block at 0xc3 in for 0xa9
02-02 11:56:26.034 19294 19294 E ArmVmp : Match on catch block at 0xc3 in for 0xa5
02-02 11:56:26.044 19294 19294 E ArmVmp : Match on catch block at 0xc3 in for 0xa5
02-02 11:56:26.067 19294 19294 E ArmVmp : Match on catch block at 0xc3 in for 0xa5
02-02 11:56:26.071 19294 19294 E ArmVmp : Match on catch block at 0xc3 in for 0xa9
02-02 11:56:26.076 19294 19294 E ArmVmp : Match on catch block at 0xc3 in for 0xa9
02-02 11:56:26.088 19294 19294 E ArmVmp : Match on catch block at 0xc3 in for 0xa5
02-02 11:56:26.097 19294 19294 E ArmVmp : Match on catch block at 0xc3 in for 0xa9
02-02 11:56:26.099 19294 19294 E ArmVmp : Match on catch block at 0xc3 in for 0xa9
02-02 11:56:26.105 19294 19294 E ArmVmp : Match on catch block at 0xc3 in for 0xa1
02-02 11:56:26.112 19294 19294 E ArmVmp : Match on catch block at 0xc3 in for 0xa5
02-02 11:56:26.121 19294 19294 E ArmVmp : Match on catch block at 0xc3 in for 0xa5
02-02 11:56:26.225 19294 19294 E ArmVmp : Match on catch block at 0xc3 in for 0xa9
02-02 11:56:26.228 19294 19294 E ArmVmp : Match on catch block at 0xc3 in for 0xa1
02-02 11:56:26.231 19294 19294 E ArmVmp : Match on catch block at 0xc3 in for 0xa1
02-02 11:56:26.241 19294 19294 E ArmVmp : Match on catch block at 0xc3 in for 0xa5
02-02 11:56:26.245 19294 19294 E ArmVmp : Match on catch block at 0xc3 in for 0xa9
02-02 11:56:26.248 19294 19294 E ArmVmp : Match on catch block at 0xc3 in for 0xa9
02-02 11:56:26.258 19294 19294 E ArmVmp : Match on catch block at 0xc3 in for 0xa1
02-02 11:56:26.263 19294 19294 E ArmVmp : Match on catch block at 0xc3 in for 0xa5
02-02 11:56:26.265 19294 19294 E ArmVmp : Match on catch block at 0xc3 in for 0xa5
02-02 11:56:26.274 19294 19294 E ArmVmp : Match on catch block at 0xc3 in for 0xa9
02-02 11:56:26.279 19294 19294 E ArmVmp : Match on catch block at 0xc3 in for 0xa1
02-02 11:56:26.281 19294 19294 E ArmVmp : Match on catch block at 0xc3 in for 0xa1
02-02 11:56:26.290 19294 19294 E ArmVmp : Match on catch block at 0xc3 in for 0xa5
02-02 11:56:26.295 19294 19294 E ArmVmp : Match on catch block at 0xc3 in for 0xa9
02-02 11:56:26.297 19294 19294 E ArmVmp : Match on catch block at 0xc3 in for 0xa9
02-02 11:56:26.307 19294 19294 E ArmVmp : Match on catch block at 0xc3 in for 0xa1
02-02 11:56:26.312 19294 19294 E ArmVmp : Match on catch block at 0xc3 in for 0xa5
02-02 11:56:26.314 19294 19294 E ArmVmp : Match on catch block at 0xc3 in for 0xa5
02-02 11:56:26.323 19294 19294 E ArmVmp : Match on catch block at 0xc3 in for 0xa9
02-02 11:56:26.328 19294 19294 E ArmVmp : Match on catch block at 0xc3 in for 0xa1
02-02 11:56:26.330 19294 19294 E ArmVmp : Match on catch block at 0xc3 in for 0xa1
02-02 11:56:26.340 19294 19294 E ArmVmp : Match on catch block at 0xc3 in for 0xa5
02-02 11:56:26.345 19294 19294 E ArmVmp : Match on catch block at 0xc3 in for 0xa9
02-02 11:56:26.347 19294 19294 E ArmVmp : Match on catch block at 0xc3 in for 0xa9
02-02 11:56:26.357 19294 19294 E ArmVmp : Match on catch block at 0xc3 in for 0xa1
02-02 11:56:26.362 19294 19294 E ArmVmp : Match on catch block at 0xc3 in for 0xa5
02-02 11:56:26.365 19294 19294 E ArmVmp : Match on catch block at 0xc3 in for 0xa5
02-02 11:56:26.374 19294 19294 E ArmVmp : Match on catch block at 0xc3 in for 0xa9
02-02 11:56:26.378 19294 19294 E ArmVmp : Match on catch block at 0xc3 in for 0xa1
02-02 11:56:26.382 19294 19294 E ArmVmp : Match on catch block at 0xc3 in for 0xa1
02-02 11:56:26.390 19294 19294 E ArmVmp : Match on catch block at 0xc3 in for 0xa5
02-02 11:56:26.395 19294 19294 E ArmVmp : Match on catch block at 0xc3 in for 0xa9
02-02 11:56:26.397 19294 19294 E ArmVmp : Match on catch block at 0xc3 in for 0xa9
02-02 11:56:26.408 19294 19294 E ArmVmp : Match on catch block at 0xc3 in for 0xa1
02-02 11:56:26.412 19294 19294 E ArmVmp : Match on catch block at 0xc3 in for 0xa5
02-02 11:56:26.415 19294 19294 E ArmVmp : Match on catch block at 0xc3 in for 0xa5
02-02 11:56:26.423 19294 19294 E ArmVmp : Match on catch block at 0xc3 in for 0xa9
02-02 11:56:26.427 19294 19294 E ArmVmp : Match on catch block at 0xc3 in for 0xa1
02-02 11:56:26.429 19294 19294 E ArmVmp : Match on catch block at 0xc3 in for 0xa1
02-02 11:56:26.439 19294 19294 E ArmVmp : Match on catch block at 0xc3 in for 0xa5
02-02 11:56:26.444 19294 19294 E ArmVmp : Match on catch block at 0xc3 in for 0xa9
02-02 11:56:26.446 19294 19294 E ArmVmp : Match on catch block at 0xc3 in for 0xa9
02-02 11:56:26.456 19294 19294 E ArmVmp : Match on catch block at 0xc3 in for 0xa1
02-02 11:56:26.460 19294 19294 E ArmVmp : Match on catch block at 0xc3 in for 0xa5
02-02 11:56:26.463 19294 19294 E ArmVmp : Match on catch block at 0xc3 in for 0xa5
02-02 11:56:26.473 19294 19294 E ArmVmp : Match on catch block at 0xc3 in for 0xa9
02-02 11:56:26.478 19294 19294 E ArmVmp : Match on catch block at 0xc3 in for 0xa1
02-02 11:56:26.480 19294 19294 E ArmVmp : Match on catch block at 0xc3 in for 0xa1
02-02 11:56:26.489 19294 19294 E ArmVmp : Match on catch block at 0xc3 in for 0xa5
02-02 11:56:26.493 19294 19294 E ArmVmp : Match on catch block at 0xc3 in for 0xa9
02-02 11:56:26.496 19294 19294 E ArmVmp : Match on catch block at 0xc3 in for 0xa9
02-02 11:56:26.506 19294 19294 E ArmVmp : Match on catch block at 0xc3 in for 0xa1
02-02 11:56:26.510 19294 19294 E ArmVmp : Match on catch block at 0xc3 in for 0xa5
02-02 11:56:26.512 19294 19294 E ArmVmp : Match on catch block at 0xc3 in for 0xa5
02-02 11:56:26.523 19294 19294 E ArmVmp : Match on catch block at 0xc3 in for 0xa9
02-02 11:56:26.527 19294 19294 E ArmVmp : Match on catch block at 0xc3 in for 0xa1
02-02 11:56:26.529 19294 19294 E ArmVmp : Match on catch block at 0xc3 in for 0xa1
02-02 11:56:26.541 19294 19294 E ArmVmp : Match on catch block at 0xc3 in for 0xa5
02-02 11:56:26.545 19294 19294 E ArmVmp : Match on catch block at 0xc3 in for 0xa9
02-02 11:56:26.547 19294 19294 E ArmVmp : Match on catch block at 0xc3 in for 0xa9
02-02 11:56:26.555 19294 19294 E ArmVmp : Match on catch block at 0xc3 in for 0xa1
02-02 11:56:26.560 19294 19294 E ArmVmp : Match on catch block at 0xc3 in for 0xa5
02-02 11:56:26.562 19294 19294 E ArmVmp : Match on catch block at 0xc3 in for 0xa5
02-02 11:56:26.572 19294 19294 E ArmVmp : Match on catch block at 0xc3 in for 0xa9
02-02 11:56:26.576 19294 19294 E ArmVmp : Match on catch block at 0xc3 in for 0xa1
02-02 11:56:26.579 19294 19294 E ArmVmp : Match on catch block at 0xc3 in for 0xa1
02-02 11:56:26.635 19294 19294 E ArmVmp : Match on catch block at 0xc3 in for 0xa5
02-02 11:56:26.644 19294 19294 E ArmVmp : Match on catch block at 0xc3 in for 0xa9
02-02 11:56:26.648 19294 19294 E ArmVmp : Match on catch block at 0xc3 in for 0xa9
02-02 11:56:26.686 19294 20658 W libEGL : EGLNativeWindowType 0xb400006fa45fdf90
disconnect failed
02-02 11:56:26.687 19294 19294 E ArmVmp : Match on catch block at 0xc3 in for 0xa1
02-02 11:56:26.691 19294 19294 E ArmVmp : Match on catch block at 0xc3 in for 0xa5
02-02 11:56:26.694 19294 19294 E ArmVmp : Match on catch block at 0xc3 in for 0xa5
02-02 11:56:26.728 19294 19294 E ArmVmp : Match on catch block at 0xc3 in for 0xa5
02-02 11:56:26.730 19294 19294 E ArmVmp : Match on catch block at 0xc3 in for 0xa9
02-02 11:56:26.732 19294 19294 E ArmVmp : Match on catch block at 0xc3 in for 0xa9
02-02 11:56:26.740 19294 19294 E ArmVmp : Match on catch block at 0xc3 in for 0xa1
02-02 11:56:26.744 19294 19294 E ArmVmp : Match on catch block at 0xc3 in for 0xa5
02-02 11:56:26.745 19294 19294 E ArmVmp : Match on catch block at 0xc3 in for 0xa5
02-02 11:56:26.755 19294 19294 E ArmVmp : Match on catch block at 0xc3 in for 0xa9
02-02 11:56:26.760 19294 19294 E ArmVmp : Match on catch block at 0xc3 in for 0xa1
02-02 11:56:26.761 19294 19294 E ArmVmp : Match on catch block at 0xc3 in for 0xa1
02-02 11:56:26.770 19294 19294 E ArmVmp : Match on catch block at 0xc3 in for 0xa5
02-02 11:56:26.773 19294 19294 E ArmVmp : Match on catch block at 0xc3 in for 0xa9
02-02 11:56:26.775 19294 19294 E ArmVmp : Match on catch block at 0xc3 in for 0xa9
02-02 11:56:26.787 19294 19294 E ArmVmp : Match on catch block at 0xc3 in for 0xa1
02-02 11:56:26.790 19294 19294 E ArmVmp : Match on catch block at 0xc3 in for 0xa5
02-02 11:56:26.791 19294 19294 E ArmVmp : Match on catch block at 0xc3 in for 0xa5
02-02 11:56:26.804 19294 19294 E ArmVmp : Match on catch block at 0xc3 in for 0xa9
02-02 11:56:26.806 19294 19294 E ArmVmp : Match on catch block at 0xc3 in for 0xa1
02-02 11:56:26.807 19294 19294 E ArmVmp : Match on catch block at 0xc3 in for 0xa1
02-02 11:56:26.820 19294 19294 E ArmVmp : Match on catch block at 0xc3 in for 0xa5
02-02 11:56:26.823 19294 19294 E ArmVmp : Match on catch block at 0xc3 in for 0xa9
02-02 11:56:26.825 19294 19294 E ArmVmp : Match on catch block at 0xc3 in for 0xa9
02-02 11:56:26.837 19294 19294 E ArmVmp : Match on catch block at 0xc3 in for 0xa1
02-02 11:56:26.840 19294 19294 E ArmVmp : Match on catch block at 0xc3 in for 0xa5
02-02 11:56:26.842 19294 19294 E ArmVmp : Match on catch block at 0xc3 in for 0xa5
02-02 11:56:26.854 19294 19294 E ArmVmp : Match on catch block at 0xc3 in for 0xa9
02-02 11:56:26.857 19294 19294 E ArmVmp : Match on catch block at 0xc3 in for 0xa1
02-02 11:56:26.859 19294 19294 E ArmVmp : Match on catch block at 0xc3 in for 0xa1
02-02 11:56:26.870 19294 19294 E ArmVmp : Match on catch block at 0xc3 in for 0xa5
02-02 11:56:26.874 19294 19294 E ArmVmp : Match on catch block at 0xc3 in for 0xa9
02-02 11:56:26.875 19294 19294 E ArmVmp : Match on catch block at 0xc3 in for 0xa9
02-02 11:56:26.887 19294 19294 E ArmVmp : Match on catch block at 0xc3 in for 0xa1
02-02 11:56:26.890 19294 19294 E ArmVmp : Match on catch block at 0xc3 in for 0xa5
02-02 11:56:26.893 19294 19294 E ArmVmp : Match on catch block at 0xc3 in for 0xa5
02-02 11:56:26.903 19294 19294 E ArmVmp : Match on catch block at 0xc3 in for 0xa9
02-02 11:56:26.906 19294 19294 E ArmVmp : Match on catch block at 0xc3 in for 0xa1
02-02 11:56:26.908 19294 19294 E ArmVmp : Match on catch block at 0xc3 in for 0xa1
02-02 11:56:26.920 19294 19294 E ArmVmp : Match on catch block at 0xc3 in for 0xa5
02-02 11:56:26.923 19294 19294 E ArmVmp : Match on catch block at 0xc3 in for 0xa9
02-02 11:56:26.924 19294 19294 E ArmVmp : Match on catch block at 0xc3 in for 0xa9
02-02 11:56:26.936 19294 19294 E ArmVmp : Match on catch block at 0xc3 in for 0xa1
02-02 11:56:26.939 19294 19294 E ArmVmp : Match on catch block at 0xc3 in for 0xa5
02-02 11:56:26.941 19294 19294 E ArmVmp : Match on catch block at 0xc3 in for 0xa5
02-02 11:56:26.953 19294 19294 E ArmVmp : Match on catch block at 0xc3 in for 0xa9
02-02 11:56:26.956 19294 19294 E ArmVmp : Match on catch block at 0xc3 in for 0xa1
02-02 11:56:26.958 19294 19294 E ArmVmp : Match on catch block at 0xc3 in for 0xa1
02-02 11:56:26.970 19294 19294 E ArmVmp : Match on catch block at 0xc3 in for 0xa5
02-02 11:56:26.972 19294 19294 E ArmVmp : Match on catch block at 0xc3 in for 0xa9
02-02 11:56:26.974 19294 19294 E ArmVmp : Match on catch block at 0xc3 in for 0xa9
02-02 11:56:26.986 19294 19294 E ArmVmp : Match on catch block at 0xc3 in for 0xa1
02-02 11:56:26.989 19294 19294 E ArmVmp : Match on catch block at 0xc3 in for 0xa5
02-02 11:56:26.990 19294 19294 E ArmVmp : Match on catch block at 0xc3 in for 0xa5
02-02 11:56:27.219 19294 19294 E ArmVmp : Match on catch block at 0xc3 in for 0xa9
02-02 11:56:27.223 19294 19294 E ArmVmp : Match on catch block at 0xc3 in for 0xa1
02-02 11:56:27.226 19294 19294 E ArmVmp : Match on catch block at 0xc3 in for 0xa1
02-02 11:56:27.392 19294 19294 E ArmVmp : Match on catch block at 0xc3 in for 0xa9
02-02 11:56:27.396 19294 19294 E ArmVmp : Match on catch block at 0xc3 in for 0xa1
02-02 11:56:27.398 19294 19294 E ArmVmp : Match on catch block at 0xc3 in for 0xa1
02-02 11:56:27.414 19294 19294 E ArmVmp : Match on catch block at 0xc3 in for 0xa5
02-02 11:56:27.418 19294 19294 E ArmVmp : Match on catch block at 0xc3 in for 0xa9
02-02 11:56:27.420 19294 19294 E ArmVmp : Match on catch block at 0xc3 in for 0xa9
02-02 11:56:27.518 19294 19294 E ArmVmp : Match on catch block at 0xc3 in for 0xa9
02-02 11:56:27.520 19294 19294 E ArmVmp : Match on catch block at 0xc3 in for 0xa1
02-02 11:56:27.522 19294 19294 E ArmVmp : Match on catch block at 0xc3 in for 0xa1
02-02 11:56:27.528 19294 19294 E ArmVmp : Match on catch block at 0xc3 in for 0xa5
02-02 11:56:27.530 19294 19294 E ArmVmp : Match on catch block at 0xc3 in for 0xa9
02-02 11:56:27.531 19294 19294 E ArmVmp : Match on catch block at 0xc3 in for 0xa9
02-02 11:56:27.715 19294 19294 E ArmVmp : Match on catch block at 0xc3 in for 0xa1
02-02 11:56:27.718 19294 19294 E ArmVmp : Match on catch block at 0xc3 in for 0xa5
02-02 11:56:27.721 19294 19294 E ArmVmp : Match on catch block at 0xc3 in for 0xa5
02-02 11:56:28.103 19294 19294 E ArmVmp : Match on catch block at 0xc3 in for 0xa5
02-02 11:56:28.107 19294 19294 E ArmVmp : Match on catch block at 0xc3 in for 0xa9
02-02 11:56:28.109 19294 19294 E ArmVmp : Match on catch block at 0xc3 in for 0xa9
02-02 11:56:28.124 19294 19294 E ArmVmp : Match on catch block at 0xc3 in for 0xa9
02-02 11:56:28.129 19294 19294 E ArmVmp : Match on catch block at 0xc3 in for 0xa1
02-02 11:56:28.132 19294 19294 E ArmVmp : Match on catch block at 0xc3 in for 0xa1
02-02 11:56:28.146 19294 19294 E ArmVmp : Match on catch block at 0xc3 in for 0xa5
02-02 11:56:28.150 19294 19294 E ArmVmp : Match on catch block at 0xc3 in for 0xa9
02-02 11:56:28.152 19294 19294 E ArmVmp : Match on catch block at 0xc3 in for 0xa9
02-02 11:56:28.163 19294 19294 E ArmVmp : Match on catch block at 0xc3 in for 0xa1
02-02 11:56:28.167 19294 19294 E ArmVmp : Match on catch block at 0xc3 in for 0xa5
02-02 11:56:28.170 19294 19294 E ArmVmp : Match on catch block at 0xc3 in for 0xa5
02-02 11:56:28.180 19294 19294 E ArmVmp : Match on catch block at 0xc3 in for 0xa9
02-02 11:56:28.184 19294 19294 E ArmVmp : Match on catch block at 0xc3 in for 0xa1
02-02 11:56:28.186 19294 19294 E ArmVmp : Match on catch block at 0xc3 in for 0xa1
02-02 11:56:28.196 19294 19294 E ArmVmp : Match on catch block at 0xc3 in for 0xa5
02-02 11:56:28.199 19294 19294 E ArmVmp : Match on catch block at 0xc3 in for 0xa9
02-02 11:56:28.200 19294 19294 E ArmVmp : Match on catch block at 0xc3 in for 0xa9
02-02 11:56:28.212 19294 19294 E ArmVmp : Match on catch block at 0xc3 in for 0xa1
02-02 11:56:28.215 19294 19294 E ArmVmp : Match on catch block at 0xc3 in for 0xa5
02-02 11:56:28.217 19294 19294 E ArmVmp : Match on catch block at 0xc3 in for 0xa5
02-02 11:56:28.235 19294 19294 E ArmVmp : Match on catch block at 0xc3 in for 0xa9
02-02 11:56:28.239 19294 19294 E ArmVmp : Match on catch block at 0xc3 in for 0xa1
02-02 11:56:28.243 19294 19294 E ArmVmp : Match on catch block at 0xc3 in for 0xa1
02-02 11:56:28.248 19294 19294 E ArmVmp : Match on catch block at 0xc3 in for 0xa5
02-02 11:56:28.250 19294 19294 E ArmVmp : Match on catch block at 0xc3 in for 0xa9
02-02 11:56:28.253 19294 19294 E ArmVmp : Match on catch block at 0xc3 in for 0xa9
02-02 11:56:28.262 19294 19294 E ArmVmp : Match on catch block at 0xc3 in for 0xa1
02-02 11:56:28.265 19294 19294 E ArmVmp : Match on catch block at 0xc3 in for 0xa5
02-02 11:56:28.266 19294 19294 E ArmVmp : Match on catch block at 0xc3 in for 0xa5
02-02 11:56:28.279 19294 19294 E ArmVmp : Match on catch block at 0xc3 in for 0xa9
02-02 11:56:28.281 19294 19294 E ArmVmp : Match on catch block at 0xc3 in for 0xa1
02-02 11:56:28.283 19294 19294 E ArmVmp : Match on catch block at 0xc3 in for 0xa1
02-02 11:56:28.295 19294 19294 E ArmVmp : Match on catch block at 0xc3 in for 0xa5
02-02 11:56:28.298 19294 19294 E ArmVmp : Match on catch block at 0xc3 in for 0xa9
02-02 11:56:28.299 19294 19294 E ArmVmp : Match on catch block at 0xc3 in for 0xa9
02-02 11:56:28.394 19294 19294 E ArmVmp : Match on catch block at 0xc3 in for 0xa1
02-02 11:56:28.397 19294 19294 E ArmVmp : Match on catch block at 0xc3 in for 0xa5
02-02 11:56:28.399 19294 19294 E ArmVmp : Match on catch block at 0xc3 in for 0xa5
02-02 11:56:28.594 19294 19294 E ArmVmp : Match on catch block at 0xc3 in for 0xa9
02-02 11:56:28.597 19294 19294 E ArmVmp : Match on catch block at 0xc3 in for 0xa1
02-02 11:56:28.599 19294 19294 E ArmVmp : Match on catch block at 0xc3 in for 0xa1
02-02 11:56:28.759 19294 19294 E ArmVmp : Match on catch block at 0xc3 in for 0xa5
02-02 11:56:28.761 19294 19294 E ArmVmp : Match on catch block at 0xc3 in for 0xa9
02-02 11:56:28.763 19294 19294 E ArmVmp : Match on catch block at 0xc3 in for 0xa9
02-02 11:56:28.909 19294 19294 E ArmVmp : Match on catch block at 0xc3 in for 0xa1
02-02 11:56:28.911 19294 19294 E ArmVmp : Match on catch block at 0xc3 in for 0xa5
02-02 11:56:28.914 19294 19294 E ArmVmp : Match on catch block at 0xc3 in for 0xa5
02-02 11:56:29.074 19294 19294 E ArmVmp : Match on catch block at 0xc3 in for 0xa9
02-02 11:56:29.077 19294 19294 E ArmVmp : Match on catch block at 0xc3 in for 0xa1
02-02 11:56:29.079 19294 19294 E ArmVmp : Match on catch block at 0xc3 in for 0xa1
02-02 11:56:29.107 19294 19294 E ArmVmp : Match on catch block at 0xc3 in for 0xa5
02-02 11:56:29.111 19294 19294 E ArmVmp : Match on catch block at 0xc3 in for 0xa9
02-02 11:56:29.114 19294 19294 E ArmVmp : Match on catch block at 0xc3 in for 0xa9
02-02 11:56:29.124 19294 19294 E ArmVmp : Match on catch block at 0xc3 in for 0xa1
02-02 11:56:29.127 19294 19294 E ArmVmp : Match on catch block at 0xc3 in for 0xa5
02-02 11:56:29.132 19294 19294 E ArmVmp : Match on catch block at 0xc3 in for 0xa5
02-02 11:56:29.141 19294 19294 E ArmVmp : Match on catch block at 0xc3 in for 0xa9
02-02 11:56:29.144 19294 19294 E ArmVmp : Match on catch block at 0xc3 in for 0xa1
02-02 11:56:29.146 19294 19294 E ArmVmp : Match on catch block at 0xc3 in for 0xa1
02-02 11:56:29.157 19294 19294 E ArmVmp : Match on catch block at 0xc3 in for 0xa5
02-02 11:56:29.160 19294 19294 E ArmVmp : Match on catch block at 0xc3 in for 0xa9
02-02 11:56:29.162 19294 19294 E ArmVmp : Match on catch block at 0xc3 in for 0xa9
02-02 11:56:29.174 19294 19294 E ArmVmp : Match on catch block at 0xc3 in for 0xa1
02-02 11:56:29.177 19294 19294 E ArmVmp : Match on catch block at 0xc3 in for 0xa5
02-02 11:56:29.179 19294 19294 E ArmVmp : Match on catch block at 0xc3 in for 0xa5
02-02 11:56:29.190 19294 19294 E ArmVmp : Match on catch block at 0xc3 in for 0xa9
02-02 11:56:29.193 19294 19294 E ArmVmp : Match on catch block at 0xc3 in for 0xa1
02-02 11:56:29.195 19294 19294 E ArmVmp : Match on catch block at 0xc3 in for 0xa1
02-02 11:56:29.207 19294 19294 E ArmVmp : Match on catch block at 0xc3 in for 0xa5
02-02 11:56:29.210 19294 19294 E ArmVmp : Match on catch block at 0xc3 in for 0xa9
02-02 11:56:29.212 19294 19294 E ArmVmp : Match on catch block at 0xc3 in for 0xa9
02-02 11:56:29.223 19294 19294 E ArmVmp : Match on catch block at 0xc3 in for 0xa1
02-02 11:56:29.227 19294 19294 E ArmVmp : Match on catch block at 0xc3 in for 0xa5
02-02 11:56:29.229 19294 19294 E ArmVmp : Match on catch block at 0xc3 in for 0xa5
02-02 11:56:29.240 19294 19294 E ArmVmp : Match on catch block at 0xc3 in for 0xa9
02-02 11:56:29.243 19294 19294 E ArmVmp : Match on catch block at 0xc3 in for 0xa1
02-02 11:56:29.245 19294 19294 E ArmVmp : Match on catch block at 0xc3 in for 0xa1
02-02 11:56:29.257 19294 19294 E ArmVmp : Match on catch block at 0xc3 in for 0xa5
02-02 11:56:29.259 19294 19294 E ArmVmp : Match on catch block at 0xc3 in for 0xa9
02-02 11:56:29.261 19294 19294 E ArmVmp : Match on catch block at 0xc3 in for 0xa9
02-02 11:56:29.273 19294 19294 E ArmVmp : Match on catch block at 0xc3 in for 0xa1
02-02 11:56:29.277 19294 19294 E ArmVmp : Match on catch block at 0xc3 in for 0xa5
02-02 11:56:29.279 19294 19294 E ArmVmp : Match on catch block at 0xc3 in for 0xa5
02-02 11:56:29.290 19294 19294 E ArmVmp : Match on catch block at 0xc3 in for 0xa9
02-02 11:56:29.293 19294 19294 E ArmVmp : Match on catch block at 0xc3 in for 0xa1
02-02 11:56:29.295 19294 19294 E ArmVmp : Match on catch block at 0xc3 in for 0xa1
02-02 11:56:29.306 19294 19294 E ArmVmp : Match on catch block at 0xc3 in for 0xa5
02-02 11:56:29.310 19294 19294 E ArmVmp : Match on catch block at 0xc3 in for 0xa9
02-02 11:56:29.312 19294 19294 E ArmVmp : Match on catch block at 0xc3 in for 0xa9
02-02 11:56:29.323 19294 19294 E ArmVmp : Match on catch block at 0xc3 in for 0xa1
02-02 11:56:29.329 19294 19294 E ArmVmp : Match on catch block at 0xc3 in for 0xa5
02-02 11:56:29.332 19294 19294 E ArmVmp : Match on catch block at 0xc3 in for 0xa5
02-02 11:56:29.340 19294 19294 E ArmVmp : Match on catch block at 0xc3 in for 0xa9
02-02 11:56:29.344 19294 19294 E ArmVmp : Match on catch block at 0xc3 in for 0xa1
02-02 11:56:29.346 19294 19294 E ArmVmp : Match on catch block at 0xc3 in for 0xa1
02-02 11:56:29.356 19294 19294 E ArmVmp : Match on catch block at 0xc3 in for 0xa5
02-02 11:56:29.359 19294 19294 E ArmVmp : Match on catch block at 0xc3 in for 0xa9
02-02 11:56:29.361 19294 19294 E ArmVmp : Match on catch block at 0xc3 in for 0xa9
02-02 11:56:29.373 19294 19294 E ArmVmp : Match on catch block at 0xc3 in for 0xa1
02-02 11:56:29.376 19294 19294 E ArmVmp : Match on catch block at 0xc3 in for 0xa5
02-02 11:56:29.378 19294 19294 E ArmVmp : Match on catch block at 0xc3 in for 0xa5
02-02 11:56:29.406 19294 19294 E ArmVmp : Match on catch block at 0xc3 in for 0xa9
02-02 11:56:29.409 19294 19294 E ArmVmp : Match on catch block at 0xc3 in for 0xa1
02-02 11:56:29.411 19294 19294 E ArmVmp : Match on catch block at 0xc3 in for 0xa1
02-02 11:56:29.538 19294 19294 E ArmVmp : Match on catch block at 0xc3 in for 0xa5
02-02 11:56:29.542 19294 19294 E ArmVmp : Match on catch block at 0xc3 in for 0xa9
02-02 11:56:29.544 19294 19294 E ArmVmp : Match on catch block at 0xc3 in for 0xa9
02-02 11:56:29.688 19294 19294 E ArmVmp : Match on catch block at 0xc3 in for 0xa9
02-02 11:56:29.691 19294 19294 E ArmVmp : Match on catch block at 0xc3 in for 0xa1
02-02 11:56:29.694 19294 19294 E ArmVmp : Match on catch block at 0xc3 in for 0xa1
02-02 11:56:29.871 19294 19294 E ArmVmp : Match on catch block at 0xc3 in for 0xa5
02-02 11:56:29.873 19294 19294 E ArmVmp : Match on catch block at 0xc3 in for 0xa9
02-02 11:56:29.875 19294 19294 E ArmVmp : Match on catch block at 0xc3 in for 0xa9
02-02 11:56:29.887 19294 19294 E ArmVmp : Match on catch block at 0xc3 in for 0xa1
02-02 11:56:29.890 19294 19294 E ArmVmp : Match on catch block at 0xc3 in for 0xa5
02-02 11:56:29.892 19294 19294 E ArmVmp : Match on catch block at 0xc3 in for 0xa5
02-02 11:56:29.907 19294 19294 E ArmVmp : Match on catch block at 0xc3 in for 0xa9
02-02 11:56:29.909 19294 19294 E ArmVmp : Match on catch block at 0xc3 in for 0xa1
02-02 11:56:29.912 19294 19294 E ArmVmp : Match on catch block at 0xc3 in for 0xa1
02-02 11:56:29.936 19294 19294 E ArmVmp : Match on catch block at 0xc3 in for 0xa9
02-02 11:56:29.938 19294 19294 E ArmVmp : Match on catch block at 0xc3 in for 0xa1
02-02 11:56:29.940 19294 19294 E ArmVmp : Match on catch block at 0xc3 in for 0xa1
02-02 11:56:29.973 19294 19294 E ArmVmp : Match on catch block at 0xc3 in for 0xa5
02-02 11:56:29.976 19294 19294 E ArmVmp : Match on catch block at 0xc3 in for 0xa9
02-02 11:56:29.978 19294 19294 E ArmVmp : Match on catch block at 0xc3 in for 0xa9
02-02 11:56:29.988 19294 19294 E ArmVmp : Match on catch block at 0xc3 in for 0xa1
02-02 11:56:29.990 19294 19294 E ArmVmp : Match on catch block at 0xc3 in for 0xa5
02-02 11:56:29.992 19294 19294 E ArmVmp : Match on catch block at 0xc3 in for 0xa5
02-02 11:56:30.002 19294 19294 E ArmVmp : Match on catch block at 0xc3 in for 0xa9
02-02 11:56:30.004 19294 19294 E ArmVmp : Match on catch block at 0xc3 in for 0xa1
02-02 11:56:30.006 19294 19294 E ArmVmp : Match on catch block at 0xc3 in for 0xa1
02-02 11:56:30.014 19294 19294 E ArmVmp : Match on catch block at 0xc3 in for 0xa5
02-02 11:56:30.017 19294 19294 E ArmVmp : Match on catch block at 0xc3 in for 0xa9
02-02 11:56:30.019 19294 19294 E ArmVmp : Match on catch block at 0xc3 in for 0xa9
02-02 11:56:30.028 19294 19294 E ArmVmp : Match on catch block at 0xc3 in for 0xa1
02-02 11:56:30.030 19294 19294 E ArmVmp : Match on catch block at 0xc3 in for 0xa5
02-02 11:56:30.033 19294 19294 E ArmVmp : Match on catch block at 0xc3 in for 0xa5
02-02 11:56:30.046 19294 19294 E ArmVmp : Match on catch block at 0xc3 in for 0xa9
02-02 11:56:30.049 19294 19294 E ArmVmp : Match on catch block at 0xc3 in for 0xa1
02-02 11:56:30.051 19294 19294 E ArmVmp : Match on catch block at 0xc3 in for 0xa1
02-02 11:56:30.062 19294 19294 E ArmVmp : Match on catch block at 0xc3 in for 0xa5
02-02 11:56:30.065 19294 19294 E ArmVmp : Match on catch block at 0xc3 in for 0xa9
02-02 11:56:30.068 19294 19294 E ArmVmp : Match on catch block at 0xc3 in for 0xa9
02-02 11:56:30.078 19294 19294 E ArmVmp : Match on catch block at 0xc3 in for 0xa1
02-02 11:56:30.081 19294 19294 E ArmVmp : Match on catch block at 0xc3 in for 0xa5
02-02 11:56:30.083 19294 19294 E ArmVmp : Match on catch block at 0xc3 in for 0xa5
02-02 11:56:30.095 19294 19294 E ArmVmp : Match on catch block at 0xc3 in for 0xa9
02-02 11:56:30.098 19294 19294 E ArmVmp : Match on catch block at 0xc3 in for 0xa1
02-02 11:56:30.100 19294 19294 E ArmVmp : Match on catch block at 0xc3 in for 0xa1
02-02 11:56:30.112 19294 19294 E ArmVmp : Match on catch block at 0xc3 in for 0xa5
02-02 11:56:30.121 19294 19294 E ArmVmp : Match on catch block at 0xc3 in for 0xa9
02-02 11:56:30.124 19294 19294 E ArmVmp : Match on catch block at 0xc3 in for 0xa9
02-02 11:56:30.131 19294 19294 E ArmVmp : Match on catch block at 0xc3 in for 0xa1
02-02 11:56:30.134 19294 19294 E ArmVmp : Match on catch block at 0xc3 in for 0xa5
02-02 11:56:30.136 19294 19294 E ArmVmp : Match on catch block at 0xc3 in for 0xa5
02-02 11:56:30.145 19294 19294 E ArmVmp : Match on catch block at 0xc3 in for 0xa9
02-02 11:56:30.148 19294 19294 E ArmVmp : Match on catch block at 0xc3 in for 0xa1
02-02 11:56:30.150 19294 19294 E ArmVmp : Match on catch block at 0xc3 in for 0xa1
02-02 11:56:30.164 19294 19294 E ArmVmp : Match on catch block at 0xc3 in for 0xa5
02-02 11:56:30.166 19294 19294 E ArmVmp : Match on catch block at 0xc3 in for 0xa9
02-02 11:56:30.168 19294 19294 E ArmVmp : Match on catch block at 0xc3 in for 0xa9
02-02 11:56:30.179 19294 19294 E ArmVmp : Match on catch block at 0xc3 in for 0xa1
02-02 11:56:30.181 19294 19294 E ArmVmp : Match on catch block at 0xc3 in for 0xa5
02-02 11:56:30.183 19294 19294 E ArmVmp : Match on catch block at 0xc3 in for 0xa5
02-02 11:56:30.195 19294 19294 E ArmVmp : Match on catch block at 0xc3 in for 0xa9
02-02 11:56:30.197 19294 19294 E ArmVmp : Match on catch block at 0xc3 in for 0xa1
02-02 11:56:30.199 19294 19294 E ArmVmp : Match on catch block at 0xc3 in for 0xa1
02-02 11:56:30.212 19294 19294 E ArmVmp : Match on catch block at 0xc3 in for 0xa1
02-02 11:56:30.215 19294 19294 E ArmVmp : Match on catch block at 0xc3 in for 0xa5
02-02 11:56:30.218 19294 19294 E ArmVmp : Match on catch block at 0xc3 in for 0xa5
02-02 11:56:30.229 19294 19294 E ArmVmp : Match on catch block at 0xc3 in for 0xa9
02-02 11:56:30.232 19294 19294 E ArmVmp : Match on catch block at 0xc3 in for 0xa1
02-02 11:56:30.234 19294 19294 E ArmVmp : Match on catch block at 0xc3 in for 0xa1
02-02 11:56:30.246 19294 19294 E ArmVmp : Match on catch block at 0xc3 in for 0xa5
02-02 11:56:30.249 19294 19294 E ArmVmp : Match on catch block at 0xc3 in for 0xa9
02-02 11:56:30.251 19294 19294 E ArmVmp : Match on catch block at 0xc3 in for 0xa9
02-02 11:56:30.262 19294 19294 E ArmVmp : Match on catch block at 0xc3 in for 0xa1
02-02 11:56:30.266 19294 19294 E ArmVmp : Match on catch block at 0xc3 in for 0xa5
02-02 11:56:30.268 19294 19294 E ArmVmp : Match on catch block at 0xc3 in for 0xa5
02-02 11:56:30.285 19294 19294 E ArmVmp : Match on catch block at 0xc3 in for 0xa9
02-02 11:56:30.288 19294 19294 E ArmVmp : Match on catch block at 0xc3 in for 0xa1
02-02 11:56:30.290 19294 19294 E ArmVmp : Match on catch block at 0xc3 in for 0xa1
02-02 11:56:30.406 19294 19294 E ArmVmp : Match on catch block at 0xc3 in for 0xa5
02-02 11:56:30.410 19294 19294 E ArmVmp : Match on catch block at 0xc3 in for 0xa9
02-02 11:56:30.413 19294 19294 E ArmVmp : Match on catch block at 0xc3 in for 0xa9
02-02 11:56:30.424 19294 19294 E ArmVmp : Match on catch block at 0xc3 in for 0xa1
02-02 11:56:30.427 19294 19294 E ArmVmp : Match on catch block at 0xc3 in for 0xa5
02-02 11:56:30.429 19294 19294 E ArmVmp : Match on catch block at 0xc3 in for 0xa5
02-02 11:56:30.440 19294 19294 E ArmVmp : Match on catch block at 0xc3 in for 0xa9
02-02 11:56:30.442 19294 19294 E ArmVmp : Match on catch block at 0xc3 in for 0xa1
02-02 11:56:30.444 19294 19294 E ArmVmp : Match on catch block at 0xc3 in for 0xa1
02-02 11:56:30.583 19294 19294 E ArmVmp : Match on catch block at 0xc3 in for 0xa5
02-02 11:56:30.587 19294 19294 E ArmVmp : Match on catch block at 0xc3 in for 0xa9
02-02 11:56:30.590 19294 19294 E ArmVmp : Match on catch block at 0xc3 in for 0xa9
02-02 11:56:30.659 19294 20658 W libEGL : EGLNativeWindowType 0xb400006fa4690de0
disconnect failed
02-02 11:56:30.675 19294 20658 W libEGL : EGLNativeWindowType 0xb400006fa4690de0
disconnect failed
02-02 11:56:30.691 19294 20658 W libEGL : EGLNativeWindowType 0xb400006fa4690de0
disconnect failed
02-02 11:56:30.708 19294 20658 W libEGL : EGLNativeWindowType 0xb400006fa4690de0
disconnect failed
02-02 11:56:30.723 19294 20658 W libEGL : EGLNativeWindowType 0xb400006fa4690de0
disconnect failed
02-02 11:56:30.726 19294 19294 E ArmVmp : Match on catch block at 0xc3 in for 0xa1
02-02 11:56:30.729 19294 19294 E ArmVmp : Match on catch block at 0xc3 in for 0xa5
02-02 11:56:30.733 19294 19294 E ArmVmp : Match on catch block at 0xc3 in for 0xa5
02-02 11:56:30.753 19294 20658 W libEGL : EGLNativeWindowType 0xb400006fa4690de0
disconnect failed
02-02 11:56:30.769 19294 20658 W libEGL : EGLNativeWindowType 0xb400006fa4690de0
disconnect failed
02-02 11:56:30.785 19294 20658 W libEGL : EGLNativeWindowType 0xb400006fa4690de0
disconnect failed
02-02 11:56:30.799 19294 20658 W libEGL : EGLNativeWindowType 0xb400006fa4690de0
disconnect failed
02-02 11:56:30.812 19294 20658 W libEGL : EGLNativeWindowType 0xb400006fa4690de0
disconnect failed
02-02 11:56:30.827 19294 20658 W libEGL : EGLNativeWindowType 0xb400006fa4690de0
disconnect failed
02-02 11:56:30.830 19294 19294 E ArmVmp : Match on catch block at 0xc3 in for 0xa9
02-02 11:56:30.833 19294 19294 E ArmVmp : Match on catch block at 0xc3 in for 0xa1
02-02 11:56:30.835 19294 19294 E ArmVmp : Match on catch block at 0xc3 in for 0xa1
02-02 11:56:30.853 19294 20658 W libEGL : EGLNativeWindowType 0xb400006fa4690de0
disconnect failed
02-02 11:56:30.873 19294 20658 W libEGL : EGLNativeWindowType 0xb400006fa4690de0
disconnect failed
02-02 11:56:30.888 19294 20658 W libEGL : EGLNativeWindowType 0xb400006fa4690de0
disconnect failed
02-02 11:56:30.903 19294 20658 W libEGL : EGLNativeWindowType 0xb400006fa4690de0
disconnect failed
02-02 11:56:30.906 19294 19294 E ArmVmp : Match on catch block at 0xc3 in for 0xa5
02-02 11:56:30.910 19294 19294 E ArmVmp : Match on catch block at 0xc3 in for 0xa9
02-02 11:56:30.912 19294 19294 E ArmVmp : Match on catch block at 0xc3 in for 0xa9
02-02 11:56:30.934 19294 20658 W libEGL : EGLNativeWindowType 0xb400006fa4690de0
disconnect failed
02-02 11:56:30.946 19294 20658 W libEGL : EGLNativeWindowType 0xb400006fa4690de0
disconnect failed
02-02 11:56:30.958 19294 20658 W libEGL : EGLNativeWindowType 0xb400006fa4690de0
disconnect failed
02-02 11:56:31.063 19294 19294 E ArmVmp : Match on catch block at 0xc3 in for 0xa5
02-02 11:56:31.066 19294 19294 E ArmVmp : Match on catch block at 0xc3 in for 0xa9
02-02 11:56:31.069 19294 19294 E ArmVmp : Match on catch block at 0xc3 in for 0xa9
02-02 11:56:31.162 19294 19294 E ArmVmp : Match on catch block at 0xc3 in for 0xa1
02-02 11:56:31.165 19294 19294 E ArmVmp : Match on catch block at 0xc3 in for 0xa5
02-02 11:56:31.167 19294 19294 E ArmVmp : Match on catch block at 0xc3 in for 0xa5
02-02 11:56:31.561 19294 19294 E ArmVmp : Match on catch block at 0xc3 in for 0xa9
02-02 11:56:31.564 19294 19294 E ArmVmp : Match on catch block at 0xc3 in for 0xa1
02-02 11:56:31.567 19294 19294 E ArmVmp : Match on catch block at 0xc3 in for 0xa1
02-02 11:56:31.859 19294 19294 E ArmVmp : Match on catch block at 0xc3 in for 0xa5
02-02 11:56:31.862 19294 19294 E ArmVmp : Match on catch block at 0xc3 in for 0xa9
02-02 11:56:31.864 19294 19294 E ArmVmp : Match on catch block at 0xc3 in for 0xa9
02-02 11:56:31.945 19294 20658 W libEGL : EGLNativeWindowType 0xb400006fa4690de0
disconnect failed
02-02 11:56:32.008 19294 19294 E ArmVmp : Match on catch block at 0xc3 in for 0xa1
02-02 11:56:32.012 19294 19294 E ArmVmp : Match on catch block at 0xc3 in for 0xa5
02-02 11:56:32.014 19294 19294 E ArmVmp : Match on catch block at 0xc3 in for 0xa5
02-02 11:56:32.025 19294 19294 E ArmVmp : Match on catch block at 0xc3 in for 0xa9
02-02 11:56:32.031 19294 19294 E ArmVmp : Match on catch block at 0xc3 in for 0xa1
02-02 11:56:32.034 19294 19294 E ArmVmp : Match on catch block at 0xc3 in for 0xa1
02-02 11:56:32.041 19294 19294 E ArmVmp : Match on catch block at 0xc3 in for 0xa5
02-02 11:56:32.045 19294 19294 E ArmVmp : Match on catch block at 0xc3 in for 0xa9
02-02 11:56:32.047 19294 19294 E ArmVmp : Match on catch block at 0xc3 in for 0xa9
02-02 11:56:32.058 19294 19294 E ArmVmp : Match on catch block at 0xc3 in for 0xa1
02-02 11:56:32.061 19294 19294 E ArmVmp : Match on catch block at 0xc3 in for 0xa5
02-02 11:56:32.063 19294 19294 E ArmVmp : Match on catch block at 0xc3 in for 0xa5
02-02 11:56:32.074 19294 19294 E ArmVmp : Match on catch block at 0xc3 in for 0xa9
02-02 11:56:32.077 19294 19294 E ArmVmp : Match on catch block at 0xc3 in for 0xa1
02-02 11:56:32.080 19294 19294 E ArmVmp : Match on catch block at 0xc3 in for 0xa1
02-02 11:56:32.091 19294 19294 E ArmVmp : Match on catch block at 0xc3 in for 0xa5
02-02 11:56:32.093 19294 19294 E ArmVmp : Match on catch block at 0xc3 in for 0xa9
02-02 11:56:32.095 19294 19294 E ArmVmp : Match on catch block at 0xc3 in for 0xa9
02-02 11:56:32.107 19294 19294 E ArmVmp : Match on catch block at 0xc3 in for 0xa1
02-02 11:56:32.110 19294 19294 E ArmVmp : Match on catch block at 0xc3 in for 0xa5
02-02 11:56:32.112 19294 19294 E ArmVmp : Match on catch block at 0xc3 in for 0xa5
02-02 11:56:32.124 19294 19294 E ArmVmp : Match on catch block at 0xc3 in for 0xa9
02-02 11:56:32.127 19294 19294 E ArmVmp : Match on catch block at 0xc3 in for 0xa1
02-02 11:56:32.128 19294 19294 E ArmVmp : Match on catch block at 0xc3 in for 0xa1
02-02 11:56:32.141 19294 19294 E ArmVmp : Match on catch block at 0xc3 in for 0xa5
02-02 11:56:32.144 19294 19294 E ArmVmp : Match on catch block at 0xc3 in for 0xa9
02-02 11:56:32.147 19294 19294 E ArmVmp : Match on catch block at 0xc3 in for 0xa9
02-02 11:56:32.157 19294 19294 E ArmVmp : Match on catch block at 0xc3 in for 0xa1
02-02 11:56:32.161 19294 19294 E ArmVmp : Match on catch block at 0xc3 in for 0xa5
02-02 11:56:32.163 19294 19294 E ArmVmp : Match on catch block at 0xc3 in for 0xa5
02-02 11:56:32.174 19294 19294 E ArmVmp : Match on catch block at 0xc3 in for 0xa9
02-02 11:56:32.178 19294 19294 E ArmVmp : Match on catch block at 0xc3 in for 0xa1
02-02 11:56:32.180 19294 19294 E ArmVmp : Match on catch block at 0xc3 in for 0xa1
02-02 11:56:32.191 19294 19294 E ArmVmp : Match on catch block at 0xc3 in for 0xa5
02-02 11:56:32.195 19294 19294 E ArmVmp : Match on catch block at 0xc3 in for 0xa9
02-02 11:56:32.198 19294 19294 E ArmVmp : Match on catch block at 0xc3 in for 0xa9
02-02 11:56:32.207 19294 19294 E ArmVmp : Match on catch block at 0xc3 in for 0xa1
02-02 11:56:32.211 19294 19294 E ArmVmp : Match on catch block at 0xc3 in for 0xa5
02-02 11:56:32.214 19294 19294 E ArmVmp : Match on catch block at 0xc3 in for 0xa5
02-02 11:56:32.223 19294 19294 E ArmVmp : Match on catch block at 0xc3 in for 0xa9
02-02 11:56:32.227 19294 19294 E ArmVmp : Match on catch block at 0xc3 in for 0xa1
02-02 11:56:32.230 19294 19294 E ArmVmp : Match on catch block at 0xc3 in for 0xa1
02-02 11:56:32.240 19294 19294 E ArmVmp : Match on catch block at 0xc3 in for 0xa5
02-02 11:56:32.244 19294 19294 E ArmVmp : Match on catch block at 0xc3 in for 0xa9
02-02 11:56:32.247 19294 19294 E ArmVmp : Match on catch block at 0xc3 in for 0xa9
