02-02 11:57:07.497 19294 19294 E ArmVmp : Match on catch block at 0xc3 in for 0xa1
02-02 11:57:07.657 19294 19294 E ArmVmp : Match on catch block at 0xc3 in for 0xa5
02-02 11:57:07.661 19294 19294 E ArmVmp : Match on catch block at 0xc3 in for 0xa9
02-02 11:57:07.663 19294 19294 E ArmVmp : Match on catch block at 0xc3 in for 0xa9
02-02 11:57:07.756 19294 19294 E ArmVmp : Match on catch block at 0xc3 in for 0xa1
02-02 11:57:07.759 19294 19294 E ArmVmp : Match on catch block at 0xc3 in for 0xa5
02-02 11:57:07.762 19294 19294 E ArmVmp : Match on catch block at 0xc3 in for 0xa5
02-02 11:57:07.839 19294 19294 E ArmVmp : Match on catch block at 0xc3 in for 0xa9
02-02 11:57:07.842 19294 19294 E ArmVmp : Match on catch block at 0xc3 in for 0xa1
02-02 11:57:07.844 19294 19294 E ArmVmp : Match on catch block at 0xc3 in for 0xa1
02-02 11:57:07.989 19294 19294 E ArmVmp : Match on catch block at 0xc3 in for 0xa5
02-02 11:57:07.992 19294 19294 E ArmVmp : Match on catch block at 0xc3 in for 0xa9
02-02 11:57:07.994 19294 19294 E ArmVmp : Match on catch block at 0xc3 in for 0xa9
02-02 11:57:08.138 19294 19294 E ArmVmp : Match on catch block at 0xc3 in for 0xa1
02-02 11:57:08.142 19294 19294 E ArmVmp : Match on catch block at 0xc3 in for 0xa5
02-02 11:57:08.145 19294 19294 E ArmVmp : Match on catch block at 0xc3 in for 0xa5
02-02 11:57:08.571 19294 19294 E ArmVmp : Match on catch block at 0xc3 in for 0xa5
02-02 11:57:08.576 19294 19294 E ArmVmp : Match on catch block at 0xc3 in for 0xa9
02-02 11:57:08.578 19294 19294 E ArmVmp : Match on catch block at 0xc3 in for 0xa9
02-02 11:57:08.604 19294 19294 E ArmVmp : Match on catch block at 0xc3 in for 0xa5
02-02 11:57:08.607 19294 19294 E ArmVmp : Match on catch block at 0xc3 in for 0xa9
02-02 11:57:08.609 19294 19294 E ArmVmp : Match on catch block at 0xc3 in for 0xa9
02-02 11:57:08.626 19294 19294 E ArmVmp : Match on catch block at 0xc3 in for 0xa1
02-02 11:57:08.629 19294 19294 E ArmVmp : Match on catch block at 0xc3 in for 0xa5
02-02 11:57:08.658 19294 19294 E ArmVmp : Match on catch block at 0xc3 in for 0xa9
02-02 11:57:08.661 19294 19294 E ArmVmp : Match on catch block at 0xc3 in for 0xa1
02-02 11:57:08.678 19294 19294 E ArmVmp : Match on catch block at 0xc3 in for 0xa1
02-02 11:57:08.680 19294 19294 E ArmVmp : Match on catch block at 0xc3 in for 0xa5
02-02 11:57:08.691 19294 19294 E ArmVmp : Match on catch block at 0xc3 in for 0xa5
02-02 11:57:08.693 19294 19294 E ArmVmp : Match on catch block at 0xc3 in for 0xa9
02-02 11:57:08.701 19294 19294 E ArmVmp : Match on catch block at 0xc3 in for 0xa5
02-02 11:57:08.704 19294 19294 E ArmVmp : Match on catch block at 0xc3 in for 0xa9
02-02 11:57:08.718 19294 19294 E ArmVmp : Match on catch block at 0xc3 in for 0xa5
02-02 11:57:08.721 19294 19294 E ArmVmp : Match on catch block at 0xc3 in for 0xa9
02-02 11:57:08.734 19294 19294 E ArmVmp : Match on catch block at 0xc3 in for 0xa5
02-02 11:57:08.738 19294 19294 E ArmVmp : Match on catch block at 0xc3 in for 0xa9
02-02 11:57:08.751 19294 19294 E ArmVmp : Match on catch block at 0xc3 in for 0xa5
02-02 11:57:08.754 19294 19294 E ArmVmp : Match on catch block at 0xc3 in for 0xa9
02-02 11:57:08.767 19294 19294 E ArmVmp : Match on catch block at 0xc3 in for 0xa5
02-02 11:57:08.770 19294 19294 E ArmVmp : Match on catch block at 0xc3 in for 0xa9
02-02 11:57:08.784 19294 19294 E ArmVmp : Match on catch block at 0xc3 in for 0xa5
02-02 11:57:08.790 19294 19294 E ArmVmp : Match on catch block at 0xc3 in for 0xa9
02-02 11:57:08.957 19294 19294 E ArmVmp : Match on catch block at 0xc3 in for 0xa1
02-02 11:57:08.960 19294 19294 E ArmVmp : Match on catch block at 0xc3 in for 0xa5
02-02 11:57:08.967 19294 20694 W MediaPlayer: Use of stream types is deprecated for
operations other than volume control
02-02 11:57:08.967 19294 20694 W MediaPlayer: See the documentation of
setAudioStreamType() for what to use instead with android.media.AudioAttributes to
qualify your playback use case
02-02 11:57:08.971 19294 19294 E ArmVmp : Match on catch block at 0xc3 in for 0xa5
02-02 11:57:08.973 19294 19294 E ArmVmp : Match on catch block at 0xc3 in for 0xa9
02-02 11:57:09.099 19294 19294 E ArmVmp : Match on catch block at 0xc3 in for 0xa5
02-02 11:57:09.102 19294 19294 E ArmVmp : Match on catch block at 0xc3 in for 0xa9
02-02 11:57:09.332 19294 19294 E ArmVmp : Match on catch block at 0xc3 in for 0xa5
02-02 11:57:09.336 19294 19294 E ArmVmp : Match on catch block at 0xc3 in for 0xa9
02-02 11:57:09.447 19294 19294 E ArmVmp : Match on catch block at 0xc3 in for 0xa9
02-02 11:57:09.449 19294 19294 E ArmVmp : Match on catch block at 0xc3 in for 0xa1
02-02 11:57:09.522 19294 19294 E ArmVmp : Match on catch block at 0xc3 in for 0xa9
02-02 11:57:09.525 19294 19294 E ArmVmp : Match on catch block at 0xc3 in for 0xa1
02-02 11:57:09.539 19294 20658 W libEGL : EGLNativeWindowType 0xb400006fa46ea480
disconnect failed
02-02 11:57:09.596 19294 19294 E ArmVmp : Match on catch block at 0xc3 in for 0xa9
02-02 11:57:09.599 19294 19294 E ArmVmp : Match on catch block at 0xc3 in for 0xa1
02-02 11:57:10.114 19294 19294 E ArmVmp : Match on catch block at 0xc3 in for 0xa9
02-02 11:57:10.120 19294 19294 E ArmVmp : Match on catch block at 0xc3 in for 0xa1
02-02 11:57:10.497 19294 19294 E ArmVmp : Match on catch block at 0xc3 in for 0xa9
02-02 11:57:10.502 19294 19294 E ArmVmp : Match on catch block at 0xc3 in for 0xa1
02-02 11:57:10.541 19294 19294 E ArmVmp : Match on catch block at 0xc3 in for 0xa1
02-02 11:57:10.544 19294 19294 E ArmVmp : Match on catch block at 0xc3 in for 0xa5
02-02 11:57:10.573 19294 19294 E ArmVmp : Match on catch block at 0xc3 in for 0xa1
02-02 11:57:10.577 19294 19294 E ArmVmp : Match on catch block at 0xc3 in for 0xa5
02-02 11:57:10.587 19294 19294 E ArmVmp : Match on catch block at 0xc3 in for 0xa5
02-02 11:57:10.589 19294 19294 E ArmVmp : Match on catch block at 0xc3 in for 0xa9
02-02 11:57:10.601 19294 19294 E ArmVmp : Match on catch block at 0xc3 in for 0xa5
02-02 11:57:10.604 19294 19294 E ArmVmp : Match on catch block at 0xc3 in for 0xa9
02-02 11:57:10.609 19294 19294 E ArmVmp : Match on catch block at 0xc3 in for 0xa5
02-02 11:57:10.613 19294 19294 E ArmVmp : Match on catch block at 0xc3 in for 0xa9
02-02 11:57:10.624 19294 19294 E ArmVmp : Match on catch block at 0xc3 in for 0xa5
02-02 11:57:10.627 19294 19294 E ArmVmp : Match on catch block at 0xc3 in for 0xa9
02-02 11:57:10.640 19294 19294 E ArmVmp : Match on catch block at 0xc3 in for 0xa5
02-02 11:57:10.645 19294 19294 E ArmVmp : Match on catch block at 0xc3 in for 0xa9
02-02 11:57:10.660 19294 19294 E ArmVmp : Match on catch block at 0xc3 in for 0xa5
02-02 11:57:10.663 19294 19294 E ArmVmp : Match on catch block at 0xc3 in for 0xa9
02-02 11:57:10.673 19294 19294 E ArmVmp : Match on catch block at 0xc3 in for 0xa5
02-02 11:57:10.677 19294 19294 E ArmVmp : Match on catch block at 0xc3 in for 0xa9
02-02 11:57:10.690 19294 19294 E ArmVmp : Match on catch block at 0xc3 in for 0xa5
02-02 11:57:10.694 19294 19294 E ArmVmp : Match on catch block at 0xc3 in for 0xa9
02-02 11:57:10.707 19294 19294 E ArmVmp : Match on catch block at 0xc3 in for 0xa5
02-02 11:57:10.710 19294 19294 E ArmVmp : Match on catch block at 0xc3 in for 0xa9
02-02 11:57:10.734 19294 19294 E ArmVmp : Match on catch block at 0xc3 in for 0xa1
02-02 11:57:10.738 19294 19294 E ArmVmp : Match on catch block at 0xc3 in for 0xa5
02-02 11:57:10.751 19294 19294 E ArmVmp : Match on catch block at 0xc3 in for 0xa1
02-02 11:57:10.754 19294 19294 E ArmVmp : Match on catch block at 0xc3 in for 0xa5
02-02 11:57:10.760 19294 19294 E ArmVmp : Match on catch block at 0xc3 in for 0xa1
02-02 11:57:10.763 19294 19294 E ArmVmp : Match on catch block at 0xc3 in for 0xa5
02-02 11:57:11.106 19294 19294 E ArmVmp : Match on catch block at 0xc3 in for 0xa1
02-02 11:57:11.110 19294 19294 E ArmVmp : Match on catch block at 0xc3 in for 0xa5
02-02 11:57:11.129 19294 19294 E ArmVmp : Match on catch block at 0xc3 in for 0xa5
02-02 11:57:11.133 19294 19294 E ArmVmp : Match on catch block at 0xc3 in for 0xa9
02-02 11:57:11.147 19294 19294 E ArmVmp : Match on catch block at 0xc3 in for 0xa5
02-02 11:57:11.150 19294 19294 E ArmVmp : Match on catch block at 0xc3 in for 0xa9
02-02 11:57:11.175 19294 19294 E ArmVmp : Match on catch block at 0xc3 in for 0xa1
02-02 11:57:11.178 19294 19294 E ArmVmp : Match on catch block at 0xc3 in for 0xa5
02-02 11:57:11.193 19294 19294 E ArmVmp : Match on catch block at 0xc3 in for 0xa9
02-02 11:57:11.197 19294 19294 E ArmVmp : Match on catch block at 0xc3 in for 0xa1
02-02 11:57:11.207 19294 19294 E ArmVmp : Match on catch block at 0xc3 in for 0xa9
02-02 11:57:11.210 19294 19294 E ArmVmp : Match on catch block at 0xc3 in for 0xa1
02-02 11:57:11.221 19294 19294 E ArmVmp : Match on catch block at 0xc3 in for 0xa9
02-02 11:57:11.224 19294 19294 E ArmVmp : Match on catch block at 0xc3 in for 0xa1
02-02 11:57:11.237 19294 19294 E ArmVmp : Match on catch block at 0xc3 in for 0xa9
02-02 11:57:11.242 19294 19294 E ArmVmp : Match on catch block at 0xc3 in for 0xa1
02-02 11:57:11.253 19294 19294 E ArmVmp : Match on catch block at 0xc3 in for 0xa9
02-02 11:57:11.256 19294 19294 E ArmVmp : Match on catch block at 0xc3 in for 0xa1
02-02 11:57:11.270 19294 19294 E ArmVmp : Match on catch block at 0xc3 in for 0xa9
02-02 11:57:11.275 19294 19294 E ArmVmp : Match on catch block at 0xc3 in for 0xa1
02-02 11:57:11.287 19294 19294 E ArmVmp : Match on catch block at 0xc3 in for 0xa9
02-02 11:57:11.291 19294 19294 E ArmVmp : Match on catch block at 0xc3 in for 0xa1
02-02 11:57:11.303 19294 19294 E ArmVmp : Match on catch block at 0xc3 in for 0xa9
02-02 11:57:11.306 19294 19294 E ArmVmp : Match on catch block at 0xc3 in for 0xa1
02-02 11:57:11.320 19294 19294 E ArmVmp : Match on catch block at 0xc3 in for 0xa9
02-02 11:57:11.325 19294 19294 E ArmVmp : Match on catch block at 0xc3 in for 0xa1
02-02 11:57:11.441 19294 19294 E ArmVmp : Match on catch block at 0xc3 in for 0xa5
02-02 11:57:11.445 19294 19294 E ArmVmp : Match on catch block at 0xc3 in for 0xa9
02-02 11:57:11.450 19294 20694 W MediaPlayer: Use of stream types is deprecated for
operations other than volume control
02-02 11:57:11.450 19294 20694 W MediaPlayer: See the documentation of
setAudioStreamType() for what to use instead with android.media.AudioAttributes to
qualify your playback use case
02-02 11:57:11.459 19294 19294 E ArmVmp : Match on catch block at 0xc3 in for 0xa5
02-02 11:57:11.462 19294 19294 E ArmVmp : Match on catch block at 0xc3 in for 0xa9
02-02 11:57:11.605 19294 19294 E ArmVmp : Match on catch block at 0xc3 in for 0xa1
02-02 11:57:11.608 19294 19294 E ArmVmp : Match on catch block at 0xc3 in for 0xa5
02-02 11:57:11.618 19294 19294 E ArmVmp : Match on catch block at 0xc3 in for 0xa1
02-02 11:57:11.622 19294 19294 E ArmVmp : Match on catch block at 0xc3 in for 0xa5
02-02 11:57:11.637 19294 20658 W libEGL : EGLNativeWindowType 0xb400006fa46ea480
disconnect failed
02-02 11:57:11.668 19294 19294 E ArmVmp : Match on catch block at 0xc3 in for 0xa9
02-02 11:57:11.671 19294 19294 E ArmVmp : Match on catch block at 0xc3 in for 0xa1
02-02 11:57:11.678 19294 19294 E ArmVmp : Match on catch block at 0xc3 in for 0xa9
02-02 11:57:11.681 19294 19294 E ArmVmp : Match on catch block at 0xc3 in for 0xa1
02-02 11:57:11.751 19294 19294 E ArmVmp : Match on catch block at 0xc3 in for 0xa1
02-02 11:57:11.754 19294 19294 E ArmVmp : Match on catch block at 0xc3 in for 0xa5
02-02 11:57:11.805 19294 19294 E ArmVmp : Match on catch block at 0xc3 in for 0xa9
02-02 11:57:11.808 19294 19294 E ArmVmp : Match on catch block at 0xc3 in for 0xa1
02-02 11:57:11.986 19294 19294 E ArmVmp : Match on catch block at 0xc3 in for 0xa5
02-02 11:57:11.989 19294 19294 E ArmVmp : Match on catch block at 0xc3 in for 0xa9
02-02 11:57:12.077 19294 19294 E ArmVmp : Match on catch block at 0xc3 in for 0xa9
02-02 11:57:12.079 19294 19294 E ArmVmp : Match on catch block at 0xc3 in for 0xa1
02-02 11:57:12.103 19294 19294 E ArmVmp : Match on catch block at 0xc3 in for 0xa1
02-02 11:57:12.106 19294 19294 E ArmVmp : Match on catch block at 0xc3 in for 0xa5
02-02 11:57:12.400 19294 20658 W libEGL : EGLNativeWindowType 0xb400006fa4723c30
disconnect failed
02-02 11:57:12.408 19294 19294 E ArmVmp : Match on catch block at 0xc3 in for 0xa1
02-02 11:57:12.412 19294 19294 E ArmVmp : Match on catch block at 0xc3 in for 0xa5
02-02 11:57:13.490 19294 19294 E ArmVmp : Match on catch block at 0x0a in for 0xc9
02-02 11:57:13.492 19294 19294 E ArmVmp : Match on catch block at 0x0a in for 0xc5
02-02 11:57:13.657 19294 19294 E ArmVmp : Match on catch block at 0xc3 in for 0xb5
02-02 11:57:13.663 19294 19294 E ArmVmp : Match on catch block at 0xc3 in for 0xb5
02-02 11:57:13.702 19294 19294 E ArmVmp : Match on catch block at 0xc3 in for 0xa9
02-02 11:57:13.705 19294 19294 E ArmVmp : Match on catch block at 0xc3 in for 0xa1
02-02 11:57:13.708 19294 19294 E ArmVmp : Match on catch block at 0xc3 in for 0xa1
02-02 11:57:13.734 19294 19294 E ArmVmp : Match on catch block at 0xc3 in for 0xa9
02-02 11:57:13.736 19294 19294 E ArmVmp : Match on catch block at 0xc3 in for 0xa1
02-02 11:57:13.738 19294 19294 E ArmVmp : Match on catch block at 0xc3 in for 0xa1
02-02 11:57:13.764 19294 19294 E ArmVmp : Match on catch block at 0xc3 in for 0xa1
02-02 11:57:13.767 19294 19294 E ArmVmp : Match on catch block at 0xc3 in for 0xa5
02-02 11:57:13.769 19294 19294 E ArmVmp : Match on catch block at 0xc3 in for 0xa5
02-02 11:57:14.126 19294 20658 W libEGL : EGLNativeWindowType 0xb400006fa474a150
disconnect failed
02-02 11:57:14.255 19294 19294 E ArmVmp : Match on catch block at 0xc3 in for 0xa9
02-02 11:57:14.258 19294 19294 E ArmVmp : Match on catch block at 0xc3 in for 0xa1
02-02 11:57:14.261 19294 19294 E ArmVmp : Match on catch block at 0xc3 in for 0xa1
02-02 11:57:14.300 19294 19294 E ArmVmp : Match on catch block at 0xc3 in for 0xa9
02-02 11:57:14.303 19294 19294 E ArmVmp : Match on catch block at 0xc3 in for 0xa1
02-02 11:57:14.306 19294 19294 E ArmVmp : Match on catch block at 0xc3 in for 0xa1
02-02 11:57:14.312 19294 19294 E ArmVmp : Match on catch block at 0xc3 in for 0xa5
02-02 11:57:14.317 19294 19294 E ArmVmp : Match on catch block at 0xc3 in for 0xa9
02-02 11:57:14.321 19294 19294 E ArmVmp : Match on catch block at 0xc3 in for 0xa9
02-02 11:57:14.327 19294 19294 E ArmVmp : Match on catch block at 0xc3 in for 0xa1
02-02 11:57:14.330 19294 19294 E ArmVmp : Match on catch block at 0xc3 in for 0xa5
02-02 11:57:14.332 19294 19294 E ArmVmp : Match on catch block at 0xc3 in for 0xa5
02-02 11:57:14.336 19294 19294 E ArmVmp : Match on catch block at 0xc3 in for 0xa9
02-02 11:57:14.339 19294 19294 E ArmVmp : Match on catch block at 0xc3 in for 0xa1
02-02 11:57:14.342 19294 19294 E ArmVmp : Match on catch block at 0xc3 in for 0xa1
02-02 11:57:14.353 19294 19294 E ArmVmp : Match on catch block at 0xc3 in for 0xa5
02-02 11:57:14.356 19294 19294 E ArmVmp : Match on catch block at 0xc3 in for 0xa9
02-02 11:57:14.359 19294 19294 E ArmVmp : Match on catch block at 0xc3 in for 0xa9
02-02 11:57:14.379 19294 19294 E ArmVmp : Match on catch block at 0xc3 in for 0xa9
02-02 11:57:14.382 19294 19294 E ArmVmp : Match on catch block at 0xc3 in for 0xa1
02-02 11:57:14.385 19294 19294 E ArmVmp : Match on catch block at 0xc3 in for 0xa1
02-02 11:57:14.400 19294 19294 E ArmVmp : Match on catch block at 0xc3 in for 0xa5
02-02 11:57:14.401 19294 20658 W libEGL : EGLNativeWindowType 0xb400006fa4728050
disconnect failed
02-02 11:57:14.404 19294 19294 E ArmVmp : Match on catch block at 0xc3 in for 0xa9
02-02 11:57:14.406 19294 19294 E ArmVmp : Match on catch block at 0xc3 in for 0xa9
02-02 11:57:14.419 19294 19294 E ArmVmp : Match on catch block at 0xc3 in for 0xa1
02-02 11:57:14.421 19294 19294 E ArmVmp : Match on catch block at 0xc3 in for 0xa5
02-02 11:57:14.423 19294 19294 E ArmVmp : Match on catch block at 0xc3 in for 0xa5
02-02 11:57:14.435 19294 19294 E ArmVmp : Match on catch block at 0xc3 in for 0xa9
02-02 11:57:14.438 19294 19294 E ArmVmp : Match on catch block at 0xc3 in for 0xa1
02-02 11:57:14.440 19294 19294 E ArmVmp : Match on catch block at 0xc3 in for 0xa1
02-02 11:57:14.452 19294 19294 E ArmVmp : Match on catch block at 0xc3 in for 0xa5
02-02 11:57:14.454 19294 19294 E ArmVmp : Match on catch block at 0xc3 in for 0xa9
02-02 11:57:14.456 19294 19294 E ArmVmp : Match on catch block at 0xc3 in for 0xa9
02-02 11:57:14.469 19294 19294 E ArmVmp : Match on catch block at 0xc3 in for 0xa1
02-02 11:57:14.471 19294 19294 E ArmVmp : Match on catch block at 0xc3 in for 0xa5
02-02 11:57:14.474 19294 19294 E ArmVmp : Match on catch block at 0xc3 in for 0xa5
02-02 11:57:14.486 19294 19294 E ArmVmp : Match on catch block at 0xc3 in for 0xa9
02-02 11:57:14.489 19294 19294 E ArmVmp : Match on catch block at 0xc3 in for 0xa1
02-02 11:57:14.491 19294 19294 E ArmVmp : Match on catch block at 0xc3 in for 0xa1
02-02 11:57:14.502 19294 19294 E ArmVmp : Match on catch block at 0xc3 in for 0xa5
02-02 11:57:14.505 19294 19294 E ArmVmp : Match on catch block at 0xc3 in for 0xa9
02-02 11:57:14.507 19294 19294 E ArmVmp : Match on catch block at 0xc3 in for 0xa9
02-02 11:57:14.518 19294 19294 E ArmVmp : Match on catch block at 0xc3 in for 0xa1
02-02 11:57:14.521 19294 19294 E ArmVmp : Match on catch block at 0xc3 in for 0xa5
02-02 11:57:14.524 19294 19294 E ArmVmp : Match on catch block at 0xc3 in for 0xa5
02-02 11:57:14.535 19294 19294 E ArmVmp : Match on catch block at 0xc3 in for 0xa9
02-02 11:57:14.538 19294 19294 E ArmVmp : Match on catch block at 0xc3 in for 0xa1
02-02 11:57:14.541 19294 19294 E ArmVmp : Match on catch block at 0xc3 in for 0xa1
02-02 11:57:14.551 19294 19294 E ArmVmp : Match on catch block at 0xc3 in for 0xa5
02-02 11:57:14.554 19294 19294 E ArmVmp : Match on catch block at 0xc3 in for 0xa9
02-02 11:57:14.556 19294 19294 E ArmVmp : Match on catch block at 0xc3 in for 0xa9
02-02 11:57:14.568 19294 19294 E ArmVmp : Match on catch block at 0xc3 in for 0xa1
02-02 11:57:14.571 19294 19294 E ArmVmp : Match on catch block at 0xc3 in for 0xa5
02-02 11:57:14.573 19294 19294 E ArmVmp : Match on catch block at 0xc3 in for 0xa5
02-02 11:57:14.585 19294 19294 E ArmVmp : Match on catch block at 0xc3 in for 0xa9
02-02 11:57:14.588 19294 19294 E ArmVmp : Match on catch block at 0xc3 in for 0xa1
02-02 11:57:14.591 19294 19294 E ArmVmp : Match on catch block at 0xc3 in for 0xa1
02-02 11:57:14.602 19294 19294 E ArmVmp : Match on catch block at 0xc3 in for 0xa5
02-02 11:57:14.605 19294 19294 E ArmVmp : Match on catch block at 0xc3 in for 0xa9
02-02 11:57:14.608 19294 19294 E ArmVmp : Match on catch block at 0xc3 in for 0xa9
02-02 11:57:14.619 19294 19294 E ArmVmp : Match on catch block at 0xc3 in for 0xa1
02-02 11:57:14.622 19294 19294 E ArmVmp : Match on catch block at 0xc3 in for 0xa5
02-02 11:57:14.625 19294 19294 E ArmVmp : Match on catch block at 0xc3 in for 0xa5
02-02 11:57:14.635 19294 19294 E ArmVmp : Match on catch block at 0xc3 in for 0xa9
02-02 11:57:14.639 19294 19294 E ArmVmp : Match on catch block at 0xc3 in for 0xa1
02-02 11:57:14.641 19294 19294 E ArmVmp : Match on catch block at 0xc3 in for 0xa1
02-02 11:57:14.768 19294 19294 E ArmVmp : Match on catch block at 0xc3 in for 0xa5
02-02 11:57:14.771 19294 19294 E ArmVmp : Match on catch block at 0xc3 in for 0xa9
02-02 11:57:14.774 19294 19294 E ArmVmp : Match on catch block at 0xc3 in for 0xa9
02-02 11:57:14.907 19294 19294 E ArmVmp : Match on catch block at 0xc3 in for 0xa5
02-02 11:57:14.910 19294 19294 E ArmVmp : Match on catch block at 0xc3 in for 0xa9
02-02 11:57:14.913 19294 19294 E ArmVmp : Match on catch block at 0xc3 in for 0xa9
02-02 11:57:14.925 19294 19294 E ArmVmp : Match on catch block at 0xc3 in for 0xa9
02-02 11:57:14.927 19294 19294 E ArmVmp : Match on catch block at 0xc3 in for 0xa1
02-02 11:57:14.929 19294 19294 E ArmVmp : Match on catch block at 0xc3 in for 0xa1
02-02 11:57:14.933 19294 19294 E ArmVmp : Match on catch block at 0xc3 in for 0xa5
02-02 11:57:14.935 19294 19294 E ArmVmp : Match on catch block at 0xc3 in for 0xa9
02-02 11:57:14.937 19294 19294 E ArmVmp : Match on catch block at 0xc3 in for 0xa9
02-02 11:57:14.949 19294 19294 E ArmVmp : Match on catch block at 0xc3 in for 0xa1
02-02 11:57:14.952 19294 19294 E ArmVmp : Match on catch block at 0xc3 in for 0xa5
02-02 11:57:14.953 19294 19294 E ArmVmp : Match on catch block at 0xc3 in for 0xa5
02-02 11:57:14.966 19294 19294 E ArmVmp : Match on catch block at 0xc3 in for 0xa9
02-02 11:57:14.970 19294 19294 E ArmVmp : Match on catch block at 0xc3 in for 0xa1
02-02 11:57:14.972 19294 19294 E ArmVmp : Match on catch block at 0xc3 in for 0xa1
02-02 11:57:14.982 19294 19294 E ArmVmp : Match on catch block at 0xc3 in for 0xa5
02-02 11:57:14.985 19294 19294 E ArmVmp : Match on catch block at 0xc3 in for 0xa9
02-02 11:57:14.987 19294 19294 E ArmVmp : Match on catch block at 0xc3 in for 0xa9
02-02 11:57:14.999 19294 19294 E ArmVmp : Match on catch block at 0xc3 in for 0xa1
02-02 11:57:15.001 19294 19294 E ArmVmp : Match on catch block at 0xc3 in for 0xa5
02-02 11:57:15.004 19294 19294 E ArmVmp : Match on catch block at 0xc3 in for 0xa5
02-02 11:57:15.016 19294 19294 E ArmVmp : Match on catch block at 0xc3 in for 0xa9
02-02 11:57:15.019 19294 19294 E ArmVmp : Match on catch block at 0xc3 in for 0xa1
02-02 11:57:15.020 19294 19294 E ArmVmp : Match on catch block at 0xc3 in for 0xa1
02-02 11:57:15.037 19294 19294 E ArmVmp : Match on catch block at 0xc3 in for 0xa5
02-02 11:57:15.040 19294 19294 E ArmVmp : Match on catch block at 0xc3 in for 0xa9
02-02 11:57:15.043 19294 19294 E ArmVmp : Match on catch block at 0xc3 in for 0xa9
02-02 11:57:15.049 19294 19294 E ArmVmp : Match on catch block at 0xc3 in for 0xa1
02-02 11:57:15.053 19294 19294 E ArmVmp : Match on catch block at 0xc3 in for 0xa5
02-02 11:57:15.056 19294 19294 E ArmVmp : Match on catch block at 0xc3 in for 0xa5
02-02 11:57:15.066 19294 19294 E ArmVmp : Match on catch block at 0xc3 in for 0xa9
02-02 11:57:15.069 19294 19294 E ArmVmp : Match on catch block at 0xc3 in for 0xa1
02-02 11:57:15.071 19294 19294 E ArmVmp : Match on catch block at 0xc3 in for 0xa1
02-02 11:57:15.082 19294 19294 E ArmVmp : Match on catch block at 0xc3 in for 0xa5
02-02 11:57:15.086 19294 19294 E ArmVmp : Match on catch block at 0xc3 in for 0xa9
02-02 11:57:15.090 19294 19294 E ArmVmp : Match on catch block at 0xc3 in for 0xa9
02-02 11:57:15.099 19294 19294 E ArmVmp : Match on catch block at 0xc3 in for 0xa1
02-02 11:57:15.102 19294 19294 E ArmVmp : Match on catch block at 0xc3 in for 0xa5
02-02 11:57:15.104 19294 19294 E ArmVmp : Match on catch block at 0xc3 in for 0xa5
02-02 11:57:15.181 19294 19294 E ArmVmp : Match on catch block at 0xc3 in for 0xa9
02-02 11:57:15.185 19294 19294 E ArmVmp : Match on catch block at 0xc3 in for 0xa1
02-02 11:57:15.187 19294 19294 E ArmVmp : Match on catch block at 0xc3 in for 0xa1
02-02 11:57:15.347 19294 19294 E ArmVmp : Match on catch block at 0xc3 in for 0xa5
02-02 11:57:15.350 19294 19294 E ArmVmp : Match on catch block at 0xc3 in for 0xa9
02-02 11:57:15.353 19294 19294 E ArmVmp : Match on catch block at 0xc3 in for 0xa9
02-02 11:57:15.480 19294 19294 E ArmVmp : Match on catch block at 0xc3 in for 0xa1
02-02 11:57:15.483 19294 19294 E ArmVmp : Match on catch block at 0xc3 in for 0xa5
02-02 11:57:15.486 19294 19294 E ArmVmp : Match on catch block at 0xc3 in for 0xa5
02-02 11:57:15.978 19294 19294 E ArmVmp : Match on catch block at 0xc3 in for 0xa9
02-02 11:57:15.981 19294 19294 E ArmVmp : Match on catch block at 0xc3 in for 0xa1
02-02 11:57:15.985 19294 19294 E ArmVmp : Match on catch block at 0xc3 in for 0xa1
02-02 11:57:15.993 19294 19294 E ArmVmp : Match on catch block at 0xc3 in for 0xa5
02-02 11:57:15.996 19294 19294 E ArmVmp : Match on catch block at 0xc3 in for 0xa9
02-02 11:57:15.998 19294 19294 E ArmVmp : Match on catch block at 0xc3 in for 0xa9
02-02 11:57:16.011 19294 19294 E ArmVmp : Match on catch block at 0xc3 in for 0xa1
02-02 11:57:16.015 19294 19294 E ArmVmp : Match on catch block at 0xc3 in for 0xa5
02-02 11:57:16.017 19294 19294 E ArmVmp : Match on catch block at 0xc3 in for 0xa5
02-02 11:57:16.027 19294 19294 E ArmVmp : Match on catch block at 0xc3 in for 0xa9
02-02 11:57:16.032 19294 19294 E ArmVmp : Match on catch block at 0xc3 in for 0xa1
02-02 11:57:16.035 19294 19294 E ArmVmp : Match on catch block at 0xc3 in for 0xa1
02-02 11:57:16.044 19294 19294 E ArmVmp : Match on catch block at 0xc3 in for 0xa5
02-02 11:57:16.048 19294 19294 E ArmVmp : Match on catch block at 0xc3 in for 0xa9
02-02 11:57:16.051 19294 19294 E ArmVmp : Match on catch block at 0xc3 in for 0xa9
02-02 11:57:16.060 19294 19294 E ArmVmp : Match on catch block at 0xc3 in for 0xa1
02-02 11:57:16.064 19294 19294 E ArmVmp : Match on catch block at 0xc3 in for 0xa5
02-02 11:57:16.067 19294 19294 E ArmVmp : Match on catch block at 0xc3 in for 0xa5
02-02 11:57:16.077 19294 19294 E ArmVmp : Match on catch block at 0xc3 in for 0xa9
02-02 11:57:16.081 19294 19294 E ArmVmp : Match on catch block at 0xc3 in for 0xa1
02-02 11:57:16.084 19294 19294 E ArmVmp : Match on catch block at 0xc3 in for 0xa1
02-02 11:57:16.094 19294 19294 E ArmVmp : Match on catch block at 0xc3 in for 0xa5
02-02 11:57:16.098 19294 19294 E ArmVmp : Match on catch block at 0xc3 in for 0xa9
02-02 11:57:16.101 19294 19294 E ArmVmp : Match on catch block at 0xc3 in for 0xa9
02-02 11:57:16.110 19294 19294 E ArmVmp : Match on catch block at 0xc3 in for 0xa1
02-02 11:57:16.114 19294 19294 E ArmVmp : Match on catch block at 0xc3 in for 0xa5
02-02 11:57:16.117 19294 19294 E ArmVmp : Match on catch block at 0xc3 in for 0xa5
02-02 11:57:16.127 19294 19294 E ArmVmp : Match on catch block at 0xc3 in for 0xa9
02-02 11:57:16.131 19294 19294 E ArmVmp : Match on catch block at 0xc3 in for 0xa1
02-02 11:57:16.133 19294 19294 E ArmVmp : Match on catch block at 0xc3 in for 0xa1
02-02 11:57:16.143 19294 19294 E ArmVmp : Match on catch block at 0xc3 in for 0xa5
02-02 11:57:16.147 19294 19294 E ArmVmp : Match on catch block at 0xc3 in for 0xa9
02-02 11:57:16.149 19294 19294 E ArmVmp : Match on catch block at 0xc3 in for 0xa9
02-02 11:57:16.159 19294 19294 E ArmVmp : Match on catch block at 0xc3 in for 0xa1
02-02 11:57:16.164 19294 19294 E ArmVmp : Match on catch block at 0xc3 in for 0xa5
02-02 11:57:16.166 19294 19294 E ArmVmp : Match on catch block at 0xc3 in for 0xa5
02-02 11:57:16.176 19294 19294 E ArmVmp : Match on catch block at 0xc3 in for 0xa9
02-02 11:57:16.180 19294 19294 E ArmVmp : Match on catch block at 0xc3 in for 0xa1
02-02 11:57:16.183 19294 19294 E ArmVmp : Match on catch block at 0xc3 in for 0xa1
02-02 11:57:16.192 19294 19294 E ArmVmp : Match on catch block at 0xc3 in for 0xa5
02-02 11:57:16.196 19294 19294 E ArmVmp : Match on catch block at 0xc3 in for 0xa9
02-02 11:57:16.198 19294 19294 E ArmVmp : Match on catch block at 0xc3 in for 0xa9
02-02 11:57:16.209 19294 19294 E ArmVmp : Match on catch block at 0xc3 in for 0xa1
02-02 11:57:16.213 19294 19294 E ArmVmp : Match on catch block at 0xc3 in for 0xa5
02-02 11:57:16.215 19294 19294 E ArmVmp : Match on catch block at 0xc3 in for 0xa5
02-02 11:57:16.226 19294 19294 E ArmVmp : Match on catch block at 0xc3 in for 0xa9
02-02 11:57:16.229 19294 19294 E ArmVmp : Match on catch block at 0xc3 in for 0xa1
02-02 11:57:16.231 19294 19294 E ArmVmp : Match on catch block at 0xc3 in for 0xa1
02-02 11:57:16.242 19294 19294 E ArmVmp : Match on catch block at 0xc3 in for 0xa5
02-02 11:57:16.246 19294 19294 E ArmVmp : Match on catch block at 0xc3 in for 0xa9
02-02 11:57:16.248 19294 19294 E ArmVmp : Match on catch block at 0xc3 in for 0xa9
02-02 11:57:16.259 19294 19294 E ArmVmp : Match on catch block at 0xc3 in for 0xa1
02-02 11:57:16.262 19294 19294 E ArmVmp : Match on catch block at 0xc3 in for 0xa5
02-02 11:57:16.265 19294 19294 E ArmVmp : Match on catch block at 0xc3 in for 0xa5
02-02 11:57:16.475 19294 19294 E ArmVmp : Match on catch block at 0xc3 in for 0xa9
02-02 11:57:16.480 19294 19294 E ArmVmp : Match on catch block at 0xc3 in for 0xa1
02-02 11:57:16.483 19294 19294 E ArmVmp : Match on catch block at 0xc3 in for 0xa1
02-02 11:57:16.972 19294 19294 E ArmVmp : Match on catch block at 0xc3 in for 0xa1
02-02 11:57:16.976 19294 19294 E ArmVmp : Match on catch block at 0xc3 in for 0xa5
02-02 11:57:16.978 19294 19294 E ArmVmp : Match on catch block at 0xc3 in for 0xa5
02-02 11:57:17.441 19294 19294 E ArmVmp : Match on catch block at 0xc3 in for 0xa5
02-02 11:57:17.445 19294 19294 E ArmVmp : Match on catch block at 0xc3 in for 0xa9
02-02 11:57:17.448 19294 19294 E ArmVmp : Match on catch block at 0xc3 in for 0xa9
02-02 11:57:17.454 19294 19294 E ArmVmp : Match on catch block at 0xc3 in for 0xa1
02-02 11:57:17.458 19294 19294 E ArmVmp : Match on catch block at 0xc3 in for 0xa5
02-02 11:57:17.461 19294 19294 E ArmVmp : Match on catch block at 0xc3 in for 0xa5
02-02 11:57:17.469 19294 19294 E ArmVmp : Match on catch block at 0xc3 in for 0xa9
02-02 11:57:17.472 19294 19294 E ArmVmp : Match on catch block at 0xc3 in for 0xa1
02-02 11:57:17.475 19294 19294 E ArmVmp : Match on catch block at 0xc3 in for 0xa1
02-02 11:57:17.966 19294 19294 E ArmVmp : Match on catch block at 0xc3 in for 0xa5
02-02 11:57:17.968 19294 19294 E ArmVmp : Match on catch block at 0xc3 in for 0xa9
02-02 11:57:17.970 19294 19294 E ArmVmp : Match on catch block at 0xc3 in for 0xa9
02-02 11:57:18.215 19294 19294 E ArmVmp : Match on catch block at 0xc3 in for 0xa1
02-02 11:57:18.219 19294 19294 E ArmVmp : Match on catch block at 0xc3 in for 0xa5
02-02 11:57:18.221 19294 19294 E ArmVmp : Match on catch block at 0xc3 in for 0xa5
02-02 11:57:18.430 19294 19294 E ArmVmp : Match on catch block at 0xc3 in for 0xa9
02-02 11:57:18.433 19294 19294 E ArmVmp : Match on catch block at 0xc3 in for 0xa1
02-02 11:57:18.435 19294 19294 E ArmVmp : Match on catch block at 0xc3 in for 0xa1
02-02 11:57:18.516 19294 19294 E ArmVmp : Match on catch block at 0xc3 in for 0xa9
02-02 11:57:18.520 19294 19294 E ArmVmp : Match on catch block at 0xc3 in for 0xa1
02-02 11:57:18.523 19294 19294 E ArmVmp : Match on catch block at 0xc3 in for 0xa1
02-02 11:57:18.532 19294 19294 E ArmVmp : Match on catch block at 0xc3 in for 0xa5
02-02 11:57:18.535 19294 19294 E ArmVmp : Match on catch block at 0xc3 in for 0xa9
02-02 11:57:18.538 19294 19294 E ArmVmp : Match on catch block at 0xc3 in for 0xa9
02-02 11:57:18.695 19294 19294 E ArmVmp : Match on catch block at 0xc3 in for 0xa1
02-02 11:57:18.699 19294 19294 E ArmVmp : Match on catch block at 0xc3 in for 0xa5
02-02 11:57:18.701 19294 19294 E ArmVmp : Match on catch block at 0xc3 in for 0xa5
02-02 11:57:18.778 19294 19294 E ArmVmp : Match on catch block at 0xc3 in for 0xa9
02-02 11:57:18.782 19294 19294 E ArmVmp : Match on catch block at 0xc3 in for 0xa1
02-02 11:57:18.784 19294 19294 E ArmVmp : Match on catch block at 0xc3 in for 0xa1
02-02 11:57:18.993 19294 19294 E ArmVmp : Match on catch block at 0xc3 in for 0xa5
02-02 11:57:18.996 19294 19294 E ArmVmp : Match on catch block at 0xc3 in for 0xa9
02-02 11:57:18.998 19294 19294 E ArmVmp : Match on catch block at 0xc3 in for 0xa9
02-02 11:57:19.192 19294 19294 E ArmVmp : Match on catch block at 0xc3 in for 0xa1
02-02 11:57:19.194 19294 19294 E ArmVmp : Match on catch block at 0xc3 in for 0xa5
02-02 11:57:19.197 19294 19294 E ArmVmp : Match on catch block at 0xc3 in for 0xa5
02-02 11:57:19.673 19294 19294 E ArmVmp : Match on catch block at 0xc3 in for 0xa9
02-02 11:57:19.676 19294 19294 E ArmVmp : Match on catch block at 0xc3 in for 0xa1
02-02 11:57:19.679 19294 19294 E ArmVmp : Match on catch block at 0xc3 in for 0xa1
02-02 11:57:19.905 19294 19294 E ArmVmp : Match on catch block at 0xc3 in for 0xa5
02-02 11:57:19.908 19294 19294 E ArmVmp : Match on catch block at 0xc3 in for 0xa9
02-02 11:57:19.911 19294 19294 E ArmVmp : Match on catch block at 0xc3 in for 0xa9
02-02 11:57:20.120 19294 19294 E ArmVmp : Match on catch block at 0xc3 in for 0xa1
02-02 11:57:20.125 19294 19294 E ArmVmp : Match on catch block at 0xc3 in for 0xa5
02-02 11:57:20.127 19294 19294 E ArmVmp : Match on catch block at 0xc3 in for 0xa5
02-02 11:57:20.137 19294 19294 E ArmVmp : Match on catch block at 0xc3 in for 0xa9
02-02 11:57:20.140 19294 19294 E ArmVmp : Match on catch block at 0xc3 in for 0xa1
02-02 11:57:20.142 19294 19294 E ArmVmp : Match on catch block at 0xc3 in for 0xa1
02-02 11:57:20.154 19294 19294 E ArmVmp : Match on catch block at 0xc3 in for 0xa5
02-02 11:57:20.158 19294 19294 E ArmVmp : Match on catch block at 0xc3 in for 0xa9
02-02 11:57:20.161 19294 19294 E ArmVmp : Match on catch block at 0xc3 in for 0xa9
02-02 11:57:20.171 19294 19294 E ArmVmp : Match on catch block at 0xc3 in for 0xa1
02-02 11:57:20.174 19294 19294 E ArmVmp : Match on catch block at 0xc3 in for 0xa5
02-02 11:57:20.177 19294 19294 E ArmVmp : Match on catch block at 0xc3 in for 0xa5
02-02 11:57:20.187 19294 19294 E ArmVmp : Match on catch block at 0xc3 in for 0xa9
02-02 11:57:20.191 19294 19294 E ArmVmp : Match on catch block at 0xc3 in for 0xa1
02-02 11:57:20.194 19294 19294 E ArmVmp : Match on catch block at 0xc3 in for 0xa1
02-02 11:57:20.204 19294 19294 E ArmVmp : Match on catch block at 0xc3 in for 0xa5
02-02 11:57:20.208 19294 19294 E ArmVmp : Match on catch block at 0xc3 in for 0xa9
02-02 11:57:20.211 19294 19294 E ArmVmp : Match on catch block at 0xc3 in for 0xa9
02-02 11:57:20.220 19294 19294 E ArmVmp : Match on catch block at 0xc3 in for 0xa1
02-02 11:57:20.225 19294 19294 E ArmVmp : Match on catch block at 0xc3 in for 0xa5
02-02 11:57:20.227 19294 19294 E ArmVmp : Match on catch block at 0xc3 in for 0xa5
02-02 11:57:20.237 19294 19294 E ArmVmp : Match on catch block at 0xc3 in for 0xa9
02-02 11:57:20.241 19294 19294 E ArmVmp : Match on catch block at 0xc3 in for 0xa1
02-02 11:57:20.244 19294 19294 E ArmVmp : Match on catch block at 0xc3 in for 0xa1
02-02 11:57:20.253 19294 19294 E ArmVmp : Match on catch block at 0xc3 in for 0xa5
02-02 11:57:20.257 19294 19294 E ArmVmp : Match on catch block at 0xc3 in for 0xa9
02-02 11:57:20.260 19294 19294 E ArmVmp : Match on catch block at 0xc3 in for 0xa9
02-02 11:57:20.270 19294 19294 E ArmVmp : Match on catch block at 0xc3 in for 0xa1
02-02 11:57:20.274 19294 19294 E ArmVmp : Match on catch block at 0xc3 in for 0xa5
02-02 11:57:20.277 19294 19294 E ArmVmp : Match on catch block at 0xc3 in for 0xa5
02-02 11:57:20.286 19294 19294 E ArmVmp : Match on catch block at 0xc3 in for 0xa9
02-02 11:57:20.291 19294 19294 E ArmVmp : Match on catch block at 0xc3 in for 0xa1
02-02 11:57:20.294 19294 19294 E ArmVmp : Match on catch block at 0xc3 in for 0xa1
02-02 11:57:20.303 19294 19294 E ArmVmp : Match on catch block at 0xc3 in for 0xa5
02-02 11:57:20.307 19294 19294 E ArmVmp : Match on catch block at 0xc3 in for 0xa9
02-02 11:57:20.310 19294 19294 E ArmVmp : Match on catch block at 0xc3 in for 0xa9
02-02 11:57:20.319 19294 19294 E ArmVmp : Match on catch block at 0xc3 in for 0xa1
02-02 11:57:20.324 19294 19294 E ArmVmp : Match on catch block at 0xc3 in for 0xa5
02-02 11:57:20.327 19294 19294 E ArmVmp : Match on catch block at 0xc3 in for 0xa5
02-02 11:57:20.337 19294 19294 E ArmVmp : Match on catch block at 0xc3 in for 0xa9
02-02 11:57:20.341 19294 19294 E ArmVmp : Match on catch block at 0xc3 in for 0xa1
02-02 11:57:20.344 19294 19294 E ArmVmp : Match on catch block at 0xc3 in for 0xa1
02-02 11:57:20.353 19294 19294 E ArmVmp : Match on catch block at 0xc3 in for 0xa5
02-02 11:57:20.357 19294 19294 E ArmVmp : Match on catch block at 0xc3 in for 0xa9
02-02 11:57:20.360 19294 19294 E ArmVmp : Match on catch block at 0xc3 in for 0xa9
02-02 11:57:20.369 19294 19294 E ArmVmp : Match on catch block at 0xc3 in for 0xa1
02-02 11:57:20.374 19294 19294 E ArmVmp : Match on catch block at 0xc3 in for 0xa5
02-02 11:57:20.376 19294 19294 E ArmVmp : Match on catch block at 0xc3 in for 0xa5
02-02 11:57:20.386 19294 19294 E ArmVmp : Match on catch block at 0xc3 in for 0xa9
02-02 11:57:20.390 19294 19294 E ArmVmp : Match on catch block at 0xc3 in for 0xa1
02-02 11:57:20.393 19294 19294 E ArmVmp : Match on catch block at 0xc3 in for 0xa1
02-02 11:57:20.419 19294 19294 E ArmVmp : Match on catch block at 0xc3 in for 0xa5
02-02 11:57:20.423 19294 19294 E ArmVmp : Match on catch block at 0xc3 in for 0xa9
02-02 11:57:20.426 19294 19294 E ArmVmp : Match on catch block at 0xc3 in for 0xa9
02-02 11:57:20.518 19294 19294 E ArmVmp : Match on catch block at 0xc3 in for 0xa1
02-02 11:57:20.522 19294 19294 E ArmVmp : Match on catch block at 0xc3 in for 0xa5
02-02 11:57:20.524 19294 19294 E ArmVmp : Match on catch block at 0xc3 in for 0xa5
02-02 11:57:20.601 19294 19294 E ArmVmp : Match on catch block at 0xc3 in for 0xa9
02-02 11:57:20.604 19294 19294 E ArmVmp : Match on catch block at 0xc3 in for 0xa1
02-02 11:57:20.606 19294 19294 E ArmVmp : Match on catch block at 0xc3 in for 0xa1
02-02 11:57:20.700 19294 19294 E ArmVmp : Match on catch block at 0xc3 in for 0xa5
02-02 11:57:20.704 19294 19294 E ArmVmp : Match on catch block at 0xc3 in for 0xa9
02-02 11:57:20.707 19294 19294 E ArmVmp : Match on catch block at 0xc3 in for 0xa9
02-02 11:57:20.717 19294 19294 E ArmVmp : Match on catch block at 0xc3 in for 0xa1
02-02 11:57:20.719 19294 19294 E ArmVmp : Match on catch block at 0xc3 in for 0xa5
02-02 11:57:20.721 19294 19294 E ArmVmp : Match on catch block at 0xc3 in for 0xa5
02-02 11:57:21.032 19294 19294 E ArmVmp : Match on catch block at 0xc3 in for 0xa9
02-02 11:57:21.035 19294 19294 E ArmVmp : Match on catch block at 0xc3 in for 0xa1
02-02 11:57:21.038 19294 19294 E ArmVmp : Match on catch block at 0xc3 in for 0xa1
02-02 11:57:21.054 19294 19294 E ArmVmp : Match on catch block at 0xc3 in for 0xa9
02-02 11:57:21.056 19294 19294 E ArmVmp : Match on catch block at 0xc3 in for 0xa1
02-02 11:57:21.058 19294 19294 E ArmVmp : Match on catch block at 0xc3 in for 0xa1
02-02 11:57:21.073 19294 19294 E ArmVmp : Match on catch block at 0xc3 in for 0xa5
02-02 11:57:21.075 19294 19294 E ArmVmp : Match on catch block at 0xc3 in for 0xa9
02-02 11:57:21.081 19294 19294 E ArmVmp : Match on catch block at 0xc3 in for 0xa5
02-02 11:57:21.085 19294 19294 E ArmVmp : Match on catch block at 0xc3 in for 0xa9
02-02 11:57:21.108 19294 19294 E ArmVmp : Match on catch block at 0xc3 in for 0xa5
02-02 11:57:21.112 19294 19294 E ArmVmp : Match on catch block at 0xc3 in for 0xa9
02-02 11:57:21.125 19294 19294 E ArmVmp : Match on catch block at 0xc3 in for 0xa9
02-02 11:57:21.127 19294 19294 E ArmVmp : Match on catch block at 0xc3 in for 0xa1
02-02 11:57:21.136 19294 19294 E ArmVmp : Match on catch block at 0xc3 in for 0xa1
02-02 11:57:21.141 19294 19294 E ArmVmp : Match on catch block at 0xc3 in for 0xa5
02-02 11:57:21.148 19294 19294 E ArmVmp : Match on catch block at 0xc3 in for 0xa1
02-02 11:57:21.150 19294 19294 E ArmVmp : Match on catch block at 0xc3 in for 0xa5
02-02 11:57:21.164 19294 19294 E ArmVmp : Match on catch block at 0xc3 in for 0xa1
02-02 11:57:21.166 19294 19294 E ArmVmp : Match on catch block at 0xc3 in for 0xa5
02-02 11:57:21.181 19294 19294 E ArmVmp : Match on catch block at 0xc3 in for 0xa1
02-02 11:57:21.183 19294 19294 E ArmVmp : Match on catch block at 0xc3 in for 0xa5
02-02 11:57:21.197 19294 19294 E ArmVmp : Match on catch block at 0xc3 in for 0xa1
02-02 11:57:21.200 19294 19294 E ArmVmp : Match on catch block at 0xc3 in for 0xa5
02-02 11:57:21.214 19294 19294 E ArmVmp : Match on catch block at 0xc3 in for 0xa1
02-02 11:57:21.216 19294 19294 E ArmVmp : Match on catch block at 0xc3 in for 0xa5
02-02 11:57:21.230 19294 19294 E ArmVmp : Match on catch block at 0xc3 in for 0xa1
02-02 11:57:21.234 19294 19294 E ArmVmp : Match on catch block at 0xc3 in for 0xa5
02-02 11:57:21.247 19294 19294 E ArmVmp : Match on catch block at 0xc3 in for 0xa1
02-02 11:57:21.251 19294 19294 E ArmVmp : Match on catch block at 0xc3 in for 0xa5
02-02 11:57:21.368 19294 19294 E ArmVmp : Match on catch block at 0xc3 in for 0xa9
02-02 11:57:21.371 19294 19294 E ArmVmp : Match on catch block at 0xc3 in for 0xa1
02-02 11:57:21.377 19294 20694 W MediaPlayer: Use of stream types is deprecated for
operations other than volume control
02-02 11:57:21.377 19294 20694 W MediaPlayer: See the documentation of
setAudioStreamType() for what to use instead with android.media.AudioAttributes to
qualify your playback use case
02-02 11:57:21.384 19294 19294 E ArmVmp : Match on catch block at 0xc3 in for 0xa5
02-02 11:57:21.386 19294 19294 E ArmVmp : Match on catch block at 0xc3 in for 0xa9
02-02 11:57:21.516 19294 19294 E ArmVmp : Match on catch block at 0xc3 in for 0xa1
02-02 11:57:21.519 19294 19294 E ArmVmp : Match on catch block at 0xc3 in for 0xa5
02-02 11:57:21.533 19294 19294 E ArmVmp : Match on catch block at 0xc3 in for 0xa9
02-02 11:57:21.536 19294 19294 E ArmVmp : Match on catch block at 0xc3 in for 0xa1
02-02 11:57:21.548 19294 19294 E ArmVmp : Match on catch block at 0xc3 in for 0xa1
02-02 11:57:21.552 19294 19294 E ArmVmp : Match on catch block at 0xc3 in for 0xa5
02-02 11:57:21.562 19294 19294 E ArmVmp : Match on catch block at 0xc3 in for 0xa1
02-02 11:57:21.566 19294 19294 E ArmVmp : Match on catch block at 0xc3 in for 0xa5
02-02 11:57:21.693 19294 19294 E ArmVmp : Match on catch block at 0xc3 in for 0xa5
02-02 11:57:21.700 19294 19294 E ArmVmp : Match on catch block at 0xc3 in for 0xa9
02-02 11:57:21.709 19294 19294 E ArmVmp : Match on catch block at 0xc3 in for 0xa1
02-02 11:57:21.712 19294 19294 E ArmVmp : Match on catch block at 0xc3 in for 0xa5
02-02 11:57:21.731 19294 19294 E ArmVmp : Match on catch block at 0xc3 in for 0xa9
02-02 11:57:21.734 19294 19294 E ArmVmp : Match on catch block at 0xc3 in for 0xa1
02-02 11:57:21.744 19294 19294 E ArmVmp : Match on catch block at 0xc3 in for 0xa9
02-02 11:57:21.747 19294 19294 E ArmVmp : Match on catch block at 0xc3 in for 0xa1
02-02 11:57:21.767 19294 19294 E ArmVmp : Match on catch block at 0xc3 in for 0xa1
02-02 11:57:21.769 19294 19294 E ArmVmp : Match on catch block at 0xc3 in for 0xa5
02-02 11:57:21.930 19294 19294 E ArmVmp : Match on catch block at 0xc3 in for 0xa9
02-02 11:57:21.932 19294 19294 E ArmVmp : Match on catch block at 0xc3 in for 0xa1
02-02 11:57:22.345 19294 20658 W libEGL : EGLNativeWindowType 0xb400006fa4728050
disconnect failed
02-02 11:57:22.351 19294 19294 E ArmVmp : Match on catch block at 0xc3 in for 0xa5
02-02 11:57:22.355 19294 19294 E ArmVmp : Match on catch block at 0xc3 in for 0xa9
02-02 11:57:22.380 19294 20658 W libEGL : EGLNativeWindowType 0xb400006fa46f4ed0
disconnect failed
--------- beginning of system
--------- beginning of main
02-02 13:17:44.243 20696 20696 W System.err: java.lang.ClassNotFoundException:
mbmodsd.mbmodsw.ui.views.btn.BtnBK
02-02 13:17:44.244 20696 20696 W System.err: at
java.lang.Runtime.nativeLoad(Native Method)
02-02 13:17:44.244 20696 20696 W System.err: at
java.lang.Runtime.nativeLoad(Runtime.java:1131)
02-02 13:17:44.244 20696 20696 W System.err: at
java.lang.Runtime.loadLibrary0(Runtime.java:1085)
02-02 13:17:44.244 20696 20696 W System.err: at
java.lang.Runtime.loadLibrary0(Runtime.java:1008)
02-02 13:17:44.244 20696 20696 W System.err: at
java.lang.System.loadLibrary(System.java:1664)
02-02 13:17:44.244 20696 20696 W System.err: at arm.EpicVm.<clinit>(Unknown
Source:2)
02-02 13:17:44.244 20696 20696 W System.err: at
java.lang.Class.newInstance(Native Method)
02-02 13:17:44.244 20696 20696 W System.err: at
android.app.AppComponentFactory.instantiateApplication(AppComponentFactory.java:76)
02-02 13:17:44.244 20696 20696 W System.err: at
androidx.core.app.CoreComponentFactory.instantiateApplication(Unknown Source:0)
02-02 13:17:44.244 20696 20696 W System.err: at
android.app.Instrumentation.newApplication(Instrumentation.java:1158)
02-02 13:17:44.244 20696 20696 W System.err: at
android.app.LoadedApk.makeApplication(LoadedApk.java:1271)
02-02 13:17:44.244 20696 20696 W System.err: at
android.app.ActivityThread.handleBindApplication(ActivityThread.java:6884)
02-02 13:17:44.244 20696 20696 W System.err: at
android.app.ActivityThread.access$1300(ActivityThread.java:260)
02-02 13:17:44.244 20696 20696 W System.err: at
android.app.ActivityThread$H.handleMessage(ActivityThread.java:1955)
02-02 13:17:44.244 20696 20696 W System.err: at
android.os.Handler.dispatchMessage(Handler.java:106)
02-02 13:17:44.244 20696 20696 W System.err: at
android.os.Looper.loop(Looper.java:223)
02-02 13:17:44.244 20696 20696 W System.err: at
android.app.ActivityThread.main(ActivityThread.java:7950)
02-02 13:17:44.244 20696 20696 W System.err: at
java.lang.reflect.Method.invoke(Native Method)
02-02 13:17:44.244 20696 20696 W System.err: at
com.android.internal.os.RuntimeInit$MethodAndArgsCaller.run(RuntimeInit.java:603)
02-02 13:17:44.244 20696 20696 W System.err: at
com.android.internal.os.ZygoteInit.main(ZygoteInit.java:947)
02-02 13:17:44.252 20696 20696 E CustomActivityOnCrash: IMPORTANT WARNING! You
already have an UncaughtExceptionHandler, are you sure this is correct? If you use
a custom UncaughtExceptionHandler, you must initialize it AFTER
CustomActivityOnCrash! Installing anyway, but your original handler will not be
called.
02-02 13:17:44.426 20696 20696 W com.mbwhatsapp: Accessing hidden method
Lcom/android/org/conscrypt/OpenSSLSocketImpl;->setUseSessionTickets(Z)V (greylist-
max-q,test-api, reflection, denied)
02-02 13:17:44.426 20696 20696 W com.mbwhatsapp: Accessing hidden method
Lcom/android/org/conscrypt/AbstractConscryptSocket;->setUseSessionTickets(Z)V
(greylist-max-q, reflection, denied)
02-02 13:17:44.452 20696 20696 W com.mbwhatsapp: type=1400 audit(0.0:1090991): avc:
granted { execute } for
path="/data/data/com.mbwhatsapp/files/decompressed/libs.spk.zst/libc++_shared.so"
dev="dm-19" ino=55978 scontext=u:r:untrusted_app:s0:c27,c257,c512,c768
tcontext=u:object_r:app_data_file:s0:c27,c257,c512,c768 tclass=file
app=com.mbwhatsapp
02-02 13:17:44.456 20696 20696 W com.mbwhatsapp: type=1400 audit(0.0:1090992): avc:
granted { execute } for
path="/data/data/com.mbwhatsapp/files/decompressed/libs.spk.zst/libvlc.so" dev="dm-
19" ino=43455 scontext=u:r:untrusted_app:s0:c27,c257,c512,c768
tcontext=u:object_r:app_data_file:s0:c27,c257,c512,c768 tclass=file
app=com.mbwhatsapp
02-02 13:17:44.458 20696 20696 W linker : Warning:
"/data/data/com.mbwhatsapp/files/decompressed/libs.spk.zst/libc++_shared.so" unused
DT entry: unknown processor-specific (type 0x70000001 arg 0x0) (ignoring)
02-02 13:17:44.460 20696 20696 W com.mbwhatsapp: type=1400 audit(0.0:1090993): avc:
granted { execute } for
path="/data/data/com.mbwhatsapp/files/decompressed/libs.spk.zst/libwhatsapp.so"
dev="dm-19" ino=41403 scontext=u:r:untrusted_app:s0:c27,c257,c512,c768
tcontext=u:object_r:app_data_file:s0:c27,c257,c512,c768 tclass=file
app=com.mbwhatsapp
02-02 13:17:44.521 20696 20696 W CheckTime: App running slow: Executing
handleBindApplication : callApplicationOnCreate took 250ms
02-02 13:17:44.532 20696 28310 W com.mbwhatsapp: Class X.2rL failed lock
verification and will run slower.
02-02 13:17:44.532 20696 28310 W com.mbwhatsapp: Common causes for lock
verification issues are non-optimized dex code
02-02 13:17:44.532 20696 28310 W com.mbwhatsapp: and incorrect proguard
optimizations.
02-02 13:17:52.455 20696 20709 W com.mbwhatsapp: Reducing the number of considered
missed Gc histogram windows from 486 to 100
02-02 13:18:41.271 28509 28509 E com.mbwhatsapp: Not starting debugger since
process cannot load the jdwp agent.
--------- beginning of system
02-02 13:37:49.548 20696 20696 W ActivityThread: Main thread can not be idle for a
long time.
--------- beginning of main
02-02 14:28:33.821 28509 28509 W System.err: java.lang.ClassNotFoundException:
mbmodsd.mbmodsw.ui.views.btn.BtnBK
02-02 14:28:33.823 28509 28509 W System.err: at
java.lang.Runtime.nativeLoad(Native Method)
02-02 14:28:33.823 28509 28509 W System.err: at
java.lang.Runtime.nativeLoad(Runtime.java:1131)
02-02 14:28:33.823 28509 28509 W System.err: at
java.lang.Runtime.loadLibrary0(Runtime.java:1085)
02-02 14:28:33.823 28509 28509 W System.err: at
java.lang.Runtime.loadLibrary0(Runtime.java:1008)
02-02 14:28:33.823 28509 28509 W System.err: at
java.lang.System.loadLibrary(System.java:1664)
02-02 14:28:33.823 28509 28509 W System.err: at arm.EpicVm.<clinit>(Unknown
Source:2)
02-02 14:28:33.823 28509 28509 W System.err: at
java.lang.Class.newInstance(Native Method)
02-02 14:28:33.823 28509 28509 W System.err: at
android.app.AppComponentFactory.instantiateApplication(AppComponentFactory.java:76)
02-02 14:28:33.823 28509 28509 W System.err: at
androidx.core.app.CoreComponentFactory.instantiateApplication(Unknown Source:0)
02-02 14:28:33.823 28509 28509 W System.err: at
android.app.Instrumentation.newApplication(Instrumentation.java:1158)
02-02 14:28:33.823 28509 28509 W System.err: at
android.app.LoadedApk.makeApplication(LoadedApk.java:1271)
02-02 14:28:33.823 28509 28509 W System.err: at
android.app.ActivityThread.handleBindApplication(ActivityThread.java:6884)
02-02 14:28:33.823 28509 28509 W System.err: at
android.app.ActivityThread.access$1300(ActivityThread.java:260)
02-02 14:28:33.823 28509 28509 W System.err: at
android.app.ActivityThread$H.handleMessage(ActivityThread.java:1955)
02-02 14:28:33.823 28509 28509 W System.err: at
android.os.Handler.dispatchMessage(Handler.java:106)
02-02 14:28:33.823 28509 28509 W System.err: at
android.os.Looper.loop(Looper.java:223)
02-02 14:28:33.823 28509 28509 W System.err: at
android.app.ActivityThread.main(ActivityThread.java:7950)
02-02 14:28:33.823 28509 28509 W System.err: at
java.lang.reflect.Method.invoke(Native Method)
02-02 14:28:33.823 28509 28509 W System.err: at
com.android.internal.os.RuntimeInit$MethodAndArgsCaller.run(RuntimeInit.java:603)
02-02 14:28:33.823 28509 28509 W System.err: at
com.android.internal.os.ZygoteInit.main(ZygoteInit.java:947)
02-02 14:28:33.830 28509 28509 E CustomActivityOnCrash: IMPORTANT WARNING! You
already have an UncaughtExceptionHandler, are you sure this is correct? If you use
a custom UncaughtExceptionHandler, you must initialize it AFTER
