mbmodsd.mbmodsw.mbdialog.MBDialogMan$FetchJsonTask.doInBackground(Native Method)
02-02 15:22:54.331 7133 7661 W System.err:
02-02 15:22:54.331 7133 7661 W System.err: at
mbmodsd.mbmodsw.mbdialog.MBDialogMan$FetchJsonTask.doInBackground(Native Method)
02-02 15:22:54.331 7133 7661 W System.err:
02-02 15:22:54.331 7133 7661 W System.err: at
android.os.AsyncTask$3.call(AsyncTask.java:394)
02-02 15:22:54.331 7133 7661 W System.err:
02-02 15:22:54.331 7133 7661 W System.err: at
java.util.concurrent.FutureTask.run(FutureTask.java:266)
02-02 15:22:54.331 7133 7661 W System.err:
02-02 15:22:54.331 7133 7661 W System.err: at
android.os.AsyncTask$SerialExecutor$1.run(AsyncTask.java:305)
02-02 15:22:54.331 7133 7661 W System.err:
02-02 15:22:54.331 7133 7661 W System.err: at
java.util.concurrent.ThreadPoolExecutor.runWorker(ThreadPoolExecutor.java:1167)
02-02 15:22:54.332 7133 7661 W System.err:
02-02 15:22:54.332 7133 7661 W System.err: at
java.util.concurrent.ThreadPoolExecutor$Worker.run(ThreadPoolExecutor.java:641)
02-02 15:22:54.332 7133 7661 W System.err:
02-02 15:22:54.332 7133 7661 W System.err: at
java.lang.Thread.run(Thread.java:923)
02-02 15:22:54.332 7133 7661 W System.err:
02-02 15:22:54.333 7133 7656 W com.mbwhatsapp: Accessing hidden method
Lcom/android/org/conscrypt/ConscryptEngineSocket;->setUseSessionTickets(Z)V
(greylist-max-q,test-api, reflection, denied)
02-02 15:22:54.333 7133 7656 W com.mbwhatsapp: Accessing hidden method
Lcom/android/org/conscrypt/OpenSSLSocketImpl;->setUseSessionTickets(Z)V (greylist-
max-q,test-api, reflection, denied)
02-02 15:22:54.333 7133 7656 W com.mbwhatsapp: Accessing hidden method
Lcom/android/org/conscrypt/AbstractConscryptSocket;->setUseSessionTickets(Z)V
(greylist-max-q, reflection, denied)
02-02 15:22:54.333 7133 7656 W com.mbwhatsapp: Accessing hidden method
Lcom/android/org/conscrypt/ConscryptEngineSocket;->setHostname(Ljava/lang/String;)V
(greylist-max-q,test-api, reflection, denied)
02-02 15:22:54.333 7133 7656 W com.mbwhatsapp: Accessing hidden method
Lcom/android/org/conscrypt/OpenSSLSocketImpl;->setHostname(Ljava/lang/String;)V
(greylist-max-q,test-api, reflection, denied)
02-02 15:22:54.334 7133 7656 W com.mbwhatsapp: Accessing hidden method
Lcom/android/org/conscrypt/AbstractConscryptSocket;->setHostname(Ljava/lang/
String;)V (greylist-max-q, reflection, denied)
02-02 15:22:54.334 7133 7656 W com.mbwhatsapp: Accessing hidden method
Lcom/android/org/conscrypt/OpenSSLSocketImpl;->setAlpnProtocols([B)V (greylist-max-
q,test-api, reflection, denied)
02-02 15:22:54.334 7133 7656 W com.mbwhatsapp: Accessing hidden method
Lcom/android/org/conscrypt/AbstractConscryptSocket;->setAlpnProtocols([B)V
(greylist-max-q, reflection, denied)
--------- beginning of system
02-02 15:22:54.466 7133 7656 W com.mbwhatsapp: Accessing hidden method
Lcom/android/org/conscrypt/OpenSSLSocketImpl;->getAlpnSelectedProtocol()[B
(greylist-max-q,test-api, reflection, denied)
02-02 15:22:54.466 7133 7656 W com.mbwhatsapp: Accessing hidden method
Lcom/android/org/conscrypt/AbstractConscryptSocket;->getAlpnSelectedProtocol()[B
(greylist-max-q, reflection, denied)
02-02 15:22:55.007 7133 7133 E RecyclerView: No adapter attached; skipping layout
02-02 15:22:55.034 7133 7133 E OpenGLRenderer: ~SkiaDisplayList() ##### pid =
7133
02-02 15:22:55.288 7133 7616 E libc : Access denied finding property
"persist.vendor.sf.fbc"
02-02 15:22:55.288 7133 7616 E libc : Access denied finding property
"persist.vendor.gpu.fbc"
02-02 15:22:55.288 7133 7616 E libc : Access denied finding property
"persist.vendor.vsp.fbc"
02-02 15:22:55.478 7133 7133 E RecyclerView: No adapter attached; skipping layout
02-02 15:22:55.514 7133 7133 E ArmVmp : Match on catch block at 0x0a in for 0xd5
02-02 15:22:55.572 7133 7537 W LibraryVersion: Failed to get app version for
libraryName: firebase-iid
02-02 15:22:55.622 7133 7616 W libEGL : EGLNativeWindowType 0xb400006fa45e46d0
disconnect failed
02-02 15:22:55.674 7133 7775 W LOTTIE : Animation contains merge paths. Merge
paths are only supported on KitKat+ and must be manually enabled by calling
enableMergePathsForKitKatAndAbove().
02-02 15:22:55.848 7133 7133 W LOTTIE : Animation contains merge paths but they
are disabled.
02-02 15:22:58.021 7133 7830 E RenderScript: Failed loading RS driver: dlopen
failed: library "libRSDriverArm.so" not found
02-02 15:22:58.021 7133 7830 E RenderScript: Failed to load runtime
libRSDriverArm.so, loading default
02-02 15:22:58.207 7133 7133 E ArmVmp : Match on catch block at 0x0a in for 0xc5
02-02 15:22:58.211 7133 7133 E ArmVmp : Match on catch block at 0x0a in for 0xc5
02-02 15:22:58.444 7133 7133 E ArmVmp : Match on catch block at 0xc3 in for 0xb5
02-02 15:22:58.449 7133 7133 E ArmVmp : Match on catch block at 0xc3 in for 0xb1
02-02 15:22:58.452 7133 7133 E ArmVmp : Match on catch block at 0xc3 in for 0xb1
02-02 15:22:58.500 7133 7133 E ArmVmp : Match on catch block at 0xc3 in for 0xa5
02-02 15:22:58.503 7133 7133 E ArmVmp : Match on catch block at 0xc3 in for 0xa1
02-02 15:22:58.505 7133 7133 E ArmVmp : Match on catch block at 0xc3 in for 0xa1
02-02 15:22:58.543 7133 7133 E ArmVmp : Match on catch block at 0xc3 in for 0xa1
02-02 15:22:58.546 7133 7133 E ArmVmp : Match on catch block at 0xc3 in for 0xa5
02-02 15:22:58.548 7133 7133 E ArmVmp : Match on catch block at 0xc3 in for 0xa5
02-02 15:22:58.574 7133 7133 E ArmVmp : Match on catch block at 0xc3 in for 0xa1
02-02 15:22:58.579 7133 7133 E ArmVmp : Match on catch block at 0xc3 in for 0xa5
02-02 15:22:58.580 7133 7133 E ArmVmp : Match on catch block at 0xc3 in for 0xa5
02-02 15:22:58.931 7133 7616 W libEGL : EGLNativeWindowType 0xb400006fa45e46d0
disconnect failed
02-02 15:22:59.053 7133 7133 E ArmVmp : Match on catch block at 0xc3 in for 0xa5
02-02 15:22:59.056 7133 7133 E ArmVmp : Match on catch block at 0xc3 in for 0xa9
02-02 15:22:59.059 7133 7133 E ArmVmp : Match on catch block at 0xc3 in for 0xa9
02-02 15:22:59.069 7133 7133 E ArmVmp : Match on catch block at 0xc3 in for 0xa1
02-02 15:22:59.074 7133 7133 E ArmVmp : Match on catch block at 0xc3 in for 0xa5
02-02 15:22:59.078 7133 7133 E ArmVmp : Match on catch block at 0xc3 in for 0xa5
02-02 15:22:59.091 7133 7133 E ArmVmp : Match on catch block at 0xc3 in for 0xa5
02-02 15:22:59.095 7133 7133 E ArmVmp : Match on catch block at 0xc3 in for 0xa9
02-02 15:22:59.097 7133 7133 E ArmVmp : Match on catch block at 0xc3 in for 0xa9
02-02 15:22:59.102 7133 7133 E ArmVmp : Match on catch block at 0xc3 in for 0xa5
02-02 15:22:59.106 7133 7133 E ArmVmp : Match on catch block at 0xc3 in for 0xa9
02-02 15:22:59.108 7133 7133 E ArmVmp : Match on catch block at 0xc3 in for 0xa9
02-02 15:22:59.119 7133 7133 E ArmVmp : Match on catch block at 0xc3 in for 0xa5
02-02 15:22:59.123 7133 7133 E ArmVmp : Match on catch block at 0xc3 in for 0xa9
02-02 15:22:59.124 7133 7133 E ArmVmp : Match on catch block at 0xc3 in for 0xa9
02-02 15:22:59.135 7133 7133 E ArmVmp : Match on catch block at 0xc3 in for 0xa5
02-02 15:22:59.139 7133 7133 E ArmVmp : Match on catch block at 0xc3 in for 0xa9
02-02 15:22:59.141 7133 7133 E ArmVmp : Match on catch block at 0xc3 in for 0xa9
02-02 15:22:59.152 7133 7133 E ArmVmp : Match on catch block at 0xc3 in for 0xa5
02-02 15:22:59.157 7133 7133 E ArmVmp : Match on catch block at 0xc3 in for 0xa9
02-02 15:22:59.161 7133 7133 E ArmVmp : Match on catch block at 0xc3 in for 0xa9
02-02 15:22:59.169 7133 7133 E ArmVmp : Match on catch block at 0xc3 in for 0xa5
02-02 15:22:59.173 7133 7133 E ArmVmp : Match on catch block at 0xc3 in for 0xa9
02-02 15:22:59.174 7133 7133 E ArmVmp : Match on catch block at 0xc3 in for 0xa9
02-02 15:22:59.185 7133 7133 E ArmVmp : Match on catch block at 0xc3 in for 0xa5
02-02 15:22:59.187 7133 7133 E ArmVmp : Match on catch block at 0xc3 in for 0xa9
02-02 15:22:59.190 7133 7133 E ArmVmp : Match on catch block at 0xc3 in for 0xa9
02-02 15:22:59.203 7133 7133 E ArmVmp : Match on catch block at 0xc3 in for 0xa5
02-02 15:22:59.208 7133 7133 E ArmVmp : Match on catch block at 0xc3 in for 0xa9
02-02 15:22:59.210 7133 7133 E ArmVmp : Match on catch block at 0xc3 in for 0xa9
02-02 15:22:59.227 7133 7133 E ArmVmp : Match on catch block at 0xc3 in for 0xa5
02-02 15:22:59.230 7133 7133 E ArmVmp : Match on catch block at 0xc3 in for 0xa9
02-02 15:22:59.232 7133 7133 E ArmVmp : Match on catch block at 0xc3 in for 0xa9
02-02 15:22:59.240 7133 7133 E ArmVmp : Match on catch block at 0xc3 in for 0xa1
02-02 15:22:59.246 7133 7133 E ArmVmp : Match on catch block at 0xc3 in for 0xa5
02-02 15:22:59.249 7133 7133 E ArmVmp : Match on catch block at 0xc3 in for 0xa5
02-02 15:22:59.268 7133 7133 E ArmVmp : Match on catch block at 0xc3 in for 0xa9
02-02 15:22:59.274 7133 7133 E ArmVmp : Match on catch block at 0xc3 in for 0xa1
02-02 15:22:59.279 7133 7133 E ArmVmp : Match on catch block at 0xc3 in for 0xa1
02-02 15:22:59.288 7133 7133 E ArmVmp : Match on catch block at 0xc3 in for 0xa5
02-02 15:22:59.292 7133 7133 E ArmVmp : Match on catch block at 0xc3 in for 0xa9
02-02 15:22:59.294 7133 7133 E ArmVmp : Match on catch block at 0xc3 in for 0xa9
02-02 15:22:59.301 7133 7133 E ArmVmp : Match on catch block at 0xc3 in for 0xa1
02-02 15:22:59.310 7133 7133 E ArmVmp : Match on catch block at 0xc3 in for 0xa5
02-02 15:22:59.313 7133 7133 E ArmVmp : Match on catch block at 0xc3 in for 0xa5
02-02 15:22:59.319 7133 7133 E ArmVmp : Match on catch block at 0xc3 in for 0xa9
02-02 15:22:59.325 7133 7133 E ArmVmp : Match on catch block at 0xc3 in for 0xa1
02-02 15:22:59.328 7133 7133 E ArmVmp : Match on catch block at 0xc3 in for 0xa1
02-02 15:22:59.353 7133 7133 E ArmVmp : Match on catch block at 0xc3 in for 0xa1
02-02 15:22:59.357 7133 7133 E ArmVmp : Match on catch block at 0xc3 in for 0xa5
02-02 15:22:59.359 7133 7133 E ArmVmp : Match on catch block at 0xc3 in for 0xa5
02-02 15:22:59.374 7133 7616 W libEGL : EGLNativeWindowType 0xb400006fa468c9c0
disconnect failed
02-02 15:22:59.374 7133 7133 E ArmVmp : Match on catch block at 0xc3 in for 0xa9
02-02 15:22:59.377 7133 7133 E ArmVmp : Match on catch block at 0xc3 in for 0xa1
02-02 15:22:59.379 7133 7133 E ArmVmp : Match on catch block at 0xc3 in for 0xa1
02-02 15:22:59.599 7133 7133 E ArmVmp : Match on catch block at 0xc3 in for 0xa5
02-02 15:22:59.603 7133 7133 E ArmVmp : Match on catch block at 0xc3 in for 0xa9
02-02 15:22:59.606 7133 7133 E ArmVmp : Match on catch block at 0xc3 in for 0xa9
02-02 15:23:00.045 7133 7133 E ArmVmp : Match on catch block at 0xc3 in for 0xa9
02-02 15:23:00.047 7133 7133 E ArmVmp : Match on catch block at 0xc3 in for 0xa1
02-02 15:23:00.051 7133 7133 E ArmVmp : Match on catch block at 0xc3 in for 0xa1
02-02 15:23:00.064 7133 7133 E ArmVmp : Match on catch block at 0xc3 in for 0xa1
02-02 15:23:00.068 7133 7133 E ArmVmp : Match on catch block at 0xc3 in for 0xa5
02-02 15:23:00.071 7133 7133 E ArmVmp : Match on catch block at 0xc3 in for 0xa5
02-02 15:23:00.080 7133 7133 E ArmVmp : Match on catch block at 0xc3 in for 0xa9
02-02 15:23:00.086 7133 7133 E ArmVmp : Match on catch block at 0xc3 in for 0xa1
02-02 15:23:00.088 7133 7133 E ArmVmp : Match on catch block at 0xc3 in for 0xa1
02-02 15:23:00.096 7133 7133 E ArmVmp : Match on catch block at 0xc3 in for 0xa5
02-02 15:23:00.102 7133 7133 E ArmVmp : Match on catch block at 0xc3 in for 0xa9
02-02 15:23:00.108 7133 7133 E ArmVmp : Match on catch block at 0xc3 in for 0xa9
02-02 15:23:00.116 7133 7133 E ArmVmp : Match on catch block at 0xc3 in for 0xa1
02-02 15:23:00.119 7133 7133 E ArmVmp : Match on catch block at 0xc3 in for 0xa5
02-02 15:23:00.123 7133 7133 E ArmVmp : Match on catch block at 0xc3 in for 0xa5
02-02 15:23:00.133 7133 7133 E ArmVmp : Match on catch block at 0xc3 in for 0xa9
02-02 15:23:00.139 7133 7133 E ArmVmp : Match on catch block at 0xc3 in for 0xa1
02-02 15:23:00.141 7133 7133 E ArmVmp : Match on catch block at 0xc3 in for 0xa1
02-02 15:23:00.146 7133 7133 E ArmVmp : Match on catch block at 0xc3 in for 0xa5
02-02 15:23:00.149 7133 7133 E ArmVmp : Match on catch block at 0xc3 in for 0xa9
02-02 15:23:00.152 7133 7133 E ArmVmp : Match on catch block at 0xc3 in for 0xa9
02-02 15:23:00.164 7133 7133 E ArmVmp : Match on catch block at 0xc3 in for 0xa1
02-02 15:23:00.167 7133 7133 E ArmVmp : Match on catch block at 0xc3 in for 0xa5
02-02 15:23:00.169 7133 7133 E ArmVmp : Match on catch block at 0xc3 in for 0xa5
02-02 15:23:00.179 7133 7133 E ArmVmp : Match on catch block at 0xc3 in for 0xa9
02-02 15:23:00.181 7133 7133 E ArmVmp : Match on catch block at 0xc3 in for 0xa1
02-02 15:23:00.185 7133 7133 E ArmVmp : Match on catch block at 0xc3 in for 0xa1
02-02 15:23:00.196 7133 7133 E ArmVmp : Match on catch block at 0xc3 in for 0xa5
02-02 15:23:00.199 7133 7133 E ArmVmp : Match on catch block at 0xc3 in for 0xa9
02-02 15:23:00.200 7133 7133 E ArmVmp : Match on catch block at 0xc3 in for 0xa9
02-02 15:23:00.212 7133 7133 E ArmVmp : Match on catch block at 0xc3 in for 0xa1
02-02 15:23:00.215 7133 7133 E ArmVmp : Match on catch block at 0xc3 in for 0xa5
02-02 15:23:00.216 7133 7133 E ArmVmp : Match on catch block at 0xc3 in for 0xa5
02-02 15:23:00.229 7133 7133 E ArmVmp : Match on catch block at 0xc3 in for 0xa9
02-02 15:23:00.232 7133 7133 E ArmVmp : Match on catch block at 0xc3 in for 0xa1
02-02 15:23:00.234 7133 7133 E ArmVmp : Match on catch block at 0xc3 in for 0xa1
02-02 15:23:00.280 7133 7133 E ArmVmp : Match on catch block at 0xc3 in for 0xa9
02-02 15:23:00.283 7133 7133 E ArmVmp : Match on catch block at 0xc3 in for 0xa1
02-02 15:23:00.284 7133 7133 E ArmVmp : Match on catch block at 0xc3 in for 0xa1
02-02 15:23:00.297 7133 7133 E ArmVmp : Match on catch block at 0xc3 in for 0xa9
02-02 15:23:00.300 7133 7133 E ArmVmp : Match on catch block at 0xc3 in for 0xa1
02-02 15:23:00.302 7133 7133 E ArmVmp : Match on catch block at 0xc3 in for 0xa1
02-02 15:23:00.312 7133 7133 E ArmVmp : Match on catch block at 0xc3 in for 0xa5
02-02 15:23:00.315 7133 7133 E ArmVmp : Match on catch block at 0xc3 in for 0xa9
02-02 15:23:00.317 7133 7133 E ArmVmp : Match on catch block at 0xc3 in for 0xa9
02-02 15:23:00.329 7133 7133 E ArmVmp : Match on catch block at 0xc3 in for 0xa1
02-02 15:23:00.331 7133 7133 E ArmVmp : Match on catch block at 0xc3 in for 0xa5
02-02 15:23:00.333 7133 7133 E ArmVmp : Match on catch block at 0xc3 in for 0xa5
02-02 15:23:00.345 7133 7133 E ArmVmp : Match on catch block at 0xc3 in for 0xa9
02-02 15:23:00.348 7133 7133 E ArmVmp : Match on catch block at 0xc3 in for 0xa1
02-02 15:23:00.350 7133 7133 E ArmVmp : Match on catch block at 0xc3 in for 0xa1
02-02 15:23:00.362 7133 7133 E ArmVmp : Match on catch block at 0xc3 in for 0xa5
02-02 15:23:00.364 7133 7133 E ArmVmp : Match on catch block at 0xc3 in for 0xa9
02-02 15:23:00.366 7133 7133 E ArmVmp : Match on catch block at 0xc3 in for 0xa9
02-02 15:23:00.378 7133 7133 E ArmVmp : Match on catch block at 0xc3 in for 0xa1
02-02 15:23:00.382 7133 7133 E ArmVmp : Match on catch block at 0xc3 in for 0xa5
02-02 15:23:00.384 7133 7133 E ArmVmp : Match on catch block at 0xc3 in for 0xa5
02-02 15:23:00.395 7133 7133 E ArmVmp : Match on catch block at 0xc3 in for 0xa9
02-02 15:23:00.398 7133 7133 E ArmVmp : Match on catch block at 0xc3 in for 0xa1
02-02 15:23:00.400 7133 7133 E ArmVmp : Match on catch block at 0xc3 in for 0xa1
02-02 15:23:00.412 7133 7133 E ArmVmp : Match on catch block at 0xc3 in for 0xa5
02-02 15:23:00.415 7133 7133 E ArmVmp : Match on catch block at 0xc3 in for 0xa9
02-02 15:23:00.417 7133 7133 E ArmVmp : Match on catch block at 0xc3 in for 0xa9
02-02 15:23:00.430 7133 7133 E ArmVmp : Match on catch block at 0xc3 in for 0xa1
02-02 15:23:00.433 7133 7133 E ArmVmp : Match on catch block at 0xc3 in for 0xa5
02-02 15:23:00.435 7133 7133 E ArmVmp : Match on catch block at 0xc3 in for 0xa5
02-02 15:23:00.445 7133 7133 E ArmVmp : Match on catch block at 0xc3 in for 0xa9
02-02 15:23:00.447 7133 7133 E ArmVmp : Match on catch block at 0xc3 in for 0xa1
02-02 15:23:00.449 7133 7133 E ArmVmp : Match on catch block at 0xc3 in for 0xa1
02-02 15:23:00.462 7133 7133 E ArmVmp : Match on catch block at 0xc3 in for 0xa5
02-02 15:23:00.465 7133 7133 E ArmVmp : Match on catch block at 0xc3 in for 0xa9
02-02 15:23:00.467 7133 7133 E ArmVmp : Match on catch block at 0xc3 in for 0xa9
02-02 15:23:00.478 7133 7133 E ArmVmp : Match on catch block at 0xc3 in for 0xa1
02-02 15:23:00.481 7133 7133 E ArmVmp : Match on catch block at 0xc3 in for 0xa5
02-02 15:23:00.483 7133 7133 E ArmVmp : Match on catch block at 0xc3 in for 0xa5
02-02 15:23:00.495 7133 7133 E ArmVmp : Match on catch block at 0xc3 in for 0xa9
02-02 15:23:00.498 7133 7133 E ArmVmp : Match on catch block at 0xc3 in for 0xa1
02-02 15:23:00.501 7133 7133 E ArmVmp : Match on catch block at 0xc3 in for 0xa1
02-02 15:23:00.511 7133 7133 E ArmVmp : Match on catch block at 0xc3 in for 0xa5
02-02 15:23:00.514 7133 7133 E ArmVmp : Match on catch block at 0xc3 in for 0xa9
02-02 15:23:00.515 7133 7133 E ArmVmp : Match on catch block at 0xc3 in for 0xa9
02-02 15:23:00.528 7133 7133 E ArmVmp : Match on catch block at 0xc3 in for 0xa1
02-02 15:23:00.532 7133 7133 E ArmVmp : Match on catch block at 0xc3 in for 0xa5
02-02 15:23:00.534 7133 7133 E ArmVmp : Match on catch block at 0xc3 in for 0xa5
02-02 15:23:00.544 7133 7133 E ArmVmp : Match on catch block at 0xc3 in for 0xa9
02-02 15:23:00.546 7133 7133 E ArmVmp : Match on catch block at 0xc3 in for 0xa1
02-02 15:23:00.547 7133 7133 E ArmVmp : Match on catch block at 0xc3 in for 0xa1
02-02 15:23:00.560 7133 7133 E ArmVmp : Match on catch block at 0xc3 in for 0xa5
02-02 15:23:00.562 7133 7133 E ArmVmp : Match on catch block at 0xc3 in for 0xa9
02-02 15:23:00.564 7133 7133 E ArmVmp : Match on catch block at 0xc3 in for 0xa9
02-02 15:23:00.577 7133 7133 E ArmVmp : Match on catch block at 0xc3 in for 0xa1
02-02 15:23:00.580 7133 7133 E ArmVmp : Match on catch block at 0xc3 in for 0xa5
02-02 15:23:00.582 7133 7133 E ArmVmp : Match on catch block at 0xc3 in for 0xa5
02-02 15:23:00.594 7133 7133 E ArmVmp : Match on catch block at 0xc3 in for 0xa9
02-02 15:23:00.597 7133 7133 E ArmVmp : Match on catch block at 0xc3 in for 0xa1
02-02 15:23:00.601 7133 7133 E ArmVmp : Match on catch block at 0xc3 in for 0xa1
02-02 15:23:00.610 7133 7133 E ArmVmp : Match on catch block at 0xc3 in for 0xa5
02-02 15:23:00.613 7133 7133 E ArmVmp : Match on catch block at 0xc3 in for 0xa9
02-02 15:23:00.615 7133 7133 E ArmVmp : Match on catch block at 0xc3 in for 0xa9
02-02 15:23:00.627 7133 7133 E ArmVmp : Match on catch block at 0xc3 in for 0xa1
02-02 15:23:00.630 7133 7133 E ArmVmp : Match on catch block at 0xc3 in for 0xa5
02-02 15:23:00.632 7133 7133 E ArmVmp : Match on catch block at 0xc3 in for 0xa5
02-02 15:23:00.643 7133 7133 E ArmVmp : Match on catch block at 0xc3 in for 0xa9
02-02 15:23:00.646 7133 7133 E ArmVmp : Match on catch block at 0xc3 in for 0xa1
02-02 15:23:00.648 7133 7133 E ArmVmp : Match on catch block at 0xc3 in for 0xa1
02-02 15:23:00.660 7133 7133 E ArmVmp : Match on catch block at 0xc3 in for 0xa5
02-02 15:23:00.663 7133 7133 E ArmVmp : Match on catch block at 0xc3 in for 0xa9
02-02 15:23:00.665 7133 7133 E ArmVmp : Match on catch block at 0xc3 in for 0xa9
02-02 15:23:00.677 7133 7133 E ArmVmp : Match on catch block at 0xc3 in for 0xa1
02-02 15:23:00.680 7133 7133 E ArmVmp : Match on catch block at 0xc3 in for 0xa5
02-02 15:23:00.682 7133 7133 E ArmVmp : Match on catch block at 0xc3 in for 0xa5
02-02 15:23:00.693 7133 7133 E ArmVmp : Match on catch block at 0xc3 in for 0xa9
02-02 15:23:00.696 7133 7133 E ArmVmp : Match on catch block at 0xc3 in for 0xa1
02-02 15:23:00.698 7133 7133 E ArmVmp : Match on catch block at 0xc3 in for 0xa1
02-02 15:23:00.710 7133 7133 E ArmVmp : Match on catch block at 0xc3 in for 0xa5
02-02 15:23:00.713 7133 7133 E ArmVmp : Match on catch block at 0xc3 in for 0xa9
02-02 15:23:00.715 7133 7133 E ArmVmp : Match on catch block at 0xc3 in for 0xa9
02-02 15:23:00.809 7133 7133 E ArmVmp : Match on catch block at 0xc3 in for 0xa1
02-02 15:23:00.813 7133 7133 E ArmVmp : Match on catch block at 0xc3 in for 0xa5
02-02 15:23:00.815 7133 7133 E ArmVmp : Match on catch block at 0xc3 in for 0xa5
02-02 15:23:00.879 7133 7133 E ArmVmp : Match on catch block at 0xc3 in for 0xa9
02-02 15:23:00.883 7133 7133 E ArmVmp : Match on catch block at 0xc3 in for 0xa1
02-02 15:23:00.885 7133 7133 E ArmVmp : Match on catch block at 0xc3 in for 0xa1
02-02 15:23:00.892 7133 7133 E ArmVmp : Match on catch block at 0xc3 in for 0xa5
02-02 15:23:00.895 7133 7133 E ArmVmp : Match on catch block at 0xc3 in for 0xa9
02-02 15:23:00.897 7133 7133 E ArmVmp : Match on catch block at 0xc3 in for 0xa9
02-02 15:23:00.909 7133 7133 E ArmVmp : Match on catch block at 0xc3 in for 0xa1
02-02 15:23:00.912 7133 7133 E ArmVmp : Match on catch block at 0xc3 in for 0xa5
02-02 15:23:00.914 7133 7133 E ArmVmp : Match on catch block at 0xc3 in for 0xa5
02-02 15:23:00.925 7133 7133 E ArmVmp : Match on catch block at 0xc3 in for 0xa9
02-02 15:23:00.928 7133 7133 E ArmVmp : Match on catch block at 0xc3 in for 0xa1
02-02 15:23:00.930 7133 7133 E ArmVmp : Match on catch block at 0xc3 in for 0xa1
02-02 15:23:00.943 7133 7133 E ArmVmp : Match on catch block at 0xc3 in for 0xa5
02-02 15:23:00.946 7133 7133 E ArmVmp : Match on catch block at 0xc3 in for 0xa9
02-02 15:23:00.948 7133 7133 E ArmVmp : Match on catch block at 0xc3 in for 0xa9
02-02 15:23:00.958 7133 7133 E ArmVmp : Match on catch block at 0xc3 in for 0xa1
02-02 15:23:00.961 7133 7133 E ArmVmp : Match on catch block at 0xc3 in for 0xa5
02-02 15:23:00.963 7133 7133 E ArmVmp : Match on catch block at 0xc3 in for 0xa5
02-02 15:23:00.975 7133 7133 E ArmVmp : Match on catch block at 0xc3 in for 0xa9
02-02 15:23:00.978 7133 7133 E ArmVmp : Match on catch block at 0xc3 in for 0xa1
02-02 15:23:00.980 7133 7133 E ArmVmp : Match on catch block at 0xc3 in for 0xa1
02-02 15:23:00.992 7133 7133 E ArmVmp : Match on catch block at 0xc3 in for 0xa5
02-02 15:23:00.994 7133 7133 E ArmVmp : Match on catch block at 0xc3 in for 0xa9
02-02 15:23:00.996 7133 7133 E ArmVmp : Match on catch block at 0xc3 in for 0xa9
02-02 15:23:01.008 7133 7133 E ArmVmp : Match on catch block at 0xc3 in for 0xa1
02-02 15:23:01.011 7133 7133 E ArmVmp : Match on catch block at 0xc3 in for 0xa5
02-02 15:23:01.013 7133 7133 E ArmVmp : Match on catch block at 0xc3 in for 0xa5
02-02 15:23:01.025 7133 7133 E ArmVmp : Match on catch block at 0xc3 in for 0xa9
02-02 15:23:01.028 7133 7133 E ArmVmp : Match on catch block at 0xc3 in for 0xa1
02-02 15:23:01.030 7133 7133 E ArmVmp : Match on catch block at 0xc3 in for 0xa1
02-02 15:23:01.041 7133 7133 E ArmVmp : Match on catch block at 0xc3 in for 0xa5
02-02 15:23:01.044 7133 7133 E ArmVmp : Match on catch block at 0xc3 in for 0xa9
02-02 15:23:01.047 7133 7133 E ArmVmp : Match on catch block at 0xc3 in for 0xa9
02-02 15:23:01.058 7133 7133 E ArmVmp : Match on catch block at 0xc3 in for 0xa1
02-02 15:23:01.062 7133 7133 E ArmVmp : Match on catch block at 0xc3 in for 0xa5
02-02 15:23:01.064 7133 7133 E ArmVmp : Match on catch block at 0xc3 in for 0xa5
02-02 15:23:01.075 7133 7133 E ArmVmp : Match on catch block at 0xc3 in for 0xa9
02-02 15:23:01.078 7133 7133 E ArmVmp : Match on catch block at 0xc3 in for 0xa1
02-02 15:23:01.079 7133 7133 E ArmVmp : Match on catch block at 0xc3 in for 0xa1
02-02 15:23:01.091 7133 7133 E ArmVmp : Match on catch block at 0xc3 in for 0xa5
02-02 15:23:01.094 7133 7133 E ArmVmp : Match on catch block at 0xc3 in for 0xa9
02-02 15:23:01.096 7133 7133 E ArmVmp : Match on catch block at 0xc3 in for 0xa9
02-02 15:23:01.108 7133 7133 E ArmVmp : Match on catch block at 0xc3 in for 0xa1
02-02 15:23:01.111 7133 7133 E ArmVmp : Match on catch block at 0xc3 in for 0xa5
02-02 15:23:01.114 7133 7133 E ArmVmp : Match on catch block at 0xc3 in for 0xa5
02-02 15:23:01.124 7133 7133 E ArmVmp : Match on catch block at 0xc3 in for 0xa9
02-02 15:23:01.128 7133 7133 E ArmVmp : Match on catch block at 0xc3 in for 0xa1
02-02 15:23:01.131 7133 7133 E ArmVmp : Match on catch block at 0xc3 in for 0xa1
02-02 15:23:01.141 7133 7133 E ArmVmp : Match on catch block at 0xc3 in for 0xa5
02-02 15:23:01.145 7133 7133 E ArmVmp : Match on catch block at 0xc3 in for 0xa9
02-02 15:23:01.147 7133 7133 E ArmVmp : Match on catch block at 0xc3 in for 0xa9
02-02 15:23:01.158 7133 7133 E ArmVmp : Match on catch block at 0xc3 in for 0xa1
02-02 15:23:01.161 7133 7133 E ArmVmp : Match on catch block at 0xc3 in for 0xa5
02-02 15:23:01.165 7133 7133 E ArmVmp : Match on catch block at 0xc3 in for 0xa5
02-02 15:23:01.174 7133 7133 E ArmVmp : Match on catch block at 0xc3 in for 0xa9
02-02 15:23:01.178 7133 7133 E ArmVmp : Match on catch block at 0xc3 in for 0xa1
02-02 15:23:01.181 7133 7133 E ArmVmp : Match on catch block at 0xc3 in for 0xa1
02-02 15:23:01.191 7133 7133 E ArmVmp : Match on catch block at 0xc3 in for 0xa5
02-02 15:23:01.195 7133 7133 E ArmVmp : Match on catch block at 0xc3 in for 0xa9
02-02 15:23:01.197 7133 7133 E ArmVmp : Match on catch block at 0xc3 in for 0xa9
02-02 15:23:01.208 7133 7133 E ArmVmp : Match on catch block at 0xc3 in for 0xa1
02-02 15:23:01.212 7133 7133 E ArmVmp : Match on catch block at 0xc3 in for 0xa5
02-02 15:23:01.214 7133 7133 E ArmVmp : Match on catch block at 0xc3 in for 0xa5
02-02 15:23:01.224 7133 7133 E ArmVmp : Match on catch block at 0xc3 in for 0xa9
02-02 15:23:01.227 7133 7133 E ArmVmp : Match on catch block at 0xc3 in for 0xa1
02-02 15:23:01.230 7133 7133 E ArmVmp : Match on catch block at 0xc3 in for 0xa1
02-02 15:23:01.247 7133 7133 E ArmVmp : Match on catch block at 0xc3 in for 0xa1
02-02 15:23:01.250 7133 7133 E ArmVmp : Match on catch block at 0xc3 in for 0xa5
02-02 15:23:01.252 7133 7133 E ArmVmp : Match on catch block at 0xc3 in for 0xa5
02-02 15:23:01.257 7133 7133 E ArmVmp : Match on catch block at 0xc3 in for 0xa9
02-02 15:23:01.261 7133 7133 E ArmVmp : Match on catch block at 0xc3 in for 0xa1
02-02 15:23:01.264 7133 7133 E ArmVmp : Match on catch block at 0xc3 in for 0xa1
02-02 15:23:01.273 7133 7133 E ArmVmp : Match on catch block at 0xc3 in for 0xa5
02-02 15:23:01.276 7133 7133 E ArmVmp : Match on catch block at 0xc3 in for 0xa9
02-02 15:23:01.279 7133 7133 E ArmVmp : Match on catch block at 0xc3 in for 0xa9
02-02 15:23:01.290 7133 7133 E ArmVmp : Match on catch block at 0xc3 in for 0xa1
02-02 15:23:01.293 7133 7133 E ArmVmp : Match on catch block at 0xc3 in for 0xa5
02-02 15:23:01.297 7133 7133 E ArmVmp : Match on catch block at 0xc3 in for 0xa5
02-02 15:23:01.502 7133 7133 E ArmVmp : Match on catch block at 0xc3 in for 0xa5
02-02 15:23:01.504 7133 7133 E ArmVmp : Match on catch block at 0xc3 in for 0xa9
02-02 15:23:01.507 7133 7133 E ArmVmp : Match on catch block at 0xc3 in for 0xa9
02-02 15:23:01.531 7133 7133 E ArmVmp : Match on catch block at 0xc3 in for 0xa1
02-02 15:23:01.534 7133 7133 E ArmVmp : Match on catch block at 0xc3 in for 0xa5
02-02 15:23:01.535 7133 7133 E ArmVmp : Match on catch block at 0xc3 in for 0xa5
02-02 15:23:01.541 7133 7133 E ArmVmp : Match on catch block at 0xc3 in for 0xa9
02-02 15:23:01.546 7133 7133 E ArmVmp : Match on catch block at 0xc3 in for 0xa1
02-02 15:23:01.548 7133 7133 E ArmVmp : Match on catch block at 0xc3 in for 0xa1
02-02 15:23:01.555 7133 7133 E ArmVmp : Match on catch block at 0xc3 in for 0xa5
02-02 15:23:01.558 7133 7133 E ArmVmp : Match on catch block at 0xc3 in for 0xa9
02-02 15:23:01.560 7133 7133 E ArmVmp : Match on catch block at 0xc3 in for 0xa9
02-02 15:23:01.571 7133 7133 E ArmVmp : Match on catch block at 0xc3 in for 0xa1
02-02 15:23:01.574 7133 7133 E ArmVmp : Match on catch block at 0xc3 in for 0xa5
02-02 15:23:01.576 7133 7133 E ArmVmp : Match on catch block at 0xc3 in for 0xa5
02-02 15:23:01.588 7133 7133 E ArmVmp : Match on catch block at 0xc3 in for 0xa9
02-02 15:23:01.591 7133 7133 E ArmVmp : Match on catch block at 0xc3 in for 0xa1
02-02 15:23:01.593 7133 7133 E ArmVmp : Match on catch block at 0xc3 in for 0xa1
02-02 15:23:01.604 7133 7133 E ArmVmp : Match on catch block at 0xc3 in for 0xa5
02-02 15:23:01.607 7133 7133 E ArmVmp : Match on catch block at 0xc3 in for 0xa9
02-02 15:23:01.609 7133 7133 E ArmVmp : Match on catch block at 0xc3 in for 0xa9
02-02 15:23:01.621 7133 7133 E ArmVmp : Match on catch block at 0xc3 in for 0xa1
02-02 15:23:01.624 7133 7133 E ArmVmp : Match on catch block at 0xc3 in for 0xa5
02-02 15:23:01.627 7133 7133 E ArmVmp : Match on catch block at 0xc3 in for 0xa5
02-02 15:23:01.639 7133 7133 E ArmVmp : Match on catch block at 0xc3 in for 0xa9
02-02 15:23:01.642 7133 7133 E ArmVmp : Match on catch block at 0xc3 in for 0xa1
02-02 15:23:01.644 7133 7133 E ArmVmp : Match on catch block at 0xc3 in for 0xa1
02-02 15:23:01.655 7133 7133 E ArmVmp : Match on catch block at 0xc3 in for 0xa5
02-02 15:23:01.658 7133 7133 E ArmVmp : Match on catch block at 0xc3 in for 0xa9
02-02 15:23:01.660 7133 7133 E ArmVmp : Match on catch block at 0xc3 in for 0xa9
02-02 15:23:01.671 7133 7133 E ArmVmp : Match on catch block at 0xc3 in for 0xa1
02-02 15:23:01.674 7133 7133 E ArmVmp : Match on catch block at 0xc3 in for 0xa5
02-02 15:23:01.676 7133 7133 E ArmVmp : Match on catch block at 0xc3 in for 0xa5
02-02 15:23:01.687 7133 7133 E ArmVmp : Match on catch block at 0xc3 in for 0xa9
02-02 15:23:01.690 7133 7133 E ArmVmp : Match on catch block at 0xc3 in for 0xa1
02-02 15:23:01.692 7133 7133 E ArmVmp : Match on catch block at 0xc3 in for 0xa1
02-02 15:23:01.704 7133 7133 E ArmVmp : Match on catch block at 0xc3 in for 0xa5
02-02 15:23:01.707 7133 7133 E ArmVmp : Match on catch block at 0xc3 in for 0xa9
02-02 15:23:01.709 7133 7133 E ArmVmp : Match on catch block at 0xc3 in for 0xa9
02-02 15:23:01.721 7133 7133 E ArmVmp : Match on catch block at 0xc3 in for 0xa1
02-02 15:23:01.724 7133 7133 E ArmVmp : Match on catch block at 0xc3 in for 0xa5
02-02 15:23:01.726 7133 7133 E ArmVmp : Match on catch block at 0xc3 in for 0xa5
02-02 15:23:01.738 7133 7133 E ArmVmp : Match on catch block at 0xc3 in for 0xa9
02-02 15:23:01.741 7133 7133 E ArmVmp : Match on catch block at 0xc3 in for 0xa1
02-02 15:23:01.743 7133 7133 E ArmVmp : Match on catch block at 0xc3 in for 0xa1
02-02 15:23:01.754 7133 7133 E ArmVmp : Match on catch block at 0xc3 in for 0xa5
02-02 15:23:01.757 7133 7133 E ArmVmp : Match on catch block at 0xc3 in for 0xa9
02-02 15:23:01.762 7133 7133 E ArmVmp : Match on catch block at 0xc3 in for 0xa9
02-02 15:23:01.770 7133 7133 E ArmVmp : Match on catch block at 0xc3 in for 0xa1
02-02 15:23:01.773 7133 7133 E ArmVmp : Match on catch block at 0xc3 in for 0xa5
02-02 15:23:01.775 7133 7133 E ArmVmp : Match on catch block at 0xc3 in for 0xa5
02-02 15:23:01.787 7133 7133 E ArmVmp : Match on catch block at 0xc3 in for 0xa9
02-02 15:23:01.790 7133 7133 E ArmVmp : Match on catch block at 0xc3 in for 0xa1
02-02 15:23:01.792 7133 7133 E ArmVmp : Match on catch block at 0xc3 in for 0xa1
02-02 15:23:01.804 7133 7133 E ArmVmp : Match on catch block at 0xc3 in for 0xa5
02-02 15:23:01.807 7133 7133 E ArmVmp : Match on catch block at 0xc3 in for 0xa9
02-02 15:23:01.809 7133 7133 E ArmVmp : Match on catch block at 0xc3 in for 0xa9
02-02 15:23:01.820 7133 7133 E ArmVmp : Match on catch block at 0xc3 in for 0xa1
02-02 15:23:01.823 7133 7133 E ArmVmp : Match on catch block at 0xc3 in for 0xa5
02-02 15:23:01.840 7133 7133 E ArmVmp : Match on catch block at 0xc3 in for 0xa5
02-02 15:23:01.842 7133 7133 E ArmVmp : Match on catch block at 0xc3 in for 0xa9
02-02 15:23:01.845 7133 7133 E ArmVmp : Match on catch block at 0xc3 in for 0xa9
02-02 15:23:01.853 7133 7133 E ArmVmp : Match on catch block at 0xc3 in for 0xa1
02-02 15:23:01.856 7133 7133 E ArmVmp : Match on catch block at 0xc3 in for 0xa5
02-02 15:23:01.858 7133 7133 E ArmVmp : Match on catch block at 0xc3 in for 0xa5
02-02 15:23:01.870 7133 7133 E ArmVmp : Match on catch block at 0xc3 in for 0xa9
02-02 15:23:01.873 7133 7133 E ArmVmp : Match on catch block at 0xc3 in for 0xa1
02-02 15:23:01.875 7133 7133 E ArmVmp : Match on catch block at 0xc3 in for 0xa1
02-02 15:23:01.887 7133 7133 E ArmVmp : Match on catch block at 0xc3 in for 0xa5
02-02 15:23:01.890 7133 7133 E ArmVmp : Match on catch block at 0xc3 in for 0xa9
02-02 15:23:01.892 7133 7133 E ArmVmp : Match on catch block at 0xc3 in for 0xa9
02-02 15:23:01.903 7133 7133 E ArmVmp : Match on catch block at 0xc3 in for 0xa1
02-02 15:23:01.907 7133 7133 E ArmVmp : Match on catch block at 0xc3 in for 0xa5
02-02 15:23:01.909 7133 7133 E ArmVmp : Match on catch block at 0xc3 in for 0xa5
02-02 15:23:01.920 7133 7133 E ArmVmp : Match on catch block at 0xc3 in for 0xa9
02-02 15:23:01.923 7133 7133 E ArmVmp : Match on catch block at 0xc3 in for 0xa1
02-02 15:23:01.925 7133 7133 E ArmVmp : Match on catch block at 0xc3 in for 0xa1
02-02 15:23:01.936 7133 7133 E ArmVmp : Match on catch block at 0xc3 in for 0xa5
02-02 15:23:01.939 7133 7133 E ArmVmp : Match on catch block at 0xc3 in for 0xa9
02-02 15:23:01.942 7133 7133 E ArmVmp : Match on catch block at 0xc3 in for 0xa9
02-02 15:23:01.953 7133 7133 E ArmVmp : Match on catch block at 0xc3 in for 0xa1
02-02 15:23:01.956 7133 7133 E ArmVmp : Match on catch block at 0xc3 in for 0xa5
02-02 15:23:01.958 7133 7133 E ArmVmp : Match on catch block at 0xc3 in for 0xa5
02-02 15:23:01.969 7133 7133 E ArmVmp : Match on catch block at 0xc3 in for 0xa9
02-02 15:23:01.973 7133 7133 E ArmVmp : Match on catch block at 0xc3 in for 0xa1
02-02 15:23:01.975 7133 7133 E ArmVmp : Match on catch block at 0xc3 in for 0xa1
02-02 15:23:01.987 7133 7133 E ArmVmp : Match on catch block at 0xc3 in for 0xa5
02-02 15:23:01.990 7133 7133 E ArmVmp : Match on catch block at 0xc3 in for 0xa9
02-02 15:23:01.993 7133 7133 E ArmVmp : Match on catch block at 0xc3 in for 0xa9
02-02 15:23:02.003 7133 7133 E ArmVmp : Match on catch block at 0xc3 in for 0xa1
02-02 15:23:02.006 7133 7133 E ArmVmp : Match on catch block at 0xc3 in for 0xa5
02-02 15:23:02.009 7133 7133 E ArmVmp : Match on catch block at 0xc3 in for 0xa5
02-02 15:23:02.019 7133 7133 E ArmVmp : Match on catch block at 0xc3 in for 0xa9
02-02 15:23:02.022 7133 7133 E ArmVmp : Match on catch block at 0xc3 in for 0xa1
02-02 15:23:02.025 7133 7133 E ArmVmp : Match on catch block at 0xc3 in for 0xa1
02-02 15:23:02.036 7133 7133 E ArmVmp : Match on catch block at 0xc3 in for 0xa5
02-02 15:23:02.039 7133 7133 E ArmVmp : Match on catch block at 0xc3 in for 0xa9
02-02 15:23:02.041 7133 7133 E ArmVmp : Match on catch block at 0xc3 in for 0xa9
02-02 15:23:02.053 7133 7133 E ArmVmp : Match on catch block at 0xc3 in for 0xa1
02-02 15:23:02.055 7133 7133 E ArmVmp : Match on catch block at 0xc3 in for 0xa5
02-02 15:23:02.058 7133 7133 E ArmVmp : Match on catch block at 0xc3 in for 0xa5
02-02 15:23:02.069 7133 7133 E ArmVmp : Match on catch block at 0xc3 in for 0xa9
02-02 15:23:02.073 7133 7133 E ArmVmp : Match on catch block at 0xc3 in for 0xa1
02-02 15:23:02.075 7133 7133 E ArmVmp : Match on catch block at 0xc3 in for 0xa1
02-02 15:23:02.085 7133 7133 E ArmVmp : Match on catch block at 0xc3 in for 0xa5
02-02 15:23:02.089 7133 7133 E ArmVmp : Match on catch block at 0xc3 in for 0xa9
02-02 15:23:02.091 7133 7133 E ArmVmp : Match on catch block at 0xc3 in for 0xa9
02-02 15:23:02.102 7133 7133 E ArmVmp : Match on catch block at 0xc3 in for 0xa1
02-02 15:23:02.107 7133 7133 E ArmVmp : Match on catch block at 0xc3 in for 0xa5
02-02 15:23:02.109 7133 7133 E ArmVmp : Match on catch block at 0xc3 in for 0xa5
02-02 15:23:02.202 7133 7133 E ArmVmp : Match on catch block at 0xc3 in for 0xa5
02-02 15:23:02.206 7133 7133 E ArmVmp : Match on catch block at 0xc3 in for 0xa9
02-02 15:23:02.209 7133 7133 E ArmVmp : Match on catch block at 0xc3 in for 0xa9
02-02 15:23:02.701 7133 7133 E ArmVmp : Match on catch block at 0xc3 in for 0xa9
02-02 15:23:02.705 7133 7133 E ArmVmp : Match on catch block at 0xc3 in for 0xa1
02-02 15:23:02.708 7133 7133 E ArmVmp : Match on catch block at 0xc3 in for 0xa1
02-02 15:23:02.717 7133 7133 E ArmVmp : Match on catch block at 0xc3 in for 0xa5
02-02 15:23:02.720 7133 7133 E ArmVmp : Match on catch block at 0xc3 in for 0xa9
02-02 15:23:02.724 7133 7133 E ArmVmp : Match on catch block at 0xc3 in for 0xa9
02-02 15:23:02.737 7133 7133 E ArmVmp : Match on catch block at 0xc3 in for 0xa1
02-02 15:23:02.739 7133 7133 E ArmVmp : Match on catch block at 0xc3 in for 0xa5
02-02 15:23:02.741 7133 7133 E ArmVmp : Match on catch block at 0xc3 in for 0xa5
02-02 15:23:02.749 7133 7133 E ArmVmp : Match on catch block at 0xc3 in for 0xa9
02-02 15:23:02.752 7133 7133 E ArmVmp : Match on catch block at 0xc3 in for 0xa1
02-02 15:23:02.754 7133 7133 E ArmVmp : Match on catch block at 0xc3 in for 0xa1
02-02 15:23:02.765 7133 7133 E ArmVmp : Match on catch block at 0xc3 in for 0xa5
02-02 15:23:02.769 7133 7133 E ArmVmp : Match on catch block at 0xc3 in for 0xa9
02-02 15:23:02.771 7133 7133 E ArmVmp : Match on catch block at 0xc3 in for 0xa9
02-02 15:23:02.782 7133 7133 E ArmVmp : Match on catch block at 0xc3 in for 0xa1
02-02 15:23:02.785 7133 7133 E ArmVmp : Match on catch block at 0xc3 in for 0xa5
02-02 15:23:02.787 7133 7133 E ArmVmp : Match on catch block at 0xc3 in for 0xa5
02-02 15:23:02.812 7133 7133 E ArmVmp : Match on catch block at 0xc3 in for 0xa5
02-02 15:23:02.814 7133 7133 E ArmVmp : Match on catch block at 0xc3 in for 0xa9
02-02 15:23:02.830 7133 7133 E ArmVmp : Match on catch block at 0xc3 in for 0xa1
02-02 15:23:02.833 7133 7133 E ArmVmp : Match on catch block at 0xc3 in for 0xa5
02-02 15:23:02.842 7133 7133 E ArmVmp : Match on catch block at 0xc3 in for 0xa1
02-02 15:23:02.844 7133 7133 E ArmVmp : Match on catch block at 0xc3 in for 0xa5
02-02 15:23:02.852 7133 7133 E ArmVmp : Match on catch block at 0xc3 in for 0xa1
02-02 15:23:02.856 7133 7133 E ArmVmp : Match on catch block at 0xc3 in for 0xa5
02-02 15:23:02.864 7133 7133 E ArmVmp : Match on catch block at 0xc3 in for 0xa1
02-02 15:23:02.867 7133 7133 E ArmVmp : Match on catch block at 0xc3 in for 0xa5
02-02 15:23:02.881 7133 7133 E ArmVmp : Match on catch block at 0xc3 in for 0xa1
02-02 15:23:02.884 7133 7133 E ArmVmp : Match on catch block at 0xc3 in for 0xa5
02-02 15:23:02.898 7133 7133 E ArmVmp : Match on catch block at 0xc3 in for 0xa1
02-02 15:23:02.901 7133 7133 E ArmVmp : Match on catch block at 0xc3 in for 0xa5
02-02 15:23:02.903 7133 7133 E ArmVmp : Match on catch block at 0xc3 in for 0xa5
02-02 15:23:02.915 7133 7133 E ArmVmp : Match on catch block at 0xc3 in for 0xa1
02-02 15:23:02.917 7133 7133 E ArmVmp : Match on catch block at 0xc3 in for 0xa5
02-02 15:23:02.919 7133 7133 E ArmVmp : Match on catch block at 0xc3 in for 0xa5
02-02 15:23:02.931 7133 7133 E ArmVmp : Match on catch block at 0xc3 in for 0xa1
02-02 15:23:02.934 7133 7133 E ArmVmp : Match on catch block at 0xc3 in for 0xa5
02-02 15:23:02.936 7133 7133 E ArmVmp : Match on catch block at 0xc3 in for 0xa5
02-02 15:23:02.948 7133 7133 E ArmVmp : Match on catch block at 0xc3 in for 0xa1
02-02 15:23:02.951 7133 7133 E ArmVmp : Match on catch block at 0xc3 in for 0xa5
02-02 15:23:02.955 7133 7133 E ArmVmp : Match on catch block at 0xc3 in for 0xa5
02-02 15:23:02.964 7133 7133 E ArmVmp : Match on catch block at 0xc3 in for 0xa1
02-02 15:23:02.967 7133 7133 E ArmVmp : Match on catch block at 0xc3 in for 0xa5
02-02 15:23:02.969 7133 7133 E ArmVmp : Match on catch block at 0xc3 in for 0xa5
02-02 15:23:02.993 7133 7133 E ArmVmp : Match on catch block at 0xc3 in for 0xa5
02-02 15:23:02.996 7133 7133 E ArmVmp : Match on catch block at 0xc3 in for 0xa9
02-02 15:23:02.999 7133 7133 E ArmVmp : Match on catch block at 0xc3 in for 0xa9
02-02 15:23:03.012 7133 7133 W IInputConnectionWrapper: getTextBeforeCursor on
inactive InputConnection
02-02 15:23:03.019 7133 7133 E ArmVmp : Match on catch block at 0xc3 in for 0xa1
02-02 15:23:03.023 7133 7133 E ArmVmp : Match on catch block at 0xc3 in for 0xa5
02-02 15:23:03.027 7133 7133 W IInputConnectionWrapper: getTextAfterCursor on
inactive InputConnection
02-02 15:23:03.030 7133 7133 E ArmVmp : Match on catch block at 0xc3 in for 0xa1
02-02 15:23:03.032 7133 7133 E ArmVmp : Match on catch block at 0xc3 in for 0xa5
02-02 15:23:03.036 7133 7133 W IInputConnectionWrapper: getSelectedText on
inactive InputConnection
02-02 15:23:03.048 7133 7133 E ArmVmp : Match on catch block at 0xc3 in for 0xa1
02-02 15:23:03.051 7133 7133 E ArmVmp : Match on catch block at 0xc3 in for 0xa5
02-02 15:23:03.093 7133 7133 E ArmVmp : Match on catch block at 0xc3 in for 0xa9
02-02 15:23:03.095 7133 7133 E ArmVmp : Match on catch block at 0xc3 in for 0xa1
02-02 15:23:03.107 7133 7133 E ArmVmp : Match on catch block at 0xc3 in for 0xa1
02-02 15:23:03.113 7133 7133 E ArmVmp : Match on catch block at 0xc3 in for 0xa5
02-02 15:23:03.126 7133 7133 E ArmVmp : Match on catch block at 0xc3 in for 0xa5
02-02 15:23:03.128 7133 7133 E ArmVmp : Match on catch block at 0xc3 in for 0xa9
02-02 15:23:03.133 7133 7133 E ArmVmp : Match on catch block at 0xc3 in for 0xa5
02-02 15:23:03.140 7133 7133 E ArmVmp : Match on catch block at 0xc3 in for 0xa9
02-02 15:23:03.146 7133 7133 E ArmVmp : Match on catch block at 0xc3 in for 0xa5
02-02 15:23:03.150 7133 7133 E ArmVmp : Match on catch block at 0xc3 in for 0xa9
02-02 15:23:03.162 7133 7133 E ArmVmp : Match on catch block at 0xc3 in for 0xa5
02-02 15:23:03.165 7133 7133 E ArmVmp : Match on catch block at 0xc3 in for 0xa9
02-02 15:23:03.179 7133 7133 E ArmVmp : Match on catch block at 0xc3 in for 0xa5
02-02 15:23:03.182 7133 7133 E ArmVmp : Match on catch block at 0xc3 in for 0xa9
02-02 15:23:03.196 7133 7133 E ArmVmp : Match on catch block at 0xc3 in for 0xa5
02-02 15:23:03.200 7133 7133 E ArmVmp : Match on catch block at 0xc3 in for 0xa9
02-02 15:23:03.212 7133 7133 E ArmVmp : Match on catch block at 0xc3 in for 0xa5
02-02 15:23:03.215 7133 7133 E ArmVmp : Match on catch block at 0xc3 in for 0xa9
02-02 15:23:03.229 7133 7133 E ArmVmp : Match on catch block at 0xc3 in for 0xa5
02-02 15:23:03.232 7133 7133 E ArmVmp : Match on catch block at 0xc3 in for 0xa9
02-02 15:23:03.246 7133 7133 E ArmVmp : Match on catch block at 0xc3 in for 0xa5
02-02 15:23:03.249 7133 7133 E ArmVmp : Match on catch block at 0xc3 in for 0xa9
02-02 15:23:03.263 7133 7133 E ArmVmp : Match on catch block at 0xc3 in for 0xa5
02-02 15:23:03.266 7133 7133 E ArmVmp : Match on catch block at 0xc3 in for 0xa9
02-02 15:23:03.279 7133 7133 E ArmVmp : Match on catch block at 0xc3 in for 0xa5
02-02 15:23:03.283 7133 7133 E ArmVmp : Match on catch block at 0xc3 in for 0xa9
02-02 15:23:03.296 7133 7133 E ArmVmp : Match on catch block at 0xc3 in for 0xa5
02-02 15:23:03.300 7133 7133 E ArmVmp : Match on catch block at 0xc3 in for 0xa9
02-02 15:23:03.312 7133 7133 E ArmVmp : Match on catch block at 0xc3 in for 0xa5
02-02 15:23:03.316 7133 7133 E ArmVmp : Match on catch block at 0xc3 in for 0xa9
02-02 15:23:03.329 7133 7133 E ArmVmp : Match on catch block at 0xc3 in for 0xa5
02-02 15:23:03.332 7133 7133 E ArmVmp : Match on catch block at 0xc3 in for 0xa9
02-02 15:23:03.346 7133 7133 E ArmVmp : Match on catch block at 0xc3 in for 0xa5
02-02 15:23:03.349 7133 7133 E ArmVmp : Match on catch block at 0xc3 in for 0xa9
02-02 15:23:03.362 7133 7133 E ArmVmp : Match on catch block at 0xc3 in for 0xa5
02-02 15:23:03.366 7133 7133 E ArmVmp : Match on catch block at 0xc3 in for 0xa9
02-02 15:23:03.378 7133 7133 E ArmVmp : Match on catch block at 0xc3 in for 0xa5
02-02 15:23:03.382 7133 7133 E ArmVmp : Match on catch block at 0xc3 in for 0xa9
02-02 15:23:03.395 7133 7133 E ArmVmp : Match on catch block at 0xc3 in for 0xa5
02-02 15:23:03.399 7133 7133 E ArmVmp : Match on catch block at 0xc3 in for 0xa9
02-02 15:23:03.412 7133 7133 E ArmVmp : Match on catch block at 0xc3 in for 0xa5
02-02 15:23:03.416 7133 7133 E ArmVmp : Match on catch block at 0xc3 in for 0xa9
02-02 15:23:03.428 7133 7133 E ArmVmp : Match on catch block at 0xc3 in for 0xa5
02-02 15:23:03.432 7133 7133 E ArmVmp : Match on catch block at 0xc3 in for 0xa9
02-02 15:23:03.445 7133 7133 E ArmVmp : Match on catch block at 0xc3 in for 0xa5
02-02 15:23:03.449 7133 7133 E ArmVmp : Match on catch block at 0xc3 in for 0xa9
02-02 15:23:03.461 7133 7133 E ArmVmp : Match on catch block at 0xc3 in for 0xa5
02-02 15:23:03.465 7133 7133 E ArmVmp : Match on catch block at 0xc3 in for 0xa9
02-02 15:23:03.478 7133 7133 E ArmVmp : Match on catch block at 0xc3 in for 0xa5
02-02 15:23:03.482 7133 7133 E ArmVmp : Match on catch block at 0xc3 in for 0xa9
02-02 15:23:03.496 7133 7133 E ArmVmp : Match on catch block at 0xc3 in for 0xa1
02-02 15:23:03.500 7133 7133 E ArmVmp : Match on catch block at 0xc3 in for 0xa5
02-02 15:23:03.512 7133 7133 E ArmVmp : Match on catch block at 0xc3 in for 0xa5
02-02 15:23:03.516 7133 7133 E ArmVmp : Match on catch block at 0xc3 in for 0xa9
02-02 15:23:03.528 7133 7133 E ArmVmp : Match on catch block at 0xc3 in for 0xa9
02-02 15:23:03.532 7133 7133 E ArmVmp : Match on catch block at 0xc3 in for 0xa1
02-02 15:23:03.545 7133 7133 E ArmVmp : Match on catch block at 0xc3 in for 0xa1
02-02 15:23:03.549 7133 7133 E ArmVmp : Match on catch block at 0xc3 in for 0xa5
02-02 15:23:03.561 7133 7133 E ArmVmp : Match on catch block at 0xc3 in for 0xa5
02-02 15:23:03.565 7133 7133 E ArmVmp : Match on catch block at 0xc3 in for 0xa9
02-02 15:23:03.671 7133 7133 E ArmVmp : Match on catch block at 0xc3 in for 0xa9
02-02 15:23:03.674 7133 7133 E ArmVmp : Match on catch block at 0xc3 in for 0xa1
02-02 15:23:03.731 7133 7133 E ArmVmp : Match on catch block at 0xc3 in for 0xa9
02-02 15:23:03.736 7133 7133 E ArmVmp : Match on catch block at 0xc3 in for 0xa1
02-02 15:23:03.777 7133 7133 E ArmVmp : Match on catch block at 0xc3 in for 0xa9
02-02 15:23:03.781 7133 7133 E ArmVmp : Match on catch block at 0xc3 in for 0xa1
02-02 15:23:03.803 7133 7616 W libEGL : EGLNativeWindowType 0xb400006fa46c8380
disconnect failed
02-02 15:23:03.835 7133 7133 E ArmVmp : Match on catch block at 0xc3 in for 0xa1
02-02 15:23:03.838 7133 7133 E ArmVmp : Match on catch block at 0xc3 in for 0xa5
02-02 15:23:03.851 7133 7133 E ArmVmp : Match on catch block at 0xc3 in for 0xa1
02-02 15:23:03.856 7133 7133 E ArmVmp : Match on catch block at 0xc3 in for 0xa5
02-02 15:23:03.860 7133 7664 W MediaPlayer: Use of stream types is deprecated for
operations other than volume control
02-02 15:23:03.860 7133 7664 W MediaPlayer: See the documentation of
setAudioStreamType() for what to use instead with android.media.AudioAttributes to
qualify your playback use case
02-02 15:23:03.865 7133 7133 E ArmVmp : Match on catch block at 0xc3 in for 0xa5
02-02 15:23:03.869 7133 7133 E ArmVmp : Match on catch block at 0xc3 in for 0xa9
02-02 15:23:03.875 7133 7133 E ArmVmp : Match on catch block at 0xc3 in for 0xa5
02-02 15:23:03.879 7133 7133 E ArmVmp : Match on catch block at 0xc3 in for 0xa9
02-02 15:23:03.992 7133 7133 E ArmVmp : Match on catch block at 0xc3 in for 0xa5
02-02 15:23:03.995 7133 7133 E ArmVmp : Match on catch block at 0xc3 in for 0xa9
02-02 15:23:04.489 7133 7133 E ArmVmp : Match on catch block at 0xc3 in for 0xa5
02-02 15:23:04.493 7133 7133 E ArmVmp : Match on catch block at 0xc3 in for 0xa9
02-02 15:23:04.705 7133 7133 E ArmVmp : Match on catch block at 0xc3 in for 0xa5
02-02 15:23:04.708 7133 7133 E ArmVmp : Match on catch block at 0xc3 in for 0xa9
02-02 15:23:04.721 7133 7133 E ArmVmp : Match on catch block at 0xc3 in for 0xa5
02-02 15:23:04.725 7133 7133 E ArmVmp : Match on catch block at 0xc3 in for 0xa9
02-02 15:23:04.738 7133 7133 E ArmVmp : Match on catch block at 0xc3 in for 0xa5
02-02 15:23:04.741 7133 7133 E ArmVmp : Match on catch block at 0xc3 in for 0xa9
02-02 15:23:04.754 7133 7133 E ArmVmp : Match on catch block at 0xc3 in for 0xa5
02-02 15:23:04.758 7133 7133 E ArmVmp : Match on catch block at 0xc3 in for 0xa9
02-02 15:23:04.771 7133 7133 E ArmVmp : Match on catch block at 0xc3 in for 0xa5
02-02 15:23:04.774 7133 7133 E ArmVmp : Match on catch block at 0xc3 in for 0xa9
02-02 15:23:04.787 7133 7133 E ArmVmp : Match on catch block at 0xc3 in for 0xa5
02-02 15:23:04.791 7133 7133 E ArmVmp : Match on catch block at 0xc3 in for 0xa9
02-02 15:23:04.804 7133 7133 E ArmVmp : Match on catch block at 0xc3 in for 0xa5
02-02 15:23:04.810 7133 7133 E ArmVmp : Match on catch block at 0xc3 in for 0xa9
02-02 15:23:04.821 7133 7133 E ArmVmp : Match on catch block at 0xc3 in for 0xa5
02-02 15:23:04.824 7133 7133 E ArmVmp : Match on catch block at 0xc3 in for 0xa9
02-02 15:23:04.837 7133 7133 E ArmVmp : Match on catch block at 0xc3 in for 0xa5
02-02 15:23:04.841 7133 7133 E ArmVmp : Match on catch block at 0xc3 in for 0xa9
02-02 15:23:04.854 7133 7133 E ArmVmp : Match on catch block at 0xc3 in for 0xa5
02-02 15:23:04.857 7133 7133 E ArmVmp : Match on catch block at 0xc3 in for 0xa9
02-02 15:23:04.870 7133 7133 E ArmVmp : Match on catch block at 0xc3 in for 0xa5
02-02 15:23:04.875 7133 7133 E ArmVmp : Match on catch block at 0xc3 in for 0xa9
02-02 15:23:04.886 7133 7133 E ArmVmp : Match on catch block at 0xc3 in for 0xa5
02-02 15:23:04.890 7133 7133 E ArmVmp : Match on catch block at 0xc3 in for 0xa9
02-02 15:23:04.903 7133 7133 E ArmVmp : Match on catch block at 0xc3 in for 0xa5
02-02 15:23:04.907 7133 7133 E ArmVmp : Match on catch block at 0xc3 in for 0xa9
02-02 15:23:04.920 7133 7133 E ArmVmp : Match on catch block at 0xc3 in for 0xa9
02-02 15:23:04.924 7133 7133 E ArmVmp : Match on catch block at 0xc3 in for 0xa1
02-02 15:23:04.937 7133 7133 E ArmVmp : Match on catch block at 0xc3 in for 0xa9
02-02 15:23:04.940 7133 7133 E ArmVmp : Match on catch block at 0xc3 in for 0xa1
02-02 15:23:04.953 7133 7133 E ArmVmp : Match on catch block at 0xc3 in for 0xa9
02-02 15:23:04.957 7133 7133 E ArmVmp : Match on catch block at 0xc3 in for 0xa1
02-02 15:23:04.970 7133 7133 E ArmVmp : Match on catch block at 0xc3 in for 0xa9
02-02 15:23:04.974 7133 7133 E ArmVmp : Match on catch block at 0xc3 in for 0xa1
02-02 15:23:05.012 7133 7133 E ArmVmp : Match on catch block at 0xc3 in for 0xa9
02-02 15:23:05.014 7133 7133 E ArmVmp : Match on catch block at 0xc3 in for 0xa1
02-02 15:23:05.045 7133 7133 E ArmVmp : Match on catch block at 0xc3 in for 0xa9
