09-22 04:00:53.914 V/C2Store ( 894): in init
09-22 04:00:53.914 V/C2Store ( 894): loading dll
09-22 04:00:53.920 V/C2Store ( 894): in ~ComponentModule
09-22 04:00:53.920 V/C2Store ( 894): unloading dll
09-22 04:00:53.920 V/C2Store ( 894): in init
09-22 04:00:53.920 V/C2Store ( 894): loading dll
09-22 04:00:53.926 I/C2SoftVpxEnc( 894): setting temporal layering 0 + 0
09-22 04:00:53.927 V/C2Store ( 894): in ~ComponentModule
09-22 04:00:53.927 V/C2Store ( 894): unloading dll
09-22 04:00:53.929 I/MediaCodecsXmlParser( 872): >>>OMX SEC codec
09-22 04:00:53.929 D/MediaCodecsXmlParser( 872): parsing
/apex/com.android.media.swcodec/etc/media_codecs.xml...
09-22 04:00:53.932 D/MediaCodecsXmlParser( 872): disabling c2.android.gsm.decoder
09-22 04:00:53.933 D/MediaCodecsXmlParser( 872): disabling
c2.android.mpeg2.decoder
09-22 04:00:53.935 I/MediaCodecsXmlParser( 872): Did not find
media_codecs_performance.xml in search path
09-22 04:00:53.935 I/MediaCodecsXmlParser( 872): >>>OMX SEC codec
09-22 04:00:53.936 I/MediaCodecsXmlParser( 872): Did not find media_codecs_c2.xml
in search path
09-22 04:00:53.936 I/MediaCodecsXmlParser( 872): Did not find
media_codecs_performance_c2.xml in search path
09-22 04:00:53.936 I/MediaCodecsXmlParser( 872): >>>OMX SEC codec
09-22 04:00:53.937 D/MediaCodecsXmlParser( 872): parsing
/vendor/etc/media_codecs_c2_sec.xml...
09-22 04:00:53.938 D/MediaCodecsXmlParser( 872): Setting: updating existing
setting at line 19 of /vendor/etc/media_codecs_c2_sec.xml
09-22 04:00:53.938 D/MediaCodecsXmlParser( 872): ignoring Limit specified outside
of a Type at line 72 of /vendor/etc/media_codecs_c2_sec.xml
09-22 04:00:53.938 D/MediaCodecsXmlParser( 872): ignoring Limit specified outside
of a Type at line 73 of /vendor/etc/media_codecs_c2_sec.xml
09-22 04:00:53.938 I/MediaCodecsXmlParser( 872): Did not find
media_codecs_performance_c2.xml in search path
09-22 04:00:53.938 I/MediaCodecsXmlParser( 872): >>>OMX SEC codec
09-22 04:00:53.938 I/MediaCodecsXmlParser( 872): Did not find
media_codecs_c2_sec_wmx.xml in search path
09-22 04:00:53.939 D/MediaCodecsXmlParser( 872): parsing
/vendor/etc/media_codecs_performance.xml...
09-22 04:00:53.939 D/MediaCodecsXmlParser( 872): MediaCodec: cannot update non-
existing codec: OMX.Exynos.avc.dec at line 18 of
/vendor/etc/media_codecs_performance.xml
09-22 04:00:53.939 D/MediaCodecsXmlParser( 872): MediaCodec: cannot update non-
existing codec: OMX.Exynos.h263.dec at line 28 of
/vendor/etc/media_codecs_performance.xml
09-22 04:00:53.939 D/MediaCodecsXmlParser( 872): MediaCodec: cannot update non-
existing codec: OMX.Exynos.hevc.dec at line 34 of
/vendor/etc/media_codecs_performance.xml
09-22 04:00:53.939 D/MediaCodecsXmlParser( 872): MediaCodec: cannot update non-
existing codec: OMX.Exynos.mpeg4.dec at line 46 of
/vendor/etc/media_codecs_performance.xml
09-22 04:00:53.939 D/MediaCodecsXmlParser( 872): MediaCodec: cannot update non-
existing codec: OMX.Exynos.vp8.dec at line 52 of
/vendor/etc/media_codecs_performance.xml
09-22 04:00:53.939 D/MediaCodecsXmlParser( 872): MediaCodec: cannot update non-
existing codec: OMX.Exynos.AVC.Encoder at line 128 of
/vendor/etc/media_codecs_performance.xml
09-22 04:00:53.939 D/MediaCodecsXmlParser( 872): MediaCodec: cannot update non-
existing codec: OMX.Exynos.H263.Encoder at line 138 of
/vendor/etc/media_codecs_performance.xml
09-22 04:00:53.939 D/MediaCodecsXmlParser( 872): MediaCodec: cannot update non-
existing codec: OMX.Exynos.HEVC.Encoder at line 146 of
/vendor/etc/media_codecs_performance.xml
09-22 04:00:53.939 D/MediaCodecsXmlParser( 872): MediaCodec: cannot update non-
existing codec: OMX.Exynos.MPEG4.Encoder at line 156 of
/vendor/etc/media_codecs_performance.xml
09-22 04:00:53.939 D/MediaCodecsXmlParser( 872): MediaCodec: cannot update non-
existing codec: OMX.Exynos.VP8.Encoder at line 164 of
/vendor/etc/media_codecs_performance.xml
09-22 04:00:53.940 I/MediaCodecsXmlParser( 872): >>>OMX SEC codec
09-22 04:00:53.940 D/MediaCodecsXmlParser( 872): parsing
/vendor/etc/dax3_media_codecs_dolby_audio.xml...
09-22 04:00:53.941 D/MediaCodecsXmlParser( 872): ignoring Alias specified not
directly in a MediaCodec at line 40 of
/vendor/etc/dax3_media_codecs_dolby_audio.xml
09-22 04:00:53.941 D/MediaCodecsXmlParser( 872): ignoring Alias specified not
directly in a MediaCodec at line 46 of
/vendor/etc/dax3_media_codecs_dolby_audio.xml
09-22 04:00:53.941 D/MediaCodecsXmlParser( 872): ignoring Alias specified not
directly in a MediaCodec at line 52 of
/vendor/etc/dax3_media_codecs_dolby_audio.xml
09-22 04:00:53.942 D/MediaCodecsXmlParser( 872): parsing
/vendor/etc/media_codecs_performance.xml...
09-22 04:00:53.942 D/MediaCodecsXmlParser( 872): MediaCodec: cannot update non-
existing codec: OMX.Exynos.avc.dec at line 18 of
/vendor/etc/media_codecs_performance.xml
09-22 04:00:53.942 D/MediaCodecsXmlParser( 872): MediaCodec: cannot update non-
existing codec: OMX.Exynos.h263.dec at line 28 of
/vendor/etc/media_codecs_performance.xml
09-22 04:00:53.942 D/MediaCodecsXmlParser( 872): MediaCodec: cannot update non-
existing codec: OMX.Exynos.hevc.dec at line 34 of
/vendor/etc/media_codecs_performance.xml
09-22 04:00:53.942 D/MediaCodecsXmlParser( 872): MediaCodec: cannot update non-
existing codec: OMX.Exynos.mpeg4.dec at line 46 of
/vendor/etc/media_codecs_performance.xml
09-22 04:00:53.942 D/MediaCodecsXmlParser( 872): MediaCodec: cannot update non-
existing codec: OMX.Exynos.vp8.dec at line 52 of
/vendor/etc/media_codecs_performance.xml
09-22 04:00:53.943 D/MediaCodecsXmlParser( 872): MediaCodec: cannot update non-
existing codec: OMX.Exynos.AVC.Encoder at line 128 of
/vendor/etc/media_codecs_performance.xml
09-22 04:00:53.943 D/MediaCodecsXmlParser( 872): MediaCodec: cannot update non-
existing codec: OMX.Exynos.H263.Encoder at line 138 of
/vendor/etc/media_codecs_performance.xml
09-22 04:00:53.943 D/MediaCodecsXmlParser( 872): MediaCodec: cannot update non-
existing codec: OMX.Exynos.HEVC.Encoder at line 146 of
/vendor/etc/media_codecs_performance.xml
09-22 04:00:53.943 D/MediaCodecsXmlParser( 872): MediaCodec: cannot update non-
existing codec: OMX.Exynos.MPEG4.Encoder at line 156 of
/vendor/etc/media_codecs_performance.xml
09-22 04:00:53.943 D/MediaCodecsXmlParser( 872): MediaCodec: cannot update non-
existing codec: OMX.Exynos.VP8.Encoder at line 164 of
/vendor/etc/media_codecs_performance.xml
09-22 04:00:53.944 I/MediaCodecsXmlParser( 872): >>>OMX SEC codec
09-22 04:00:53.944 D/MediaCodecsXmlParser( 872): parsing
/vendor/etc/media_codecs.xml...
09-22 04:00:53.944 D/MediaCodecsXmlParser( 872): parsing
/vendor/etc/media_codecs_google_telephony.xml...
09-22 04:00:53.944 D/MediaCodecsXmlParser( 872): Setting: updating existing
setting at line 88 of /vendor/etc/media_codecs.xml
09-22 04:00:53.946 D/MediaCodecsXmlParser( 872): parsing
/vendor/etc/media_codecs_performance.xml...
09-22 04:00:53.947 I/MediaCodecsXmlParser( 872): Did not find
media_codecs_shaping.xml in search path
09-22 04:00:53.948 I/MediaCodecsXmlParser( 872): >>>OMX SEC codec
09-22 04:00:53.948 I/MediaCodecsXmlParser( 872): Did not find
media_codecs_shaping.xml in search path
09-22 04:00:53.949 I/C2SecAacDec( 603): in CreateCodec2Factory
09-22 04:00:53.949 I/SEC_componentStore( 603): GetCodec2SecComponentStore+++++++++
++++
09-22 04:00:53.949 I/SEC_componentStore( 603):
GetCodec2SecComponentStore--------------default
09-22 04:00:53.954 E/Codec2-FilterWrapper( 603): plugin not OK: -19
09-22 04:00:53.957 I/Codec2InfoBuilder( 872): adding type 'audio/mp4a-latm'
09-22 04:00:53.969 I/C2SecAacDec( 603): in DestroyCodec2Factory
09-22 04:00:53.969 I/SEC_componentStore( 603): GetCodec2SecComponentStore+++++++++
++++
09-22 04:00:53.970 I/SEC_componentStore( 603):
GetCodec2SecComponentStore--------------default
09-22 04:00:53.972 I/Codec2InfoBuilder( 872): adding type 'audio/mp4a-latm'
09-22 04:00:53.977 I/C2SecAmrNBDec( 603): in CreateCodec2Factory
09-22 04:00:53.977 I/SEC_componentStore( 603): GetCodec2SecComponentStore+++++++++
++++
09-22 04:00:53.977 I/SEC_componentStore( 603):
GetCodec2SecComponentStore--------------default
09-22 04:00:53.979 I/Codec2InfoBuilder( 872): adding type 'audio/3gpp'
09-22 04:00:53.980 I/C2SecAmrWBDec( 603): in CreateCodec2Factory
09-22 04:00:53.980 I/SEC_componentStore( 603): GetCodec2SecComponentStore+++++++++
++++
09-22 04:00:53.980 I/SEC_componentStore( 603):
GetCodec2SecComponentStore--------------default
09-22 04:00:53.981 I/C2SecAmrNBDec( 603): in DestroyCodec2Factory
09-22 04:00:53.982 I/Codec2InfoBuilder( 872): adding type 'audio/amr-wb'
09-22 04:00:53.983 I/C2SecAmrWBDec( 603): in DestroyCodec2Factory
09-22 04:00:53.984 I/C2SecFlacDec( 603): in CreateCodec2Factory
09-22 04:00:53.984 I/SEC_componentStore( 603): GetCodec2SecComponentStore+++++++++
++++
09-22 04:00:53.984 I/SEC_componentStore( 603):
GetCodec2SecComponentStore--------------default
09-22 04:00:53.986 I/Codec2InfoBuilder( 872): adding type 'audio/flac'
09-22 04:00:53.987 I/C2SecImaDec( 603): in CreateCodec2Factory
09-22 04:00:53.987 I/SEC_componentStore( 603): GetCodec2SecComponentStore+++++++++
++++
09-22 04:00:53.987 I/SEC_componentStore( 603):
GetCodec2SecComponentStore--------------default
09-22 04:00:53.988 I/C2SecFlacDec( 603): in DestroyCodec2Factory
09-22 04:00:53.989 I/Codec2InfoBuilder( 872): adding type 'audio/x-ima'
09-22 04:00:53.990 I/C2SecMp3Dec( 603): in CreateCodec2Factory
09-22 04:00:53.991 I/SEC_componentStore( 603): GetCodec2SecComponentStore+++++++++
++++
09-22 04:00:53.991 I/SEC_componentStore( 603):
GetCodec2SecComponentStore--------------default
09-22 04:00:53.992 I/C2SecImaDec( 603): in DestroyCodec2Factory
09-22 04:00:53.993 I/Codec2InfoBuilder( 872): adding type 'audio/mpeg'
09-22 04:00:53.993 I/Codec2InfoBuilder( 872): adding type 'audio/mpeg-L1'
09-22 04:00:53.994 I/Codec2InfoBuilder( 872): adding type 'audio/mpeg-L2'
09-22 04:00:53.995 I/SEC_componentStore( 603): GetCodec2SecComponentStore+++++++++
++++
09-22 04:00:53.995 I/SEC_componentStore( 603):
GetCodec2SecComponentStore--------------default
09-22 04:00:53.997 I/C2SecMp3Dec( 603): in DestroyCodec2Factory
09-22 04:00:53.998 I/Codec2InfoBuilder( 872): adding type 'video/mp4v-es'
09-22 04:00:54.004 I/SEC_componentStore( 603): GetCodec2SecComponentStore+++++++++
++++
09-22 04:00:54.004 I/SEC_componentStore( 603):
GetCodec2SecComponentStore--------------default
09-22 04:00:54.007 I/Codec2InfoBuilder( 872): adding type 'video/wvc1'
09-22 04:00:54.007 I/Codec2InfoBuilder( 872): adding type 'video/x-ms-wmv'
09-22 04:00:54.009 I/SEC_componentStore( 603): GetCodec2SecComponentStore+++++++++
++++
09-22 04:00:54.009 I/SEC_componentStore( 603):
GetCodec2SecComponentStore--------------default
09-22 04:00:54.010 I/CASS_DEBUG( 813): [cp_monitor] Modem status : 0x03
09-22 04:00:54.014 I/Codec2InfoBuilder( 872): adding type 'audio/ac4'
09-22 04:00:54.015 I/SEC_componentStore( 603): GetCodec2SecComponentStore+++++++++
++++
09-22 04:00:54.015 I/SEC_componentStore( 603):
GetCodec2SecComponentStore--------------default
09-22 04:00:54.018 I/Codec2InfoBuilder( 872): adding type 'audio/ac3'
09-22 04:00:54.018 I/Codec2InfoBuilder( 872): adding type 'audio/eac3'
09-22 04:00:54.019 I/Codec2InfoBuilder( 872): adding type 'audio/eac3-joc'
09-22 04:00:54.020 V/C2Store ( 894): in init
09-22 04:00:54.020 V/C2Store ( 894): loading dll
09-22 04:00:54.025 I/Codec2InfoBuilder( 872): adding type 'audio/mp4a-latm'
09-22 04:00:54.031 V/C2Store ( 894): in ~ComponentModule
09-22 04:00:54.031 V/C2Store ( 894): unloading dll
09-22 04:00:54.031 V/C2Store ( 894): in init
09-22 04:00:54.031 V/C2Store ( 894): loading dll
09-22 04:00:54.035 I/Codec2InfoBuilder( 872): adding type 'audio/mp4a-latm'
09-22 04:00:54.038 V/C2Store ( 894): in init
09-22 04:00:54.038 V/C2Store ( 894): loading dll
09-22 04:00:54.041 V/C2Store ( 894): in ~ComponentModule
09-22 04:00:54.041 V/C2Store ( 894): unloading dll
09-22 04:00:54.041 I/Codec2InfoBuilder( 872): adding type 'audio/3gpp'
09-22 04:00:54.042 V/C2Store ( 894): in ~ComponentModule
09-22 04:00:54.042 V/C2Store ( 894): unloading dll
09-22 04:00:54.042 V/C2Store ( 894): in init
09-22 04:00:54.042 V/C2Store ( 894): loading dll
09-22 04:00:54.044 I/Codec2InfoBuilder( 872): adding type 'audio/3gpp'
09-22 04:00:54.045 V/C2Store ( 894): in init
09-22 04:00:54.045 V/C2Store ( 894): loading dll
09-22 04:00:54.045 D/io_stats( 374): !@ 179,0 r 51748 6037600 w 12420 5518380 d
285 2108180 f 0 0 iot 83144 0 th 0 0 0 pt 0 inp 0 0 102.173
09-22 04:00:54.047 I/Codec2InfoBuilder( 872): adding type 'audio/amr-wb'
09-22 04:00:54.047 V/C2Store ( 894): in ~ComponentModule
09-22 04:00:54.048 V/C2Store ( 894): unloading dll
09-22 04:00:54.048 V/C2Store ( 894): in ~ComponentModule
09-22 04:00:54.048 V/C2Store ( 894): unloading dll
09-22 04:00:54.048 V/C2Store ( 894): in init
09-22 04:00:54.048 V/C2Store ( 894): loading dll
09-22 04:00:54.053 I/Codec2InfoBuilder( 872): adding type 'audio/amr-wb'
09-22 04:00:54.054 V/C2Store ( 894): in ~ComponentModule
09-22 04:00:54.054 V/C2Store ( 894): in init
09-22 04:00:54.054 V/C2Store ( 894): unloading dll
09-22 04:00:54.054 V/C2Store ( 894): loading dll
09-22 04:00:54.058 D/Codec2InfoBuilder( 872): codec entry for
'c2.android.av1.decoder' is disabled
09-22 04:00:54.059 V/C2Store ( 894): in init
09-22 04:00:54.059 V/C2Store ( 894): loading dll
09-22 04:00:54.059 V/C2Store ( 894): in ~ComponentModule
09-22 04:00:54.059 V/C2Store ( 894): unloading dll
09-22 04:00:54.063 I/Codec2InfoBuilder( 872): adding type 'video/avc'
09-22 04:00:54.066 V/C2Store ( 894): in init
09-22 04:00:54.066 V/C2Store ( 894): loading dll
09-22 04:00:54.067 I/mediaswcodec( 894): missing struct descriptor
#Param::CoreIndex(--004) for field values of struct #Param::CoreIndex(F-12004)
09-22 04:00:54.067 V/C2Store ( 894): in ~ComponentModule
09-22 04:00:54.067 I/mediaswcodec( 894): missing struct descriptor
#Param::CoreIndex(--1812) for field values of struct #Param::CoreIndex(F-11812)
09-22 04:00:54.067 V/C2Store ( 894): unloading dll
09-22 04:00:54.069 I/mediaswcodec( 894): missing struct descriptor
#Param::CoreIndex(--004) for field values of struct #Param::CoreIndex(F-12004)
09-22 04:00:54.069 I/mediaswcodec( 894): missing struct descriptor
#Param::CoreIndex(--1812) for field values of struct #Param::CoreIndex(F-11812)
09-22 04:00:54.070 I/Codec2InfoBuilder( 872): adding type 'video/avc'
09-22 04:00:54.072 I/dex2oat32( 946): dex2oat took 631.159ms (679.073ms cpu)
(threads: 8) arena alloc=0B (0B) java alloc=447KB (458688B) native alloc=34MB
(36362528B) free=1485KB (1521376B)
09-22 04:00:54.073 V/C2Store ( 894): in init
09-22 04:00:54.073 V/C2Store ( 894): in ~ComponentModule
09-22 04:00:54.073 V/C2Store ( 894): unloading dll
09-22 04:00:54.073 V/C2Store ( 894): loading dll
09-22 04:00:54.075 I/Codec2InfoBuilder( 872): adding type 'audio/flac'
09-22 04:00:54.076 V/C2Store ( 894): in init
09-22 04:00:54.076 V/C2Store ( 894): loading dll
09-22 04:00:54.076 V/C2Store ( 894): in ~ComponentModule
09-22 04:00:54.076 V/C2Store ( 894): unloading dll
09-22 04:00:54.079 I/Codec2InfoBuilder( 872): adding type 'audio/flac'
09-22 04:00:54.080 V/C2Store ( 894): in ~ComponentModule
09-22 04:00:54.080 V/C2Store ( 894): unloading dll
09-22 04:00:54.080 V/C2Store ( 894): in init
09-22 04:00:54.080 V/C2Store ( 894): loading dll
09-22 04:00:54.084 V/installd( 862): DexInv: --- END
'/apex/com.android.appsearch/javalib/service-appsearch.jar' (success) ---
09-22 04:00:54.085 I/Codec2InfoBuilder( 872): adding type 'audio/g711-alaw'
09-22 04:00:54.085 V/C2Store ( 894): in init
09-22 04:00:54.086 V/C2Store ( 894): loading dll
09-22 04:00:54.088 V/C2Store ( 894): in ~ComponentModule
09-22 04:00:54.088 V/C2Store ( 894): unloading dll
09-22 04:00:54.088 I/Codec2InfoBuilder( 872): adding type 'audio/g711-mlaw'
09-22 04:00:54.089 V/C2Store ( 894): in ~ComponentModule
09-22 04:00:54.089 V/C2Store ( 894): in init
09-22 04:00:54.089 V/C2Store ( 894): loading dll
09-22 04:00:54.089 V/C2Store ( 894): unloading dll
09-22 04:00:54.090 V/installd( 862): DexInv: --- BEGIN
'/apex/com.android.media/javalib/service-media-s.jar' ---
09-22 04:00:54.090 V/installd( 862): Running /apex/com.android.art/bin/dex2oat32
in=service-media-s.jar
out=/data/dalvik-cache/arm/[email protected]@javalib@service-media-
[email protected]
09-22 04:00:54.092 I/Codec2InfoBuilder( 872): adding type 'audio/gsm'
09-22 04:00:54.093 V/C2Store ( 894): in init
09-22 04:00:54.093 V/C2Store ( 894): loading dll
09-22 04:00:54.093 V/C2Store ( 894): in ~ComponentModule
09-22 04:00:54.093 V/C2Store ( 894): unloading dll
09-22 04:00:54.097 I/Codec2InfoBuilder( 872): adding type 'video/3gpp'
09-22 04:00:54.099 V/C2Store ( 894): in init
09-22 04:00:54.099 V/C2Store ( 894): in ~ComponentModule
09-22 04:00:54.099 V/C2Store ( 894): unloading dll
09-22 04:00:54.100 V/C2Store ( 894): loading dll
09-22 04:00:54.103 I/Codec2InfoBuilder( 872): adding type 'video/3gpp'
09-22 04:00:54.105 V/C2Store ( 894): in init
09-22 04:00:54.105 V/C2Store ( 894): in ~ComponentModule
09-22 04:00:54.105 V/C2Store ( 894): loading dll
09-22 04:00:54.105 V/C2Store ( 894): unloading dll
09-22 04:00:54.109 I/Codec2InfoBuilder( 872): adding type 'video/hevc'
09-22 04:00:54.111 I/CASS_DEBUG( 813): [cp_monitor] Modem status : 0x03
09-22 04:00:54.112 V/C2Store ( 894): in init
09-22 04:00:54.112 V/C2Store ( 894): loading dll
09-22 04:00:54.112 V/C2Store ( 894): in ~ComponentModule
09-22 04:00:54.112 V/C2Store ( 894): unloading dll
09-22 04:00:54.113 I/mediaswcodec( 894): missing struct descriptor
#Param::CoreIndex(--004) for field values of struct #Param::CoreIndex(F-12004)
09-22 04:00:54.113 D/C2SoftHevcEnc( 894): Given level 6000 does not cover current
configuration: adjusting to 6001
09-22 04:00:54.114 I/mediaswcodec( 894): missing struct descriptor
#Param::CoreIndex(--004) for field values of struct #Param::CoreIndex(F-12004)
09-22 04:00:54.115 D/C2SoftHevcEnc( 894): Given level 6000 does not cover current
configuration: adjusting to 6001
09-22 04:00:54.115 I/Codec2InfoBuilder( 872): adding type 'video/hevc'
09-22 04:00:54.118 V/C2Store ( 894): in init
09-22 04:00:54.118 V/C2Store ( 894): loading dll
09-22 04:00:54.120 V/C2Store ( 894): in ~ComponentModule
09-22 04:00:54.120 I/Codec2InfoBuilder( 872): adding type 'audio/mpeg'
09-22 04:00:54.120 V/C2Store ( 894): unloading dll
09-22 04:00:54.120 V/C2Store ( 894): in init
09-22 04:00:54.120 V/C2Store ( 894): loading dll
09-22 04:00:54.123 V/C2Store ( 894): in ~ComponentModule
09-22 04:00:54.124 V/C2Store ( 894): unloading dll
09-22 04:00:54.124 D/Codec2InfoBuilder( 872): codec entry for
'c2.android.mpeg2.decoder' is disabled
09-22 04:00:54.124 V/C2Store ( 894): in init
09-22 04:00:54.124 V/C2Store ( 894): loading dll
09-22 04:00:54.124 V/C2Store ( 894): in ~ComponentModule
09-22 04:00:54.124 V/C2Store ( 894): unloading dll
09-22 04:00:54.127 I/Codec2InfoBuilder( 872): adding type 'video/mp4v-es'
09-22 04:00:54.129 V/C2Store ( 894): in init
09-22 04:00:54.129 V/C2Store ( 894): loading dll
09-22 04:00:54.130 V/C2Store ( 894): in ~ComponentModule
09-22 04:00:54.130 V/C2Store ( 894): unloading dll
09-22 04:00:54.134 I/Codec2InfoBuilder( 872): adding type 'video/mp4v-es'
09-22 04:00:54.136 V/C2Store ( 894): in init
09-22 04:00:54.136 V/C2Store ( 894): loading dll
09-22 04:00:54.137 V/C2Store ( 894): in ~ComponentModule
09-22 04:00:54.137 V/C2Store ( 894): unloading dll
09-22 04:00:54.139 I/Codec2InfoBuilder( 872): adding type 'audio/opus'
09-22 04:00:54.139 V/C2Store ( 894): in init
09-22 04:00:54.139 V/C2Store ( 894): loading dll
09-22 04:00:54.142 I/Codec2InfoBuilder( 872): adding type 'audio/opus'
09-22 04:00:54.142 V/C2Store ( 894): in ~ComponentModule
09-22 04:00:54.142 V/C2Store ( 894): unloading dll
09-22 04:00:54.142 I/dex2oat32( 1000): /apex/com.android.art/bin/dex2oat32 --input-
vdex-fd=-1 --output-vdex-fd=9 --classpath-dir=/apex/com.android.media/javalib --
class-loader-context=PCL[/system/framework/com.android.location.provider.jar:/
system/framework/services.jar:/system/framework/ethernet-service.jar:/system/
framework/ssrm.jar:/system/framework/semwifi-service.jar:/apex/
com.android.appsearch/javalib/service-appsearch.jar] --compact-dex-level=none --
compiler-filter=verify --compilation-reason=server-dexopt --max-image-block-
size=524288 --resolve-startup-const-strings=true --generate-mini-debug-info
09-22 04:00:54.143 V/C2Store ( 894): in init
09-22 04:00:54.143 V/C2Store ( 894): loading dll
09-22 04:00:54.143 V/C2Store ( 894): in ~ComponentModule
09-22 04:00:54.144 V/C2Store ( 894): unloading dll
09-22 04:00:54.146 I/Codec2InfoBuilder( 872): adding type 'audio/raw'
09-22 04:00:54.146 V/C2Store ( 894): in init
09-22 04:00:54.146 V/C2Store ( 894): loading dll
09-22 04:00:54.147 V/C2Store ( 894): in ~ComponentModule
09-22 04:00:54.147 V/C2Store ( 894): unloading dll
09-22 04:00:54.148 I/Codec2InfoBuilder( 872): adding type 'audio/vorbis'
09-22 04:00:54.149 V/C2Store ( 894): in init
09-22 04:00:54.149 V/C2Store ( 894): loading dll
09-22 04:00:54.151 V/C2Store ( 894): in ~ComponentModule
09-22 04:00:54.151 V/C2Store ( 894): unloading dll
09-22 04:00:54.151 W/dex2oat32( 1000): Could not reserve sentinel fault page
09-22 04:00:54.152 I/Codec2InfoBuilder( 872): adding type 'video/x-vnd.on2.vp8'
09-22 04:00:54.154 V/C2Store ( 894): in init
09-22 04:00:54.154 V/C2Store ( 894): in ~ComponentModule
09-22 04:00:54.154 V/C2Store ( 894): loading dll
09-22 04:00:54.154 V/C2Store ( 894): unloading dll
09-22 04:00:54.155 I/C2SoftVpxEnc( 894): setting temporal layering 0 + 0
09-22 04:00:54.156 I/C2SoftVpxEnc( 894): setting temporal layering 0 + 0
09-22 04:00:54.158 I/Codec2InfoBuilder( 872): adding type 'video/x-vnd.on2.vp8'
09-22 04:00:54.159 V/C2Store ( 894): in init
09-22 04:00:54.159 V/C2Store ( 894): loading dll
09-22 04:00:54.159 V/C2Store ( 894): in ~ComponentModule
09-22 04:00:54.160 V/C2Store ( 894): unloading dll
09-22 04:00:54.162 I/Codec2InfoBuilder( 872): adding type 'video/x-vnd.on2.vp9'
09-22 04:00:54.165 V/C2Store ( 894): in init
09-22 04:00:54.165 V/C2Store ( 894): loading dll
09-22 04:00:54.165 V/C2Store ( 894): in ~ComponentModule
09-22 04:00:54.165 V/C2Store ( 894): unloading dll
09-22 04:00:54.166 I/C2SoftVpxEnc( 894): setting temporal layering 0 + 0
09-22 04:00:54.168 I/C2SoftVpxEnc( 894): setting temporal layering 0 + 0
09-22 04:00:54.170 D/Codec2InfoBuilder( 872): codec entry for
'c2.android.vp9.encoder' is disabled
09-22 04:00:54.172 V/C2Store ( 894): in ~ComponentModule
09-22 04:00:54.172 V/C2Store ( 894): unloading dll
09-22 04:00:54.173 W/BatteryNotifier( 872): batterystats service unavailable!
09-22 04:00:54.173 I/servicemanager( 331): Adding 'u:r:mediaserver:s0' service
(media.resource_manager:872)
09-22 04:00:54.174 I/servicemanager( 331): Adding 'u:r:mediaserver:s0' service
(media.resource_observer:872)
09-22 04:00:54.211 I/CASS_DEBUG( 813): [cp_monitor] Modem status : 0x03
09-22 04:00:54.243 E/engmode_cp_watcher( 555): Failed to Connect_RILD, ret : 4
09-22 04:00:54.312 I/CASS_DEBUG( 813): [cp_monitor] Modem status : 0x03
09-22 04:00:54.354 I/dex2oat32( 1000): dex2oat took 214.796ms (226.706ms cpu)
(threads: 8) arena alloc=0B (0B) java alloc=128KB (131264B) native alloc=33MB
(35329344B) free=1430KB (1465024B)
09-22 04:00:54.367 V/installd( 862): DexInv: --- END
'/apex/com.android.media/javalib/service-media-s.jar' (success) ---
09-22 04:00:54.372 V/installd( 862): DexInv: --- BEGIN
'/apex/com.android.permission/javalib/service-permission.jar' ---
09-22 04:00:54.372 V/installd( 862): Running /apex/com.android.art/bin/dex2oat32
in=service-permission.jar
out=/data/dalvik-cache/arm/[email protected]@javalib@service-
[email protected]
09-22 04:00:54.412 I/CASS_DEBUG( 813): [cp_monitor] Modem status : 0x03
09-22 04:00:54.423 I/dex2oat32( 1011): /apex/com.android.art/bin/dex2oat32 --input-
vdex-fd=-1 --output-vdex-fd=9 --classpath-dir=/apex/com.android.permission/javalib
--class-loader-context=PCL[/system/framework/com.android.location.provider.jar:/
system/framework/services.jar:/system/framework/ethernet-service.jar:/system/
framework/ssrm.jar:/system/framework/semwifi-service.jar:/apex/
com.android.appsearch/javalib/service-appsearch.jar:/apex/com.android.media/
javalib/service-media-s.jar] --compact-dex-level=none --compiler-filter=verify --
compilation-reason=server-dexopt --max-image-block-size=524288 --resolve-startup-
const-strings=true --generate-mini-debug-info
09-22 04:00:54.447 I/HidlServiceManagement( 887): Registered
[email protected]::ISehChannel/imsd
09-22 04:00:54.450 I/HidlServiceManagement( 887): Registered
[email protected]::ISehChannel/epdgd
09-22 04:00:54.453 I/HidlServiceManagement( 887): Registered
[email protected]::ISehBridge/slot1
09-22 04:00:54.496 I/engmode_cp_watcher( 555): Successfully connected with
RILD(1246)
09-22 04:00:54.496 I/engmode_cp_watcher( 555): Successfully sent c00000e2 message
to CP
09-22 04:00:54.511 D/hw-ProcessState( 1021): Binder ioctl to enable oneway spam
detection failed: Invalid argument
09-22 04:00:54.512 I/CASS_DEBUG( 813): [cp_monitor] Modem status : 0x04
09-22 04:00:54.512 I/CASS_DEBUG( 813): [cp_monitor] modem is ONLINE
09-22 04:00:54.513 I/CASS_DEBUG( 813): [cp_monitor] Successfully connected with
RILD
09-22 04:00:54.513 I/CASS_DEBUG( 813): Successfully invoke event(0xc00000e1)
09-22 04:00:54.514 I/CASS_DEBUG( 813): Disconnected ril daemon
09-22 04:00:54.514 I/CASS_DEBUG( 813): [cp_monitor] poll... [7]
09-22 04:00:54.547 I/engmode_cp_watcher( 555): Successfully sent c00000e3 message
to CP
09-22 04:00:54.644 I/dex2oat32( 1011): dex2oat took 223.957ms (264.415ms cpu)
(threads: 8) arena alloc=0B (0B) java alloc=129KB (132520B) native alloc=33MB
(35494808B) free=1417KB (1451112B)
09-22 04:00:54.655 V/installd( 862): DexInv: --- END
'/apex/com.android.permission/javalib/service-permission.jar' (success) ---
09-22 04:00:54.662 V/installd( 862): DexInv: --- BEGIN
'/apex/com.samsung.android.ipm/javalib/service-samsung-ipm.jar' ---
09-22 04:00:54.663 V/installd( 862): Running /apex/com.android.art/bin/dex2oat32
in=service-samsung-ipm.jar
out=/data/dalvik-cache/arm/[email protected]@javalib@service-samsung-
[email protected]
09-22 04:00:54.720 I/dex2oat32( 1034): /apex/com.android.art/bin/dex2oat32 --input-
vdex-fd=-1 --output-vdex-fd=9 --classpath-dir=/apex/com.samsung.android.ipm/javalib
--class-loader-context=PCL[/system/framework/com.android.location.provider.jar:/
system/framework/services.jar:/system/framework/ethernet-service.jar:/system/
framework/ssrm.jar:/system/framework/semwifi-service.jar:/apex/
com.android.appsearch/javalib/service-appsearch.jar:/apex/com.android.media/
javalib/service-media-s.jar:/apex/com.android.permission/javalib/service-
permission.jar] --compact-dex-level=none --compiler-filter=verify --compilation-
reason=server-dexopt --max-image-block-size=524288 --resolve-startup-const-
strings=true --generate-mini-debug-info
09-22 04:00:54.965 I/dex2oat32( 1034): dex2oat took 248.978ms (319.392ms cpu)
(threads: 8) arena alloc=0B (0B) java alloc=139KB (142416B) native alloc=34MB
(35838480B) free=1441KB (1476080B)
09-22 04:00:54.977 V/installd( 862): DexInv: --- END
'/apex/com.samsung.android.ipm/javalib/service-samsung-ipm.jar' (success) ---
09-22 04:00:54.982 V/installd( 862): DexInv: --- BEGIN
'/apex/com.samsung.android.shell/javalib/service-samsung-privilege.jar' ---
09-22 04:00:54.982 V/installd( 862): Running /apex/com.android.art/bin/dex2oat32
in=service-samsung-privilege.jar
out=/data/dalvik-cache/arm/[email protected]@javalib@service-samsung-
[email protected]
09-22 04:00:55.030 I/dex2oat32( 1045): /apex/com.android.art/bin/dex2oat32 --input-
vdex-fd=-1 --output-vdex-fd=9
--classpath-dir=/apex/com.samsung.android.shell/javalib --class-loader-
context=PCL[/system/framework/com.android.location.provider.jar:/system/framework/
services.jar:/system/framework/ethernet-service.jar:/system/framework/ssrm.jar:/
system/framework/semwifi-service.jar:/apex/com.android.appsearch/javalib/service-
appsearch.jar:/apex/com.android.media/javalib/service-media-s.jar:/apex/
com.android.permission/javalib/service-permission.jar:/apex/
com.samsung.android.ipm/javalib/service-samsung-ipm.jar] --compact-dex-level=none
--compiler-filter=verify --compilation-reason=server-dexopt --max-image-block-
size=524288 --resolve-startup-const-strings=true --generate-mini-debug-info
09-22 04:00:55.231 I/dex2oat32( 1045): dex2oat took 204.124ms (219.095ms cpu)
(threads: 8) arena alloc=0B (0B) java alloc=129KB (132624B) native alloc=33MB
(35300800B) free=1410KB (1444416B)
09-22 04:00:55.241 V/installd( 862): DexInv: --- END
'/apex/com.samsung.android.shell/javalib/service-samsung-privilege.jar' (success)
---
09-22 04:00:55.349 I/SystemServerTiming( 727): InitBeforeStartServices
09-22 04:00:55.355 I/SystemServer( 727): !@Boot_EBS_F: SYSTEM_SERVER_START
09-22 04:00:55.355 W/SystemServer( 727): persist.sys.timezone is not valid ();
setting to GMT.
09-22 04:00:55.363 I/SystemServer( 727): Entered the Android system server!
09-22 04:00:55.363 I/SystemServer( 727): !@Boot: Entered the Android system
server!
09-22 04:00:55.364 I/SystemServer( 727): !@Boot_EBS_F: BOOT_PROGRESS_SYSTEM_RUN
09-22 04:00:55.595 D/hw-ProcessState( 555): Binder ioctl to enable oneway spam
detection failed: Invalid argument
09-22 04:00:55.606 I/CASS_DEBUG( 813): Read : after select [8]
09-22 04:00:55.606 I/CASS_DEBUG( 813): Read : read IoChannel 8, size 20
09-22 04:00:55.606 I/CASS_DEBUG( 813): Request payload number : a9ed0001
09-22 04:00:55.606 I/CASS_DEBUG( 813): Request Command type : 0xc0000004
09-22 04:00:55.606 I/CASS_DEBUG( 813): Set WakeLock
09-22 04:00:55.606 I/CASS_DEBUG( 813): acquire_wake_lock lock=1 id='cass_wakelock'
09-22 04:00:55.607 I/CASS_DEBUG( 813): Read
09-22 04:00:55.607 I/CASS_DEBUG( 813): Read : select... [8]
09-22 04:00:55.607 I/CASS_DEBUG( 813): Read : after select [8]
09-22 04:00:55.607 I/CASS_DEBUG( 813): Read : read IoChannel 8, size 0
09-22 04:00:55.607 I/CASS_DEBUG( 813): Request _no : a9ed0001
09-22 04:00:55.607 D/CASS_DEBUG( 813): Request cmd_id : 0xc0000004
09-22 04:00:55.607 D/CASS_DEBUG( 813): Request payload version : 0x00000000
09-22 04:00:55.607 D/CASS_DEBUG( 813): Request data_length : 0
09-22 04:00:55.607 D/CASS_DEBUG( 813): Request data (max 24 bytes) :
09-22 04:00:55.607 D/BatteryDump( 587): wait_for_battery_event : occurred :
add@/devices/virtual/wakeup/wakeup44
09-22 04:00:55.610 I/VaultKeeper_COMMON( 425): VK 4.3.0 [Client] /vendor/bin/cass.
=> [Vault] CASS. [CMD NO.] 4648
09-22 04:00:55.610 I/VaultKeeper_COMMON( 425): [CMD:CHECK_CLIENT_REGISTERED]
09-22 04:00:55.611 I/vaultkeeper( 425): runCommand Success.(TA ret = 0)
09-22 04:00:55.612 I/CASS_DEBUG( 813): sendCommand : 0xa9ed0001 [0xc0000004]
09-22 04:00:55.612 I/CASS_DEBUG( 813): V1.6.5 : prepareReading
09-22 04:00:55.613 I/VaultKeeper_COMMON( 425): VK 4.3.0 [Client] /vendor/bin/cass.
=> [Vault] CASS. [CMD NO.] 7939
09-22 04:00:55.613 I/VaultKeeper_COMMON( 425): [CMD:SENSITIVE_NONCE]
09-22 04:00:55.616 W/libc ( 887): Unable to set property
"ro.ril.def_network_after_check_tdscdma" to "9": error code: 0xb, try count : 1
09-22 04:00:55.617 W/libc ( 887): Unable to set property
"ro.ril.def_network_after_check_tdscdma" to "9": error code: 0xb, try count : 2
09-22 04:00:55.618 W/libc ( 887): Unable to set property
"ro.ril.def_network_after_check_tdscdma" to "9": error code: 0xb, try count : 3
09-22 04:00:55.647 D/tzdaemon( 377): [ts]
======================================================
09-22 04:00:55.647 D/tzdaemon( 377): [ts] msgToCommsAgent->cmd_group = 5
09-22 04:00:55.647 D/tzdaemon( 377): [ts] msgToCommsAgent->szData = 20
09-22 04:00:55.647 D/tzdaemon( 377): [ts]
======================================================
09-22 04:00:55.647 D/tzdaemon( 377): [ts] msgToCommsAgent->command =
TS_CMD_READ_OBJ_LIST
09-22 04:00:55.647 D/tzdaemon( 377): [ts] Received : TS_CMD_READ_OBJ_LIST
09-22 04:00:55.647 D/tzdaemon( 377): [ts] UUID of the object owner is : 00000000-
0000-0000-0000-564c544b5052
09-22 04:00:55.648 D/tzdaemon( 377): [ts] Storage ID : 2147483648
09-22 04:00:55.648 D/tzdaemon( 377): [ts] Read resource
/mnt/vendor/efs/tee/srt/00000000-0000-0000-0000-564c544b5052-2147483648 success,
size: 72
09-22 04:00:55.650 D/tzdaemon( 377): [ts]
======================================================
09-22 04:00:55.651 D/tzdaemon( 377): [ts] msgToCommsAgent->cmd_group = 5
09-22 04:00:55.651 D/tzdaemon( 377): [ts] msgToCommsAgent->szData = 278
09-22 04:00:55.651 D/tzdaemon( 377): [ts]
======================================================
09-22 04:00:55.651 D/tzdaemon( 377): [ts] msgToCommsAgent->command =
TS_CMD_WRITE_DATA
09-22 04:00:55.651 D/tzdaemon( 377): [ts] Received : TS_CMD_WRITE_DATA
09-22 04:00:55.651 D/tzdaemon( 377): [ts] UUID of the object owner is : 00000000-
0000-0000-0000-564c544b5052
09-22 04:00:55.651 D/tzdaemon( 377): [ts] Storage ID : -2147483648
09-22 04:00:55.651 D/tzdaemon( 377): [ts] Object path is :
/mnt/vendor/efs/tee/srt/00000000-0000-0000-0000-564c544b5052/2147483648/14b4aad4/
09-22 04:00:55.651 D/tzdaemon( 377): [ts] Info offset is : 24
09-22 04:00:55.651 D/tzdaemon( 377): [ts] Storage metadata offset is : 24
09-22 04:00:55.651 D/tzdaemon( 377): [ts] Object Info Size is 128
09-22 04:00:55.651 D/tzdaemon( 377): [ts] Object attributes size is : 0
09-22 04:00:55.651 D/tzdaemon( 377): [ts] Object number of data chunks : 0
09-22 04:00:55.651 D/tzdaemon( 377): [ts] Data offset is : 164
09-22 04:00:55.652 D/tzdaemon( 377): [ts] Required direcories made successfully
09-22 04:00:55.655 D/tzdaemon( 377): [ts] flags = 1
09-22 04:00:55.655 D/tzdaemon( 377): [ts] Storage metadata offset is : 164
09-22 04:00:55.664 D/tzdaemon( 377): [ts]
======================================================
09-22 04:00:55.664 D/tzdaemon( 377): [ts] msgToCommsAgent->cmd_group = 5
09-22 04:00:55.665 D/tzdaemon( 377): [ts] msgToCommsAgent->szData = 16718
09-22 04:00:55.665 D/tzdaemon( 377): [ts]
======================================================
09-22 04:00:55.665 D/tzdaemon( 377): [ts] msgToCommsAgent->command =
TS_CMD_WRITE_DATA
09-22 04:00:55.665 D/tzdaemon( 377): [ts] Received : TS_CMD_WRITE_DATA
09-22 04:00:55.665 D/tzdaemon( 377): [ts] UUID of the object owner is : 00000000-
0000-0000-0000-564c544b5052
09-22 04:00:55.665 D/tzdaemon( 377): [ts] Storage ID : -2147483648
09-22 04:00:55.665 D/tzdaemon( 377): [ts] Object path is :
/mnt/vendor/efs/tee/srt/00000000-0000-0000-0000-564c544b5052/2147483648/14b4aad4/
09-22 04:00:55.665 D/tzdaemon( 377): [ts] Info offset is : 24
09-22 04:00:55.665 D/tzdaemon( 377): [ts] Storage metadata offset is : 24
09-22 04:00:55.665 D/tzdaemon( 377): [ts] Object Info Size is 128
09-22 04:00:55.665 D/tzdaemon( 377): [ts] Object attributes size is : 0
09-22 04:00:55.665 D/tzdaemon( 377): [ts] Object number of data chunks : 1
09-22 04:00:55.665 D/tzdaemon( 377): [ts] Object write start chunk : 0
09-22 04:00:55.665 D/tzdaemon( 377): [ts] Object data chunk size : 16428
09-22 04:00:55.665 D/tzdaemon( 377): [ts] Data offset is : 172
09-22 04:00:55.665 D/tzdaemon( 377): [ts] Required direcories made successfully
09-22 04:00:55.668 D/tzdaemon( 377): [ts] Number of chunks = 1
09-22 04:00:55.671 D/tzdaemon( 377): [ts] chunks to
/mnt/vendor/efs/tee/srt/00000000-0000-0000-0000-564c544b5052/2147483648/14b4aad4/
data_chunk written
09-22 04:00:55.671 D/tzdaemon( 377): [ts] flags = 1
09-22 04:00:55.671 D/tzdaemon( 377): [ts] Storage metadata offset is : 16600
09-22 04:00:55.680 I/vaultkeeper( 425): runCommand Success.(TA ret = 0)
09-22 04:00:55.680 I/VaultKeeper_COMMON( 425): VK 4.3.0 [Client] /vendor/bin/cass.
=> [Vault] CASS. [CMD NO.] 5308
09-22 04:00:55.681 I/VaultKeeper_COMMON( 425): [CMD:ENCRYPT_MSG]
09-22 04:00:55.709 I/vaultkeeper( 425): runCommand Success.(TA ret = 0)
09-22 04:00:55.709 I/CASS_DEBUG( 813): sendCommand : 0xa9ed0001 [0xc0000004] Done
09-22 04:00:55.709 D/VaultKeeper_MGR( 813): ~VaultKeeperManager
09-22 04:00:55.709 I/CASS_DEBUG( 813): Response _no : a9ed0001
09-22 04:00:55.709 D/CASS_DEBUG( 813): Response ret : 0x00000000
09-22 04:00:55.709 D/CASS_DEBUG( 813): Response cmd_id : 0xc0000005
09-22 04:00:55.709 D/CASS_DEBUG( 813): Response payload version : 0x00000000
09-22 04:00:55.709 D/CASS_DEBUG( 813): Response data_length : 60
09-22 04:00:55.709 D/CASS_DEBUG( 813): Response data (max 24 bytes) :
09-22 04:00:55.709 I/CASS_DEBUG( 813):
380000003249ed20ed2780b9532862c70681921a32d6b569
09-22 04:00:55.709 I/CASS_DEBUG( 813): Write : write IoChannel 8, size 80
09-22 04:00:55.710 I/CASS_DEBUG( 813): Successfully written
09-22 04:00:55.710 I/CASS_DEBUG( 813): Set WakeUnlock
09-22 04:00:55.710 I/CASS_DEBUG( 813): release_wake_lock id='cass_wakelock'
09-22 04:00:55.710 I/CASS_DEBUG( 813): Read
09-22 04:00:55.710 I/CASS_DEBUG( 813): Read : select... [8]
09-22 04:00:55.710 I/CASS_DEBUG( 813): Read : after select [8]
09-22 04:00:55.710 I/CASS_DEBUG( 813): Read : read IoChannel 8, size 4
09-22 04:00:55.710 I/CASS_DEBUG( 813): Failed to read umts_cass buffer(4)
09-22 04:00:55.710 I/CASS_DEBUG( 813): Read
09-22 04:00:55.710 I/CASS_DEBUG( 813): Read : select... [8]
09-22 04:00:55.711 I/CASS_DEBUG( 813): Read : after select [8]
09-22 04:00:55.711 I/CASS_DEBUG( 813): Read : read IoChannel 8, size 20
09-22 04:00:55.711 I/CASS_DEBUG( 813): Request payload number : a9ed0002
09-22 04:00:55.711 I/CASS_DEBUG( 813): Request Command type : 0xc0000006
09-22 04:00:55.711 I/CASS_DEBUG( 813): Set WakeLock
09-22 04:00:55.711 I/CASS_DEBUG( 813): acquire_wake_lock lock=1 id='cass_wakelock'
09-22 04:00:55.711 I/CASS_DEBUG( 813): Read
09-22 04:00:55.711 I/CASS_DEBUG( 813): Read : select... [8]
09-22 04:00:55.711 I/CASS_DEBUG( 813): Read : after select [8]
09-22 04:00:55.711 I/CASS_DEBUG( 813): Read : read IoChannel 8, size 96
09-22 04:00:55.711 I/CASS_DEBUG( 813): Request _no : a9ed0002
09-22 04:00:55.711 D/CASS_DEBUG( 813): Request cmd_id : 0xc0000006
09-22 04:00:55.711 D/CASS_DEBUG( 813): Request payload version : 0x00000000
09-22 04:00:55.711 D/CASS_DEBUG( 813): Request data_length : 96
09-22 04:00:55.711 D/CASS_DEBUG( 813): Request data (max 24 bytes) :
09-22 04:00:55.711 I/CASS_DEBUG( 813):
5c0000004db229c93d408eb8ab7bd8bcf88b6c9231d6b569
09-22 04:00:55.712 I/VaultKeeper_COMMON( 425): VK 4.3.0 [Client] /vendor/bin/cass.
=> [Vault] CASS. [CMD NO.] 5541
09-22 04:00:55.712 I/VaultKeeper_COMMON( 425): [CMD:CHECK_CLIENT_REGISTERED]
09-22 04:00:55.712 I/vaultkeeper( 425): runCommand Success.(TA ret = 0)
09-22 04:00:55.712 I/CASS_DEBUG( 813): sendCommand : 0xa9ed0002 [0xc0000006]
09-22 04:00:55.712 I/CASS_DEBUG( 813): V1.6.5 : completeReading
09-22 04:00:55.713 I/VaultKeeper_COMMON( 425): VK 4.3.0 [Client] /vendor/bin/cass.
=> [Vault] CASS. [CMD NO.] 2039
09-22 04:00:55.713 I/VaultKeeper_COMMON( 425): [CMD:READ_SHELTERED]
09-22 04:00:55.742 D/tzdaemon( 377): [ts]
======================================================
09-22 04:00:55.742 D/tzdaemon( 377): [ts] msgToCommsAgent->cmd_group = 5
09-22 04:00:55.742 D/tzdaemon( 377): [ts] msgToCommsAgent->szData = 36
09-22 04:00:55.742 D/tzdaemon( 377): [ts]
======================================================
09-22 04:00:55.742 D/tzdaemon( 377): [ts] msgToCommsAgent->command =
TS_CMD_READ_DATA
09-22 04:00:55.742 D/tzdaemon( 377): [ts] Received : TS_CMD_READ_DATA
09-22 04:00:55.742 D/tzdaemon( 377): [ts] UUID of the object owner is : 00000000-
0000-0000-0000-564c544b5052
09-22 04:00:55.742 D/tzdaemon( 377): [ts] Storage ID : -2147483648
09-22 04:00:55.742 D/tzdaemon( 377): [ts] Object path is :
/mnt/vendor/efs/tee/srt/00000000-0000-0000-0000-564c544b5052/2147483648/14b4aad4/
09-22 04:00:55.742 D/tzdaemon( 377): [ts] Info offset is : 24
09-22 04:00:55.742 D/tzdaemon( 377): [ts] Storage metadata offset is : 24
09-22 04:00:55.742 D/tzdaemon( 377): [ts] Number of data chunks to read = 1 start-
chunk = 0 chunk-size = 16428
09-22 04:00:55.742 D/tzdaemon( 377): [ts] szdata = 24 size = 0
09-22 04:00:55.742 D/tzdaemon( 377): [ts] Calculating size of
/mnt/vendor/efs/tee/srt/00000000-0000-0000-0000-564c544b5052/2147483648/14b4aad4/
obj_info of type 1
09-22 04:00:55.742 D/tzdaemon( 377): [ts] Read resource
/mnt/vendor/efs/tee/srt/00000000-0000-0000-0000-564c544b5052/2147483648/14b4aad4/
obj_info success, size: 128
09-22 04:00:55.742 D/tzdaemon( 377): [ts] szdata = 156 size = 0
09-22 04:00:55.742 D/tzdaemon( 377): [ts] szdata = 160 size = 4
09-22 04:00:55.742 D/tzdaemon( 377): [ts] Read resource
/mnt/vendor/efs/tee/srt/00000000-0000-0000-0000-564c544b5052/2147483648/14b4aad4/
data_chunk success, size: 16428
09-22 04:00:55.742 D/tzdaemon( 377): [ts] szdata = 16600 size = 4
09-22 04:00:55.745 D/tzdaemon( 377): [ts]
======================================================
09-22 04:00:55.745 D/tzdaemon( 377): [ts] msgToCommsAgent->cmd_group = 5
09-22 04:00:55.745 D/tzdaemon( 377): [ts] msgToCommsAgent->szData = 96
09-22 04:00:55.745 D/tzdaemon( 377): [ts]
======================================================
09-22 04:00:55.746 D/tzdaemon( 377): [ts] msgToCommsAgent->command =
TS_CMD_DELETE_OBJECT
09-22 04:00:55.746 D/tzdaemon( 377): [ts] Received : TS_CMD_DELETE_OBJECT
09-22 04:00:55.746 D/tzdaemon( 377): [ts] >>
09-22 04:00:55.746 D/tzdaemon( 377): [ts] UUID of the object owner is : 00000000-
0000-0000-0000-564c544b5052
09-22 04:00:55.746 D/tzdaemon( 377): [ts] Storage ID : -2147483648
09-22 04:00:55.746 D/tzdaemon( 377): [ts] Object path is :
/mnt/vendor/efs/tee/srt/00000000-0000-0000-0000-564c544b5052/2147483648/14b4aad4/
09-22 04:00:55.746 D/tzdaemon( 377): [ts] Info offset is : 24
09-22 04:00:55.746 D/tzdaemon( 377): [ts] Storage metadata offset is : 24
09-22 04:00:55.746 D/tzdaemon( 377): [ts] Removing chunk
/mnt/vendor/efs/tee/srt/00000000-0000-0000-0000-564c544b5052/2147483648/14b4aad4/
obj_info
09-22 04:00:55.746 D/tzdaemon( 377): [ts] Removing chunk
/mnt/vendor/efs/tee/srt/00000000-0000-0000-0000-564c544b5052/2147483648/14b4aad4/
data_chunk
09-22 04:00:55.747 D/tzdaemon( 377): [ts] Deleting Object
09-22 04:00:55.759 I/vaultkeeper( 425): runCommand Success.(TA ret = 0)
09-22 04:00:55.760 I/CASS_DEBUG( 813): sendCommand : 0xa9ed0002 [0xc0000006] Done
09-22 04:00:55.760 D/VaultKeeper_MGR( 813): ~VaultKeeperManager
09-22 04:00:55.760 I/CASS_DEBUG( 813): Response _no : a9ed0002
09-22 04:00:55.760 D/CASS_DEBUG( 813): Response ret : 0x00000000
09-22 04:00:55.760 D/CASS_DEBUG( 813): Response cmd_id : 0xc0000007
09-22 04:00:55.760 D/CASS_DEBUG( 813): Response payload version : 0x00000000
09-22 04:00:55.760 D/CASS_DEBUG( 813): Response data_length : 131
09-22 04:00:55.760 D/CASS_DEBUG( 813): Response data (max 24 bytes) :
09-22 04:00:55.760 I/CASS_DEBUG( 813):
7f000000279906c02b023c7e6ceee04dd43412e830d6b569
09-22 04:00:55.760 I/CASS_DEBUG( 813): Write : write IoChannel 8, size 151
09-22 04:00:55.761 I/CASS_DEBUG( 813): Successfully written
09-22 04:00:55.761 I/CASS_DEBUG( 813): Set WakeUnlock
09-22 04:00:55.761 I/CASS_DEBUG( 813): release_wake_lock id='cass_wakelock'
09-22 04:00:55.761 I/CASS_DEBUG( 813): Read
09-22 04:00:55.761 I/CASS_DEBUG( 813): Read : select... [8]
09-22 04:00:55.761 I/CASS_DEBUG( 813): Read : after select [8]
09-22 04:00:55.761 I/CASS_DEBUG( 813): Read : read IoChannel 8, size 4
09-22 04:00:55.761 I/CASS_DEBUG( 813): Failed to read umts_cass buffer(4)
09-22 04:00:55.761 I/CASS_DEBUG( 813): Read
09-22 04:00:55.761 I/CASS_DEBUG( 813): Read : select... [8]
09-22 04:00:55.763 I/CASS_DEBUG( 813): Read : after select [8]
09-22 04:00:55.763 I/CASS_DEBUG( 813): Read : read IoChannel 8, size 20
09-22 04:00:55.763 I/CASS_DEBUG( 813): Request payload number : a9ed0003
09-22 04:00:55.763 I/CASS_DEBUG( 813): Request Command type : 0xc0000004
09-22 04:00:55.763 I/CASS_DEBUG( 813): Set WakeLock
09-22 04:00:55.763 I/CASS_DEBUG( 813): acquire_wake_lock lock=1 id='cass_wakelock'
09-22 04:00:55.763 I/CASS_DEBUG( 813): Read
09-22 04:00:55.763 I/CASS_DEBUG( 813): Read : select... [8]
09-22 04:00:55.763 I/CASS_DEBUG( 813): Read : after select [8]
09-22 04:00:55.763 I/CASS_DEBUG( 813): Read : read IoChannel 8, size 0
09-22 04:00:55.763 I/CASS_DEBUG( 813): Request _no : a9ed0003
09-22 04:00:55.763 D/CASS_DEBUG( 813): Request cmd_id : 0xc0000004
09-22 04:00:55.763 D/CASS_DEBUG( 813): Request payload version : 0x00000000
09-22 04:00:55.763 D/CASS_DEBUG( 813): Request data_length : 0
09-22 04:00:55.763 D/CASS_DEBUG( 813): Request data (max 24 bytes) :
09-22 04:00:55.764 I/VaultKeeper_COMMON( 425): VK 4.3.0 [Client] /vendor/bin/cass.
=> [Vault] CASS. [CMD NO.] 2575
09-22 04:00:55.764 I/VaultKeeper_COMMON( 425): [CMD:CHECK_CLIENT_REGISTERED]
09-22 04:00:55.764 I/vaultkeeper( 425): runCommand Success.(TA ret = 0)
09-22 04:00:55.764 I/CASS_DEBUG( 813): sendCommand : 0xa9ed0003 [0xc0000004]
09-22 04:00:55.764 I/CASS_DEBUG( 813): V1.6.5 : prepareReading
09-22 04:00:55.764 I/VaultKeeper_COMMON( 425): VK 4.3.0 [Client] /vendor/bin/cass.
=> [Vault] CASS. [CMD NO.] 8891
09-22 04:00:55.765 I/VaultKeeper_COMMON( 425): [CMD:SENSITIVE_NONCE]
09-22 04:00:55.792 D/tzdaemon( 377): [ts]
======================================================
09-22 04:00:55.792 D/tzdaemon( 377): [ts] msgToCommsAgent->cmd_group = 5
09-22 04:00:55.792 D/tzdaemon( 377): [ts] msgToCommsAgent->szData = 278
09-22 04:00:55.792 D/tzdaemon( 377): [ts]
======================================================
09-22 04:00:55.792 D/tzdaemon( 377): [ts] msgToCommsAgent->command =
TS_CMD_WRITE_DATA
09-22 04:00:55.792 D/tzdaemon( 377): [ts] Received : TS_CMD_WRITE_DATA
09-22 04:00:55.792 D/tzdaemon( 377): [ts] UUID of the object owner is : 00000000-
0000-0000-0000-564c544b5052
09-22 04:00:55.792 D/tzdaemon( 377): [ts] Storage ID : -2147483648
09-22 04:00:55.792 D/tzdaemon( 377): [ts] Object path is :
/mnt/vendor/efs/tee/srt/00000000-0000-0000-0000-564c544b5052/2147483648/65269798/
09-22 04:00:55.792 D/tzdaemon( 377): [ts] Info offset is : 24
09-22 04:00:55.793 D/tzdaemon( 377): [ts] Storage metadata offset is : 24
09-22 04:00:55.793 D/tzdaemon( 377): [ts] Object Info Size is 128
09-22 04:00:55.793 D/tzdaemon( 377): [ts] Object attributes size is : 0
09-22 04:00:55.793 D/tzdaemon( 377): [ts] Object number of data chunks : 0
09-22 04:00:55.793 D/tzdaemon( 377): [ts] Data offset is : 164
09-22 04:00:55.793 D/tzdaemon( 377): [ts] Required direcories made successfully
09-22 04:00:55.797 D/tzdaemon( 377): [ts] flags = 1
09-22 04:00:55.797 D/tzdaemon( 377): [ts] Storage metadata offset is : 164
09-22 04:00:55.807 D/tzdaemon( 377): [ts]
======================================================
09-22 04:00:55.807 D/tzdaemon( 377): [ts] msgToCommsAgent->cmd_group = 5
09-22 04:00:55.807 D/tzdaemon( 377): [ts] msgToCommsAgent->szData = 16718
09-22 04:00:55.807 D/tzdaemon( 377): [ts]
======================================================
09-22 04:00:55.807 D/tzdaemon( 377): [ts] msgToCommsAgent->command =
TS_CMD_WRITE_DATA
09-22 04:00:55.807 D/tzdaemon( 377): [ts] Received : TS_CMD_WRITE_DATA
09-22 04:00:55.807 D/tzdaemon( 377): [ts] UUID of the object owner is : 00000000-
0000-0000-0000-564c544b5052
09-22 04:00:55.807 D/tzdaemon( 377): [ts] Storage ID : -2147483648
09-22 04:00:55.807 D/tzdaemon( 377): [ts] Object path is :
/mnt/vendor/efs/tee/srt/00000000-0000-0000-0000-564c544b5052/2147483648/65269798/
09-22 04:00:55.807 D/tzdaemon( 377): [ts] Info offset is : 24
09-22 04:00:55.807 D/tzdaemon( 377): [ts] Storage metadata offset is : 24
09-22 04:00:55.807 D/tzdaemon( 377): [ts] Object Info Size is 128
09-22 04:00:55.807 D/tzdaemon( 377): [ts] Object attributes size is : 0
09-22 04:00:55.807 D/tzdaemon( 377): [ts] Object number of data chunks : 1
09-22 04:00:55.808 D/tzdaemon( 377): [ts] Object write start chunk : 0
09-22 04:00:55.808 D/tzdaemon( 377): [ts] Object data chunk size : 16428
09-22 04:00:55.808 D/tzdaemon( 377): [ts] Data offset is : 172
09-22 04:00:55.808 D/tzdaemon( 377): [ts] Required direcories made successfully
09-22 04:00:55.810 D/tzdaemon( 377): [ts] Number of chunks = 1
09-22 04:00:55.814 D/tzdaemon( 377): [ts] chunks to
/mnt/vendor/efs/tee/srt/00000000-0000-0000-0000-564c544b5052/2147483648/65269798/
data_chunk written
09-22 04:00:55.814 D/tzdaemon( 377): [ts] flags = 1
09-22 04:00:55.814 D/tzdaemon( 377): [ts] Storage metadata offset is : 16600
09-22 04:00:55.825 I/vaultkeeper( 425): runCommand Success.(TA ret = 0)
09-22 04:00:55.826 I/VaultKeeper_COMMON( 425): VK 4.3.0 [Client] /vendor/bin/cass.
=> [Vault] CASS. [CMD NO.] 7287
09-22 04:00:55.826 I/VaultKeeper_COMMON( 425): [CMD:ENCRYPT_MSG]
09-22 04:00:55.831 E/UsbAlsaJackDetectorJNI( 727): Can't register
UsbAlsaJackDetector native methods
09-22 04:00:55.833 D/AT_Distributor( 897): UART was already connected
09-22 04:00:55.833 D/AT_Distributor( 897): ConnectToRil()
09-22 04:00:55.833 D/AT_Distributor( 897): try to connect RIL
09-22 04:00:55.833 D/AT_Distributor( 897): connection success RIL
09-22 04:00:55.834 D/AT_Distributor( 897): Send Msg [ATD > RIL] 4 bytes <>
09-22 04:00:55.834 D/AT_Distributor( 897): IsConnectedToAirCmdService() : false
09-22 04:00:55.834 E/AT_Distributor( 897): Failed SendToTerminal :
GetSocketClientFd return value error.
09-22 04:00:55.834 D/AT_Distributor( 897): startConnectToDdexeThread()
09-22 04:00:55.834 D/AT_Distributor( 897): ConnectToDDEXE()
09-22 04:00:55.834 D/AT_Distributor( 897): ListenFD()
09-22 04:00:55.834 D/AT_Distributor( 897): InitSocketMessageHandler(): DDEXE,
id(7), fd(15)
09-22 04:00:55.861 I/vaultkeeper( 425): runCommand Success.(TA ret = 0)
09-22 04:00:55.861 I/CASS_DEBUG( 813): sendCommand : 0xa9ed0003 [0xc0000004] Done
09-22 04:00:55.862 D/VaultKeeper_MGR( 813): ~VaultKeeperManager
09-22 04:00:55.862 I/CASS_DEBUG( 813): Response _no : a9ed0003
09-22 04:00:55.862 D/CASS_DEBUG( 813): Response ret : 0x00000000
09-22 04:00:55.862 D/CASS_DEBUG( 813): Response cmd_id : 0xc0000005
09-22 04:00:55.862 D/CASS_DEBUG( 813): Response payload version : 0x00000000
09-22 04:00:55.862 D/CASS_DEBUG( 813): Response data_length : 60
09-22 04:00:55.862 D/CASS_DEBUG( 813): Response data (max 24 bytes) :
09-22 04:00:55.862 I/CASS_DEBUG( 813):
38000000a7f2ebf7cbefb9b60b82567d0337b3f132d6b569
