09-22 04:00:57.238 I/SystemConfig( 727): Reading permissions from
/system/etc/permissions/privapp-permissions-themestore.xml
09-22 04:00:57.240 I/SystemConfig( 727): Reading permissions from
/system/etc/permissions/samsungkeystoreutils.xml
09-22 04:00:57.241 I/SystemConfig( 727): Reading permissions from
/system/etc/permissions/scamera_sdk_util.xml
09-22 04:00:57.244 I/SystemConfig( 727): Reading permissions from
/system/etc/permissions/semmediatranscoder.xml
09-22 04:00:57.246 I/SystemConfig( 727): Reading permissions from
/system/etc/permissions/sfeffect.xml
09-22 04:00:57.247 I/SystemConfig( 727): Reading permissions from
/system/etc/permissions/vsimservice_library.xml
09-22 04:00:57.248 I/SystemConfig( 727): Reading permissions from
/system/etc/permissions/privapp-permissions-com.samsung.android.app.dofviewer.xml
09-22 04:00:57.249 I/SystemConfig( 727): Reading permissions from
/system/etc/permissions/privapp-permissions-com.samsung.android.app.omcagent.xml
09-22 04:00:57.251 I/SystemConfig( 727): Reading permissions from
/system/etc/permissions/privapp-permissions-
com.samsung.android.app.settings.bixby.xml
09-22 04:00:57.252 I/SystemConfig( 727): Reading permissions from
/system/etc/permissions/privapp-permissions-
com.samsung.android.app.updatecenter.xml
09-22 04:00:57.253 I/servicemanager( 331): Adding 'u:r:apexd:s0' service
(apexservice:1073)
09-22 04:00:57.254 I/BpBinder( 331): onLastStrongRef automatically unlinking death
recipients: <uncached descriptor>
09-22 04:00:57.254 I/SystemConfig( 727): Reading permissions from
/system/etc/permissions/privapp-permissions-com.samsung.android.bluelightfilter.xml
09-22 04:00:57.254 I/servicemanager( 331): Tried to unregister apexservice, but
there is about to be a client.
09-22 04:00:57.256 I/SystemConfig( 727): Reading permissions from
/system/etc/permissions/privapp-permissions-com.samsung.android.callbgprovider.xml
09-22 04:00:57.257 I/SystemConfig( 727): Reading permissions from
/system/etc/permissions/privapp-permissions-com.samsung.android.easysetup.xml
09-22 04:00:57.259 I/SystemConfig( 727): Reading permissions from
/system/etc/permissions/privapp-permissions-com.samsung.android.forest.xml
09-22 04:00:57.260 I/SystemConfig( 727): Reading permissions from
/system/etc/permissions/privapp-permissions-com.samsung.android.game.gamehome.xml
09-22 04:00:57.262 I/SystemConfig( 727): Reading permissions from
/system/etc/permissions/privapp-permissions-com.samsung.android.game.gametools.xml
09-22 04:00:57.263 I/SystemConfig( 727): Reading permissions from
/system/etc/permissions/privapp-permissions-com.samsung.android.game.gos.xml
09-22 04:00:57.264 I/SystemConfig( 727): Reading permissions from
/system/etc/permissions/privapp-permissions-com.samsung.android.hdmapp.xml
09-22 04:00:57.266 I/SystemConfig( 727): Reading permissions from
/system/etc/permissions/privapp-permissions-com.samsung.android.kgclient.xml
09-22 04:00:57.268 D/hw-ProcessState( 897): Binder ioctl to enable oneway spam
detection failed: Invalid argument
09-22 04:00:57.268 I/SystemConfig( 727): Reading permissions from
/system/etc/permissions/privapp-permissions-
com.samsung.android.knox.analytics.uploader.xml
09-22 04:00:57.270 I/SystemConfig( 727): Reading permissions from
/system/etc/permissions/privapp-permissions-
com.samsung.android.knox.containeragent.xml
09-22 04:00:57.272 D/AT_Distributor( 897): Send Msg [RIL > ATD] 15 bytes <(\r)(\
n)AST_POWERON(\r)(\n)>
09-22 04:00:57.272 D/AT_Distributor( 897): Send Msg [ATD > DDEXE] 15 bytes <(\r)(\
n)AST_POWERON(\r)(\n)>
09-22 04:00:57.272 D/AT_Distributor( 897): IsConnectedToAirCmdService() : false
09-22 04:00:57.272 E/AT_Distributor( 897): Failed SendToTerminal :
GetSocketClientFd return value error.
09-22 04:00:57.272 I/SystemConfig( 727): Reading permissions from
/system/etc/permissions/privapp-permissions-
com.samsung.android.knox.containercore.xml
09-22 04:00:57.274 I/SystemConfig( 727): Reading permissions from
/system/etc/permissions/privapp-permissions-
com.samsung.android.knox.pushmanager.xml
09-22 04:00:57.275 I/SystemConfig( 727): Reading permissions from
/system/etc/permissions/privapp-permissions-com.samsung.android.livestickers.xml
09-22 04:00:57.277 I/SystemConfig( 727): Reading permissions from
/system/etc/permissions/privapp-permissions-
com.samsung.android.localeoverlaymanager.xml
09-22 04:00:57.278 I/SystemConfig( 727): Reading permissions from
/system/etc/permissions/privapp-permissions-com.samsung.android.lool.xml
09-22 04:00:57.280 I/SystemConfig( 727): Reading permissions from
/system/etc/permissions/privapp-permissions-com.samsung.android.mdx.quickboard.xml
09-22 04:00:57.283 I/SystemConfig( 727): Reading permissions from
/system/etc/permissions/privapp-permissions-com.samsung.android.mobileservice.xml
09-22 04:00:57.285 I/SystemConfig( 727): Reading permissions from
/system/etc/permissions/privapp-permissions-com.samsung.android.mtp.xml
09-22 04:00:57.288 I/SystemConfig( 727): Reading permissions from
/system/etc/permissions/privapp-permissions-
com.samsung.android.networkdiagnostic.xml
09-22 04:00:57.289 I/SystemConfig( 727): Reading permissions from
/system/etc/permissions/privapp-permissions-
com.samsung.android.providers.contacts.xml
09-22 04:00:57.290 I/SystemConfig( 727): Reading permissions from
/system/etc/permissions/privapp-permissions-com.samsung.android.providers.media.xml
09-22 04:00:57.292 I/SystemConfig( 727): Reading permissions from
/system/etc/permissions/privapp-permissions-com.samsung.android.scloud.xml
09-22 04:00:57.294 I/SystemConfig( 727): Reading permissions from
/system/etc/permissions/privapp-permissions-com.samsung.android.sdm.config.xml
09-22 04:00:57.295 I/SystemConfig( 727): Reading permissions from
/system/etc/permissions/scamera_sep.xml
09-22 04:00:57.296 I/SystemConfig( 727): Reading permissions from
/system/etc/permissions/privapp-permissions-
com.samsung.android.service.peoplestripe.xml
09-22 04:00:57.297 I/SystemConfig( 727): Reading permissions from
/system/etc/permissions/privapp-permissions-
com.samsung.android.service.stplatform.xml
09-22 04:00:57.298 I/SystemConfig( 727): Reading permissions from
/system/etc/permissions/privapp-permissions-
com.samsung.android.setupindiaservicestnc.xml
09-22 04:00:57.299 I/SystemConfig( 727): Reading permissions from
/system/etc/permissions/privapp-permissions-
com.samsung.android.smartcallprovider.xml
09-22 04:00:57.300 I/SystemConfig( 727): Reading permissions from
/system/etc/permissions/privapp-permissions-com.samsung.android.spaymini.xml
09-22 04:00:57.302 I/SystemConfig( 727): Reading permissions from
/system/etc/permissions/privapp-permissions-com.samsung.android.svcagent.xml
09-22 04:00:57.302 D/ApexManagerTiming( 727): getActiveApexInfos_noCache took to
complete: 200ms
09-22 04:00:57.303 I/SystemConfig( 727): Reading permissions from
/system/etc/permissions/privapp-permissions-com.samsung.ipservice.xml
09-22 04:00:57.303 D/CompatConfig( 727): No directory
/apex/com.android.permission/etc/compatconfig, skipping
09-22 04:00:57.304 D/CompatConfig( 727): No directory
/apex/com.android.appsearch/etc/compatconfig, skipping
09-22 04:00:57.304 I/SystemConfig( 727): Reading permissions from
/system/etc/permissions/privapp-permissions-com.samsung.logwriter.xml
09-22 04:00:57.304 D/CompatConfig( 727): No directory
/apex/com.android.extservices/etc/compatconfig, skipping
09-22 04:00:57.305 D/CompatConfig( 727): No directory
/apex/com.android.resolv/etc/compatconfig, skipping
09-22 04:00:57.305 D/CompatConfig( 727): No directory
/apex/com.android.i18n/etc/compatconfig, skipping
09-22 04:00:57.306 I/SystemConfig( 727): Reading permissions from
/system/etc/permissions/privapp-permissions-com.samsung.memorysaver.xml
09-22 04:00:57.306 D/CompatConfig( 727): No directory
/apex/com.samsung.android.shell/etc/compatconfig, skipping
09-22 04:00:57.307 D/CompatConfig( 727): No directory
/apex/com.android.apex.cts.shim/etc/compatconfig, skipping
09-22 04:00:57.307 D/CompatConfig( 727): No directory
/apex/com.google.mainline.primary.libs/etc/compatconfig, skipping
09-22 04:00:57.307 I/SystemConfig( 727): Reading permissions from
/system/etc/permissions/privapp-permissions-com.samsung.ssu.xml
09-22 04:00:57.307 D/CompatConfig( 727): No directory
/apex/com.android.os.statsd/etc/compatconfig, skipping
09-22 04:00:57.308 D/CompatConfig( 727): No directory
/apex/com.android.ipsec/etc/compatconfig, skipping
09-22 04:00:57.308 D/CompatConfig( 727): No directory
/apex/com.android.media.swcodec/etc/compatconfig, skipping
09-22 04:00:57.308 I/SystemConfig( 727): Reading permissions from
/system/etc/permissions/privapp-permissions-com.samsung.storyservice.xml
09-22 04:00:57.309 D/CompatConfig( 727): Found a config file:
/apex/com.android.art/etc/compatconfig/libcore-platform-compat-config.xml
09-22 04:00:57.310 I/SystemConfig( 727): Reading permissions from
/system/etc/permissions/privapp-permissions-com.sec.android.RilServiceModeApp.xml
09-22 04:00:57.310 D/CompatConfig( 727): Adding:
com.android.server.compat.config.Change@4fbe02b
09-22 04:00:57.311 I/SystemConfig( 727): Reading permissions from
/system/etc/permissions/privapp-permissions-com.sec.android.app.SecSetupWizard.xml
09-22 04:00:57.312 I/SystemConfig( 727): Reading permissions from
/system/etc/permissions/privapp-permissions-com.sec.android.app.camera.xml
09-22 04:00:57.312 D/CompatConfig( 727): Adding:
com.android.server.compat.config.Change@ab83a46
09-22 04:00:57.312 D/CompatConfig( 727): Adding:
com.android.server.compat.config.Change@a565407
09-22 04:00:57.313 D/CompatConfig( 727): Adding:
com.android.server.compat.config.Change@8c61934
09-22 04:00:57.313 I/SystemConfig( 727): Reading permissions from
/system/etc/permissions/privapp-permissions-com.sec.android.app.hwmoduletest.xml
09-22 04:00:57.313 D/CompatConfig( 727): Adding:
com.android.server.compat.config.Change@32db4d2
09-22 04:00:57.314 D/CompatConfig( 727): No directory
/apex/com.android.scheduling/etc/compatconfig, skipping
09-22 04:00:57.315 I/SystemConfig( 727): Reading permissions from
/system/etc/permissions/privapp-permissions-com.sec.android.app.itracker.xml
09-22 04:00:57.315 D/CompatConfig( 727): No directory
/apex/com.android.runtime/etc/compatconfig, skipping
09-22 04:00:57.316 I/SystemConfig( 727): Reading permissions from
/system/etc/permissions/privapp-permissions-com.sec.android.app.launcher.xml
09-22 04:00:57.317 D/CompatConfig( 727): Found a config file:
/apex/com.android.mediaprovider/etc/compatconfig/media-provider-platform-compat-
config.xml
09-22 04:00:57.318 I/SystemConfig( 727): Reading permissions from
/system/etc/permissions/privapp-permissions-com.sec.android.app.magnifier.xml
09-22 04:00:57.319 D/CompatConfig( 727): Adding:
com.android.server.compat.config.Change@87bbcff
09-22 04:00:57.319 I/SystemConfig( 727): Reading permissions from
/system/etc/permissions/privapp-permissions-com.sec.android.app.popupcalculator.xml
09-22 04:00:57.319 D/CompatConfig( 727): Adding:
com.android.server.compat.config.Change@5ac0115
09-22 04:00:57.320 D/CompatConfig( 727): Adding:
com.android.server.compat.config.Change@dcf0c2a
09-22 04:00:57.320 D/CompatConfig( 727): Adding:
com.android.server.compat.config.Change@9592a1b
09-22 04:00:57.320 I/SystemConfig( 727): Reading permissions from
/system/etc/permissions/privapp-permissions-com.sec.android.app.safetyassurance.xml
09-22 04:00:57.321 D/CompatConfig( 727): Adding:
com.android.server.compat.config.Change@7d89991
09-22 04:00:57.322 I/SystemConfig( 727): Reading permissions from
/system/etc/permissions/privapp-permissions-com.sec.android.app.servicemodeapp.xml
09-22 04:00:57.322 D/CompatConfig( 727): Adding:
com.android.server.compat.config.Change@7d64cf7
09-22 04:00:57.323 D/CompatConfig( 727): Adding:
com.android.server.compat.config.Change@75c3dcd
09-22 04:00:57.323 I/SystemConfig( 727): Reading permissions from
/system/etc/permissions/privapp-permissions-com.sec.android.daemonapp.xml
09-22 04:00:57.324 D/CompatConfig( 727): No directory
/apex/com.android.sdkext/etc/compatconfig, skipping
09-22 04:00:57.324 I/SystemConfig( 727): Reading permissions from
/system/etc/permissions/privapp-permissions-com.sec.android.gallery3d.xml
09-22 04:00:57.325 D/CompatConfig( 727): No directory
/apex/com.android.tzdata/etc/compatconfig, skipping
09-22 04:00:57.325 I/SystemConfig( 727): Reading permissions from
/system/etc/permissions/privapp-permissions-
com.sec.android.mimage.photoretouching.xml
09-22 04:00:57.326 D/CompatConfig( 727): No directory
/apex/com.samsung.android.ipm/etc/compatconfig, skipping
09-22 04:00:57.326 D/CompatConfig( 727): No directory
/apex/com.android.vndk.v31/etc/compatconfig, skipping
09-22 04:00:57.327 I/SystemConfig( 727): Reading permissions from
/system/etc/permissions/privapp-permissions-com.sec.android.provider.badge.xml
09-22 04:00:57.327 D/CompatConfig( 727): No directory
/apex/com.android.neuralnetworks/etc/compatconfig, skipping
09-22 04:00:57.328 D/CompatConfig( 727): No directory
/apex/com.android.tethering/etc/compatconfig, skipping
09-22 04:00:57.328 I/SystemConfig( 727): Reading permissions from
/system/etc/permissions/privapp-permissions-com.sec.app.RilErrorNotifier.xml
09-22 04:00:57.329 D/CompatConfig( 727): No directory
/apex/com.android.media/etc/compatconfig, skipping
09-22 04:00:57.329 D/CompatConfig( 727): No directory
/apex/com.android.cellbroadcast/etc/compatconfig, skipping
09-22 04:00:57.329 D/CompatConfig( 727): No directory
/apex/com.android.adbd/etc/compatconfig, skipping
09-22 04:00:57.330 I/SystemConfig( 727): Reading permissions from
/system/etc/permissions/privapp-permissions-com.sec.epdgtestapp.xml
09-22 04:00:57.330 D/CompatConfig( 727): No directory
/apex/com.android.wifi/etc/compatconfig, skipping
09-22 04:00:57.331 I/SystemConfig( 727): Reading permissions from
/system/etc/permissions/privapp-permissions-com.sec.imslogger.xml
09-22 04:00:57.331 D/CompatConfig( 727): No directory
/apex/com.android.conscrypt/etc/compatconfig, skipping
09-22 04:00:57.332 D/CompatConfig( 727): Start loading
/product/etc/appcompat/compat_framework_overrides.xml
09-22 04:00:57.332 I/SystemConfig( 727): Reading permissions from
/system/etc/permissions/privapp-permissions-com.sec.imsservice.xml
09-22 04:00:57.332 D/CompatConfig( 727): Override file does't exist:
/product/etc/appcompat/compat_framework_overrides.xml
09-22 04:00:57.332 D/CompatConfig( 727): Start loading
/data/misc/appcompat/compat_framework_overrides.xml
09-22 04:00:57.334 D/CompatConfig( 727): Override file does't exist:
/data/misc/appcompat/compat_framework_overrides.xml
09-22 04:00:57.334 I/SystemConfig( 727): Reading permissions from
/system/etc/permissions/privapp-permissions-com.sec.location.nsflp2_v6_0.xml
09-22 04:00:57.334 D/CompatConfig( 727): Finish loading overrides files
09-22 04:00:57.335 I/SystemConfig( 727): Reading permissions from
/system/etc/permissions/privapp-permissions-com.wssyncmldm.xml
09-22 04:00:57.336 I/servicemanager( 331): Adding 'u:r:system_server:s0' service
(platform_compat:727)
09-22 04:00:57.337 I/servicemanager( 331): Adding 'u:r:system_server:s0' service
(platform_compat_native:727)
09-22 04:00:57.338 I/SystemConfig( 727): Reading permissions from
/system/etc/permissions/privapp-permissions-fmradio.xml
09-22 04:00:57.338 D/SystemServerTiming( 727): PlatformCompat took to complete:
350ms
09-22 04:00:57.338 D/SystemServerTiming( 727): !@Boot_SystemServer: 350ms :
PlatformCompat
09-22 04:00:57.338 I/SystemServerTiming( 727): !@Boot_EBS: Took 350ms by
'PlatformCompat'
09-22 04:00:57.338 I/SystemServerTiming( 727): StartFileIntegrityService
09-22 04:00:57.340 I/SystemServiceManager( 727): Starting
com.android.server.security.FileIntegrityService
09-22 04:00:57.340 I/SystemConfig( 727): Reading permissions from
/system/etc/permissions/privapp-permissions-google-system.xml
09-22 04:00:57.342 I/SystemConfig( 727): Reading permissions from
/system/etc/permissions/privapp-permissions-o-os-com.samsung.android.uds.xml
09-22 04:00:57.343 I/SystemConfig( 727): Reading permissions from
/system/etc/permissions/semsdrvideoconverter.xml
09-22 04:00:57.344 I/SystemConfig( 727): Reading permissions from
/system/etc/permissions/rcsopenapi_library.xml
09-22 04:00:57.345 I/SystemConfig( 727): Reading permissions from
/system/etc/permissions/sec_platform_library.xml
09-22 04:00:57.346 I/SystemConfig( 727): Reading permissions from
/system/etc/permissions/sem_telephony_common.xml
09-22 04:00:57.347 I/SystemConfig( 727): Reading permissions from
/system/etc/permissions/semextendedformat.xml
09-22 04:00:57.347 I/SystemConfig( 727): Reading permissions from
/system/etc/permissions/platform.xml
09-22 04:00:57.357 W/SystemConfig( 727): Tag system-user-whitelisted-app is
unknown in /system/etc/permissions/platform.xml at START_TAG (empty) <system-user-
whitelisted-app package='com.tmobile.echolocate'>@384:69 in
java.io.FileReader@c97e300
09-22 04:00:57.366 I/SystemConfig( 727): Reading permissions from
/vendor/etc/permissions/android.hardware.audio.low_latency.xml
09-22 04:00:57.367 I/SystemConfig( 727): Reading permissions from
/vendor/etc/permissions/android.hardware.bluetooth.xml
09-22 04:00:57.368 I/SystemConfig( 727): Reading permissions from
/vendor/etc/permissions/android.hardware.bluetooth_le.xml
09-22 04:00:57.369 I/SystemConfig( 727): Reading permissions from
/vendor/etc/permissions/android.hardware.camera.autofocus.xml
09-22 04:00:57.370 I/SystemConfig( 727): Reading permissions from
/vendor/etc/permissions/android.hardware.camera.flash-autofocus.xml
09-22 04:00:57.371 I/servicemanager( 331): Adding 'u:r:system_server:s0' service
(file_integrity:727)
09-22 04:00:57.371 D/SystemServerTiming( 727): StartFileIntegrityService took to
complete: 32ms
09-22 04:00:57.371 I/SystemServerTiming( 727): StartInstaller
09-22 04:00:57.372 I/SystemServiceManager( 727): Starting
com.android.server.pm.Installer
09-22 04:00:57.372 I/SystemConfig( 727): Reading permissions from
/vendor/etc/permissions/android.hardware.camera.front.xml
09-22 04:00:57.373 I/SystemConfig( 727): Reading permissions from
/vendor/etc/permissions/android.hardware.camera.xml
09-22 04:00:57.374 I/SystemConfig( 727): Reading permissions from
/vendor/etc/permissions/android.hardware.hardware_keystore.xml
09-22 04:00:57.375 D/installd( 862): Found quota mount /dev/block/dm-10 at /data
09-22 04:00:57.375 D/installd( 862): Found quota mount /dev/block/dm-10 at
/data/user/0
09-22 04:00:57.375 I/SystemConfig( 727): Reading permissions from
/vendor/etc/permissions/android.hardware.location.gps.xml
09-22 04:00:57.376 I/SystemConfig( 727): Reading permissions from
/vendor/etc/permissions/android.hardware.opengles.aep.xml
09-22 04:00:57.377 D/SystemServerTiming( 727): StartInstaller took to complete:
6ms
09-22 04:00:57.378 I/SystemConfig( 727): Reading permissions from
/vendor/etc/permissions/android.hardware.sensor.accelerometer.xml
09-22 04:00:57.378 I/SystemServerTiming( 727): DeviceIdentifiersPolicyService
09-22 04:00:57.378 I/SystemServiceManager( 727): Starting
com.android.server.os.DeviceIdentifiersPolicyService
09-22 04:00:57.379 I/SystemConfig( 727): Reading permissions from
/vendor/etc/permissions/android.hardware.sensor.compass.xml
09-22 04:00:57.379 I/servicemanager( 331): Adding 'u:r:system_server:s0' service
(device_identifiers:727)
09-22 04:00:57.379 D/SystemServerTiming( 727): DeviceIdentifiersPolicyService took
to complete: 1ms
09-22 04:00:57.379 I/SystemServerTiming( 727): UriGrantsManagerService
09-22 04:00:57.380 I/SystemServiceManager( 727): Starting
com.android.server.uri.UriGrantsManagerService$Lifecycle
09-22 04:00:57.380 I/SystemConfig( 727): Reading permissions from
/vendor/etc/permissions/android.hardware.sensor.stepcounter.xml
09-22 04:00:57.381 I/SystemConfig( 727): Reading permissions from
/vendor/etc/permissions/android.hardware.sensor.stepdetector.xml
09-22 04:00:57.383 I/SystemConfig( 727): Reading permissions from
/vendor/etc/permissions/android.hardware.telephony.gsm.xml
09-22 04:00:57.384 I/servicemanager( 331): Adding 'u:r:system_server:s0' service
(uri_grants:727)
09-22 04:00:57.384 D/SystemServerTiming( 727): UriGrantsManagerService took to
complete: 4ms
09-22 04:00:57.384 I/SystemConfig( 727): Reading permissions from
/vendor/etc/permissions/android.hardware.telephony.ims.xml
09-22 04:00:57.384 I/SystemServerTiming( 727): StartPowerStatsService
09-22 04:00:57.384 I/SystemServiceManager( 727): Starting
com.android.server.powerstats.PowerStatsService
09-22 04:00:57.386 I/SystemConfig( 727): Reading permissions from
/vendor/etc/permissions/android.hardware.touchscreen.multitouch.jazzhand.xml
09-22 04:00:57.387 I/SystemConfig( 727): Reading permissions from
/vendor/etc/permissions/android.hardware.usb.accessory.xml
09-22 04:00:57.387 E/servicemanager( 331): Could not find
android.hardware.power.stats.IPowerStats/default in the VINTF manifest.
09-22 04:00:57.388 I/SystemConfig( 727): Reading permissions from
/vendor/etc/permissions/android.hardware.usb.host.xml
09-22 04:00:57.390 D/hw-ProcessState( 727): Binder ioctl to enable oneway spam
detection failed: Invalid argument
09-22 04:00:57.390 I/hwservicemanager( 332): getTransport: Cannot find entry
[email protected]::IPowerStats/default in either framework or device
VINTF manifest.
09-22 04:00:57.391 E/PowerStatsService( 727): Unable to get power.stats HAL
service.
09-22 04:00:57.391 E/PowerStatsService( 727): nativeInit failed to connect to
power.stats HAL
09-22 04:00:57.392 I/servicemanager( 331): Adding 'u:r:system_server:s0' service
(powerstats:727)
09-22 04:00:57.393 D/SystemServerTiming( 727): StartPowerStatsService took to
complete: 9ms
09-22 04:00:57.393 I/SystemServerTiming( 727): StartIStatsService
09-22 04:00:57.394 I/hwservicemanager( 332): getTransport: Cannot find entry
[email protected]::IStats/default in either framework or device VINTF
manifest.
09-22 04:00:57.394 E/HidlServiceManagement( 727): Service
[email protected]::IStats/default must be in VINTF manifest in order to
register/get.
09-22 04:00:57.394 W/system_server( 727): Cannot register HIDL
[email protected]::IStats: -2147483648
09-22 04:00:57.395 I/servicemanager( 331): Found
android.frameworks.stats.IStats/default in framework VINTF manifest.
09-22 04:00:57.395 I/servicemanager( 331): Adding 'u:r:system_server:s0' service
(android.frameworks.stats.IStats/default:727)
09-22 04:00:57.395 D/SystemServerTiming( 727): StartIStatsService took to
complete: 3ms
09-22 04:00:57.396 I/SystemConfig( 727): Reading permissions from
/vendor/etc/permissions/android.hardware.vulkan.compute.xml
09-22 04:00:57.396 I/SystemServerTiming( 727): MemtrackProxyService
09-22 04:00:57.397 I/SystemConfig( 727): Reading permissions from
/vendor/etc/permissions/android.hardware.vulkan.level.xml
09-22 04:00:57.397 I/hwservicemanager( 332): getTransport: Cannot find entry
[email protected]::IMemtrack/default in either framework or device
VINTF manifest.
09-22 04:00:57.398 I/servicemanager( 331): Found
android.hardware.memtrack.IMemtrack/default in device VINTF manifest.
09-22 04:00:57.398 I/SystemConfig( 727): Reading permissions from
/vendor/etc/permissions/android.hardware.vulkan.version.xml
09-22 04:00:57.399 I/Stability( 727): Interface set with vintf stability wire
protocol version 1 downgraded to system stability wire protocol version 1 stability
09-22 04:00:57.400 I/servicemanager( 331): Adding 'u:r:system_server:s0' service
(memtrack.proxy:727)
09-22 04:00:57.400 D/SystemServerTiming( 727): MemtrackProxyService took to
complete: 4ms
09-22 04:00:57.400 I/SystemConfig( 727): Reading permissions from
/vendor/etc/permissions/android.hardware.wifi.direct.xml
09-22 04:00:57.400 I/SystemServerTiming( 727): StartActivityManager
09-22 04:00:57.400 I/SystemServiceManager( 727): Starting
com.android.server.wm.ActivityTaskManagerService$Lifecycle
09-22 04:00:57.401 I/SystemConfig( 727): Reading permissions from
/vendor/etc/permissions/android.hardware.wifi.passpoint.xml
09-22 04:00:57.403 I/SystemConfig( 727): Reading permissions from
/vendor/etc/permissions/android.hardware.wifi.xml
09-22 04:00:57.404 I/SystemConfig( 727): Reading permissions from
/vendor/etc/permissions/android.software.ipsec_tunnels.xml
09-22 04:00:57.405 I/SystemConfig( 727): Reading permissions from
/vendor/etc/permissions/android.software.midi.xml
09-22 04:00:57.406 I/SystemConfig( 727): Reading permissions from
/vendor/etc/permissions/android.software.opengles.deqp.level.xml
09-22 04:00:57.408 I/SystemConfig( 727): Reading permissions from
/vendor/etc/permissions/android.software.verified_boot.xml
09-22 04:00:57.408 I/SystemConfig( 727): Reading permissions from
/vendor/etc/permissions/android.software.vulkan.deqp.level.xml
09-22 04:00:57.410 I/SystemConfig( 727): Reading permissions from
/vendor/etc/permissions/handheld_core_hardware.xml
09-22 04:00:57.417 I/SystemConfig( 727): Reading aerProductName from
/system/etc/aer_product_name.xml
09-22 04:00:57.423 W/SystemConfig( 727): fname = o1stur
09-22 04:00:57.424 W/SystemConfig( 727): ro.product.name = a13ub
09-22 04:00:57.424 W/SystemConfig( 727): fname = o1sxtur
09-22 04:00:57.425 W/SystemConfig( 727): ro.product.name = a13ub
09-22 04:00:57.425 W/SystemConfig( 727): fname = o1sxser
09-22 04:00:57.425 W/SystemConfig( 727): ro.product.name = a13ub
09-22 04:00:57.425 W/SystemConfig( 727): fname = o1sxx
09-22 04:00:57.425 W/SystemConfig( 727): ro.product.name = a13ub
09-22 04:00:57.425 W/SystemConfig( 727): fname = o1sxxx
09-22 04:00:57.425 W/SystemConfig( 727): ro.product.name = a13ub
09-22 04:00:57.425 W/SystemConfig( 727): fname = o1sxeea
09-22 04:00:57.425 W/SystemConfig( 727): ro.product.name = a13ub
09-22 04:00:57.425 W/SystemConfig( 727): fname = o1sksx
09-22 04:00:57.425 W/SystemConfig( 727): ro.product.name = a13ub
09-22 04:00:57.425 W/SystemConfig( 727): fname = o1sser
09-22 04:00:57.425 W/SystemConfig( 727): ro.product.name = a13ub
09-22 04:00:57.425 W/SystemConfig( 727): fname = o1qcsx
09-22 04:00:57.425 W/SystemConfig( 727): ro.product.name = a13ub
09-22 04:00:57.425 W/SystemConfig( 727): fname = o1quew
09-22 04:00:57.426 W/SystemConfig( 727): ro.product.name = a13ub
09-22 04:00:57.426 W/SystemConfig( 727): fname = o1qzhx
09-22 04:00:57.426 W/SystemConfig( 727): ro.product.name = a13ub
09-22 04:00:57.426 W/SystemConfig( 727): fname = o1qsqw
09-22 04:00:57.426 W/SystemConfig( 727): ro.product.name = a13ub
09-22 04:00:57.426 W/SystemConfig( 727): fname = SC-51B
09-22 04:00:57.426 W/SystemConfig( 727): ro.product.name = a13ub
09-22 04:00:57.426 W/SystemConfig( 727): fname = SCG09_jp_kdi
09-22 04:00:57.426 W/SystemConfig( 727): ro.product.name = a13ub
09-22 04:00:57.426 W/SystemConfig( 727): fname = t2sksx
09-22 04:00:57.426 W/SystemConfig( 727): ro.product.name = a13ub
09-22 04:00:57.426 W/SystemConfig( 727): fname = t2sxxx
09-22 04:00:57.426 W/SystemConfig( 727): ro.product.name = a13ub
09-22 04:00:57.426 W/SystemConfig( 727): fname = t2sxser
09-22 04:00:57.426 W/SystemConfig( 727): ro.product.name = a13ub
09-22 04:00:57.426 W/SystemConfig( 727): fname = t2sxeea
09-22 04:00:57.426 W/SystemConfig( 727): ro.product.name = a13ub
09-22 04:00:57.426 W/SystemConfig( 727): fname = t2sxtur
09-22 04:00:57.426 W/SystemConfig( 727): ro.product.name = a13ub
09-22 04:00:57.426 W/SystemConfig( 727): fname = t2qzhx
09-22 04:00:57.427 W/SystemConfig( 727): ro.product.name = a13ub
09-22 04:00:57.427 W/SystemConfig( 727): fname = t2qsqw
09-22 04:00:57.427 W/SystemConfig( 727): ro.product.name = a13ub
09-22 04:00:57.427 W/SystemConfig( 727): fname = t2qcsx
09-22 04:00:57.427 W/SystemConfig( 727): ro.product.name = a13ub
09-22 04:00:57.427 W/SystemConfig( 727): fname = t2quew
09-22 04:00:57.427 W/SystemConfig( 727): ro.product.name = a13ub
09-22 04:00:57.427 W/SystemConfig( 727): fname = SCG10_jp_kdi
09-22 04:00:57.427 W/SystemConfig( 727): ro.product.name = a13ub
09-22 04:00:57.427 W/SystemConfig( 727): fname = p3sksx
09-22 04:00:57.427 W/SystemConfig( 727): ro.product.name = a13ub
09-22 04:00:57.427 W/SystemConfig( 727): fname = p3sxeea
09-22 04:00:57.427 W/SystemConfig( 727): ro.product.name = a13ub
09-22 04:00:57.427 W/SystemConfig( 727): fname = p3sxtur
09-22 04:00:57.427 W/SystemConfig( 727): ro.product.name = a13ub
09-22 04:00:57.427 W/SystemConfig( 727): fname = p3sxser
09-22 04:00:57.427 W/SystemConfig( 727): ro.product.name = a13ub
09-22 04:00:57.427 W/SystemConfig( 727): fname = p3sxxx
09-22 04:00:57.428 W/SystemConfig( 727): ro.product.name = a13ub
09-22 04:00:57.428 W/SystemConfig( 727): fname = p3qcsx
09-22 04:00:57.428 W/SystemConfig( 727): ro.product.name = a13ub
09-22 04:00:57.428 W/SystemConfig( 727): fname = p3qsqw
09-22 04:00:57.428 W/SystemConfig( 727): ro.product.name = a13ub
09-22 04:00:57.428 W/SystemConfig( 727): fname = p3quew
09-22 04:00:57.428 W/SystemConfig( 727): ro.product.name = a13ub
09-22 04:00:57.428 W/SystemConfig( 727): fname = p3qzhx
09-22 04:00:57.428 W/SystemConfig( 727): ro.product.name = a13ub
09-22 04:00:57.428 W/SystemConfig( 727): fname = SC-52B
09-22 04:00:57.428 W/SystemConfig( 727): ro.product.name = a13ub
09-22 04:00:57.428 W/SystemConfig( 727): fname = q2qsqw
09-22 04:00:57.428 W/SystemConfig( 727): ro.product.name = a13ub
09-22 04:00:57.428 W/SystemConfig( 727): fname = q2qxxx
09-22 04:00:57.428 W/SystemConfig( 727): ro.product.name = a13ub
09-22 04:00:57.428 W/SystemConfig( 727): fname = q2qcsx
09-22 04:00:57.429 W/SystemConfig( 727): ro.product.name = a13ub
09-22 04:00:57.429 W/SystemConfig( 727): fname = q2qzhx
09-22 04:00:57.429 W/SystemConfig( 727): ro.product.name = a13ub
09-22 04:00:57.429 W/SystemConfig( 727): fname = q2qksx
09-22 04:00:57.429 W/SystemConfig( 727): ro.product.name = a13ub
09-22 04:00:57.429 W/SystemConfig( 727): fname = q2qxtur
09-22 04:00:57.429 W/SystemConfig( 727): ro.product.name = a13ub
09-22 04:00:57.429 W/SystemConfig( 727): fname = q2qxser
09-22 04:00:57.429 W/SystemConfig( 727): ro.product.name = a13ub
09-22 04:00:57.429 W/SystemConfig( 727): fname = q2qxeea
09-22 04:00:57.429 W/SystemConfig( 727): ro.product.name = a13ub
09-22 04:00:57.429 W/SystemConfig( 727): fname = q2quew
09-22 04:00:57.429 W/SystemConfig( 727): ro.product.name = a13ub
09-22 04:00:57.429 W/SystemConfig( 727): fname = SC-55B
09-22 04:00:57.429 W/SystemConfig( 727): ro.product.name = a13ub
09-22 04:00:57.429 W/SystemConfig( 727): fname = SCG11_jp_kdi
09-22 04:00:57.429 W/SystemConfig( 727): ro.product.name = a13ub
09-22 04:00:57.430 W/SystemConfig( 727): fname = b2quew
09-22 04:00:57.430 W/SystemConfig( 727): ro.product.name = a13ub
09-22 04:00:57.430 W/SystemConfig( 727): fname = b2qxxx
09-22 04:00:57.430 W/SystemConfig( 727): ro.product.name = a13ub
09-22 04:00:57.430 W/SystemConfig( 727): fname = b2qcsx
09-22 04:00:57.430 W/SystemConfig( 727): ro.product.name = a13ub
09-22 04:00:57.430 W/SystemConfig( 727): fname = b2qsqw
09-22 04:00:57.430 W/SystemConfig( 727): ro.product.name = a13ub
09-22 04:00:57.430 W/SystemConfig( 727): fname = b2qzhx
09-22 04:00:57.430 W/SystemConfig( 727): ro.product.name = a13ub
09-22 04:00:57.430 W/SystemConfig( 727): fname = b2qxser
09-22 04:00:57.430 W/SystemConfig( 727): ro.product.name = a13ub
09-22 04:00:57.430 W/SystemConfig( 727): fname = b2qxtur
09-22 04:00:57.430 W/SystemConfig( 727): ro.product.name = a13ub
09-22 04:00:57.430 W/SystemConfig( 727): fname = b2qxeea
09-22 04:00:57.430 W/SystemConfig( 727): ro.product.name = a13ub
09-22 04:00:57.431 W/SystemConfig( 727): fname = b2qksx
09-22 04:00:57.431 W/SystemConfig( 727): ro.product.name = a13ub
09-22 04:00:57.431 W/SystemConfig( 727): fname = SC-54B
09-22 04:00:57.431 W/SystemConfig( 727): ro.product.name = a13ub
09-22 04:00:57.431 W/SystemConfig( 727): fname = SCG12_jp_kdi
09-22 04:00:57.431 W/SystemConfig( 727): ro.product.name = a13ub
09-22 04:00:57.431 W/SystemConfig( 727): fname = a52qnstur
09-22 04:00:57.431 W/SystemConfig( 727): ro.product.name = a13ub
09-22 04:00:57.431 W/SystemConfig( 727): fname = a52qnseea
09-22 04:00:57.431 W/SystemConfig( 727): ro.product.name = a13ub
09-22 04:00:57.431 W/SystemConfig( 727): fname = a52qnsxx
09-22 04:00:57.431 W/SystemConfig( 727): ro.product.name = a13ub
09-22 04:00:57.431 W/SystemConfig( 727): fname = a52qnsser
09-22 04:00:57.431 W/SystemConfig( 727): ro.product.name = a13ub
09-22 04:00:57.431 W/SystemConfig( 727): fname = a52qub
09-22 04:00:57.432 W/SystemConfig( 727): ro.product.name = a13ub
09-22 04:00:57.432 W/SystemConfig( 727): fname = a52xque
09-22 04:00:57.432 W/SystemConfig( 727): ro.product.name = a13ub
09-22 04:00:57.432 W/SystemConfig( 727): fname = a52xqcs
09-22 04:00:57.432 W/SystemConfig( 727): ro.product.name = a13ub
09-22 04:00:57.432 W/SystemConfig( 727): fname = a52xqnaeea
09-22 04:00:57.432 W/SystemConfig( 727): ro.product.name = a13ub
09-22 04:00:57.432 W/SystemConfig( 727): fname = a52xqsq
09-22 04:00:57.432 W/SystemConfig( 727): ro.product.name = a13ub
09-22 04:00:57.432 W/SystemConfig( 727): fname = a52xqzh
09-22 04:00:57.432 W/SystemConfig( 727): ro.product.name = a13ub
09-22 04:00:57.432 W/SystemConfig( 727): fname = a52xqks
09-22 04:00:57.432 W/SystemConfig( 727): ro.product.name = a13ub
09-22 04:00:57.432 W/SystemConfig( 727): fname = a52xqnaxx
09-22 04:00:57.432 W/SystemConfig( 727): ro.product.name = a13ub
09-22 04:00:57.432 W/SystemConfig( 727): fname = SC-53B
09-22 04:00:57.432 W/SystemConfig( 727): ro.product.name = a13ub
09-22 04:00:57.432 W/SystemConfig( 727): fname = a52sxqeea
09-22 04:00:57.433 W/SystemConfig( 727): ro.product.name = a13ub
09-22 04:00:57.433 W/SystemConfig( 727): fname = a52sxqtur
09-22 04:00:57.433 W/SystemConfig( 727): ro.product.name = a13ub
09-22 04:00:57.433 W/SystemConfig( 727): fname = a52sxqser
09-22 04:00:57.433 W/SystemConfig( 727): ro.product.name = a13ub
09-22 04:00:57.433 W/SystemConfig( 727): fname = a52sxqzt
09-22 04:00:57.433 W/SystemConfig( 727): ro.product.name = a13ub
09-22 04:00:57.433 W/SystemConfig( 727): fname = a52sxqxx
09-22 04:00:57.433 W/SystemConfig( 727): ro.product.name = a13ub
09-22 04:00:57.433 W/SystemConfig( 727): fname = a52sxqks
09-22 04:00:57.433 W/SystemConfig( 727): ro.product.name = a13ub
09-22 04:00:57.433 W/SystemConfig( 727): fname = r9sxtur
09-22 04:00:57.433 W/SystemConfig( 727): ro.product.name = a13ub
09-22 04:00:57.433 W/SystemConfig( 727): fname = r9sxxx
09-22 04:00:57.433 W/SystemConfig( 727): ro.product.name = a13ub
09-22 04:00:57.433 W/SystemConfig( 727): fname = r9qksx
09-22 04:00:57.433 W/SystemConfig( 727): ro.product.name = a13ub
09-22 04:00:57.433 W/SystemConfig( 727): fname = r9qxeea
09-22 04:00:57.433 W/SystemConfig( 727): ro.product.name = a13ub
09-22 04:00:57.433 W/SystemConfig( 727): fname = r9qxtur
09-22 04:00:57.434 W/SystemConfig( 727): ro.product.name = a13ub
09-22 04:00:57.434 W/SystemConfig( 727): fname = r9qxser
09-22 04:00:57.434 W/SystemConfig( 727): ro.product.name = a13ub
09-22 04:00:57.434 W/SystemConfig( 727): fname = r9qzh
09-22 04:00:57.434 W/SystemConfig( 727): ro.product.name = a13ub
09-22 04:00:57.434 W/SystemConfig( 727): fname = r9quew
09-22 04:00:57.434 W/SystemConfig( 727): ro.product.name = a13ub
09-22 04:00:57.434 W/SystemConfig( 727): fname = r9qxxx
09-22 04:00:57.434 W/SystemConfig( 727): ro.product.name = a13ub
09-22 04:00:57.434 W/SystemConfig( 727): fname = r9qcsx
09-22 04:00:57.434 W/SystemConfig( 727): ro.product.name = a13ub
09-22 04:00:57.434 W/SystemConfig( 727): fname = r9qsqw
09-22 04:00:57.434 W/SystemConfig( 727): ro.product.name = a13ub
09-22 04:00:57.434 W/SystemConfig( 727): fname = r9q2xser
09-22 04:00:57.434 W/SystemConfig( 727): ro.product.name = a13ub
09-22 04:00:57.434 W/SystemConfig( 727): fname = r9q2xxx
09-22 04:00:57.434 W/SystemConfig( 727): ro.product.name = a13ub
09-22 04:00:57.434 W/SystemConfig( 727): fname = r9q2xeea
09-22 04:00:57.434 W/SystemConfig( 727): ro.product.name = a13ub
09-22 04:00:57.435 W/SystemConfig( 727): fname = r9q2sqw
09-22 04:00:57.435 W/SystemConfig( 727): ro.product.name = a13ub
09-22 04:00:57.435 W/SystemConfig( 727): fname = a32ub
09-22 04:00:57.435 W/SystemConfig( 727): ro.product.name = a13ub
09-22 04:00:57.435 W/SystemConfig( 727): fname = a32ks
09-22 04:00:57.435 W/SystemConfig( 727): ro.product.name = a13ub
09-22 04:00:57.435 W/SystemConfig( 727): fname = a32eea
09-22 04:00:57.435 W/SystemConfig( 727): ro.product.name = a13ub
09-22 04:00:57.435 W/SystemConfig( 727): fname = a32tur
09-22 04:00:57.436 W/SystemConfig( 727): ro.product.name = a13ub
09-22 04:00:57.436 W/SystemConfig( 727): fname = a32ser
09-22 04:00:57.436 W/SystemConfig( 727): ro.product.name = a13ub
09-22 04:00:57.437 W/SystemConfig( 727): fname = a32xx
09-22 04:00:57.437 W/SystemConfig( 727): ro.product.name = a13ub
09-22 04:00:57.437 W/SystemConfig( 727): fname = a32xxx
09-22 04:00:57.437 W/SystemConfig( 727): ro.product.name = a13ub
09-22 04:00:57.437 W/SystemConfig( 727): fname = a32xcs
09-22 04:00:57.437 W/SystemConfig( 727): ro.product.name = a13ub
09-22 04:00:57.437 W/SystemConfig( 727): fname = a32xeea
09-22 04:00:57.437 W/SystemConfig( 727): ro.product.name = a13ub
09-22 04:00:57.438 W/SystemConfig( 727): fname = a32xue
09-22 04:00:57.438 W/SystemConfig( 727): ro.product.name = a13ub
09-22 04:00:57.438 W/SystemConfig( 727): fname = a32xtfn
09-22 04:00:57.438 W/SystemConfig( 727): ro.product.name = a13ub
09-22 04:00:57.438 W/SystemConfig( 727): fname = a32xzh
09-22 04:00:57.438 W/SystemConfig( 727): ro.product.name = a13ub
09-22 04:00:57.438 W/SystemConfig( 727): fname = a32xsq
09-22 04:00:57.438 W/SystemConfig( 727): ro.product.name = a13ub
09-22 04:00:57.438 W/SystemConfig( 727): fname = SCG08_jp_kdi
09-22 04:00:57.438 W/SystemConfig( 727): ro.product.name = a13ub
09-22 04:00:57.438 W/SystemConfig( 727): fname = xcover5eea
09-22 04:00:57.438 W/SystemConfig( 727): ro.product.name = a13ub
09-22 04:00:57.438 W/SystemConfig( 727): fname = xcover5ser
09-22 04:00:57.438 W/SystemConfig( 727): ro.product.name = a13ub
09-22 04:00:57.438 W/SystemConfig( 727): fname = xcover5kx
09-22 04:00:57.438 W/SystemConfig( 727): ro.product.name = a13ub
09-22 04:00:57.438 W/SystemConfig( 727): fname = xcover5xx
09-22 04:00:57.438 W/SystemConfig( 727): ro.product.name = a13ub
09-22 04:00:57.438 W/SystemConfig( 727): fname = gts7fewifixx
09-22 04:00:57.438 W/SystemConfig( 727): ro.product.name = a13ub
09-22 04:00:57.438 W/SystemConfig( 727): fname = gts7fewifitur
09-22 04:00:57.438 W/SystemConfig( 727): ro.product.name = a13ub
09-22 04:00:57.438 W/SystemConfig( 727): fname = gts7fewifieea
09-22 04:00:57.438 W/SystemConfig( 727): ro.product.name = a13ub
09-22 04:00:57.438 W/SystemConfig( 727): fname = gts7fewifiser
09-22 04:00:57.438 W/SystemConfig( 727): ro.product.name = a13ub
09-22 04:00:57.438 W/SystemConfig( 727): fname = gts7xllitexx
09-22 04:00:57.438 W/SystemConfig( 727): ro.product.name = a13ub
09-22 04:00:57.438 W/SystemConfig( 727): fname = gts7xlliteser
09-22 04:00:57.439 W/SystemConfig( 727): ro.product.name = a13ub
09-22 04:00:57.439 W/SystemConfig( 727): fname = gts7xllitexeea
09-22 04:00:57.439 W/SystemConfig( 727): ro.product.name = a13ub
09-22 04:00:57.439 W/SystemConfig( 727): fname = gts7xllitekx
09-22 04:00:57.439 W/SystemConfig( 727): ro.product.name = a13ub
09-22 04:00:57.439 W/SystemConfig( 727): fname = gts7xllitetur
09-22 04:00:57.439 W/SystemConfig( 727): ro.product.name = a13ub
09-22 04:00:57.439 W/SystemConfig( 727): fname = gts7xllitekxx
09-22 04:00:57.439 W/SystemConfig( 727): ro.product.name = a13ub
09-22 04:00:57.439 W/SystemConfig( 727): fname = gts7xllitesqwnc
09-22 04:00:57.439 W/SystemConfig( 727): ro.product.name = a13ub
09-22 04:00:57.439 W/SystemConfig( 727): fname = gts7xllitexxx
09-22 04:00:57.439 W/SystemConfig( 727): ro.product.name = a13ub
09-22 04:00:57.439 W/SystemConfig( 727): fname = gts7xllitesqw
09-22 04:00:57.439 W/SystemConfig( 727): ro.product.name = a13ub
09-22 04:00:57.439 W/SystemConfig( 727): fname = gts7xllitewifieea
09-22 04:00:57.439 W/SystemConfig( 727): ro.product.name = a13ub
09-22 04:00:57.439 W/SystemConfig( 727): fname = gts7xllitewifixx
09-22 04:00:57.439 W/SystemConfig( 727): ro.product.name = a13ub
09-22 04:00:57.439 W/SystemConfig( 727): fname = gts7xllitewifitur
09-22 04:00:57.439 W/SystemConfig( 727): ro.product.name = a13ub
09-22 04:00:57.439 W/SystemConfig( 727): fname = gts7xllitewifiser
09-22 04:00:57.439 W/SystemConfig( 727): ro.product.name = a13ub
09-22 04:00:57.439 W/SystemConfig( 727): fname = b0sxser
09-22 04:00:57.439 W/SystemConfig( 727): ro.product.name = a13ub
09-22 04:00:57.439 W/SystemConfig( 727): fname = b0sxtur
09-22 04:00:57.439 W/SystemConfig( 727): ro.product.name = a13ub
09-22 04:00:57.439 W/SystemConfig( 727): fname = b0sxxx
09-22 04:00:57.439 W/SystemConfig( 727): ro.product.name = a13ub
09-22 04:00:57.439 W/SystemConfig( 727): fname = b0sxeea
09-22 04:00:57.439 W/SystemConfig( 727): ro.product.name = a13ub
09-22 04:00:57.439 W/SystemConfig( 727): fname = b0sksx
09-22 04:00:57.439 W/SystemConfig( 727): ro.product.name = a13ub
09-22 04:00:57.439 W/SystemConfig( 727): fname = b0qksx
09-22 04:00:57.439 W/SystemConfig( 727): ro.product.name = a13ub
09-22 04:00:57.439 W/SystemConfig( 727): fname = b0quew
09-22 04:00:57.439 W/SystemConfig( 727): ro.product.name = a13ub
09-22 04:00:57.439 W/SystemConfig( 727): fname = b0qcsx
09-22 04:00:57.439 W/SystemConfig( 727): ro.product.name = a13ub
09-22 04:00:57.439 W/SystemConfig( 727): fname = b0qxxx
09-22 04:00:57.439 W/SystemConfig( 727): ro.product.name = a13ub
09-22 04:00:57.439 W/SystemConfig( 727): fname = b0qsqw
09-22 04:00:57.439 W/SystemConfig( 727): ro.product.name = a13ub
09-22 04:00:57.439 W/SystemConfig( 727): fname = b0qzhx
09-22 04:00:57.439 W/SystemConfig( 727): ro.product.name = a13ub
09-22 04:00:57.439 W/SystemConfig( 727): fname = b0qxtur
09-22 04:00:57.440 W/SystemConfig( 727): ro.product.name = a13ub
09-22 04:00:57.440 W/SystemConfig( 727): fname = SC-52C
09-22 04:00:57.440 W/SystemConfig( 727): ro.product.name = a13ub
09-22 04:00:57.440 W/SystemConfig( 727): fname = SCG14_jp_kdi
09-22 04:00:57.440 W/SystemConfig( 727): ro.product.name = a13ub
09-22 04:00:57.440 W/SystemConfig( 727): fname = r0sxxx
09-22 04:00:57.440 W/SystemConfig( 727): ro.product.name = a13ub
09-22 04:00:57.440 W/SystemConfig( 727): fname = r0sxeea
09-22 04:00:57.440 W/SystemConfig( 727): ro.product.name = a13ub
09-22 04:00:57.440 W/SystemConfig( 727): fname = r0sxtur
09-22 04:00:57.440 W/SystemConfig( 727): ro.product.name = a13ub
09-22 04:00:57.440 W/SystemConfig( 727): fname = r0sxser
09-22 04:00:57.440 W/SystemConfig( 727): ro.product.name = a13ub
09-22 04:00:57.440 W/SystemConfig( 727): fname = r0sksx
09-22 04:00:57.440 W/SystemConfig( 727): ro.product.name = a13ub
09-22 04:00:57.440 W/SystemConfig( 727): fname = r0qksx
09-22 04:00:57.440 W/SystemConfig( 727): ro.product.name = a13ub
09-22 04:00:57.440 W/SystemConfig( 727): fname = r0qxtur
09-22 04:00:57.440 W/SystemConfig( 727): ro.product.name = a13ub
09-22 04:00:57.440 W/SystemConfig( 727): fname = r0qcsx
09-22 04:00:57.440 W/SystemConfig( 727): ro.product.name = a13ub
09-22 04:00:57.440 W/SystemConfig( 727): fname = r0qzhx
09-22 04:00:57.440 W/SystemConfig( 727): ro.product.name = a13ub
09-22 04:00:57.440 W/SystemConfig( 727): fname = r0quew
09-22 04:00:57.440 W/SystemConfig( 727): ro.product.name = a13ub
09-22 04:00:57.440 W/SystemConfig( 727): fname = r0qsqw
09-22 04:00:57.440 W/SystemConfig( 727): ro.product.name = a13ub
09-22 04:00:57.440 W/SystemConfig( 727): fname = r0qxxx
09-22 04:00:57.440 W/SystemConfig( 727): ro.product.name = a13ub
09-22 04:00:57.440 W/SystemConfig( 727): fname = SC-51C
09-22 04:00:57.440 W/SystemConfig( 727): ro.product.name = a13ub
09-22 04:00:57.440 W/SystemConfig( 727): fname = SCG13_jp_kdi
09-22 04:00:57.440 W/SystemConfig( 727): ro.product.name = a13ub
09-22 04:00:57.440 W/SystemConfig( 727): fname = g0sxxx
09-22 04:00:57.440 W/SystemConfig( 727): ro.product.name = a13ub
09-22 04:00:57.440 W/SystemConfig( 727): fname = g0sxtur
09-22 04:00:57.440 W/SystemConfig( 727): ro.product.name = a13ub
09-22 04:00:57.440 W/SystemConfig( 727): fname = g0sxeea
09-22 04:00:57.440 W/SystemConfig( 727): ro.product.name = a13ub
09-22 04:00:57.440 W/SystemConfig( 727): fname = g0sxser
09-22 04:00:57.440 W/SystemConfig( 727): ro.product.name = a13ub
09-22 04:00:57.440 W/SystemConfig( 727): fname = g0sksx
09-22 04:00:57.440 W/SystemConfig( 727): ro.product.name = a13ub
09-22 04:00:57.440 W/SystemConfig( 727): fname = g0qksx
09-22 04:00:57.440 W/SystemConfig( 727): ro.product.name = a13ub
09-22 04:00:57.440 W/SystemConfig( 727): fname = g0quew
09-22 04:00:57.440 W/SystemConfig( 727): ro.product.name = a13ub
09-22 04:00:57.440 W/SystemConfig( 727): fname = g0qxtur
09-22 04:00:57.440 W/SystemConfig( 727): ro.product.name = a13ub
09-22 04:00:57.441 W/SystemConfig( 727): fname = g0qcsx
09-22 04:00:57.441 W/SystemConfig( 727): ro.product.name = a13ub
09-22 04:00:57.441 W/SystemConfig( 727): fname = g0qxxx
09-22 04:00:57.441 W/SystemConfig( 727): ro.product.name = a13ub
09-22 04:00:57.441 W/SystemConfig( 727): fname = g0qsqw
09-22 04:00:57.441 W/SystemConfig( 727): ro.product.name = a13ub
09-22 04:00:57.441 W/SystemConfig( 727): fname = g0qzhx
09-22 04:00:57.441 W/SystemConfig( 727): ro.product.name = a13ub
09-22 04:00:57.441 W/SystemConfig( 727): fname = gts8kxx
09-22 04:00:57.441 W/SystemConfig( 727): ro.product.name = a13ub
09-22 04:00:57.441 W/SystemConfig( 727): fname = gts8keea
09-22 04:00:57.441 W/SystemConfig( 727): ro.product.name = a13ub
09-22 04:00:57.441 W/SystemConfig( 727): fname = gts8xser
09-22 04:00:57.441 W/SystemConfig( 727): ro.product.name = a13ub
09-22 04:00:57.441 W/SystemConfig( 727): fname = gts8xeea
09-22 04:00:57.441 W/SystemConfig( 727): ro.product.name = a13ub
09-22 04:00:57.441 W/SystemConfig( 727): fname = gts8xxx
09-22 04:00:57.441 W/SystemConfig( 727): ro.product.name = a13ub
09-22 04:00:57.441 W/SystemConfig( 727): fname = gts8sq
09-22 04:00:57.441 W/SystemConfig( 727): ro.product.name = a13ub
09-22 04:00:57.441 W/SystemConfig( 727): fname = gts8wifiser
09-22 04:00:57.441 W/SystemConfig( 727): ro.product.name = a13ub
09-22 04:00:57.441 W/SystemConfig( 727): fname = gts8wifitur
09-22 04:00:57.441 W/SystemConfig( 727): ro.product.name = a13ub
09-22 04:00:57.441 W/SystemConfig( 727): fname = gts8wifixx
09-22 04:00:57.441 W/SystemConfig( 727): ro.product.name = a13ub
09-22 04:00:57.441 W/SystemConfig( 727): fname = gts8wifieea
09-22 04:00:57.441 W/SystemConfig( 727): ro.product.name = a13ub
09-22 04:00:57.441 W/SystemConfig( 727): fname = gts8pkxx
09-22 04:00:57.441 W/SystemConfig( 727): ro.product.name = a13ub
09-22 04:00:57.441 W/SystemConfig( 727): fname = gts8psqw
09-22 04:00:57.441 W/SystemConfig( 727): ro.product.name = a13ub
09-22 04:00:57.441 W/SystemConfig( 727): fname = gts8psqw
09-22 04:00:57.441 W/SystemConfig( 727): ro.product.name = a13ub
09-22 04:00:57.441 W/SystemConfig( 727): fname = gts8pxser
09-22 04:00:57.441 W/SystemConfig( 727): ro.product.name = a13ub
09-22 04:00:57.441 W/SystemConfig( 727): fname = gts8peea
09-22 04:00:57.441 W/SystemConfig( 727): ro.product.name = a13ub
09-22 04:00:57.441 W/SystemConfig( 727): fname = gts8pxx
09-22 04:00:57.441 W/SystemConfig( 727): ro.product.name = a13ub
09-22 04:00:57.441 W/SystemConfig( 727): fname = gts8pxeea
09-22 04:00:57.441 W/SystemConfig( 727): ro.product.name = a13ub
09-22 04:00:57.441 W/SystemConfig( 727): fname = gts8pxxx
09-22 04:00:57.441 W/SystemConfig( 727): ro.product.name = a13ub
09-22 04:00:57.441 W/SystemConfig( 727): fname = gts8psqwnc
09-22 04:00:57.441 W/SystemConfig( 727): ro.product.name = a13ub
09-22 04:00:57.441 W/SystemConfig( 727): fname = gts8pwifitur
09-22 04:00:57.441 W/SystemConfig( 727): ro.product.name = a13ub
09-22 04:00:57.442 W/SystemConfig( 727): fname = gts8pwifiser
09-22 04:00:57.442 W/SystemConfig( 727): ro.product.name = a13ub
09-22 04:00:57.442 W/SystemConfig( 727): fname = gts8pwifixx
09-22 04:00:57.442 W/SystemConfig( 727): ro.product.name = a13ub
09-22 04:00:57.442 W/SystemConfig( 727): fname = gts8pwifieea
09-22 04:00:57.442 W/SystemConfig( 727): ro.product.name = a13ub
09-22 04:00:57.442 W/SystemConfig( 727): fname = gts8pwifijpn
09-22 04:00:57.442 W/SystemConfig( 727): ro.product.name = a13ub
09-22 04:00:57.442 W/SystemConfig( 727): fname = gts8ukxx
09-22 04:00:57.442 W/SystemConfig( 727): ro.product.name = a13ub
09-22 04:00:57.442 W/SystemConfig( 727): fname = gts8uxser
09-22 04:00:57.442 W/SystemConfig( 727): ro.product.name = a13ub
09-22 04:00:57.442 W/SystemConfig( 727): fname = gts8uxeea
09-22 04:00:57.442 W/SystemConfig( 727): ro.product.name = a13ub
09-22 04:00:57.442 W/SystemConfig( 727): fname = gts8uxxx
09-22 04:00:57.442 W/SystemConfig( 727): ro.product.name = a13ub
09-22 04:00:57.442 W/SystemConfig( 727): fname = gts8uwifiser
09-22 04:00:57.442 W/SystemConfig( 727): ro.product.name = a13ub
09-22 04:00:57.442 W/SystemConfig( 727): fname = gts8uwifitur
09-22 04:00:57.442 W/SystemConfig( 727): ro.product.name = a13ub
09-22 04:00:57.442 W/SystemConfig( 727): fname = gts8uwifieea
09-22 04:00:57.442 W/SystemConfig( 727): ro.product.name = a13ub
09-22 04:00:57.442 W/SystemConfig( 727): fname = gts8uwifixx
09-22 04:00:57.442 W/SystemConfig( 727): ro.product.name = a13ub
09-22 04:00:57.442 W/SystemConfig( 727): fname = a33xnndxx
09-22 04:00:57.442 W/SystemConfig( 727): ro.product.name = a13ub
09-22 04:00:57.442 W/SystemConfig( 727): fname = a33xnsdtur
09-22 04:00:57.442 W/SystemConfig( 727): ro.product.name = a13ub
09-22 04:00:57.442 W/SystemConfig( 727): fname = a33xnsdxx
09-22 04:00:57.442 W/SystemConfig( 727): ro.product.name = a13ub
09-22 04:00:57.442 W/SystemConfig( 727): fname = a33xnndx
09-22 04:00:57.442 W/SystemConfig( 727): ro.product.name = a13ub
09-22 04:00:57.442 W/SystemConfig( 727): fname = a33xnsdx
09-22 04:00:57.442 W/SystemConfig( 727): ro.product.name = a13ub
09-22 04:00:57.442 W/SystemConfig( 727): fname = a33xub
09-22 04:00:57.442 W/SystemConfig( 727): ro.product.name = a13ub
09-22 04:00:57.442 W/SystemConfig( 727): fname = a33xks
09-22 04:00:57.442 W/SystemConfig( 727): ro.product.name = a13ub
