09-05 22:19:23.402 17034 17067 I gralloc4: register: id=2180001727f
09-05 22:19:23.473 17034 17067 I gralloc4: unregister: id=2180001727f
09-05 22:19:23.475 17034 17067 W libEGL : EGLNativeWindowType 0x6f2044d9b0
disconnect failed
09-05 22:19:23.481 17034 17067 I gralloc4: register: id=21800017284
09-05 22:19:23.549 17034 17067 I gralloc4: register: id=2180001727e
09-05 22:19:23.568 17034 17034 I AssistStructure: Flattened final assist data: 3696
bytes, containing 1 windows, 24 views
09-05 22:19:23.691 17034 17392 D SQLiteOpenHelper: SPRD SQLiteOpenHelper
getDatabaseLocked version =2 mNewVersion =2
09-05 22:19:23.716 17034 17067 I gralloc4: register: id=2180001727d
09-05 22:19:23.890 17034 17935 E upgadata.up772: Invalid ID 0x00000000.
09-05 22:19:23.890 17034 17935 I chatty : uid=11118(com.upgadata.up7723) glide-
disk-cach identical 2 lines
09-05 22:19:23.890 17034 17935 E upgadata.up772: Invalid ID 0x00000000.
09-05 22:19:23.901 17034 17935 E upgadata.up772: Invalid ID 0x00000000.
09-05 22:19:23.901 17034 17935 I chatty : uid=11118(com.upgadata.up7723) glide-
disk-cach identical 2 lines
09-05 22:19:23.901 17034 17935 E upgadata.up772: Invalid ID 0x00000000.
09-05 22:19:23.921 17034 17935 E upgadata.up772: Invalid ID 0x00000000.
09-05 22:19:23.921 17034 17935 I chatty : uid=11118(com.upgadata.up7723) glide-
disk-cach identical 2 lines
09-05 22:19:23.921 17034 17935 E upgadata.up772: Invalid ID 0x00000000.
09-05 22:19:23.955 17034 17046 I upgadata.up772: Background young concurrent
copying GC freed 1430129(37MB) AllocSpace objects, 108(12MB) LOS objects, 44% free,
40MB/73MB, paused 293us total 124.539ms
09-05 22:19:23.966 17034 17935 E upgadata.up772: Invalid ID 0x00000000.
09-05 22:19:23.966 17034 17935 I chatty : uid=11118(com.upgadata.up7723) glide-
disk-cach identical 2 lines
09-05 22:19:23.966 17034 17935 E upgadata.up772: Invalid ID 0x00000000.
09-05 22:19:23.980 17034 17935 E upgadata.up772: Invalid ID 0x00000000.
09-05 22:19:23.981 17034 17935 I chatty : uid=11118(com.upgadata.up7723) glide-
disk-cach identical 2 lines
09-05 22:19:23.981 17034 17935 E upgadata.up772: Invalid ID 0x00000000.
09-05 22:19:24.005 17034 17067 I gralloc4: register: id=2180001727c
09-05 22:19:24.025 17034 17067 I gralloc4: register: id=2180001727b
09-05 22:19:24.629 17034 17652 W ContextImpl: Failed to ensure
/storage/0000-0000/Android/data/com.upgadata.up7723/files:
android.os.ServiceSpecificException: (code -30)
09-05 22:19:25.588 17034 17067 I OpenGLRenderer: Davey! duration=782ms; Flags=0,
IntendedVsync=492190852025334, Vsync=492190852025334,
OldestInputEvent=9223372036854775807, NewestInputEvent=0,
HandleInputStart=492190852599685, AnimationStart=492190852600493,
PerformTraversalsStart=492190852601532, DrawStart=492190852659108,
SyncQueued=492190852780762, SyncStart=492190853087762,
IssueDrawCommandsStart=492190853954416, SwapBuffers=492191633645146,
FrameCompleted=492191634943339, DequeueBufferDuration=331000,
QueueBufferDuration=396192, GpuCompleted=-831629406522148230,
09-05 22:19:25.593 17034 17034 I ThreeFingerSwipe: 0 ACTION_DOWN point count = 1
09-05 22:19:25.594 17034 17034 I ThreeFingerSwipe: onPointDown... pointIndex = 0,
pointId = 0
09-05 22:19:25.594 17034 17034 I ThreeFingerSwipe: currentX = 478.33566, currentY =
106.93317
09-05 22:19:25.598 17034 17034 I ThreeFingerSwipe: 0 ACTION_UP point count = 1
09-05 22:19:25.598 17034 17034 I ThreeFingerSwipe: onPointUp
09-05 22:19:25.621 17034 17935 E upgadata.up772: Invalid ID 0x00000000.
09-05 22:19:25.625 17034 17935 I chatty : uid=11118(com.upgadata.up7723) glide-
disk-cach identical 6 lines
09-05 22:19:25.625 17034 17935 E upgadata.up772: Invalid ID 0x00000000.
09-05 22:19:25.674 17034 17067 I gralloc4: unregister: id=2180001727c
09-05 22:19:25.674 17034 17067 I gralloc4: unregister: id=2180001727b
09-05 22:19:25.675 17034 17067 I gralloc4: unregister: id=2180001727a
09-05 22:19:25.675 17034 17067 I gralloc4: unregister: id=2180001727e
09-05 22:19:25.676 17034 17067 I gralloc4: unregister: id=2180001727d
09-05 22:19:25.676 17034 17067 W libEGL : EGLNativeWindowType 0x6f20462e50
disconnect failed
09-05 22:19:25.717 17034 17067 I gralloc4: register: id=2180001728b
09-05 22:19:25.734 17034 17067 I gralloc4: unregister: id=21800017284
09-05 22:19:25.734 17034 17067 W libEGL : EGLNativeWindowType 0x6f2044d9b0
disconnect failed
09-05 22:19:25.740 17034 17067 I gralloc4: register: id=2180001728e
09-05 22:19:25.761 17034 17067 I gralloc4: register: id=2180001728f
09-05 22:19:26.612 17034 17793 I MMKV : <MMKV_IO.cpp:1044::clearAll> cleaning
all key-values from [http_dns_ips]
09-05 22:19:26.612 17034 17793 I MMKV : <MMKV_IO.cpp:1053::clearAll> nothing to
clear for [http_dns_ips]
09-05 22:19:26.921 17034 17166 I MMKV : <MMKV_IO.cpp:1044::clearAll> cleaning
all key-values from [http_dns_ips]
09-05 22:19:26.921 17034 17166 I MMKV : <MMKV_IO.cpp:1053::clearAll> nothing to
clear for [http_dns_ips]
09-05 22:19:27.219 17034 17797 I MMKV : <MMKV_IO.cpp:1044::clearAll> cleaning
all key-values from [http_dns_ips]
09-05 22:19:27.219 17034 17797 I MMKV : <MMKV_IO.cpp:1053::clearAll> nothing to
clear for [http_dns_ips]
09-05 22:19:27.356 17034 17103 I MMKV : <MMKV_IO.cpp:1044::clearAll> cleaning
all key-values from [http_dns_ips]
09-05 22:19:27.356 17034 17103 I MMKV : <MMKV_IO.cpp:1053::clearAll> nothing to
clear for [http_dns_ips]
09-05 22:19:27.615 17034 17929 I MMKV : <MMKV_IO.cpp:1044::clearAll> cleaning
all key-values from [http_dns_ips]
09-05 22:19:27.615 17034 17929 I MMKV : <MMKV_IO.cpp:1053::clearAll> nothing to
clear for [http_dns_ips]
09-05 22:19:28.584 17034 17034 D KSAdSDK : enableInitStartMode return true
mApiHadStartMethod
09-05 22:19:28.848 17034 17034 D KSAdSDK : enableInitStartMode return true
mApiHadStartMethod
09-05 22:19:28.910 17034 17656 V KSAd_DeviceInfo:
i=1363300005,n=null,external:true,v1:3.3.65,v2:3.3.68,d:ANDROID_45a6b2c7c02abc44,dh
:-1091632825,o:,b:950,p:true,dy:true
09-05 22:19:28.910 17034 17250 D KSAdSDK : OADIDSDKHelper:isSupport oaid sdk not
find
09-05 22:19:29.723 17034 17046 I upgadata.up772: Background concurrent copying GC
freed 1097153(36MB) AllocSpace objects, 280(19MB) LOS objects, 57% free, 35MB/83MB,
paused 395us total 199.257ms
09-05 22:19:30.384 17034 17034 D KSAdSDK : enableInitStartMode return true
mApiHadStartMethod
09-05 22:19:30.398 17034 17249 D KSAdSDK : OADIDSDKHelper:isSupport oaid sdk not
find
09-05 22:19:30.398 17034 17605 V KSAd_DeviceInfo:
i=1363300005,n=null,external:true,v1:3.3.65,v2:3.3.68,d:ANDROID_45a6b2c7c02abc44,dh
:-1091632825,o:,b:950,p:true,dy:true
09-05 22:19:30.632 17034 17935 E upgadata.up772: Invalid ID 0x00000000.
09-05 22:19:30.632 17034 17935 I chatty : uid=11118(com.upgadata.up7723) glide-
disk-cach identical 6 lines
09-05 22:19:30.632 17034 17935 E upgadata.up772: Invalid ID 0x00000000.
09-05 22:19:30.644 17034 17935 E upgadata.up772: Invalid ID 0x00000000.
09-05 22:19:30.644 17034 17935 I chatty : uid=11118(com.upgadata.up7723) glide-
disk-cach identical 2 lines
09-05 22:19:30.644 17034 17935 E upgadata.up772: Invalid ID 0x00000000.
09-05 22:19:33.084 17034 17067 I gralloc4: register: id=21800017297
09-05 22:19:33.236 17034 17067 I gralloc4: register: id=21800017298
09-05 22:19:34.083 17034 17046 I upgadata.up772: Background young concurrent
copying GC freed 1513372(41MB) AllocSpace objects, 278(10MB) LOS objects, 64% free,
26MB/74MB, paused 1.457ms total 105.829ms
09-05 22:19:35.433 17034 17067 I gralloc4: unregister: id=2180001728e
09-05 22:19:35.434 17034 17067 W libEGL : EGLNativeWindowType 0x6f2044d9b0
disconnect failed
09-05 22:19:35.441 17034 17067 I gralloc4: register: id=21800017299
09-05 22:19:35.660 17034 17935 E upgadata.up772: Invalid ID 0x00000000.
09-05 22:19:35.660 17034 17935 I chatty : uid=11118(com.upgadata.up7723) glide-
disk-cach identical 2 lines
09-05 22:19:35.660 17034 17935 E upgadata.up772: Invalid ID 0x00000000.
09-05 22:19:35.804 17034 17797 I MMKV : <MMKV_IO.cpp:1044::clearAll> cleaning
all key-values from [http_dns_ips]
09-05 22:19:35.804 17034 17797 I MMKV : <MMKV_IO.cpp:1053::clearAll> nothing to
clear for [http_dns_ips]
09-05 22:19:35.806 17034 17929 I MMKV : <MMKV_IO.cpp:1044::clearAll> cleaning
all key-values from [http_dns_ips]
09-05 22:19:35.806 17034 17929 I MMKV : <MMKV_IO.cpp:1053::clearAll> nothing to
clear for [http_dns_ips]
09-05 22:19:35.807 17034 17166 I MMKV : <MMKV_IO.cpp:1044::clearAll> cleaning
all key-values from [http_dns_ips]
09-05 22:19:35.807 17034 17166 I MMKV : <MMKV_IO.cpp:1053::clearAll> nothing to
clear for [http_dns_ips]
09-05 22:19:35.809 17034 17156 I MMKV : <MMKV_IO.cpp:1044::clearAll> cleaning
all key-values from [http_dns_ips]
09-05 22:19:35.809 17034 17156 I MMKV : <MMKV_IO.cpp:1053::clearAll> nothing to
clear for [http_dns_ips]
09-05 22:19:38.372 17034 17046 I upgadata.up772: Background concurrent copying GC
freed 1604021(45MB) AllocSpace objects, 217(11MB) LOS objects, 64% free, 26MB/74MB,
paused 234us total 152.297ms
09-05 22:19:39.267 17034 17150 I MMKV : <MMKV_IO.cpp:1044::clearAll> cleaning
all key-values from [http_dns_ips]
09-05 22:19:39.268 17034 17150 I MMKV : <MMKV_IO.cpp:1053::clearAll> nothing to
clear for [http_dns_ips]
09-05 22:19:44.610 17034 17250 D KSAdSDK : OADIDSDKHelper:isSupport oaid sdk not
find
09-05 22:19:44.610 17034 17309 V KSAd_DeviceInfo:
i=1363300005,n=null,external:true,v1:3.3.65,v2:3.3.68,d:ANDROID_45a6b2c7c02abc44,dh
:-1091632825,o:,b:950,p:true,dy:true
09-05 22:19:44.657 17034 17034 I ThreeFingerSwipe: 0 ACTION_DOWN point count = 1
09-05 22:19:44.657 17034 17034 I ThreeFingerSwipe: onPointDown... pointIndex = 0,
pointId = 0
09-05 22:19:44.657 17034 17034 I ThreeFingerSwipe: currentX = 515.28436, currentY =
1375.1405
09-05 22:19:44.694 17034 17034 I ThreeFingerSwipe: 0 ACTION_MOVE point count = 1
09-05 22:19:44.694 17034 17034 I ThreeFingerSwipe: onPointUpdate
checkProcessedDown(event) = true
09-05 22:19:44.711 17034 17034 I ThreeFingerSwipe: 0 ACTION_MOVE point count = 1
09-05 22:19:44.722 17034 17034 I ThreeFingerSwipe: 0 ACTION_MOVE point count = 1
09-05 22:19:44.733 17034 17034 I ThreeFingerSwipe: 0 ACTION_MOVE point count = 1
09-05 22:19:44.744 17034 17034 I ThreeFingerSwipe: 0 ACTION_MOVE point count = 1
09-05 22:19:44.755 17034 17034 I ThreeFingerSwipe: 0 ACTION_MOVE point count = 1
09-05 22:19:44.768 17034 17034 I ThreeFingerSwipe: 0 ACTION_MOVE point count = 1
09-05 22:19:44.777 17034 17034 I ThreeFingerSwipe: 0 ACTION_MOVE point count = 1
09-05 22:19:44.788 17034 17034 I ThreeFingerSwipe: 0 ACTION_MOVE point count = 1
09-05 22:19:44.799 17034 17034 I ThreeFingerSwipe: 0 ACTION_MOVE point count = 1
09-05 22:19:44.810 17034 17034 I ThreeFingerSwipe: 0 ACTION_MOVE point count = 1
09-05 22:19:44.822 17034 17034 I ThreeFingerSwipe: 0 ACTION_MOVE point count = 1
09-05 22:19:44.833 17034 17034 I ThreeFingerSwipe: 0 ACTION_MOVE point count = 1
09-05 22:19:44.844 17034 17034 I ThreeFingerSwipe: 0 ACTION_MOVE point count = 1
09-05 22:19:44.855 17034 17034 I ThreeFingerSwipe: 0 ACTION_MOVE point count = 1
09-05 22:19:44.866 17034 17034 I ThreeFingerSwipe: 0 ACTION_MOVE point count = 1
09-05 22:19:44.877 17034 17034 I ThreeFingerSwipe: 0 ACTION_MOVE point count = 1
09-05 22:19:44.888 17034 17034 I ThreeFingerSwipe: 0 ACTION_MOVE point count = 1
09-05 22:19:44.899 17034 17034 I ThreeFingerSwipe: 0 ACTION_MOVE point count = 1
09-05 22:19:44.910 17034 17034 I ThreeFingerSwipe: 0 ACTION_MOVE point count = 1
09-05 22:19:44.921 17034 17034 I ThreeFingerSwipe: 0 ACTION_MOVE point count = 1
09-05 22:19:44.933 17034 17034 I ThreeFingerSwipe: 0 ACTION_MOVE point count = 1
09-05 22:19:44.944 17034 17034 I ThreeFingerSwipe: 0 ACTION_MOVE point count = 1
09-05 22:19:44.955 17034 17034 I ThreeFingerSwipe: 0 ACTION_MOVE point count = 1
09-05 22:19:44.966 17034 17034 I ThreeFingerSwipe: 0 ACTION_MOVE point count = 1
09-05 22:19:44.977 17034 17034 I ThreeFingerSwipe: 0 ACTION_MOVE point count = 1
09-05 22:19:44.989 17034 17034 I ThreeFingerSwipe: 0 ACTION_MOVE point count = 1
09-05 22:19:44.999 17034 17034 I ThreeFingerSwipe: 0 ACTION_MOVE point count = 1
09-05 22:19:45.011 17034 17034 I ThreeFingerSwipe: 0 ACTION_MOVE point count = 1
09-05 22:19:45.022 17034 17034 I ThreeFingerSwipe: 0 ACTION_MOVE point count = 1
09-05 22:19:45.033 17034 17034 I ThreeFingerSwipe: 0 ACTION_MOVE point count = 1
09-05 22:19:45.044 17034 17034 I ThreeFingerSwipe: 0 ACTION_MOVE point count = 1
09-05 22:19:45.055 17034 17034 I ThreeFingerSwipe: 0 ACTION_MOVE point count = 1
09-05 22:19:45.066 17034 17034 I ThreeFingerSwipe: 0 ACTION_MOVE point count = 1
09-05 22:19:45.077 17034 17034 I ThreeFingerSwipe: 0 ACTION_MOVE point count = 1
09-05 22:19:45.088 17034 17034 I ThreeFingerSwipe: 0 ACTION_MOVE point count = 1
09-05 22:19:45.099 17034 17034 I ThreeFingerSwipe: 0 ACTION_MOVE point count = 1
09-05 22:19:45.110 17034 17034 I ThreeFingerSwipe: 0 ACTION_MOVE point count = 1
09-05 22:19:45.122 17034 17034 I ThreeFingerSwipe: 0 ACTION_MOVE point count = 1
09-05 22:19:45.133 17034 17034 I ThreeFingerSwipe: 0 ACTION_MOVE point count = 1
09-05 22:19:45.142 17034 17034 I ThreeFingerSwipe: 0 ACTION_MOVE point count = 1
09-05 22:19:45.143 17034 17034 I ThreeFingerSwipe: 0 ACTION_UP point count = 1
09-05 22:19:45.658 17034 17935 E upgadata.up772: Invalid ID 0x00000000.
09-05 22:19:45.659 17034 17935 I chatty : uid=11118(com.upgadata.up7723) glide-
disk-cach identical 6 lines
09-05 22:19:45.660 17034 17935 E upgadata.up772: Invalid ID 0x00000000.
09-05 22:19:45.678 17034 17935 E upgadata.up772: Invalid ID 0x00000000.
09-05 22:19:45.680 17034 17935 I chatty : uid=11118(com.upgadata.up7723) glide-
disk-cach identical 6 lines
09-05 22:19:45.680 17034 17935 E upgadata.up772: Invalid ID 0x00000000.
09-05 22:19:45.963 17034 17034 I ThreeFingerSwipe: 0 ACTION_DOWN point count = 1
09-05 22:19:45.964 17034 17034 I ThreeFingerSwipe: onPointDown... pointIndex = 0,
pointId = 0
09-05 22:19:45.964 17034 17034 I ThreeFingerSwipe: currentX = 464.35507, currentY =
1362.1487
09-05 22:19:45.999 17034 17034 I ThreeFingerSwipe: 0 ACTION_MOVE point count = 1
09-05 22:19:45.999 17034 17034 I ThreeFingerSwipe: onPointUpdate
checkProcessedDown(event) = true
09-05 22:19:46.011 17034 17034 I ThreeFingerSwipe: 0 ACTION_MOVE point count = 1
09-05 22:19:46.011 17034 17034 I ThreeFingerSwipe: onPointUpdate
checkProcessedDown(event) = true
09-05 22:19:46.022 17034 17034 I ThreeFingerSwipe: 0 ACTION_MOVE point count = 1
09-05 22:19:46.033 17034 17034 I ThreeFingerSwipe: 0 ACTION_MOVE point count = 1
09-05 22:19:46.044 17034 17034 I ThreeFingerSwipe: 0 ACTION_MOVE point count = 1
09-05 22:19:46.055 17034 17034 I ThreeFingerSwipe: 0 ACTION_MOVE point count = 1
09-05 22:19:46.067 17034 17034 I ThreeFingerSwipe: 0 ACTION_MOVE point count = 1
09-05 22:19:46.077 17034 17034 I ThreeFingerSwipe: 0 ACTION_MOVE point count = 1
09-05 22:19:46.089 17034 17034 I ThreeFingerSwipe: 0 ACTION_MOVE point count = 1
09-05 22:19:46.099 17034 17034 I ThreeFingerSwipe: 0 ACTION_MOVE point count = 1
09-05 22:19:46.123 17034 17034 I ThreeFingerSwipe: 0 ACTION_MOVE point count = 1
09-05 22:19:46.134 17034 17034 I ThreeFingerSwipe: 0 ACTION_MOVE point count = 1
09-05 22:19:46.144 17034 17034 I ThreeFingerSwipe: 0 ACTION_MOVE point count = 1
09-05 22:19:46.162 17034 17034 I ThreeFingerSwipe: 0 ACTION_MOVE point count = 1
09-05 22:19:46.169 17034 17034 I ThreeFingerSwipe: 0 ACTION_MOVE point count = 1
09-05 22:19:46.179 17034 17034 I ThreeFingerSwipe: 0 ACTION_MOVE point count = 1
09-05 22:19:46.189 17034 17034 I ThreeFingerSwipe: 0 ACTION_MOVE point count = 1
09-05 22:19:46.215 17034 17034 I ThreeFingerSwipe: 0 ACTION_MOVE point count = 1
09-05 22:19:46.224 17034 17034 I ThreeFingerSwipe: 0 ACTION_MOVE point count = 1
09-05 22:19:46.233 17034 17034 I ThreeFingerSwipe: 0 ACTION_MOVE point count = 1
09-05 22:19:46.244 17034 17034 I ThreeFingerSwipe: 0 ACTION_MOVE point count = 1
09-05 22:19:46.244 17034 17034 I ThreeFingerSwipe: 0 ACTION_UP point count = 1
09-05 22:19:46.600 17034 17034 I ThreeFingerSwipe: 0 ACTION_DOWN point count = 1
09-05 22:19:46.601 17034 17034 I ThreeFingerSwipe: onPointDown... pointIndex = 0,
pointId = 0
09-05 22:19:46.601 17034 17034 I ThreeFingerSwipe: currentX = 493.31485, currentY =
1322.1737
09-05 22:19:46.644 17034 17034 I ThreeFingerSwipe: 0 ACTION_MOVE point count = 1
09-05 22:19:46.644 17034 17034 I ThreeFingerSwipe: onPointUpdate
checkProcessedDown(event) = true
09-05 22:19:46.655 17034 17034 I ThreeFingerSwipe: 0 ACTION_MOVE point count = 1
09-05 22:19:46.655 17034 17034 I ThreeFingerSwipe: onPointUpdate
checkProcessedDown(event) = true
09-05 22:19:46.666 17034 17034 I ThreeFingerSwipe: 0 ACTION_MOVE point count = 1
09-05 22:19:46.677 17034 17034 I ThreeFingerSwipe: 0 ACTION_MOVE point count = 1
09-05 22:19:46.688 17034 17034 I ThreeFingerSwipe: 0 ACTION_MOVE point count = 1
09-05 22:19:46.699 17034 17034 I ThreeFingerSwipe: 0 ACTION_MOVE point count = 1
09-05 22:19:46.711 17034 17034 I ThreeFingerSwipe: 0 ACTION_MOVE point count = 1
09-05 22:19:46.722 17034 17034 I ThreeFingerSwipe: 0 ACTION_MOVE point count = 1
09-05 22:19:46.733 17034 17034 I ThreeFingerSwipe: 0 ACTION_MOVE point count = 1
09-05 22:19:46.744 17034 17034 I ThreeFingerSwipe: 0 ACTION_MOVE point count = 1
09-05 22:19:46.764 17034 17034 I ThreeFingerSwipe: 0 ACTION_MOVE point count = 1
09-05 22:19:46.768 17034 17034 I ThreeFingerSwipe: 0 ACTION_MOVE point count = 1
09-05 22:19:46.777 17034 17034 I ThreeFingerSwipe: 0 ACTION_MOVE point count = 1
09-05 22:19:46.788 17034 17034 I ThreeFingerSwipe: 0 ACTION_MOVE point count = 1
09-05 22:19:46.799 17034 17034 I ThreeFingerSwipe: 0 ACTION_MOVE point count = 1
09-05 22:19:46.799 17034 17034 I ThreeFingerSwipe: 0 ACTION_UP point count = 1
09-05 22:19:47.369 17034 17034 I ThreeFingerSwipe: 0 ACTION_DOWN point count = 1
09-05 22:19:47.369 17034 17034 I ThreeFingerSwipe: onPointDown... pointIndex = 0,
pointId = 0
09-05 22:19:47.371 17034 17034 I ThreeFingerSwipe: currentX = 512.2885, currentY =
1354.1537
09-05 22:19:47.522 17034 17034 I ThreeFingerSwipe: 0 ACTION_MOVE point count = 1
09-05 22:19:47.533 17034 17034 I ThreeFingerSwipe: 0 ACTION_MOVE point count = 1
09-05 22:19:47.544 17034 17034 I ThreeFingerSwipe: 0 ACTION_MOVE point count = 1
09-05 22:19:47.555 17034 17034 I ThreeFingerSwipe: 0 ACTION_MOVE point count = 1
09-05 22:19:47.566 17034 17034 I ThreeFingerSwipe: 0 ACTION_MOVE point count = 1
09-05 22:19:47.588 17034 17034 I ThreeFingerSwipe: 0 ACTION_MOVE point count = 1
09-05 22:19:47.611 17034 17034 I ThreeFingerSwipe: 0 ACTION_MOVE point count = 1
09-05 22:19:47.622 17034 17034 I ThreeFingerSwipe: 0 ACTION_MOVE point count = 1
09-05 22:19:47.633 17034 17034 I ThreeFingerSwipe: 0 ACTION_MOVE point count = 1
09-05 22:19:47.644 17034 17034 I ThreeFingerSwipe: 0 ACTION_MOVE point count = 1
09-05 22:19:47.655 17034 17034 I ThreeFingerSwipe: 0 ACTION_MOVE point count = 1
09-05 22:19:47.666 17034 17034 I ThreeFingerSwipe: 0 ACTION_MOVE point count = 1
09-05 22:19:47.677 17034 17034 I ThreeFingerSwipe: 0 ACTION_MOVE point count = 1
09-05 22:19:47.688 17034 17034 I ThreeFingerSwipe: 0 ACTION_MOVE point count = 1
09-05 22:19:47.701 17034 17034 I ThreeFingerSwipe: 0 ACTION_MOVE point count = 1
09-05 22:19:47.710 17034 17034 I ThreeFingerSwipe: 0 ACTION_MOVE point count = 1
09-05 22:19:47.722 17034 17034 I ThreeFingerSwipe: 0 ACTION_MOVE point count = 1
09-05 22:19:47.733 17034 17034 I ThreeFingerSwipe: 0 ACTION_MOVE point count = 1
09-05 22:19:47.744 17034 17034 I ThreeFingerSwipe: 0 ACTION_MOVE point count = 1
09-05 22:19:47.755 17034 17034 I ThreeFingerSwipe: 0 ACTION_MOVE point count = 1
09-05 22:19:47.772 17034 17034 I ThreeFingerSwipe: 0 ACTION_MOVE point count = 1
09-05 22:19:47.780 17034 17034 I ThreeFingerSwipe: 0 ACTION_MOVE point count = 1
09-05 22:19:47.790 17034 17034 I ThreeFingerSwipe: 0 ACTION_MOVE point count = 1
09-05 22:19:47.801 17034 17034 I ThreeFingerSwipe: 0 ACTION_MOVE point count = 1
09-05 22:19:47.811 17034 17034 I ThreeFingerSwipe: 0 ACTION_MOVE point count = 1
09-05 22:19:47.822 17034 17034 I ThreeFingerSwipe: 0 ACTION_MOVE point count = 1
09-05 22:19:47.833 17034 17034 I ThreeFingerSwipe: 0 ACTION_MOVE point count = 1
09-05 22:19:47.844 17034 17034 I ThreeFingerSwipe: 0 ACTION_MOVE point count = 1
09-05 22:19:47.855 17034 17034 I ThreeFingerSwipe: 0 ACTION_MOVE point count = 1
09-05 22:19:47.866 17034 17034 I ThreeFingerSwipe: 0 ACTION_MOVE point count = 1
09-05 22:19:47.888 17034 17034 I ThreeFingerSwipe: 0 ACTION_MOVE point count = 1
09-05 22:19:47.911 17034 17034 I ThreeFingerSwipe: 0 ACTION_MOVE point count = 1
09-05 22:19:47.922 17034 17034 I ThreeFingerSwipe: 0 ACTION_MOVE point count = 1
09-05 22:19:47.933 17034 17034 I ThreeFingerSwipe: 0 ACTION_MOVE point count = 1
09-05 22:19:47.955 17034 17034 I ThreeFingerSwipe: 0 ACTION_MOVE point count = 1
09-05 22:19:47.977 17034 17034 I ThreeFingerSwipe: 0 ACTION_MOVE point count = 1
09-05 22:19:47.999 17034 17034 I ThreeFingerSwipe: 0 ACTION_MOVE point count = 1
09-05 22:19:48.022 17034 17034 I ThreeFingerSwipe: 0 ACTION_MOVE point count = 1
09-05 22:19:48.077 17034 17034 I ThreeFingerSwipe: 0 ACTION_MOVE point count = 1
09-05 22:19:48.122 17034 17034 I ThreeFingerSwipe: 0 ACTION_MOVE point count = 1
09-05 22:19:48.211 17034 17034 I ThreeFingerSwipe: 0 ACTION_MOVE point count = 1
09-05 22:19:48.255 17034 17034 I ThreeFingerSwipe: 0 ACTION_MOVE point count = 1
09-05 22:19:48.266 17034 17034 I ThreeFingerSwipe: 0 ACTION_MOVE point count = 1
09-05 22:19:48.311 17034 17034 I ThreeFingerSwipe: 0 ACTION_MOVE point count = 1
09-05 22:19:48.444 17034 17034 I ThreeFingerSwipe: 0 ACTION_MOVE point count = 1
09-05 22:19:48.478 17034 17034 I ThreeFingerSwipe: 0 ACTION_MOVE point count = 1
09-05 22:19:48.799 17034 17034 I ThreeFingerSwipe: 0 ACTION_MOVE point count = 1
09-05 22:19:49.144 17034 17034 I ThreeFingerSwipe: 0 ACTION_MOVE point count = 1
09-05 22:19:49.155 17034 17034 I ThreeFingerSwipe: 0 ACTION_MOVE point count = 1
09-05 22:19:49.166 17034 17034 I ThreeFingerSwipe: 0 ACTION_MOVE point count = 1
09-05 22:19:49.177 17034 17034 I ThreeFingerSwipe: 0 ACTION_MOVE point count = 1
09-05 22:19:49.189 17034 17034 I ThreeFingerSwipe: 0 ACTION_MOVE point count = 1
09-05 22:19:49.199 17034 17034 I ThreeFingerSwipe: 0 ACTION_MOVE point count = 1
09-05 22:19:49.211 17034 17034 I ThreeFingerSwipe: 0 ACTION_MOVE point count = 1
09-05 22:19:49.222 17034 17034 I ThreeFingerSwipe: 0 ACTION_MOVE point count = 1
09-05 22:19:49.233 17034 17034 I ThreeFingerSwipe: 0 ACTION_MOVE point count = 1
09-05 22:19:49.244 17034 17034 I ThreeFingerSwipe: 0 ACTION_MOVE point count = 1
09-05 22:19:49.255 17034 17034 I ThreeFingerSwipe: 0 ACTION_MOVE point count = 1
09-05 22:19:49.266 17034 17034 I ThreeFingerSwipe: 0 ACTION_MOVE point count = 1
09-05 22:19:49.269 17034 17034 I ThreeFingerSwipe: 0 ACTION_UP point count = 1
09-05 22:19:49.686 17034 17067 I gralloc4: register: id=2180001729a
09-05 22:19:49.751 17034 17034 I ThreeFingerSwipe: 0 ACTION_DOWN point count = 1
09-05 22:19:49.751 17034 17034 I ThreeFingerSwipe: onPointDown... pointIndex = 0,
pointId = 0
09-05 22:19:49.751 17034 17034 I ThreeFingerSwipe: currentX = 508.29404, currentY =
1305.1843
09-05 22:19:49.777 17034 17034 I ThreeFingerSwipe: 0 ACTION_MOVE point count = 1
09-05 22:19:49.777 17034 17034 I ThreeFingerSwipe: onPointUpdate
checkProcessedDown(event) = true
09-05 22:19:49.789 17034 17034 I ThreeFingerSwipe: 0 ACTION_MOVE point count = 1
09-05 22:19:49.789 17034 17034 I ThreeFingerSwipe: onPointUpdate
checkProcessedDown(event) = true
09-05 22:19:49.799 17034 17034 I ThreeFingerSwipe: 0 ACTION_MOVE point count = 1
09-05 22:19:49.800 17034 17034 I ThreeFingerSwipe: onPointUpdate
checkProcessedDown(event) = true
09-05 22:19:49.811 17034 17034 I ThreeFingerSwipe: 0 ACTION_MOVE point count = 1
09-05 22:19:49.822 17034 17034 I ThreeFingerSwipe: 0 ACTION_MOVE point count = 1
09-05 22:19:49.833 17034 17034 I ThreeFingerSwipe: 0 ACTION_MOVE point count = 1
09-05 22:19:49.844 17034 17034 I ThreeFingerSwipe: 0 ACTION_MOVE point count = 1
09-05 22:19:49.855 17034 17034 I ThreeFingerSwipe: 0 ACTION_MOVE point count = 1
09-05 22:19:49.855 17034 17034 I ThreeFingerSwipe: 0 ACTION_UP point count = 1
09-05 22:19:53.240 17034 17034 I ThreeFingerSwipe: 0 ACTION_DOWN point count = 1
09-05 22:19:53.241 17034 17034 I ThreeFingerSwipe: onPointDown... pointIndex = 0,
pointId = 0
09-05 22:19:53.242 17034 17034 I ThreeFingerSwipe: currentX = 517.28156, currentY =
1337.1643
09-05 22:19:53.255 17034 17034 I ThreeFingerSwipe: 0 ACTION_MOVE point count = 1
09-05 22:19:53.255 17034 17034 I ThreeFingerSwipe: onPointUpdate
checkProcessedDown(event) = true
09-05 22:19:53.266 17034 17034 I ThreeFingerSwipe: 0 ACTION_MOVE point count = 1
09-05 22:19:53.266 17034 17034 I ThreeFingerSwipe: onPointUpdate
checkProcessedDown(event) = true
09-05 22:19:53.279 17034 17034 I ThreeFingerSwipe: 0 ACTION_MOVE point count = 1
09-05 22:19:53.279 17034 17034 I ThreeFingerSwipe: onPointUpdate
checkProcessedDown(event) = true
09-05 22:19:53.279 17034 17034 I ThreeFingerSwipe: has move
09-05 22:19:53.289 17034 17034 I ThreeFingerSwipe: 0 ACTION_MOVE point count = 1
09-05 22:19:53.300 17034 17034 I ThreeFingerSwipe: 0 ACTION_MOVE point count = 1
09-05 22:19:53.311 17034 17034 I ThreeFingerSwipe: 0 ACTION_MOVE point count = 1
09-05 22:19:53.328 17034 17034 I ThreeFingerSwipe: 0 ACTION_MOVE point count = 1
09-05 22:19:53.333 17034 17034 I ThreeFingerSwipe: 0 ACTION_MOVE point count = 1
09-05 22:19:53.344 17034 17034 I ThreeFingerSwipe: 0 ACTION_MOVE point count = 1
09-05 22:19:53.355 17034 17034 I ThreeFingerSwipe: 0 ACTION_MOVE point count = 1
09-05 22:19:53.366 17034 17034 I ThreeFingerSwipe: 0 ACTION_MOVE point count = 1
09-05 22:19:53.372 17034 17034 I ThreeFingerSwipe: 0 ACTION_MOVE point count = 1
09-05 22:19:53.372 17034 17034 I ThreeFingerSwipe: 0 ACTION_UP point count = 1
09-05 22:19:53.795 17034 17034 I ThreeFingerSwipe: 0 ACTION_DOWN point count = 1
09-05 22:19:53.796 17034 17034 I ThreeFingerSwipe: onPointDown... pointIndex = 0,
pointId = 0
09-05 22:19:53.796 17034 17034 I ThreeFingerSwipe: currentX = 482.3301, currentY =
1258.2136
09-05 22:19:53.866 17034 17034 I ThreeFingerSwipe: 0 ACTION_MOVE point count = 1
09-05 22:19:53.877 17034 17034 I ThreeFingerSwipe: 0 ACTION_MOVE point count = 1
09-05 22:19:53.889 17034 17034 I ThreeFingerSwipe: 0 ACTION_MOVE point count = 1
09-05 22:19:53.900 17034 17034 I ThreeFingerSwipe: 0 ACTION_MOVE point count = 1
09-05 22:19:53.912 17034 17034 I ThreeFingerSwipe: 0 ACTION_MOVE point count = 1
09-05 22:19:53.922 17034 17034 I ThreeFingerSwipe: 0 ACTION_MOVE point count = 1
09-05 22:19:53.933 17034 17034 I ThreeFingerSwipe: 0 ACTION_MOVE point count = 1
09-05 22:19:53.944 17034 17034 I ThreeFingerSwipe: 0 ACTION_MOVE point count = 1
09-05 22:19:53.955 17034 17034 I ThreeFingerSwipe: 0 ACTION_MOVE point count = 1
09-05 22:19:53.957 17034 17034 I ThreeFingerSwipe: 0 ACTION_UP point count = 1
09-05 22:19:55.659 17034 17935 E upgadata.up772: Invalid ID 0x00000000.
09-05 22:19:55.660 17034 17935 I chatty : uid=11118(com.upgadata.up7723) glide-
disk-cach identical 2 lines
09-05 22:19:55.660 17034 17935 E upgadata.up772: Invalid ID 0x00000000.
09-05 22:19:55.672 17034 17935 E upgadata.up772: Invalid ID 0x00000000.
09-05 22:19:55.673 17034 17935 I chatty : uid=11118(com.upgadata.up7723) glide-
disk-cach identical 6 lines
09-05 22:19:55.673 17034 17935 E upgadata.up772: Invalid ID 0x00000000.
09-05 22:19:55.695 17034 17034 I ThreeFingerSwipe: 0 ACTION_DOWN point count = 1
09-05 22:19:55.696 17034 17034 I ThreeFingerSwipe: onPointDown... pointIndex = 0,
pointId = 0
09-05 22:19:55.696 17034 17034 I ThreeFingerSwipe: currentX = 521.276, currentY =
1337.1643
09-05 22:19:55.733 17034 17034 I ThreeFingerSwipe: 0 ACTION_MOVE point count = 1
09-05 22:19:55.733 17034 17034 I ThreeFingerSwipe: onPointUpdate
checkProcessedDown(event) = true
09-05 22:19:55.744 17034 17034 I ThreeFingerSwipe: 0 ACTION_MOVE point count = 1
09-05 22:19:55.744 17034 17034 I ThreeFingerSwipe: onPointUpdate
checkProcessedDown(event) = true
09-05 22:19:55.755 17034 17034 I ThreeFingerSwipe: 0 ACTION_MOVE point count = 1
09-05 22:19:55.766 17034 17034 I ThreeFingerSwipe: 0 ACTION_MOVE point count = 1
09-05 22:19:55.778 17034 17034 I ThreeFingerSwipe: 0 ACTION_MOVE point count = 1
09-05 22:19:55.789 17034 17034 I ThreeFingerSwipe: 0 ACTION_MOVE point count = 1
09-05 22:19:55.800 17034 17034 I ThreeFingerSwipe: 0 ACTION_MOVE point count = 1
09-05 22:19:55.811 17034 17034 I ThreeFingerSwipe: 0 ACTION_MOVE point count = 1
09-05 22:19:55.825 17034 17034 I ThreeFingerSwipe: 0 ACTION_MOVE point count = 1
09-05 22:19:55.833 17034 17034 I ThreeFingerSwipe: 0 ACTION_MOVE point count = 1
09-05 22:19:55.833 17034 17034 I ThreeFingerSwipe: 0 ACTION_UP point count = 1
09-05 22:19:56.429 17034 17034 I ThreeFingerSwipe: 0 ACTION_DOWN point count = 1
09-05 22:19:56.430 17034 17034 I ThreeFingerSwipe: onPointDown... pointIndex = 0,
pointId = 0
09-05 22:19:56.430 17034 17034 I ThreeFingerSwipe: currentX = 495.31207, currentY =
1319.1755
09-05 22:19:56.456 17034 17034 I ThreeFingerSwipe: 0 ACTION_MOVE point count = 1
09-05 22:19:56.456 17034 17034 I ThreeFingerSwipe: onPointUpdate
checkProcessedDown(event) = true
09-05 22:19:56.467 17034 17034 I ThreeFingerSwipe: 0 ACTION_MOVE point count = 1
09-05 22:19:56.467 17034 17034 I ThreeFingerSwipe: onPointUpdate
checkProcessedDown(event) = true
09-05 22:19:56.478 17034 17034 I ThreeFingerSwipe: 0 ACTION_MOVE point count = 1
09-05 22:19:56.479 17034 17034 I ThreeFingerSwipe: onPointUpdate
checkProcessedDown(event) = true
09-05 22:19:56.479 17034 17034 I ThreeFingerSwipe: has move
09-05 22:19:56.489 17034 17034 I ThreeFingerSwipe: 0 ACTION_MOVE point count = 1
09-05 22:19:56.500 17034 17034 I ThreeFingerSwipe: 0 ACTION_MOVE point count = 1
09-05 22:19:56.511 17034 17034 I ThreeFingerSwipe: 0 ACTION_MOVE point count = 1
09-05 22:19:56.522 17034 17034 I ThreeFingerSwipe: 0 ACTION_MOVE point count = 1
09-05 22:19:56.533 17034 17034 I ThreeFingerSwipe: 0 ACTION_MOVE point count = 1
09-05 22:19:56.544 17034 17034 I ThreeFingerSwipe: 0 ACTION_MOVE point count = 1
09-05 22:19:56.556 17034 17034 I ThreeFingerSwipe: 0 ACTION_MOVE point count = 1
09-05 22:19:56.563 17034 17034 I ThreeFingerSwipe: 0 ACTION_MOVE point count = 1
09-05 22:19:56.564 17034 17034 I ThreeFingerSwipe: 0 ACTION_UP point count = 1
09-05 22:19:57.184 17034 17034 I ThreeFingerSwipe: 0 ACTION_DOWN point count = 1
09-05 22:19:57.185 17034 17034 I ThreeFingerSwipe: onPointDown... pointIndex = 0,
pointId = 0
09-05 22:19:57.185 17034 17034 I ThreeFingerSwipe: currentX = 486.32455, currentY =
1259.213
09-05 22:19:57.211 17034 17034 I ThreeFingerSwipe: 0 ACTION_MOVE point count = 1
09-05 22:19:57.211 17034 17034 I ThreeFingerSwipe: onPointUpdate
checkProcessedDown(event) = true
09-05 22:19:57.222 17034 17034 I ThreeFingerSwipe: 0 ACTION_MOVE point count = 1
09-05 22:19:57.222 17034 17034 I ThreeFingerSwipe: onPointUpdate
checkProcessedDown(event) = true
09-05 22:19:57.233 17034 17034 I ThreeFingerSwipe: 0 ACTION_MOVE point count = 1
09-05 22:19:57.233 17034 17034 I ThreeFingerSwipe: onPointUpdate
checkProcessedDown(event) = true
09-05 22:19:57.233 17034 17034 I ThreeFingerSwipe: has move
09-05 22:19:57.244 17034 17034 I ThreeFingerSwipe: 0 ACTION_MOVE point count = 1
09-05 22:19:57.255 17034 17034 I ThreeFingerSwipe: 0 ACTION_MOVE point count = 1
09-05 22:19:57.267 17034 17034 I ThreeFingerSwipe: 0 ACTION_MOVE point count = 1
09-05 22:19:57.278 17034 17034 I ThreeFingerSwipe: 0 ACTION_MOVE point count = 1
09-05 22:19:57.289 17034 17034 I ThreeFingerSwipe: 0 ACTION_MOVE point count = 1
09-05 22:19:57.300 17034 17034 I ThreeFingerSwipe: 0 ACTION_MOVE point count = 1
09-05 22:19:57.311 17034 17034 I ThreeFingerSwipe: 0 ACTION_MOVE point count = 1
09-05 22:19:57.311 17034 17034 I ThreeFingerSwipe: 0 ACTION_UP point count = 1
09-05 22:19:57.751 17034 17034 I ThreeFingerSwipe: 0 ACTION_DOWN point count = 1
09-05 22:19:57.752 17034 17034 I ThreeFingerSwipe: onPointDown... pointIndex = 0,
pointId = 0
09-05 22:19:57.752 17034 17034 I ThreeFingerSwipe: currentX = 496.3107, currentY =
1284.1974
09-05 22:19:57.778 17034 17034 I ThreeFingerSwipe: 0 ACTION_MOVE point count = 1
09-05 22:19:57.778 17034 17034 I ThreeFingerSwipe: onPointUpdate
checkProcessedDown(event) = true
09-05 22:19:57.789 17034 17034 I ThreeFingerSwipe: 0 ACTION_MOVE point count = 1
09-05 22:19:57.789 17034 17034 I ThreeFingerSwipe: onPointUpdate
checkProcessedDown(event) = true
09-05 22:19:57.800 17034 17034 I ThreeFingerSwipe: 0 ACTION_MOVE point count = 1
09-05 22:19:57.800 17034 17034 I ThreeFingerSwipe: onPointUpdate
checkProcessedDown(event) = true
09-05 22:19:57.811 17034 17034 I ThreeFingerSwipe: 0 ACTION_MOVE point count = 1
09-05 22:19:57.822 17034 17034 I ThreeFingerSwipe: 0 ACTION_MOVE point count = 1
09-05 22:19:57.833 17034 17034 I ThreeFingerSwipe: 0 ACTION_MOVE point count = 1
09-05 22:19:57.844 17034 17034 I ThreeFingerSwipe: 0 ACTION_MOVE point count = 1
09-05 22:19:57.855 17034 17034 I ThreeFingerSwipe: 0 ACTION_MOVE point count = 1
09-05 22:19:57.866 17034 17034 I ThreeFingerSwipe: 0 ACTION_MOVE point count = 1
09-05 22:19:57.878 17034 17034 I ThreeFingerSwipe: 0 ACTION_MOVE point count = 1
09-05 22:19:57.889 17034 17034 I ThreeFingerSwipe: 0 ACTION_MOVE point count = 1
09-05 22:19:57.889 17034 17034 I ThreeFingerSwipe: 0 ACTION_UP point count = 1
09-05 22:19:58.307 17034 17034 I ThreeFingerSwipe: 0 ACTION_DOWN point count = 1
09-05 22:19:58.307 17034 17034 I ThreeFingerSwipe: onPointDown... pointIndex = 0,
pointId = 0
09-05 22:19:58.307 17034 17034 I ThreeFingerSwipe: currentX = 571.20667, currentY =
1022.361
09-05 22:19:58.333 17034 17034 I ThreeFingerSwipe: 0 ACTION_MOVE point count = 1
09-05 22:19:58.333 17034 17034 I ThreeFingerSwipe: onPointUpdate
checkProcessedDown(event) = true
09-05 22:19:58.344 17034 17034 I ThreeFingerSwipe: 0 ACTION_MOVE point count = 1
09-05 22:19:58.344 17034 17034 I ThreeFingerSwipe: onPointUpdate
checkProcessedDown(event) = true
09-05 22:19:58.355 17034 17034 I ThreeFingerSwipe: 0 ACTION_MOVE point count = 1
09-05 22:19:58.355 17034 17034 I ThreeFingerSwipe: onPointUpdate
checkProcessedDown(event) = true
09-05 22:19:58.355 17034 17034 I ThreeFingerSwipe: has move
09-05 22:19:58.367 17034 17034 I ThreeFingerSwipe: 0 ACTION_MOVE point count = 1
09-05 22:19:58.378 17034 17034 I ThreeFingerSwipe: 0 ACTION_MOVE point count = 1
09-05 22:19:58.389 17034 17034 I ThreeFingerSwipe: 0 ACTION_MOVE point count = 1
09-05 22:19:58.400 17034 17034 I ThreeFingerSwipe: 0 ACTION_MOVE point count = 1
09-05 22:19:58.411 17034 17034 I ThreeFingerSwipe: 0 ACTION_MOVE point count = 1
09-05 22:19:58.422 17034 17034 I ThreeFingerSwipe: 0 ACTION_MOVE point count = 1
09-05 22:19:58.423 17034 17034 I ThreeFingerSwipe: 0 ACTION_UP point count = 1
09-05 22:19:58.652 17034 17034 I ThreeFingerSwipe: 0 ACTION_DOWN point count = 1
09-05 22:19:58.652 17034 17034 I ThreeFingerSwipe: onPointDown... pointIndex = 0,
pointId = 0
09-05 22:19:58.652 17034 17034 I ThreeFingerSwipe: currentX = 517.28156, currentY =
1206.2461
09-05 22:19:58.789 17034 17034 I ThreeFingerSwipe: 0 ACTION_MOVE point count = 1
09-05 22:19:58.800 17034 17034 I ThreeFingerSwipe: 0 ACTION_MOVE point count = 1
09-05 22:19:58.811 17034 17034 I ThreeFingerSwipe: 0 ACTION_MOVE point count = 1
09-05 22:19:58.823 17034 17034 I ThreeFingerSwipe: 0 ACTION_MOVE point count = 1
09-05 22:19:58.833 17034 17034 I ThreeFingerSwipe: 0 ACTION_MOVE point count = 1
09-05 22:19:58.844 17034 17034 I ThreeFingerSwipe: 0 ACTION_MOVE point count = 1
09-05 22:19:58.855 17034 17034 I ThreeFingerSwipe: 0 ACTION_MOVE point count = 1
09-05 22:19:58.867 17034 17034 I ThreeFingerSwipe: 0 ACTION_MOVE point count = 1
09-05 22:19:58.878 17034 17034 I ThreeFingerSwipe: 0 ACTION_MOVE point count = 1
09-05 22:19:58.889 17034 17034 I ThreeFingerSwipe: 0 ACTION_MOVE point count = 1
09-05 22:19:58.900 17034 17034 I ThreeFingerSwipe: 0 ACTION_MOVE point count = 1
09-05 22:19:58.911 17034 17034 I ThreeFingerSwipe: 0 ACTION_MOVE point count = 1
09-05 22:19:58.922 17034 17034 I ThreeFingerSwipe: 0 ACTION_MOVE point count = 1
09-05 22:19:58.933 17034 17034 I ThreeFingerSwipe: 0 ACTION_MOVE point count = 1
09-05 22:19:58.939 17034 17034 I ThreeFingerSwipe: 0 ACTION_MOVE point count = 1
09-05 22:19:58.940 17034 17034 I ThreeFingerSwipe: 0 ACTION_UP point count = 1
09-05 22:19:59.267 17034 17034 I ThreeFingerSwipe: 0 ACTION_DOWN point count = 1
09-05 22:19:59.268 17034 17034 I ThreeFingerSwipe: onPointDown... pointIndex = 0,
pointId = 0
09-05 22:19:59.269 17034 17034 I ThreeFingerSwipe: currentX = 527.2677, currentY =
1134.2911
09-05 22:19:59.289 17034 17034 I ThreeFingerSwipe: 0 ACTION_MOVE point count = 1
09-05 22:19:59.289 17034 17034 I ThreeFingerSwipe: onPointUpdate
checkProcessedDown(event) = true
09-05 22:19:59.300 17034 17034 I ThreeFingerSwipe: 0 ACTION_MOVE point count = 1
09-05 22:19:59.300 17034 17034 I ThreeFingerSwipe: onPointUpdate
checkProcessedDown(event) = true
09-05 22:19:59.311 17034 17034 I ThreeFingerSwipe: 0 ACTION_MOVE point count = 1
09-05 22:19:59.311 17034 17034 I ThreeFingerSwipe: onPointUpdate
checkProcessedDown(event) = true
09-05 22:19:59.311 17034 17034 I ThreeFingerSwipe: has move
09-05 22:19:59.312 17034 17034 I ThreeFingerSwipe: 0 ACTION_MOVE point count = 1
09-05 22:19:59.322 17034 17034 I ThreeFingerSwipe: 0 ACTION_MOVE point count = 1
09-05 22:19:59.333 17034 17034 I ThreeFingerSwipe: 0 ACTION_MOVE point count = 1
09-05 22:19:59.345 17034 17034 I ThreeFingerSwipe: 0 ACTION_MOVE point count = 1
09-05 22:19:59.356 17034 17034 I ThreeFingerSwipe: 0 ACTION_MOVE point count = 1
09-05 22:19:59.372 17034 17034 I ThreeFingerSwipe: 0 ACTION_MOVE point count = 1
09-05 22:19:59.377 17034 17034 I ThreeFingerSwipe: 0 ACTION_MOVE point count = 1
09-05 22:19:59.378 17034 17034 I ThreeFingerSwipe: 0 ACTION_UP point count = 1
09-05 22:19:59.775 17034 17034 I ThreeFingerSwipe: 0 ACTION_DOWN point count = 1
09-05 22:19:59.776 17034 17034 I ThreeFingerSwipe: onPointDown... pointIndex = 0,
pointId = 0
09-05 22:19:59.776 17034 17034 I ThreeFingerSwipe: currentX = 534.258, currentY =
1112.3048
09-05 22:19:59.789 17034 17034 I ThreeFingerSwipe: 0 ACTION_MOVE point count = 1
09-05 22:19:59.789 17034 17034 I ThreeFingerSwipe: onPointUpdate
checkProcessedDown(event) = true
09-05 22:19:59.800 17034 17034 I ThreeFingerSwipe: 0 ACTION_MOVE point count = 1
09-05 22:19:59.800 17034 17034 I ThreeFingerSwipe: onPointUpdate
checkProcessedDown(event) = true
09-05 22:19:59.800 17034 17034 I ThreeFingerSwipe: has move
09-05 22:19:59.811 17034 17034 I ThreeFingerSwipe: 0 ACTION_MOVE point count = 1
09-05 22:19:59.822 17034 17034 I ThreeFingerSwipe: 0 ACTION_MOVE point count = 1
09-05 22:19:59.833 17034 17034 I ThreeFingerSwipe: 0 ACTION_MOVE point count = 1
09-05 22:19:59.844 17034 17034 I ThreeFingerSwipe: 0 ACTION_MOVE point count = 1
09-05 22:19:59.845 17034 17034 I ThreeFingerSwipe: 0 ACTION_UP point count = 1
09-05 22:20:01.113 17034 17034 I ThreeFingerSwipe: 0 ACTION_DOWN point count = 1
09-05 22:20:01.113 17034 17034 I ThreeFingerSwipe: onPointDown... pointIndex = 0,
pointId = 0
09-05 22:20:01.113 17034 17034 I ThreeFingerSwipe: currentX = 554.2302, currentY =
1073.3292
09-05 22:20:01.133 17034 17034 I ThreeFingerSwipe: 0 ACTION_MOVE point count = 1
09-05 22:20:01.133 17034 17034 I ThreeFingerSwipe: onPointUpdate
checkProcessedDown(event) = true
09-05 22:20:01.144 17034 17034 I ThreeFingerSwipe: 0 ACTION_MOVE point count = 1
09-05 22:20:01.144 17034 17034 I ThreeFingerSwipe: onPointUpdate
checkProcessedDown(event) = true
09-05 22:20:01.156 17034 17034 I ThreeFingerSwipe: 0 ACTION_MOVE point count = 1
09-05 22:20:01.156 17034 17034 I ThreeFingerSwipe: onPointUpdate
checkProcessedDown(event) = true
09-05 22:20:01.156 17034 17034 I ThreeFingerSwipe: has move
09-05 22:20:01.167 17034 17034 I ThreeFingerSwipe: 0 ACTION_MOVE point count = 1
09-05 22:20:01.178 17034 17034 I ThreeFingerSwipe: 0 ACTION_MOVE point count = 1
09-05 22:20:01.195 17034 17034 I ThreeFingerSwipe: 0 ACTION_MOVE point count = 1
09-05 22:20:01.201 17034 17034 I ThreeFingerSwipe: 0 ACTION_MOVE point count = 1
09-05 22:20:01.211 17034 17034 I ThreeFingerSwipe: 0 ACTION_MOVE point count = 1
09-05 22:20:01.222 17034 17034 I ThreeFingerSwipe: 0 ACTION_MOVE point count = 1
09-05 22:20:01.233 17034 17034 I ThreeFingerSwipe: 0 ACTION_MOVE point count = 1
09-05 22:20:01.244 17034 17034 I ThreeFingerSwipe: 0 ACTION_MOVE point count = 1
09-05 22:20:01.246 17034 17034 I ThreeFingerSwipe: 0 ACTION_UP point count = 1
09-05 22:20:03.274 17034 17034 I ThreeFingerSwipe: 0 ACTION_DOWN point count = 1
09-05 22:20:03.275 17034 17034 I ThreeFingerSwipe: onPointDown... pointIndex = 0,
pointId = 0
09-05 22:20:03.276 17034 17034 I ThreeFingerSwipe: currentX = 542.2469, currentY =
1341.1617
09-05 22:20:03.322 17034 17034 I ThreeFingerSwipe: 0 ACTION_MOVE point count = 1
09-05 22:20:03.322 17034 17034 I ThreeFingerSwipe: onPointUpdate
checkProcessedDown(event) = true
09-05 22:20:03.334 17034 17034 I ThreeFingerSwipe: 0 ACTION_MOVE point count = 1
09-05 22:20:03.345 17034 17034 I ThreeFingerSwipe: 0 ACTION_MOVE point count = 1
09-05 22:20:03.356 17034 17034 I ThreeFingerSwipe: 0 ACTION_MOVE point count = 1
09-05 22:20:03.367 17034 17034 I ThreeFingerSwipe: 0 ACTION_MOVE point count = 1
09-05 22:20:03.378 17034 17034 I ThreeFingerSwipe: 0 ACTION_MOVE point count = 1
09-05 22:20:03.390 17034 17034 I ThreeFingerSwipe: 0 ACTION_MOVE point count = 1
09-05 22:20:03.400 17034 17034 I ThreeFingerSwipe: 0 ACTION_MOVE point count = 1
09-05 22:20:03.411 17034 17034 I ThreeFingerSwipe: 0 ACTION_MOVE point count = 1
09-05 22:20:03.422 17034 17034 I ThreeFingerSwipe: 0 ACTION_MOVE point count = 1
09-05 22:20:03.434 17034 17034 I ThreeFingerSwipe: 0 ACTION_MOVE point count = 1
09-05 22:20:03.445 17034 17034 I ThreeFingerSwipe: 0 ACTION_MOVE point count = 1
09-05 22:20:03.456 17034 17034 I ThreeFingerSwipe: 0 ACTION_MOVE point count = 1
09-05 22:20:03.467 17034 17034 I ThreeFingerSwipe: 0 ACTION_MOVE point count = 1
09-05 22:20:03.478 17034 17034 I ThreeFingerSwipe: 0 ACTION_MOVE point count = 1
09-05 22:20:03.489 17034 17034 I ThreeFingerSwipe: 0 ACTION_MOVE point count = 1
09-05 22:20:03.500 17034 17034 I ThreeFingerSwipe: 0 ACTION_MOVE point count = 1
09-05 22:20:03.511 17034 17034 I ThreeFingerSwipe: 0 ACTION_MOVE point count = 1
09-05 22:20:03.523 17034 17034 I ThreeFingerSwipe: 0 ACTION_MOVE point count = 1
09-05 22:20:03.534 17034 17034 I ThreeFingerSwipe: 0 ACTION_MOVE point count = 1
09-05 22:20:03.545 17034 17034 I ThreeFingerSwipe: 0 ACTION_MOVE point count = 1
09-05 22:20:03.556 17034 17034 I ThreeFingerSwipe: 0 ACTION_MOVE point count = 1
09-05 22:20:03.567 17034 17034 I ThreeFingerSwipe: 0 ACTION_MOVE point count = 1
09-05 22:20:03.578 17034 17034 I ThreeFingerSwipe: 0 ACTION_MOVE point count = 1
09-05 22:20:03.589 17034 17034 I ThreeFingerSwipe: 0 ACTION_MOVE point count = 1
09-05 22:20:03.600 17034 17034 I ThreeFingerSwipe: 0 ACTION_MOVE point count = 1
09-05 22:20:03.611 17034 17034 I ThreeFingerSwipe: 0 ACTION_MOVE point count = 1
09-05 22:20:03.612 17034 17034 I ThreeFingerSwipe: 0 ACTION_UP point count = 1
09-05 22:20:05.052 17034 17392 D SQLiteOpenHelper: SPRD SQLiteOpenHelper
getDatabaseLocked version =2 mNewVersion =2
09-05 22:20:05.075 17034 17075 D SQLiteOpenHelper: SPRD SQLiteOpenHelper
getDatabaseLocked version =2 mNewVersion =2
09-05 22:20:05.076 17034 17075 D SQLiteOpenHelper: SPRD SQLiteOpenHelper
getDatabaseLocked version =2 mNewVersion =2
09-05 22:20:05.078 17034 17075 W SQLiteLog: (28) double-quoted string literal: "
09-05 22:20:05.078 17034 17075 W SQLiteLog: (28) double-quoted string literal:
"C219620E476C81A8AE33937DD3306B74"
09-05 22:20:05.081 17034 17075 D SQLiteOpenHelper: SPRD SQLiteOpenHelper
getDatabaseLocked version =2 mNewVersion =2
09-05 22:20:05.672 17034 17935 E upgadata.up772: Invalid ID 0x00000000.
09-05 22:20:05.673 17034 17935 I chatty : uid=11118(com.upgadata.up7723) glide-
disk-cach identical 6 lines
09-05 22:20:05.673 17034 17935 E upgadata.up772: Invalid ID 0x00000000.
09-05 22:20:05.685 17034 17935 E upgadata.up772: Invalid ID 0x00000000.
09-05 22:20:05.687 17034 17935 I chatty : uid=11118(com.upgadata.up7723) glide-
disk-cach identical 6 lines
09-05 22:20:05.687 17034 17935 E upgadata.up772: Invalid ID 0x00000000.
09-05 22:20:06.020 17034 17067 I gralloc4: unregister: id=21800017271
09-05 22:20:06.023 17034 17067 I gralloc4: unregister: id=21800017270
09-05 22:20:06.026 17034 17067 I gralloc4: unregister: id=2180001726f
09-05 22:20:06.027 17034 17067 I gralloc4: unregister: id=21800017273
09-05 22:20:06.028 17034 17067 I gralloc4: unregister: id=21800017272
09-05 22:20:06.029 17034 17067 W libEGL : EGLNativeWindowType 0x6f203e76b0
disconnect failed
09-05 22:20:06.039 17034 17067 I gralloc4: unregister: id=21800017297
09-05 22:20:06.040 17034 17067 I gralloc4: unregister: id=21800017298
09-05 22:20:06.041 17034 17067 I gralloc4: unregister: id=2180001729a
09-05 22:20:06.041 17034 17067 I gralloc4: unregister: id=2180001728f
09-05 22:20:06.043 17034 17067 I gralloc4: unregister: id=2180001728b
09-05 22:20:06.043 17034 17067 W libEGL : EGLNativeWindowType 0x6f20462e50
disconnect failed
09-05 22:20:06.053 17034 17067 I gralloc4: unregister: id=21800017299
09-05 22:20:06.053 17034 17067 W libEGL : EGLNativeWindowType 0x6f2044d9b0
disconnect failed
09-05 22:20:06.119 17034 17034 V KSAd_LifecycleHolder: onBackToBackground
09-05 22:20:06.119 17034 17034 D SensorManager: unregisterListenerImpl sensor =
null, listener = com.kwad.sdk.utils.be$a@d619d08
09-05 22:20:06.130 17034 17034 D SensorManager: unregisterListenerImpl sensor =
null, listener = com.kwad.sdk.utils.be$a@9e8f2ab
09-05 22:20:06.132 17034 17034 D SensorManager: unregisterListenerImpl sensor =
null, listener = com.kwad.sdk.utils.be$a@c987ca1
09-05 22:20:06.144 17034 17034 E AppBackgroundObserver: onAppBackground
09-05 22:20:06.162 17034 17075 D SQLiteOpenHelper: SPRD SQLiteOpenHelper
getDatabaseLocked version =2 mNewVersion =2
09-05 22:20:09.345 17034 17150 I MMKV : <MMKV_IO.cpp:1044::clearAll> cleaning
all key-values from [http_dns_ips]
09-05 22:20:09.345 17034 17150 I MMKV : <MMKV_IO.cpp:1053::clearAll> nothing to
clear for [http_dns_ips]
09-05 22:20:13.077 17034 17392 D SQLiteOpenHelper: SPRD SQLiteOpenHelper
getDatabaseLocked version =2 mNewVersion =2
09-05 22:20:14.124 17034 17452 D SQLiteOpenHelper: SPRD SQLiteOpenHelper
getDatabaseLocked version =10 mNewVersion =10
09-05 22:20:15.344 17034 17150 I MMKV : <MMKV_IO.cpp:1044::clearAll> cleaning
all key-values from [http_dns_ips]
09-05 22:20:15.344 17034 17150 I MMKV : <MMKV_IO.cpp:1053::clearAll> nothing to
clear for [http_dns_ips]
09-05 22:20:16.662 17034 17317 D xgc_apm : set:true
09-05 22:20:18.354 17034 17150 I MMKV : <MMKV_IO.cpp:1044::clearAll> cleaning
all key-values from [http_dns_ips]
09-05 22:20:18.354 17034 17150 I MMKV : <MMKV_IO.cpp:1053::clearAll> nothing to
clear for [http_dns_ips]
09-05 22:20:19.785 17034 17317 I TeaLog : s worked:true 60000
09-05 22:20:19.785 17034 17317 D xgc_apm : set:true
09-05 22:20:19.785 17034 17317 D xgc_apm : set:true
09-05 22:20:21.368 17034 17150 I MMKV : <MMKV_IO.cpp:1044::clearAll> cleaning
all key-values from [http_dns_ips]
09-05 22:20:21.368 17034 17150 I MMKV : <MMKV_IO.cpp:1053::clearAll> nothing to
clear for [http_dns_ips]
09-05 22:20:24.372 17034 17150 I MMKV : <MMKV_IO.cpp:1044::clearAll> cleaning
all key-values from [http_dns_ips]
09-05 22:20:24.372 17034 17150 I MMKV : <MMKV_IO.cpp:1053::clearAll> nothing to
clear for [http_dns_ips]
09-05 22:20:26.452 17034 17034 W Choreographer: Frame time is 0.090462 ms in the
future! Check that graphics HAL is generating vsync timestamps using the correct
timebase.
09-05 22:20:27.402 17034 17150 I MMKV : <MMKV_IO.cpp:1044::clearAll> cleaning
all key-values from [http_dns_ips]
09-05 22:20:27.402 17034 17150 I MMKV : <MMKV_IO.cpp:1053::clearAll> nothing to
clear for [http_dns_ips]
09-05 22:20:30.408 17034 17150 I MMKV : <MMKV_IO.cpp:1044::clearAll> cleaning
all key-values from [http_dns_ips]
09-05 22:20:30.408 17034 17150 I MMKV : <MMKV_IO.cpp:1053::clearAll> nothing to
clear for [http_dns_ips]
09-05 22:20:33.419 17034 17150 I MMKV : <MMKV_IO.cpp:1044::clearAll> cleaning
all key-values from [http_dns_ips]
09-05 22:20:33.419 17034 17150 I MMKV : <MMKV_IO.cpp:1053::clearAll> nothing to
clear for [http_dns_ips]
09-05 22:20:35.543 17034 17288 D xgc_apm : set:true
09-05 22:20:35.582 17034 17317 D xgc_apm : terminate:6
09-05 22:20:36.727 17034 17522 W cr_ChildProcessConn: onServiceDisconnected (crash
or killed by oom): pid=0 bindings:WV
09-05 22:20:37.343 17034 17317 D xgc_apm : Api.send:200
09-05 22:20:37.371 17034 17317 I TeaLog : s 1 1
09-05 22:20:37.371 17034 17317 I TeaLog : s worked:true 60000
09-05 22:20:37.372 17034 17317 D xgc_apm : set:true
09-05 22:21:11.594 17034 17249 D KSAdSDK : OADIDSDKHelper:isSupport oaid sdk not
find
09-05 22:21:11.655 17034 17322 V KSAd_DeviceInfo:
i=1363300005,n=null,external:true,v1:3.3.65,v2:3.3.68,d:ANDROID_45a6b2c7c02abc44,dh
:-1091632825,o:,b:950,p:true,dy:true
09-05 22:21:19.826 17034 17317 D xgc_apm : set:true
09-05 22:21:19.826 17034 17317 D xgc_apm : set:true
09-05 22:21:37.446 17034 17317 I TeaLog : s worked:true 60000
09-05 22:21:37.447 17034 17317 D xgc_apm : set:true
09-05 22:21:37.447 17034 17317 I chatty : uid=11118(com.upgadata.up7723)
bd_tracker_n identical 1 line
09-05 22:21:37.447 17034 17317 D xgc_apm : set:true
You might also like
Automotive Diagnostic Systems: Understanding OBD-I & OBD-II Revised
From Everand
Automotive Diagnostic Systems: Understanding OBD-I & OBD-II Revised
Keith McCord
4/5 (3)
Debate Writing
PDF
90% (10)
Debate Writing
3 pages
Electrical Specifications PDF
PDF
100% (2)
Electrical Specifications PDF
3 pages
Incontinence 6th Edition 2017 Ebook v2-1 PDF
PDF
No ratings yet
Incontinence 6th Edition 2017 Ebook v2-1 PDF
