Download as TXT, PDF, TXT or read online on Scribd
You are on page 1/ 7
--------- beginning of main
10-12 14:09:53.293 5434 5434 D FirebaseSessions: Initializing Firebase Sessions
SDK.
10-12 14:09:53.297 5434 5434 I FirebaseCrashlytics: Initializing Firebase Crashlytics 18.6.2 for com.hello.miheapp.secretspace
10-12 14:09:53.352 5434 5434 D SessionsDependencies: Subscriber CRASHLYTICS registered.
10-12 14:09:53.413 5434 5595 I DynamiteModule: Considering local module com.google.android.gms.measurement.dynamite:100 and remote module com.google.android.gms.measurement.dynamite:125
10-12 14:09:53.413 5434 5595 I DynamiteModule: Selected remote version of com.google.android.gms.measurement.dynamite, version >= 125
10-12 14:09:53.413 5434 5595 V DynamiteModule: Dynamite loader version >= 2, using loadModule2NoCrashUtils
10-12 14:09:53.437 5434 5595 W System : ClassLoader referenced unknown path:
10-12 14:09:53.437 5434 5595 D nativeloader: Configuring clns-6 for other apk . target_sdk_version=34, uses_libraries=, library_path=/data/app/~~rpDf2yKNuWogcgbYPfZ0Sw==/com.google.android.gms- GzzXquer9KXn01nijeNreA==/lib/arm64:/data/app/~~rpDf2yKNuWogcgbYPfZ0Sw==/ com.google.android.gms-GzzXquer9KXn01nijeNreA==/base.apk!/lib/arm64-v8a, permitted_path=/data:/mnt/expand:/data/user/0/com.google.android.gms
10-12 14:09:53.466 5434 5595 W app.secretspace: ClassLoaderContext classpath element checksum mismatch. expected=2474124686, found=2394383735 (DLC[];PCL[base.apk*2474124686]{PCL[/system/framework/org.apache.http.legacy.jar*28 65211571]#PCL[/system/framework/ com.android.media.remotedisplay.jar*2114713712]#PCL[/system/framework/ com.android.location.provider.jar*3994156537]#PCL[/system/framework/ org.apache.http.legacy.jar*2865211571]} | DLC[];PCL[/data/app/~~9TEPhxy2SCAbZgFC5wi3cQ==/com.hello.miheapp.secretspace- PcoiWgeFX96NYCbhGPjwSg==/base.apk*2394383735]{PCL[/system/framework/ android.test.base.jar*836642757]#PCL[/system/framework/ org.apache.http.legacy.jar*2865211571]})
10-12 14:09:53.597 5434 5434 I FirebaseInitProvider: FirebaseApp initialization successful
10-12 14:09:53.598 5434 5596 D LifecycleServiceBinder: Binding service to application.
10-12 14:09:53.619 5434 5597 I FirebaseCrashlytics: No version control information found
10-12 14:09:53.641 5434 5434 D WM-WrkMgrInitializer: Initializing WorkManager with default configuration.
10-12 14:09:53.696 5434 5434 D WM-PackageManagerHelper: Skipping component enablement for androidx.work.impl.background.systemjob.SystemJobService
10-12 14:09:53.696 5434 5434 D WM-Schedulers: Created SystemJobScheduler and enabled SystemJobService
10-12 14:09:53.708 5434 5631 E app.secretspace: No package ID 77 found for resource ID 0x770b000f.
10-12 14:09:53.708 5434 5631 E app.secretspace: No package ID 77 found for resource ID 0x770b000f.
10-12 14:09:53.711 5434 5631 I FA : App measurement initialized, version: 104021
10-12 14:09:53.711 5434 5631 I FA : To enable debug logging run: adb shell setprop log.tag.FA VERBOSE
10-12 14:09:53.712 5434 5631 I FA : To enable faster debug mode event logging run:
10-12 14:09:53.712 5434 5631 I FA : adb shell setprop debug.firebase.analytics.app com.hello.miheapp.secretspace
10-12 14:09:53.731 5434 5626 D nativeloader: Configuring clns-7 for other apk /system/framework/com.android.media.remotedisplay.jar. target_sdk_version=34, uses_libraries=ALL, library_path=/data/app/~~rpDf2yKNuWogcgbYPfZ0Sw==/com.google.android.gms- GzzXquer9KXn01nijeNreA==/lib/arm64:/data/app/~~rpDf2yKNuWogcgbYPfZ0Sw==/ com.google.android.gms-GzzXquer9KXn01nijeNreA==/base.apk!/lib/arm64-v8a, permitted_path=/data:/mnt/expand:/data/user/0/com.google.android.gms
10-12 14:09:53.731 5434 5626 D nativeloader: Extending system_exposed_libraries: libapuwareapusys.mtk.so:libapuwareapusys_v2.mtk.so:libapuwarexrp.mtk.so:libapuwarex rp_v2.mtk.so:libapuwareutils.mtk.so:libapuwareutils_v2.mtk.so:libapuwarehmp.mtk.so: libmcv_runtime_usdk.mtk.so:libneuron_graph_delegate.mtk.so:libneuronusdk_adapter.mt k.so:libtflite_mtk.mtk.so:libarmnn_ndk.mtk.so:libcmdl_ndk.mtk.so:libnir_neon_driver _ndk.mtk.so:libmvpu_runtime.mtk.so:libmvpu_runtime_pub.mtk.so:libmvpu_engine_pub.mt k.so:libmvpu_pattern_pub.mtk.so:libmvpuop_mtk_cv.mtk.so:libmvpuop_mtk_nn.mtk.so:lib mvpu_runtime_25.mtk.so:libmvpu_runtime_25_pub.mtk.so:libmvpu_engine_25_pub.mtk.so:l ibmvpu_pattern_25_pub.mtk.so:libmvpuop25_mtk_cv.mtk.so:libmvpuop25_mtk_nn.mtk.so:li bmvpu_config.mtk.so:libteeservice_client.trustonic.so:libmisys_jni.xiaomi.so
10-12 14:09:53.738 5434 5434 W j4.z : Please set a value for AutoLogAppEventsEnabled. Set the flag to TRUE if you want to collect app install, app launch and in-app purchase events automatically. To request user consent before collecting data, set the flag value to FALSE, then change to TRUE once user consent is received. Learn more: https://developers.facebook.com/docs/app-events/getting- started-app-events-android#disable-auto-events.
10-12 14:09:53.738 5434 5434 W j4.z : You haven't set a value for AdvertiserIDCollectionEnabled. Set the flag to TRUE if you want to collect Advertiser ID for better advertising and analytics results. To request user consent before collecting data, set the flag value to FALSE, then change to TRUE once user consent is received. Learn more: https://developers.facebook.com/docs/app-events/getting-started-app-events- android#disable-auto-events.
10-12 14:09:53.809 5434 5626 D nativeloader: Configuring clns-8 for other apk /system/framework/com.android.location.provider.jar. target_sdk_version=34, uses_libraries=ALL, library_path=/data/app/~~rpDf2yKNuWogcgbYPfZ0Sw==/com.google.android.gms- GzzXquer9KXn01nijeNreA==/lib/arm64:/data/app/~~rpDf2yKNuWogcgbYPfZ0Sw==/ com.google.android.gms-GzzXquer9KXn01nijeNreA==/base.apk!/lib/arm64-v8a, permitted_path=/data:/mnt/expand:/data/user/0/com.google.android.gms
10-12 14:09:53.809 5434 5626 D nativeloader: Extending system_exposed_libraries: libapuwareapusys.mtk.so:libapuwareapusys_v2.mtk.so:libapuwarexrp.mtk.so:libapuwarex rp_v2.mtk.so:libapuwareutils.mtk.so:libapuwareutils_v2.mtk.so:libapuwarehmp.mtk.so: libmcv_runtime_usdk.mtk.so:libneuron_graph_delegate.mtk.so:libneuronusdk_adapter.mt k.so:libtflite_mtk.mtk.so:libarmnn_ndk.mtk.so:libcmdl_ndk.mtk.so:libnir_neon_driver _ndk.mtk.so:libmvpu_runtime.mtk.so:libmvpu_runtime_pub.mtk.so:libmvpu_engine_pub.mt k.so:libmvpu_pattern_pub.mtk.so:libmvpuop_mtk_cv.mtk.so:libmvpuop_mtk_nn.mtk.so:lib mvpu_runtime_25.mtk.so:libmvpu_runtime_25_pub.mtk.so:libmvpu_engine_25_pub.mtk.so:l ibmvpu_pattern_25_pub.mtk.so:libmvpuop25_mtk_cv.mtk.so:libmvpuop25_mtk_nn.mtk.so:li bmvpu_config.mtk.so:libteeservice_client.trustonic.so:libmisys_jni.xiaomi.so
10-12 14:09:53.909 5434 5636 D CompatibilityChangeReporter: Compat change id reported: 160794467; UID 10341; state: ENABLED
10-12 14:09:53.940 5434 5656 D TrafficStats: tagSocket(138) with statsTag=0xffffffff, statsUid=-1
10-12 14:09:53.950 5434 5663 D TrafficStats: tagSocket(139) with statsTag=0xffffffff, statsUid=-1
10-12 14:09:53.957 5434 5557 D TrafficStats: tagSocket(141) with statsTag=0xffffffff, statsUid=-1
10-12 14:09:54.066 5434 5626 D nativeloader: Configuring clns-9 for other apk /data/app/~~rpDf2yKNuWogcgbYPfZ0Sw==/com.google.android.gms- GzzXquer9KXn01nijeNreA==/base.apk. target_sdk_version=34, uses_libraries=, library_path=/data/app/~~rpDf2yKNuWogcgbYPfZ0Sw==/com.google.android.gms- GzzXquer9KXn01nijeNreA==/lib/arm64:/data/app/~~rpDf2yKNuWogcgbYPfZ0Sw==/ com.google.android.gms-GzzXquer9KXn01nijeNreA==/base.apk!/lib/arm64-v8a, permitted_path=/data:/mnt/expand:/data/user/0/com.google.android.gms
10-12 14:09:54.114 5434 5626 I DynamiteModule: Considering local module com.google.android.gms.ads.dynamite:0 and remote module com.google.android.gms.ads.dynamite:243220703
10-12 14:09:54.114 5434 5626 I DynamiteModule: Selected remote version of com.google.android.gms.ads.dynamite, version >= 243220703
10-12 14:09:54.114 5434 5626 V DynamiteModule: Dynamite loader version >= 2, using loadModule2NoCrashUtils
10-12 14:09:54.312 5434 5434 I DynamiteModule: Considering local module com.google.android.gms.ads.dynamite:0 and remote module com.google.android.gms.ads.dynamite:243220703
10-12 14:09:54.313 5434 5434 I DynamiteModule: Selected remote version of com.google.android.gms.ads.dynamite, version >= 243220703
10-12 14:09:54.317 5434 5434 D DynamitePackage: Instantiated singleton DynamitePackage.
10-12 14:09:54.317 5434 5434 D DynamitePackage: Instantiating com.google.android.gms.ads.ChimeraMobileAdsSettingManagerCreatorImpl
10-12 14:09:54.690 5434 5434 W ziparchive: Unable to open '/data/app/~~OLOv8y_mW04S_jXgmv42Qw==/com.google.android.trichromelibrary_666810033 -nhgKyNvbleLhdq7VReSBBg==/base.dm': No such file or directory
10-12 14:09:54.691 5434 5434 W ziparchive: Unable to open '/data/app/~~OLOv8y_mW04S_jXgmv42Qw==/com.google.android.trichromelibrary_666810033 -nhgKyNvbleLhdq7VReSBBg==/base.dm': No such file or directory
10-12 14:09:54.692 5434 5434 W app.secretspace: Entry not found
10-12 14:09:54.694 5434 5434 D nativeloader: Configuring clns-10 for other apk /data/app/~~OLOv8y_mW04S_jXgmv42Qw==/com.google.android.trichromelibrary_666810033- nhgKyNvbleLhdq7VReSBBg==/base.apk. target_sdk_version=34, uses_libraries=ALL, library_path=/data/app/~~v0ooMCrVgUnlMLinBk9BWQ==/com.google.android.webview- AnhnMwaXU94m-gPyM-6lcw==/lib/arm64:/data/app/~~v0ooMCrVgUnlMLinBk9BWQ==/ com.google.android.webview-AnhnMwaXU94m-gPyM-6lcw==/base.apk!/lib/arm64-v8a:/data/ app/~~OLOv8y_mW04S_jXgmv42Qw==/com.google.android.trichromelibrary_666810033- nhgKyNvbleLhdq7VReSBBg==/base.apk!/lib/arm64-v8a, permitted_path=/data:/mnt/expand
10-12 14:09:54.694 5434 5434 D nativeloader: Extending system_exposed_libraries: libapuwareapusys.mtk.so:libapuwareapusys_v2.mtk.so:libapuwarexrp.mtk.so:libapuwarex rp_v2.mtk.so:libapuwareutils.mtk.so:libapuwareutils_v2.mtk.so:libapuwarehmp.mtk.so: libmcv_runtime_usdk.mtk.so:libneuron_graph_delegate.mtk.so:libneuronusdk_adapter.mt k.so:libtflite_mtk.mtk.so:libarmnn_ndk.mtk.so:libcmdl_ndk.mtk.so:libnir_neon_driver _ndk.mtk.so:libmvpu_runtime.mtk.so:libmvpu_runtime_pub.mtk.so:libmvpu_engine_pub.mt k.so:libmvpu_pattern_pub.mtk.so:libmvpuop_mtk_cv.mtk.so:libmvpuop_mtk_nn.mtk.so:lib mvpu_runtime_25.mtk.so:libmvpu_runtime_25_pub.mtk.so:libmvpu_engine_25_pub.mtk.so:l ibmvpu_pattern_25_pub.mtk.so:libmvpuop25_mtk_cv.mtk.so:libmvpuop25_mtk_nn.mtk.so:li bmvpu_config.mtk.so:libteeservice_client.trustonic.so:libmisys_jni.xiaomi.so
10-12 14:09:54.707 5434 5434 D nativeloader: Configuring clns-11 for other apk /data/app/~~v0ooMCrVgUnlMLinBk9BWQ==/com.google.android.webview-AnhnMwaXU94m-gPyM- 6lcw==/base.apk. target_sdk_version=34, uses_libraries=, library_path=/data/app/~~v0ooMCrVgUnlMLinBk9BWQ==/com.google.android.webview- AnhnMwaXU94m-gPyM-6lcw==/lib/arm64:/data/app/~~v0ooMCrVgUnlMLinBk9BWQ==/ com.google.android.webview-AnhnMwaXU94m-gPyM-6lcw==/base.apk!/lib/arm64-v8a:/data/ app/~~OLOv8y_mW04S_jXgmv42Qw==/com.google.android.trichromelibrary_666810033- nhgKyNvbleLhdq7VReSBBg==/base.apk!/lib/arm64-v8a, permitted_path=/data:/mnt/expand
10-12 14:09:54.722 5434 5434 I WebViewFactory: Loading com.google.android.webview version 129.0.6668.100 (code 666810033)
10-12 14:09:54.812 5434 5434 I cr_WVCFactoryProvider: version=129.0.6668.100 (666810033) minSdkVersion=29 isBundle=true multiprocess=true packageId=2
10-12 14:09:54.841 5434 5434 D nativeloader: Load /data/app/~~OLOv8y_mW04S_jXgmv42Qw==/com.google.android.trichromelibrary_666810033- nhgKyNvbleLhdq7VReSBBg==/base.apk!/lib/arm64-v8a/libmonochrome_64.so using ns clns- 11 from class loader (caller=/data/app/~~v0ooMCrVgUnlMLinBk9BWQ==/com.google.android.webview- AnhnMwaXU94m-gPyM-6lcw==/base.apk): ok
10-12 14:09:54.848 5434 5434 D nativeloader: Load /system/lib64/libwebviewchromium_plat_support.so using ns clns-11 from class loader (caller=/data/app/~~v0ooMCrVgUnlMLinBk9BWQ==/com.google.android.webview- AnhnMwaXU94m-gPyM-6lcw==/base.apk): ok
10-12 14:09:54.883 5434 5749 I chromium: [1012/140954.882130:INFO:variations_seed_loader.cc(68)] Failed to open file for reading.: No such file or directory (2)
10-12 14:09:54.945 5434 5434 I cr_LibraryLoader: Successfully loaded native library
10-12 14:09:54.951 5434 5434 I cr_CachingUmaRecorder: Flushed 6 samples from 6 histograms, 0 samples were dropped.
10-12 14:09:54.968 5434 5434 I cr_CombinedPProvider: #registerProvider() provider:WV.r8@41751fd isPolicyCacheEnabled:false policyProvidersSize:0
10-12 14:09:54.979 5434 5434 I cr_PolicyProvider: #setManagerAndSource() 0
10-12 14:09:55.035 5434 5434 I cr_CombinedPProvider: #linkNativeInternal() 1
10-12 14:09:55.037 5434 5434 I cr_AppResProvider: #getApplicationRestrictionsFromUserManager() Bundle[EMPTY_PARCEL]
10-12 14:09:55.038 5434 5434 I cr_PolicyProvider: #notifySettingsAvailable() 0
10-12 14:09:55.038 5434 5434 I cr_CombinedPProvider: #onSettingsAvailable() 0
10-12 14:09:55.039 5434 5434 I cr_CombinedPProvider: #flushPolicies()
10-12 14:09:55.607 5434 5434 D CompatibilityChangeReporter: Compat change id reported: 214741472; UID 10341; state: ENABLED
10-12 14:09:55.618 5434 5434 D CompatibilityChangeReporter: Compat change id reported: 171228096; UID 10341; state: ENABLED
10-12 14:09:56.331 5434 5823 D CompatibilityChangeReporter: Compat change id reported: 247079863; UID 10341; state: ENABLED
10-12 14:09:56.345 5434 5823 D TrafficStats: tagSocket(241) with statsTag=0x4e864ee, statsUid=-1
10-12 14:09:56.364 5434 5823 D TrafficStats: tagSocket(241) with statsTag=0x4e864ee, statsUid=-1 --------- beginning of system
10-12 14:09:56.376 5434 5434 W Looper : PerfMonitor longMsg : seq=2 plan=14:09:52.309 late=4ms wall=4061ms h=android.app.ActivityThread$H w=110 procState=-1
10-12 14:09:56.411 5434 5434 D SessionLifecycleService: Service bound to new client on process 5434
10-12 14:09:56.412 5434 5836 D TrafficStats: tagSocket(243) with statsTag=0xffffffff, statsUid=-1
10-12 14:09:56.420 5434 5842 D SessionLifecycleService: App has not yet foregrounded. Using previously stored session: null
10-12 14:09:56.420 5434 5842 D SessionLifecycleService: Client android.os.Messenger@671cc72 bound at 257768817. Clients: 1
10-12 14:09:56.421 5434 5832 I MATDBManager: sqllite db insert success! insert row id:499
10-12 14:09:56.422 5434 5832 I MATDBManager: sqllite db capacity:2
10-12 14:09:56.427 5434 5832 D TrafficStats: tagSocket(254) with statsTag=0xffffffff, statsUid=-1
10-12 14:09:56.487 5434 5778 W cr_media: BLUETOOTH_CONNECT permission is missing.
10-12 14:09:56.500 5434 5778 W cr_media: getBluetoothAdapter() requires BLUETOOTH permission
10-12 14:09:56.500 5434 5778 W cr_media: registerBluetoothIntentsIfNeeded: Requires BLUETOOTH permission
10-12 14:09:56.556 5434 5844 D libMEOW : meow new tls: 0x6fbf933ac0
10-12 14:09:56.619 5434 5797 W Looper : PerfMonitor longMsg : seq=1 plan=14:09:55.560 late=0ms wall=1057ms h=android.os.Handler c=WV.kH procState=-1
10-12 14:09:56.641 5434 5844 D libMEOW : meow reload base cfg path: na
10-12 14:09:56.642 5434 5844 D libMEOW : meow reload overlay cfg path: na
10-12 14:09:56.700 5434 5844 E QT : [QT]file does not exist
10-12 14:09:56.703 5434 5844 D libMEOW : applied 1 plugins for [com.hello.miheapp.secretspace]:
10-12 14:09:56.703 5434 5844 D libMEOW : plugin 1: [libMEOW_gift.so]: 0xb40000707d717640
10-12 14:09:56.709 5434 5844 D libMEOW : rebuild call chain: 0x6fbf9ed580
10-12 14:09:56.850 5434 5827 D TrafficStats: tagSocket(290) with statsTag=0x4e864ee, statsUid=-1
10-12 14:09:56.852 5434 5823 D TrafficStats: tagSocket(285) with statsTag=0x4e864ee, statsUid=-1
10-12 14:09:56.856 5434 5827 D TrafficStats: tagSocket(290) with statsTag=0x4e864ee, statsUid=-1
10-12 14:09:56.863 5434 5823 D TrafficStats: tagSocket(232) with statsTag=0x4e864ee, statsUid=-1
10-12 14:09:56.874 5434 5826 D TrafficStats: tagSocket(286) with statsTag=0x4e864ee, statsUid=-1
10-12 14:09:56.875 5434 5434 I M-ProMotion: M-ProMotion is disabled
10-12 14:09:56.881 5434 5826 D TrafficStats: tagSocket(286) with statsTag=0x4e864ee, statsUid=-1
10-12 14:09:56.886 5434 5822 D TrafficStats: tagSocket(303) with statsTag=0x4e864ee, statsUid=-1
10-12 14:09:56.886 5434 5879 D TrafficStats: tagSocket(291) with statsTag=0x4e864ee, statsUid=-1
10-12 14:09:56.891 5434 5879 D TrafficStats: tagSocket(291) with statsTag=0x4e864ee, statsUid=-1
10-12 14:09:56.896 5434 5827 D TrafficStats: tagSocket(290) with statsTag=0x4e864ee, statsUid=-1
10-12 14:09:56.900 5434 5826 D TrafficStats: tagSocket(257) with statsTag=0x4e864ee, statsUid=-1
10-12 14:09:56.902 5434 5870 D TrafficStats: tagSocket(291) with statsTag=0x4e864ee, statsUid=-1
10-12 14:09:56.902 5434 5822 D TrafficStats: tagSocket(301) with statsTag=0x4e864ee, statsUid=-1
10-12 14:09:56.903 5434 5879 D TrafficStats: tagSocket(304) with statsTag=0x4e864ee, statsUid=-1
10-12 14:09:56.904 5434 5823 D TrafficStats: tagSocket(232) with statsTag=0x4e864ee, statsUid=-1
10-12 14:09:56.906 5434 5826 D TrafficStats: tagSocket(300) with statsTag=0x4e864ee, statsUid=-1
10-12 14:09:56.907 5434 5827 D TrafficStats: tagSocket(290) with statsTag=0x4e864ee, statsUid=-1
10-12 14:09:56.908 5434 5870 D TrafficStats: tagSocket(303) with statsTag=0x4e864ee, statsUid=-1
10-12 14:09:56.909 5434 5879 D TrafficStats: tagSocket(257) with statsTag=0x4e864ee, statsUid=-1
10-12 14:09:56.912 5434 5822 D TrafficStats: tagSocket(232) with statsTag=0x4e864ee, statsUid=-1
10-12 14:09:56.912 5434 5823 D TrafficStats: tagSocket(301) with statsTag=0x4e864ee, statsUid=-1
10-12 14:09:56.914 5434 5826 D TrafficStats: tagSocket(286) with statsTag=0x4e864ee, statsUid=-1
10-12 14:09:56.914 5434 5827 D TrafficStats: tagSocket(291) with statsTag=0x4e864ee, statsUid=-1
10-12 14:09:56.915 5434 5870 D TrafficStats: tagSocket(290) with statsTag=0x4e864ee, statsUid=-1
10-12 14:09:56.915 5434 5879 D TrafficStats: tagSocket(257) with statsTag=0x4e864ee, statsUid=-1
10-12 14:09:56.918 5434 5826 D TrafficStats: tagSocket(298) with statsTag=0x4e864ee, statsUid=-1
10-12 14:09:56.920 5434 5822 D TrafficStats: tagSocket(302) with statsTag=0x4e864ee, statsUid=-1
10-12 14:09:56.922 5434 5823 D TrafficStats: tagSocket(305) with statsTag=0x4e864ee, statsUid=-1
10-12 14:09:56.928 5434 5870 D TrafficStats: tagSocket(286) with statsTag=0x4e864ee, statsUid=-1
10-12 14:09:56.929 5434 5844 W libc : Access denied finding property "vendor.migl.debug"
10-12 14:09:56.931 5434 5826 D TrafficStats: tagSocket(298) with statsTag=0x4e864ee, statsUid=-1
10-12 14:09:56.933 5434 5844 E libMiGL : libmigl:This GPU version is note support Variable Shading Rate
10-12 14:09:56.933 5434 5879 D TrafficStats: tagSocket(306) with statsTag=0x4e864ee, statsUid=-1
10-12 14:09:56.935 5434 5822 D TrafficStats: tagSocket(302) with statsTag=0x4e864ee, statsUid=-1
10-12 14:09:56.938 5434 5434 D SessionLifecycleClient: Connected to SessionLifecycleService. Queue size 0
10-12 14:09:56.940 5434 5827 D TrafficStats: tagSocket(307) with statsTag=0x4e864ee, statsUid=-1
10-12 14:09:56.941 5434 5823 D TrafficStats: tagSocket(291) with statsTag=0x4e864ee, statsUid=-1
10-12 14:09:56.949 5434 5879 D TrafficStats: tagSocket(266) with statsTag=0x4e864ee, statsUid=-1
10-12 14:09:56.950 5434 5870 D TrafficStats: tagSocket(286) with statsTag=0x4e864ee, statsUid=-1
10-12 14:09:56.960 5434 5434 D FramePredict: FramePredict init: true
10-12 14:09:56.972 5434 5827 D TrafficStats: tagSocket(268) with statsTag=0x4e864ee, statsUid=-1
10-12 14:09:56.975 5434 5870 D TrafficStats: tagSocket(286) with statsTag=0x4e864ee, statsUid=-1
10-12 14:09:56.976 5434 5822 D TrafficStats: tagSocket(301) with statsTag=0x4e864ee, statsUid=-1
10-12 14:09:56.980 5434 5826 D TrafficStats: tagSocket(290) with statsTag=0x4e864ee, statsUid=-1
10-12 14:09:56.982 5434 5879 D TrafficStats: tagSocket(266) with statsTag=0x4e864ee, statsUid=-1
10-12 14:09:56.987 5434 5823 D TrafficStats: tagSocket(286) with statsTag=0x4e864ee, statsUid=-1
10-12 14:09:56.987 5434 5434 W Looper : PerfMonitor doFrame : time=28ms vsyncFrame=0 latency=403ms procState=-1 historyMsgCount=15 (msgIndex=1 wall=201ms seq=40 late=191ms h=com.google.android.gms.ads.internal.util.f c=com.google.android.gms.ads.internal.webview.af)
10-12 14:09:56.990 5434 5870 D TrafficStats: tagSocket(304) with statsTag=0x4e864ee, statsUid=-1
10-12 14:09:56.998 5434 5879 D TrafficStats: tagSocket(290) with statsTag=0x4e864ee, statsUid=-1
10-12 14:09:56.998 5434 5870 D TrafficStats: tagSocket(267) with statsTag=0x4e864ee, statsUid=-1
10-12 14:09:56.998 5434 5827 D TrafficStats: tagSocket(298) with statsTag=0x4e864ee, statsUid=-1
10-12 14:09:56.999 5434 5823 D TrafficStats: tagSocket(268) with statsTag=0x4e864ee, statsUid=-1
10-12 14:09:57.000 5434 5822 D TrafficStats: tagSocket(301) with statsTag=0x4e864ee, statsUid=-1
10-12 14:09:57.004 5434 5870 D TrafficStats: tagSocket(267) with statsTag=0x4e864ee, statsUid=-1
10-12 14:09:57.007 5434 5879 D TrafficStats: tagSocket(290) with statsTag=0x4e864ee, statsUid=-1
10-12 14:09:57.011 5434 5870 D TrafficStats: tagSocket(286) with statsTag=0x4e864ee, statsUid=-1
10-12 14:09:57.036 5434 5620 I TRuntime.CctTransportBackend: Making request to: https://firebaselogging-pa.googleapis.com/v1/firelog/legacy/batchlog
10-12 14:09:57.071 5434 5620 D TrafficStats: tagSocket(267) with statsTag=0xffffffff, statsUid=-1
10-12 14:09:57.088 5434 5844 W chromium: [WARNING:viz_main_impl.cc(85)] VizNullHypothesis is disabled (not a warning)
10-12 14:09:57.193 5434 5769 D CompatibilityChangeReporter: Compat change id reported: 263076149; UID 10341; state: ENABLED
10-12 14:09:57.266 5434 5792 W AudioCapabilities: Unsupported mime audio/x-adpcm- dvi-ima
10-12 14:09:57.267 5434 5792 W AudioCapabilities: Unsupported mime audio/x-adpcm- dvi-ima
10-12 14:09:57.267 5434 5792 W AudioCapabilities: Unsupported mime audio/x-adpcm- ms
10-12 14:09:57.267 5434 5792 W AudioCapabilities: Unsupported mime audio/x-adpcm- ms
10-12 14:09:57.268 5434 5792 W AudioCapabilities: Unsupported mime audio/alac
10-12 14:09:57.271 5434 5792 W AudioCapabilities: Unsupported mime audio/alac
10-12 14:09:57.271 5434 5792 W AudioCapabilities: Unsupported mime audio/ape
10-12 14:09:57.271 5434 5792 W AudioCapabilities: Unsupported mime audio/ape
10-12 14:09:57.295 5434 5792 W VideoCapabilities: Unrecognized profile/level 32768/256 for video/mp4v-es
10-12 14:09:57.295 5434 5792 W VideoCapabilities: Unrecognized profile/level 32768/256 for video/mp4v-es
10-12 14:09:59.395 5434 6081 I MATDBManager: 服务端下发配置缓存成功! 插入行 id:12
10-12 14:10:00.347 5434 5620 I TRuntime.CctTransportBackend: Status Code: 200
10-12 14:10:00.478 5434 5446 W app.secretspace: ApkAssets: Deleting an ApkAssets object '<empty> and /data/app/~~v0ooMCrVgUnlMLinBk9BWQ==/com.google.android.webview-AnhnMwaXU94m-gPyM- 6lcw==/base.apk' with 1 weak references
10-12 14:10:00.478 5434 5446 W app.secretspace: ApkAssets: Deleting an ApkAssets object '<empty> and /data/app/~~v0ooMCrVgUnlMLinBk9BWQ==/com.google.android.webview-AnhnMwaXU94m-gPyM- 6lcw==/split_config.bn.apk' with 1 weak references
10-12 14:10:00.479 5434 5446 W app.secretspace: ApkAssets: Deleting an ApkAssets object '<empty> and /data/app/~~v0ooMCrVgUnlMLinBk9BWQ==/com.google.android.webview-AnhnMwaXU94m-gPyM- 6lcw==/split_config.en.apk' with 1 weak references
10-12 14:10:00.479 5434 5446 W app.secretspace: ApkAssets: Deleting an ApkAssets object '<empty> and /data/app/~~v0ooMCrVgUnlMLinBk9BWQ==/com.google.android.webview-AnhnMwaXU94m-gPyM- 6lcw==/split_config.gu.apk' with 1 weak references
10-12 14:10:00.479 5434 5446 W app.secretspace: ApkAssets: Deleting an ApkAssets object '<empty> and /data/app/~~v0ooMCrVgUnlMLinBk9BWQ==/com.google.android.webview-AnhnMwaXU94m-gPyM- 6lcw==/split_config.hi.apk' with 1 weak references
10-12 14:10:00.479 5434 5446 W app.secretspace: ApkAssets: Deleting an ApkAssets object '<empty> and /data/app/~~v0ooMCrVgUnlMLinBk9BWQ==/com.google.android.webview-AnhnMwaXU94m-gPyM- 6lcw==/split_config.kn.apk' with 1 weak references
10-12 14:10:00.479 5434 5446 W app.secretspace: ApkAssets: Deleting an ApkAssets object '<empty> and /data/app/~~v0ooMCrVgUnlMLinBk9BWQ==/com.google.android.webview-AnhnMwaXU94m-gPyM- 6lcw==/split_config.mr.apk' with 1 weak references
10-12 14:10:00.479 5434 5446 W app.secretspace: ApkAssets: Deleting an ApkAssets object '<empty> and /data/app/~~v0ooMCrVgUnlMLinBk9BWQ==/com.google.andro