11-11 11:52:50.464 D/LibBpfLoader( 686): bpf_create_map name tether_stats_map,
ret: 8
11-11 11:52:50.464 D/LibBpfLoader( 686): bpf_create_map name tether_limit_map,
ret: 9
11-11 11:52:50.464 D/LibBpfLoader( 686): map_fd found at 0 is 7 in
/system/etc/bpf/offload.o
11-11 11:52:50.464 D/LibBpfLoader( 686): map_fd found at 1 is 8 in
/system/etc/bpf/offload.o
11-11 11:52:50.464 D/LibBpfLoader( 686): map_fd found at 2 is 9 in
/system/etc/bpf/offload.o
11-11 11:52:50.464 D/scs ( 683): office.conf end
11-11 11:52:50.464 D/scs ( 683): setProperty: /product/omc/PHE/etc/lazada.conf
11-11 11:52:50.464 D/scs ( 683): there is no conf or parsing fail
11-11 11:52:50.464 D/LibBpfLoader( 686): applying relo to instruction at byte
offset: 304, insn offset 38 , insn 118
11-11 11:52:50.464 D/scs ( 683): setProperty:
/product/omc/PHE/etc/booking.conf
11-11 11:52:50.464 D/LibBpfLoader( 686): applying relo to instruction at byte
offset: 384, insn offset 48 , insn 118
11-11 11:52:50.464 D/LibBpfLoader( 686): applying relo to instruction at byte
offset: 448, insn offset 56 , insn 118
11-11 11:52:50.464 D/LibBpfLoader( 686): applying relo to instruction at byte
offset: 264, insn offset 33 , insn 118
11-11 11:52:50.464 D/LibBpfLoader( 686): applying relo to instruction at byte
offset: 344, insn offset 43 , insn 118
11-11 11:52:50.464 D/LibBpfLoader( 686): applying relo to instruction at byte
offset: 408, insn offset 51 , insn 118
11-11 11:52:50.464 D/LibBpfLoader( 686): applying relo to instruction at byte
offset: 264, insn offset 33 , insn 118
11-11 11:52:50.464 D/LibBpfLoader( 686): applying relo to instruction at byte
offset: 344, insn offset 43 , insn 118
11-11 11:52:50.464 D/LibBpfLoader( 686): applying relo to instruction at byte
offset: 408, insn offset 51 , insn 118
11-11 11:52:50.465 D/LibBpfLoader( 686): bpf_prog_load lib call for
/system/etc/bpf/offload.o (schedcls_ingress_tether_ether) returned fd: 10 (no
error)
11-11 11:52:50.465 D/scs ( 683): deviceTrackerId 1900593
11-11 11:52:50.465 D/scs ( 683): deviceChannelId NONE
11-11 11:52:50.465 D/LibBpfLoader( 686):
cs[1].name:schedcls_ingress_tether_rawip$5_4 min_kver:50400 .max_kver:ffffffff
(kvers:40ebe)
11-11 11:52:50.465 D/LibBpfLoader( 686):
cs[2].name:schedcls_ingress_tether_rawip$4_14 min_kver:40e00 .max_kver:50400
(kvers:40ebe)
11-11 11:52:50.465 D/LibBpfLoader( 686): bpf_prog_load lib call for
/system/etc/bpf/offload.o (schedcls_ingress_tether_rawip$4_14) returned fd: 11 (no
error)
11-11 11:52:50.465 D/LibBpfLoader( 686):
cs[3].name:schedcls_ingress_tether_rawip$stub min_kver:0 .max_kver:50400
(kvers:40ebe)
11-11 11:52:50.465 D/LibBpfLoader( 686): New bpf prog load reusing prog
/sys/fs/bpf/prog_offload_schedcls_ingress_tether_rawip, ret: 12 (no error)
11-11 11:52:50.465 I/bpfloader( 686): Loaded object: /system/etc/bpf/offload.o
11-11 11:52:50.465 D/scs ( 683): setProperty: /product/omc/PHE/etc/1mg.conf
11-11 11:52:50.465 D/scs ( 683): there is no conf or parsing fail
11-11 11:52:50.465 D/scs ( 683): setProperty: /product/omc/PHE/etc/zalo.conf
11-11 11:52:50.466 D/scs ( 683): there is no conf or parsing fail
11-11 11:52:50.466 D/scs ( 683): setProperty: /product/omc/PHE/etc/zmp3.conf
11-11 11:52:50.466 D/scs ( 683): there is no conf or parsing fail
11-11 11:52:50.466 D/scs ( 683): setProperty: /product/omc/PHE/etc/bm.conf
11-11 11:52:50.466 D/scs ( 683): there is no conf or parsing fail
11-11 11:52:50.466 D/scs ( 683): setProperty: /product/omc/PHE/etc/vng-
test.conf
11-11 11:52:50.466 D/scs ( 683): there is no conf or parsing fail
11-11 11:52:50.466 D/scs ( 683): setProperty: /product/omc/PHE/etc/TikTok.conf
11-11 11:52:50.467 D/scs ( 683): deviceTrackerId NONE
11-11 11:52:50.467 D/scs ( 683): deviceChannelId NONE
11-11 11:52:50.467 D/scs ( 683): setProperty: /product/omc/PHE/etc/TikTok.conf
11-11 11:52:50.467 D/scs ( 683): deviceTrackerIdeu tt_eu_samsung2020_yz1
11-11 11:52:50.467 D/scs ( 683): deviceChannelIdeu tt_eu_samsung2020_yz1
11-11 11:52:50.468 D/scs ( 683): setProperty:
/product/omc/PHE/etc/kaspersky.com.conf
11-11 11:52:50.468 D/scs ( 683): there is no conf or parsing fail
11-11 11:52:50.468 D/scs ( 683): setProperty: /product/omc/PHE/etc/ivi.conf
11-11 11:52:50.468 D/scs ( 683): there is no conf or parsing fail
11-11 11:52:50.468 D/scs ( 683): setProperty:
/product/omc/PHE/etc/twitter.conf
11-11 11:52:50.468 D/scs ( 683): there is no conf or parsing fail
11-11 11:52:50.468 D/scs ( 683): setProperty:
/product/omc/PHE/etc/foodpanda.conf
11-11 11:52:50.468 D/scs ( 683): there is no conf or parsing fail
11-11 11:52:50.468 D/scs ( 683): setScsRunningState : 4
11-11 11:52:50.470 I/engmode_tlc( 675): TA reply response, pass waiting
11-11 11:52:50.470 I/engmode_tlc( 675): Done waiting thread(isTimeOut:FALSE)
11-11 11:52:50.470 I/engmode_tlc( 675): em tlc send result 0x00000000
11-11 11:52:50.470 I/engmode_tlc( 675): kill thread (514047388864)
11-11 11:52:50.470 I/engmode_tlc( 675): Got signal 10, tid: 514047388864
11-11 11:52:50.470 I/engmode_tlc( 675): tlc thr cleanup
11-11 11:52:50.470 E/engmode_world( 675): Failed to init core(0xf02d0010)
11-11 11:52:50.472 I/engmode_steady( 675): read from steady(11264)
11-11 11:52:50.472 I/engmode_tlc( 675): EM version = 30.3.07
11-11 11:52:50.472 I/engmode_tlc( 675): EM C/C : 00000019/00000001
11-11 11:52:50.473 I/engmode_tlc( 675): TA Thread is running(514047388864/0)
11-11 11:52:50.473 I/engmode_tlc( 675): em_tlc_send_qsee : Try load app
11-11 11:52:50.473 D/QSEECOMAPI( 675): QSEECom_get_handle sb_length = 0x425c0
11-11 11:52:50.476 I/servicemanager( 554): Adding 'u:r:statsd:s0' service
(stats:687)
11-11 11:52:50.476 I/ServiceManager( 687): Waiting for service 'statscompanion' on
'/dev/binder'...
11-11 11:52:50.499 D/QSEECOMAPI( 675): App is not loaded in QSEE
11-11 11:52:50.499 D/QSEECOMAPI( 675): app_arch = 1, total_files = 9
11-11 11:52:50.514 I/netdClient( 688): Skipping libnetd_client init since *we* are
netd
11-11 11:52:50.523 I/engmode_tlc( 675): Wait for ta response(50/3000)
11-11 11:52:50.525 I/netd ( 688): netd 1.0 starting
11-11 11:52:50.534 D/TetherController( 688): Setting IP forward enable = 0
11-11 11:52:50.535 D/FirewallController( 688): Could not read /proc/self/uid_map,
max uid defaulting to 4294967294
11-11 11:52:50.539 D/IptablesRestoreController( 688): [iptables debug]iptables-
restore execute *filter
11-11 11:52:50.539 D/IptablesRestoreController( 688): :INPUT -
11-11 11:52:50.539 D/IptablesRestoreController( 688): -F INPUT
11-11 11:52:50.539 D/IptablesRestoreController( 688): :bw_INPUT -
11-11 11:52:50.539 D/IptablesRestoreController( 688): -A INPUT -j bw_INPUT
11-11 11:52:50.539 D/IptablesRestoreController( 688): :fw_INPUT -
11-11 11:52:50.539 D/IptablesRestoreController( 688): -A INPUT -j fw_INPUT
11-11 11:52:50.539 D/IptablesRestoreController( 688): COMMIT
11-11 11:52:50.573 I/engmode_tlc( 675): Wait for ta response(100/3000)
11-11 11:52:50.577 I/ServiceManager( 687): Waiting for service 'statscompanion' on
'/dev/binder'...
11-11 11:52:50.578 D/IptablesRestoreController( 688): [iptables debug]iptables-
restore execute done, res : 0
11-11 11:52:50.578 D/IptablesRestoreController( 688): [iptables debug]iptables-
restore execute *filter
11-11 11:52:50.578 D/IptablesRestoreController( 688): :FORWARD -
11-11 11:52:50.578 D/IptablesRestoreController( 688): -F FORWARD
11-11 11:52:50.578 D/IptablesRestoreController( 688): :oem_fwd -
11-11 11:52:50.578 D/IptablesRestoreController( 688): -A FORWARD -j oem_fwd
11-11 11:52:50.578 D/IptablesRestoreController( 688): :fw_FORWARD -
11-11 11:52:50.578 D/IptablesRestoreController( 688): -A FORWARD -j fw_FORWARD
11-11 11:52:50.578 D/IptablesRestoreController( 688): :bw_FORWARD -
11-11 11:52:50.578 D/IptablesRestoreController( 688): -A FORWARD -j bw_FORWARD
11-11 11:52:50.578 D/IptablesRestoreController( 688): :tetherctrl_FORWARD -
11-11 11:52:50.578 D/IptablesRestoreController( 688): -A FORWARD -j
tetherctrl_FORWARD
11-11 11:52:50.578 D/IptablesRestoreController( 688): COMMIT
11-11 11:52:50.579 D/IptablesRestoreController( 688): [iptables debug]iptables-
restore execute done, res : 0
11-11 11:52:50.579 D/IptablesRestoreController( 688): [iptables debug]iptables-
restore execute *raw
11-11 11:52:50.579 D/IptablesRestoreController( 688): :PREROUTING -
11-11 11:52:50.579 D/IptablesRestoreController( 688): -F PREROUTING
11-11 11:52:50.579 D/IptablesRestoreController( 688): :clat_raw_PREROUTING -
11-11 11:52:50.579 D/IptablesRestoreController( 688): -A PREROUTING -j
clat_raw_PREROUTING
11-11 11:52:50.579 D/IptablesRestoreController( 688): :bw_raw_PREROUTING -
11-11 11:52:50.579 D/IptablesRestoreController( 688): -A PREROUTING -j
bw_raw_PREROUTING
11-11 11:52:50.579 D/IptablesRestoreController( 688): :idletimer_raw_PREROUTING -
11-11 11:52:50.579 D/IptablesRestoreController( 688): -A PREROUTING -j
idletimer_raw_PREROUTING
11-11 11:52:50.579 D/IptablesRestoreController( 688): :tetherctrl_raw_PREROUTING -
11-11 11:52:50.579 D/IptablesRestoreController( 688): -A PREROUTING -j
tetherctrl_raw_PREROUTING
11-11 11:52:50.579 D/IptablesRestoreController( 688): COMMIT
11-11 11:52:50.580 D/IptablesRestoreController( 688): [iptables debug]iptables-
restore execute done, res : 0
11-11 11:52:50.580 D/IptablesRestoreController( 688): [iptables debug]iptables-
restore execute *mangle
11-11 11:52:50.580 D/IptablesRestoreController( 688): :FORWARD -
11-11 11:52:50.580 D/IptablesRestoreController( 688): -F FORWARD
11-11 11:52:50.580 D/IptablesRestoreController( 688): :tetherctrl_mangle_FORWARD -
11-11 11:52:50.580 D/IptablesRestoreController( 688): -A FORWARD -j
tetherctrl_mangle_FORWARD
11-11 11:52:50.580 D/IptablesRestoreController( 688): COMMIT
11-11 11:52:50.580 D/IptablesRestoreController( 688): [iptables debug]iptables-
restore execute done, res : 0
11-11 11:52:50.580 D/IptablesRestoreController( 688): [iptables debug]iptables-
restore execute *mangle
11-11 11:52:50.580 D/IptablesRestoreController( 688): :INPUT -
11-11 11:52:50.580 D/IptablesRestoreController( 688): -F INPUT
11-11 11:52:50.580 D/IptablesRestoreController( 688): :wakeupctrl_mangle_INPUT -
11-11 11:52:50.580 D/IptablesRestoreController( 688): -A INPUT -j
wakeupctrl_mangle_INPUT
11-11 11:52:50.580 D/IptablesRestoreController( 688): :routectrl_mangle_INPUT -
11-11 11:52:50.580 D/IptablesRestoreController( 688): -A INPUT -j
routectrl_mangle_INPUT
11-11 11:52:50.580 D/IptablesRestoreController( 688): COMMIT
11-11 11:52:50.581 D/IptablesRestoreController( 688): [iptables debug]iptables-
restore execute done, res : 0
11-11 11:52:50.581 D/IptablesRestoreController( 688): [iptables debug]iptables-
restore execute *nat
11-11 11:52:50.581 D/IptablesRestoreController( 688): :PREROUTING -
11-11 11:52:50.581 D/IptablesRestoreController( 688): -F PREROUTING
11-11 11:52:50.581 D/IptablesRestoreController( 688): :oem_nat_pre -
11-11 11:52:50.581 D/IptablesRestoreController( 688): -A PREROUTING -j oem_nat_pre
11-11 11:52:50.581 D/IptablesRestoreController( 688): :tetherctrl_nat_PREROUTING -
11-11 11:52:50.581 D/IptablesRestoreController( 688): -A PREROUTING -j
tetherctrl_nat_PREROUTING
11-11 11:52:50.581 D/IptablesRestoreController( 688): COMMIT
11-11 11:52:50.581 D/IptablesRestoreController( 688): [iptables debug]iptables-
restore execute done, res : 0
11-11 11:52:50.581 D/IptablesRestoreController( 688): [iptables debug]iptables-
restore execute *nat
11-11 11:52:50.581 D/IptablesRestoreController( 688): :POSTROUTING -
11-11 11:52:50.581 D/IptablesRestoreController( 688): -F POSTROUTING
11-11 11:52:50.581 D/IptablesRestoreController( 688): :tetherctrl_nat_POSTROUTING
-
11-11 11:52:50.581 D/IptablesRestoreController( 688): -A POSTROUTING -j
tetherctrl_nat_POSTROUTING
11-11 11:52:50.581 D/IptablesRestoreController( 688): COMMIT
11-11 11:52:50.581 D/IptablesRestoreController( 688): [iptables debug]iptables-
restore execute done, res : 0
11-11 11:52:50.581 D/IptablesRestoreController( 688): [iptables debug]iptables-
restore execute *filter
11-11 11:52:50.581 D/IptablesRestoreController( 688): -S OUTPUT
11-11 11:52:50.581 D/IptablesRestoreController( 688): COMMIT
11-11 11:52:50.582 D/IptablesRestoreController( 688): [iptables debug]iptables-
restore execute done, res : 0
11-11 11:52:50.582 D/IptablesRestoreController( 688): [iptables debug]iptables-
restore execute *filter
11-11 11:52:50.582 D/IptablesRestoreController( 688): :oem_out -
11-11 11:52:50.582 D/IptablesRestoreController( 688): -A OUTPUT -j oem_out
11-11 11:52:50.582 D/IptablesRestoreController( 688): :fw_OUTPUT -
11-11 11:52:50.582 D/IptablesRestoreController( 688): -A OUTPUT -j fw_OUTPUT
11-11 11:52:50.582 D/IptablesRestoreController( 688): :st_OUTPUT -
11-11 11:52:50.582 D/IptablesRestoreController( 688): -A OUTPUT -j st_OUTPUT
11-11 11:52:50.582 D/IptablesRestoreController( 688): :bw_OUTPUT -
11-11 11:52:50.582 D/IptablesRestoreController( 688): -A OUTPUT -j bw_OUTPUT
11-11 11:52:50.582 D/IptablesRestoreController( 688): COMMIT
11-11 11:52:50.582 D/IptablesRestoreController( 688): [iptables debug]iptables-
restore execute done, res : 0
11-11 11:52:50.582 D/IptablesRestoreController( 688): [iptables debug]iptables-
restore execute *filter
11-11 11:52:50.582 D/IptablesRestoreController( 688): -S OUTPUT
11-11 11:52:50.582 D/IptablesRestoreController( 688): COMMIT
11-11 11:52:50.582 D/IptablesRestoreController( 688): [iptables debug]iptables-
restore execute done, res : 0
11-11 11:52:50.582 D/IptablesRestoreController( 688): [iptables debug]iptables-
restore execute *filter
11-11 11:52:50.582 D/IptablesRestoreController( 688): :oem_out -
11-11 11:52:50.582 D/IptablesRestoreController( 688): -A OUTPUT -j oem_out
11-11 11:52:50.582 D/IptablesRestoreController( 688): :fw_OUTPUT -
11-11 11:52:50.582 D/IptablesRestoreController( 688): -A OUTPUT -j fw_OUTPUT
11-11 11:52:50.582 D/IptablesRestoreController( 688): :st_OUTPUT -
11-11 11:52:50.582 D/IptablesRestoreController( 688): -A OUTPUT -j st_OUTPUT
11-11 11:52:50.582 D/IptablesRestoreController( 688): :bw_OUTPUT -
11-11 11:52:50.582 D/IptablesRestoreController( 688): -A OUTPUT -j bw_OUTPUT
11-11 11:52:50.582 D/IptablesRestoreController( 688): COMMIT
11-11 11:52:50.583 D/IptablesRestoreController( 688): [iptables debug]iptables-
restore execute done, res : 0
11-11 11:52:50.583 D/IptablesRestoreController( 688): [iptables debug]iptables-
restore execute *mangle
11-11 11:52:50.583 D/IptablesRestoreController( 688): -S POSTROUTING
11-11 11:52:50.583 D/IptablesRestoreController( 688): COMMIT
11-11 11:52:50.583 D/IptablesRestoreController( 688): [iptables debug]iptables-
restore execute done, res : 0
11-11 11:52:50.583 D/IptablesRestoreController( 688): [iptables debug]iptables-
restore execute *mangle
11-11 11:52:50.583 D/IptablesRestoreController( 688): :oem_mangle_post -
11-11 11:52:50.583 D/IptablesRestoreController( 688): -A POSTROUTING -j
oem_mangle_post
11-11 11:52:50.583 D/IptablesRestoreController( 688): :bw_mangle_POSTROUTING -
11-11 11:52:50.583 D/IptablesRestoreController( 688): -A POSTROUTING -j
bw_mangle_POSTROUTING
11-11 11:52:50.583
D/IptablesRestoreController( 688): :idletimer_mangle_POSTROUTING -
11-11 11:52:50.583 D/IptablesRestoreController( 688): -A POSTROUTING -j
idletimer_mangle_POSTROUTING
11-11 11:52:50.583 D/IptablesRestoreController( 688): COMMIT
11-11 11:52:50.583 D/IptablesRestoreController( 688): [iptables debug]iptables-
restore execute done, res : 0
11-11 11:52:50.583 D/IptablesRestoreController( 688): [iptables debug]iptables-
restore execute *mangle
11-11 11:52:50.583 D/IptablesRestoreController( 688): -S POSTROUTING
11-11 11:52:50.583 D/IptablesRestoreController( 688): COMMIT
11-11 11:52:50.584 D/IptablesRestoreController( 688): [iptables debug]iptables-
restore execute done, res : 0
11-11 11:52:50.584 D/IptablesRestoreController( 688): [iptables debug]iptables-
restore execute *mangle
11-11 11:52:50.584 D/IptablesRestoreController( 688): :oem_mangle_post -
11-11 11:52:50.584 D/IptablesRestoreController( 688): -A POSTROUTING -j
oem_mangle_post
11-11 11:52:50.584 D/IptablesRestoreController( 688): :bw_mangle_POSTROUTING -
11-11 11:52:50.584 D/IptablesRestoreController( 688): -A POSTROUTING -j
bw_mangle_POSTROUTING
11-11 11:52:50.584
D/IptablesRestoreController( 688): :idletimer_mangle_POSTROUTING -
11-11 11:52:50.584 D/IptablesRestoreController( 688): -A POSTROUTING -j
idletimer_mangle_POSTROUTING
11-11 11:52:50.584 D/IptablesRestoreController( 688): COMMIT
11-11 11:52:50.584 D/IptablesRestoreController( 688): [iptables debug]iptables-
restore execute done, res : 0
11-11 11:52:50.584 I/netd ( 688): Creating child chains: 44885us
11-11 11:52:50.584 I/netd ( 688): Setting up OEM hooks: 101us
11-11 11:52:50.584 D/IptablesRestoreController( 688): [iptables debug]iptables-
restore execute *filter
11-11 11:52:50.584 D/IptablesRestoreController( 688): :input_dos -
11-11 11:52:50.584 D/IptablesRestoreController( 688): -A INPUT -j input_dos
11-11 11:52:50.584 D/IptablesRestoreController( 688): COMMIT
11-11 11:52:50.585 D/IptablesRestoreController( 688): [iptables debug]iptables-
restore execute done, res : 0
11-11 11:52:50.585 D/IptablesRestoreController( 688): [iptables debug]iptables-
restore execute *filter
11-11 11:52:50.585 D/IptablesRestoreController( 688): :input_dos -
11-11 11:52:50.585 D/IptablesRestoreController( 688): -A input_dos -p tcp -m
conntrack --ctstate NEW -m limit --limit 50/sec --limit-burst 50 -j ACCEPT
11-11 11:52:50.585 D/IptablesRestoreController( 688): -A input_dos -p tcp -m
conntrack --ctstate NEW -j DROP
11-11 11:52:50.585 D/IptablesRestoreController( 688): COMMIT
11-11 11:52:50.592 D/IptablesRestoreController( 688): [iptables debug]iptables-
restore execute done, res : 0
11-11 11:52:50.593 I/netd ( 688): Setting up FirewallController hooks: 8472us
11-11 11:52:50.593 D/IptablesRestoreController( 688): [iptables debug]iptables-
restore execute *filter
11-11 11:52:50.593 D/IptablesRestoreController( 688): :tetherctrl_FORWARD -
11-11 11:52:50.593 D/IptablesRestoreController( 688): -A tetherctrl_FORWARD -j
DROP
11-11 11:52:50.593 D/IptablesRestoreController( 688): COMMIT
11-11 11:52:50.593 D/IptablesRestoreController( 688): *nat
11-11 11:52:50.593 D/IptablesRestoreController( 688): :tetherctrl_nat_POSTROUTING
-
11-11 11:52:50.593 D/IptablesRestoreController( 688): :tetherctrl_nat_PREROUTING -
11-11 11:52:50.593 D/IptablesRestoreController( 688): COMMIT
11-11 11:52:50.594 D/IptablesRestoreController( 688): [iptables debug]iptables-
restore execute done, res : 0
11-11 11:52:50.594 D/IptablesRestoreController( 688): [iptables debug]iptables-
restore execute *filter
11-11 11:52:50.594 D/IptablesRestoreController( 688): :tetherctrl_FORWARD -
11-11 11:52:50.594 D/IptablesRestoreController( 688): COMMIT
11-11 11:52:50.594 D/IptablesRestoreController( 688): *raw
11-11 11:52:50.594 D/IptablesRestoreController( 688): :tetherctrl_raw_PREROUTING -
11-11 11:52:50.594 D/IptablesRestoreController( 688): COMMIT
11-11 11:52:50.595 D/IptablesRestoreController( 688): [iptables debug]iptables-
restore execute done, res : 0
11-11 11:52:50.595 D/IptablesRestoreController( 688): [iptables debug]iptables-
restore execute *mangle
11-11 11:52:50.595 D/IptablesRestoreController( 688): -A tetherctrl_mangle_FORWARD
-p tcp --tcp-flags SYN SYN -j TCPMSS --clamp-mss-to-pmtu
11-11 11:52:50.595 D/IptablesRestoreController( 688): COMMIT
11-11 11:52:50.596 D/IptablesRestoreController( 688): [iptables debug]iptables-
restore execute done, res : 0
11-11 11:52:50.596 D/IptablesRestoreController( 688): [iptables debug]iptables-
restore execute *filter
11-11 11:52:50.596 D/IptablesRestoreController( 688): :tetherctrl_counters -
11-11 11:52:50.596 D/IptablesRestoreController( 688): COMMIT
11-11 11:52:50.597 D/IptablesRestoreController( 688): [iptables debug]iptables-
restore execute done, res : 0
11-11 11:52:50.597 I/netd ( 688): Setting up TetherController hooks: 4792us
11-11 11:52:50.597 D/IptablesRestoreController( 688): [iptables debug]iptables-
restore execute *filter
11-11 11:52:50.597 D/IptablesRestoreController( 688): -S
11-11 11:52:50.597 D/IptablesRestoreController( 688): COMMIT
11-11 11:52:50.598 D/IptablesRestoreController( 688): [iptables debug]iptables-
restore execute done, res : 0
11-11 11:52:50.598 D/IptablesRestoreController( 688): [iptables debug]iptables-
restore execute *filter
11-11 11:52:50.598 D/IptablesRestoreController( 688): :bw_INPUT -
11-11 11:52:50.598 D/IptablesRestoreController( 688): :bw_OUTPUT -
11-11 11:52:50.598 D/IptablesRestoreController( 688): :bw_FORWARD -
11-11 11:52:50.598 D/IptablesRestoreController( 688): :bw_happy_box -
11-11 11:52:50.598 D/IptablesRestoreController( 688): :bw_penalty_box -
11-11 11:52:50.598 D/IptablesRestoreController( 688): :bw_data_saver -
11-11 11:52:50.598 D/IptablesRestoreController( 688): :bw_costly_shared -
11-11 11:52:50.598 D/IptablesRestoreController( 688): :bw_global_alert -
11-11 11:52:50.598 D/IptablesRestoreController( 688): :bw_foc_box -
11-11 11:52:50.598 D/IptablesRestoreController( 688): COMMIT
11-11 11:52:50.598 D/IptablesRestoreController( 688): *raw
11-11 11:52:50.598 D/IptablesRestoreController( 688): :bw_raw_PREROUTING -
11-11 11:52:50.598 D/IptablesRestoreController( 688): COMMIT
11-11 11:52:50.598 D/IptablesRestoreController( 688): *mangle
11-11 11:52:50.598 D/IptablesRestoreController( 688): :bw_mangle_POSTROUTING -
11-11 11:52:50.598 D/IptablesRestoreController( 688): COMMIT
11-11 11:52:50.602 D/IptablesRestoreController( 688): [iptables debug]iptables-
restore execute done, res : 0
11-11 11:52:50.602 I/netd ( 688): Setting up BandwidthController hooks: 4337us
11-11 11:52:50.602 I/netd ( 688): Setting up IdletimerController hooks: 114us
11-11 11:52:50.602 D/IptablesRestoreController( 688): [iptables debug]iptables-
restore execute *filter
11-11 11:52:50.602 D/IptablesRestoreController( 688): :st_OUTPUT -
11-11 11:52:50.602 D/IptablesRestoreController( 688): :st_penalty_log -
11-11 11:52:50.602 D/IptablesRestoreController( 688): :st_penalty_reject -
11-11 11:52:50.602 D/IptablesRestoreController( 688): :st_clear_caught -
11-11 11:52:50.602 D/IptablesRestoreController( 688): :st_clear_detect -
11-11 11:52:50.602 D/IptablesRestoreController( 688): COMMIT
11-11 11:52:50.604 D/IptablesRestoreController( 688): [iptables debug]iptables-
restore execute done, res : 0
11-11 11:52:50.605 D/IptablesRestoreController( 688): [iptables debug]iptables-
restore execute *filter
11-11 11:52:50.605 D/IptablesRestoreController( 688): -A st_penalty_log -j
CONNMARK --or-mark 0x1000000
11-11 11:52:50.605 D/IptablesRestoreController( 688): -A st_penalty_log -j NFLOG
--nflog-group 0
11-11 11:52:50.605 D/IptablesRestoreController( 688): -A st_penalty_reject -j
CONNMARK --or-mark 0x2000000
11-11 11:52:50.605 D/IptablesRestoreController( 688): -A st_penalty_reject -j
NFLOG --nflog-group 0
11-11 11:52:50.605 D/IptablesRestoreController( 688): -A st_penalty_reject -j
REJECT
11-11 11:52:50.605 D/IptablesRestoreController( 688): -A st_clear_detect -m
connmark --mark 0x2000000/0x2000000 -j REJECT
11-11 11:52:50.605 D/IptablesRestoreController( 688): -A st_clear_detect -m
connmark --mark 0x1000000/0x1000000 -j RETURN
11-11 11:52:50.605 D/IptablesRestoreController( 688): -A st_clear_detect -p tcp -m
u32 --u32 "0>>22&0x3C@ 12>>26&0x3C@ 0&0xFFFF0000=0x16030000 &&0>>22&0x3C@
12>>26&0x3C@ 4&0x00FF0000=0x00010000" -j CONNMARK --or-mark 0x1000000
11-11 11:52:50.605 D/IptablesRestoreController( 688): -A st_clear_detect -p udp -m
u32 --u32 "0>>22&0x3C@ 8&0xFFFF0000=0x16FE0000 &&0>>22&0x3C@
20&0x00FF0000=0x00010000" -j CONNMARK --or-mark 0x1000000
11-11 11:52:50.605 D/IptablesRestoreController( 688): -A st_clear_detect -m
connmark --mark 0x1000000/0x1000000 -j RETURN
11-11 11:52:50.605 D/IptablesRestoreController( 688): -A st_clear_detect -p tcp -m
state --state ESTABLISHED -m u32 --u32 "0>>22&0x3C@ 12>>26&0x3C@ 0&0x0=0x0" -j
st_clear_caught
11-11 11:52:50.605 D/IptablesRestoreController( 688): -A st_clear_detect -p udp -j
st_clear_caught
11-11 11:52:50.605 D/IptablesRestoreController( 688): COMMIT
11-11 11:52:50.608 D/IptablesRestoreController( 688): [iptables debug]iptables-
restore execute done, res : 0
11-11 11:52:50.608 D/IptablesRestoreController( 688): [iptables debug]iptables-
restore execute *filter
11-11 11:52:50.608 D/IptablesRestoreController( 688): -A st_penalty_log -j
CONNMARK --or-mark 0x1000000
11-11 11:52:50.608 D/IptablesRestoreController( 688): -A st_penalty_log -j NFLOG
--nflog-group 0
11-11 11:52:50.608 D/IptablesRestoreController( 688): -A st_penalty_reject -j
CONNMARK --or-mark 0x2000000
11-11 11:52:50.608 D/IptablesRestoreController( 688): -A st_penalty_reject -j
NFLOG --nflog-group 0
11-11 11:52:50.608 D/IptablesRestoreController( 688): -A st_penalty_reject -j
REJECT
11-11 11:52:50.608 D/IptablesRestoreController( 688): -A st_clear_detect -m
connmark --mark 0x2000000/0x2000000 -j REJECT
11-11 11:52:50.608 D/IptablesRestoreController( 688): -A st_clear_detect -m
connmark --mark 0x1000000/0x1000000 -j RETURN
11-11 11:52:50.608 D/IptablesRestoreController( 688): -A st_clear_detect -p tcp -m
u32 --u32 "52>>26&0x3C@ 40&0xFFFF0000=0x16030000 &&52>>26&0x3C@
44&0x00FF0000=0x00010000" -j CONNMARK --or-mark 0x1000000
11-11 11:52:50.608 D/IptablesRestoreController( 688): -A st_clear_detect -p udp -m
u32 --u32 "48&0xFFFF0000=0x16FE0000 &&60&0x00FF0000=0x00010000" -j CONNMARK --or-
mark 0x1000000
11-11 11:52:50.608 D/IptablesRestoreController( 688): -A st_clear_detect -m
connmark --mark 0x1000000/0x1000000 -j RETURN
11-11 11:52:50.608 D/IptablesRestoreController( 688): -A st_clear_detect -p tcp -m
state --state ESTABLISHED -m u32 --u32 "52>>26&0x3C@ 40&0x0=0x0" -j st_clear_caught
11-11 11:52:50.608 D/IptablesRestoreController( 688): -A st_clear_detect -p udp -j
st_clear_caught
11-11 11:52:50.608 D/IptablesRestoreController( 688): COMMIT
11-11 11:52:50.609 D/IptablesRestoreController( 688): [iptables debug]iptables-
restore execute done, res : 0
11-11 11:52:50.609 I/netd ( 688): Setting up StrictController hooks: 7234us
11-11 11:52:50.609 D/IptablesRestoreController( 688): [iptables debug]iptables-
restore execute *nat
11-11 11:52:50.609 D/IptablesRestoreController( 688): :mec_nat_OUTPUT -
11-11 11:52:50.609 D/IptablesRestoreController( 688): COMMIT
11-11 11:52:50.610 D/IptablesRestoreController( 688): [iptables debug]iptables-
restore execute done, res : 0
11-11 11:52:50.610 I/netd ( 688): Setting up MecController::makeMecChain()
hooks: 1107us
11-11 11:52:50.610 D/IptablesRestoreController( 688): [iptables debug]iptables-
restore execute *filter
11-11 11:52:50.610 D/IptablesRestoreController( 688): :limit -
11-11 11:52:50.610 D/IptablesRestoreController( 688): -A limit -p tcp ! --tcp-
flags FIN,SYN,RST NONE -j RETURN
11-11 11:52:50.610 D/IptablesRestoreController( 688): -A limit -p tcp --tcp-flags
ACK ACK -m length --length 0:53 -j RETURN
11-11 11:52:50.610 D/IptablesRestoreController( 688): -A limit -p tcp --dport 53 -
j RETURN
11-11 11:52:50.610 D/IptablesRestoreController( 688): -A limit -p udp --dport 53 -
j RETURN
11-11 11:52:50.610 D/IptablesRestoreController( 688): -A INPUT -p all -j limit
11-11 11:52:50.610 D/IptablesRestoreController( 688): COMMIT
11-11 11:52:50.613 D/IptablesRestoreController( 688): [iptables debug]iptables-
restore execute done, res : 0
11-11 11:52:50.613 I/netd ( 688): Setting up NetlimitControl hooks: 2941us
11-11 11:52:50.613 I/ClatdController( 688): 4.9+ kernel and device shipped with P
clat ebpf might work.
11-11 11:52:50.613 I/netd ( 688): Initializing ClatdController: 115us
11-11 11:52:50.614 I/netd ( 688): Initializing traffic control: 596us
11-11 11:52:50.614 D/IptablesRestoreController( 688): [iptables debug]iptables-
restore execute *filter
11-11 11:52:50.614 D/IptablesRestoreController( 688): -S
11-11 11:52:50.614 D/IptablesRestoreController( 688): COMMIT
11-11 11:52:50.615 D/IptablesRestoreController( 688): [iptables debug]iptables-
restore execute done, res : 0
11-11 11:52:50.615 D/IptablesRestoreController( 688): [iptables debug]iptables-
restore execute *filter
11-11 11:52:50.615 D/IptablesRestoreController( 688): :bw_INPUT -
11-11 11:52:50.615 D/IptablesRestoreController( 688): :bw_OUTPUT -
11-11 11:52:50.615 D/IptablesRestoreController( 688): :bw_FORWARD -
11-11 11:52:50.615 D/IptablesRestoreController( 688): :bw_happy_box -
11-11 11:52:50.615 D/IptablesRestoreController( 688): :bw_penalty_box -
11-11 11:52:50.615 D/IptablesRestoreController( 688): :bw_data_saver -
11-11 11:52:50.615 D/IptablesRestoreController( 688): :bw_costly_shared -
11-11 11:52:50.615 D/IptablesRestoreController( 688): :bw_global_alert -
11-11 11:52:50.615 D/IptablesRestoreController( 688): :bw_foc_box -
11-11 11:52:50.615 D/IptablesRestoreController( 688): COMMIT
11-11 11:52:50.615 D/IptablesRestoreController( 688): *raw
11-11 11:52:50.615 D/IptablesRestoreController( 688): :bw_raw_PREROUTING -
11-11 11:52:50.615 D/IptablesRestoreController( 688): COMMIT
11-11 11:52:50.615 D/IptablesRestoreController( 688): *mangle
11-11 11:52:50.615 D/IptablesRestoreController( 688): :bw_mangle_POSTROUTING -
11-11 11:52:50.615 D/IptablesRestoreController( 688): COMMIT
11-11 11:52:50.616 D/QSEECOMAPI( 675): Loaded image: APP id = 9
11-11 11:52:50.616 D/IptablesRestoreController( 688): [iptables debug]iptables-
restore execute done, res : 0
11-11 11:52:50.616 D/IptablesRestoreController( 688): [iptables debug]iptables-
restore execute *filter
11-11 11:52:50.616 D/IptablesRestoreController( 688): -A bw_INPUT -j
bw_global_alert
11-11 11:52:50.616 D/IptablesRestoreController( 688): -A bw_INPUT -p esp -j RETURN
11-11 11:52:50.616 D/IptablesRestoreController( 688): -A bw_INPUT -m mark --mark
0x100000/0x100000 -j RETURN
11-11 11:52:50.616 D/IptablesRestoreController( 688):
11-11 11:52:50.616 D/IptablesRestoreController( 688): -A bw_INPUT -j MARK --or-
mark 0x100000
11-11 11:52:50.616 D/IptablesRestoreController( 688): -A bw_OUTPUT -j
bw_global_alert
11-11 11:52:50.616 D/IptablesRestoreController( 688):
11-11 11:52:50.616 D/IptablesRestoreController( 688):
11-11 11:52:50.616 D/IptablesRestoreController( 688):
11-11 11:52:50.616 D/IptablesRestoreController( 688):
11-11 11:52:50.616 D/IptablesRestoreController( 688): -A bw_costly_shared -j
bw_penalty_box
11-11 11:52:50.616 D/IptablesRestoreController( 688): -I bw_penalty_box -m bpf --
object-pinned /sys/fs/bpf/prog_netd_skfilter_blacklist_xtbpf -j REJECT
11-11 11:52:50.616 D/IptablesRestoreController( 688): -A bw_penalty_box -j
bw_happy_box
11-11 11:52:50.616 D/IptablesRestoreController( 688): -A bw_happy_box -j
bw_data_saver
11-11 11:52:50.616 D/IptablesRestoreController( 688): -A bw_data_saver -j RETURN
11-11 11:52:50.616 D/IptablesRestoreController( 688): -I bw_happy_box -m bpf --
object-pinned /sys/fs/bpf/prog_netd_skfilter_whitelist_xtbpf -j RETURN
11-11 11:52:50.616 D/IptablesRestoreController( 688): COMMIT
11-11 11:52:50.616 D/IptablesRestoreController( 688): *raw
11-11 11:52:50.616 D/IptablesRestoreController( 688): -A bw_raw_PREROUTING -i
ipsec+ -j RETURN
11-11 11:52:50.616 D/IptablesRestoreController( 688): -A bw_raw_PREROUTING -m
policy --pol ipsec --dir in -j RETURN
11-11 11:52:50.616 D/IptablesRestoreController( 688): -A bw_raw_PREROUTING -m bpf
--object-pinned /sys/fs/bpf/prog_netd_skfilter_ingress_xtbpf
11-11 11:52:50.616 D/IptablesRestoreController( 688): COMMIT
11-11 11:52:50.616 D/IptablesRestoreController( 688): *mangle
11-11 11:52:50.616 D/IptablesRestoreController( 688): -A bw_mangle_POSTROUTING -o
ipsec+ -j RETURN
11-11 11:52:50.616 D/IptablesRestoreController( 688): -A bw_mangle_POSTROUTING -m
policy --pol ipsec --dir out -j RETURN
11-11 11:52:50.616 D/IptablesRestoreController( 688): -A bw_mangle_POSTROUTING -j
MARK --set-mark 0x0/0x100000
11-11 11:52:50.616 D/IptablesRestoreController( 688): -A bw_mangle_POSTROUTING -m
owner --uid-owner clat -j RETURN
11-11 11:52:50.616 D/IptablesRestoreController( 688): -A bw_ma
11-11 11:52:50.616 I/engmode_tlc( 675): em_tlc_send_qsee : Loading app is done
11-11 11:52:50.617 I/engmode_tlc( 675): em_tlc_send_qsee : send command
11-11 11:52:50.618 D/IptablesRestoreController( 688): [iptables debug]iptables-
restore execute done, res : 0
11-11 11:52:50.618 I/netd ( 688): Enabling bandwidth control: 4300us
11-11 11:52:50.619 I/netd ( 688): Initializing RouteController: 987us
11-11 11:52:50.619 D/XfrmController( 688): XfrmController::ipSecAddXfrmInterface,
line=1377
11-11 11:52:50.620 D/XfrmController( 688):
XfrmController::ipSecRemoveTunnelInterface, line=1590
11-11 11:52:50.620 D/XfrmController( 688): deviceName=ipsec_test
11-11 11:52:50.623 I/engmode_tlc( 675): Wait for ta response(150/3000)
11-11 11:52:50.673 I/engmode_tlc( 675): Wait for ta response(200/3000)
11-11 11:52:50.678 I/ServiceManager( 687): Waiting for service 'statscompanion' on
'/dev/binder'...
11-11 11:52:50.684 D/XfrmController( 688): Sending Netlink XFRM Message:
XFRM_MSG_FLUSHSA
11-11 11:52:50.684 D/XfrmController( 688): Sending Netlink XFRM Message:
XFRM_MSG_FLUSHPOLICY
11-11 11:52:50.684 I/netd ( 688): Initializing XfrmController: 64859us
11-11 11:52:50.687 I/libnetd_resolv( 688): resolv_init: Initializing resolver
11-11 11:52:50.688 I/servicemanager( 554): Adding 'u:r:netd:s0' service
(dnsresolver:688)
11-11 11:52:50.690 I/servicemanager( 554): Adding 'u:r:netd:s0' service (netd:688)
11-11 11:52:50.691 I/BOOT ( 715): MSM target '', SoC 'IDP', HwID '355', SoC ver
'65536'
11-11 11:52:50.724 I/engmode_tlc( 675): Wait for ta response(250/3000)
11-11 11:52:50.774 I/engmode_tlc( 675): Wait for ta response(300/3000)
11-11 11:52:50.777 I/engmode_tlc( 675): em_tlc_send_qsee : cmd is done(0x00000000)
11-11 11:52:50.778 I/engmode_tlc( 675): em_tlc_qsee_clear : Shutdown app
11-11 11:52:50.778 D/QSEECOMAPI( 675): QSEECom_dealloc_memory
11-11 11:52:50.778 D/QSEECOMAPI( 675): QSEECom_shutdown_app, app_id = 9
11-11 11:52:50.778 I/ServiceManager( 687): Waiting for service 'statscompanion' on
'/dev/binder'...
11-11 11:52:50.779 I/engmode_tlc( 675): em_tlc_qsee_clear : Shutdown is done
11-11 11:52:50.779 I/engmode_tlc( 675): Nwd api = 0x00000000, Swd internal =
0x00000000
11-11 11:52:50.779 I/engmode_tlc( 675): Wait kill signal
11-11 11:52:50.824 I/vaultkeeper( 653): There is no
property(ro.factory.factory_binary)
11-11 11:52:50.824 I/engmode_tlc( 675): TA reply response, pass waiting
11-11 11:52:50.824 I/engmode_tlc( 675): Done waiting thread(isTimeOut:FALSE)
11-11 11:52:50.824 I/engmode_tlc( 675): em tlc send result 0x00000000
11-11 11:52:50.824 I/engmode_tlc( 675): kill thread (514047388864)
11-11 11:52:50.824 I/VaultKeeper_COMMON( 653): VK 4.2.3 [Client]
/vendor/bin/vaultkeeperd. => [Vault] VK. [CMD NO.] 5591
11-11 11:52:50.824 I/VaultKeeper_COMMON( 653): [CMD:INITIALIZE]
11-11 11:52:50.824 I/engmode_tlc( 675): Got signal 10, tid: 514047388864
11-11 11:52:50.824 I/engmode_tlc( 675): tlc thr cleanup
11-11 11:52:50.826 D/QSEECOMAPI( 653): QSEECom_get_handle sb_length = 0x1ae40
11-11 11:52:50.826 D/QSEECOMAPI( 653): App is not loaded in QSEE
11-11 11:52:50.827 I/engmode_steady( 675): read from steady(11264)
11-11 11:52:50.828 D/QSEECOMAPI( 653): app_arch = 1, total_files = 9
11-11 11:52:50.829 E/ion ( 653): ioctl c0044901 failed with code -1:
Inappropriate ioctl for device
11-11 11:52:50.840 I/engmode_steady( 675): read from steady(69632)
11-11 11:52:50.840 I/engmode_world( 675): No server time
11-11 11:52:50.840 I/engmode_tlc( 675): EM version = 30.3.07
11-11 11:52:50.840 I/engmode_tlc( 675): EM C/C : 00000003/00000002
11-11 11:52:50.840 I/engmode_tlc( 675): TA Thread is running(514047388864/0)
11-11 11:52:50.841 I/engmode_tlc( 675): em_tlc_send_qsee : Try load app
11-11 11:52:50.842 D/QSEECOMAPI( 675): QSEECom_get_handle sb_length = 0x425c0
11-11 11:52:50.842 D/QSEECOMAPI( 675): App is not loaded in QSEE
11-11 11:52:50.842 D/QSEECOMAPI( 675): app_arch = 1, total_files = 9
11-11 11:52:50.879 I/ServiceManager( 687): Waiting for service 'statscompanion' on
'/dev/binder'...
11-11 11:52:50.890 I/engmode_tlc( 675): Wait for ta response(50/3000)
11-11 11:52:50.896 D/QSEECOMAPI( 653): Loaded image: APP id = 10
11-11 11:52:50.941 I/engmode_tlc( 675): Wait for ta response(100/3000)
11-11 11:52:50.950 D/QSEECOMAPI( 675): Loaded image: APP id = 11
11-11 11:52:50.950 I/engmode_tlc( 675): em_tlc_send_qsee : Loading app is done
11-11 11:52:50.950 I/engmode_tlc( 675): em_tlc_send_qsee : send command
11-11 11:52:50.978 I/appproc ( 689): !@Boot_EBS_F: start zygote from appmain
11-11 11:52:50.979 D/AndroidRuntime( 689): >>>>>> START
com.android.internal.os.ZygoteInit uid 0 <<<<<<
11-11 11:52:50.979 I/ServiceManager( 687): Waiting for service 'statscompanion' on
'/dev/binder'...
11-11 11:52:50.991 I/engmode_tlc( 675): Wait for ta response(150/3000)
11-11 11:52:51.017 I/AndroidRuntime( 689): Using default boot image
11-11 11:52:51.017 I/AndroidRuntime( 689): Leaving lock profiling enabled
11-11 11:52:51.017 D/SecNativeFeatureCppIf( 689): encoded
11-11 11:52:51.017 D/SecNativeFeatureCppIf( 689): decoding and unzip finish
11-11 11:52:51.017 D/SecNativeFeatureCppIf( 689): use unCompDataBuff. encoded
11-11 11:52:51.017 D/SecNativeFeatureCppIf( 689): Free unCompDataBuff
11-11 11:52:51.017 D/SecNativeFeatureCppIf( 689): encoded
11-11 11:52:51.017 D/SecNativeFeatureCppIf( 689): decoding and unzip finish
11-11 11:52:51.017 D/SecNativeFeatureCppIf( 689): use unCompDataBuff. encoded
11-11 11:52:51.018 D/SecNativeFeatureCppIf( 689): Free unCompDataBuff
11-11 11:52:51.018 D/SecNativeFeatureCppIf( 689): encoded
11-11 11:52:51.018 D/SecNativeFeatureCppIf( 689): decoding and unzip finish
11-11 11:52:51.018 D/SecNativeFeatureCppIf( 689): use unCompDataBuff. encoded
11-11 11:52:51.018 D/SecNativeFeatureCppIf( 689): Free unCompDataBuff
11-11 11:52:51.018 D/SecNativeFeatureCppIf( 689): encoded
11-11 11:52:51.018 D/SecNativeFeatureCppIf( 689): decoding and unzip finish
11-11 11:52:51.018 D/SecNativeFeatureCppIf( 689): use unCompDataBuff. encoded
11-11 11:52:51.018 D/SecNativeFeatureCppIf( 689): Free unCompDataBuff
11-11 11:52:51.018 D/AndroidRuntime( 689): addProductProperty: pBrand1 is not null
11-11 11:52:51.018 D/AndroidRuntime( 689): addProductProperty: not brand or 7
11-11 11:52:51.027 W/libc ( 520): Unable to set property "ro.sf.lcd_density" to
"480": error code: 0xb, try count : 1
11-11 11:52:51.027 W/libc ( 520): Unable to set property "ro.sf.lcd_density" to
"480": error code: 0xb, try count : 2
11-11 11:52:51.027 D/AndroidRuntime( 690): >>>>>> START
com.android.internal.os.ZygoteInit uid 0 <<<<<<
11-11 11:52:51.028 I/zygote64( 689): option[0]=-Xzygote
11-11 11:52:51.028 I/zygote64( 689): option[1]=exit
11-11 11:52:51.028 I/zygote64( 689): option[2]=vfprintf
11-11 11:52:51.028 I/zygote64( 689): option[3]=sensitiveThread
11-11 11:52:51.028 I/zygote64( 689): option[4]=-verbose:gc
11-11 11:52:51.028 I/zygote64( 689): option[5]=-XX:PerfettoHprof=true
11-11 11:52:51.028 I/zygote64( 689): option[6]=-Xprimaryzygote
11-11 11:52:51.028 I/zygote64( 689): option[7]=-Xms8m
11-11 11:52:51.028 I/zygote64( 689): option[8]=-Xmx512m
11-11 11:52:51.028 I/zygote64( 689): option[9]=-XX:HeapMinFree=2m
11-11 11:52:51.028 I/zygote64( 689): option[10]=-XX:HeapMaxFree=8m
11-11 11:52:51.028 W/libc ( 520): Unable to set property "ro.sf.lcd_density" to
"480": error code: 0xb, try count : 3
11-11 11:52:51.028 I/zygote64( 689): option[11]=-XX:HeapTargetUtilization=0.75
11-11 11:52:51.028 I/zygote64( 689): option[12]=-Xusejit:true
11-11 11:52:51.028 I/zygote64( 689): option[13]=-Xjitsaveprofilinginfo
11-11 11:52:51.028 I/zygote64( 689): option[14]=-XjdwpOptions:suspend=n,server=y
11-11 11:52:51.028 I/zygote64( 689): option[15]=-XjdwpProvider:default
11-11 11:52:51.028 I/zygote64( 689): option[16]=-Xopaque-jni-ids:swapable
11-11 11:52:51.028 I/zygote64( 689): option[17]=-Xlockprofthreshold:500
11-11 11:52:51.028 I/zygote64( 689): option[18]=-Xcompiler-option
11-11 11:52:51.028 I/zygote64( 689): option[19]=--instruction-set-variant=generic
11-11 11:52:51.028 I/zygote64( 689): option[20]=-Xcompiler-option
11-11 11:52:51.028 I/zygote64( 689): option[21]=--instruction-set-features=default
11-11 11:52:51.028 I/zygote64( 689): option[22]=-Xcompiler-option
11-11 11:52:51.028 I/zygote64( 689): option[23]=--generate-mini-debug-info
11-11 11:52:51.028 I/zygote64( 689): option[24]=-Ximage-compiler-option
11-11 11:52:51.028 I/zygote64( 689): option[25]=--runtime-arg
11-11 11:52:51.028 I/zygote64( 689): option[26]=-Ximage-compiler-option
11-11 11:52:51.028 I/zygote64( 689): option[27]=-Xms64m
11-11 11:52:51.028 I/zygote64( 689): option[28]=-Ximage-compiler-option
11-11 11:52:51.028 I/zygote64( 689): option[29]=--runtime-arg
11-11 11:52:51.028 I/zygote64( 689): option[30]=-Ximage-compiler-option
11-11 11:52:51.029 I/zygote64( 689): option[31]=-Xmx64m
11-11 11:52:51.029 I/zygote64( 689): option[32]=-Ximage-compiler-option
11-11 11:52:51.029 I/zygote64( 689):
option[33]=--dirty-image-objects=/system/etc/dirty-image-objects
11-11 11:52:51.029 I/zygote64( 689): option[34]=-Ximage-compiler-option
11-11 11:52:51.029 I/zygote64( 689): option[35]=--instruction-set-variant=generic
11-11 11:52:51.029 I/zygote64( 689): option[36]=-Ximage-compiler-option
11-11 11:52:51.029 I/zygote64( 689): option[37]=--instruction-set-features=default
11-11 11:52:51.029 I/zygote64( 689): option[38]=-Ximage-compiler-option
11-11 11:52:51.029 I/zygote64( 689): option[39]=--generate-mini-debug-info
11-11 11:52:51.029 I/zygote64( 689): option[40]=-Duser.locale=fr-FR
11-11 11:52:51.029 I/zygote64( 689): option[41]=--cpu-abilist=arm64-v8a
11-11 11:52:51.029 I/zygote64( 689):
option[42]=-Xfingerprint:samsung/a70qeea/a70q:11/RP1A.200720.012/A705FNXXU5DXD3:use
r/release-keys
11-11 11:52:51.041 I/engmode_tlc( 675): Wait for ta response(200/3000)
11-11 11:52:51.049 W/zygote64( 689): Failed to open pruning marker:
/efs/recovery/pruning_arm64: No such file or directory
11-11 11:52:51.076 I/AndroidRuntime( 690): Using default boot image
11-11 11:52:51.076 I/AndroidRuntime( 690): Leaving lock profiling enabled
11-11 11:52:51.076 E/audit ( 671): type=1400 audit(1731322371.067:93): avc:
denied { getattr } for pid=1 comm="init" name="hostname" dev="proc" ino=28137
scontext=u:r:init:s0 tcontext=u:object_r:proc_hostname:s0 tclass=file permissive=0
SEPF_SM-A705FN_11_0010 audit_filtered
11-11 11:52:51.076 E/audit ( 671): type=1300 audit(1731322371.067:93):
arch=c00000b7 syscall=56 success=yes exit=22 a0=ffffff9c a1=b400007dbccc7790
a2=88241 a3=180 items=0 ppid=0 pid=1 auid=4294967295 uid=0 gid=0 euid=0 suid=0
fsuid=0 egid=0 sgid=0 fsgid=0 tty=(none) ses=4294967295 comm="init"
exe="/system/bin/init" subj=u:r:init:s0 key=(null)
11-11 11:52:51.076 E/audit ( 671): type=1327 audit(1731322371.067:93):
proctitle=2F73797374656D2F62696E2F696E69740073656C696E75785F7365747570
11-11 11:52:51.076 E/audit ( 671): type=1400 audit(1731322371.067:94): avc:
denied { getattr } for pid=1 comm="init" name="domainname" dev="proc" ino=28138
scontext=u:r:init:s0 tcontext=u:object_r:proc_hostname:s0 tclass=file permissive=0
SEPF_SM-A705FN_11_0010 audit_filtered
11-11 11:52:51.076 E/audit ( 671): type=1300 audit(1731322371.067:94):
arch=c00000b7 syscall=56 success=yes exit=22 a0=ffffff9c a1=b400007dbccc7790
a2=88241 a3=180 items=0 ppid=0 pid=1 auid=4294967295 uid=0 gid=0 euid=0 suid=0
fsuid=0 egid=0 sgid=0 fsgid=0 tty=(none) ses=4294967295 comm="init"
exe="/system/bin/init" subj=u:r:init:s0 key=(null)
11-11 11:52:51.076 E/audit ( 671): type=1327 audit(1731322371.067:94):
proctitle=2F73797374656D2F62696E2F696E69740073656C696E75785F7365747570
11-11 11:52:51.077 E/audit ( 671): type=1400 audit(1731322371.067:95): avc:
denied { getattr } for pid=1 comm="init" name="overcommit_memory" dev="proc"
ino=28140 scontext=u:r:init:s0 tcontext=u:object_r:proc_overcommit_memory:s0
tclass=file permissive=0 SEPF_SM-A705FN_11_0010 audit_filtered
11-11 11:52:51.077 E/audit ( 671): type=1300 audit(1731322371.067:95):
arch=c00000b7 syscall=56 success=yes exit=22 a0=ffffff9c a1=b400007dccd03f90
a2=88241 a3=180 items=0 ppid=0 pid=1 auid=4294967295 uid=0 gid=0 euid=0 suid=0
fsuid=0 egid=0 sgid=0 fsgid=0 tty=(none) ses=4294967295 comm="init"
exe="/system/bin/init" subj=u:r:init:s0 key=(null)
11-11 11:52:51.077 E/audit ( 671): type=1327 audit(1731322371.067:95):
proctitle=2F73797374656D2F62696E2F696E69740073656C696E75785F7365747570
11-11 11:52:51.077 E/audit ( 671): type=1400 audit(1731322371.067:96): avc:
denied { getattr } for pid=1 comm="init" name="page-cluster" dev="proc" ino=28141
scontext=u:r:init:s0 tcontext=u:object_r:proc_page_cluster:s0 tclass=file
permissive=0 SEPF_SM-A705FN_11_0010 audit_filtered
11-11 11:52:51.077 E/audit ( 671): type=1300 audit(1731322371.067:96):
arch=c00000b7 syscall=56 success=yes exit=22 a0=ffffff9c a1=b400007dccd03f90
a2=88241 a3=180 items=0 ppid=0 pid=1 auid=4294967295 uid=0 gid=0 euid=0 suid=0
fsuid=0 egid=0 sgid=0 fsgid=0 tty=(none) ses=4294967295 comm="init"
exe="/system/bin/init" subj=u:r:init:s0 key=(null)
11-11 11:52:51.077 E/audit ( 671): type=1327 audit(1731322371.067:96):
proctitle=2F73797374656D2F62696E2F696E69740073656C696E75785F7365747570
11-11 11:52:51.077 D/SecNativeFeatureCppIf( 690): encoded
11-11 11:52:51.077 D/SecNativeFeatureCppIf( 690): decoding and unzip finish
11-11 11:52:51.077 D/SecNativeFeatureCppIf( 690): use unCompDataBuff. encoded
11-11 11:52:51.078 E/audit ( 671): type=1400 audit(1731322371.067:97): avc:
denied { getattr } for pid=1 comm="init" name="dirty_expire_centisecs" dev="proc"
ino=28142 scontext=u:r:init:s0 tcontext=u:object_r:proc_dirty:s0 tclass=file
permissive=0 SEPF_SM-A705FN_11_0010 audit_filtered
11-11 11:52:51.078 E/audit ( 671): type=1300 audit(1731322371.067:97):
arch=c00000b7 syscall=56 success=yes exit=22 a0=ffffff9c a1=b400007dccd04290
a2=88241 a3=180 items=0 ppid=0 pid=1 auid=4294967295 uid=0 gid=0 euid=0 suid=0
fsuid=0 egid=0 sgid=0 fsgid=0 tty=(none) ses=4294967295 comm="init"
exe="/system/bin/init" subj=u:r:init:s0 key=(null)
11-11 11:52:51.078 E/audit ( 671): type=1327 audit(1731322371.067:97):
proctitle=2F73797374656D2F62696E2F696E69740073656C696E75785F7365747570
11-11 11:52:51.078 D/SecNativeFeatureCppIf( 690): Free unCompDataBuff
11-11 11:52:51.078 D/SecNativeFeatureCppIf( 690): encoded
11-11 11:52:51.078 D/SecNativeFeatureCppIf( 690): decoding and unzip finish
11-11 11:52:51.078 D/SecNativeFeatureCppIf( 690): use unCompDataBuff. encoded
11-11 11:52:51.078 D/SecNativeFeatureCppIf( 690): Free unCompDataBuff
11-11 11:52:51.079 D/SecNativeFeatureCppIf( 690): encoded
11-11 11:52:51.079 D/SecNativeFeatureCppIf( 690): decoding and unzip finish
11-11 11:52:51.079 D/SecNativeFeatureCppIf( 690): use unCompDataBuff. encoded
11-11 11:52:51.079 D/SecNativeFeatureCppIf( 690): Free unCompDataBuff
11-11 11:52:51.079 D/SecNativeFeatureCppIf( 690): encoded
11-11 11:52:51.079 D/SecNativeFeatureCppIf( 690): decoding and unzip finish
11-11 11:52:51.079 D/SecNativeFeatureCppIf( 690): use unCompDataBuff. encoded
11-11 11:52:51.080 D/SecNativeFeatureCppIf( 690): Free unCompDataBuff
11-11 11:52:51.080 D/AndroidRuntime( 690): addProductProperty: pBrand1 is not null
11-11 11:52:51.080 D/AndroidRuntime( 690): addProductProperty: not brand or 7
11-11 11:52:51.080 I/ServiceManager( 687): Waiting for service 'statscompanion' on
'/dev/binder'...
11-11 11:52:51.083 E/audit ( 671): type=1400 audit(1731322371.067:98): avc:
denied { write } for pid=1 comm="init" name="wakeup_keys" dev="sysfs" ino=65540
scontext=u:r:init:s0 tcontext=u:object_r:sysfs_ski_key_writable:s0 tclass=file
permissive=0 SEPF_SM-A705FN_11_0010 audit_filtered
11-11 11:52:51.083 E/audit ( 671): type=1300 audit(1731322371.067:98):
arch=c00000b7 syscall=56 success=no exit=-13 a0=ffffff9c a1=b400007dccd03f90
a2=88241 a3=180 items=0 ppid=0 pid=1 auid=4294967295 uid=0 gid=0 euid=0 suid=0
fsuid=0 egid=0 sgid=0 fsgid=0 tty=(none) ses=4294967295 comm="init"
exe="/system/bin/init" subj=u:r:init:s0 key=(null)
11-11 11:52:51.083 E/audit ( 671): type=1327 audit(1731322371.067:98):
proctitle=2F73797374656D2F62696E2F696E69740073656C696E75785F7365747570
11-11 11:52:51.087 I/zygote ( 690): option[0]=-Xzygote
11-11 11:52:51.087 I/zygote ( 690): option[1]=exit
11-11 11:52:51.087 I/zygote ( 690): option[2]=vfprintf
11-11 11:52:51.087 I/zygote ( 690): option[3]=sensitiveThread
11-11 11:52:51.087 I/zygote ( 690): option[4]=-verbose:gc
11-11 11:52:51.087 I/zygote ( 690): option[5]=-XX:PerfettoHprof=true
11-11 11:52:51.087 I/zygote ( 690): option[6]=-Xms8m
11-11 11:52:51.087 I/zygote ( 690): option[7]=-Xmx512m
11-11 11:52:51.087 I/zygote ( 690): option[8]=-XX:HeapMinFree=2m
11-11 11:52:51.087 I/zygote ( 690): option[9]=-XX:HeapMaxFree=8m
11-11 11:52:51.087 I/zygote ( 690): option[10]=-XX:HeapTargetUtilization=0.75
11-11 11:52:51.087 I/zygote ( 690): option[11]=-Xusejit:true
11-11 11:52:51.087 I/zygote ( 690): option[12]=-Xjitsaveprofilinginfo
11-11 11:52:51.087 I/zygote ( 690): option[13]=-XjdwpOptions:suspend=n,server=y
11-11 11:52:51.087 I/zygote ( 690): option[14]=-XjdwpProvider:default
11-11 11:52:51.087 I/zygote ( 690): option[15]=-Xopaque-jni-ids:swapable
11-11 11:52:51.087 I/zygote ( 690): option[16]=-Xlockprofthreshold:500
11-11 11:52:51.087 I/zygote ( 690): option[17]=-Xcompiler-option
11-11 11:52:51.087 I/zygote ( 690): option[18]=--instruction-set-variant=cortex-
a9
11-11 11:52:51.087 I/zygote ( 690): option[19]=-Xcompiler-option
11-11 11:52:51.087 I/zygote ( 690): option[20]=--instruction-set-features=default
11-11 11:52:51.087 I/zygote ( 690): option[21]=-Xcompiler-option
11-11 11:52:51.088 I/zygote ( 690): option[22]=--generate-mini-debug-info
11-11 11:52:51.088 I/zygote ( 690): option[23]=-Ximage-compiler-option
11-11 11:52:51.088 I/zygote ( 690): option[24]=--runtime-arg
11-11 11:52:51.088 I/zygote ( 690): option[25]=-Ximage-compiler-option
11-11 11:52:51.088 I/zygote ( 690): option[26]=-Xms64m
11-11 11:52:51.088 I/zygote ( 690): option[27]=-Ximage-compiler-option
11-11 11:52:51.088 I/zygote ( 690): option[28]=--runtime-arg
11-11 11:52:51.088 I/zygote ( 690): option[29]=-Ximage-compiler-option
11-11 11:52:51.088 I/zygote ( 690): option[30]=-Xmx64m
