03-01 11:06:55.512 21768 21768 W BottomSheetBehavior: BottomSheetBehavior now supports multiple callbacks. `setBottomSheetCallback()` removes all existing callbacks, including ones set internally by library authors, which may result in unintended behavior. This may change in the future. Please use `addBottomSheetCallback()` and `removeBottomSheetCallback()` instead to set your own callbacks.
03-01 11:06:55.533 21768 21768 W BottomSheetBehavior: BottomSheetBehavior now supports multiple callbacks. `setBottomSheetCallback()` removes all existing callbacks, including ones set internally by library authors, which may result in unintended behavior. This may change in the future. Please use `addBottomSheetCallback()` and `removeBottomSheetCallback()` instead to set your own callbacks.
03-01 11:06:55.534 21768 21768 W BottomSheetBehavior: BottomSheetBehavior now supports multiple callbacks. `setBottomSheetCallback()` removes all existing callbacks, including ones set internally by library authors, which may result in unintended behavior. This may change in the future. Please use `addBottomSheetCallback()` and `removeBottomSheetCallback()` instead to set your own callbacks.
03-01 11:06:55.618 21768 21826 E DRM/DcfDecoder: decodeDrmImageIfNeeded stream caught ClassCastException
03-01 11:06:55.641 21768 21768 W BottomSheetBehavior: BottomSheetBehavior now supports multiple callbacks. `setBottomSheetCallback()` removes all existing callbacks, including ones set internally by library authors, which may result in unintended behavior. This may change in the future. Please use `addBottomSheetCallback()` and `removeBottomSheetCallback()` instead to set your own callbacks.
03-01 11:06:55.642 21768 21768 W BottomSheetBehavior: BottomSheetBehavior now supports multiple callbacks. `setBottomSheetCallback()` removes all existing callbacks, including ones set internally by library authors, which may result in unintended behavior. This may change in the future. Please use `addBottomSheetCallback()` and `removeBottomSheetCallback()` instead to set your own callbacks.
03-01 11:06:55.660 21768 21768 E RecyclerView: No adapter attached; skipping layout
03-01 11:06:55.661 21768 21768 E RecyclerView: No adapter attached; skipping layout
03-01 11:06:55.686 21768 21768 E RecyclerView: No adapter attached; skipping layout
03-01 11:06:55.686 21768 21768 E RecyclerView: No adapter attached; skipping layout
03-01 11:06:55.836 21768 21818 E SQLiteDatabase: Error inserting transferred=1 media_job_uuid=a681c63d-5235-476c-b3ff-080938105654 transcoded=0 gif_attribution=0 first_scan_length=2929 direct_path=/v/t62.7118- 24/33423690_255865070909938_4808464058966707044_n.enc?ccb=11-4&oh=01_AdSLVrf- Yoh6wTjp3IFSfkkeiOwM1lyYWLF_dt80sx1k_w&oe=66083FE0&_nc_sid=5e03e0 thumbnail_height_width_ratio=1.7777778 is_animated_sticker=0 file_hash=cMlY/suRSc3DFhOGW9T30EW22yY4QMQABkAlVRKkyAg= file_path=Media/.Statuses/88d1381f21184af3a8a946657249d555.jpg file_size=15066 partial_media_hash=LSVoBQ5zMA3LrIfl18sfKKmzfO+hKEQ9Y0uYEpyZBj8= face_x=396 face_y=407 height=960 trim_to=0 media_key_timestamp=1709232692000 message_url=https://mmg.whatsapp.net/v/t62.7118- 24/33423690_255865070909938_4808464058966707044_n.enc?ccb=11-4&oh=01_AdSLVrf- Yoh6wTjp3IFSfkkeiOwM1lyYWLF_dt80sx1k_w&oe=66083FE0&_nc_sid=5e03e0&mms3=true media_caption=null trim_from=0 mime_type=image/jpeg partial_media_enc_hash=null width=540 original_file_hash=null has_streaming_sidecar=1 autotransfer_retry_enabled=1 media_upload_handle=null message_row_id=322 multicast_id=null enc_file_hash=hj8eJLzEkgVx4+EXyXCOYg/anVdhDibJq/zhHfnTkFM= mute_video=0 page_count=0 first_scan_sidecar=[B@5293d3e suspicious_content=0 file_length=15066 media_name=null media_duration=0 chat_row_id=41 media_key=[B@f2c279f
03-01 11:06:55.836 21768 21818 E SQLiteDatabase: android.database.sqlite.SQLiteConstraintException: UNIQUE constraint failed: message_media.message_row_id (code 1555 SQLITE_CONSTRAINT_PRIMARYKEY)
03-01 11:06:55.836 21768 21818 E SQLiteDatabase: at android.database.sqlite.SQLiteConnection.nativeExecuteForLastInsertedRowId(Native Method)
03-01 11:06:55.836 21768 21818 E SQLiteDatabase: at android.database.sqlite.SQLiteConnection.executeForLastInsertedRowId(SQLiteConnecti on.java:879)
03-01 11:06:55.836 21768 21818 E SQLiteDatabase: at android.database.sqlite.SQLiteSession.executeForLastInsertedRowId(SQLiteSession.jav a:790)
03-01 11:06:55.836 21768 21818 E SQLiteDatabase: at android.database.sqlite.SQLiteStatement.executeInsert(SQLiteStatement.java:88)
03-01 11:06:55.836 21768 21818 E SQLiteDatabase: at android.database.sqlite.SQLiteDatabase.insertWithOnConflict(SQLiteDatabase.java:159 9)
03-01 11:06:55.836 21768 21818 E SQLiteDatabase: at android.database.sqlite.SQLiteDatabase.insert(SQLiteDatabase.java:1468)
03-01 11:06:55.836 21768 21818 E SQLiteDatabase: at X.2tm.A08(Unknown Source:6)
03-01 11:06:55.836 21768 21818 E SQLiteDatabase: at X.35Y.A07(Unknown Source:212)
03-01 11:06:55.836 21768 21818 E SQLiteDatabase: at X.3QF.A14(Unknown Source:470)
03-01 11:06:55.836 21768 21818 E SQLiteDatabase: at X.3gU.run(Unknown Source:982)
03-01 11:06:55.836 21768 21818 E SQLiteDatabase: at android.os.Handler.handleCallback(Handler.java:883)
03-01 11:06:55.836 21768 21818 E SQLiteDatabase: at android.os.Handler.dispatchMessage(Handler.java:100)
03-01 11:06:55.836 21768 21818 E SQLiteDatabase: at X.0zq.dispatchMessage(Unknown Source:4)
03-01 11:06:55.836 21768 21818 E SQLiteDatabase: at android.os.Looper.loop(Looper.java:264)
03-01 11:06:55.836 21768 21818 E SQLiteDatabase: at android.os.HandlerThread.run(HandlerThread.java:67)
03-01 11:06:56.343 21768 21818 E SQLiteDatabase: Error inserting transferred=1 media_job_uuid=0e1b30a5-f997-4b96-a184-03d5a39784d7 transcoded=0 gif_attribution=0 first_scan_length=0 direct_path=/v/t62.7118- 24/32422363_324335547284085_5540099833030647607_n.enc?ccb=11- 4&oh=01_AdQnJpNBpZB3CyGgCJ8MhSyhkGs0ib9IrQ3fTgWzaLkooA&oe=66085D61&_nc_sid=5e03e0 thumbnail_height_width_ratio=1.0 is_animated_sticker=0 file_hash=L25Z95LjijnAici87C6DFxWSpmXhBM1HrQjSRW5Tvso= file_path=Media/.Statuses/670791de2d04490e86481d75b4def7ce.jpg file_size=233325 partial_media_hash=null face_x=0 face_y=0 height=645 trim_to=0 media_key_timestamp=1709236767000 message_url=https://mmg.whatsapp.net/v/t62.7118- 24/32422363_324335547284085_5540099833030647607_n.enc?ccb=11- 4&oh=01_AdQnJpNBpZB3CyGgCJ8MhSyhkGs0ib9IrQ3fTgWzaLkooA&oe=66085D61&_nc_sid=5e03e0&m ms3=true media_caption=null trim_from=0 mime_type=image/jpeg partial_media_enc_hash=null width=645 original_file_hash=null has_streaming_sidecar=0 autotransfer_retry_enabled=1 media_upload_handle=null message_row_id=329 multicast_id=null enc_file_hash=ZNAq0ZxIhsGBn+ZGS9+gKzKXEM6mVXb9vlE5j9+RWLA= mute_video=0 page_count=0 first_scan_sidecar=null suspicious_content=0 file_length=233325 media_name=null media_duration=0 chat_row_id=41 media_key=[B@d67d25
03-01 11:06:56.343 21768 21818 E SQLiteDatabase: android.database.sqlite.SQLiteConstraintException: UNIQUE constraint failed: message_media.message_row_id (code 1555 SQLITE_CONSTRAINT_PRIMARYKEY)
03-01 11:06:56.343 21768 21818 E SQLiteDatabase: at android.database.sqlite.SQLiteConnection.nativeExecuteForLastInsertedRowId(Native Method)
03-01 11:06:56.343 21768 21818 E SQLiteDatabase: at android.database.sqlite.SQLiteConnection.executeForLastInsertedRowId(SQLiteConnecti on.java:879)
03-01 11:06:56.343 21768 21818 E SQLiteDatabase: at android.database.sqlite.SQLiteSession.executeForLastInsertedRowId(SQLiteSession.jav a:790)
03-01 11:06:56.343 21768 21818 E SQLiteDatabase: at android.database.sqlite.SQLiteStatement.executeInsert(SQLiteStatement.java:88)
03-01 11:06:56.343 21768 21818 E SQLiteDatabase: at android.database.sqlite.SQLiteDatabase.insertWithOnConflict(SQLiteDatabase.java:159 9)
03-01 11:06:56.343 21768 21818 E SQLiteDatabase: at android.database.sqlite.SQLiteDatabase.insert(SQLiteDatabase.java:1468)
03-01 11:06:56.343 21768 21818 E SQLiteDatabase: at X.2tm.A08(Unknown Source:6)
03-01 11:06:56.343 21768 21818 E SQLiteDatabase: at X.35Y.A07(Unknown Source:212)
03-01 11:06:56.343 21768 21818 E SQLiteDatabase: at X.3QF.A14(Unknown Source:470)
03-01 11:06:56.343 21768 21818 E SQLiteDatabase: at X.3gU.run(Unknown Source:982)
03-01 11:06:56.343 21768 21818 E SQLiteDatabase: at android.os.Handler.handleCallback(Handler.java:883)
03-01 11:06:56.343 21768 21818 E SQLiteDatabase: at android.os.Handler.dispatchMessage(Handler.java:100)
03-01 11:06:56.343 21768 21818 E SQLiteDatabase: at X.0zq.dispatchMessage(Unknown Source:4)
03-01 11:06:56.343 21768 21818 E SQLiteDatabase: at android.os.Looper.loop(Looper.java:264)
03-01 11:06:56.343 21768 21818 E SQLiteDatabase: at android.os.HandlerThread.run(HandlerThread.java:67)
03-01 11:06:56.474 21768 21818 E SQLiteDatabase: Error inserting transferred=1 media_job_uuid=e86256d8-5654-41d8-b8bf-bbcab22e5011 transcoded=0 gif_attribution=0 first_scan_length=0 direct_path=/v/t62.7118- 24/33303324_703570938599922_8761196530994149554_n.enc?ccb=11- 4&oh=01_AdRE8ooVFiODdQ72osHP-QpRAxp0PTSFCbiJgWTaMvizmw&oe=6607FCE8&_nc_sid=5e03e0 thumbnail_height_width_ratio=1.0 is_animated_sticker=0 file_hash=aBYVOX1BjQf95aH1xDgr9T4oJQLDa+xPnAPJa3lKbI8= file_path=Media/.Statuses/c3c8f76eccbf4f2e9474d3665daf9fce.jpg file_size=15359 partial_media_hash=null face_x=0 face_y=0 height=498 trim_to=0 media_key_timestamp=1709185780000 message_url=https://mmg.whatsapp.net/v/t62.7118- 24/33303324_703570938599922_8761196530994149554_n.enc?ccb=11- 4&oh=01_AdRE8ooVFiODdQ72osHP- QpRAxp0PTSFCbiJgWTaMvizmw&oe=6607FCE8&_nc_sid=5e03e0&mms3=true media_caption=null trim_from=0 mime_type=image/jpeg partial_media_enc_hash=null width=498 original_file_hash=null has_streaming_sidecar=0 autotransfer_retry_enabled=1 media_upload_handle=null message_row_id=313 multicast_id=null enc_file_hash=fDsQVRoaeY5Mom2wZ0eAbtVvIxwhKr9WJp0/n33UB2g= mute_video=0 page_count=0 first_scan_sidecar=null suspicious_content=0 file_length=15359 media_name=null media_duration=0 chat_row_id=41 media_key=[B@15e17f
03-01 11:06:56.474 21768 21818 E SQLiteDatabase: android.database.sqlite.SQLiteConstraintException: UNIQUE constraint failed: message_media.message_row_id (code 1555 SQLITE_CONSTRAINT_PRIMARYKEY)
03-01 11:06:56.474 21768 21818 E SQLiteDatabase: at android.database.sqlite.SQLiteConnection.nativeExecuteForLastInsertedRowId(Native Method)
03-01 11:06:56.474 21768 21818 E SQLiteDatabase: at android.database.sqlite.SQLiteConnection.executeForLastInsertedRowId(SQLiteConnecti on.java:879)
03-01 11:06:56.474 21768 21818 E SQLiteDatabase: at android.database.sqlite.SQLiteSession.executeForLastInsertedRowId(SQLiteSession.jav a:790)
03-01 11:06:56.474 21768 21818 E SQLiteDatabase: at android.database.sqlite.SQLiteStatement.executeInsert(SQLiteStatement.java:88)
03-01 11:06:56.474 21768 21818 E SQLiteDatabase: at android.database.sqlite.SQLiteDatabase.insertWithOnConflict(SQLiteDatabase.java:159 9)
03-01 11:06:56.474 21768 21818 E SQLiteDatabase: at android.database.sqlite.SQLiteDatabase.insert(SQLiteDatabase.java:1468)
03-01 11:06:56.474 21768 21818 E SQLiteDatabase: at X.2tm.A08(Unknown Source:6)
03-01 11:06:56.474 21768 21818 E SQLiteDatabase: at X.35Y.A07(Unknown Source:212)
03-01 11:06:56.474 21768 21818 E SQLiteDatabase: at X.3QF.A14(Unknown Source:470)
03-01 11:06:56.474 21768 21818 E SQLiteDatabase: at X.3gU.run(Unknown Source:982)
03-01 11:06:56.474 21768 21818 E SQLiteDatabase: at android.os.Handler.handleCallback(Handler.java:883)
03-01 11:06:56.474 21768 21818 E SQLiteDatabase: at android.os.Handler.dispatchMessage(Handler.java:100)
03-01 11:06:56.474 21768 21818 E SQLiteDatabase: at X.0zq.dispatchMessage(Unknown Source:4)
03-01 11:06:56.474 21768 21818 E SQLiteDatabase: at android.os.Looper.loop(Looper.java:264)
03-01 11:06:56.474 21768 21818 E SQLiteDatabase: at android.os.HandlerThread.run(HandlerThread.java:67)
03-01 11:07:04.030 21768 21768 E RecyclerView: No adapter attached; skipping layout
03-01 11:07:16.713 21768 21768 W ActivityThread: handleWindowVisibility: no activity for token android.os.BinderProxy@7b2d905
03-01 11:07:16.957 21768 21768 W BottomSheetBehavior: BottomSheetBehavior now supports multiple callbacks. `setBottomSheetCallback()` removes all existing callbacks, including ones set internally by library authors, which may result in unintended behavior. This may change in the future. Please use `addBottomSheetCallback()` and `removeBottomSheetCallback()` instead to set your own callbacks.
03-01 11:07:16.979 21768 21768 W BottomSheetBehavior: BottomSheetBehavior now supports multiple callbacks. `setBottomSheetCallback()` removes all existing callbacks, including ones set internally by library authors, which may result in unintended behavior. This may change in the future. Please use `addBottomSheetCallback()` and `removeBottomSheetCallback()` instead to set your own callbacks.
03-01 11:07:17.027 21768 21768 E RecyclerView: No adapter attached; skipping layout
03-01 11:07:17.028 21768 21768 E RecyclerView: No adapter attached; skipping layout
03-01 11:07:17.051 21768 21768 W BottomSheetBehavior: BottomSheetBehavior now supports multiple callbacks. `setBottomSheetCallback()` removes all existing callbacks, including ones set internally by library authors, which may result in unintended behavior. This may change in the future. Please use `addBottomSheetCallback()` and `removeBottomSheetCallback()` instead to set your own callbacks.
03-01 11:07:17.051 21768 21768 W BottomSheetBehavior: BottomSheetBehavior now supports multiple callbacks. `setBottomSheetCallback()` removes all existing callbacks, including ones set internally by library authors, which may result in unintended behavior. This may change in the future. Please use `addBottomSheetCallback()` and `removeBottomSheetCallback()` instead to set your own callbacks.
03-01 11:07:17.095 21768 21768 W BottomSheetBehavior: BottomSheetBehavior now supports multiple callbacks. `setBottomSheetCallback()` removes all existing callbacks, including ones set internally by library authors, which may result in unintended behavior. This may change in the future. Please use `addBottomSheetCallback()` and `removeBottomSheetCallback()` instead to set your own callbacks.
03-01 11:07:17.095 21768 21768 W BottomSheetBehavior: BottomSheetBehavior now supports multiple callbacks. `setBottomSheetCallback()` removes all existing callbacks, including ones set internally by library authors, which may result in unintended behavior. This may change in the future. Please use `addBottomSheetCallback()` and `removeBottomSheetCallback()` instead to set your own callbacks.
03-01 11:07:17.134 21768 21768 E RecyclerView: No adapter attached; skipping layout
03-01 11:07:17.135 21768 21768 E RecyclerView: No adapter attached; skipping layout
03-01 11:07:17.510 21768 21768 W BottomSheetBehavior: BottomSheetBehavior now supports multiple callbacks. `setBottomSheetCallback()` removes all existing callbacks, including ones set internally by library authors, which may result in unintended behavior. This may change in the future. Please use `addBottomSheetCallback()` and `removeBottomSheetCallback()` instead to set your own callbacks.
03-01 11:07:17.510 21768 21768 W BottomSheetBehavior: BottomSheetBehavior now supports multiple callbacks. `setBottomSheetCallback()` removes all existing callbacks, including ones set internally by library authors, which may result in unintended behavior. This may change in the future. Please use `addBottomSheetCallback()` and `removeBottomSheetCallback()` instead to set your own callbacks.
03-01 11:07:17.535 21768 21768 E RecyclerView: No adapter attached; skipping layout
03-01 11:07:18.093 21768 21768 W BottomSheetBehavior: BottomSheetBehavior now supports multiple callbacks. `setBottomSheetCallback()` removes all existing callbacks, including ones set internally by library authors, which may result in unintended behavior. This may change in the future. Please use `addBottomSheetCallback()` and `removeBottomSheetCallback()` instead to set your own callbacks.
03-01 11:07:18.093 21768 21768 W BottomSheetBehavior: BottomSheetBehavior now supports multiple callbacks. `setBottomSheetCallback()` removes all existing callbacks, including ones set internally by library authors, which may result in unintended behavior. This may change in the future. Please use `addBottomSheetCallback()` and `removeBottomSheetCallback()` instead to set your own callbacks.
03-01 11:07:18.107 21768 21768 E RecyclerView: No adapter attached; skipping layout
03-01 11:07:18.427 21768 21818 E SQLiteDatabase: Error inserting transferred=1 media_job_uuid=3abcf8bd-4250-4e26-ad4b-5fddb65c6d27 transcoded=0 gif_attribution=0 first_scan_length=0 direct_path=/v/t62.7118- 24/13740401_768382678506907_5899681517764736051_n.enc?ccb=11-4&oh=01_AdS6RWblm- mJGn7_vdVCBP9tYajLn13XQ5uLZkwQ40zeaQ&oe=6608799E&_nc_sid=5e03e0 thumbnail_height_width_ratio=2.0869565 is_animated_sticker=0 file_hash=/jAy22x/CIy/d1omzwFPLWol/IudlVd6/db+D+o3cgI= file_path=Media/.Statuses/d9dfae7056eb46d4a4ee6dec06b07269.jpg file_size=278464 partial_media_hash=null face_x=0 face_y=0 height=2220 trim_to=0 media_key_timestamp=1709243087000 message_url=https://mmg.whatsapp.net/v/t62.7118- 24/13740401_768382678506907_5899681517764736051_n.enc?ccb=11-4&oh=01_AdS6RWblm- mJGn7_vdVCBP9tYajLn13XQ5uLZkwQ40zeaQ&oe=6608799E&_nc_sid=5e03e0&mms3=true media_caption=null trim_from=0 mime_type=image/jpeg partial_media_enc_hash=null width=1080 original_file_hash=null has_streaming_sidecar=0 autotransfer_retry_enabled=1 media_upload_handle=null message_row_id=344 multicast_id=null enc_file_hash=VQ5q/ZIfeh9liu3W1mUPWmJ9TCB6VfNV5npjhrLZaIg= mute_video=0 page_count=0 first_scan_sidecar=null suspicious_content=0 file_length=278464 media_name=null media_duration=0 chat_row_id=41 media_key=[B@afd4214
03-01 11:07:18.427 21768 21818 E SQLiteDatabase: android.database.sqlite.SQLiteConstraintException: UNIQUE constraint failed: message_media.message_row_id (code 1555 SQLITE_CONSTRAINT_PRIMARYKEY)
03-01 11:07:18.427 21768 21818 E SQLiteDatabase: at android.database.sqlite.SQLiteConnection.nativeExecuteForLastInsertedRowId(Native Method)
03-01 11:07:18.427 21768 21818 E SQLiteDatabase: at android.database.sqlite.SQLiteConnection.executeForLastInsertedRowId(SQLiteConnecti on.java:879)
03-01 11:07:18.427 21768 21818 E SQLiteDatabase: at android.database.sqlite.SQLiteSession.executeForLastInsertedRowId(SQLiteSession.jav a:790)
03-01 11:07:18.427 21768 21818 E SQLiteDatabase: at android.database.sqlite.SQLiteStatement.executeInsert(SQLiteStatement.java:88)
03-01 11:07:18.427 21768 21818 E SQLiteDatabase: at android.database.sqlite.SQLiteDatabase.insertWithOnConflict(SQLiteDatabase.java:159 9)
03-01 11:07:18.427 21768 21818 E SQLiteDatabase: at android.database.sqlite.SQLiteDatabase.insert(SQLiteDatabase.java:1468)
03-01 11:07:18.427 21768 21818 E SQLiteDatabase: at X.2tm.A08(Unknown Source:6)
03-01 11:07:18.427 21768 21818 E SQLiteDatabase: at X.35Y.A07(Unknown Source:212)
03-01 11:07:18.427 21768 21818 E SQLiteDatabase: at X.3QF.A14(Unknown Source:470)
03-01 11:07:18.427 21768 21818 E SQLiteDatabase: at X.3gU.run(Unknown Source:982)
03-01 11:07:18.427 21768 21818 E SQLiteDatabase: at android.os.Handler.handleCallback(Handler.java:883)
03-01 11:07:18.427 21768 21818 E SQLiteDatabase: at android.os.Handler.dispatchMessage(Handler.java:100)
03-01 11:07:18.427 21768 21818 E SQLiteDatabase: at X.0zq.dispatchMessage(Unknown Source:4)
03-01 11:07:18.427 21768 21818 E SQLiteDatabase: at android.os.Looper.loop(Looper.java:264)
03-01 11:07:18.427 21768 21818 E SQLiteDatabase: at android.os.HandlerThread.run(HandlerThread.java:67)
03-01 11:07:18.648 21768 21768 W BottomSheetBehavior: BottomSheetBehavior now supports multiple callbacks. `setBottomSheetCallback()` removes all existing callbacks, including ones set internally by library authors, which may result in unintended behavior. This may change in the future. Please use `addBottomSheetCallback()` and `removeBottomSheetCallback()` instead to set your own callbacks.
03-01 11:07:18.648 21768 21768 W BottomSheetBehavior: BottomSheetBehavior now supports multiple callbacks. `setBottomSheetCallback()` removes all existing callbacks, including ones set internally by library authors, which may result in unintended behavior. This may change in the future. Please use `addBottomSheetCallback()` and `removeBottomSheetCallback()` instead to set your own callbacks.
03-01 11:07:18.673 21768 21768 E RecyclerView: No adapter attached; skipping layout
03-01 11:07:19.472 21768 21768 W BottomSheetBehavior: BottomSheetBehavior now supports multiple callbacks. `setBottomSheetCallback()` removes all existing callbacks, including ones set internally by library authors, which may result in unintended behavior. This may change in the future. Please use `addBottomSheetCallback()` and `removeBottomSheetCallback()` instead to set your own callbacks.
03-01 11:07:19.472 21768 21768 W BottomSheetBehavior: BottomSheetBehavior now supports multiple callbacks. `setBottomSheetCallback()` removes all existing callbacks, including ones set internally by library authors, which may result in unintended behavior. This may change in the future. Please use `addBottomSheetCallback()` and `removeBottomSheetCallback()` instead to set your own callbacks.
03-01 11:07:19.497 21768 21768 E RecyclerView: No adapter attached; skipping layout
03-01 11:07:20.020 21768 21768 W BottomSheetBehavior: BottomSheetBehavior now supports multiple callbacks. `setBottomSheetCallback()` removes all existing callbacks, including ones set internally by library authors, which may result in unintended behavior. This may change in the future. Please use `addBottomSheetCallback()` and `removeBottomSheetCallback()` instead to set your own callbacks.
03-01 11:07:20.021 21768 21768 W BottomSheetBehavior: BottomSheetBehavior now supports multiple callbacks. `setBottomSheetCallback()` removes all existing callbacks, including ones set internally by library authors, which may result in unintended behavior. This may change in the future. Please use `addBottomSheetCallback()` and `removeBottomSheetCallback()` instead to set your own callbacks.
03-01 11:07:20.046 21768 21768 E RecyclerView: No adapter attached; skipping layout
03-01 11:07:20.538 21768 21768 W BottomSheetBehavior: BottomSheetBehavior now supports multiple callbacks. `setBottomSheetCallback()` removes all existing callbacks, including ones set internally by library authors, which may result in unintended behavior. This may change in the future. Please use `addBottomSheetCallback()` and `removeBottomSheetCallback()` instead to set your own callbacks.
03-01 11:07:20.538 21768 21768 W BottomSheetBehavior: BottomSheetBehavior now supports multiple callbacks. `setBottomSheetCallback()` removes all existing callbacks, including ones set internally by library authors, which may result in unintended behavior. This may change in the future. Please use `addBottomSheetCallback()` and `removeBottomSheetCallback()` instead to set your own callbacks.
03-01 11:07:20.552 21768 21768 E RecyclerView: No adapter attached; skipping layout
03-01 11:07:21.099 21768 21768 E RecyclerView: No adapter attached; skipping layout
03-01 11:07:21.105 21768 21768 W com.mbwhatsapp: type=1400 audit(0.0:1651): avc: denied { read } for name="u:object_r:debug_bq_dump_prop:s0" dev="tmpfs" ino=7592 scontext=u:r:untrusted_app:s0:c207,c256,c512,c768 tcontext=u:object_r:debug_bq_dump_prop:s0 tclass=file permissive=0
03-01 11:07:21.114 21768 21768 E libc : Access denied finding property "vendor.debug.bq.dump"
03-01 11:07:21.105 21768 21768 W com.mbwhatsapp: type=1400 audit(0.0:1652): avc: denied { read } for name="u:object_r:debug_bq_dump_prop:s0" dev="tmpfs" ino=7592 scontext=u:r:untrusted_app:s0:c207,c256,c512,c768 tcontext=u:object_r:debug_bq_dump_prop:s0 tclass=file permissive=0
03-01 11:07:21.114 21768 21768 E libc : Access denied finding property "vendor.debug.bq.dump"
03-01 11:07:21.115 21768 21768 E libc : Access denied finding property "vendor.debug.bq.dump"
03-01 11:07:21.173 21768 21995 W AudioCapabilities: Unsupported mime audio/x-adpcm- ms
03-01 11:07:21.173 21768 21995 W AudioCapabilities: Unsupported mime audio/x-adpcm- dvi-ima
03-01 11:07:21.174 21768 21995 W AudioCapabilities: Unsupported mime audio/alac
03-01 11:07:21.174 21768 21995 W AudioCapabilities: Unsupported mime audio/ape
03-01 11:07:21.189 21768 21995 W VideoCapabilities: Unrecognized profile/level 1/32 for video/mp4v-es
03-01 11:07:21.189 21768 21995 W VideoCapabilities: Unrecognized profile/level 32768/2 for video/mp4v-es
03-01 11:07:21.189 21768 21995 W VideoCapabilities: Unrecognized profile/level 32768/64 for video/mp4v-es
03-01 11:07:21.196 21768 21995 W VideoCapabilities: Unsupported mime video/x-ms-wmv
03-01 11:07:21.197 21768 21995 W VideoCapabilities: Unsupported mime video/xvid
03-01 11:07:21.205 21768 21995 W VideoCapabilities: Unrecognized profile/level 1/32 for video/mp4v-es
03-01 11:07:21.300 21768 21998 E MtkACodec: setConfig(OMX_CONFIG_ROTATIONTYPE) returned error 0xfffffc0e
03-01 11:07:21.300 21768 21998 E ACodec : [OMX.MTK.VIDEO.DECODER.AVC] failed to setViLTEParameters 1
03-01 11:07:21.349 21768 21998 W ACodec : [OMX.MTK.VIDEO.DECODER.AVC] setting nBufferCountActual to 8 failed: -22
03-01 11:07:21.359 21768 21998 W Gralloc3: allocator 3.x is not supported
03-01 11:07:21.366 21768 21998 E ion : ioctl c0044901 failed with code -1: Invalid argument
03-01 11:07:21.410 21768 21998 W ACodec : [OMX.MTK.VIDEO.DECODER.AVC] setting nBufferCountActual to 16 failed: -22
03-01 11:07:22.834 21768 21818 E SQLiteDatabase: Error inserting transferred=1 media_job_uuid=6a674a75-576f-4c85-b59e-7ba520023045 transcoded=0 gif_attribution=0 first_scan_length=0 direct_path=/v/t62.7161- 24/28876062_905597634681722_5452943657763197006_n.enc?ccb=11- 4&oh=01_AdTcYa89ccnigWoRBRPAHz7yvZ8W2aVtPcTTQ5d3rXQsxg&oe=6608DBBE&_nc_sid=5e03e0 thumbnail_height_width_ratio=1.7777778 is_animated_sticker=0 file_hash=Jt4o6ORn+X0KIrn7Mj8CXe1c2RwzX4d7TuHwRrXZr14= file_path=Media/.Statuses/09c5ad9884564a84bb4f3bb48e2636e8.mp4 file_size=3898068 partial_media_hash=null face_x=0 face_y=0 height=656 trim_to=0 media_key_timestamp=1709273940000 message_url=https://mmg.whatsapp.net/v/t62.7161- 24/28876062_905597634681722_5452943657763197006_n.enc?ccb=11- 4&oh=01_AdTcYa89ccnigWoRBRPAHz7yvZ8W2aVtPcTTQ5d3rXQsxg&oe=6608DBBE&_nc_sid=5e03e0&m ms3=true media_caption=null trim_from=0 mime_type=video/mp4 partial_media_enc_hash=null width=368 original_file_hash=null has_streaming_sidecar=1 autotransfer_retry_enabled=1 media_upload_handle=null message_row_id=360 multicast_id=null enc_file_hash=oiocLOsEbtHYbB6P4/AGp67xZMJD1o1KXobA1QMKwi0= mute_video=0 page_count=0 first_scan_sidecar=null suspicious_content=0 file_length=3898068 media_name=null media_duration=26 chat_row_id=41 media_key=[B@c6055a8
03-01 11:07:22.834 21768 21818 E SQLiteDatabase: android.database.sqlite.SQLiteConstraintException: UNIQUE constraint failed: message_media.message_row_id (code 1555 SQLITE_CONSTRAINT_PRIMARYKEY)
03-01 11:07:22.834 21768 21818 E SQLiteDatabase: at android.database.sqlite.SQLiteConnection.nativeExecuteForLastInsertedRowId(Native Method)
03-01 11:07:22.834 21768 21818 E SQLiteDatabase: at android.database.sqlite.SQLiteConnection.executeForLastInsertedRowId(SQLiteConnecti on.java:879)
03-01 11:07:22.834 21768 21818 E SQLiteDatabase: at android.database.sqlite.SQLiteSession.executeForLastInsertedRowId(SQLiteSession.jav a:790)
03-01 11:07:22.834 21768 21818 E SQLiteDatabase: at android.database.sqlite.SQLiteStatement.executeInsert(SQLiteStatement.java:88)
03-01 11:07:22.834 21768 21818 E SQLiteDatabase: at android.database.sqlite.SQLiteDatabase.insertWithOnConflict(SQLiteDatabase.java:159 9)
03-01 11:07:22.834 21768 21818 E SQLiteDatabase: at android.database.sqlite.SQLiteDatabase.insert(SQLiteDatabase.java:1468)
03-01 11:07:22.834 21768 21818 E SQLiteDatabase: at X.2tm.A08(Unknown Source:6)
03-01 11:07:22.834 21768 21818 E SQLiteDatabase: at X.35Y.A07(Unknown Source:212)
03-01 11:07:22.834 21768 21818 E SQLiteDatabase: at X.3QF.A14(Unknown Source:470)
03-01 11:07:22.834 21768 21818 E SQLiteDatabase: at X.3gU.run(Unknown Source:982)
03-01 11:07:22.834 21768 21818 E SQLiteDatabase: at android.os.Handler.handleCallback(Handler.java:883)
03-01 11:07:22.834 21768 21818 E SQLiteDatabase: at android.os.Handler.dispatchMessage(Handler.java:100)
03-01 11:07:22.834 21768 21818 E SQLiteDatabase: at X.0zq.dispatchMessage(Unknown Source:4)
03-01 11:07:22.834 21768 21818 E SQLiteDatabase: at android.os.Looper.loop(Looper.java:264)
03-01 11:07:22.834 21768 21818 E SQLiteDatabase: at android.os.HandlerThread.run(HandlerThread.java:67)
03-01 11:07:39.760 21768 21768 E RecyclerView: No adapter attached; skipping layout
03-01 11:07:39.761 21768 21768 E RecyclerView: No adapter attached; skipping layout
03-01 11:07:45.714 21768 21768 E RecyclerView: No adapter attached; skipping layout
03-01 11:07:45.715 21768 21768 E RecyclerView: No adapter attached; skipping layout
03-01 11:07:47.943 21768 21832 W RefBase : CallStack::getCurrentInternal not linked, returning null
03-01 11:07:47.943 21768 21832 W RefBase : CallStack::logStackInternal not linked
03-01 11:07:47.943 21768 21832 W RefBase : CallStack::getCurrentInternal not linked, returning null
03-01 11:07:47.943 21768 21832 W RefBase : CallStack::logStackInternal not linked
03-01 11:07:47.944 21768 21832 W RefBase : CallStack::getCurrentInternal not linked, returning null
03-01 11:07:47.944 21768 21832 W RefBase : CallStack::logStackInternal not linked
03-01 11:07:47.944 21768 21832 W RefBase : CallStack::getCurrentInternal not linked, returning null
03-01 11:07:47.944 21768 21832 W RefBase : CallStack::logStackInternal not linked
03-01 11:07:47.944 21768 21832 W RefBase : CallStack::getCurrentInternal not linked, returning null
03-01 11:07:47.945 21768 21832 W RefBase : CallStack::logStackInternal not linked
03-01 11:07:47.945 21768 21832 W RefBase : CallStack::getCurrentInternal not linked, returning null
03-01 11:07:47.945 21768 21832 W RefBase : CallStack::logStackInternal not linked
03-01 11:07:47.945 21768 21832 W RefBase : CallStack::getCurrentInternal not linked, returning null
03-01 11:07:47.945 21768 21832 W RefBase : CallStack::logStackInternal not linked
03-01 11:07:47.946 21768 21832 W RefBase : CallStack::getCurrentInternal not linked, returning null
03-01 11:07:47.946 21768 21832 W RefBase : CallStack::logStackInternal not linked
03-01 11:07:47.946 21768 21832 W RefBase : CallStack::getCurrentInternal not linked, returning null
03-01 11:07:47.946 21768 21832 W RefBase : CallStack::logStackInternal not linked
03-01 11:07:47.946 21768 21832 W RefBase : CallStack::getCurrentInternal not linked, returning null
03-01 11:07:47.946 21768 21832 W RefBase : CallStack::logStackInternal not linked
03-01 11:07:47.947 21768 21832 W RefBase : CallStack::getCurrentInternal not linked, returning null
03-01 11:07:47.947 21768 21832 W RefBase : CallStack::logStackInternal not linked
03-01 11:07:47.947 21768 21832 W RefBase : CallStack::getCurrentInternal not linked, returning null
03-01 11:07:47.947 21768 21832 W RefBase : CallStack::logStackInternal not linked
03-01 11:07:47.947 21768 21832 W RefBase : CallStack::getCurrentInternal not linked, returning null
03-01 11:07:47.947 21768 21832 W RefBase : CallStack::logStackInternal not linked
03-01 11:07:49.295 21768 21768 W ActivityThread: handleWindowVisibility: no activity for token android.os.BinderProxy@f408470
03-01 11:07:49.482 21768 21768 W BottomSheetBehavior: BottomSheetBehavior now supports multiple callbacks. `setBottomSheetCallback()` removes all existing callbacks, including ones set internally by library authors, which may result in unintended behavior. This may change in the future. Please use `addBottomSheetCallback()` and `removeBottomSheetCallback()` instead to set your own callbacks.
03-01 11:07:49.482 21768 21768 W BottomSheetBehavior: BottomSheetBehavior now supports multiple callbacks. `setBottomSheetCallback()` removes all existing callbacks, including ones set internally by library authors, which may result in unintended behavior. This may change in the future. Please use `addBottomSheetCallback()` and `removeBottomSheetCallback()` instead to set your own callbacks.
03-01 11:07:49.532 21768 21768 W BottomSheetBehavior: BottomSheetBehavior now supports multiple callbacks. `setBottomSheetCallback()` removes all existing callbacks, including ones set internally by library authors, which may result in unintended behavior. This may change in the future. Please use `addBottomSheetCallback()` and `removeBottomSheetCallback()` instead to set your own callbacks.
03-01 11:07:49.532 21768 21768 W BottomSheetBehavior: BottomSheetBehavior now supports multiple callbacks. `setBottomSheetCallback()` removes all existing callbacks, including ones set internally by library authors, which may result in unintended behavior. This may change in the future. Please use `addBottomSheetCallback()` and `removeBottomSheetCallback()` instead to set your own callbacks.
03-01 11:07:49.571 21768 21768 W BottomSheetBehavior: BottomSheetBehavior now supports multiple callbacks. `setBottomSheetCallback()` removes all existing callbacks, including ones set internally by library authors, which may result in unintended behavior. This may change in the future. Please use `addBottomSheetCallback()` and `removeBottomSheetCallback()` instead to set your own callbacks.
03-01 11:07:49.587 21768 21768 W BottomSheetBehavior: BottomSheetBehavior now supports multiple callbacks. `setBottomSheetCallback()` removes all existing callbacks, including ones set internally by library authors, which may result in unintended behavior. This may change in the future. Please use `addBottomSheetCallback()` and `removeBottomSheetCallback()` instead to set your own callbacks.
03-01 11:07:49.624 21768 21768 E RecyclerView: No adapter attached; skipping layout
03-01 11:07:49.655 21768 21768 E RecyclerView: No adapter attached; skipping layout
03-01 11:07:50.090 21768 21768 W BottomSheetBehavior: BottomSheetBehavior now supports multiple callbacks. `setBottomSheetCallback()` removes all existing callbacks, including ones set internally by library authors, which may result in unintended behavior. This may change in the future. Please use `addBottomSheetCallback()` and `removeBottomSheetCallback()` instead to set your own callbacks.
03-01 11:07:50.090 21768 21768 W BottomSheetBehavior: BottomSheetBehavior now supports multiple callbacks. `setBottomSheetCallback()` removes all existing callbacks, including ones set internally by library authors, which may result in unintended behavior. This may change in the future. Please use `addBottomSheetCallback()` and `removeBottomSheetCallback()` instead to set your own callbacks.
03-01 11:07:50.122 21768 21768 E RecyclerView: No adapter attached; skipping layout
03-01 11:07:50.259 21768 21768 W BottomSheetBehavior: BottomSheetBehavior now supports multiple callbacks. `setBottomSheetCallback()` removes all existing callbacks, including ones set internally by library authors, which may result in unintended behavior. This may change in the future. Please use `addBottomSheetCallback()` and `removeBottomSheetCallback()` instead to set your own callbacks.
03-01 11:07:50.259 21768 21768 W BottomSheetBehavior: BottomSheetBehavior now supports multiple callbacks. `setBottomSheetCallback()` removes all existing callbacks, including ones set internally by library authors, which may result in unintended behavior. This may change in the future. Please use `addBottomSheetCallback()` and `removeBottomSheetCallback()` instead to set your own callbacks.
03-01 11:07:50.270 21768 21768 E RecyclerView: No adapter attached; skipping layout
03-01 11:07:50.555 21768 21768 W BottomSheetBehavior: BottomSheetBehavior now supports multiple callbacks. `setBottomSheetCallback()` removes all existing callbacks, including ones set internally by library authors, which may result in unintended behavior. This may change in the future. Please use `addBottomSheetCallback()` and `removeBottomSheetCallback()` instead to set your own callbacks.
03-01 11:07:50.555 21768 21768 W BottomSheetBehavior: BottomSheetBehavior now supports multiple callbacks. `setBottomSheetCallback()` removes all existing callbacks, including ones set internally by library authors, which may result in unintended behavior. This may change in the future. Please use `addBottomSheetCallback()` and `removeBottomSheetCallback()` instead to set your own callbacks.
03-01 11:07:50.583 21768 21768 E RecyclerView: No adapter attached; skipping layout
03-01 11:07:51.018 21768 21768 W BottomSheetBehavior: BottomSheetBehavior now supports multiple callbacks. `setBottomSheetCallback()` removes all existing callbacks, including ones set internally by library authors, which may result in unintended behavior. This may change in the future. Please use `addBottomSheetCallback()` and `removeBottomSheetCallback()` instead to set your own callbacks.
03-01 11:07:51.018 21768 21768 W BottomSheetBehavior: BottomSheetBehavior now supports multiple callbacks. `setBottomSheetCallback()` removes all existing callbacks, including ones set internally by library authors, which may result in unintended behavior. This may change in the future. Please use `addBottomSheetCallback()` and `removeBottomSheetCallback()` instead to set your own callbacks.
03-01 11:07:51.043 21768 21768 E RecyclerView: No adapter attached; skipping layout
03-01 11:07:51.533 21768 21768 W BottomSheetBehavior: BottomSheetBehavior now supports multiple callbacks. `setBottomSheetCallback()` removes all existing callbacks, including ones set internally by library authors, which may result in unintended behavior. This may change in the future. Please use `addBottomSheetCallback()` and `removeBottomSheetCallback()` instead to set your own callbacks.
03-01 11:07:51.533 21768 21768 W BottomSheetBehavior: BottomSheetBehavior now supports multiple callbacks. `setBottomSheetCallback()` removes all existing callbacks, including ones set internally by library authors, which may result in unintended behavior. This may change in the future. Please use `addBottomSheetCallback()` and `removeBottomSheetCallback()` instead to set your own callbacks.
03-01 11:07:51.556 21768 21768 E RecyclerView: No adapter attached; skipping layout
03-01 11:07:52.061 21768 21768 W BottomSheetBehavior: BottomSheetBehavior now supports multiple callbacks. `setBottomSheetCallback()` removes all existing callbacks, including ones set internally by library authors, which may result in unintended behavior. This may change in the future. Please use `addBottomSheetCallback()` and `removeBottomSheetCallback()` instead to set your own callbacks.
03-01 11:07:52.061 21768 21768 W BottomSheetBehavior: BottomSheetBehavior now supports multiple callbacks. `setBottomSheetCallback()` removes all existing callbacks, including ones set internally by library authors, which may result in unintended behavior. This may change in the future. Please use `addBottomSheetCallback()` and `removeBottomSheetCallback()` instead to set your own callbacks.
03-01 11:07:52.072 21768 21768 E RecyclerView: No adapter attached; skipping layout
03-01 11:07:52.550 21768 21768 E RecyclerView: No adapter attached; skipping layout
03-01 11:07:52.535 21768 21768 W com.mbwhatsapp: type=1400 audit(0.0:1660): avc: denied { read } for name="u:object_r:debug_bq_dump_prop:s0" dev="tmpfs" ino=7592 scontext=u:r:untrusted_app:s0:c207,c256,c512,c768 tcontext=u:object_r:debug_bq_dump_prop:s0 tclass=file permissive=0
03-01 11:07:52.552 21768 21768 E libc : Access denied finding property "vendor.debug.bq.dump"
03-01 11:07:52.552 21768 21768 E libc : Access denied finding property "vendor.debug.bq.dump"
03-01 11:07:52.535 21768 21768 W com.mbwhatsapp: type=1400 audit(0.0:1661): avc: denied { read } for name="u:object_r:debug_bq_dump_prop:s0" dev="tmpfs" ino=7592 scontext=u:r:untrusted_app:s0:c207,c256,c512,c768 tcontext=u:object_r:debug_bq_dump_prop:s0 tclass=file permissive=0
03-01 11:07:52.553 21768 21768 E libc : Access denied finding property "vendor.debug.bq.dump"
03-01 11:07:52.535 21768 21768 W com.mbwhatsapp: type=1400 audit(0.0:1662): avc: denied { read } for name="u:object_r:debug_bq_dump_prop:s0" dev="tmpfs" ino=7592 scontext=u:r:untrusted_app:s0:c207,c256,c512,c768 tcontext=u:object_r:debug_bq_dump_prop:s0 tclass=file permissive=0
03-01 11:07:52.615 21768 22061 E MtkACodec: setConfig(OMX_CONFIG_ROTATIONTYPE) returned error 0xfffffc0e
03-01 11:07:52.615 21768 22061 E ACodec : [OMX.MTK.VIDEO.DECODER.AVC] failed to setViLTEParameters 1
03-01 11:07:52.629 21768 22061 W ACodec : [OMX.MTK.VIDEO.DECODER.AVC] setting nBufferCountActual to 8 failed: -22
03-01 11:07:52.658 21768 22061 W ACodec : [OMX.MTK.VIDEO.DECODER.AVC] setting nBufferCountActual to 16 failed: -22
03-01 11:08:16.340 21768 21832 W RefBase : CallStack::getCurrentInternal not linked, returning null
03-01 11:08:16.340 21768 21832 W RefBase : CallStack::logStackInternal not linked
03-01 11:08:16.340 21768 21832 W RefBase : CallStack::getCurrentInternal not linked, returning null
03-01 11:08:16.340 21768 21832 W RefBase : CallStack::logStackInternal not linked
03-01 11:08:16.341 21768 21832 W RefBase : CallStack::getCurrentInternal not linked, returning null
03-01 11:08:16.341 21768 21832 W RefBase : CallStack::logStackInternal not linked
03-01 11:08:16.341 21768 21832 W RefBase : CallStack::getCurrentInternal not linked, returning null
03-01 11:08:16.341 21768 21832 W RefBase : CallStack::logStackInternal not linked
03-01 11:08:16.341 21768 21832 W RefBase : CallStack::getCurrentInternal not linked, returning null
03-01 11:08:16.341 21768 21832 W RefBase : CallStack::logStackInternal not linked
03-01 11:08:16.342 21768 21832 W RefBase : CallStack::getCurrentInternal not linked, returning null
03-01 11:08:16.342 21768 21832 W RefBase : CallStack::logStackInternal not linked
03-01 11:08:16.342 21768 21832 W RefBase : CallStack::getCurrentInternal not linked, returning null
03-01 11:08:16.342 21768 21832 W RefBase : CallStack::logStackInternal not linked
03-01 11:08:16.342 21768 21832 W RefBase : CallStack::getCurrentInternal not linked, returning null
03-01 11:08:16.342 21768 21832 W RefBase : CallStack::logStackInternal not linked
03-01 11:08:16.343 21768 21832 W RefBase : CallStack::getCurrentInternal not linked, returning null
03-01 11:08:16.343 21768 21832 W RefBase : CallStack::logStackInternal not linked
03-01 11:08:16.343 21768 21832 W RefBase : CallStack::getCurrentInternal not linked, returning null
03-01 11:08:16.343 21768 21832 W RefBase : CallStack::logStackInternal not linked
03-01 11:08:16.343 21768 21832 W RefBase : CallStack::getCurrentInternal not linked, returning null
03-01 11:08:16.344 21768 21832 W RefBase : CallStack::logStackInternal not linked
03-01 11:08:16.344 21768 21832 W RefBase : CallStack::getCurrentInternal not linked, returning null
03-01 11:08:16.344 21768 21832 W RefBase : CallStack::logStackInternal not linked
03-01 11:08:16.344 21768 21832 W RefBase : CallStack::getCurrentInternal not linked, returning null
03-01 11:08:16.344 21768 21832 W RefBase : CallStack::logStackInternal not linked
03-01 11:08:28.334 21768 21768 W ActivityThread: handleWindowVisibility: no activity for token android.os.BinderProxy@3eea0e2
03-01 11:08:28.699 21768 21768 W com.mbwhatsapp: Verification of void X.5pH.A1Z(android.os.Bundle) took 190.309ms
03-01 11:08:28.990 21768 22090 E linker : library "" ("/system/lib") needed or dlopened by "/system/lib/vndk-sp-29/libRS_internal.so" is not accessible for the namespace: [name="(default)", ld_library_paths="", default_library_paths="/system/lib", permitted_paths="/system/lib/drm:/system/lib/extractors:/system/lib/hw:/system/ product/lib:/system/framework:/system/app:/system/priv-app:/vendor/framework:/ vendor/app:/vendor/priv-app:/system/vendor/framework:/system/vendor/app:/system/ vendor/priv-app:/odm/framework:/odm/app:/odm/priv-app:/oem/app:/system/product/ framework:/system/product/app:/system/product/priv-app:/data:/mnt/expand:/apex/ com.android.runtime/lib/bionic:/system/lib/bootstrap"]
03-01 11:08:28.990 21768 22090 E RenderScript: Failed loading RS driver: dlopen failed: library "" needed or dlopened by "/system/lib/vndk-sp-29/libRS_internal.so" is not accessible for the namespace "rs"
03-01 11:08:28.990 21768 22090 E RenderScript: Failed to load runtime , loading default
03-01 11:08:29.339 21768 21768 E ArmVmp : Match on catch block at 0x0a in for 0xb9
03-01 11:08:29.347 21768 21768 E ArmVmp : Match on catch block at 0x0a in for 0xb9
03-01 11:08:29.717 21768 21768 E ArmVmp : Match on catch block at 0xc3 in for 0xa9
03-01 11:08:29.723 21768 21768 E ArmVmp : Match on catch block at 0xc3 in for 0xa5
03-01 11:08:29.729 21768 21768 E ArmVmp : Match on catch block at 0xc3 in for 0xa5
03-01 11:08:29.835 21768 21768 E ArmVmp : Match on catch block at 0xc3 in for 0x95
03-01 11:08:29.839 21768 21768 E ArmVmp : Match on catch block at 0xc3 in for 0x91
03-01 11:08:29.842 21768 21768 E ArmVmp : Match on catch block at 0xc3 in for 0x91
03-01 11:08:29.920 21768 21768 E ArmVmp : Match on catch block at 0xc3 in for 0x91
03-01 11:08:29.925 21768 21768 E ArmVmp : Match on catch block at 0xc3 in for 0x95
03-01 11:08:29.929 21768 21768 E ArmVmp : Match on catch block at 0xc3 in for 0x95
03-01 11:08:29.958 21768 21768 E ArmVmp : Match on catch block at 0xc3 in for 0x99
03-01 11:08:29.962 21768 21768 E ArmVmp : Match on catch block at 0xc3 in for 0x91
03-01 11:08:29.966 21768 21768 E ArmVmp : Match on catch block at 0xc3 in for 0x91
03-01 11:08:29.981 21768 21768 E ArmVmp : Match on catch block at 0xc3 in for 0x95
03-01 11:08:29.985 21768 21768 E ArmVmp : Match on catch block at 0xc3 in for 0x99
03-01 11:08:29.988 21768 21768 E ArmVmp : Match on catch block at 0xc3 in for 0x99
03-01 11:08:30.215 21768 21768 E ArmVmp : Match on catch block at 0xc3 in for 0x91
03-01 11:08:30.220 21768 21768 E ArmVmp : Match on catch block at 0xc3 in for 0x95
03-01 11:08:30.224 21768 21768 E ArmVmp : Match on catch block at 0xc3 in for 0x95
03-01 11:08:30.232 21768 21768 E ArmVmp : Match on catch block at 0xc3 in for 0x99
03-01 11:08:30.237 21768 21768 E ArmVmp : Match on catch block at 0xc3 in for 0x91
03-01 11:08:30.241 21768 21768 E ArmVmp : Match on catch block at 0xc3 in for 0x91
03-01 11:08:30.249 21768 21768 E ArmVmp : Match on catch block at 0xc3 in for 0x95
03-01 11:08:30.253 21768 21768 E ArmVmp : Match on catch block at 0xc3 in for 0x99
03-01 11:08:30.257 21768 21768 E ArmVmp : Match on catch block at 0xc3 in for 0x99
03-01 11:08:30.264 21768 21768 E ArmVmp : Match on catch block at 0xc3 in for 0x91
03-01 11:08:30.268 21768 21768 E ArmVmp : Match on catch block at 0xc3 in for 0x95
03-01 11:08:30.271 21768 21768 E ArmVmp : Match on catch block at 0xc3 in for 0x95
03-01 11:08:30.280 21768 21768 E ArmVmp : Match on catch block at 0xc3 in for 0x99
03-01 11:08:30.284 21768 21768 E ArmVmp : Match on catch block at 0xc3 in for 0x91
03-01 11:08:30.287 21768 21768 E ArmVmp : Match on catch block at 0xc3 in for 0x91
03-01 11:08:30.299 21768 21768 E ArmVmp : Match on catch block at 0xc3 in for 0x95
03-01 11:08:30.302 21768 21768 E ArmVmp : Match on catch block at 0xc3 in for 0x99
03-01 11:08:30.305 21768 21768 E ArmVmp : Match on catch block at 0xc3 in for 0x99
03-01 11:08:30.314 21768 21768 E ArmVmp : Match on catch block at 0xc3 in for 0x91
03-01 11:08:30.318 21768 21768 E ArmVmp : Match on catch block at 0xc3 in for 0x95
03-01 11:08:30.321 21768 21768 E ArmVmp : Match on catch block at 0xc3 in for 0x95
03-01 11:08:30.331 21768 21768 E ArmVmp : Match on catch block at 0xc3 in for 0x99
03-01 11:08:30.334 21768 21768 E ArmVmp : Match on catch block at 0xc3 in for 0x91
03-01 11:08:30.338 21768 21768 E ArmVmp : Match on catch block at 0xc3 in for 0x91
03-01 11:08:30.347 21768 21768 E ArmVmp : Match on catch block at 0xc3 in for 0x95
03-01 11:08:30.350 21768 21768 E ArmVmp : Match on catch block at 0xc3 in for 0x99
03-01 11:08:30.353 21768 21768 E ArmVmp : Match on catch block at 0xc3 in for 0x99
03-01 11:08:30.364 21768 21768 E ArmVmp : Match on catch block at 0xc3 in for 0x91
03-01 11:08:30.367 21768 21768 E ArmVmp : Match on catch block at 0xc3 in for 0x95
03-01 11:08:30.371 21768 21768 E ArmVmp : Match on catch block at 0xc3 in for 0x95
03-01 11:08:30.380 21768 21768 E ArmVmp : Match on catch block at 0xc3 in for 0x99
03-01 11:08:30.384 21768 21768 E ArmVmp : Match on catch block at 0xc3 in for 0x91
03-01 11:08:30.387 21768 21768 E ArmVmp : Match on catch block at 0xc3 in for 0x91
03-01 11:08:30.397 21768 21768 E ArmVmp : Match on catch block at 0xc3 in for 0x95
03-01 11:08:30.401 21768 21768 E ArmVmp : Match on catch block at 0xc3 in for 0x99
03-01 11:08:30.406 21768 21768 E ArmVmp : Match on catch block at 0xc3 in for 0x99
03-01 11:08:30.414 21768 21768 E ArmVmp : Match on catch block at 0xc3 in for 0x91
03-01 11:08:30.417 21768 21768 E ArmVmp : Match on catch block at 0xc3 in for 0x95
03-01 11:08:30.422 21768 21768 E ArmVmp : Match on catch block at 0xc3 in for 0x95
03-01 11:08:30.430 21768 21768 E ArmVmp : Match on catch block at 0xc3 in for 0x99
03-01 11:08:30.433 21768 21768 E ArmVmp : Match on catch block at 0xc3 in for 0x91
03-01 11:08:30.436 21768 21768 E ArmVmp : Match on catch block at 0xc3 in for 0x91
03-01 11:08:30.447 21768 21768 E ArmVmp : Match on catch block at 0xc3 in for 0x95
03-01 11:08:30.451 21768 21768 E ArmVmp : Match on catch block at 0xc3 in for 0x99
03-01 11:08:30.454 21768 21768 E ArmVmp : Match on catch block at 0xc3 in for 0x99
03-01 11:08:30.463 21768 21768 E ArmVmp : Match on catch block at 0xc3 in for 0x91
