03-04 20:40:42.347 20479 20556 W RefBase : CallStack::getCurrentInternal not linked, returning null
03-04 20:40:42.347 20479 20556 W RefBase : CallStack::logStackInternal not linked
03-04 20:40:42.347 20479 20556 W RefBase : CallStack::getCurrentInternal not linked, returning null
03-04 20:40:42.347 20479 20556 W RefBase : CallStack::logStackInternal not linked
03-04 20:40:42.348 20479 20556 W RefBase : CallStack::getCurrentInternal not linked, returning null
03-04 20:40:42.348 20479 20556 W RefBase : CallStack::logStackInternal not linked
03-04 20:40:42.350 20479 20556 W RefBase : CallStack::getCurrentInternal not linked, returning null
03-04 20:40:42.350 20479 20556 W RefBase : CallStack::logStackInternal not linked
03-04 20:40:42.351 20479 20556 W RefBase : CallStack::getCurrentInternal not linked, returning null
03-04 20:40:42.351 20479 20556 W RefBase : CallStack::logStackInternal not linked
03-04 20:40:42.351 20479 20556 W RefBase : CallStack::getCurrentInternal not linked, returning null
03-04 20:40:42.351 20479 20556 W RefBase : CallStack::logStackInternal not linked
03-04 20:40:42.352 20479 20556 W RefBase : CallStack::getCurrentInternal not linked, returning null
03-04 20:40:42.352 20479 20556 W RefBase : CallStack::logStackInternal not linked
03-04 20:40:42.352 20479 20556 W RefBase : CallStack::getCurrentInternal not linked, returning null
03-04 20:40:42.352 20479 20556 W RefBase : CallStack::logStackInternal not linked
03-04 20:40:42.353 20479 20556 W RefBase : CallStack::getCurrentInternal not linked, returning null
03-04 20:40:42.353 20479 20556 W RefBase : CallStack::logStackInternal not linked
03-04 20:40:42.353 20479 20556 W RefBase : CallStack::getCurrentInternal not linked, returning null
03-04 20:40:42.353 20479 20556 W RefBase : CallStack::logStackInternal not linked
03-04 20:40:42.354 20479 20556 W RefBase : CallStack::getCurrentInternal not linked, returning null
03-04 20:40:42.354 20479 20556 W RefBase : CallStack::logStackInternal not linked
03-04 20:40:42.354 20479 20556 W RefBase : CallStack::getCurrentInternal not linked, returning null
03-04 20:40:42.354 20479 20556 W RefBase : CallStack::logStackInternal not linked
03-04 20:40:42.354 20479 20556 W RefBase : CallStack::getCurrentInternal not linked, returning null
03-04 20:40:42.354 20479 20556 W RefBase : CallStack::logStackInternal not linked
03-04 20:40:42.389 20479 21431 E MtkACodec: setConfig(OMX_CONFIG_ROTATIONTYPE) returned error 0xfffffc0e
03-04 20:40:42.389 20479 21431 E ACodec : [OMX.MTK.VIDEO.DECODER.AVC] failed to setViLTEParameters 1
03-04 20:40:42.407 20479 21431 W ACodec : [OMX.MTK.VIDEO.DECODER.AVC] setting nBufferCountActual to 8 failed: -22
03-04 20:40:42.453 20479 21431 W ACodec : [OMX.MTK.VIDEO.DECODER.AVC] setting nBufferCountActual to 17 failed: -22
03-04 20:40:42.457 20479 21437 W Codec2Client: query -- param skipped: index = 1107298332.
03-04 20:40:42.457 20479 21437 W CCodec : This behavior is subject to change. It is recommended that app developers double check whether the requested max input size is in reasonable range.
03-04 20:40:42.459 20479 21437 W Codec2Client: query -- param skipped: index = 1342179345.
03-04 20:40:42.459 20479 21437 W Codec2Client: query -- param skipped: index = 2415921170.
03-04 20:40:42.459 20479 21437 W Codec2Client: query -- param skipped: index = 1610614798.
03-04 20:40:42.519 20479 20556 W RefBase : CallStack::getCurrentInternal not linked, returning null
03-04 20:40:42.519 20479 20556 W RefBase : CallStack::logStackInternal not linked
03-04 20:40:43.349 20479 20544 E SQLiteDatabase: Error inserting transferred=1 media_job_uuid=57a11f88-b8ff-4648-9945-77e524ea8c66 transcoded=0 gif_attribution=0 first_scan_length=0 direct_path=/v/t62.7161- 24/33572784_728496449371812_2046778928524839059_n.enc?ccb=11- 4&oh=01_AdRmlQsDsd6JtsDisWdHNlzx2sA5fDxAcOpZzVFXD5bOOA&oe=660CE658&_nc_sid=5e03e0 thumbnail_height_width_ratio=1.8113208 is_animated_sticker=0 file_hash=6RAV0RJWi1CG1J+zYnW1DIy8GumCkYOJlFLovAoxKr8= file_path=Media/.Statuses/08d2bbabb6b24490946e66b10eff4ee1.mp4 file_size=1704054 partial_media_hash=null face_x=0 face_y=0 height=640 trim_to=0 media_key_timestamp=1709532311000 message_url=https://mmg.whatsapp.net/v/t62.7161- 24/33572784_728496449371812_2046778928524839059_n.enc?ccb=11- 4&oh=01_AdRmlQsDsd6JtsDisWdHNlzx2sA5fDxAcOpZzVFXD5bOOA&oe=660CE658&_nc_sid=5e03e0&m ms3=true media_caption=null trim_from=0 mime_type=video/mp4 partial_media_enc_hash=null width=352 original_file_hash=null has_streaming_sidecar=1 autotransfer_retry_enabled=1 media_upload_handle=null message_row_id=401 multicast_id=null enc_file_hash=erqkVxvrRvgvVCn/cMr3FYHtPrXFS7bfyIcCBx58Aic= mute_video=0 page_count=0 first_scan_sidecar=null suspicious_content=0 file_length=1704054 media_name=null media_duration=30 chat_row_id=41 media_key=[B@57c4a2e
03-04 20:40:43.349 20479 20544 E SQLiteDatabase: android.database.sqlite.SQLiteConstraintException: UNIQUE constraint failed: message_media.message_row_id (code 1555 SQLITE_CONSTRAINT_PRIMARYKEY)
03-04 20:40:43.349 20479 20544 E SQLiteDatabase: at android.database.sqlite.SQLiteConnection.nativeExecuteForLastInsertedRowId(Native Method)
03-04 20:40:43.349 20479 20544 E SQLiteDatabase: at android.database.sqlite.SQLiteConnection.executeForLastInsertedRowId(SQLiteConnecti on.java:879)
03-04 20:40:43.349 20479 20544 E SQLiteDatabase: at android.database.sqlite.SQLiteSession.executeForLastInsertedRowId(SQLiteSession.jav a:790)
03-04 20:40:43.349 20479 20544 E SQLiteDatabase: at android.database.sqlite.SQLiteStatement.executeInsert(SQLiteStatement.java:88)
03-04 20:40:43.349 20479 20544 E SQLiteDatabase: at android.database.sqlite.SQLiteDatabase.insertWithOnConflict(SQLiteDatabase.java:159 9)
03-04 20:40:43.349 20479 20544 E SQLiteDatabase: at android.database.sqlite.SQLiteDatabase.insert(SQLiteDatabase.java:1468)
03-04 20:40:43.349 20479 20544 E SQLiteDatabase: at X.2tm.A08(Unknown Source:6)
03-04 20:40:43.349 20479 20544 E SQLiteDatabase: at X.35Y.A07(Unknown Source:212)
03-04 20:40:43.349 20479 20544 E SQLiteDatabase: at X.3QF.A14(Unknown Source:470)
03-04 20:40:43.349 20479 20544 E SQLiteDatabase: at X.3gU.run(Unknown Source:982)
03-04 20:40:43.349 20479 20544 E SQLiteDatabase: at android.os.Handler.handleCallback(Handler.java:883)
03-04 20:40:43.349 20479 20544 E SQLiteDatabase: at android.os.Handler.dispatchMessage(Handler.java:100)
03-04 20:40:43.349 20479 20544 E SQLiteDatabase: at X.0zq.dispatchMessage(Unknown Source:4)
03-04 20:40:43.349 20479 20544 E SQLiteDatabase: at android.os.Looper.loop(Looper.java:264)
03-04 20:40:43.349 20479 20544 E SQLiteDatabase: at android.os.HandlerThread.run(HandlerThread.java:67)
03-04 20:40:43.626 20479 20499 W System : A resource failed to call dispose.
03-04 20:40:43.770 20479 20544 E SQLiteDatabase: Error inserting transferred=0 media_job_uuid=9aaec93c-473d-4868-a7cf-9a35bc94dc23 transcoded=0 gif_attribution=0 first_scan_length=0 direct_path=/v/t62.7161- 24/26719305_923733602555575_7613865774022955407_n.enc?ccb=11- 4&oh=01_AdTJJFwNAfpj017TITN5DOuKOPvI8K1qRy2cRUtPTU32mg&oe=660CEAA9&_nc_sid=5e03e0 thumbnail_height_width_ratio=1.8113208 is_animated_sticker=0 file_hash=rQRYcmg0Cai+LfULcX+wd8vktAQ9XSz041opLTvVOzc= file_path=null file_size=0 partial_media_hash=null face_x=0 face_y=0 height=640 trim_to=0 media_key_timestamp=1709532347000 message_url=https://mmg.whatsapp.net/v/t62.7161- 24/26719305_923733602555575_7613865774022955407_n.enc?ccb=11- 4&oh=01_AdTJJFwNAfpj017TITN5DOuKOPvI8K1qRy2cRUtPTU32mg&oe=660CEAA9&_nc_sid=5e03e0&m ms3=true media_caption=null trim_from=0 mime_type=video/mp4 partial_media_enc_hash=null width=352 original_file_hash=null has_streaming_sidecar=1 autotransfer_retry_enabled=1 media_upload_handle=null message_row_id=402 multicast_id=null enc_file_hash=rehAnyr8zkyC2Kxa4u3cdXkckHo+LQ8LgUqnZzE267Q= mute_video=0 page_count=0 first_scan_sidecar=null suspicious_content=0 file_length=1995598 media_name=null media_duration=29 chat_row_id=41 media_key=[B@5cf555a
03-04 20:40:43.770 20479 20544 E SQLiteDatabase: android.database.sqlite.SQLiteConstraintException: UNIQUE constraint failed: message_media.message_row_id (code 1555 SQLITE_CONSTRAINT_PRIMARYKEY)
03-04 20:40:43.770 20479 20544 E SQLiteDatabase: at android.database.sqlite.SQLiteConnection.nativeExecuteForLastInsertedRowId(Native Method)
03-04 20:40:43.770 20479 20544 E SQLiteDatabase: at android.database.sqlite.SQLiteConnection.executeForLastInsertedRowId(SQLiteConnecti on.java:879)
03-04 20:40:43.770 20479 20544 E SQLiteDatabase: at android.database.sqlite.SQLiteSession.executeForLastInsertedRowId(SQLiteSession.jav a:790)
03-04 20:40:43.770 20479 20544 E SQLiteDatabase: at android.database.sqlite.SQLiteStatement.executeInsert(SQLiteStatement.java:88)
03-04 20:40:43.770 20479 20544 E SQLiteDatabase: at android.database.sqlite.SQLiteDatabase.insertWithOnConflict(SQLiteDatabase.java:159 9)
03-04 20:40:43.770 20479 20544 E SQLiteDatabase: at android.database.sqlite.SQLiteDatabase.insert(SQLiteDatabase.java:1468)
03-04 20:40:43.770 20479 20544 E SQLiteDatabase: at X.2tm.A08(Unknown Source:6)
03-04 20:40:43.770 20479 20544 E SQLiteDatabase: at X.35Y.A07(Unknown Source:212)
03-04 20:40:43.770 20479 20544 E SQLiteDatabase: at X.3QF.A14(Unknown Source:470)
03-04 20:40:43.770 20479 20544 E SQLiteDatabase: at X.3gU.run(Unknown Source:982)
03-04 20:40:43.770 20479 20544 E SQLiteDatabase: at android.os.Handler.handleCallback(Handler.java:883)
03-04 20:40:43.770 20479 20544 E SQLiteDatabase: at android.os.Handler.dispatchMessage(Handler.java:100)
03-04 20:40:43.770 20479 20544 E SQLiteDatabase: at X.0zq.dispatchMessage(Unknown Source:4)
03-04 20:40:43.770 20479 20544 E SQLiteDatabase: at android.os.Looper.loop(Looper.java:264)
03-04 20:40:43.770 20479 20544 E SQLiteDatabase: at android.os.HandlerThread.run(HandlerThread.java:67)
03-04 20:40:44.288 20479 21437 W Codec2Client: query -- param skipped: index = 1342179345.
03-04 20:40:44.288 20479 21437 W Codec2Client: query -- param skipped: index = 2415921170.
03-04 20:40:44.288 20479 21437 W Codec2Client: query -- param skipped: index = 1610614798.
03-04 20:40:44.294 20479 20479 E RecyclerView: No adapter attached; skipping layout
03-04 20:40:44.324 20479 20556 W RefBase : CallStack::getCurrentInternal not linked, returning null
03-04 20:40:44.324 20479 20556 W RefBase : CallStack::logStackInternal not linked
03-04 20:40:44.325 20479 20556 W RefBase : CallStack::getCurrentInternal not linked, returning null
03-04 20:40:44.325 20479 20556 W RefBase : CallStack::logStackInternal not linked
03-04 20:40:44.326 20479 20556 W RefBase : CallStack::getCurrentInternal not linked, returning null
03-04 20:40:44.326 20479 20556 W RefBase : CallStack::logStackInternal not linked
03-04 20:40:44.326 20479 20556 W RefBase : CallStack::getCurrentInternal not linked, returning null
03-04 20:40:44.326 20479 20556 W RefBase : CallStack::logStackInternal not linked
03-04 20:40:44.327 20479 20556 W RefBase : CallStack::getCurrentInternal not linked, returning null
03-04 20:40:44.327 20479 20556 W RefBase : CallStack::logStackInternal not linked
03-04 20:40:44.327 20479 20556 W RefBase : CallStack::getCurrentInternal not linked, returning null
03-04 20:40:44.327 20479 20556 W RefBase : CallStack::logStackInternal not linked
03-04 20:40:44.328 20479 20556 W RefBase : CallStack::getCurrentInternal not linked, returning null
03-04 20:40:44.328 20479 20556 W RefBase : CallStack::logStackInternal not linked
03-04 20:40:44.329 20479 20556 W RefBase : CallStack::getCurrentInternal not linked, returning null
03-04 20:40:44.329 20479 20556 W RefBase : CallStack::logStackInternal not linked
03-04 20:40:44.329 20479 20556 W RefBase : CallStack::getCurrentInternal not linked, returning null
03-04 20:40:44.329 20479 20556 W RefBase : CallStack::logStackInternal not linked
03-04 20:40:44.330 20479 20556 W RefBase : CallStack::getCurrentInternal not linked, returning null
03-04 20:40:44.330 20479 20556 W RefBase : CallStack::logStackInternal not linked
03-04 20:40:44.330 20479 20556 W RefBase : CallStack::getCurrentInternal not linked, returning null
03-04 20:40:44.330 20479 20556 W RefBase : CallStack::logStackInternal not linked
03-04 20:40:44.331 20479 20556 W RefBase : CallStack::getCurrentInternal not linked, returning null
03-04 20:40:44.331 20479 20556 W RefBase : CallStack::logStackInternal not linked
03-04 20:40:44.331 20479 20556 W RefBase : CallStack::getCurrentInternal not linked, returning null
03-04 20:40:44.331 20479 20556 W RefBase : CallStack::logStackInternal not linked
03-04 20:40:44.369 20479 21450 E MtkACodec: setConfig(OMX_CONFIG_ROTATIONTYPE) returned error 0xfffffc0e
03-04 20:40:44.369 20479 21450 E ACodec : [OMX.MTK.VIDEO.DECODER.AVC] failed to setViLTEParameters 1
03-04 20:40:44.390 20479 21450 W ACodec : [OMX.MTK.VIDEO.DECODER.AVC] setting nBufferCountActual to 8 failed: -22
03-04 20:40:44.430 20479 21456 W Codec2Client: query -- param skipped: index = 1107298332.
03-04 20:40:44.430 20479 21456 W CCodec : This behavior is subject to change. It is recommended that app developers double check whether the requested max input size is in reasonable range.
03-04 20:40:44.431 20479 21456 W Codec2Client: query -- param skipped: index = 1342179345.
03-04 20:40:44.432 20479 21456 W Codec2Client: query -- param skipped: index = 2415921170.
03-04 20:40:44.432 20479 21456 W Codec2Client: query -- param skipped: index = 1610614798.
03-04 20:40:44.433 20479 21450 W ACodec : [OMX.MTK.VIDEO.DECODER.AVC] setting nBufferCountActual to 17 failed: -22
03-04 20:40:44.483 20479 20556 W RefBase : CallStack::getCurrentInternal not linked, returning null
03-04 20:40:44.483 20479 20556 W RefBase : CallStack::logStackInternal not linked
03-04 20:40:45.377 20479 20544 E SQLiteDatabase: Error inserting transferred=1 media_job_uuid=9aaec93c-473d-4868-a7cf-9a35bc94dc23 transcoded=0 gif_attribution=0 first_scan_length=0 direct_path=/v/t62.7161- 24/26719305_923733602555575_7613865774022955407_n.enc?ccb=11- 4&oh=01_AdTJJFwNAfpj017TITN5DOuKOPvI8K1qRy2cRUtPTU32mg&oe=660CEAA9&_nc_sid=5e03e0 thumbnail_height_width_ratio=1.8113208 is_animated_sticker=0 file_hash=rQRYcmg0Cai+LfULcX+wd8vktAQ9XSz041opLTvVOzc= file_path=Media/.Statuses/7feffb0c770445dd8c42fce046cb4591.mp4 file_size=1995598 partial_media_hash=null face_x=0 face_y=0 height=640 trim_to=0 media_key_timestamp=1709532347000 message_url=https://mmg.whatsapp.net/v/t62.7161- 24/26719305_923733602555575_7613865774022955407_n.enc?ccb=11- 4&oh=01_AdTJJFwNAfpj017TITN5DOuKOPvI8K1qRy2cRUtPTU32mg&oe=660CEAA9&_nc_sid=5e03e0&m ms3=true media_caption=null trim_from=0 mime_type=video/mp4 partial_media_enc_hash=null width=352 original_file_hash=null has_streaming_sidecar=1 autotransfer_retry_enabled=1 media_upload_handle=null message_row_id=402 multicast_id=null enc_file_hash=rehAnyr8zkyC2Kxa4u3cdXkckHo+LQ8LgUqnZzE267Q= mute_video=0 page_count=0 first_scan_sidecar=null suspicious_content=0 file_length=1995598 media_name=null media_duration=29 chat_row_id=41 media_key=[B@5cf555a
03-04 20:40:45.377 20479 20544 E SQLiteDatabase: android.database.sqlite.SQLiteConstraintException: UNIQUE constraint failed: message_media.message_row_id (code 1555 SQLITE_CONSTRAINT_PRIMARYKEY)
03-04 20:40:45.377 20479 20544 E SQLiteDatabase: at android.database.sqlite.SQLiteConnection.nativeExecuteForLastInsertedRowId(Native Method)
03-04 20:40:45.377 20479 20544 E SQLiteDatabase: at android.database.sqlite.SQLiteConnection.executeForLastInsertedRowId(SQLiteConnecti on.java:879)
03-04 20:40:45.377 20479 20544 E SQLiteDatabase: at android.database.sqlite.SQLiteSession.executeForLastInsertedRowId(SQLiteSession.jav a:790)
03-04 20:40:45.377 20479 20544 E SQLiteDatabase: at android.database.sqlite.SQLiteStatement.executeInsert(SQLiteStatement.java:88)
03-04 20:40:45.377 20479 20544 E SQLiteDatabase: at android.database.sqlite.SQLiteDatabase.insertWithOnConflict(SQLiteDatabase.java:159 9)
03-04 20:40:45.377 20479 20544 E SQLiteDatabase: at android.database.sqlite.SQLiteDatabase.insert(SQLiteDatabase.java:1468)
03-04 20:40:45.377 20479 20544 E SQLiteDatabase: at X.2tm.A08(Unknown Source:6)
03-04 20:40:45.377 20479 20544 E SQLiteDatabase: at X.35Y.A07(Unknown Source:212)
03-04 20:40:45.377 20479 20544 E SQLiteDatabase: at X.3QF.A14(Unknown Source:470)
03-04 20:40:45.377 20479 20544 E SQLiteDatabase: at X.3gU.run(Unknown Source:982)
03-04 20:40:45.377 20479 20544 E SQLiteDatabase: at android.os.Handler.handleCallback(Handler.java:883)
03-04 20:40:45.377 20479 20544 E SQLiteDatabase: at android.os.Handler.dispatchMessage(Handler.java:100)
03-04 20:40:45.377 20479 20544 E SQLiteDatabase: at X.0zq.dispatchMessage(Unknown Source:4)
03-04 20:40:45.377 20479 20544 E SQLiteDatabase: at android.os.Looper.loop(Looper.java:264)
03-04 20:40:45.377 20479 20544 E SQLiteDatabase: at android.os.HandlerThread.run(HandlerThread.java:67)
03-04 20:40:45.927 20479 20556 W RefBase : CallStack::getCurrentInternal not linked, returning null
03-04 20:40:45.927 20479 20556 W RefBase : CallStack::logStackInternal not linked
03-04 20:40:45.928 20479 20556 W RefBase : CallStack::getCurrentInternal not linked, returning null
03-04 20:40:45.928 20479 20556 W RefBase : CallStack::logStackInternal not linked
03-04 20:40:45.928 20479 20556 W RefBase : CallStack::getCurrentInternal not linked, returning null
03-04 20:40:45.928 20479 20556 W RefBase : CallStack::logStackInternal not linked
03-04 20:40:45.929 20479 20556 W RefBase : CallStack::getCurrentInternal not linked, returning null
03-04 20:40:45.929 20479 20556 W RefBase : CallStack::logStackInternal not linked
03-04 20:40:45.929 20479 20556 W RefBase : CallStack::getCurrentInternal not linked, returning null
03-04 20:40:45.929 20479 20556 W RefBase : CallStack::logStackInternal not linked
03-04 20:40:45.929 20479 20556 W RefBase : CallStack::getCurrentInternal not linked, returning null
03-04 20:40:45.929 20479 20556 W RefBase : CallStack::logStackInternal not linked
03-04 20:40:45.930 20479 20556 W RefBase : CallStack::getCurrentInternal not linked, returning null
03-04 20:40:45.930 20479 20556 W RefBase : CallStack::logStackInternal not linked
03-04 20:40:45.930 20479 20556 W RefBase : CallStack::getCurrentInternal not linked, returning null
03-04 20:40:45.930 20479 20556 W RefBase : CallStack::logStackInternal not linked
03-04 20:40:45.930 20479 20556 W RefBase : CallStack::getCurrentInternal not linked, returning null
03-04 20:40:45.930 20479 20556 W RefBase : CallStack::logStackInternal not linked
03-04 20:40:45.931 20479 20556 W RefBase : CallStack::getCurrentInternal not linked, returning null
03-04 20:40:45.931 20479 20556 W RefBase : CallStack::logStackInternal not linked
03-04 20:40:45.931 20479 20556 W RefBase : CallStack::getCurrentInternal not linked, returning null
03-04 20:40:45.931 20479 20556 W RefBase : CallStack::logStackInternal not linked
03-04 20:40:45.931 20479 20556 W RefBase : CallStack::getCurrentInternal not linked, returning null
03-04 20:40:45.931 20479 20556 W RefBase : CallStack::logStackInternal not linked
03-04 20:40:45.931 20479 20556 W RefBase : CallStack::getCurrentInternal not linked, returning null
03-04 20:40:45.931 20479 20556 W RefBase : CallStack::logStackInternal not linked
03-04 20:40:45.932 20479 20556 W RefBase : CallStack::getCurrentInternal not linked, returning null
03-04 20:40:45.932 20479 20556 W RefBase : CallStack::logStackInternal not linked
03-04 20:40:46.145 20479 21456 W Codec2Client: query -- param skipped: index = 1342179345.
03-04 20:40:46.145 20479 21456 W Codec2Client: query -- param skipped: index = 2415921170.
03-04 20:40:46.145 20479 21456 W Codec2Client: query -- param skipped: index = 1610614798. --------- beginning of main
03-05 12:02:01.205 3321 3321 E com.mbwhatsapp: Not starting debugger since process cannot load the jdwp agent.
03-05 12:02:01.647 3321 3321 W System.err: java.lang.ClassNotFoundException: mbmodsd.mbmodsw.ui.views.btn.BtnBK
03-05 12:02:01.658 3321 3321 W System.err: at java.lang.Runtime.nativeLoad(Native Method)
03-05 12:02:01.658 3321 3321 W System.err: at java.lang.Runtime.nativeLoad(Runtime.java:1115)
03-05 12:02:01.658 3321 3321 W System.err: at java.lang.Runtime.loadLibrary0(Runtime.java:1069)
03-05 12:02:01.658 3321 3321 W System.err: at java.lang.Runtime.loadLibrary0(Runtime.java:1007)
03-05 12:02:01.658 3321 3321 W System.err: at java.lang.System.loadLibrary(System.java:1667)
03-05 12:02:01.658 3321 3321 W System.err: at arm.EpicVm.<clinit>(Unknown Source:2)
03-05 12:02:01.658 3321 3321 W System.err: at java.lang.Class.newInstance(Native Method)
03-05 12:02:01.658 3321 3321 W System.err: at android.app.AppComponentFactory.instantiateApplication(AppComponentFactory.java:76)
03-05 12:02:01.658 3321 3321 W System.err: at androidx.core.app.CoreComponentFactory.instantiateApplication(Unknown Source:0)
03-05 12:02:01.658 3321 3321 W System.err: at android.app.Instrumentation.newApplication(Instrumentation.java:1155)
03-05 12:02:01.658 3321 3321 W System.err: at android.app.LoadedApk.makeApplication(LoadedApk.java:1218)
03-05 12:02:01.658 3321 3321 W System.err: at android.app.ActivityThread.handleBindApplication(ActivityThread.java:6667)
03-05 12:02:01.659 3321 3321 W System.err: at android.app.ActivityThread.access$1400(ActivityThread.java:237)
03-05 12:02:01.659 3321 3321 W System.err: at android.app.ActivityThread$H.handleMessage(ActivityThread.java:1933)
03-05 12:02:01.659 3321 3321 W System.err: at android.os.Handler.dispatchMessage(Handler.java:107)
03-05 12:02:01.659 3321 3321 W System.err: at android.os.Looper.loop(Looper.java:264)
03-05 12:02:01.659 3321 3321 W System.err: at android.app.ActivityThread.main(ActivityThread.java:7663)
03-05 12:02:01.659 3321 3321 W System.err: at java.lang.reflect.Method.invoke(Native Method)
03-05 12:02:01.659 3321 3321 W System.err: at com.android.internal.os.RuntimeInit$MethodAndArgsCaller.run(RuntimeInit.java:492)
03-05 12:02:01.659 3321 3321 W System.err: at com.android.internal.os.ZygoteInit.main(ZygoteInit.java:980)
03-05 12:02:01.723 3321 3321 E CustomActivityOnCrash: IMPORTANT WARNING! You already have an UncaughtExceptionHandler, are you sure this is correct? If you use a custom UncaughtExceptionHandler, you must initialize it AFTER CustomActivityOnCrash! Installing anyway, but your original handler will not be called.
03-05 12:02:02.374 3321 3321 W com.mbwhatsapp: type=1400 audit(0.0:12581): avc: granted { execute } for path="/data/data/com.mbwhatsapp/files/decompressed/libs.spk.zst/libc++_shared.so" dev="dm-2" ino=1090771 scontext=u:r:untrusted_app:s0:c207,c256,c512,c768 tcontext=u:object_r:app_data_file:s0:c207,c256,c512,c768 tclass=file
03-05 12:02:02.384 3321 3321 W com.mbwhatsapp: type=1400 audit(0.0:12582): avc: granted { execute } for path="/data/data/com.mbwhatsapp/files/decompressed/libs.spk.zst/libvlc.so" dev="dm- 2" ino=1193307 scontext=u:r:untrusted_app:s0:c207,c256,c512,c768 tcontext=u:object_r:app_data_file:s0:c207,c256,c512,c768 tclass=file
03-05 12:02:02.394 3321 3321 W com.mbwhatsapp: type=1400 audit(0.0:12583): avc: granted { execute } for path="/data/data/com.mbwhatsapp/files/decompressed/libs.spk.zst/libwhatsapp.so" dev="dm-2" ino=1190167 scontext=u:r:untrusted_app:s0:c207,c256,c512,c768 tcontext=u:object_r:app_data_file:s0:c207,c256,c512,c768 tclass=file
03-05 12:02:02.494 3321 3321 W com.mbwhatsapp: type=1400 audit(0.0:12584): avc: granted { execute } for path="/data/data/com.mbwhatsapp/files/decompressed/libs.spk.zst/libcurve25519.so" dev="dm-2" ino=1169173 scontext=u:r:untrusted_app:s0:c207,c256,c512,c768 tcontext=u:object_r:app_data_file:s0:c207,c256,c512,c768 tclass=file
03-05 12:02:02.504 3321 3321 W com.mbwhatsapp: type=1400 audit(0.0:12585): avc: granted { execute } for path="/data/data/com.mbwhatsapp/files/decompressed/libs.spk.zst/libwhatsapp.so" dev="dm-2" ino=1190167 scontext=u:r:untrusted_app:s0:c207,c256,c512,c768 tcontext=u:object_r:app_data_file:s0:c207,c256,c512,c768 tclass=file
03-05 12:02:02.694 3321 3321 W com.mbwhatsapp: Class X.0eU failed lock verification and will run slower.
03-05 12:02:02.694 3321 3321 W com.mbwhatsapp: Common causes for lock verification issues are non-optimized dex code
03-05 12:02:02.694 3321 3321 W com.mbwhatsapp: and incorrect proguard optimizations.
03-05 12:02:02.717 3321 3529 W com.mbwhatsapp: Class X.2rL failed lock verification and will run slower.
03-05 12:02:02.988 3321 3321 W ActivityThread: handleWindowVisibility: no activity for token android.os.BinderProxy@2da3388
03-05 12:02:02.984 3321 3321 W RenderThread: type=1400 audit(0.0:12588): avc: denied { search } for name="gift" dev="dm-2" ino=848186 scontext=u:r:untrusted_app:s0:c207,c256,c512,c768 tcontext=u:object_r:gift_data_file:s0 tclass=dir permissive=0
03-05 12:02:03.021 3321 3321 W com.mbwhatsapp: Class com.mbwhatsapp.HomeActivity failed lock verification and will run slower.
03-05 12:02:03.548 3321 3321 E ArmVmp : Match on catch block at 0x0a in for 0xb5
03-05 12:02:03.586 3321 3321 E ArmVmp : Match on catch block at 0x0a in for 0x129
03-05 12:02:03.694 3321 3557 W System : ClassLoader referenced unknown path: system/framework/mediatek-cta.jar
03-05 12:02:03.821 3321 3557 W System : ClassLoader referenced unknown path: system/framework/mediatek-cta.jar
03-05 12:02:03.832 3321 3321 W System : ClassLoader referenced unknown path: /system/framework/mediatek-cta.jar
03-05 12:02:03.832 3321 3321 W CtaManagerFactory: CtaManagerFactoryImpl not found
03-05 12:02:03.894 3321 3321 W ActivityThread: handleWindowVisibility: no activity for token android.os.BinderProxy@565c574
03-05 12:02:04.265 3321 3548 W Gralloc3: mapper 3.x is not supported
03-05 12:02:04.269 3321 3548 E ion : ioctl c0044901 failed with code -1: Invalid argument
03-05 12:02:04.989 3321 3406 W LibraryVersion: Failed to get app version for libraryName: firebase-iid --------- beginning of system
03-05 12:02:05.389 3321 3321 W FingerprintManager: sendAcquiredResult acquireInfo = 6vendorCode = 2
03-05 12:02:05.399 3321 3321 W FingerprintManager: Invalid acquired message: 6, 2
03-05 12:02:05.400 3321 3321 W FingerprintManager: sendAcquiredResult acquireInfo = 6vendorCode = 3
03-05 12:02:05.400 3321 3321 W FingerprintManager: Invalid acquired message: 6, 3
03-05 12:02:05.400 3321 3321 W FingerprintManager: sendAcquiredResult acquireInfo = 0vendorCode = 0
03-05 12:02:06.048 3321 3321 E ArmVmp : Match on catch block at 0x0a in for 0xc1
03-05 12:02:07.153 3321 3342 W System : A resource failed to call end.
03-05 12:02:07.171 3321 3669 W LOTTIE : Animation contains merge paths. Merge paths are only supported on KitKat+ and must be manually enabled by calling enableMergePathsForKitKatAndAbove().
03-05 12:02:07.579 3321 3321 E RecyclerView: No adapter attached; skipping layout
03-05 12:02:07.774 3321 3321 E RecyclerView: No adapter attached; skipping layout
03-05 12:02:07.830 3321 3321 W LOTTIE : Animation contains merge paths but they are disabled.
03-05 12:02:08.241 3321 3321 W ActivityThread: handleWindowVisibility: no activity for token android.os.BinderProxy@c4c4bd2
03-05 12:02:17.719 3321 3321 W ActivityThread: handleWindowVisibility: no activity for token android.os.BinderProxy@107770
03-05 12:02:18.147 3321 3321 W com.mbwhatsapp: Verification of void X.5pH.A1Z(android.os.Bundle) took 127.557ms
03-05 12:02:19.320 3321 3773 E linker : library "" ("/system/lib") needed or dlopened by "/system/lib/vndk-sp-29/libRS_internal.so" is not accessible for the namespace: [name="(default)", ld_library_paths="", default_library_paths="/system/lib", permitted_paths="/system/lib/drm:/system/lib/extractors:/system/lib/hw:/system/ product/lib:/system/framework:/system/app:/system/priv-app:/vendor/framework:/ vendor/app:/vendor/priv-app:/system/vendor/framework:/system/vendor/app:/system/ vendor/priv-app:/odm/framework:/odm/app:/odm/priv-app:/oem/app:/system/product/ framework:/system/product/app:/system/product/priv-app:/data:/mnt/expand:/apex/ com.android.runtime/lib/bionic:/system/lib/bootstrap"]
03-05 12:02:19.320 3321 3773 E RenderScript: Failed loading RS driver: dlopen failed: library "" needed or dlopened by "/system/lib/vndk-sp-29/libRS_internal.so" is not accessible for the namespace "rs"
03-05 12:02:19.320 3321 3773 E RenderScript: Failed to load runtime , loading default
03-05 12:02:20.161 3321 3321 E ArmVmp : Match on catch block at 0x0a in for 0xb5
03-05 12:02:20.171 3321 3321 E ArmVmp : Match on catch block at 0x0a in for 0xb5
03-05 12:02:20.951 3321 3321 E ArmVmp : Match on catch block at 0xc3 in for 0xa5
03-05 12:02:20.961 3321 3321 E ArmVmp : Match on catch block at 0xc3 in for 0xa1
03-05 12:02:20.966 3321 3321 E ArmVmp : Match on catch block at 0xc3 in for 0xa1
03-05 12:02:21.184 3321 3321 E ArmVmp : Match on catch block at 0xc3 in for 0x99
03-05 12:02:21.188 3321 3321 E ArmVmp : Match on catch block at 0xc3 in for 0x95
03-05 12:02:21.192 3321 3321 E ArmVmp : Match on catch block at 0xc3 in for 0x95
03-05 12:02:21.284 3321 3321 E ArmVmp : Match on catch block at 0xc3 in for 0x99
03-05 12:02:21.291 3321 3321 E ArmVmp : Match on catch block at 0xc3 in for 0x91
03-05 12:02:21.295 3321 3321 E ArmVmp : Match on catch block at 0xc3 in for 0x91
03-05 12:02:21.311 3321 3321 E ArmVmp : Match on catch block at 0xc3 in for 0x95
03-05 12:02:21.317 3321 3321 E ArmVmp : Match on catch block at 0xc3 in for 0x99
03-05 12:02:21.323 3321 3321 E ArmVmp : Match on catch block at 0xc3 in for 0x99
03-05 12:02:21.335 3321 3321 E ArmVmp : Match on catch block at 0xc3 in for 0x91
03-05 12:02:21.343 3321 3321 E ArmVmp : Match on catch block at 0xc3 in for 0x95
03-05 12:02:21.347 3321 3321 E ArmVmp : Match on catch block at 0xc3 in for 0x95
03-05 12:02:21.368 3321 3321 E ArmVmp : Match on catch block at 0xc3 in for 0x99
03-05 12:02:21.373 3321 3321 E ArmVmp : Match on catch block at 0xc3 in for 0x91
03-05 12:02:21.378 3321 3321 E ArmVmp : Match on catch block at 0xc3 in for 0x91
03-05 12:02:21.385 3321 3321 E ArmVmp : Match on catch block at 0xc3 in for 0x95
03-05 12:02:21.393 3321 3321 E ArmVmp : Match on catch block at 0xc3 in for 0x99
03-05 12:02:21.396 3321 3321 E ArmVmp : Match on catch block at 0xc3 in for 0x99
03-05 12:02:21.403 3321 3321 E ArmVmp : Match on catch block at 0xc3 in for 0x91
03-05 12:02:21.416 3321 3321 E ArmVmp : Match on catch block at 0xc3 in for 0x95
03-05 12:02:21.421 3321 3321 E ArmVmp : Match on catch block at 0xc3 in for 0x95
03-05 12:02:21.446 3321 3321 E ArmVmp : Match on catch block at 0xc3 in for 0x99
03-05 12:02:21.451 3321 3321 E ArmVmp : Match on catch block at 0xc3 in for 0x91
03-05 12:02:21.459 3321 3321 E ArmVmp : Match on catch block at 0xc3 in for 0x91
03-05 12:02:21.507 3321 3321 E ArmVmp : Match on catch block at 0xc3 in for 0x95
03-05 12:02:21.515 3321 3321 E ArmVmp : Match on catch block at 0xc3 in for 0x99
03-05 12:02:21.522 3321 3321 E ArmVmp : Match on catch block at 0xc3 in for 0x99
03-05 12:02:21.535 3321 3321 E ArmVmp : Match on catch block at 0xc3 in for 0x91
03-05 12:02:21.541 3321 3321 E ArmVmp : Match on catch block at 0xc3 in for 0x95
03-05 12:02:21.544 3321 3321 E ArmVmp : Match on catch block at 0xc3 in for 0x95
03-05 12:02:21.552 3321 3321 E ArmVmp : Match on catch block at 0xc3 in for 0x99
03-05 12:02:21.563 3321 3321 E ArmVmp : Match on catch block at 0xc3 in for 0x91
03-05 12:02:21.569 3321 3321 E ArmVmp : Match on catch block at 0xc3 in for 0x91
03-05 12:02:21.585 3321 3321 E ArmVmp : Match on catch block at 0xc3 in for 0x95
03-05 12:02:21.589 3321 3321 E ArmVmp : Match on catch block at 0xc3 in for 0x99
03-05 12:02:21.594 3321 3321 E ArmVmp : Match on catch block at 0xc3 in for 0x99
03-05 12:02:21.618 3321 3321 E ArmVmp : Match on catch block at 0xc3 in for 0x91
03-05 12:02:21.623 3321 3321 E ArmVmp : Match on catch block at 0xc3 in for 0x95
03-05 12:02:21.629 3321 3321 E ArmVmp : Match on catch block at 0xc3 in for 0x95
03-05 12:02:21.767 3321 3321 E ArmVmp : Match on catch block at 0xc3 in for 0x99
03-05 12:02:21.772 3321 3321 E ArmVmp : Match on catch block at 0xc3 in for 0x91
03-05 12:02:21.775 3321 3321 E ArmVmp : Match on catch block at 0xc3 in for 0x91
03-05 12:02:22.266 3321 3321 E ArmVmp : Match on catch block at 0xc3 in for 0x95
03-05 12:02:22.269 3321 3321 E ArmVmp : Match on catch block at 0xc3 in for 0x99
03-05 12:02:22.273 3321 3321 E ArmVmp : Match on catch block at 0xc3 in for 0x99
03-05 12:02:22.765 3321 3321 E ArmVmp : Match on catch block at 0xc3 in for 0x91
03-05 12:02:22.769 3321 3321 E ArmVmp : Match on catch block at 0xc3 in for 0x95
03-05 12:02:22.772 3321 3321 E ArmVmp : Match on catch block at 0xc3 in for 0x95
03-05 12:02:22.881 3321 3321 E ArmVmp : Match on catch block at 0xc3 in for 0x99
03-05 12:02:22.886 3321 3321 E ArmVmp : Match on catch block at 0xc3 in for 0x91
03-05 12:02:22.889 3321 3321 E ArmVmp : Match on catch block at 0xc3 in for 0x91
03-05 12:02:22.898 3321 3321 E ArmVmp : Match on catch block at 0xc3 in for 0x95
03-05 12:02:22.904 3321 3321 E ArmVmp : Match on catch block at 0xc3 in for 0x99
03-05 12:02:22.907 3321 3321 E ArmVmp : Match on catch block at 0xc3 in for 0x99
03-05 12:02:22.915 3321 3321 E ArmVmp : Match on catch block at 0xc3 in for 0x91
03-05 12:02:22.921 3321 3321 E ArmVmp : Match on catch block at 0xc3 in for 0x95
03-05 12:02:22.925 3321 3321 E ArmVmp : Match on catch block at 0xc3 in for 0x95
03-05 12:02:22.932 3321 3321 E ArmVmp : Match on catch block at 0xc3 in for 0x99
03-05 12:02:22.937 3321 3321 E ArmVmp : Match on catch block at 0xc3 in for 0x91
03-05 12:02:22.941 3321 3321 E ArmVmp : Match on catch block at 0xc3 in for 0x91
03-05 12:02:22.948 3321 3321 E ArmVmp : Match on catch block at 0xc3 in for 0x95
03-05 12:02:22.953 3321 3321 E ArmVmp : Match on catch block at 0xc3 in for 0x99
03-05 12:02:22.957 3321 3321 E ArmVmp : Match on catch block at 0xc3 in for 0x99
03-05 12:02:22.965 3321 3321 E ArmVmp : Match on catch block at 0xc3 in for 0x91
03-05 12:02:22.970 3321 3321 E ArmVmp : Match on catch block at 0xc3 in for 0x95
03-05 12:02:22.974 3321 3321 E ArmVmp : Match on catch block at 0xc3 in for 0x95
03-05 12:02:22.981 3321 3321 E ArmVmp : Match on catch block at 0xc3 in for 0x99
03-05 12:02:22.988 3321 3321 E ArmVmp : Match on catch block at 0xc3 in for 0x91
03-05 12:02:22.992 3321 3321 E ArmVmp : Match on catch block at 0xc3 in for 0x91
03-05 12:02:23.000 3321 3321 E ArmVmp : Match on catch block at 0xc3 in for 0x95
03-05 12:02:23.004 3321 3321 E ArmVmp : Match on catch block at 0xc3 in for 0x99
03-05 12:02:23.009 3321 3321 E ArmVmp : Match on catch block at 0xc3 in for 0x99
03-05 12:02:23.015 3321 3321 E ArmVmp : Match on catch block at 0xc3 in for 0x91
03-05 12:02:23.020 3321 3321 E ArmVmp : Match on catch block at 0xc3 in for 0x95
03-05 12:02:23.023 3321 3321 E ArmVmp : Match on catch block at 0xc3 in for 0x95
03-05 12:02:23.031 3321 3321 E ArmVmp : Match on catch block at 0xc3 in for 0x99
03-05 12:02:23.036 3321 3321 E ArmVmp : Match on catch block at 0xc3 in for 0x91
03-05 12:02:23.041 3321 3321 E ArmVmp : Match on catch block at 0xc3 in for 0x91
03-05 12:02:23.048 3321 3321 E ArmVmp : Match on catch block at 0xc3 in for 0x95
03-05 12:02:23.055 3321 3321 E ArmVmp : Match on catch block at 0xc3 in for 0x99
03-05 12:02:23.059 3321 3321 E ArmVmp : Match on catch block at 0xc3 in for 0x99
03-05 12:02:23.065 3321 3321 E ArmVmp : Match on catch block at 0xc3 in for 0x91
03-05 12:02:23.070 3321 3321 E ArmVmp : Match on catch block at 0xc3 in for 0x95
03-05 12:02:23.075 3321 3321 E ArmVmp : Match on catch block at 0xc3 in for 0x95
03-05 12:02:23.083 3321 3321 E ArmVmp : Match on catch block at 0xc3 in for 0x99
03-05 12:02:23.089 3321 3321 E ArmVmp : Match on catch block at 0xc3 in for 0x91
03-05 12:02:23.093 3321 3321 E ArmVmp : Match on catch block at 0xc3 in for 0x91
03-05 12:02:23.099 3321 3321 E ArmVmp : Match on catch block at 0xc3 in for 0x95
03-05 12:02:23.104 3321 3321 E ArmVmp : Match on catch block at 0xc3 in for 0x99
03-05 12:02:23.108 3321 3321 E ArmVmp : Match on catch block at 0xc3 in for 0x99
03-05 12:02:23.114 3321 3321 E ArmVmp : Match on catch block at 0xc3 in for 0x91
03-05 12:02:23.119 3321 3321 E ArmVmp : Match on catch block at 0xc3 in for 0x95
03-05 12:02:23.122 3321 3321 E ArmVmp : Match on catch block at 0xc3 in for 0x95
03-05 12:02:23.131 3321 3321 E ArmVmp : Match on catch block at 0xc3 in for 0x99
03-05 12:02:23.136 3321 3321 E ArmVmp : Match on catch block at 0xc3 in for 0x91
03-05 12:02:23.140 3321 3321 E ArmVmp : Match on catch block at 0xc3 in for 0x91
03-05 12:02:23.147 3321 3321 E ArmVmp : Match on catch block at 0xc3 in for 0x95
03-05 12:02:23.152 3321 3321 E ArmVmp : Match on catch block at 0xc3 in for 0x99
03-05 12:02:23.157 3321 3321 E ArmVmp : Match on catch block at 0xc3 in for 0x99
03-05 12:02:23.264 3321 3321 E ArmVmp : Match on catch block at 0xc3 in for 0x95
03-05 12:02:23.268 3321 3321 E ArmVmp : Match on catch block at 0xc3 in for 0x99
03-05 12:02:23.271 3321 3321 E ArmVmp : Match on catch block at 0xc3 in for 0x99
03-05 12:02:23.450 3321 3321 E ArmVmp : Match on catch block at 0xc3 in for 0x95
03-05 12:02:23.454 3321 3321 E ArmVmp : Match on catch block at 0xc3 in for 0x99
03-05 12:02:23.457 3321 3321 E ArmVmp : Match on catch block at 0xc3 in for 0x99
03-05 12:02:23.560 3321 3321 E ArmVmp : Match on catch block at 0xc3 in for 0x99
03-05 12:02:23.564 3321 3321 E ArmVmp : Match on catch block at 0xc3 in for 0x91
03-05 12:02:23.570 3321 3321 E ArmVmp : Match on catch block at 0xc3 in for 0x91
03-05 12:02:23.734 3321 3321 E ArmVmp : Match on catch block at 0xc3 in for 0x95
03-05 12:02:23.739 3321 3321 E ArmVmp : Match on catch block at 0xc3 in for 0x99
03-05 12:02:23.744 3321 3321 E ArmVmp : Match on catch block at 0xc3 in for 0x99
03-05 12:02:24.077 3321 3321 E ArmVmp : Match on catch block at 0xc3 in for 0x91
03-05 12:02:24.081 3321 3321 E ArmVmp : Match on catch block at 0xc3 in for 0x95
03-05 12:02:24.085 3321 3321 E ArmVmp : Match on catch block at 0xc3 in for 0x95
03-05 12:02:30.190 3321 3321 W ActivityThread: handleWindowVisibility: no activity for token android.os.BinderProxy@fdabacd
03-05 12:02:30.670 3321 3321 W BottomSheetBehavior: BottomSheetBehavior now supports multiple callbacks. `setBottomSheetCallback()` removes all existing callbacks, including ones set internally by library authors, which may result in unintended behavior. This may change in the future. Please use `addBottomSheetCallback()` and `removeBottomSheetCallback()` instead to set your own callbacks.
03-05 12:02:30.670 3321 3321 W BottomSheetBehavior: BottomSheetBehavior now supports multiple callbacks. `setBottomSheetCallback()` removes all existing callbacks, including ones set internally by library authors, which may result in unintended behavior. This may change in the future. Please use `addBottomSheetCallback()` and `removeBottomSheetCallback()` instead to set your own callbacks.
03-05 12:02:30.768 3321 3321 W BottomSheetBehavior: BottomSheetBehavior now supports multiple callbacks. `setBottomSheetCallback()` removes all existing callbacks, including ones set internally by library authors, which may result in unintended behavior. This may change in the future. Please use `addBottomSheetCallback()` and `removeBottomSheetCallback()` instead to set your own callbacks.
03-05 12:02:30.768 3321 3321 W BottomSheetBehavior: BottomSheetBehavior now supports multiple callbacks. `setBottomSheetCallback()` removes all existing callbacks, including ones set internally by library authors, which may result in unintended behavior. This may change in the future. Please use `addBottomSheetCallback()` and `removeBottomSheetCallback()` instead to set your own callbacks.
03-05 12:02:30.804 3321 3321 W BottomSheetBehavior: BottomSheetBehavior now supports multiple callbacks. `setBottomSheetCallback()` removes all existing callbacks, including ones set internally by library authors, which may result in unintended behavior. This may change in the future. Please use `addBottomSheetCallback()` and `removeBottomSheetCallback()` instead to set your own callbacks.
03-05 12:02:30.804 3321 3321 W BottomSheetBehavior: BottomSheetBehavior now supports multiple callbacks. `setBottomSheetCallback()` removes all existing callbacks, including ones set internally by library authors, which may result in unintended behavior. This may change in the future. Please use `addBottomSheetCallback()` and `removeBottomSheetCallback()` instead to set your own callbacks.
03-05 12:02:30.833 3321 3321 W BottomSheetBehavior: BottomSheetBehavior now supports multiple callbacks. `setBottomSheetCallback()` removes all existing callbacks, including ones set internally by library authors, which may result in unintended behavior. This may change in the future. Please use `addBottomSheetCallback()` and `removeBottomSheetCallback()` instead to set your own callbacks.
03-05 12:02:30.833 3321 3321 W BottomSheetBehavior: BottomSheetBehavior now supports multiple callbacks. `setBottomSheetCallback()` removes all existing callbacks, including ones set internally by library authors, which may result in unintended behavior. This may change in the future. Please use `addBottomSheetCallback()` and `removeBottomSheetCallback()` instead to set your own callbacks.
03-05 12:02:30.866 3321 3321 E RecyclerView: No adapter attached; skipping layout
03-05 12:02:30.869 3321 3321 E RecyclerView: No adapter attached; skipping layout
03-05 12:02:30.906 3321 3321 E RecyclerView: No adapter attached; skipping layout
03-05 12:02:30.907 3321 3321 E RecyclerView: No adapter attached; skipping layout
03-05 12:02:31.150 3321 3604 E DRM/DcfDecoder: decodeDrmImageIfNeeded stream caught ClassCastException
03-05 12:02:32.122 3321 3525 E SQLiteDatabase: Error inserting transferred=1 media_job_uuid=b8d19f67-8dc4-4071-87b7-9ed1ff249557 transcoded=0 gif_attribution=0 first_scan_length=6775 direct_path=/o1/v/t62.7118-24/f1/m232/up-oil-image-6478b018- cefb-46f7-b71a-d6a348a119ee?ccb=9-4&oh=01_AdSxKPNEQdRZEwOiD- EEb_TqvdGQ2inGmO_JuQjm1TKz-A&oe=660DBAE9&_nc_sid=000000 thumbnail_height_width_ratio=1.5 is_animated_sticker=0 file_hash=xqO2wMIpLZmw+M+keoJulW65TToU3JcGwmL0NkxT+tM= file_path=Media/.Statuses/b1abf8b8ff9842eaa831b981ab362443.jpg file_size=43743 partial_media_hash=4qGA2Rt4Rp+FaHUuykdLBFBLg9IeaCcvW2yruTmg0Cs= face_x=0 face_y=0 height=1080 trim_to=0 media_key_timestamp=1709596162000 message_url=https://mmg.whatsapp.net/o1/v/t62.7118-24/f1/m232/up-oil-image- 6478b018-cefb-46f7-b71a-d6a348a119ee?ccb=9-4&oh=01_AdSxKPNEQdRZEwOiD- EEb_TqvdGQ2inGmO_JuQjm1TKz-A&oe=660DBAE9&_nc_sid=000000&mms3=true media_caption=null trim_from=0 mime_type=image/jpeg partial_media_enc_hash=null width=717 original_file_hash=null has_streaming_sidecar=1 autotransfer_retry_enabled=1 media_upload_handle=null message_row_id=459 multicast_id=null enc_file_hash=UbWZzOguX5+IEi7tdSPY4KVwUl1Bt8t+p1vqunQvGN4= mute_video=0 page_count=0 first_scan_sidecar=[B@688b807 suspicious_content=0 file_length=43743 media_name=null media_duration=0 chat_row_id=41 media_key=[B@cb2ad34
03-05 12:02:32.122 3321 3525 E SQLiteDatabase: android.database.sqlite.SQLiteConstraintException: UNIQUE constraint failed: message_media.message_row_id (code 1555 SQLITE_CONSTRAINT_PRIMARYKEY)
03-05 12:02:32.122 3321 3525 E SQLiteDatabase: at android.database.sqlite.SQLiteConnection.nativeExecuteForLastInsertedRowId(Native Method)
03-05 12:02:32.122 3321 3525 E SQLiteDatabase: at android.database.sqlite.SQLiteConnection.executeForLastInsertedRowId(SQLiteConnecti on.java:879)
03-05 12:02:32.122 3321 3525 E SQLiteDatabase: at android.database.sqlite.SQLiteSession.executeForLastInsertedRowId(SQLiteSession.jav a:790)
03-05 12:02:32.122 3321 3525 E SQLiteDatabase: at android.database.sqlite.SQLiteStatement.executeInsert(SQLiteStatement.java:88)
03-05 12:02:32.122 3321 3525 E SQLiteDatabase: at android.database.sqlite.SQLiteDatabase.insertWithOnConflict(SQLiteDatabase.java:159 9)
03-05 12:02:32.122 3321 3525 E SQLiteDatabase: at android.database.sqlite.SQLiteDatabase.insert(SQLiteDatabase.java:1468)
03-05 12:02:32.122 3321 3525 E SQLiteDatabase: at X.2tm.A08(Unknown Source:6)
03-05 12:02:32.122 3321 3525 E SQLiteDatabase: at X.35Y.A07(Unknown Source:212)
03-05 12:02:32.122 3321 3525 E SQLiteDatabase: at X.3QF.A14(Unknown Source:470)
03-05 12:02:32.122 3321 3525 E SQLiteDatabase: at X.3gU.run(Unknown Source:982)
03-05 12:02:32.122 3321 3525 E SQLiteDatabase: at android.os.Handler.handleCallback(Handler.java:883)
03-05 12:02:32.122 3321 3525 E SQLiteDatabase: at android.os.Handler.dispatchMessage(Handler.java:100)
03-05 12:02:32.122 3321 3525 E SQLiteDatabase: at X.0zq.dispatchMessage(Unknown Source:4)
03-05 12:02:32.122 3321 3525 E SQLiteDatabase: at android.os.Looper.loop(Looper.java:264)
03-05 12:02:32.122 3321 3525 E SQLiteDatabase: at android.os.HandlerThread.run(HandlerThread.java:67)
03-05 12:02:33.651 3321 3525 E SQLiteDatabase: Error inserting transferred=0 media_job_uuid=0b9a10c8-ba72-4657-a60b-5d19c0c196c9 transcoded=0 gif_attribution=0 first_scan_length=0 direct_path=/v/t62.7161- 24/31441633_1452160859013755_3405028461353253647_n.enc?ccb=11- 4&oh=01_AdTaQPdQcOaxZj53mndgw-5jEF9UgY3SfwGEjmLdcLxHjQ&oe=660DDBA9&_nc_sid=5e03e0 thumbnail_height_width_ratio=1.7777778 is_animated_sticker=0 file_hash=6Zp6CizZniRHESa8f9rAE8xBg12XT2q3jpI7iQ1Bww4= file_path=null file_size=0 partial_media_hash=null face_x=0 face_y=0 height=962 trim_to=0 media_key_timestamp=1709596338000 message_url=https://mmg.whatsapp.net/v/t62.7161- 24/31441633_1452160859013755_3405028461353253647_n.enc?ccb=11- 4&oh=01_AdTaQPdQcOaxZj53mndgw- 5jEF9UgY3SfwGEjmLdcLxHjQ&oe=660DDBA9&_nc_sid=5e03e0&mms3=true media_caption=null trim_from=0 mime_type=video/mp4 partial_media_enc_hash=null width=540 original_file_hash=null has_streaming_sidecar=1 autotransfer_retry_enabled=1 media_upload_handle=null message_row_id=460 multicast_id=null enc_file_hash=JAwLq0qs5qVNBr7+tsMsYbYbf26aPQlE2+ZRca/Gpd0= mute_video=0 page_count=0 first_scan_sidecar=null suspicious_content=0 file_length=3198902 media_name=null media_duration=30 chat_row_id=41 media_key=[B@666ea2e
03-05 12:02:33.651 3321 3525 E SQLiteDatabase: android.database.sqlite.SQLiteConstraintException: UNIQUE constraint failed: message_media.message_row_id (code 1555 SQLITE_CONSTRAINT_PRIMARYKEY)
03-05 12:02:33.651 3321 3525 E SQLiteDatabase: at android.database.sqlite.SQLiteConnection.nativeExecuteForLastInsertedRowId(Native Method)
03-05 12:02:33.651 3321 3525 E SQLiteDatabase: at android.database.sqlite.SQLiteConnection.executeForLastInsertedRowId(SQLiteConnecti on.java:879)
03-05 12:02:33.651 3321 3525 E SQLiteDatabase: at android.database.sqlite.SQLiteSession.executeForLastInsertedRowId(SQLiteSession.jav a:790)
03-05 12:02:33.651 3321 3525 E SQLiteDatabase: at android.database.sqlite.SQLiteStatement.executeInsert(SQLiteStatement.java:88)
03-05 12:02:33.651 3321 3525 E SQLiteDatabase: at android.database.sqlite.SQLiteDatabase.insertWithOnConflict(SQLiteDatabase.java:159 9)
03-05 12:02:33.651 3321 3525 E SQLiteDatabase: at android.database.sqlite.SQLiteDatabase.insert(SQLiteDatabase.java:1468)
03-05 12:02:33.651 3321 3525 E SQLiteDatabase: at X.2tm.A08(Unknown Source:6)
03-05 12:02:33.651 3321 3525 E SQLiteDatabase: at X.35Y.A07(Unknown Source:212)
03-05 12:02:33.651 3321 3525 E SQLiteDatabase: at X.3QF.A14(Unknown Source:470)
03-05 12:02:33.651 3321 3525 E SQLiteDatabase: at X.3gU.run(Unknown Source:982)
03-05 12:02:33.651 3321 3525 E SQLiteDatabase: at android.os.Handler.handleCallback(Handler.java:883)
03-05 12:02:33.651 3321 3525 E SQLiteDatabase: at android.os.Handler.dispatchMessage(Handler.java:100)
03-05 12:02:33.651 3321 3525 E SQLiteDatabase: at X.0zq.dispatchMessage(Unknown Source:4)
03-05 12:02:33.651 3321 3525 E SQLiteDatabase: at android.os.Looper.loop(Looper.java:264)
03-05 12:02:33.651 3321 3525 E SQLiteDatabase: at android.os.HandlerThread.run(HandlerThread.java:67)
03-05 12:02:33.744 3321 3321 W pool-5-thread-1: type=1400 audit(0.0:12590): avc: granted { execute } for path="/data/data/com.mbwhatsapp/files/decompressed/libs.spk.zst/libgifimage.so" dev="dm-2" ino=1126410 scontext=u:r:untrusted_app:s0:c207,c256,c512,c768 tcontext=u:object_r:app_data_file:s0:c207,c256,c512,c768 tclass=file
03-05 12:02:34.458 3321 3525 E SQLiteDatabase: Error inserting transferred=0 media_job_uuid=d6a35f12-7c0e-48c8-bf95-a52bf5426bc6 transcoded=0 gif_attribution=0 first_scan_length=0 direct_path=/v/t62.7161- 24/21417126_765924772113246_9208447128708165556_n.enc?ccb=11- 4&oh=01_AdQcfADULyxK5J1xk7ZXmd13nJknYI0T002sqY8uCkFXQA&oe=660DF583&_nc_sid=5e03e0 thumbnail_height_width_ratio=1.7777778 is_animated_sticker=0 file_hash=b6sJJ095907SKdQz4N5Vta1XykRsbkwW55O29LIPOFA= file_path=null file_size=0 partial_media_hash=null face_x=0 face_y=0 height=640 trim_to=0 media_key_timestamp=1709603455000 message_url=https://mmg.whatsapp.net/v/t62.7161- 24/21417126_765924772113246_9208447128708165556_n.enc?ccb=11- 4&oh=01_AdQcfADULyxK5J1xk7ZXmd13nJknYI0T002sqY8uCkFXQA&oe=660DF583&_nc_sid=5e03e0&m ms3=true media_caption=null trim_from=0 mime_type=video/mp4 partial_media_enc_hash=null width=360 original_file_hash=null has_streaming_sidecar=1 autotransfer_retry_enabled=1 media_upload_handle=null message_row_id=463 multicast_id=null enc_file_hash=VmCNNVzYu3bcchf6QORsMw4rpkLq5kpLMJXjBvKL2QQ= mute_video=0 page_count=0 first_scan_sidecar=null suspicious_content=0 file_length=1774145 media_name=null media_duration=23 chat_row_id=41 media_key=[B@7e85916
03-05 12:02:34.458 3321 3525 E SQLiteDatabase: android.database.sqlite.SQLiteConstraintException: UNIQUE constraint failed: message_media.message_row_id (code 1555 SQLITE_CONSTRAINT_PRIMARYKEY)
03-05 12:02:34.458 3321 3525 E SQLiteDatabase: at android.database.sqlite.SQLiteConnection.nativeExecuteForLastInsertedRowId(Native Method)
