03-01 11:08:30.467 21768 21768 E ArmVmp : Match on catch block at 0xc3 in for 0x95
03-01 11:08:30.470 21768 21768 E ArmVmp : Match on catch block at 0xc3 in for 0x95
03-01 11:08:30.480 21768 21768 E ArmVmp : Match on catch block at 0xc3 in for 0x99
03-01 11:08:30.483 21768 21768 E ArmVmp : Match on catch block at 0xc3 in for 0x91
03-01 11:08:30.486 21768 21768 E ArmVmp : Match on catch block at 0xc3 in for 0x91
03-01 11:08:30.498 21768 21768 E ArmVmp : Match on catch block at 0xc3 in for 0x95
03-01 11:08:30.501 21768 21768 E ArmVmp : Match on catch block at 0xc3 in for 0x99
03-01 11:08:30.504 21768 21768 E ArmVmp : Match on catch block at 0xc3 in for 0x99
03-01 11:08:30.513 21768 21768 E ArmVmp : Match on catch block at 0xc3 in for 0x91
03-01 11:08:30.517 21768 21768 E ArmVmp : Match on catch block at 0xc3 in for 0x95
03-01 11:08:30.520 21768 21768 E ArmVmp : Match on catch block at 0xc3 in for 0x95
03-01 11:08:30.530 21768 21768 E ArmVmp : Match on catch block at 0xc3 in for 0x99
03-01 11:08:30.533 21768 21768 E ArmVmp : Match on catch block at 0xc3 in for 0x91
03-01 11:08:30.536 21768 21768 E ArmVmp : Match on catch block at 0xc3 in for 0x91
03-01 11:08:30.930 21768 21768 E ArmVmp : Match on catch block at 0xc3 in for 0x95
03-01 11:08:30.934 21768 21768 E ArmVmp : Match on catch block at 0xc3 in for 0x99
03-01 11:08:30.937 21768 21768 E ArmVmp : Match on catch block at 0xc3 in for 0x99
03-01 11:08:31.147 21768 21768 E ArmVmp : Match on catch block at 0xc3 in for 0x95
03-01 11:08:31.151 21768 21768 E ArmVmp : Match on catch block at 0xc3 in for 0x99
03-01 11:08:31.154 21768 21768 E ArmVmp : Match on catch block at 0xc3 in for 0x99
03-01 11:08:31.276 21768 21768 E ArmVmp : Match on catch block at 0xc3 in for 0x95
03-01 11:08:31.282 21768 21768 E ArmVmp : Match on catch block at 0xc3 in for 0x99
03-01 11:08:31.286 21768 21768 E ArmVmp : Match on catch block at 0xc3 in for 0x99
03-01 11:08:31.511 21768 21768 E ArmVmp : Match on catch block at 0xc3 in for 0x91
03-01 11:08:31.515 21768 21768 E ArmVmp : Match on catch block at 0xc3 in for 0x95
03-01 11:08:31.519 21768 21768 E ArmVmp : Match on catch block at 0xc3 in for 0x95
03-01 11:08:31.528 21768 21768 E ArmVmp : Match on catch block at 0xc3 in for 0x99
03-01 11:08:31.532 21768 21768 E ArmVmp : Match on catch block at 0xc3 in for 0x91
03-01 11:08:31.536 21768 21768 E ArmVmp : Match on catch block at 0xc3 in for 0x91
03-01 11:08:31.544 21768 21768 E ArmVmp : Match on catch block at 0xc3 in for 0x95
03-01 11:08:31.548 21768 21768 E ArmVmp : Match on catch block at 0xc3 in for 0x99
03-01 11:08:31.552 21768 21768 E ArmVmp : Match on catch block at 0xc3 in for 0x99
03-01 11:08:31.561 21768 21768 E ArmVmp : Match on catch block at 0xc3 in for 0x91
03-01 11:08:31.566 21768 21768 E ArmVmp : Match on catch block at 0xc3 in for 0x95
03-01 11:08:31.570 21768 21768 E ArmVmp : Match on catch block at 0xc3 in for 0x95
03-01 11:08:31.577 21768 21768 E ArmVmp : Match on catch block at 0xc3 in for 0x99
03-01 11:08:31.583 21768 21768 E ArmVmp : Match on catch block at 0xc3 in for 0x91
03-01 11:08:31.588 21768 21768 E ArmVmp : Match on catch block at 0xc3 in for 0x91
03-01 11:08:31.604 21768 21768 E ArmVmp : Match on catch block at 0xc3 in for 0x95
03-01 11:08:31.607 21768 21768 E ArmVmp : Match on catch block at 0xc3 in for 0x99
03-01 11:08:31.610 21768 21768 E ArmVmp : Match on catch block at 0xc3 in for 0x99
03-01 11:08:33.448 21768 21768 W InputEventReceiver: Attempted to finish an input event but the input event receiver has already been disposed. --------- beginning of main
03-01 17:28:16.609 27263 27263 E com.mbwhatsapp: Not starting debugger since process cannot load the jdwp agent.
03-01 17:28:16.945 27263 27263 W System.err: java.lang.ClassNotFoundException: mbmodsd.mbmodsw.ui.views.btn.BtnBK
03-01 17:28:16.946 27263 27263 W System.err: at java.lang.Runtime.nativeLoad(Native Method)
03-01 17:28:16.946 27263 27263 W System.err: at java.lang.Runtime.nativeLoad(Runtime.java:1115)
03-01 17:28:16.946 27263 27263 W System.err: at java.lang.Runtime.loadLibrary0(Runtime.java:1069)
03-01 17:28:16.946 27263 27263 W System.err: at java.lang.Runtime.loadLibrary0(Runtime.java:1007)
03-01 17:28:16.946 27263 27263 W System.err: at java.lang.System.loadLibrary(System.java:1667)
03-01 17:28:16.946 27263 27263 W System.err: at arm.EpicVm.<clinit>(Unknown Source:2)
03-01 17:28:16.946 27263 27263 W System.err: at java.lang.Class.newInstance(Native Method)
03-01 17:28:16.946 27263 27263 W System.err: at android.app.AppComponentFactory.instantiateApplication(AppComponentFactory.java:76)
03-01 17:28:16.946 27263 27263 W System.err: at androidx.core.app.CoreComponentFactory.instantiateApplication(Unknown Source:0)
03-01 17:28:16.946 27263 27263 W System.err: at android.app.Instrumentation.newApplication(Instrumentation.java:1155)
03-01 17:28:16.946 27263 27263 W System.err: at android.app.LoadedApk.makeApplication(LoadedApk.java:1218)
03-01 17:28:16.946 27263 27263 W System.err: at android.app.ActivityThread.handleBindApplication(ActivityThread.java:6667)
03-01 17:28:16.946 27263 27263 W System.err: at android.app.ActivityThread.access$1400(ActivityThread.java:237)
03-01 17:28:16.946 27263 27263 W System.err: at android.app.ActivityThread$H.handleMessage(ActivityThread.java:1933)
03-01 17:28:16.946 27263 27263 W System.err: at android.os.Handler.dispatchMessage(Handler.java:107)
03-01 17:28:16.946 27263 27263 W System.err: at android.os.Looper.loop(Looper.java:264)
03-01 17:28:16.946 27263 27263 W System.err: at android.app.ActivityThread.main(ActivityThread.java:7663)
03-01 17:28:16.946 27263 27263 W System.err: at java.lang.reflect.Method.invoke(Native Method)
03-01 17:28:16.946 27263 27263 W System.err: at com.android.internal.os.RuntimeInit$MethodAndArgsCaller.run(RuntimeInit.java:492)
03-01 17:28:16.946 27263 27263 W System.err: at com.android.internal.os.ZygoteInit.main(ZygoteInit.java:980)
03-01 17:28:17.012 27263 27263 E CustomActivityOnCrash: IMPORTANT WARNING! You already have an UncaughtExceptionHandler, are you sure this is correct? If you use a custom UncaughtExceptionHandler, you must initialize it AFTER CustomActivityOnCrash! Installing anyway, but your original handler will not be called.
03-01 17:28:17.692 27263 27263 W com.mbwhatsapp: type=1400 audit(0.0:3265): avc: granted { execute } for path="/data/data/com.mbwhatsapp/files/decompressed/libs.spk.zst/libc++_shared.so" dev="dm-2" ino=1090771 scontext=u:r:untrusted_app:s0:c207,c256,c512,c768 tcontext=u:object_r:app_data_file:s0:c207,c256,c512,c768 tclass=file
03-01 17:28:17.702 27263 27263 W com.mbwhatsapp: type=1400 audit(0.0:3266): avc: granted { execute } for path="/data/data/com.mbwhatsapp/files/decompressed/libs.spk.zst/libvlc.so" dev="dm- 2" ino=1193307 scontext=u:r:untrusted_app:s0:c207,c256,c512,c768 tcontext=u:object_r:app_data_file:s0:c207,c256,c512,c768 tclass=file
03-01 17:28:17.712 27263 27263 W com.mbwhatsapp: type=1400 audit(0.0:3267): avc: granted { execute } for path="/data/data/com.mbwhatsapp/files/decompressed/libs.spk.zst/libwhatsapp.so" dev="dm-2" ino=1190167 scontext=u:r:untrusted_app:s0:c207,c256,c512,c768 tcontext=u:object_r:app_data_file:s0:c207,c256,c512,c768 tclass=file
03-01 17:28:17.802 27263 27263 W com.mbwhatsapp: type=1400 audit(0.0:3268): avc: granted { execute } for path="/data/data/com.mbwhatsapp/files/decompressed/libs.spk.zst/libcurve25519.so" dev="dm-2" ino=1169173 scontext=u:r:untrusted_app:s0:c207,c256,c512,c768 tcontext=u:object_r:app_data_file:s0:c207,c256,c512,c768 tclass=file
03-01 17:28:17.822 27263 27263 W com.mbwhatsapp: type=1400 audit(0.0:3269): avc: granted { execute } for path="/data/data/com.mbwhatsapp/files/decompressed/libs.spk.zst/libwhatsapp.so" dev="dm-2" ino=1190167 scontext=u:r:untrusted_app:s0:c207,c256,c512,c768 tcontext=u:object_r:app_data_file:s0:c207,c256,c512,c768 tclass=file
03-01 17:28:18.033 27263 27263 W com.mbwhatsapp: Class X.0eU failed lock verification and will run slower.
03-01 17:28:18.033 27263 27263 W com.mbwhatsapp: Common causes for lock verification issues are non-optimized dex code
03-01 17:28:18.033 27263 27263 W com.mbwhatsapp: and incorrect proguard optimizations.
03-01 17:28:18.180 27263 27315 W com.mbwhatsapp: Class X.2rL failed lock verification and will run slower.
03-01 17:28:18.330 27263 27263 W ActivityThread: handleWindowVisibility: no activity for token android.os.BinderProxy@b14ffe2
03-01 17:28:18.332 27263 27263 W RenderThread: type=1400 audit(0.0:3272): avc: denied { search } for name="gift" dev="dm-2" ino=848186 scontext=u:r:untrusted_app:s0:c207,c256,c512,c768 tcontext=u:object_r:gift_data_file:s0 tclass=dir permissive=0
03-01 17:28:18.373 27263 27263 W com.mbwhatsapp: Class com.mbwhatsapp.HomeActivity failed lock verification and will run slower.
03-01 17:28:19.000 27263 27263 E ArmVmp : Match on catch block at 0x0a in for 0xb1
03-01 17:28:19.038 27263 27263 E ArmVmp : Match on catch block at 0x0a in for 0x129
03-01 17:28:19.145 27263 27334 W System : ClassLoader referenced unknown path: system/framework/mediatek-cta.jar
03-01 17:28:19.156 27263 27334 E ArmVmp : No matching catch block at 0x07
03-01 17:28:19.157 27263 27334 E ArmVmp : Match on catch block at 0x02 in for 0x25
03-01 17:28:19.163 27263 27334 W System.err: java.net.UnknownHostException: Unable to resolve host "pastebin.com": No address associated with hostname
03-01 17:28:19.163 27263 27334 W System.err:
03-01 17:28:19.169 27263 27334 W System.err: at java.net.Inet6AddressImpl.lookupHostByName(Inet6AddressImpl.java:156)
03-01 17:28:19.169 27263 27334 W System.err:
03-01 17:28:19.169 27263 27334 W System.err: at java.net.Inet6AddressImpl.lookupAllHostAddr(Inet6AddressImpl.java:103)
03-01 17:28:19.169 27263 27334 W System.err:
03-01 17:28:19.170 27263 27334 W System.err: at java.net.InetAddress.getAllByName(InetAddress.java:1152)
03-01 17:28:19.170 27263 27334 W System.err:
03-01 17:28:19.171 27263 27334 W System.err: at com.android.okhttp.Dns$1.lookup(Dns.java:41)
03-01 17:28:19.171 27263 27334 W System.err:
03-01 17:28:19.171 27263 27334 W System.err: at com.android.okhttp.internal.http.RouteSelector.resetNextInetSocketAddress(RouteSele ctor.java:178)
03-01 17:28:19.172 27263 27334 W System.err:
03-01 17:28:19.172 27263 27334 W System.err: at com.android.okhttp.internal.http.RouteSelector.nextProxy(RouteSelector.java:144)
03-01 17:28:19.172 27263 27334 W System.err:
03-01 17:28:19.174 27263 27334 W System.err: at com.android.okhttp.internal.http.RouteSelector.next(RouteSelector.java:86)
03-01 17:28:19.174 27263 27334 W System.err:
03-01 17:28:19.175 27263 27334 W System.err: at com.android.okhttp.internal.http.StreamAllocation.findConnection(StreamAllocation.j ava:176)
03-01 17:28:19.175 27263 27334 W System.err:
03-01 17:28:19.175 27263 27334 W System.err: at com.android.okhttp.internal.http.StreamAllocation.findHealthyConnection(StreamAlloc ation.java:128)
03-01 17:28:19.176 27263 27334 W System.err:
03-01 17:28:19.176 27263 27334 W System.err: at com.android.okhttp.internal.http.StreamAllocation.newStream(StreamAllocation.java:9 7)
03-01 17:28:19.176 27263 27334 W System.err:
03-01 17:28:19.177 27263 27334 W System.err: at com.android.okhttp.internal.http.HttpEngine.connect(HttpEngine.java:302)
03-01 17:28:19.177 27263 27334 W System.err:
03-01 17:28:19.177 27263 27334 W System.err: at com.android.okhttp.internal.http.HttpEngine.sendRequest(HttpEngine.java:245)
03-01 17:28:19.177 27263 27334 W System.err:
03-01 17:28:19.177 27263 27334 W System.err: at com.android.okhttp.internal.huc.HttpURLConnectionImpl.execute(HttpURLConnectionImpl .java:465)
03-01 17:28:19.177 27263 27334 W System.err:
03-01 17:28:19.178 27263 27334 W System.err: at com.android.okhttp.internal.huc.HttpURLConnectionImpl.getResponse(HttpURLConnection Impl.java:411)
03-01 17:28:19.178 27263 27334 W System.err:
03-01 17:28:19.178 27263 27334 W System.err: at com.android.okhttp.internal.huc.HttpURLConnectionImpl.getInputStream(HttpURLConnect ionImpl.java:248)
03-01 17:28:19.178 27263 27334 W System.err:
03-01 17:28:19.178 27263 27334 W System.err: at com.android.okhttp.internal.huc.DelegatingHttpsURLConnection.getInputStream(Delegat ingHttpsURLConnection.java:211)
03-01 17:28:19.178 27263 27334 W System.err:
03-01 17:28:19.179 27263 27334 W System.err: at com.android.okhttp.internal.huc.HttpsURLConnectionImpl.getInputStream(HttpsURLConne ctionImpl.java:30)
03-01 17:28:19.179 27263 27334 W System.err:
03-01 17:28:19.179 27263 27334 W System.err: at java.net.URL.openStream(URL.java:1072)
03-01 17:28:19.179 27263 27334 W System.err:
03-01 17:28:19.179 27263 27334 W System.err: at mbmodsd.mbmodsw.mbdialog.MBDialogMan.loadJsonFromUrl(Native Method)
03-01 17:28:19.179 27263 27334 W System.err:
03-01 17:28:19.179 27263 27334 W System.err: at mbmodsd.mbmodsw.mbdialog.MBDialogMan.access$000(Native Method)
03-01 17:28:19.179 27263 27334 W System.err:
03-01 17:28:19.180 27263 27334 W System.err: at mbmodsd.mbmodsw.mbdialog.MBDialogMan$FetchJsonTask.doInBackground(Native Method)
03-01 17:28:19.180 27263 27334 W System.err:
03-01 17:28:19.180 27263 27334 W System.err: at mbmodsd.mbmodsw.mbdialog.MBDialogMan$FetchJsonTask.doInBackground(Native Method)
03-01 17:28:19.180 27263 27334 W System.err:
03-01 17:28:19.181 27263 27334 W System.err: at android.os.AsyncTask$3.call(AsyncTask.java:378)
03-01 17:28:19.182 27263 27334 W System.err:
03-01 17:28:19.183 27263 27334 W System.err: at java.util.concurrent.FutureTask.run(FutureTask.java:266)
03-01 17:28:19.184 27263 27334 W System.err:
03-01 17:28:19.184 27263 27334 W System.err: at android.os.AsyncTask$SerialExecutor$1.run(AsyncTask.java:289)
03-01 17:28:19.184 27263 27334 W System.err:
03-01 17:28:19.184 27263 27334 W System.err: at java.util.concurrent.ThreadPoolExecutor.runWorker(ThreadPoolExecutor.java:1167)
03-01 17:28:19.185 27263 27334 W System.err:
03-01 17:28:19.185 27263 27334 W System.err: at java.util.concurrent.ThreadPoolExecutor$Worker.run(ThreadPoolExecutor.java:641)
03-01 17:28:19.185 27263 27334 W System.err:
03-01 17:28:19.185 27263 27334 W System.err: at java.lang.Thread.run(Thread.java:919)
03-01 17:28:19.186 27263 27334 W System.err:
03-01 17:28:19.191 27263 27334 W System.err: Caused by: android.system.GaiException: android_getaddrinfo failed: EAI_NODATA (No address associated with hostname)
03-01 17:28:19.191 27263 27334 W System.err:
03-01 17:28:19.192 27263 27334 W System.err: at libcore.io.Linux.android_getaddrinfo(Native Method)
03-01 17:28:19.192 27263 27334 W System.err:
03-01 17:28:19.192 27263 27334 W System.err: at libcore.io.ForwardingOs.android_getaddrinfo(ForwardingOs.java:74)
03-01 17:28:19.192 27263 27334 W System.err:
03-01 17:28:19.193 27263 27334 W System.err: at libcore.io.BlockGuardOs.android_getaddrinfo(BlockGuardOs.java:200)
03-01 17:28:19.193 27263 27334 W System.err:
03-01 17:28:19.193 27263 27334 W System.err: at libcore.io.ForwardingOs.android_getaddrinfo(ForwardingOs.java:74)
03-01 17:28:19.194 27263 27334 W System.err:
03-01 17:28:19.194 27263 27334 W System.err: at java.net.Inet6AddressImpl.lookupHostByName(Inet6AddressImpl.java:135)
03-01 17:28:19.194 27263 27334 W System.err:
03-01 17:28:19.195 27263 27334 W System.err: ... 27 more
03-01 17:28:19.195 27263 27334 W System.err:
03-01 17:28:19.301 27263 27263 W System : ClassLoader referenced unknown path: /system/framework/mediatek-cta.jar
03-01 17:28:19.302 27263 27263 W CtaManagerFactory: CtaManagerFactoryImpl not found
03-01 17:28:19.386 27263 27263 W ActivityThread: handleWindowVisibility: no activity for token android.os.BinderProxy@9f3621b
03-01 17:28:19.429 27263 27349 W System : ClassLoader referenced unknown path: system/framework/mediatek-cta.jar
03-01 17:28:19.687 27263 27324 W Gralloc3: mapper 3.x is not supported
03-01 17:28:19.691 27263 27324 E ion : ioctl c0044901 failed with code -1: Invalid argument --------- beginning of system
03-01 17:28:20.308 27263 27263 W FingerprintManager: sendAcquiredResult acquireInfo = 6vendorCode = 2
03-01 17:28:20.321 27263 27263 W FingerprintManager: Invalid acquired message: 6, 2
03-01 17:28:20.321 27263 27263 W FingerprintManager: sendAcquiredResult acquireInfo = 6vendorCode = 3
03-01 17:28:20.321 27263 27263 W FingerprintManager: Invalid acquired message: 6, 3
03-01 17:28:20.321 27263 27263 W FingerprintManager: sendAcquiredResult acquireInfo = 0vendorCode = 0
03-01 17:28:20.943 27263 27263 E ArmVmp : Match on catch block at 0x0a in for 0xc5
03-01 17:28:21.653 27263 27399 W LOTTIE : Animation contains merge paths. Merge paths are only supported on KitKat+ and must be manually enabled by calling enableMergePathsForKitKatAndAbove().
03-01 17:28:21.944 27263 27263 E RecyclerView: No adapter attached; skipping layout
03-01 17:28:22.096 27263 27263 E RecyclerView: No adapter attached; skipping layout
03-01 17:28:22.111 27263 27263 W LOTTIE : Animation contains merge paths but they are disabled.
03-01 17:28:25.662 27263 27263 W ActivityThread: handleWindowVisibility: no activity for token android.os.BinderProxy@22af082
03-01 17:28:25.928 27263 27263 W BottomSheetBehavior: BottomSheetBehavior now supports multiple callbacks. `setBottomSheetCallback()` removes all existing callbacks, including ones set internally by library authors, which may result in unintended behavior. This may change in the future. Please use `addBottomSheetCallback()` and `removeBottomSheetCallback()` instead to set your own callbacks.
03-01 17:28:25.928 27263 27263 W BottomSheetBehavior: BottomSheetBehavior now supports multiple callbacks. `setBottomSheetCallback()` removes all existing callbacks, including ones set internally by library authors, which may result in unintended behavior. This may change in the future. Please use `addBottomSheetCallback()` and `removeBottomSheetCallback()` instead to set your own callbacks.
03-01 17:28:26.176 27263 27263 W BottomSheetBehavior: BottomSheetBehavior now supports multiple callbacks. `setBottomSheetCallback()` removes all existing callbacks, including ones set internally by library authors, which may result in unintended behavior. This may change in the future. Please use `addBottomSheetCallback()` and `removeBottomSheetCallback()` instead to set your own callbacks.
03-01 17:28:26.176 27263 27263 W BottomSheetBehavior: BottomSheetBehavior now supports multiple callbacks. `setBottomSheetCallback()` removes all existing callbacks, including ones set internally by library authors, which may result in unintended behavior. This may change in the future. Please use `addBottomSheetCallback()` and `removeBottomSheetCallback()` instead to set your own callbacks.
03-01 17:28:26.202 27263 27263 W BottomSheetBehavior: BottomSheetBehavior now supports multiple callbacks. `setBottomSheetCallback()` removes all existing callbacks, including ones set internally by library authors, which may result in unintended behavior. This may change in the future. Please use `addBottomSheetCallback()` and `removeBottomSheetCallback()` instead to set your own callbacks.
03-01 17:28:26.202 27263 27263 W BottomSheetBehavior: BottomSheetBehavior now supports multiple callbacks. `setBottomSheetCallback()` removes all existing callbacks, including ones set internally by library authors, which may result in unintended behavior. This may change in the future. Please use `addBottomSheetCallback()` and `removeBottomSheetCallback()` instead to set your own callbacks.
03-01 17:28:26.224 27263 27263 W BottomSheetBehavior: BottomSheetBehavior now supports multiple callbacks. `setBottomSheetCallback()` removes all existing callbacks, including ones set internally by library authors, which may result in unintended behavior. This may change in the future. Please use `addBottomSheetCallback()` and `removeBottomSheetCallback()` instead to set your own callbacks.
03-01 17:28:26.224 27263 27263 W BottomSheetBehavior: BottomSheetBehavior now supports multiple callbacks. `setBottomSheetCallback()` removes all existing callbacks, including ones set internally by library authors, which may result in unintended behavior. This may change in the future. Please use `addBottomSheetCallback()` and `removeBottomSheetCallback()` instead to set your own callbacks.
03-01 17:28:26.253 27263 27263 E RecyclerView: No adapter attached; skipping layout
03-01 17:28:26.255 27263 27263 E RecyclerView: No adapter attached; skipping layout
03-01 17:28:26.269 27263 27263 E libc : Access denied finding property "vendor.debug.bq.dump"
03-01 17:28:26.270 27263 27263 E libc : Access denied finding property "vendor.debug.bq.dump"
03-01 17:28:26.270 27263 27263 E libc : Access denied finding property "vendor.debug.bq.dump"
03-01 17:28:26.252 27263 27263 W com.mbwhatsapp: type=1400 audit(0.0:3275): avc: denied { read } for name="u:object_r:debug_bq_dump_prop:s0" dev="tmpfs" ino=7592 scontext=u:r:untrusted_app:s0:c207,c256,c512,c768 tcontext=u:object_r:debug_bq_dump_prop:s0 tclass=file permissive=0
03-01 17:28:26.262 27263 27263 W com.mbwhatsapp: type=1400 audit(0.0:3277): avc: denied { read } for name="u:object_r:debug_bq_dump_prop:s0" dev="tmpfs" ino=7592 scontext=u:r:untrusted_app:s0:c207,c256,c512,c768 tcontext=u:object_r:debug_bq_dump_prop:s0 tclass=file permissive=0
03-01 17:28:27.142 27263 27312 E SQLiteDatabase: Error inserting transferred=0 media_job_uuid=50e672c0-597f-400d-b0d4-b285e34132a9 transcoded=0 gif_attribution=0 first_scan_length=0 direct_path=/v/t62.7161- 24/32081245_313259468030723_533362739057673518_n.enc?ccb=11- 4&oh=01_AdRDeaT11yhpHN378fJs-ur-_gtpMpm4NTHmc_vj1ldbSQ&oe=66090496&_nc_sid=5e03e0 thumbnail_height_width_ratio=1.7777778 is_animated_sticker=0 file_hash=zemxrefFph+ksoybiGCZR86enA+xXRPlS6NLTtVR4o4= file_path=null file_size=0 partial_media_hash=null face_x=0 face_y=0 height=1024 trim_to=0 media_key_timestamp=1709275166000 message_url=https://mmg.whatsapp.net/v/t62.7161- 24/32081245_313259468030723_533362739057673518_n.enc?ccb=11- 4&oh=01_AdRDeaT11yhpHN378fJs-ur- _gtpMpm4NTHmc_vj1ldbSQ&oe=66090496&_nc_sid=5e03e0&mms3=true media_caption=null trim_from=0 mime_type=video/mp4 partial_media_enc_hash=null width=576 original_file_hash=null has_streaming_sidecar=1 autotransfer_retry_enabled=1 media_upload_handle=null message_row_id=361 multicast_id=null enc_file_hash=hSgivXWEg7YLUwNMipxN3+yuWIx61yhdsEgxOubAupo= mute_video=0 page_count=0 first_scan_sidecar=null suspicious_content=0 file_length=3111826 media_name=null media_duration=30 chat_row_id=41 media_key=[B@1f3291
03-01 17:28:27.142 27263 27312 E SQLiteDatabase: android.database.sqlite.SQLiteConstraintException: UNIQUE constraint failed: message_media.message_row_id (code 1555 SQLITE_CONSTRAINT_PRIMARYKEY)
03-01 17:28:27.142 27263 27312 E SQLiteDatabase: at android.database.sqlite.SQLiteConnection.nativeExecuteForLastInsertedRowId(Native Method)
03-01 17:28:27.142 27263 27312 E SQLiteDatabase: at android.database.sqlite.SQLiteConnection.executeForLastInsertedRowId(SQLiteConnecti on.java:879)
03-01 17:28:27.142 27263 27312 E SQLiteDatabase: at android.database.sqlite.SQLiteSession.executeForLastInsertedRowId(SQLiteSession.jav a:790)
03-01 17:28:27.142 27263 27312 E SQLiteDatabase: at android.database.sqlite.SQLiteStatement.executeInsert(SQLiteStatement.java:88)
03-01 17:28:27.142 27263 27312 E SQLiteDatabase: at android.database.sqlite.SQLiteDatabase.insertWithOnConflict(SQLiteDatabase.java:159 9)
03-01 17:28:27.142 27263 27312 E SQLiteDatabase: at android.database.sqlite.SQLiteDatabase.insert(SQLiteDatabase.java:1468)
03-01 17:28:27.142 27263 27312 E SQLiteDatabase: at X.2tm.A08(Unknown Source:6)
03-01 17:28:27.142 27263 27312 E SQLiteDatabase: at X.35Y.A07(Unknown Source:212)
03-01 17:28:27.142 27263 27312 E SQLiteDatabase: at X.3QF.A14(Unknown Source:470)
03-01 17:28:27.142 27263 27312 E SQLiteDatabase: at X.3gU.run(Unknown Source:982)
03-01 17:28:27.142 27263 27312 E SQLiteDatabase: at android.os.Handler.handleCallback(Handler.java:883)
03-01 17:28:27.142 27263 27312 E SQLiteDatabase: at android.os.Handler.dispatchMessage(Handler.java:100)
03-01 17:28:27.142 27263 27312 E SQLiteDatabase: at X.0zq.dispatchMessage(Unknown Source:4)
03-01 17:28:27.142 27263 27312 E SQLiteDatabase: at android.os.Looper.loop(Looper.java:264)
03-01 17:28:27.142 27263 27312 E SQLiteDatabase: at android.os.HandlerThread.run(HandlerThread.java:67)
03-01 17:28:27.232 27263 27263 W pool-4-thread-1: type=1400 audit(0.0:3278): avc: granted { execute } for path="/data/data/com.mbwhatsapp/files/decompressed/libs.spk.zst/libgifimage.so" dev="dm-2" ino=1126410 scontext=u:r:untrusted_app:s0:c207,c256,c512,c768 tcontext=u:object_r:app_data_file:s0:c207,c256,c512,c768 tclass=file
03-01 17:28:27.756 27263 27263 E RecyclerView: No adapter attached; skipping layout
03-01 17:28:28.227 27263 27312 E SQLiteDatabase: Error inserting transferred=0 media_job_uuid=25e1a714-66b3-41fc-b7f4-af201e313801 transcoded=0 gif_attribution=0 first_scan_length=0 direct_path=/v/t62.7118- 24/30042189_1438510647042878_6137964845483576124_n.enc?ccb=11- 4&oh=01_AdTRR7C3rgN0nR5PuTVZNPkm3gkaIxIxb_GkrkRnt8kPXQ&oe=66090A5A&_nc_sid=5e03e0 thumbnail_height_width_ratio=1.3333334 is_animated_sticker=0 file_hash=U78tdO21gETqXKW7nBCfFdU2+l2hPgAZG6OfPk0M9dE= file_path=null file_size=0 partial_media_hash=null face_x=0 face_y=0 height=1024 trim_to=0 media_key_timestamp=1709286646000 message_url=https://mmg.whatsapp.net/v/t62.7118- 24/30042189_1438510647042878_6137964845483576124_n.enc?ccb=11- 4&oh=01_AdTRR7C3rgN0nR5PuTVZNPkm3gkaIxIxb_GkrkRnt8kPXQ&oe=66090A5A&_nc_sid=5e03e0&m ms3=true media_caption=null trim_from=0 mime_type=image/jpeg partial_media_enc_hash=null width=768 original_file_hash=null has_streaming_sidecar=0 autotransfer_retry_enabled=1 media_upload_handle=null message_row_id=375 multicast_id=null enc_file_hash=6p1c/3ejSVqZZRKD5R9V6gPlAfUHkpU0+w2iUX2kZPk= mute_video=0 page_count=0 first_scan_sidecar=null suspicious_content=0 file_length=116478 media_name=null media_duration=0 chat_row_id=41 media_key=[B@256c089
03-01 17:28:28.227 27263 27312 E SQLiteDatabase: android.database.sqlite.SQLiteConstraintException: UNIQUE constraint failed: message_media.message_row_id (code 1555 SQLITE_CONSTRAINT_PRIMARYKEY)
03-01 17:28:28.227 27263 27312 E SQLiteDatabase: at android.database.sqlite.SQLiteConnection.nativeExecuteForLastInsertedRowId(Native Method)
03-01 17:28:28.227 27263 27312 E SQLiteDatabase: at android.database.sqlite.SQLiteConnection.executeForLastInsertedRowId(SQLiteConnecti on.java:879)
03-01 17:28:28.227 27263 27312 E SQLiteDatabase: at android.database.sqlite.SQLiteSession.executeForLastInsertedRowId(SQLiteSession.jav a:790)
03-01 17:28:28.227 27263 27312 E SQLiteDatabase: at android.database.sqlite.SQLiteStatement.executeInsert(SQLiteStatement.java:88)
03-01 17:28:28.227 27263 27312 E SQLiteDatabase: at android.database.sqlite.SQLiteDatabase.insertWithOnConflict(SQLiteDatabase.java:159 9)
03-01 17:28:28.227 27263 27312 E SQLiteDatabase: at android.database.sqlite.SQLiteDatabase.insert(SQLiteDatabase.java:1468)
03-01 17:28:28.227 27263 27312 E SQLiteDatabase: at X.2tm.A08(Unknown Source:6)
03-01 17:28:28.227 27263 27312 E SQLiteDatabase: at X.35Y.A07(Unknown Source:212)
03-01 17:28:28.227 27263 27312 E SQLiteDatabase: at X.3QF.A14(Unknown Source:470)
03-01 17:28:28.227 27263 27312 E SQLiteDatabase: at X.3gU.run(Unknown Source:982)
03-01 17:28:28.227 27263 27312 E SQLiteDatabase: at android.os.Handler.handleCallback(Handler.java:883)
03-01 17:28:28.227 27263 27312 E SQLiteDatabase: at android.os.Handler.dispatchMessage(Handler.java:100)
03-01 17:28:28.227 27263 27312 E SQLiteDatabase: at X.0zq.dispatchMessage(Unknown Source:4)
03-01 17:28:28.227 27263 27312 E SQLiteDatabase: at android.os.Looper.loop(Looper.java:264)
03-01 17:28:28.227 27263 27312 E SQLiteDatabase: at android.os.HandlerThread.run(HandlerThread.java:67)
03-01 17:28:29.995 27263 27263 W ActivityThread: handleWindowVisibility: no activity for token android.os.BinderProxy@747c0bd
03-01 17:28:30.205 27263 27263 W BottomSheetBehavior: BottomSheetBehavior now supports multiple callbacks. `setBottomSheetCallback()` removes all existing callbacks, including ones set internally by library authors, which may result in unintended behavior. This may change in the future. Please use `addBottomSheetCallback()` and `removeBottomSheetCallback()` instead to set your own callbacks.
03-01 17:28:30.205 27263 27263 W BottomSheetBehavior: BottomSheetBehavior now supports multiple callbacks. `setBottomSheetCallback()` removes all existing callbacks, including ones set internally by library authors, which may result in unintended behavior. This may change in the future. Please use `addBottomSheetCallback()` and `removeBottomSheetCallback()` instead to set your own callbacks.
03-01 17:28:30.243 27263 27263 W BottomSheetBehavior: BottomSheetBehavior now supports multiple callbacks. `setBottomSheetCallback()` removes all existing callbacks, including ones set internally by library authors, which may result in unintended behavior. This may change in the future. Please use `addBottomSheetCallback()` and `removeBottomSheetCallback()` instead to set your own callbacks.
03-01 17:28:30.243 27263 27263 W BottomSheetBehavior: BottomSheetBehavior now supports multiple callbacks. `setBottomSheetCallback()` removes all existing callbacks, including ones set internally by library authors, which may result in unintended behavior. This may change in the future. Please use `addBottomSheetCallback()` and `removeBottomSheetCallback()` instead to set your own callbacks.
03-01 17:28:30.273 27263 27263 W BottomSheetBehavior: BottomSheetBehavior now supports multiple callbacks. `setBottomSheetCallback()` removes all existing callbacks, including ones set internally by library authors, which may result in unintended behavior. This may change in the future. Please use `addBottomSheetCallback()` and `removeBottomSheetCallback()` instead to set your own callbacks.
03-01 17:28:30.273 27263 27263 W BottomSheetBehavior: BottomSheetBehavior now supports multiple callbacks. `setBottomSheetCallback()` removes all existing callbacks, including ones set internally by library authors, which may result in unintended behavior. This may change in the future. Please use `addBottomSheetCallback()` and `removeBottomSheetCallback()` instead to set your own callbacks.
03-01 17:28:30.300 27263 27263 W BottomSheetBehavior: BottomSheetBehavior now supports multiple callbacks. `setBottomSheetCallback()` removes all existing callbacks, including ones set internally by library authors, which may result in unintended behavior. This may change in the future. Please use `addBottomSheetCallback()` and `removeBottomSheetCallback()` instead to set your own callbacks.
03-01 17:28:30.300 27263 27263 W BottomSheetBehavior: BottomSheetBehavior now supports multiple callbacks. `setBottomSheetCallback()` removes all existing callbacks, including ones set internally by library authors, which may result in unintended behavior. This may change in the future. Please use `addBottomSheetCallback()` and `removeBottomSheetCallback()` instead to set your own callbacks.
03-01 17:28:30.318 27263 27263 E RecyclerView: No adapter attached; skipping layout
03-01 17:28:30.320 27263 27263 E RecyclerView: No adapter attached; skipping layout
03-01 17:28:30.321 27263 27263 E RecyclerView: No adapter attached; skipping layout
03-01 17:28:30.345 27263 27263 E RecyclerView: No adapter attached; skipping layout
03-01 17:28:30.345 27263 27263 E RecyclerView: No adapter attached; skipping layout
03-01 17:28:30.346 27263 27263 E RecyclerView: No adapter attached; skipping layout
03-01 17:28:30.811 27263 27263 W BottomSheetBehavior: BottomSheetBehavior now supports multiple callbacks. `setBottomSheetCallback()` removes all existing callbacks, including ones set internally by library authors, which may result in unintended behavior. This may change in the future. Please use `addBottomSheetCallback()` and `removeBottomSheetCallback()` instead to set your own callbacks.
03-01 17:28:30.811 27263 27263 W BottomSheetBehavior: BottomSheetBehavior now supports multiple callbacks. `setBottomSheetCallback()` removes all existing callbacks, including ones set internally by library authors, which may result in unintended behavior. This may change in the future. Please use `addBottomSheetCallback()` and `removeBottomSheetCallback()` instead to set your own callbacks.
03-01 17:28:30.820 27263 27263 E RecyclerView: No adapter attached; skipping layout
03-01 17:28:31.000 27263 27263 E RecyclerView: No adapter attached; skipping layout
03-01 17:28:31.014 27263 27312 E SQLiteDatabase: Error inserting transferred=0 media_job_uuid=7fc5196f-0712-4f9f-8b08-a190191cf47c transcoded=0 gif_attribution=0 first_scan_length=12182 direct_path=/o1/v/t62.7118-24/f1/m231/up-oil-image- 7793ebd9-b4c8-46b6-9e05-9aaf94d0d801?ccb=9-4&oh=01_AdRb3ULzxhaMq- ZiK3b6pUMG40IZ5RgUAfL6jtl8E5t76g&oe=6608E341&_nc_sid=000000 thumbnail_height_width_ratio=1.3333334 is_animated_sticker=0 file_hash=oge4w7w0pazIhWTgZEY5VYUbNgUG4YzgAoFKoOOpNKQ= file_path=null file_size=0 partial_media_hash=8+DPTV1pcSbTjJUvO4emHBraKhlbFU1CT1VQtUvrBbU= face_x=0 face_y=0 height=1224 trim_to=0 media_key_timestamp=1709272721000 message_url=https://mmg.whatsapp.net/o1/v/t62.7118-24/f1/m231/up-oil-image- 7793ebd9-b4c8-46b6-9e05-9aaf94d0d801?ccb=9-4&oh=01_AdRb3ULzxhaMq- ZiK3b6pUMG40IZ5RgUAfL6jtl8E5t76g&oe=6608E341&_nc_sid=000000&mms3=true media_caption=null trim_from=0 mime_type=image/jpeg partial_media_enc_hash=null width=917 original_file_hash=null has_streaming_sidecar=1 autotransfer_retry_enabled=0 media_upload_handle=null message_row_id=366 multicast_id=null enc_file_hash=4NRC6odsDLjSGb8UAwevJggcZHSxe4DbVlTUN0WhTRo= mute_video=0 page_count=0 first_scan_sidecar=[B@90ebcdc suspicious_content=0 file_length=83416 media_name=null media_duration=0 chat_row_id=41 media_key=[B@6f9a1e5
03-01 17:28:31.014 27263 27312 E SQLiteDatabase: android.database.sqlite.SQLiteConstraintException: UNIQUE constraint failed: message_media.message_row_id (code 1555 SQLITE_CONSTRAINT_PRIMARYKEY)
03-01 17:28:31.014 27263 27312 E SQLiteDatabase: at android.database.sqlite.SQLiteConnection.nativeExecuteForLastInsertedRowId(Native Method)
03-01 17:28:31.014 27263 27312 E SQLiteDatabase: at android.database.sqlite.SQLiteConnection.executeForLastInsertedRowId(SQLiteConnecti on.java:879)
03-01 17:28:31.014 27263 27312 E SQLiteDatabase: at android.database.sqlite.SQLiteSession.executeForLastInsertedRowId(SQLiteSession.jav a:790)
03-01 17:28:31.014 27263 27312 E SQLiteDatabase: at android.database.sqlite.SQLiteStatement.executeInsert(SQLiteStatement.java:88)
03-01 17:28:31.014 27263 27312 E SQLiteDatabase: at android.database.sqlite.SQLiteDatabase.insertWithOnConflict(SQLiteDatabase.java:159 9)
03-01 17:28:31.014 27263 27312 E SQLiteDatabase: at android.database.sqlite.SQLiteDatabase.insert(SQLiteDatabase.java:1468)
03-01 17:28:31.014 27263 27312 E SQLiteDatabase: at X.2tm.A08(Unknown Source:6)
03-01 17:28:31.014 27263 27312 E SQLiteDatabase: at X.35Y.A07(Unknown Source:212)
03-01 17:28:31.014 27263 27312 E SQLiteDatabase: at X.3QF.A14(Unknown Source:470)
03-01 17:28:31.014 27263 27312 E SQLiteDatabase: at X.3gU.run(Unknown Source:982)
03-01 17:28:31.014 27263 27312 E SQLiteDatabase: at android.os.Handler.handleCallback(Handler.java:883)
03-01 17:28:31.014 27263 27312 E SQLiteDatabase: at android.os.Handler.dispatchMessage(Handler.java:100)
03-01 17:28:31.014 27263 27312 E SQLiteDatabase: at X.0zq.dispatchMessage(Unknown Source:4)
03-01 17:28:31.014 27263 27312 E SQLiteDatabase: at android.os.Looper.loop(Looper.java:264)
03-01 17:28:31.014 27263 27312 E SQLiteDatabase: at android.os.HandlerThread.run(HandlerThread.java:67)
03-01 17:28:31.023 27263 27312 E SQLiteDatabase: Error inserting transferred=0 media_job_uuid=7fc5196f-0712-4f9f-8b08-a190191cf47c transcoded=0 gif_attribution=0 first_scan_length=12182 direct_path=/o1/v/t62.7118-24/f1/m231/up-oil-image- 7793ebd9-b4c8-46b6-9e05-9aaf94d0d801?ccb=9-4&oh=01_AdRb3ULzxhaMq- ZiK3b6pUMG40IZ5RgUAfL6jtl8E5t76g&oe=6608E341&_nc_sid=000000 thumbnail_height_width_ratio=1.3333334 is_animated_sticker=0 file_hash=oge4w7w0pazIhWTgZEY5VYUbNgUG4YzgAoFKoOOpNKQ= file_path=null file_size=0 partial_media_hash=8+DPTV1pcSbTjJUvO4emHBraKhlbFU1CT1VQtUvrBbU= face_x=0 face_y=0 height=1224 trim_to=0 media_key_timestamp=1709272721000 message_url=https://mmg.whatsapp.net/o1/v/t62.7118-24/f1/m231/up-oil-image- 7793ebd9-b4c8-46b6-9e05-9aaf94d0d801?ccb=9-4&oh=01_AdRb3ULzxhaMq- ZiK3b6pUMG40IZ5RgUAfL6jtl8E5t76g&oe=6608E341&_nc_sid=000000&mms3=true media_caption=null trim_from=0 mime_type=image/jpeg partial_media_enc_hash=null width=917 original_file_hash=null has_streaming_sidecar=1 autotransfer_retry_enabled=0 media_upload_handle=null message_row_id=366 multicast_id=null enc_file_hash=4NRC6odsDLjSGb8UAwevJggcZHSxe4DbVlTUN0WhTRo= mute_video=0 page_count=0 first_scan_sidecar=[B@90ebcdc suspicious_content=0 file_length=83416 media_name=null media_duration=0 chat_row_id=41 media_key=[B@6f9a1e5
03-01 17:28:31.023 27263 27312 E SQLiteDatabase: android.database.sqlite.SQLiteConstraintException: UNIQUE constraint failed: message_media.message_row_id (code 1555 SQLITE_CONSTRAINT_PRIMARYKEY)
03-01 17:28:31.023 27263 27312 E SQLiteDatabase: at android.database.sqlite.SQLiteConnection.nativeExecuteForLastInsertedRowId(Native Method)
03-01 17:28:31.023 27263 27312 E SQLiteDatabase: at android.database.sqlite.SQLiteConnection.executeForLastInsertedRowId(SQLiteConnecti on.java:879)
03-01 17:28:31.023 27263 27312 E SQLiteDatabase: at android.database.sqlite.SQLiteSession.executeForLastInsertedRowId(SQLiteSession.jav a:790)
03-01 17:28:31.023 27263 27312 E SQLiteDatabase: at android.database.sqlite.SQLiteStatement.executeInsert(SQLiteStatement.java:88)
03-01 17:28:31.023 27263 27312 E SQLiteDatabase: at android.database.sqlite.SQLiteDatabase.insertWithOnConflict(SQLiteDatabase.java:159 9)
03-01 17:28:31.023 27263 27312 E SQLiteDatabase: at android.database.sqlite.SQLiteDatabase.insert(SQLiteDatabase.java:1468)
03-01 17:28:31.023 27263 27312 E SQLiteDatabase: at X.2tm.A08(Unknown Source:6)
03-01 17:28:31.023 27263 27312 E SQLiteDatabase: at X.35Y.A07(Unknown Source:212)
03-01 17:28:31.023 27263 27312 E SQLiteDatabase: at X.3QF.A14(Unknown Source:470)
03-01 17:28:31.023 27263 27312 E SQLiteDatabase: at X.3gU.run(Unknown Source:982)
03-01 17:28:31.023 27263 27312 E SQLiteDatabase: at android.os.Handler.handleCallback(Handler.java:883)
03-01 17:28:31.023 27263 27312 E SQLiteDatabase: at android.os.Handler.dispatchMessage(Handler.java:100)
03-01 17:28:31.023 27263 27312 E SQLiteDatabase: at X.0zq.dispatchMessage(Unknown Source:4)
03-01 17:28:31.023 27263 27312 E SQLiteDatabase: at android.os.Looper.loop(Looper.java:264)
03-01 17:28:31.023 27263 27312 E SQLiteDatabase: at android.os.HandlerThread.run(HandlerThread.java:67)
03-01 17:28:32.286 27263 27312 E SQLiteDatabase: Error inserting transferred=1 media_job_uuid=e73af439-7d97-4621-b264-2c1a876e5ef7 transcoded=0 gif_attribution=0 first_scan_length=7354 direct_path=/v/t62.7118- 24/40832169_846437377287261_84083335297731790_n.enc?ccb=11- 4&oh=01_AdRU09MhhEyIP9Otbox-bGKs6SSE9M-x-lkSNMqXbQdgAQ&oe=6608F9B1&_nc_sid=5e03e0 thumbnail_height_width_ratio=1.3111111 is_animated_sticker=0 file_hash=biJtFClXR4uE9RQ2kxJxFLj24IO97XJeb04qVsesLxc= file_path=Media/.Statuses/c23c208658f24bb8b0381f390db9a129.jpg file_size=0 partial_media_hash=+ovWl4QMNmN6vsvFZJoaB5i/k1elE88vG9KRFFBlhlM= face_x=0 face_y=0 height=952 trim_to=0 media_key_timestamp=1709279034000 message_url=https://mmg.whatsapp.net/v/t62.7118- 24/40832169_846437377287261_84083335297731790_n.enc?ccb=11- 4&oh=01_AdRU09MhhEyIP9Otbox-bGKs6SSE9M-x- lkSNMqXbQdgAQ&oe=6608F9B1&_nc_sid=5e03e0&mms3=true media_caption=null trim_from=0 mime_type=image/jpeg partial_media_enc_hash=null width=720 original_file_hash=null has_streaming_sidecar=1 autotransfer_retry_enabled=1 media_upload_handle=null message_row_id=368 multicast_id=null enc_file_hash=Dmh4GijDL3KsSzngMjnnxnu01Y36V5aRr0HJEKu1i1g= mute_video=0 page_count=0 first_scan_sidecar=[B@b2862ef suspicious_content=0 file_length=107142 media_name=null media_duration=0 chat_row_id=41 media_key=[B@23121fc
03-01 17:28:32.286 27263 27312 E SQLiteDatabase: android.database.sqlite.SQLiteConstraintException: UNIQUE constraint failed: message_media.message_row_id (code 1555 SQLITE_CONSTRAINT_PRIMARYKEY)
03-01 17:28:32.286 27263 27312 E SQLiteDatabase: at android.database.sqlite.SQLiteConnection.nativeExecuteForLastInsertedRowId(Native Method)
03-01 17:28:32.286 27263 27312 E SQLiteDatabase: at android.database.sqlite.SQLiteConnection.executeForLastInsertedRowId(SQLiteConnecti on.java:879)
03-01 17:28:32.286 27263 27312 E SQLiteDatabase: at android.database.sqlite.SQLiteSession.executeForLastInsertedRowId(SQLiteSession.jav a:790)
03-01 17:28:32.286 27263 27312 E SQLiteDatabase: at android.database.sqlite.SQLiteStatement.executeInsert(SQLiteStatement.java:88)
03-01 17:28:32.286 27263 27312 E SQLiteDatabase: at android.database.sqlite.SQLiteDatabase.insertWithOnConflict(SQLiteDatabase.java:159 9)
03-01 17:28:32.286 27263 27312 E SQLiteDatabase: at android.database.sqlite.SQLiteDatabase.insert(SQLiteDatabase.java:1468)
03-01 17:28:32.286 27263 27312 E SQLiteDatabase: at X.2tm.A08(Unknown Source:6)
03-01 17:28:32.286 27263 27312 E SQLiteDatabase: at X.35Y.A07(Unknown Source:212)
03-01 17:28:32.286 27263 27312 E SQLiteDatabase: at X.3QF.A14(Unknown Source:470)
03-01 17:28:32.286 27263 27312 E SQLiteDatabase: at X.3gU.run(Unknown Source:982)
03-01 17:28:32.286 27263 27312 E SQLiteDatabase: at android.os.Handler.handleCallback(Handler.java:883)
03-01 17:28:32.286 27263 27312 E SQLiteDatabase: at android.os.Handler.dispatchMessage(Handler.java:100)
03-01 17:28:32.286 27263 27312 E SQLiteDatabase: at X.0zq.dispatchMessage(Unknown Source:4)
03-01 17:28:32.286 27263 27312 E SQLiteDatabase: at android.os.Looper.loop(Looper.java:264)
03-01 17:28:32.286 27263 27312 E SQLiteDatabase: at android.os.HandlerThread.run(HandlerThread.java:67)
03-01 17:28:33.488 27263 27263 W ActivityThread: handleWindowVisibility: no activity for token android.os.BinderProxy@2d53614
03-01 17:28:33.492 27263 27312 E SQLiteDatabase: Error inserting transferred=0 media_job_uuid=7fc5196f-0712-4f9f-8b08-a190191cf47c transcoded=0 gif_attribution=0 first_scan_length=12182 direct_path=/o1/v/t62.7118-24/f1/m231/up-oil-image- 7793ebd9-b4c8-46b6-9e05-9aaf94d0d801?ccb=9-4&oh=01_AdRb3ULzxhaMq- ZiK3b6pUMG40IZ5RgUAfL6jtl8E5t76g&oe=6608E341&_nc_sid=000000 thumbnail_height_width_ratio=1.3333334 is_animated_sticker=0 file_hash=oge4w7w0pazIhWTgZEY5VYUbNgUG4YzgAoFKoOOpNKQ= file_path=null file_size=0 partial_media_hash=8+DPTV1pcSbTjJUvO4emHBraKhlbFU1CT1VQtUvrBbU= face_x=0 face_y=0 height=1224 trim_to=0 media_key_timestamp=1709272721000 message_url=https://mmg.whatsapp.net/o1/v/t62.7118-24/f1/m231/up-oil-image- 7793ebd9-b4c8-46b6-9e05-9aaf94d0d801?ccb=9-4&oh=01_AdRb3ULzxhaMq- ZiK3b6pUMG40IZ5RgUAfL6jtl8E5t76g&oe=6608E341&_nc_sid=000000&mms3=true media_caption=null trim_from=0 mime_type=image/jpeg partial_media_enc_hash=null width=917 original_file_hash=null has_streaming_sidecar=1 autotransfer_retry_enabled=0 media_upload_handle=null message_row_id=366 multicast_id=null enc_file_hash=4NRC6odsDLjSGb8UAwevJggcZHSxe4DbVlTUN0WhTRo= mute_video=0 page_count=0 first_scan_sidecar=[B@90ebcdc suspicious_content=0 file_length=83416 media_name=null media_duration=0 chat_row_id=41 media_key=[B@6f9a1e5
03-01 17:28:33.492 27263 27312 E SQLiteDatabase: android.database.sqlite.SQLiteConstraintException: UNIQUE constraint failed: message_media.message_row_id (code 1555 SQLITE_CONSTRAINT_PRIMARYKEY)
03-01 17:28:33.492 27263 27312 E SQLiteDatabase: at android.database.sqlite.SQLiteConnection.nativeExecuteForLastInsertedRowId(Native Method)
03-01 17:28:33.492 27263 27312 E SQLiteDatabase: at android.database.sqlite.SQLiteConnection.executeForLastInsertedRowId(SQLiteConnecti on.java:879)
03-01 17:28:33.492 27263 27312 E SQLiteDatabase: at android.database.sqlite.SQLiteSession.executeForLastInsertedRowId(SQLiteSession.jav a:790)
03-01 17:28:33.492 27263 27312 E SQLiteDatabase: at android.database.sqlite.SQLiteStatement.executeInsert(SQLiteStatement.java:88)
03-01 17:28:33.492 27263 27312 E SQLiteDatabase: at android.database.sqlite.SQLiteDatabase.insertWithOnConflict(SQLiteDatabase.java:159 9)
03-01 17:28:33.492 27263 27312 E SQLiteDatabase: at android.database.sqlite.SQLiteDatabase.insert(SQLiteDatabase.java:1468)
03-01 17:28:33.492 27263 27312 E SQLiteDatabase: at X.2tm.A08(Unknown Source:6)
03-01 17:28:33.492 27263 27312 E SQLiteDatabase: at X.35Y.A07(Unknown Source:212)
03-01 17:28:33.492 27263 27312 E SQLiteDatabase: at X.3QF.A14(Unknown Source:470)
03-01 17:28:33.492 27263 27312 E SQLiteDatabase: at X.3gU.run(Unknown Source:982)
03-01 17:28:33.492 27263 27312 E SQLiteDatabase: at android.os.Handler.handleCallback(Handler.java:883)
03-01 17:28:33.492 27263 27312 E SQLiteDatabase: at android.os.Handler.dispatchMessage(Handler.java:100)
03-01 17:28:33.492 27263 27312 E SQLiteDatabase: at X.0zq.dispatchMessage(Unknown Source:4)
03-01 17:28:33.492 27263 27312 E SQLiteDatabase: at android.os.Looper.loop(Looper.java:264)
03-01 17:28:33.492 27263 27312 E SQLiteDatabase: at android.os.HandlerThread.run(HandlerThread.java:67)
03-01 17:28:33.542 27263 27312 E SQLiteDatabase: Error inserting transferred=0 media_job_uuid=7fc5196f-0712-4f9f-8b08-a190191cf47c transcoded=0 gif_attribution=0 first_scan_length=12182 direct_path=/o1/v/t62.7118-24/f1/m231/up-oil-image- 7793ebd9-b4c8-46b6-9e05-9aaf94d0d801?ccb=9-4&oh=01_AdRb3ULzxhaMq- ZiK3b6pUMG40IZ5RgUAfL6jtl8E5t76g&oe=6608E341&_nc_sid=000000 thumbnail_height_width_ratio=1.3333334 is_animated_sticker=0 file_hash=oge4w7w0pazIhWTgZEY5VYUbNgUG4YzgAoFKoOOpNKQ= file_path=null file_size=0 partial_media_hash=8+DPTV1pcSbTjJUvO4emHBraKhlbFU1CT1VQtUvrBbU= face_x=0 face_y=0 height=1224 trim_to=0 media_key_timestamp=1709272721000 message_url=https://mmg.whatsapp.net/o1/v/t62.7118-24/f1/m231/up-oil-image- 7793ebd9-b4c8-46b6-9e05-9aaf94d0d801?ccb=9-4&oh=01_AdRb3ULzxhaMq- ZiK3b6pUMG40IZ5RgUAfL6jtl8E5t76g&oe=6608E341&_nc_sid=000000&mms3=true media_caption=null trim_from=0 mime_type=image/jpeg partial_media_enc_hash=null width=917 original_file_hash=null has_streaming_sidecar=1 autotransfer_retry_enabled=0 media_upload_handle=null message_row_id=366 multicast_id=null enc_file_hash=4NRC6odsDLjSGb8UAwevJggcZHSxe4DbVlTUN0WhTRo= mute_video=0 page_count=0 first_scan_sidecar=[B@90ebcdc suspicious_content=0 file_length=83416 media_name=null media_duration=0 chat_row_id=41 media_key=[B@6f9a1e5
03-01 17:28:33.542 27263 27312 E SQLiteDatabase: android.database.sqlite.SQLiteConstraintException: UNIQUE constraint failed: message_media.message_row_id (code 1555 SQLITE_CONSTRAINT_PRIMARYKEY)
03-01 17:28:33.542 27263 27312 E SQLiteDatabase: at android.database.sqlite.SQLiteConnection.nativeExecuteForLastInsertedRowId(Native Method)
03-01 17:28:33.542 27263 27312 E SQLiteDatabase: at android.database.sqlite.SQLiteConnection.executeForLastInsertedRowId(SQLiteConnecti on.java:879)
03-01 17:28:33.542 27263 27312 E SQLiteDatabase: at android.database.sqlite.SQLiteSession.executeForLastInsertedRowId(SQLiteSession.jav a:790)
03-01 17:28:33.542 27263 27312 E SQLiteDatabase: at android.database.sqlite.SQLiteStatement.executeInsert(SQLiteStatement.java:88)
03-01 17:28:33.542 27263 27312 E SQLiteDatabase: at android.database.sqlite.SQLiteDatabase.insertWithOnConflict(SQLiteDatabase.java:159 9)
03-01 17:28:33.542 27263 27312 E SQLiteDatabase: at android.database.sqlite.SQLiteDatabase.insert(SQLiteDatabase.java:1468)
03-01 17:28:33.542 27263 27312 E SQLiteDatabase: at X.2tm.A08(Unknown Source:6)
03-01 17:28:33.542 27263 27312 E SQLiteDatabase: at X.35Y.A07(Unknown Source:212)
03-01 17:28:33.542 27263 27312 E SQLiteDatabase: at X.3QF.A14(Unknown Source:470)
03-01 17:28:33.542 27263 27312 E SQLiteDatabase: at X.3gU.run(Unknown Source:982)
03-01 17:28:33.542 27263 27312 E SQLiteDatabase: at android.os.Handler.handleCallback(Handler.java:883)
03-01 17:28:33.542 27263 27312 E SQLiteDatabase: at android.os.Handler.dispatchMessage(Handler.java:100)
03-01 17:28:33.542 27263 27312 E SQLiteDatabase: at X.0zq.dispatchMessage(Unknown Source:4)
03-01 17:28:33.542 27263 27312 E SQLiteDatabase: at android.os.Looper.loop(Looper.java:264)
03-01 17:28:33.542 27263 27312 E SQLiteDatabase: at android.os.HandlerThread.run(HandlerThread.java:67)
03-01 17:28:33.741 27263 27263 W BottomSheetBehavior: BottomSheetBehavior now supports multiple callbacks. `setBottomSheetCallback()` removes all existing callbacks, including ones set internally by library authors, which may result in unintended behavior. This may change in the future. Please use `addBottomSheetCallback()` and `removeBottomSheetCallback()` instead to set your own callbacks.
03-01 17:28:33.741 27263 27263 W BottomSheetBehavior: BottomSheetBehavior now supports multiple callbacks. `setBottomSheetCallback()` removes all existing callbacks, including ones set internally by library authors, which may result in unintended behavior. This may change in the future. Please use `addBottomSheetCallback()` and `removeBottomSheetCallback()` instead to set your own callbacks.
03-01 17:28:33.795 27263 27263 W BottomSheetBehavior: BottomSheetBehavior now supports multiple callbacks. `setBottomSheetCallback()` removes all existing callbacks, including ones set internally by library authors, which may result in unintended behavior. This may change in the future. Please use `addBottomSheetCallback()` and `removeBottomSheetCallback()` instead to set your own callbacks.
