03-01 10:38:02.235 12666 12666 E ArmVmp : Match on catch block at 0xc3 in for 0x99
03-01 10:38:02.237 12666 12666 E ArmVmp : Match on catch block at 0xc3 in for 0x91
03-01 10:38:02.239 12666 12666 E ArmVmp : Match on catch block at 0xc3 in for 0x95
03-01 10:38:02.244 12666 12666 E ArmVmp : Match on catch block at 0xc3 in for 0x91
03-01 10:38:02.249 12666 12666 E ArmVmp : Match on catch block at 0xc3 in for 0x95
03-01 10:38:02.251 12666 12666 E ArmVmp : Match on catch block at 0xc3 in for 0x99
03-01 10:38:02.254 12666 12666 E ArmVmp : Match on catch block at 0xc3 in for 0x91
03-01 10:38:02.256 12666 12666 E ArmVmp : Match on catch block at 0xc3 in for 0x95
03-01 10:38:02.258 12666 12666 E ArmVmp : Match on catch block at 0xc3 in for 0x99
03-01 10:38:02.260 12666 12666 E ArmVmp : Match on catch block at 0xc3 in for 0x91
03-01 10:38:02.265 12666 12666 E ArmVmp : Match on catch block at 0xc3 in for 0x99
03-01 10:38:02.269 12666 12666 E ArmVmp : Match on catch block at 0xc3 in for 0x91
03-01 10:38:02.272 12666 12666 E ArmVmp : Match on catch block at 0xc3 in for 0x95
03-01 10:38:02.275 12666 12666 E ArmVmp : Match on catch block at 0xc3 in for 0x99
03-01 10:38:02.277 12666 12666 E ArmVmp : Match on catch block at 0xc3 in for 0x91
03-01 10:38:02.279 12666 12666 E ArmVmp : Match on catch block at 0xc3 in for 0x95
03-01 10:38:02.281 12666 12666 E ArmVmp : Match on catch block at 0xc3 in for 0x99
03-01 10:38:02.286 12666 12666 E ArmVmp : Match on catch block at 0xc3 in for 0x95
03-01 10:38:02.290 12666 12666 E ArmVmp : Match on catch block at 0xc3 in for 0x99
03-01 10:38:02.293 12666 12666 E ArmVmp : Match on catch block at 0xc3 in for 0x91
03-01 10:38:02.295 12666 12666 E ArmVmp : Match on catch block at 0xc3 in for 0x95
03-01 10:38:02.298 12666 12666 E ArmVmp : Match on catch block at 0xc3 in for 0x99
03-01 10:38:02.299 12666 12666 E ArmVmp : Match on catch block at 0xc3 in for 0x91
03-01 10:38:02.301 12666 12666 E ArmVmp : Match on catch block at 0xc3 in for 0x95
03-01 10:38:02.306 12666 12666 E ArmVmp : Match on catch block at 0xc3 in for 0x91
03-01 10:38:02.312 12666 12666 E ArmVmp : Match on catch block at 0xc3 in for 0x95
03-01 10:38:02.315 12666 12666 E ArmVmp : Match on catch block at 0xc3 in for 0x99
03-01 10:38:02.317 12666 12666 E ArmVmp : Match on catch block at 0xc3 in for 0x91
03-01 10:38:02.319 12666 12666 E ArmVmp : Match on catch block at 0xc3 in for 0x95
03-01 10:38:02.321 12666 12666 E ArmVmp : Match on catch block at 0xc3 in for 0x99
03-01 10:38:02.323 12666 12666 E ArmVmp : Match on catch block at 0xc3 in for 0x91
03-01 10:38:02.328 12666 12666 E ArmVmp : Match on catch block at 0xc3 in for 0x99
03-01 10:38:02.333 12666 12666 E ArmVmp : Match on catch block at 0xc3 in for 0x91
03-01 10:38:02.335 12666 12666 E ArmVmp : Match on catch block at 0xc3 in for 0x95
03-01 10:38:02.338 12666 12666 E ArmVmp : Match on catch block at 0xc3 in for 0x99
03-01 10:38:02.340 12666 12666 E ArmVmp : Match on catch block at 0xc3 in for 0x91
03-01 10:38:02.341 12666 12666 E ArmVmp : Match on catch block at 0xc3 in for 0x95
03-01 10:38:02.344 12666 12666 E ArmVmp : Match on catch block at 0xc3 in for 0x99
03-01 10:38:04.863 12666 12666 W ActivityThread: handleWindowVisibility: no activity for token android.os.BinderProxy@b004d96
03-01 10:38:05.533 12666 12666 E ArmVmp : Match on catch block at 0xc3 in for 0x91
03-01 10:38:05.539 12666 12666 E ArmVmp : Match on catch block at 0xc3 in for 0x95
03-01 10:38:05.541 12666 12666 E ArmVmp : Match on catch block at 0xc3 in for 0x99
03-01 10:38:05.543 12666 12666 E ArmVmp : Match on catch block at 0xc3 in for 0x91
03-01 10:38:05.545 12666 12666 E ArmVmp : Match on catch block at 0xc3 in for 0x95
03-01 10:38:05.547 12666 12666 E ArmVmp : Match on catch block at 0xc3 in for 0x99
03-01 10:38:05.548 12666 12666 E ArmVmp : Match on catch block at 0xc3 in for 0x91
03-01 10:38:08.339 12666 12666 W BottomSheetBehavior: BottomSheetBehavior now supports multiple callbacks. `setBottomSheetCallback()` removes all existing callbacks, including ones set internally by library authors, which may result in unintended behavior. This may change in the future. Please use `addBottomSheetCallback()` and `removeBottomSheetCallback()` instead to set your own callbacks.
03-01 10:38:16.419 12666 12666 E ArmVmp : Match on catch block at 0x0a in for 0xc1
03-01 10:38:16.431 12666 12666 E ArmVmp : Match on catch block at 0xc3 in for 0x95
03-01 10:38:16.435 12666 12666 E ArmVmp : Match on catch block at 0xc3 in for 0x99
03-01 10:38:16.438 12666 12666 E ArmVmp : Match on catch block at 0xc3 in for 0x91
03-01 10:38:16.440 12666 12666 E ArmVmp : Match on catch block at 0xc3 in for 0x95
03-01 10:38:16.442 12666 12666 E ArmVmp : Match on catch block at 0xc3 in for 0x99
03-01 10:38:16.444 12666 12666 E ArmVmp : Match on catch block at 0xc3 in for 0x91
03-01 10:38:16.446 12666 12666 E ArmVmp : Match on catch block at 0xc3 in for 0x95
03-01 10:38:18.040 12666 12666 E ArmVmp : Match on catch block at 0xc3 in for 0x95
03-01 10:38:18.044 12666 12666 E ArmVmp : Match on catch block at 0xc3 in for 0x99
03-01 10:38:18.046 12666 12666 E ArmVmp : Match on catch block at 0xc3 in for 0x91
03-01 10:38:18.048 12666 12666 E ArmVmp : Match on catch block at 0xc3 in for 0x95
03-01 10:38:18.050 12666 12666 E ArmVmp : Match on catch block at 0xc3 in for 0x99
03-01 10:38:18.052 12666 12666 E ArmVmp : Match on catch block at 0xc3 in for 0x91
03-01 10:38:18.053 12666 12666 E ArmVmp : Match on catch block at 0xc3 in for 0x95
03-01 10:38:18.547 12666 12666 E ArmVmp : Match on catch block at 0xc3 in for 0x99
03-01 10:38:18.551 12666 12666 E ArmVmp : Match on catch block at 0xc3 in for 0x91
03-01 10:38:18.553 12666 12666 E ArmVmp : Match on catch block at 0xc3 in for 0x95
03-01 10:38:18.555 12666 12666 E ArmVmp : Match on catch block at 0xc3 in for 0x99
03-01 10:38:18.557 12666 12666 E ArmVmp : Match on catch block at 0xc3 in for 0x91
03-01 10:38:18.559 12666 12666 E ArmVmp : Match on catch block at 0xc3 in for 0x95
03-01 10:38:18.561 12666 12666 E ArmVmp : Match on catch block at 0xc3 in for 0x99
03-01 10:38:19.066 12666 12666 E ArmVmp : Match on catch block at 0xc3 in for 0x99
03-01 10:38:19.070 12666 12666 E ArmVmp : Match on catch block at 0xc3 in for 0x91
03-01 10:38:19.072 12666 12666 E ArmVmp : Match on catch block at 0xc3 in for 0x95
03-01 10:38:19.075 12666 12666 E ArmVmp : Match on catch block at 0xc3 in for 0x99
03-01 10:38:19.077 12666 12666 E ArmVmp : Match on catch block at 0xc3 in for 0x91
03-01 10:38:19.079 12666 12666 E ArmVmp : Match on catch block at 0xc3 in for 0x95
03-01 10:38:19.083 12666 12666 E ArmVmp : Match on catch block at 0xc3 in for 0x99 --------- beginning of main
03-01 10:38:49.409 14288 14288 E com.mbwhatsapp: Not starting debugger since process cannot load the jdwp agent.
03-01 10:38:49.603 14288 14288 W System.err: java.lang.ClassNotFoundException: mbmodsd.mbmodsw.ui.views.btn.BtnBK
03-01 10:38:49.604 14288 14288 W System.err: at java.lang.Runtime.nativeLoad(Native Method)
03-01 10:38:49.604 14288 14288 W System.err: at java.lang.Runtime.nativeLoad(Runtime.java:1115)
03-01 10:38:49.604 14288 14288 W System.err: at java.lang.Runtime.loadLibrary0(Runtime.java:1069)
03-01 10:38:49.604 14288 14288 W System.err: at java.lang.Runtime.loadLibrary0(Runtime.java:1007)
03-01 10:38:49.604 14288 14288 W System.err: at java.lang.System.loadLibrary(System.java:1667)
03-01 10:38:49.604 14288 14288 W System.err: at arm.EpicVm.<clinit>(Unknown Source:2)
03-01 10:38:49.604 14288 14288 W System.err: at java.lang.Class.newInstance(Native Method)
03-01 10:38:49.604 14288 14288 W System.err: at android.app.AppComponentFactory.instantiateApplication(AppComponentFactory.java:76)
03-01 10:38:49.604 14288 14288 W System.err: at androidx.core.app.CoreComponentFactory.instantiateApplication(Unknown Source:0)
03-01 10:38:49.604 14288 14288 W System.err: at android.app.Instrumentation.newApplication(Instrumentation.java:1155)
03-01 10:38:49.604 14288 14288 W System.err: at android.app.LoadedApk.makeApplication(LoadedApk.java:1218)
03-01 10:38:49.604 14288 14288 W System.err: at android.app.ActivityThread.handleBindApplication(ActivityThread.java:6667)
03-01 10:38:49.604 14288 14288 W System.err: at android.app.ActivityThread.access$1400(ActivityThread.java:237)
03-01 10:38:49.604 14288 14288 W System.err: at android.app.ActivityThread$H.handleMessage(ActivityThread.java:1933)
03-01 10:38:49.604 14288 14288 W System.err: at android.os.Handler.dispatchMessage(Handler.java:107)
03-01 10:38:49.604 14288 14288 W System.err: at android.os.Looper.loop(Looper.java:264)
03-01 10:38:49.604 14288 14288 W System.err: at android.app.ActivityThread.main(ActivityThread.java:7663)
03-01 10:38:49.604 14288 14288 W System.err: at java.lang.reflect.Method.invoke(Native Method)
03-01 10:38:49.604 14288 14288 W System.err: at com.android.internal.os.RuntimeInit$MethodAndArgsCaller.run(RuntimeInit.java:492)
03-01 10:38:49.604 14288 14288 W System.err: at com.android.internal.os.ZygoteInit.main(ZygoteInit.java:980)
03-01 10:38:49.643 14288 14288 E CustomActivityOnCrash: IMPORTANT WARNING! You already have an UncaughtExceptionHandler, are you sure this is correct? If you use a custom UncaughtExceptionHandler, you must initialize it AFTER CustomActivityOnCrash! Installing anyway, but your original handler will not be called.
03-01 10:38:50.139 14288 14288 W com.mbwhatsapp: type=1400 audit(0.0:755): avc: granted { execute } for path="/data/data/com.mbwhatsapp/files/decompressed/libs.spk.zst/libc++_shared.so" dev="dm-2" ino=1090771 scontext=u:r:untrusted_app:s0:c207,c256,c512,c768 tcontext=u:object_r:app_data_file:s0:c207,c256,c512,c768 tclass=file
03-01 10:38:50.149 14288 14288 W com.mbwhatsapp: type=1400 audit(0.0:756): avc: granted { execute } for path="/data/data/com.mbwhatsapp/files/decompressed/libs.spk.zst/libvlc.so" dev="dm- 2" ino=1193307 scontext=u:r:untrusted_app:s0:c207,c256,c512,c768 tcontext=u:object_r:app_data_file:s0:c207,c256,c512,c768 tclass=file
03-01 10:38:50.159 14288 14288 W com.mbwhatsapp: type=1400 audit(0.0:757): avc: granted { execute } for path="/data/data/com.mbwhatsapp/files/decompressed/libs.spk.zst/libwhatsapp.so" dev="dm-2" ino=1190167 scontext=u:r:untrusted_app:s0:c207,c256,c512,c768 tcontext=u:object_r:app_data_file:s0:c207,c256,c512,c768 tclass=file
03-01 10:38:50.249 14288 14288 W com.mbwhatsapp: type=1400 audit(0.0:758): avc: granted { execute } for path="/data/data/com.mbwhatsapp/files/decompressed/libs.spk.zst/libcurve25519.so" dev="dm-2" ino=1169173 scontext=u:r:untrusted_app:s0:c207,c256,c512,c768 tcontext=u:object_r:app_data_file:s0:c207,c256,c512,c768 tclass=file
03-01 10:38:50.380 14288 14344 W com.mbwhatsapp: Class X.2rL failed lock verification and will run slower.
03-01 10:38:50.380 14288 14344 W com.mbwhatsapp: Common causes for lock verification issues are non-optimized dex code
03-01 10:38:50.380 14288 14344 W com.mbwhatsapp: and incorrect proguard optimizations.
03-01 10:38:50.391 14288 14288 W com.mbwhatsapp: Class X.0eU failed lock verification and will run slower.
03-01 10:38:50.586 14288 14288 W ActivityThread: handleWindowVisibility: no activity for token android.os.BinderProxy@4d6a865
03-01 10:38:50.619 14288 14288 W com.mbwhatsapp: Class com.mbwhatsapp.HomeActivity failed lock verification and will run slower.
03-01 10:38:51.078 14288 14288 E ArmVmp : Match on catch block at 0x0a in for 0xb9
03-01 10:38:51.117 14288 14288 E ArmVmp : Match on catch block at 0x0a in for 0x125
03-01 10:38:51.129 14288 14358 W System : ClassLoader referenced unknown path: system/framework/mediatek-cta.jar
03-01 10:38:51.173 14288 14362 W System : ClassLoader referenced unknown path: system/framework/mediatek-cta.jar
03-01 10:38:51.305 14288 14288 W System : ClassLoader referenced unknown path: /system/framework/mediatek-cta.jar
03-01 10:38:51.306 14288 14288 W CtaManagerFactory: CtaManagerFactoryImpl not found
03-01 10:38:52.074 14288 14288 E RecyclerView: No adapter attached; skipping layout
03-01 10:38:52.134 14288 14353 W Gralloc3: mapper 3.x is not supported
03-01 10:38:52.137 14288 14353 E ion : ioctl c0044901 failed with code -1: Invalid argument
03-01 10:38:52.212 14288 14288 E ArmVmp : Match on catch block at 0x0a in for 0xc1
03-01 10:38:52.295 14288 14288 E RecyclerView: No adapter attached; skipping layout
03-01 10:38:52.528 14288 14419 W LOTTIE : Animation contains merge paths. Merge paths are only supported on KitKat+ and must be manually enabled by calling enableMergePathsForKitKatAndAbove().
03-01 10:38:52.612 14288 14288 W LOTTIE : Animation contains merge paths but they are disabled.
03-01 10:38:53.036 14288 14316 W LibraryVersion: Failed to get app version for libraryName: firebase-iid --------- beginning of main
03-01 11:06:29.140 21768 21768 E com.mbwhatsapp: Not starting debugger since process cannot load the jdwp agent.
03-01 11:06:29.530 21768 21768 W System.err: java.lang.ClassNotFoundException: mbmodsd.mbmodsw.ui.views.btn.BtnBK
03-01 11:06:29.530 21768 21768 W System.err: at java.lang.Runtime.nativeLoad(Native Method)
03-01 11:06:29.530 21768 21768 W System.err: at java.lang.Runtime.nativeLoad(Runtime.java:1115)
03-01 11:06:29.530 21768 21768 W System.err: at java.lang.Runtime.loadLibrary0(Runtime.java:1069)
03-01 11:06:29.530 21768 21768 W System.err: at java.lang.Runtime.loadLibrary0(Runtime.java:1007)
03-01 11:06:29.530 21768 21768 W System.err: at java.lang.System.loadLibrary(System.java:1667)
03-01 11:06:29.530 21768 21768 W System.err: at arm.EpicVm.<clinit>(Unknown Source:2)
03-01 11:06:29.530 21768 21768 W System.err: at java.lang.Class.newInstance(Native Method)
03-01 11:06:29.531 21768 21768 W System.err: at android.app.AppComponentFactory.instantiateApplication(AppComponentFactory.java:76)
03-01 11:06:29.531 21768 21768 W System.err: at androidx.core.app.CoreComponentFactory.instantiateApplication(Unknown Source:0)
03-01 11:06:29.531 21768 21768 W System.err: at android.app.Instrumentation.newApplication(Instrumentation.java:1155)
03-01 11:06:29.531 21768 21768 W System.err: at android.app.LoadedApk.makeApplication(LoadedApk.java:1218)
03-01 11:06:29.531 21768 21768 W System.err: at android.app.ActivityThread.handleBindApplication(ActivityThread.java:6667)
03-01 11:06:29.531 21768 21768 W System.err: at android.app.ActivityThread.access$1400(ActivityThread.java:237)
03-01 11:06:29.531 21768 21768 W System.err: at android.app.ActivityThread$H.handleMessage(ActivityThread.java:1933)
03-01 11:06:29.531 21768 21768 W System.err: at android.os.Handler.dispatchMessage(Handler.java:107)
03-01 11:06:29.531 21768 21768 W System.err: at android.os.Looper.loop(Looper.java:264)
03-01 11:06:29.531 21768 21768 W System.err: at android.app.ActivityThread.main(ActivityThread.java:7663)
03-01 11:06:29.531 21768 21768 W System.err: at java.lang.reflect.Method.invoke(Native Method)
03-01 11:06:29.531 21768 21768 W System.err: at com.android.internal.os.RuntimeInit$MethodAndArgsCaller.run(RuntimeInit.java:492)
03-01 11:06:29.531 21768 21768 W System.err: at com.android.internal.os.ZygoteInit.main(ZygoteInit.java:980)
03-01 11:06:29.593 21768 21768 E CustomActivityOnCrash: IMPORTANT WARNING! You already have an UncaughtExceptionHandler, are you sure this is correct? If you use a custom UncaughtExceptionHandler, you must initialize it AFTER CustomActivityOnCrash! Installing anyway, but your original handler will not be called.
03-01 11:06:30.165 21768 21768 W com.mbwhatsapp: type=1400 audit(0.0:1636): avc: granted { execute } for path="/data/data/com.mbwhatsapp/files/decompressed/libs.spk.zst/libc++_shared.so" dev="dm-2" ino=1090771 scontext=u:r:untrusted_app:s0:c207,c256,c512,c768 tcontext=u:object_r:app_data_file:s0:c207,c256,c512,c768 tclass=file
03-01 11:06:30.175 21768 21768 W com.mbwhatsapp: type=1400 audit(0.0:1637): avc: granted { execute } for path="/data/data/com.mbwhatsapp/files/decompressed/libs.spk.zst/libvlc.so" dev="dm- 2" ino=1193307 scontext=u:r:untrusted_app:s0:c207,c256,c512,c768 tcontext=u:object_r:app_data_file:s0:c207,c256,c512,c768 tclass=file
03-01 11:06:30.185 21768 21768 W com.mbwhatsapp: type=1400 audit(0.0:1638): avc: granted { execute } for path="/data/data/com.mbwhatsapp/files/decompressed/libs.spk.zst/libwhatsapp.so" dev="dm-2" ino=1190167 scontext=u:r:untrusted_app:s0:c207,c256,c512,c768 tcontext=u:object_r:app_data_file:s0:c207,c256,c512,c768 tclass=file
03-01 11:06:30.265 21768 21768 W com.mbwhatsapp: type=1400 audit(0.0:1639): avc: granted { execute } for path="/data/data/com.mbwhatsapp/files/decompressed/libs.spk.zst/libcurve25519.so" dev="dm-2" ino=1169173 scontext=u:r:untrusted_app:s0:c207,c256,c512,c768 tcontext=u:object_r:app_data_file:s0:c207,c256,c512,c768 tclass=file
03-01 11:06:30.285 21768 21768 W com.mbwhatsapp: type=1400 audit(0.0:1640): avc: granted { execute } for path="/data/data/com.mbwhatsapp/files/decompressed/libs.spk.zst/libwhatsapp.so" dev="dm-2" ino=1190167 scontext=u:r:untrusted_app:s0:c207,c256,c512,c768 tcontext=u:object_r:app_data_file:s0:c207,c256,c512,c768 tclass=file
03-01 11:06:30.465 21768 21768 W com.mbwhatsapp: Class X.0eU failed lock verification and will run slower.
03-01 11:06:30.465 21768 21768 W com.mbwhatsapp: Common causes for lock verification issues are non-optimized dex code
03-01 11:06:30.465 21768 21768 W com.mbwhatsapp: and incorrect proguard optimizations.
03-01 11:06:30.467 21768 21821 W com.mbwhatsapp: Class X.2rL failed lock verification and will run slower.
03-01 11:06:30.740 21768 21768 W ActivityThread: handleWindowVisibility: no activity for token android.os.BinderProxy@bf123db
03-01 11:06:30.785 21768 21768 W com.mbwhatsapp: Class com.mbwhatsapp.HomeActivity failed lock verification and will run slower.
03-01 11:06:31.316 21768 21768 E ArmVmp : Match on catch block at 0x0a in for 0xb1
03-01 11:06:31.360 21768 21768 E ArmVmp : Match on catch block at 0x0a in for 0x129
03-01 11:06:31.448 21768 21844 W System : ClassLoader referenced unknown path: system/framework/mediatek-cta.jar
03-01 11:06:31.470 21768 21840 W System : ClassLoader referenced unknown path: system/framework/mediatek-cta.jar
03-01 11:06:31.792 21768 21855 W LOTTIE : Animation contains merge paths. Merge paths are only supported on KitKat+ and must be manually enabled by calling enableMergePathsForKitKatAndAbove().
03-01 11:06:31.799 21768 21768 W System : ClassLoader referenced unknown path: /system/framework/mediatek-cta.jar
03-01 11:06:31.800 21768 21768 W CtaManagerFactory: CtaManagerFactoryImpl not found
03-01 11:06:31.875 21768 21768 W LOTTIE : Animation contains merge paths but they are disabled.
03-01 11:06:31.882 21768 21768 W ActivityThread: handleWindowVisibility: no activity for token android.os.BinderProxy@7e4c13c
03-01 11:06:32.200 21768 21832 W Gralloc3: mapper 3.x is not supported
03-01 11:06:32.203 21768 21832 E ion : ioctl c0044901 failed with code -1: Invalid argument
03-01 11:06:32.697 21768 21793 W LibraryVersion: Failed to get app version for libraryName: firebase-iid --------- beginning of system
03-01 11:06:33.556 21768 21768 W FingerprintManager: sendAcquiredResult acquireInfo = 6vendorCode = 2
03-01 11:06:33.556 21768 21768 W FingerprintManager: Invalid acquired message: 6, 2
03-01 11:06:33.569 21768 21768 W FingerprintManager: sendAcquiredResult acquireInfo = 6vendorCode = 3
03-01 11:06:33.569 21768 21768 W FingerprintManager: Invalid acquired message: 6, 3
03-01 11:06:33.570 21768 21768 W FingerprintManager: sendAcquiredResult acquireInfo = 0vendorCode = 0
03-01 11:06:34.184 21768 21768 E ArmVmp : Match on catch block at 0x0a in for 0xc5
03-01 11:06:39.341 21768 21768 W ActivityThread: handleWindowVisibility: no activity for token android.os.BinderProxy@556d039
03-01 11:06:39.630 21768 21768 W BottomSheetBehavior: BottomSheetBehavior now supports multiple callbacks. `setBottomSheetCallback()` removes all existing callbacks, including ones set internally by library authors, which may result in unintended behavior. This may change in the future. Please use `addBottomSheetCallback()` and `removeBottomSheetCallback()` instead to set your own callbacks.
03-01 11:06:39.631 21768 21768 W BottomSheetBehavior: BottomSheetBehavior now supports multiple callbacks. `setBottomSheetCallback()` removes all existing callbacks, including ones set internally by library authors, which may result in unintended behavior. This may change in the future. Please use `addBottomSheetCallback()` and `removeBottomSheetCallback()` instead to set your own callbacks.
03-01 11:06:39.704 21768 21768 W BottomSheetBehavior: BottomSheetBehavior now supports multiple callbacks. `setBottomSheetCallback()` removes all existing callbacks, including ones set internally by library authors, which may result in unintended behavior. This may change in the future. Please use `addBottomSheetCallback()` and `removeBottomSheetCallback()` instead to set your own callbacks.
03-01 11:06:39.704 21768 21768 W BottomSheetBehavior: BottomSheetBehavior now supports multiple callbacks. `setBottomSheetCallback()` removes all existing callbacks, including ones set internally by library authors, which may result in unintended behavior. This may change in the future. Please use `addBottomSheetCallback()` and `removeBottomSheetCallback()` instead to set your own callbacks.
03-01 11:06:39.733 21768 21768 W BottomSheetBehavior: BottomSheetBehavior now supports multiple callbacks. `setBottomSheetCallback()` removes all existing callbacks, including ones set internally by library authors, which may result in unintended behavior. This may change in the future. Please use `addBottomSheetCallback()` and `removeBottomSheetCallback()` instead to set your own callbacks.
03-01 11:06:39.733 21768 21768 W BottomSheetBehavior: BottomSheetBehavior now supports multiple callbacks. `setBottomSheetCallback()` removes all existing callbacks, including ones set internally by library authors, which may result in unintended behavior. This may change in the future. Please use `addBottomSheetCallback()` and `removeBottomSheetCallback()` instead to set your own callbacks.
03-01 11:06:39.754 21768 21768 E RecyclerView: No adapter attached; skipping layout
03-01 11:06:39.756 21768 21768 E RecyclerView: No adapter attached; skipping layout
03-01 11:06:39.772 21768 21768 E RecyclerView: No adapter attached; skipping layout
03-01 11:06:39.773 21768 21768 E RecyclerView: No adapter attached; skipping layout
03-01 11:06:40.245 21768 21818 E SQLiteDatabase: Error inserting transferred=1 media_job_uuid=069bc506-8cf2-40ee-8342-7e52af93d717 transcoded=0 gif_attribution=0 first_scan_length=3580 direct_path=/v/t62.7118- 24/31830742_1074872223747525_2565135561706998095_n.enc?ccb=11- 4&oh=01_AdQmn7_Pmc8sRkntVpMSL0XT7ViqKGLOYgPKzdqsbf3PKg&oe=66086FA5&_nc_sid=5e03e0 thumbnail_height_width_ratio=1.4117647 is_animated_sticker=0 file_hash=RWtD0VtFlhcE4oY4ySI7lLH0rn0sWNxxQOgUo5FMjO4= file_path=Media/.Statuses/7c5b70ae97674f42ab5873d782bf22cf.jpg file_size=21876 partial_media_hash=null face_x=0 face_y=0 height=1009 trim_to=0 media_key_timestamp=1709240359000 message_url=https://mmg.whatsapp.net/v/t62.7118- 24/31830742_1074872223747525_2565135561706998095_n.enc?ccb=11- 4&oh=01_AdQmn7_Pmc8sRkntVpMSL0XT7ViqKGLOYgPKzdqsbf3PKg&oe=66086FA5&_nc_sid=5e03e0&m ms3=true media_caption=null trim_from=0 mime_type=image/jpeg partial_media_enc_hash=null width=720 original_file_hash=null has_streaming_sidecar=1 autotransfer_retry_enabled=1 media_upload_handle=null message_row_id=338 multicast_id=null enc_file_hash=MW5OehQtLETLQHQZyvx4FTctRnoIJOcm6xq3oPJyJaw= mute_video=0 page_count=0 first_scan_sidecar=[B@297735d suspicious_content=0 file_length=21876 media_name=null media_duration=0 chat_row_id=41 media_key=[B@690a4d2
03-01 11:06:40.245 21768 21818 E SQLiteDatabase: android.database.sqlite.SQLiteConstraintException: UNIQUE constraint failed: message_media.message_row_id (code 1555 SQLITE_CONSTRAINT_PRIMARYKEY)
03-01 11:06:40.245 21768 21818 E SQLiteDatabase: at android.database.sqlite.SQLiteConnection.nativeExecuteForLastInsertedRowId(Native Method)
03-01 11:06:40.245 21768 21818 E SQLiteDatabase: at android.database.sqlite.SQLiteConnection.executeForLastInsertedRowId(SQLiteConnecti on.java:879)
03-01 11:06:40.245 21768 21818 E SQLiteDatabase: at android.database.sqlite.SQLiteSession.executeForLastInsertedRowId(SQLiteSession.jav a:790)
03-01 11:06:40.245 21768 21818 E SQLiteDatabase: at android.database.sqlite.SQLiteStatement.executeInsert(SQLiteStatement.java:88)
03-01 11:06:40.245 21768 21818 E SQLiteDatabase: at android.database.sqlite.SQLiteDatabase.insertWithOnConflict(SQLiteDatabase.java:159 9)
03-01 11:06:40.245 21768 21818 E SQLiteDatabase: at android.database.sqlite.SQLiteDatabase.insert(SQLiteDatabase.java:1468)
03-01 11:06:40.245 21768 21818 E SQLiteDatabase: at X.2tm.A08(Unknown Source:6)
03-01 11:06:40.245 21768 21818 E SQLiteDatabase: at X.35Y.A07(Unknown Source:212)
03-01 11:06:40.245 21768 21818 E SQLiteDatabase: at X.3QF.A14(Unknown Source:470)
03-01 11:06:40.245 21768 21818 E SQLiteDatabase: at X.3gU.run(Unknown Source:982)
03-01 11:06:40.245 21768 21818 E SQLiteDatabase: at android.os.Handler.handleCallback(Handler.java:883)
03-01 11:06:40.245 21768 21818 E SQLiteDatabase: at android.os.Handler.dispatchMessage(Handler.java:100)
03-01 11:06:40.245 21768 21818 E SQLiteDatabase: at X.0zq.dispatchMessage(Unknown Source:4)
03-01 11:06:40.245 21768 21818 E SQLiteDatabase: at android.os.Looper.loop(Looper.java:264)
03-01 11:06:40.245 21768 21818 E SQLiteDatabase: at android.os.HandlerThread.run(HandlerThread.java:67)
03-01 11:06:41.196 21768 21818 E SQLiteDatabase: Error inserting transferred=0 media_job_uuid=50e672c0-597f-400d-b0d4-b285e34132a9 transcoded=0 gif_attribution=0 first_scan_length=0 direct_path=/v/t62.7161- 24/32081245_313259468030723_533362739057673518_n.enc?ccb=11- 4&oh=01_AdRDeaT11yhpHN378fJs-ur-_gtpMpm4NTHmc_vj1ldbSQ&oe=66090496&_nc_sid=5e03e0 thumbnail_height_width_ratio=1.7777778 is_animated_sticker=0 file_hash=zemxrefFph+ksoybiGCZR86enA+xXRPlS6NLTtVR4o4= file_path=null file_size=0 partial_media_hash=null face_x=0 face_y=0 height=1024 trim_to=0 media_key_timestamp=1709275166000 message_url=https://mmg.whatsapp.net/v/t62.7161- 24/32081245_313259468030723_533362739057673518_n.enc?ccb=11- 4&oh=01_AdRDeaT11yhpHN378fJs-ur- _gtpMpm4NTHmc_vj1ldbSQ&oe=66090496&_nc_sid=5e03e0&mms3=true media_caption=null trim_from=0 mime_type=video/mp4 partial_media_enc_hash=null width=576 original_file_hash=null has_streaming_sidecar=1 autotransfer_retry_enabled=1 media_upload_handle=null message_row_id=361 multicast_id=null enc_file_hash=hSgivXWEg7YLUwNMipxN3+yuWIx61yhdsEgxOubAupo= mute_video=0 page_count=0 first_scan_sidecar=null suspicious_content=0 file_length=3111826 media_name=null media_duration=30 chat_row_id=41 media_key=[B@81e451d
03-01 11:06:41.196 21768 21818 E SQLiteDatabase: android.database.sqlite.SQLiteConstraintException: UNIQUE constraint failed: message_media.message_row_id (code 1555 SQLITE_CONSTRAINT_PRIMARYKEY)
03-01 11:06:41.196 21768 21818 E SQLiteDatabase: at android.database.sqlite.SQLiteConnection.nativeExecuteForLastInsertedRowId(Native Method)
03-01 11:06:41.196 21768 21818 E SQLiteDatabase: at android.database.sqlite.SQLiteConnection.executeForLastInsertedRowId(SQLiteConnecti on.java:879)
03-01 11:06:41.196 21768 21818 E SQLiteDatabase: at android.database.sqlite.SQLiteSession.executeForLastInsertedRowId(SQLiteSession.jav a:790)
03-01 11:06:41.196 21768 21818 E SQLiteDatabase: at android.database.sqlite.SQLiteStatement.executeInsert(SQLiteStatement.java:88)
03-01 11:06:41.196 21768 21818 E SQLiteDatabase: at android.database.sqlite.SQLiteDatabase.insertWithOnConflict(SQLiteDatabase.java:159 9)
03-01 11:06:41.196 21768 21818 E SQLiteDatabase: at android.database.sqlite.SQLiteDatabase.insert(SQLiteDatabase.java:1468)
03-01 11:06:41.196 21768 21818 E SQLiteDatabase: at X.2tm.A08(Unknown Source:6)
03-01 11:06:41.196 21768 21818 E SQLiteDatabase: at X.35Y.A07(Unknown Source:212)
03-01 11:06:41.196 21768 21818 E SQLiteDatabase: at X.3QF.A14(Unknown Source:470)
03-01 11:06:41.196 21768 21818 E SQLiteDatabase: at X.3gU.run(Unknown Source:982)
03-01 11:06:41.196 21768 21818 E SQLiteDatabase: at android.os.Handler.handleCallback(Handler.java:883)
03-01 11:06:41.196 21768 21818 E SQLiteDatabase: at android.os.Handler.dispatchMessage(Handler.java:100)
03-01 11:06:41.196 21768 21818 E SQLiteDatabase: at X.0zq.dispatchMessage(Unknown Source:4)
03-01 11:06:41.196 21768 21818 E SQLiteDatabase: at android.os.Looper.loop(Looper.java:264)
03-01 11:06:41.196 21768 21818 E SQLiteDatabase: at android.os.HandlerThread.run(HandlerThread.java:67)
03-01 11:06:41.235 21768 21768 W pool-5-thread-1: type=1400 audit(0.0:1645): avc: granted { execute } for path="/data/data/com.mbwhatsapp/files/decompressed/libs.spk.zst/libgifimage.so" dev="dm-2" ino=1126410 scontext=u:r:untrusted_app:s0:c207,c256,c512,c768 tcontext=u:object_r:app_data_file:s0:c207,c256,c512,c768 tclass=file
03-01 11:06:43.491 21768 21826 E DRM/DcfDecoder: decodeDrmImageIfNeeded stream caught ClassCastException
03-01 11:06:43.984 21768 21818 E SQLiteDatabase: Error inserting transferred=1 media_job_uuid=d87e38eb-c94e-4596-b2d6-919503f234ed transcoded=0 gif_attribution=0 first_scan_length=6416 direct_path=/o1/v/t62.7118-24/f1/m231/up-oil-image-e5ca3596- d55c-46d4-8934-7934ee543ce8?ccb=9- 4&oh=01_AdSLZ2SRnRwh5sSTKCGGg6QCH_nPLY1xoUzqv95Lsf4I2w&oe=660846B5&_nc_sid=000000 thumbnail_height_width_ratio=1.6271186 is_animated_sticker=0 file_hash=5kOonL6H2jI4GoB7E3/JloyDby98b7pC6uxOb4qwJNk= file_path=Media/.Statuses/44d0d04e508d4a07bac46c9666018450.jpg file_size=61676 partial_media_hash=jyW8+JwuJyMS/git6NqyUxoxnB/ua5v8esC5AJiwwYw= face_x=0 face_y=0 height=1080 trim_to=0 media_key_timestamp=1709233044000 message_url=https://mmg.whatsapp.net/o1/v/t62.7118-24/f1/m231/up-oil-image- e5ca3596-d55c-46d4-8934-7934ee543ce8?ccb=9- 4&oh=01_AdSLZ2SRnRwh5sSTKCGGg6QCH_nPLY1xoUzqv95Lsf4I2w&oe=660846B5&_nc_sid=000000&m ms3=true media_caption=null trim_from=0 mime_type=image/jpeg partial_media_enc_hash=null width=657 original_file_hash=null has_streaming_sidecar=1 autotransfer_retry_enabled=1 media_upload_handle=null message_row_id=323 multicast_id=null enc_file_hash=u0M9sS4CpxswsVgfAj7zuuM26I+N+wtiZY5myOeSyVQ= mute_video=0 page_count=0 first_scan_sidecar=[B@1903a57 suspicious_content=0 file_length=61676 media_name=null media_duration=0 chat_row_id=41 media_key=[B@2798944
03-01 11:06:43.984 21768 21818 E SQLiteDatabase: android.database.sqlite.SQLiteConstraintException: UNIQUE constraint failed: message_media.message_row_id (code 1555 SQLITE_CONSTRAINT_PRIMARYKEY)
03-01 11:06:43.984 21768 21818 E SQLiteDatabase: at android.database.sqlite.SQLiteConnection.nativeExecuteForLastInsertedRowId(Native Method)
03-01 11:06:43.984 21768 21818 E SQLiteDatabase: at android.database.sqlite.SQLiteConnection.executeForLastInsertedRowId(SQLiteConnecti on.java:879)
03-01 11:06:43.984 21768 21818 E SQLiteDatabase: at android.database.sqlite.SQLiteSession.executeForLastInsertedRowId(SQLiteSession.jav a:790)
03-01 11:06:43.984 21768 21818 E SQLiteDatabase: at android.database.sqlite.SQLiteStatement.executeInsert(SQLiteStatement.java:88)
03-01 11:06:43.984 21768 21818 E SQLiteDatabase: at android.database.sqlite.SQLiteDatabase.insertWithOnConflict(SQLiteDatabase.java:159 9)
03-01 11:06:43.984 21768 21818 E SQLiteDatabase: at android.database.sqlite.SQLiteDatabase.insert(SQLiteDatabase.java:1468)
03-01 11:06:43.984 21768 21818 E SQLiteDatabase: at X.2tm.A08(Unknown Source:6)
03-01 11:06:43.984 21768 21818 E SQLiteDatabase: at X.35Y.A07(Unknown Source:212)
03-01 11:06:43.984 21768 21818 E SQLiteDatabase: at X.3QF.A14(Unknown Source:470)
03-01 11:06:43.984 21768 21818 E SQLiteDatabase: at X.3gU.run(Unknown Source:982)
03-01 11:06:43.984 21768 21818 E SQLiteDatabase: at android.os.Handler.handleCallback(Handler.java:883)
03-01 11:06:43.984 21768 21818 E SQLiteDatabase: at android.os.Handler.dispatchMessage(Handler.java:100)
03-01 11:06:43.984 21768 21818 E SQLiteDatabase: at X.0zq.dispatchMessage(Unknown Source:4)
03-01 11:06:43.984 21768 21818 E SQLiteDatabase: at android.os.Looper.loop(Looper.java:264)
03-01 11:06:43.984 21768 21818 E SQLiteDatabase: at android.os.HandlerThread.run(HandlerThread.java:67)
03-01 11:06:44.037 21768 21768 W ActivityThread: handleWindowVisibility: no activity for token android.os.BinderProxy@503289d
03-01 11:06:44.259 21768 21768 W BottomSheetBehavior: BottomSheetBehavior now supports multiple callbacks. `setBottomSheetCallback()` removes all existing callbacks, including ones set internally by library authors, which may result in unintended behavior. This may change in the future. Please use `addBottomSheetCallback()` and `removeBottomSheetCallback()` instead to set your own callbacks.
03-01 11:06:44.259 21768 21768 W BottomSheetBehavior: BottomSheetBehavior now supports multiple callbacks. `setBottomSheetCallback()` removes all existing callbacks, including ones set internally by library authors, which may result in unintended behavior. This may change in the future. Please use `addBottomSheetCallback()` and `removeBottomSheetCallback()` instead to set your own callbacks.
03-01 11:06:44.745 21768 21768 W BottomSheetBehavior: BottomSheetBehavior now supports multiple callbacks. `setBottomSheetCallback()` removes all existing callbacks, including ones set internally by library authors, which may result in unintended behavior. This may change in the future. Please use `addBottomSheetCallback()` and `removeBottomSheetCallback()` instead to set your own callbacks.
03-01 11:06:44.745 21768 21768 W BottomSheetBehavior: BottomSheetBehavior now supports multiple callbacks. `setBottomSheetCallback()` removes all existing callbacks, including ones set internally by library authors, which may result in unintended behavior. This may change in the future. Please use `addBottomSheetCallback()` and `removeBottomSheetCallback()` instead to set your own callbacks.
03-01 11:06:44.921 21768 21768 W BottomSheetBehavior: BottomSheetBehavior now supports multiple callbacks. `setBottomSheetCallback()` removes all existing callbacks, including ones set internally by library authors, which may result in unintended behavior. This may change in the future. Please use `addBottomSheetCallback()` and `removeBottomSheetCallback()` instead to set your own callbacks.
03-01 11:06:44.937 21768 21768 W BottomSheetBehavior: BottomSheetBehavior now supports multiple callbacks. `setBottomSheetCallback()` removes all existing callbacks, including ones set internally by library authors, which may result in unintended behavior. This may change in the future. Please use `addBottomSheetCallback()` and `removeBottomSheetCallback()` instead to set your own callbacks.
03-01 11:06:44.993 21768 21768 E RecyclerView: No adapter attached; skipping layout
03-01 11:06:45.016 21768 21768 E RecyclerView: No adapter attached; skipping layout
03-01 11:06:45.968 21768 21879 E DRM/DcfDecoder: decodeDrmImageIfNeeded stream caught ClassCastException
03-01 11:06:46.298 21768 21818 E SQLiteDatabase: Error inserting transferred=1 media_job_uuid=24ddaf6c-a518-4f5c-a3c4-9fcf49ad2cea transcoded=0 gif_attribution=0 first_scan_length=12182 direct_path=/o1/v/t62.7118-24/f1/m231/up-oil-image- 7793ebd9-b4c8-46b6-9e05-9aaf94d0d801?ccb=9-4&oh=01_AdRb3ULzxhaMq- ZiK3b6pUMG40IZ5RgUAfL6jtl8E5t76g&oe=6608E341&_nc_sid=000000 thumbnail_height_width_ratio=1.3333334 is_animated_sticker=0 file_hash=oge4w7w0pazIhWTgZEY5VYUbNgUG4YzgAoFKoOOpNKQ= file_path=Media/.Statuses/a91048f0458b4ed9a45524c9e1a42008.jpg file_size=83416 partial_media_hash=8+DPTV1pcSbTjJUvO4emHBraKhlbFU1CT1VQtUvrBbU= face_x=0 face_y=0 height=1224 trim_to=0 media_key_timestamp=1709272721000 message_url=https://mmg.whatsapp.net/o1/v/t62.7118-24/f1/m231/up-oil-image- 7793ebd9-b4c8-46b6-9e05-9aaf94d0d801?ccb=9-4&oh=01_AdRb3ULzxhaMq- ZiK3b6pUMG40IZ5RgUAfL6jtl8E5t76g&oe=6608E341&_nc_sid=000000&mms3=true media_caption=null trim_from=0 mime_type=image/jpeg partial_media_enc_hash=null width=917 original_file_hash=null has_streaming_sidecar=1 autotransfer_retry_enabled=1 media_upload_handle=null message_row_id=365 multicast_id=null enc_file_hash=4NRC6odsDLjSGb8UAwevJggcZHSxe4DbVlTUN0WhTRo= mute_video=0 page_count=0 first_scan_sidecar=[B@4fb8c5a suspicious_content=0 file_length=83416 media_name=null media_duration=0 chat_row_id=41 media_key=[B@b7a5e8b
03-01 11:06:46.298 21768 21818 E SQLiteDatabase: android.database.sqlite.SQLiteConstraintException: UNIQUE constraint failed: message_media.message_row_id (code 1555 SQLITE_CONSTRAINT_PRIMARYKEY)
03-01 11:06:46.298 21768 21818 E SQLiteDatabase: at android.database.sqlite.SQLiteConnection.nativeExecuteForLastInsertedRowId(Native Method)
03-01 11:06:46.298 21768 21818 E SQLiteDatabase: at android.database.sqlite.SQLiteConnection.executeForLastInsertedRowId(SQLiteConnecti on.java:879)
03-01 11:06:46.298 21768 21818 E SQLiteDatabase: at android.database.sqlite.SQLiteSession.executeForLastInsertedRowId(SQLiteSession.jav a:790)
03-01 11:06:46.298 21768 21818 E SQLiteDatabase: at android.database.sqlite.SQLiteStatement.executeInsert(SQLiteStatement.java:88)
03-01 11:06:46.298 21768 21818 E SQLiteDatabase: at android.database.sqlite.SQLiteDatabase.insertWithOnConflict(SQLiteDatabase.java:159 9)
03-01 11:06:46.298 21768 21818 E SQLiteDatabase: at android.database.sqlite.SQLiteDatabase.insert(SQLiteDatabase.java:1468)
03-01 11:06:46.298 21768 21818 E SQLiteDatabase: at X.2tm.A08(Unknown Source:6)
03-01 11:06:46.298 21768 21818 E SQLiteDatabase: at X.35Y.A07(Unknown Source:212)
03-01 11:06:46.298 21768 21818 E SQLiteDatabase: at X.3QF.A14(Unknown Source:470)
03-01 11:06:46.298 21768 21818 E SQLiteDatabase: at X.3gU.run(Unknown Source:982)
03-01 11:06:46.298 21768 21818 E SQLiteDatabase: at android.os.Handler.handleCallback(Handler.java:883)
03-01 11:06:46.298 21768 21818 E SQLiteDatabase: at android.os.Handler.dispatchMessage(Handler.java:100)
03-01 11:06:46.298 21768 21818 E SQLiteDatabase: at X.0zq.dispatchMessage(Unknown Source:4)
03-01 11:06:46.298 21768 21818 E SQLiteDatabase: at android.os.Looper.loop(Looper.java:264)
03-01 11:06:46.298 21768 21818 E SQLiteDatabase: at android.os.HandlerThread.run(HandlerThread.java:67)
03-01 11:06:46.488 21768 21821 E DRM/DcfDecoder: decodeDrmImageIfNeeded stream caught ClassCastException
03-01 11:06:46.530 21768 21768 E RecyclerView: No adapter attached; skipping layout
03-01 11:06:46.741 21768 21818 E SQLiteDatabase: Error inserting transferred=1 media_job_uuid=ea78aa42-8ef8-429d-b38e-03fe6aac51e1 transcoded=0 gif_attribution=0 first_scan_length=7354 direct_path=/v/t62.7118- 24/41273548_415347940862098_3794649370762241539_n.enc?ccb=11- 4&oh=01_AdSHZawb2yy5NDHut547xUTJtFOOKcjLVRgP2eJE-AqwsQ&oe=66090F5F&_nc_sid=5e03e0 thumbnail_height_width_ratio=1.3111111 is_animated_sticker=0 file_hash=biJtFClXR4uE9RQ2kxJxFLj24IO97XJeb04qVsesLxc= file_path=Media/.Statuses/c23c208658f24bb8b0381f390db9a129.jpg file_size=107142 partial_media_hash=+ovWl4QMNmN6vsvFZJoaB5i/k1elE88vG9KRFFBlhlM= face_x=0 face_y=0 height=952 trim_to=0 media_key_timestamp=1709278915000 message_url=https://mmg.whatsapp.net/v/t62.7118- 24/41273548_415347940862098_3794649370762241539_n.enc?ccb=11- 4&oh=01_AdSHZawb2yy5NDHut547xUTJtFOOKcjLVRgP2eJE- AqwsQ&oe=66090F5F&_nc_sid=5e03e0&mms3=true media_caption=null trim_from=0 mime_type=image/jpeg partial_media_enc_hash=null width=720 original_file_hash=null has_streaming_sidecar=1 autotransfer_retry_enabled=1 media_upload_handle=null message_row_id=367 multicast_id=null enc_file_hash=qS5ctG9CGosqLFBFKdqT2KityCh0eWoJHeCc633/eRU= mute_video=0 page_count=0 first_scan_sidecar=[B@9701647 suspicious_content=0 file_length=107142 media_name=null media_duration=0 chat_row_id=41 media_key=[B@d6d4e74
03-01 11:06:46.741 21768 21818 E SQLiteDatabase: android.database.sqlite.SQLiteConstraintException: UNIQUE constraint failed: message_media.message_row_id (code 1555 SQLITE_CONSTRAINT_PRIMARYKEY)
03-01 11:06:46.741 21768 21818 E SQLiteDatabase: at android.database.sqlite.SQLiteConnection.nativeExecuteForLastInsertedRowId(Native Method)
03-01 11:06:46.741 21768 21818 E SQLiteDatabase: at android.database.sqlite.SQLiteConnection.executeForLastInsertedRowId(SQLiteConnecti on.java:879)
03-01 11:06:46.741 21768 21818 E SQLiteDatabase: at android.database.sqlite.SQLiteSession.executeForLastInsertedRowId(SQLiteSession.jav a:790)
03-01 11:06:46.741 21768 21818 E SQLiteDatabase: at android.database.sqlite.SQLiteStatement.executeInsert(SQLiteStatement.java:88)
03-01 11:06:46.741 21768 21818 E SQLiteDatabase: at android.database.sqlite.SQLiteDatabase.insertWithOnConflict(SQLiteDatabase.java:159 9)
03-01 11:06:46.741 21768 21818 E SQLiteDatabase: at android.database.sqlite.SQLiteDatabase.insert(SQLiteDatabase.java:1468)
03-01 11:06:46.741 21768 21818 E SQLiteDatabase: at X.2tm.A08(Unknown Source:6)
03-01 11:06:46.741 21768 21818 E SQLiteDatabase: at X.35Y.A07(Unknown Source:212)
03-01 11:06:46.741 21768 21818 E SQLiteDatabase: at X.3QF.A14(Unknown Source:470)
03-01 11:06:46.741 21768 21818 E SQLiteDatabase: at X.3gU.run(Unknown Source:982)
03-01 11:06:46.741 21768 21818 E SQLiteDatabase: at android.os.Handler.handleCallback(Handler.java:883)
03-01 11:06:46.741 21768 21818 E SQLiteDatabase: at android.os.Handler.dispatchMessage(Handler.java:100)
03-01 11:06:46.741 21768 21818 E SQLiteDatabase: at X.0zq.dispatchMessage(Unknown Source:4)
03-01 11:06:46.741 21768 21818 E SQLiteDatabase: at android.os.Looper.loop(Looper.java:264)
03-01 11:06:46.741 21768 21818 E SQLiteDatabase: at android.os.HandlerThread.run(HandlerThread.java:67)
03-01 11:06:46.930 21768 21818 E SQLiteDatabase: Error inserting transferred=1 media_job_uuid=ce40434c-3b9d-423b-90cf-47da0f613056 transcoded=0 gif_attribution=0 first_scan_length=0 direct_path=/v/t62.7118- 24/31885479_1130791964762241_5809210444808175914_n.enc?ccb=11- 4&oh=01_AdRQpdDEbnHj6fnPOw4AOQx8tZqvwRlus-ws8-ZFHUMGcQ&oe=6608F409&_nc_sid=5e03e0 thumbnail_height_width_ratio=0.5804598 is_animated_sticker=0 file_hash=jzZfgQRbFsM+aMw9BGvpfn3dqdFAoluZfICk6tzUxTk= file_path=Media/.Statuses/2c91668dbed447df8c7d5874a68a5af8.jpg file_size=16223 partial_media_hash=null face_x=0 face_y=0 height=628 trim_to=0 media_key_timestamp=1709278166000 message_url=https://mmg.whatsapp.net/v/t62.7118- 24/31885479_1130791964762241_5809210444808175914_n.enc?ccb=11- 4&oh=01_AdRQpdDEbnHj6fnPOw4AOQx8tZqvwRlus-ws8- ZFHUMGcQ&oe=6608F409&_nc_sid=5e03e0&mms3=true media_caption=null trim_from=0 mime_type=image/jpeg partial_media_enc_hash=null width=1080 original_file_hash=null has_streaming_sidecar=0 autotransfer_retry_enabled=1 media_upload_handle=null message_row_id=363 multicast_id=null enc_file_hash=tmm1I8lz4vWzktQpvxqi5JPN8ymKXVQGLPJRuY7nN5E= mute_video=0 page_count=0 first_scan_sidecar=null suspicious_content=0 file_length=16223 media_name=null media_duration=0 chat_row_id=41 media_key=[B@9e811d1
03-01 11:06:46.930 21768 21818 E SQLiteDatabase: android.database.sqlite.SQLiteConstraintException: UNIQUE constraint failed: message_media.message_row_id (code 1555 SQLITE_CONSTRAINT_PRIMARYKEY)
03-01 11:06:46.930 21768 21818 E SQLiteDatabase: at android.database.sqlite.SQLiteConnection.nativeExecuteForLastInsertedRowId(Native Method)
03-01 11:06:46.930 21768 21818 E SQLiteDatabase: at android.database.sqlite.SQLiteConnection.executeForLastInsertedRowId(SQLiteConnecti on.java:879)
03-01 11:06:46.930 21768 21818 E SQLiteDatabase: at android.database.sqlite.SQLiteSession.executeForLastInsertedRowId(SQLiteSession.jav a:790)
03-01 11:06:46.930 21768 21818 E SQLiteDatabase: at android.database.sqlite.SQLiteStatement.executeInsert(SQLiteStatement.java:88)
03-01 11:06:46.930 21768 21818 E SQLiteDatabase: at android.database.sqlite.SQLiteDatabase.insertWithOnConflict(SQLiteDatabase.java:159 9)
03-01 11:06:46.930 21768 21818 E SQLiteDatabase: at android.database.sqlite.SQLiteDatabase.insert(SQLiteDatabase.java:1468)
03-01 11:06:46.930 21768 21818 E SQLiteDatabase: at X.2tm.A08(Unknown Source:6)
03-01 11:06:46.930 21768 21818 E SQLiteDatabase: at X.35Y.A07(Unknown Source:212)
03-01 11:06:46.930 21768 21818 E SQLiteDatabase: at X.3QF.A14(Unknown Source:470)
03-01 11:06:46.930 21768 21818 E SQLiteDatabase: at X.3gU.run(Unknown Source:982)
03-01 11:06:46.930 21768 21818 E SQLiteDatabase: at android.os.Handler.handleCallback(Handler.java:883)
03-01 11:06:46.930 21768 21818 E SQLiteDatabase: at android.os.Handler.dispatchMessage(Handler.java:100)
03-01 11:06:46.930 21768 21818 E SQLiteDatabase: at X.0zq.dispatchMessage(Unknown Source:4)
03-01 11:06:46.930 21768 21818 E SQLiteDatabase: at android.os.Looper.loop(Looper.java:264)
03-01 11:06:46.930 21768 21818 E SQLiteDatabase: at android.os.HandlerThread.run(HandlerThread.java:67)
03-01 11:06:47.028 21768 21826 E DRM/DcfDecoder: decodeDrmImageIfNeeded stream caught ClassCastException
03-01 11:06:47.090 21768 21818 E SQLiteDatabase: Error inserting transferred=1 media_job_uuid=509519c1-3877-48d8-9e12-b68aa7d92d70 transcoded=0 gif_attribution=0 first_scan_length=8529 direct_path=/o1/v/t62.7118-24/f1/m233/up-oil-image-91225b47- 3dd6-49a5-abfd-d5e9641786ac?ccb=9- 4&oh=01_AdSy2fAafwvE4PcWdZV6aO_QFmeut5a19VQTQsAEDtSNBw&oe=66083A08&_nc_sid=000000 thumbnail_height_width_ratio=0.82051283 is_animated_sticker=0 file_hash=QNR/2lyS/JPLsJ9YuAdwR0Tf1+GTKRGnFnglyeiusWc= file_path=Media/.Statuses/f4889b5aa2f14f0dbafed5e3c8025410.jpg file_size=61190 partial_media_hash=OhgQXETNagsyiE9256F4ViSPENvSeXF7BkUPTjH7YQc= face_x=0 face_y=0 height=888 trim_to=0 media_key_timestamp=1709233472000 message_url=https://mmg.whatsapp.net/o1/v/t62.7118-24/f1/m233/up-oil-image- 91225b47-3dd6-49a5-abfd-d5e9641786ac?ccb=9- 4&oh=01_AdSy2fAafwvE4PcWdZV6aO_QFmeut5a19VQTQsAEDtSNBw&oe=66083A08&_nc_sid=000000&m ms3=true media_caption=null trim_from=0 mime_type=image/jpeg partial_media_enc_hash=null width=1080 original_file_hash=null has_streaming_sidecar=1 autotransfer_retry_enabled=1 media_upload_handle=null message_row_id=324 multicast_id=null enc_file_hash=UqiXnnpDnPumDtz8Gl9YxQ9rKawUPQhufgMrmIMxRF0= mute_video=0 page_count=0 first_scan_sidecar=[B@73916d4 suspicious_content=0 file_length=61190 media_name=null media_duration=0 chat_row_id=41 media_key=[B@43b807d
03-01 11:06:47.090 21768 21818 E SQLiteDatabase: android.database.sqlite.SQLiteConstraintException: UNIQUE constraint failed: message_media.message_row_id (code 1555 SQLITE_CONSTRAINT_PRIMARYKEY)
03-01 11:06:47.090 21768 21818 E SQLiteDatabase: at android.database.sqlite.SQLiteConnection.nativeExecuteForLastInsertedRowId(Native Method)
03-01 11:06:47.090 21768 21818 E SQLiteDatabase: at android.database.sqlite.SQLiteConnection.executeForLastInsertedRowId(SQLiteConnecti on.java:879)
03-01 11:06:47.090 21768 21818 E SQLiteDatabase: at android.database.sqlite.SQLiteSession.executeForLastInsertedRowId(SQLiteSession.jav a:790)
03-01 11:06:47.090 21768 21818 E SQLiteDatabase: at android.database.sqlite.SQLiteStatement.executeInsert(SQLiteStatement.java:88)
03-01 11:06:47.090 21768 21818 E SQLiteDatabase: at android.database.sqlite.SQLiteDatabase.insertWithOnConflict(SQLiteDatabase.java:159 9)
03-01 11:06:47.090 21768 21818 E SQLiteDatabase: at android.database.sqlite.SQLiteDatabase.insert(SQLiteDatabase.java:1468)
03-01 11:06:47.090 21768 21818 E SQLiteDatabase: at X.2tm.A08(Unknown Source:6)
03-01 11:06:47.090 21768 21818 E SQLiteDatabase: at X.35Y.A07(Unknown Source:212)
03-01 11:06:47.090 21768 21818 E SQLiteDatabase: at X.3QF.A14(Unknown Source:470)
03-01 11:06:47.090 21768 21818 E SQLiteDatabase: at X.3gU.run(Unknown Source:982)
03-01 11:06:47.090 21768 21818 E SQLiteDatabase: at android.os.Handler.handleCallback(Handler.java:883)
03-01 11:06:47.090 21768 21818 E SQLiteDatabase: at android.os.Handler.dispatchMessage(Handler.java:100)
03-01 11:06:47.090 21768 21818 E SQLiteDatabase: at X.0zq.dispatchMessage(Unknown Source:4)
03-01 11:06:47.090 21768 21818 E SQLiteDatabase: at android.os.Looper.loop(Looper.java:264)
03-01 11:06:47.090 21768 21818 E SQLiteDatabase: at android.os.HandlerThread.run(HandlerThread.java:67)
03-01 11:06:55.289 21768 21768 W ActivityThread: handleWindowVisibility: no activity for token android.os.BinderProxy@1ed5f13
03-01 11:06:55.485 21768 21768 W BottomSheetBehavior: BottomSheetBehavior now supports multiple callbacks. `setBottomSheetCallback()` removes all existing callbacks, including ones set internally by library authors, which may result in unintended behavior. This may change in the future. Please use `addBottomSheetCallback()` and `removeBottomSheetCallback()` instead to set your own callbacks.
03-01 11:06:55.485 21768 21768 W BottomSheetBehavior: BottomSheetBehavior now supports multiple callbacks. `setBottomSheetCallback()` removes all existing callbacks, including ones set internally by library authors, which may result in unintended behavior. This may change in the future. Please use `addBottomSheetCallback()` and `removeBottomSheetCallback()` instead to set your own callbacks.
03-01 11:06:55.512 21768 21768 W BottomSheetBehavior: BottomSheetBehavior now supports multiple callbacks. `setBottomSheetCallback()` removes all existing callbacks, including ones set internally by library authors, which may result in unintended behavior. This may change in the future. Please use `addBottomSheetCallback()` and `removeBottomSheetCallback()` instead to set your own callbacks.
