java.lang.Runtime.nativeLoad(Runtime.java:1126)
02-15 22:57:15.196 19106 19106 W System.err: at
java.lang.Runtime.loadLibrary0(Runtime.java:1080)
02-15 22:57:15.196 19106 19106 W System.err: at
java.lang.Runtime.loadLibrary0(Runtime.java:1003)
02-15 22:57:15.196 19106 19106 W System.err: at
java.lang.System.loadLibrary(System.java:1661)
02-15 22:57:15.196 19106 19106 W System.err: at arm.EpicVm.<clinit>(Unknown
Source:2)
02-15 22:57:15.196 19106 19106 W System.err: at
java.lang.Class.newInstance(Native Method)
02-15 22:57:15.196 19106 19106 W System.err: at
android.app.AppComponentFactory.instantiateApplication(AppComponentFactory.java:76)
02-15 22:57:15.196 19106 19106 W System.err: at
androidx.core.app.CoreComponentFactory.instantiateApplication(Unknown Source:0)
02-15 22:57:15.196 19106 19106 W System.err: at
android.app.Instrumentation.newApplication(Instrumentation.java:1177)
02-15 22:57:15.196 19106 19106 W System.err: at
android.app.LoadedApk.makeApplication(LoadedApk.java:1366)
02-15 22:57:15.196 19106 19106 W System.err: at
android.app.ActivityThread.handleBindApplication(ActivityThread.java:6802)
02-15 22:57:15.196 19106 19106 W System.err: at
android.app.ActivityThread.access$1500(ActivityThread.java:269)
02-15 22:57:15.196 19106 19106 W System.err: at
android.app.ActivityThread$H.handleMessage(ActivityThread.java:2096)
02-15 22:57:15.196 19106 19106 W System.err: at
android.os.Handler.dispatchMessage(Handler.java:106)
02-15 22:57:15.196 19106 19106 W System.err: at
android.os.Looper.loopOnce(Looper.java:201)
02-15 22:57:15.196 19106 19106 W System.err: at
android.os.Looper.loop(Looper.java:288)
02-15 22:57:15.196 19106 19106 W System.err: at
android.app.ActivityThread.main(ActivityThread.java:7971)
02-15 22:57:15.196 19106 19106 W System.err: at
java.lang.reflect.Method.invoke(Native Method)
02-15 22:57:15.196 19106 19106 W System.err: at
com.android.internal.os.RuntimeInit$MethodAndArgsCaller.run(RuntimeInit.java:553)
02-15 22:57:15.196 19106 19106 W System.err: at
com.android.internal.os.ZygoteInit.main(ZygoteInit.java:1016)
02-15 22:57:15.202 19106 19106 E CustomActivityOnCrash: IMPORTANT WARNING! You
already have an UncaughtExceptionHandler, are you sure this is correct? If you use
a custom UncaughtExceptionHandler, you must initialize it AFTER
CustomActivityOnCrash! Installing anyway, but your original handler will not be
called.
02-15 22:57:15.351 19106 19106 W com.mbwhatsapp: Accessing hidden method
Lcom/android/org/conscrypt/OpenSSLSocketImpl;->setUseSessionTickets(Z)V (max-
target-q,core-platform-api, reflection, denied)
02-15 22:57:15.351 19106 19106 W com.mbwhatsapp: Accessing hidden method
Lcom/android/org/conscrypt/AbstractConscryptSocket;->setUseSessionTickets(Z)V (max-
target-q, reflection, denied)
02-15 22:57:15.360 19106 19106 W com.mbwhatsapp: type=1400 audit(0.0:6319): avc:
granted { execute } for
path="/data/data/com.mbwhatsapp/files/decompressed/libs.spk.zst/libc++_shared.so"
dev="dm-10" ino=290536 scontext=u:r:untrusted_app:s0:c199,c256,c512,c768
tcontext=u:object_r:app_data_file:s0:c199,c256,c512,c768 tclass=file
app=com.mbwhatsapp
02-15 22:57:15.360 19106 19106 W com.mbwhatsapp: type=1400 audit(0.0:6320): avc:
granted { execute } for
path="/data/data/com.mbwhatsapp/files/decompressed/libs.spk.zst/libvlc.so" dev="dm-
10" ino=290099 scontext=u:r:untrusted_app:s0:c199,c256,c512,c768
tcontext=u:object_r:app_data_file:s0:c199,c256,c512,c768 tclass=file
app=com.mbwhatsapp
02-15 22:57:15.364 19106 19106 W com.mbwhatsapp: type=1400 audit(0.0:6321): avc:
granted { execute } for
path="/data/data/com.mbwhatsapp/files/decompressed/libs.spk.zst/libwhatsapp.so"
dev="dm-10" ino=290057 scontext=u:r:untrusted_app:s0:c199,c256,c512,c768
tcontext=u:object_r:app_data_file:s0:c199,c256,c512,c768 tclass=file
app=com.mbwhatsapp
02-15 22:57:15.376 19106 19106 W com.mbwhatsapp: type=1400 audit(0.0:6322): avc:
granted { execute } for
path="/data/data/com.mbwhatsapp/files/decompressed/libs.spk.zst/libcurve25519.so"
dev="dm-10" ino=290429 scontext=u:r:untrusted_app:s0:c199,c256,c512,c768
tcontext=u:object_r:app_data_file:s0:c199,c256,c512,c768 tclass=file
app=com.mbwhatsapp
02-15 22:57:15.380 19106 19106 W com.mbwhatsapp: type=1400 audit(0.0:6323): avc:
granted { execute } for
path="/data/data/com.mbwhatsapp/files/decompressed/libs.spk.zst/libwhatsapp.so"
dev="dm-10" ino=290057 scontext=u:r:untrusted_app:s0:c199,c256,c512,c768
tcontext=u:object_r:app_data_file:s0:c199,c256,c512,c768 tclass=file
app=com.mbwhatsapp
02-15 22:57:15.380 19106 19106 W com.mbwhatsapp: type=1400 audit(0.0:6324): avc:
granted { execute } for
path="/data/data/com.mbwhatsapp/files/decompressed/libs.spk.zst/libwhatsapp.so"
dev="dm-10" ino=290057 scontext=u:r:untrusted_app:s0:c199,c256,c512,c768
tcontext=u:object_r:app_data_file:s0:c199,c256,c512,c768 tclass=file
app=com.mbwhatsapp
02-15 22:57:15.380 19106 19106 W com.mbwhatsapp: type=1400 audit(0.0:6325): avc:
granted { execute } for
path="/data/data/com.mbwhatsapp/files/decompressed/libs.spk.zst/libwhatsapp.so"
dev="dm-10" ino=290057 scontext=u:r:untrusted_app:s0:c199,c256,c512,c768
tcontext=u:object_r:app_data_file:s0:c199,c256,c512,c768 tclass=file
app=com.mbwhatsapp
02-15 22:57:15.380 19106 19106 W com.mbwhatsapp: type=1400 audit(0.0:6326): avc:
denied { execmod } for path="/apex/com.android.runtime/lib64/bionic/libc.so"
dev="loop4" ino=38 scontext=u:r:untrusted_app:s0:c199,c256,c512,c768
tcontext=u:object_r:system_lib_file:s0 tclass=file permissive=0 app=com.mbwhatsapp
02-15 22:57:15.434 19106 19106 W com.mbwhatsapp: Method void X.0eU.A0h(X.0tK,
boolean) failed lock verification and will run slower.
02-15 22:57:15.434 19106 19106 W com.mbwhatsapp: Common causes for lock
verification issues are non-optimized dex code
02-15 22:57:15.434 19106 19106 W com.mbwhatsapp: and incorrect proguard
optimizations.
02-15 22:57:15.554 19106 19106 W com.mbwhatsapp: Method void
com.mbwhatsapp.HomeActivity.A6e() failed lock verification and will run slower.
02-15 22:57:15.872 19106 19106 E ArmVmp : Match on catch block at 0x0a in for
0x79c3dfb031
02-15 22:57:15.912 19106 19106 E ArmVmp : Match on catch block at 0x0a in for
0x79c3dfb04d
02-15 22:57:16.123 19106 19106 W CheckTime: App running slow: Executing
com.mbwhatsapp.yo.WidgetProvider scheduleReceive took 281ms
02-15 22:57:16.287 19106 19164 W com.mbwhatsapp: Accessing hidden method
Lcom/android/org/conscrypt/ConscryptEngineSocket;->setUseSessionTickets(Z)V (max-
target-q,core-platform-api, reflection, denied)
02-15 22:57:16.287 19106 19164 W com.mbwhatsapp: Accessing hidden method
Lcom/android/org/conscrypt/OpenSSLSocketImpl;->setUseSessionTickets(Z)V (max-
target-q,core-platform-api, reflection, denied)
02-15 22:57:16.287 19106 19164 W com.mbwhatsapp: Accessing hidden method
Lcom/android/org/conscrypt/AbstractConscryptSocket;->setUseSessionTickets(Z)V (max-
target-q, reflection, denied)
02-15 22:57:16.287 19106 19164 W com.mbwhatsapp: Accessing hidden method
Lcom/android/org/conscrypt/ConscryptEngineSocket;->setHostname(Ljava/lang/String;)V
(max-target-q,core-platform-api, reflection, denied)
02-15 22:57:16.287 19106 19164 W com.mbwhatsapp: Accessing hidden method
Lcom/android/org/conscrypt/OpenSSLSocketImpl;->setHostname(Ljava/lang/String;)V
(max-target-q,core-platform-api, reflection, denied)
02-15 22:57:16.287 19106 19164 W com.mbwhatsapp: Accessing hidden method
Lcom/android/org/conscrypt/AbstractConscryptSocket;->setHostname(Ljava/lang/
String;)V (max-target-q, reflection, denied)
02-15 22:57:16.287 19106 19164 W com.mbwhatsapp: Accessing hidden method
Lcom/android/org/conscrypt/OpenSSLSocketImpl;->setAlpnProtocols([B)V (max-target-
q,core-platform-api, reflection, denied)
02-15 22:57:16.287 19106 19164 W com.mbwhatsapp: Accessing hidden method
Lcom/android/org/conscrypt/AbstractConscryptSocket;->setAlpnProtocols([B)V (max-
target-q, reflection, denied)
02-15 22:57:16.332 19106 19161 W libc : Access denied finding property
"vendor.mali.config"
02-15 22:57:17.034 19106 19106 E RecyclerView: No adapter attached; skipping layout
02-15 22:57:17.148 19106 19106 E RecyclerView: No adapter attached; skipping layout
02-15 22:57:17.160 19106 19106 E ArmVmp : Match on catch block at 0x0a in for
0x79c3dfb035
02-15 22:57:17.343 19106 19212 W LOTTIE : Animation contains merge paths. Merge
paths are only supported on KitKat+ and must be manually enabled by calling
enableMergePathsForKitKatAndAbove().
02-15 22:57:17.556 19106 19106 W LOTTIE : Animation contains merge paths but they
are disabled.
02-15 22:57:17.639 19106 19164 W com.mbwhatsapp: Accessing hidden method
Lcom/android/org/conscrypt/OpenSSLSocketImpl;->getAlpnSelectedProtocol()[B (max-
target-q,core-platform-api, reflection, denied)
02-15 22:57:17.639 19106 19164 W com.mbwhatsapp: Accessing hidden method
Lcom/android/org/conscrypt/AbstractConscryptSocket;->getAlpnSelectedProtocol()[B
(max-target-q, reflection, denied)
02-15 22:57:17.769 19106 19106 E ArmVmp : Match on catch block at 0x5b in for
0x79c3dfb01d
02-15 22:57:19.025 19106 19152 W SQLiteLog: (28) double-quoted string literal:
"101"
02-15 22:57:19.025 19106 19152 W SQLiteLog: (28) double-quoted string literal:
"102"
02-15 22:57:19.025 19106 19152 W SQLiteLog: (28) double-quoted string literal:
"103"
02-15 22:57:19.025 19106 19152 W SQLiteLog: (28) double-quoted string literal:
"104"
02-15 22:57:19.025 19106 19152 W SQLiteLog: (28) double-quoted string literal:
"401"
02-15 22:57:19.025 19106 19152 W SQLiteLog: (28) double-quoted string literal:
"402"
02-15 22:57:19.025 19106 19152 W SQLiteLog: (28) double-quoted string literal:
"403"
02-15 22:57:19.025 19106 19152 W SQLiteLog: (28) double-quoted string literal:
"404"
02-15 22:57:19.025 19106 19152 W SQLiteLog: (28) double-quoted string literal:
"410"
02-15 22:57:19.025 19106 19152 W SQLiteLog: (28) double-quoted string literal:
"411"
02-15 22:57:19.025 19106 19152 W SQLiteLog: (28) double-quoted string literal:
"413"
02-15 22:57:19.025 19106 19152 W SQLiteLog: (28) double-quoted string literal:
"601"
02-15 22:57:19.025 19106 19152 W SQLiteLog: (28) double-quoted string literal:
"602"
02-15 22:57:19.025 19106 19152 W SQLiteLog: (28) double-quoted string literal:
"603"
02-15 22:57:19.025 19106 19152 W SQLiteLog: (28) double-quoted string literal:
"425"
02-15 22:57:19.025 19106 19152 W SQLiteLog: (28) double-quoted string literal: "11"
02-15 22:57:19.025 19106 19152 W SQLiteLog: (28) double-quoted string literal: "12"
02-15 22:57:19.025 19106 19152 W SQLiteLog: (28) double-quoted string literal:
"608"
02-15 22:57:19.025 19106 19152 W SQLiteLog: (28) double-quoted string literal: "2"
02-15 22:57:19.025 19106 19152 W SQLiteLog: (28) double-quoted string literal: "1"
02-15 22:57:19.025 19106 19152 W SQLiteLog: (28) double-quoted string literal:
"200"
02-15 22:57:19.025 19106 19152 W SQLiteLog: (28) double-quoted string literal:
"100"
02-15 22:57:19.025 19106 19152 W SQLiteLog: (28) double-quoted string literal: "20"
02-15 22:57:19.025 19106 19152 W SQLiteLog: (28) double-quoted string literal: "10"
02-15 22:57:19.025 19106 19152 W SQLiteLog: (28) double-quoted string literal: "6"
02-15 22:57:19.025 19106 19152 W SQLiteLog: (28) double-quoted string literal: "7"
02-15 22:57:19.025 19106 19152 W SQLiteLog: (28) double-quoted string literal: "8"
02-15 22:57:19.026 19106 19152 W SQLiteLog: (28) double-quoted string literal:
"101"
02-15 22:57:19.026 19106 19152 W SQLiteLog: (28) double-quoted string literal:
"102"
02-15 22:57:19.026 19106 19152 W SQLiteLog: (28) double-quoted string literal:
"103"
02-15 22:57:19.026 19106 19152 W SQLiteLog: (28) double-quoted string literal:
"104"
02-15 22:57:19.026 19106 19152 W SQLiteLog: (28) double-quoted string literal: "11"
02-15 22:57:19.026 19106 19152 W SQLiteLog: (28) double-quoted string literal: "12"
02-15 22:57:19.026 19106 19152 W SQLiteLog: (28) double-quoted string literal:
"608"
02-15 22:57:19.026 19106 19152 W SQLiteLog: (28) double-quoted string literal: "2"
02-15 22:57:19.026 19106 19152 W SQLiteLog: (28) double-quoted string literal:
"200"
02-15 22:57:19.026 19106 19152 W SQLiteLog: (28) double-quoted string literal: "20"
02-15 22:57:19.026 19106 19152 W SQLiteLog: (28) double-quoted string literal: "10"
02-15 22:57:19.038 19106 19106 E Dialog : show dialog view =
DecorView@f444f8c[HomeActivity]
02-15 22:57:20.704 19106 19106 E Dialog : remove dialog view =
DecorView@f444f8c[HomeActivity]
02-15 22:57:20.992 19106 19115 W com.mbwhatsapp: Cleared Reference was only
reachable from finalizer (only reported once)
02-15 23:20:57.587 19106 19106 E ArmVmp : Match on catch block at 0x0a in for
0x79c3dfb031
02-15 23:20:57.627 19106 19106 E ArmVmp : Match on catch block at 0x0a in for
0x79c3dfb04d
02-15 23:20:57.748 19106 23030 W com.mbwhatsapp: Accessing hidden method
Lcom/android/org/conscrypt/ConscryptEngineSocket;->setUseSessionTickets(Z)V (max-
target-q,core-platform-api, reflection, denied)
02-15 23:20:57.749 19106 23030 W com.mbwhatsapp: Accessing hidden method
Lcom/android/org/conscrypt/OpenSSLSocketImpl;->setUseSessionTickets(Z)V (max-
target-q,core-platform-api, reflection, denied)
02-15 23:20:57.749 19106 23030 W com.mbwhatsapp: Accessing hidden method
Lcom/android/org/conscrypt/AbstractConscryptSocket;->setUseSessionTickets(Z)V (max-
target-q, reflection, denied)
02-15 23:20:57.749 19106 23030 W com.mbwhatsapp: Accessing hidden method
Lcom/android/org/conscrypt/ConscryptEngineSocket;->setHostname(Ljava/lang/String;)V
(max-target-q,core-platform-api, reflection, denied)
02-15 23:20:57.749 19106 23030 W com.mbwhatsapp: Accessing hidden method
Lcom/android/org/conscrypt/OpenSSLSocketImpl;->setHostname(Ljava/lang/String;)V
(max-target-q,core-platform-api, reflection, denied)
02-15 23:20:57.749 19106 23030 W com.mbwhatsapp: Accessing hidden method
Lcom/android/org/conscrypt/AbstractConscryptSocket;->setHostname(Ljava/lang/
String;)V (max-target-q, reflection, denied)
02-15 23:20:57.749 19106 23030 W com.mbwhatsapp: Accessing hidden method
Lcom/android/org/conscrypt/OpenSSLSocketImpl;->setAlpnProtocols([B)V (max-target-
q,core-platform-api, reflection, denied)
02-15 23:20:57.749 19106 23030 W com.mbwhatsapp: Accessing hidden method
Lcom/android/org/conscrypt/AbstractConscryptSocket;->setAlpnProtocols([B)V (max-
target-q, reflection, denied)
02-15 23:20:57.870 19106 19106 E Dialog : show dialog view =
DecorView@b756d07[HomeActivity]
02-15 23:20:57.877 19106 19106 W CheckTime: App running slow: Executing
com.mbwhatsapp.yo.WidgetProvider scheduleReceive took 303ms
02-15 23:20:57.922 19106 23030 W com.mbwhatsapp: Accessing hidden method
Lcom/android/org/conscrypt/OpenSSLSocketImpl;->getAlpnSelectedProtocol()[B (max-
target-q,core-platform-api, reflection, denied)
02-15 23:20:57.922 19106 23030 W com.mbwhatsapp: Accessing hidden method
Lcom/android/org/conscrypt/AbstractConscryptSocket;->getAlpnSelectedProtocol()[B
(max-target-q, reflection, denied)
02-15 23:20:58.763 19106 19106 E RecyclerView: No adapter attached; skipping layout
02-15 23:20:58.855 19106 19106 E RecyclerView: No adapter attached; skipping layout
02-15 23:20:58.891 19106 19106 E ArmVmp : Match on catch block at 0x0a in for
0x79c3dfb035
02-15 23:20:59.416 19106 19106 E ArmVmp : Match on catch block at 0x5b in for
0x79c3dfb01d
02-15 23:21:00.681 19106 19115 W com.mbwhatsapp: Reducing the number of considered
missed Gc histogram windows from 141 to 100
02-15 23:21:09.859 19106 19216 W ConnectivityManager.CallbackHandler: callback not
found for CALLBACK_LOST message
--------- beginning of main
02-16 06:53:23.954 5216 5216 E com.mbwhatsapp: Not starting debugger since
process cannot load the jdwp agent.
02-16 06:53:24.991 5216 5216 W System.err: java.lang.ClassNotFoundException:
mbmodsd.mbmodsw.ui.views.btn.BtnBK
02-16 06:53:24.993 5216 5216 W System.err: at
java.lang.Runtime.nativeLoad(Native Method)
02-16 06:53:24.993 5216 5216 W System.err: at
java.lang.Runtime.nativeLoad(Runtime.java:1126)
02-16 06:53:24.993 5216 5216 W System.err: at
java.lang.Runtime.loadLibrary0(Runtime.java:1080)
02-16 06:53:24.993 5216 5216 W System.err: at
java.lang.Runtime.loadLibrary0(Runtime.java:1003)
02-16 06:53:24.993 5216 5216 W System.err: at
java.lang.System.loadLibrary(System.java:1661)
02-16 06:53:24.993 5216 5216 W System.err: at arm.EpicVm.<clinit>(Unknown
Source:2)
02-16 06:53:24.993 5216 5216 W System.err: at
java.lang.Class.newInstance(Native Method)
02-16 06:53:24.993 5216 5216 W System.err: at
android.app.AppComponentFactory.instantiateApplication(AppComponentFactory.java:76)
02-16 06:53:24.993 5216 5216 W System.err: at
androidx.core.app.CoreComponentFactory.instantiateApplication(Unknown Source:0)
02-16 06:53:24.994 5216 5216 W System.err: at
android.app.Instrumentation.newApplication(Instrumentation.java:1177)
02-16 06:53:24.994 5216 5216 W System.err: at
android.app.LoadedApk.makeApplication(LoadedApk.java:1366)
02-16 06:53:24.994 5216 5216 W System.err: at
android.app.ActivityThread.handleBindApplication(ActivityThread.java:6802)
02-16 06:53:24.994 5216 5216 W System.err: at
android.app.ActivityThread.access$1500(ActivityThread.java:269)
02-16 06:53:24.994 5216 5216 W System.err: at
android.app.ActivityThread$H.handleMessage(ActivityThread.java:2096)
02-16 06:53:24.994 5216 5216 W System.err: at
android.os.Handler.dispatchMessage(Handler.java:106)
02-16 06:53:24.994 5216 5216 W System.err: at
android.os.Looper.loopOnce(Looper.java:201)
02-16 06:53:24.994 5216 5216 W System.err: at
android.os.Looper.loop(Looper.java:288)
02-16 06:53:24.994 5216 5216 W System.err: at
android.app.ActivityThread.main(ActivityThread.java:7971)
02-16 06:53:24.994 5216 5216 W System.err: at
java.lang.reflect.Method.invoke(Native Method)
02-16 06:53:24.994 5216 5216 W System.err: at
com.android.internal.os.RuntimeInit$MethodAndArgsCaller.run(RuntimeInit.java:553)
02-16 06:53:24.994 5216 5216 W System.err: at
com.android.internal.os.ZygoteInit.main(ZygoteInit.java:1016)
02-16 06:53:25.398 5216 5216 W CheckTime: App running slow: Executing
handleBindApplication : makeApplication took 708ms
02-16 06:53:25.427 5216 5216 E CustomActivityOnCrash: IMPORTANT WARNING! You
already have an UncaughtExceptionHandler, are you sure this is correct? If you use
a custom UncaughtExceptionHandler, you must initialize it AFTER
CustomActivityOnCrash! Installing anyway, but your original handler will not be
called.
02-16 06:53:25.714 5216 5216 W CheckTime: App running slow: Executing
handleBindApplication : installContentProviders took 315ms
02-16 06:53:25.748 5216 5446 W LibraryVersion: Failed to get app version for
libraryName: firebase-iid
02-16 06:53:26.765 5216 5216 W com.mbwhatsapp: Accessing hidden method
Lcom/android/org/conscrypt/OpenSSLSocketImpl;->setUseSessionTickets(Z)V (max-
target-q,core-platform-api, reflection, denied)
02-16 06:53:26.765 5216 5216 W com.mbwhatsapp: Accessing hidden method
Lcom/android/org/conscrypt/AbstractConscryptSocket;->setUseSessionTickets(Z)V (max-
target-q, reflection, denied)
02-16 06:53:26.859 5216 5216 W com.mbwhatsapp: type=1400 audit(0.0:146): avc:
granted { execute } for
path="/data/data/com.mbwhatsapp/files/decompressed/libs.spk.zst/libc++_shared.so"
dev="dm-10" ino=290536 scontext=u:r:untrusted_app:s0:c199,c256,c512,c768
tcontext=u:object_r:app_data_file:s0:c199,c256,c512,c768 tclass=file
app=com.mbwhatsapp
02-16 06:53:26.867 5216 5216 W com.mbwhatsapp: type=1400 audit(0.0:147): avc:
granted { execute } for
path="/data/data/com.mbwhatsapp/files/decompressed/libs.spk.zst/libvlc.so" dev="dm-
10" ino=290099 scontext=u:r:untrusted_app:s0:c199,c256,c512,c768
tcontext=u:object_r:app_data_file:s0:c199,c256,c512,c768 tclass=file
app=com.mbwhatsapp
02-16 06:53:26.923 5216 5216 W com.mbwhatsapp: type=1400 audit(0.0:148): avc:
granted { execute } for
path="/data/data/com.mbwhatsapp/files/decompressed/libs.spk.zst/libwhatsapp.so"
dev="dm-10" ino=290057 scontext=u:r:untrusted_app:s0:c199,c256,c512,c768
tcontext=u:object_r:app_data_file:s0:c199,c256,c512,c768 tclass=file
app=com.mbwhatsapp
02-16 06:53:27.119 5216 5216 W com.mbwhatsapp: type=1400 audit(0.0:149): avc:
granted { execute } for
path="/data/data/com.mbwhatsapp/files/decompressed/libs.spk.zst/libcurve25519.so"
dev="dm-10" ino=290429 scontext=u:r:untrusted_app:s0:c199,c256,c512,c768
tcontext=u:object_r:app_data_file:s0:c199,c256,c512,c768 tclass=file
app=com.mbwhatsapp
02-16 06:53:27.151 5216 5216 W com.mbwhatsapp: type=1400 audit(0.0:150): avc:
granted { execute } for
path="/data/data/com.mbwhatsapp/files/decompressed/libs.spk.zst/libwhatsapp.so"
dev="dm-10" ino=290057 scontext=u:r:untrusted_app:s0:c199,c256,c512,c768
tcontext=u:object_r:app_data_file:s0:c199,c256,c512,c768 tclass=file
app=com.mbwhatsapp
02-16 06:53:27.536 5216 5216 W CheckTime: App running slow: Executing
handleBindApplication : callApplicationOnCreate took 1822ms
02-16 06:53:27.537 5216 5681 W com.mbwhatsapp: Method void
X.2rL.A03(java.lang.Integer) failed lock verification and will run slower.
02-16 06:53:27.537 5216 5681 W com.mbwhatsapp: Common causes for lock
verification issues are non-optimized dex code
02-16 06:53:27.537 5216 5681 W com.mbwhatsapp: and incorrect proguard
optimizations.
02-16 06:53:37.946 5216 6403 W WM-Processor: Didn't find WorkSpec for id
WorkGenerationalId(workSpecId=4bec870e-edb6-438f-a122-f540468367c1, generation=0)
02-16 06:55:00.406 5216 5216 W CheckTime: App running slow: Executing
com.mbwhatsapp.yo.FMBackupReceiver onReceive took 334ms
02-16 06:55:00.407 5216 5216 W CheckTime: App running slow: Executing
com.mbwhatsapp.yo.FMBackupReceiver scheduleReceive took 335ms
02-16 06:55:02.560 5216 5226 W System : A resource failed to call close.
02-16 06:55:02.560 5216 5226 W System : A resource failed to call close.
02-16 06:55:02.560 5216 5226 W System : A resource failed to call close.
02-16 06:55:02.560 5216 5226 W System : A resource failed to call close.
02-16 06:55:02.560 5216 5226 W System : A resource failed to call close.
02-16 06:55:02.560 5216 5226 W System : A resource failed to call close.
02-16 06:55:02.560 5216 5226 W System : A resource failed to call close.
02-16 06:55:02.560 5216 5226 W System : A resource failed to call close.
02-16 06:55:02.560 5216 5226 W System : A resource failed to call close.
02-16 06:55:02.560 5216 5226 W System : A resource failed to call close.
02-16 06:55:02.560 5216 5226 W System : A resource failed to call close.
02-16 06:55:02.560 5216 5226 W System : A resource failed to call close.
02-16 06:55:02.560 5216 5226 W System : A resource failed to call close.
02-16 06:55:02.560 5216 5226 W System : A resource failed to call close.
02-16 06:55:17.159 5216 5226 W System : A resource failed to call close.
02-16 06:55:17.160 5216 5226 W System : A resource failed to call close.
02-16 06:55:17.160 5216 5226 W System : A resource failed to call close.
02-16 06:55:17.160 5216 5226 W System : A resource failed to call close.
02-16 06:55:17.160 5216 5226 W System : A resource failed to call close.
02-16 06:55:17.160 5216 5226 W System : A resource failed to call close.
02-16 06:55:17.160 5216 5226 W System : A resource failed to call close.
02-16 06:55:17.161 5216 5226 W System : A resource failed to call close.
02-16 06:55:17.161 5216 5226 W System : A resource failed to call close.
02-16 06:55:17.161 5216 5226 W System : A resource failed to call close.
02-16 06:55:17.161 5216 5226 W System : A resource failed to call close.
02-16 06:55:17.161 5216 5226 W System : A resource failed to call close.
02-16 06:55:17.161 5216 5226 W System : A resource failed to call close.
02-16 06:55:17.161 5216 5226 W System : A resource failed to call close.
02-16 06:55:17.161 5216 5226 W System : A resource failed to call close.
02-16 06:55:17.161 5216 5226 W System : A resource failed to call close.
02-16 06:55:17.161 5216 5226 W System : A resource failed to call close.
02-16 06:55:17.161 5216 5226 W System : A resource failed to call close.
02-16 06:55:17.161 5216 5226 W System : A resource failed to call close.
02-16 06:55:17.161 5216 5226 W System : A resource failed to call close.
02-16 06:55:17.161 5216 5226 W System : A resource failed to call close.
02-16 06:55:17.161 5216 5226 W System : A resource failed to call close.
02-16 06:55:17.161 5216 5226 W System : A resource failed to call close.
02-16 06:55:17.161 5216 5226 W System : A resource failed to call close.
02-16 06:55:17.161 5216 5226 W System : A resource failed to call close.
02-16 06:55:17.161 5216 5226 W System : A resource failed to call close.
02-16 06:55:17.161 5216 5226 W System : A resource failed to call close.
02-16 06:55:17.161 5216 5226 W System : A resource failed to call close.
02-16 06:55:17.161 5216 5226 W System : A resource failed to call close.
02-16 06:55:17.161 5216 5226 W System : A resource failed to call close.
02-16 06:55:17.161 5216 5226 W System : A resource failed to call close.
02-16 06:55:17.161 5216 5226 W System : A resource failed to call close.
02-16 06:55:17.161 5216 5226 W System : A resource failed to call close.
02-16 06:55:17.161 5216 5226 W System : A resource failed to call close.
02-16 06:55:17.161 5216 5226 W System : A resource failed to call close.
02-16 06:55:17.161 5216 5226 W System : A resource failed to call close.
02-16 06:55:17.161 5216 5226 W System : A resource failed to call close.
02-16 06:55:17.161 5216 5226 W System : A resource failed to call close.
02-16 06:55:17.161 5216 5226 W System : A resource failed to call close.
02-16 06:55:17.161 5216 5226 W System : A resource failed to call close.
02-16 06:55:17.161 5216 5226 W System : A resource failed to call close.
02-16 06:55:17.161 5216 5226 W System : A resource failed to call close.
02-16 06:55:17.161 5216 5226 W System : A resource failed to call close.
02-16 06:55:17.161 5216 5226 W System : A resource failed to call close.
02-16 06:55:17.161 5216 5226 W System : A resource failed to call close.
02-16 06:55:17.161 5216 5226 W System : A resource failed to call close.
02-16 06:55:17.161 5216 5226 W System : A resource failed to call close.
02-16 06:55:17.161 5216 5226 W System : A resource failed to call close.
02-16 06:55:17.161 5216 5226 W System : A resource failed to call close.
02-16 06:55:17.161 5216 5226 W System : A resource failed to call close.
02-16 06:55:17.161 5216 5226 W System : A resource failed to call close.
02-16 06:55:17.161 5216 5226 W System : A resource failed to call close.
02-16 06:55:17.161 5216 5226 W System : A resource failed to call close.
02-16 06:55:17.161 5216 5226 W System : A resource failed to call close.
02-16 06:55:17.161 5216 5226 W System : A resource failed to call close.
02-16 06:55:17.161 5216 5226 W System : A resource failed to call close.
02-16 06:55:17.161 5216 5226 W System : A resource failed to call close.
02-16 06:55:17.161 5216 5226 W System : A resource failed to call close.
02-16 06:55:17.161 5216 5226 W System : A resource failed to call close.
02-16 06:55:17.162 5216 5226 W System : A resource failed to call close.
02-16 06:55:17.162 5216 5226 W System : A resource failed to call close.
02-16 06:55:17.162 5216 5226 W System : A resource failed to call close.
02-16 06:55:17.162 5216 5226 W System : A resource failed to call close.
02-16 06:55:17.162 5216 5226 W System : A resource failed to call close.
02-16 06:55:17.162 5216 5226 W System : A resource failed to call close.
02-16 06:55:17.162 5216 5226 W System : A resource failed to call close.
02-16 06:55:17.162 5216 5226 W System : A resource failed to call close.
02-16 06:55:17.162 5216 5226 W System : A resource failed to call close.
02-16 06:55:17.162 5216 5226 W System : A resource failed to call close.
02-16 06:55:17.162 5216 5226 W System : A resource failed to call close.
02-16 06:55:17.162 5216 5226 W System : A resource failed to call close.
02-16 06:55:17.162 5216 5226 W System : A resource failed to call close.
02-16 06:55:17.162 5216 5226 W System : A resource failed to call close.
02-16 06:55:17.162 5216 5226 W System : A resource failed to call close.
02-16 06:55:17.162 5216 5226 W System : A resource failed to call close.
02-16 06:55:17.162 5216 5226 W System : A resource failed to call close.
02-16 06:55:17.162 5216 5226 W System : A resource failed to call close.
02-16 06:55:17.162 5216 5226 W System : A resource failed to call close.
02-16 06:55:17.162 5216 5226 W System : A resource failed to call close.
02-16 06:55:17.162 5216 5226 W System : A resource failed to call close.
02-16 06:55:17.162 5216 5226 W System : A resource failed to call close.
02-16 06:55:17.162 5216 5226 W System : A resource failed to call close.
02-16 06:55:17.162 5216 5226 W System : A resource failed to call close.
02-16 06:55:17.162 5216 5226 W System : A resource failed to call close.
02-16 06:55:17.162 5216 5226 W System : A resource failed to call close.
02-16 06:55:17.162 5216 5226 W System : A resource failed to call close.
02-16 06:55:17.162 5216 5226 W System : A resource failed to call close.
02-16 06:55:17.162 5216 5226 W System : A resource failed to call close.
02-16 06:55:17.162 5216 5226 W System : A resource failed to call close.
02-16 06:55:17.162 5216 5226 W System : A resource failed to call close.
02-16 06:55:17.162 5216 5226 W System : A resource failed to call close.
02-16 06:55:17.162 5216 5226 W System : A resource failed to call close.
02-16 06:55:17.162 5216 5226 W System : A resource failed to call close.
02-16 06:55:17.162 5216 5226 W System : A resource failed to call close.
02-16 06:55:17.162 5216 5226 W System : A resource failed to call close.
02-16 06:55:17.162 5216 5226 W System : A resource failed to call close.
02-16 06:55:17.162 5216 5226 W System : A resource failed to call close.
02-16 06:55:17.162 5216 5226 W System : A resource failed to call close.
02-16 06:55:17.162 5216 5226 W System : A resource failed to call close.
02-16 06:55:17.162 5216 5226 W System : A resource failed to call close.
02-16 06:55:17.162 5216 5226 W System : A resource failed to call close.
02-16 06:55:17.162 5216 5226 W System : A resource failed to call close.
02-16 06:55:17.162 5216 5226 W System : A resource failed to call close.
02-16 06:55:17.162 5216 5226 W System : A resource failed to call close.
02-16 06:55:17.162 5216 5226 W System : A resource failed to call close.
02-16 06:55:17.162 5216 5226 W System : A resource failed to call close.
02-16 06:55:17.162 5216 5226 W System : A resource failed to call close.
02-16 06:55:17.162 5216 5226 W System : A resource failed to call close.
02-16 06:55:17.162 5216 5226 W System : A resource failed to call close.
02-16 06:55:17.162 5216 5226 W System : A resource failed to call close.
02-16 06:55:17.164 5216 5226 W System : A resource failed to call close.
02-16 06:55:17.164 5216 5226 W System : A resource failed to call close.
02-16 06:55:17.164 5216 5226 W System : A resource failed to call close.
02-16 06:55:17.164 5216 5226 W System : A resource failed to call close.
02-16 06:55:17.164 5216 5226 W System : A resource failed to call close.
02-16 06:55:17.164 5216 5226 W System : A resource failed to call close.
02-16 06:55:17.164 5216 5226 W System : A resource failed to call close.
02-16 06:55:17.164 5216 5226 W System : A resource failed to call close.
02-16 06:55:17.164 5216 5226 W System : A resource failed to call close.
02-16 06:55:17.164 5216 5226 W System : A resource failed to call close.
02-16 06:55:17.164 5216 5226 W System : A resource failed to call close.
02-16 06:55:17.164 5216 5226 W System : A resource failed to call close.
02-16 06:55:17.164 5216 5226 W System : A resource failed to call close.
02-16 06:55:17.164 5216 5226 W System : A resource failed to call close.
02-16 06:55:17.164 5216 5226 W System : A resource failed to call close.
02-16 06:55:17.164 5216 5226 W System : A resource failed to call close.
02-16 06:55:17.164 5216 5226 W System : A resource failed to call close.
02-16 06:55:17.164 5216 5226 W System : A resource failed to call close.
02-16 06:55:17.164 5216 5226 W System : A resource failed to call close.
02-16 06:55:17.164 5216 5226 W System : A resource failed to call close.
02-16 06:55:17.164 5216 5226 W System : A resource failed to call close.
02-16 06:55:17.164 5216 5226 W System : A resource failed to call close.
02-16 06:55:17.164 5216 5226 W System : A resource failed to call close.
02-16 06:55:17.164 5216 5226 W System : A resource failed to call close.
02-16 06:55:17.164 5216 5226 W System : A resource failed to call close.
02-16 06:55:17.164 5216 5226 W System : A resource failed to call close.
02-16 06:55:17.164 5216 5226 W System : A resource failed to call close.
02-16 06:55:17.164 5216 5226 W System : A resource failed to call close.
02-16 06:55:17.164 5216 5226 W System : A resource failed to call close.
02-16 06:55:17.164 5216 5226 W System : A resource failed to call close.
02-16 06:55:17.164 5216 5226 W System : A resource failed to call close.
02-16 06:55:17.164 5216 5226 W System : A resource failed to call close.
02-16 06:55:17.164 5216 5226 W System : A resource failed to call close.
02-16 06:55:17.164 5216 5226 W System : A resource failed to call close.
02-16 06:55:17.164 5216 5226 W System : A resource failed to call close.
02-16 06:55:17.164 5216 5226 W System : A resource failed to call close.
02-16 06:55:17.165 5216 5226 W System : A resource failed to call close.
02-16 06:55:17.165 5216 5226 W System : A resource failed to call close.
02-16 06:55:17.165 5216 5226 W System : A resource failed to call close.
02-16 06:55:17.165 5216 5226 W System : A resource failed to call close.
02-16 06:55:17.165 5216 5226 W System : A resource failed to call close.
02-16 06:55:17.165 5216 5226 W System : A resource failed to call close.
02-16 06:55:17.165 5216 5226 W System : A resource failed to call close.
02-16 06:55:17.165 5216 5226 W System : A resource failed to call close.
02-16 06:55:17.165 5216 5226 W System : A resource failed to call close.
02-16 06:55:17.165 5216 5226 W System : A resource failed to call close.
02-16 06:55:17.165 5216 5226 W System : A resource failed to call close.
02-16 06:55:17.165 5216 5226 W System : A resource failed to call close.
02-16 06:55:17.165 5216 5226 W System : A resource failed to call close.
02-16 06:55:17.165 5216 5226 W System : A resource failed to call close.
02-16 06:55:17.165 5216 5226 W System : A resource failed to call close.
02-16 06:55:17.165 5216 5226 W System : A resource failed to call close.
02-16 06:55:17.165 5216 5226 W System : A resource failed to call close.
02-16 06:55:17.165 5216 5226 W System : A resource failed to call close.
02-16 06:55:17.165 5216 5226 W System : A resource failed to call close.
02-16 06:55:17.165 5216 5226 W System : A resource failed to call close.
02-16 06:55:17.165 5216 5226 W System : A resource failed to call close.
02-16 06:55:17.165 5216 5226 W System : A resource failed to call close.
02-16 06:55:17.165 5216 5226 W System : A resource failed to call close.
02-16 06:55:17.165 5216 5226 W System : A resource failed to call close.
02-16 06:55:17.165 5216 5226 W System : A resource failed to call close.
02-16 06:55:17.165 5216 5226 W System : A resource failed to call close.
02-16 06:55:17.165 5216 5226 W System : A resource failed to call close.
02-16 06:55:17.165 5216 5226 W System : A resource failed to call close.
02-16 06:55:17.165 5216 5226 W System : A resource failed to call close.
02-16 06:55:17.165 5216 5226 W System : A resource failed to call close.
02-16 06:55:17.165 5216 5226 W System : A resource failed to call close.
02-16 06:55:17.165 5216 5226 W System : A resource failed to call close.
02-16 06:55:17.165 5216 5226 W System : A resource failed to call close.
02-16 06:55:17.165 5216 5226 W System : A resource failed to call close.
02-16 06:55:17.165 5216 5226 W System : A resource failed to call close.
02-16 06:55:17.165 5216 5226 W System : A resource failed to call close.
02-16 06:55:17.165 5216 5226 W System : A resource failed to call close.
02-16 06:55:17.165 5216 5226 W System : A resource failed to call close.
02-16 06:55:17.165 5216 5226 W System : A resource failed to call close.
02-16 06:55:17.165 5216 5226 W System : A resource failed to call close.
02-16 06:55:17.165 5216 5226 W System : A resource failed to call close.
02-16 06:55:17.165 5216 5226 W System : A resource failed to call close.
02-16 06:55:17.165 5216 5226 W System : A resource failed to call close.
02-16 06:55:17.165 5216 5226 W System : A resource failed to call close.
02-16 06:55:17.165 5216 5226 W System : A resource failed to call close.
02-16 06:55:17.165 5216 5226 W System : A resource failed to call close.
02-16 06:55:17.165 5216 5226 W System : A resource failed to call close.
02-16 06:55:17.165 5216 5226 W System : A resource failed to call close.
02-16 06:55:17.165 5216 5226 W System : A resource failed to call close.
02-16 06:55:17.165 5216 5226 W System : A resource failed to call close.
02-16 06:55:17.165 5216 5226 W System : A resource failed to call close.
02-16 06:55:17.165 5216 5226 W System : A resource failed to call close.
02-16 06:55:17.165 5216 5226 W System : A resource failed to call close.
02-16 06:55:17.166 5216 5226 W System : A resource failed to call close.
02-16 06:55:17.166 5216 5226 W System : A resource failed to call close.
02-16 06:55:17.166 5216 5226 W System : A resource failed to call close.
02-16 06:55:17.166 5216 5226 W System : A resource failed to call close.
02-16 06:55:17.166 5216 5226 W System : A resource failed to call close.
02-16 06:55:17.166 5216 5226 W System : A resource failed to call close.
02-16 06:55:17.166 5216 5226 W System : A resource failed to call close.
02-16 06:55:17.166 5216 5226 W System : A resource failed to call close.
02-16 06:55:17.166 5216 5226 W System : A resource failed to call close.
02-16 06:55:17.166 5216 5226 W System : A resource failed to call close.
02-16 06:55:17.166 5216 5226 W System : A resource failed to call close.
02-16 06:55:17.166 5216 5226 W System : A resource failed to call close.
02-16 06:55:17.166 5216 5226 W System : A resource failed to call close.
02-16 06:55:17.166 5216 5226 W System : A resource failed to call close.
02-16 06:55:17.166 5216 5226 W System : A resource failed to call close.
02-16 06:55:17.166 5216 5226 W System : A resource failed to call close.
02-16 06:55:17.166 5216 5226 W System : A resource failed to call close.
02-16 06:55:17.166 5216 5226 W System : A resource failed to call close.
02-16 06:55:17.166 5216 5226 W System : A resource failed to call close.
02-16 06:55:17.166 5216 5226 W System : A resource failed to call close.
02-16 06:55:17.166 5216 5226 W System : A resource failed to call close.
02-16 06:55:17.166 5216 5226 W System : A resource failed to call close.
02-16 06:55:17.166 5216 5226 W System : A resource failed to call close.
02-16 06:55:17.166 5216 5226 W System : A resource failed to call close.
02-16 06:55:17.166 5216 5226 W System : A resource failed to call close.
02-16 06:55:17.166 5216 5226 W System : A resource failed to call close.
02-16 06:55:17.166 5216 5226 W System : A resource failed to call close.
02-16 06:55:17.166 5216 5226 W System : A resource failed to call close.
02-16 06:55:17.166 5216 5226 W System : A resource failed to call close.
02-16 06:55:17.166 5216 5226 W System : A resource failed to call close.
02-16 06:55:17.166 5216 5226 W System : A resource failed to call close.
02-16 06:55:17.166 5216 5226 W System : A resource failed to call close.
02-16 06:55:17.166 5216 5226 W System : A resource failed to call close.
02-16 06:55:17.166 5216 5226 W System : A resource failed to call close.
02-16 06:55:17.166 5216 5226 W System : A resource failed to call close.
02-16 06:55:17.166 5216 5226 W System : A resource failed to call close.
02-16 06:55:17.166 5216 5226 W System : A resource failed to call close.
02-16 06:55:17.166 5216 5226 W System : A resource failed to call close.
02-16 06:55:17.166 5216 5226 W System : A resource failed to call close.
02-16 06:55:17.166 5216 5226 W System : A resource failed to call close.
02-16 06:55:17.166 5216 5226 W System : A resource failed to call close.
02-16 06:55:17.166 5216 5226 W System : A resource failed to call close.
02-16 06:55:17.166 5216 5226 W System : A resource failed to call close.
02-16 06:55:17.166 5216 5226 W System : A resource failed to call close.
02-16 06:55:17.166 5216 5226 W System : A resource failed to call close.
02-16 06:55:17.166 5216 5226 W System : A resource failed to call close.
02-16 06:55:17.166 5216 5226 W System : A resource failed to call close.
02-16 06:55:17.166 5216 5226 W System : A resource failed to call close.
02-16 06:55:17.166 5216 5226 W System : A resource failed to call close.
02-16 06:55:17.166 5216 5226 W System : A resource failed to call close.
02-16 06:55:17.167 5216 5226 W System : A resource failed to call close.
02-16 06:55:17.167 5216 5226 W System : A resource failed to call close.
02-16 06:55:17.167 5216 5226 W System : A resource failed to call close.
02-16 06:55:17.167 5216 5226 W System : A resource failed to call close.
02-16 06:55:17.167 5216 5226 W System : A resource failed to call close.
02-16 06:55:17.167 5216 5226 W System : A resource failed to call close.
02-16 06:55:17.167 5216 5226 W System : A resource failed to call close.
02-16 06:55:17.167 5216 5226 W System : A resource failed to call close.
02-16 06:55:17.167 5216 5226 W System : A resource failed to call close.
02-16 06:55:17.167 5216 5226 W System : A resource failed to call close.
02-16 06:55:17.167 5216 5226 W System : A resource failed to call close.
02-16 06:55:17.167 5216 5226 W System : A resource failed to call close.
02-16 06:55:17.167 5216 5226 W System : A resource failed to call close.
02-16 06:55:17.167 5216 5226 W System : A resource failed to call close.
02-16 06:55:17.167 5216 5226 W System : A resource failed to call close.
02-16 06:55:17.167 5216 5226 W System : A resource failed to call close.
02-16 06:55:17.167 5216 5226 W System : A resource failed to call close.
02-16 06:55:17.167 5216 5226 W System : A resource failed to call close.
02-16 06:55:17.167 5216 5226 W System : A resource failed to call close.
02-16 06:55:17.167 5216 5226 W System : A resource failed to call close.
02-16 06:55:17.167 5216 5226 W System : A resource failed to call close.
02-16 06:55:17.167 5216 5226 W System : A resource failed to call close.
02-16 06:55:17.167 5216 5226 W System : A resource failed to call close.
02-16 06:55:17.167 5216 5226 W System : A resource failed to call close.
02-16 06:55:17.167 5216 5226 W System : A resource failed to call close.
02-16 06:55:17.167 5216 5226 W System : A resource failed to call close.
02-16 06:55:17.167 5216 5226 W System : A resource failed to call close.
02-16 06:55:17.167 5216 5226 W System : A resource failed to call close.
02-16 06:55:17.167 5216 5226 W System : A resource failed to call close.
02-16 06:55:17.167 5216 5226 W System : A resource failed to call close.
02-16 06:55:17.167 5216 5226 W System : A resource failed to call close.
02-16 06:55:17.167 5216 5226 W System : A resource failed to call close.
02-16 06:55:17.167 5216 5226 W System : A resource failed to call close.
02-16 06:55:17.167 5216 5226 W System : A resource failed to call close.
02-16 06:55:17.167 5216 5226 W System : A resource failed to call close.
02-16 06:55:17.167 5216 5226 W System : A resource failed to call close.
02-16 06:55:17.167 5216 5226 W System : A resource failed to call close.
02-16 06:55:17.167 5216 5226 W System : A resource failed to call close.
02-16 06:55:17.167 5216 5226 W System : A resource failed to call close.
02-16 06:55:17.167 5216 5226 W System : A resource failed to call close.
02-16 06:55:17.167 5216 5226 W System : A resource failed to call close.
02-16 06:55:17.167 5216 5226 W System : A resource failed to call close.
02-16 06:55:17.167 5216 5226 W System : A resource failed to call close.
02-16 06:55:17.167 5216 5226 W System : A resource failed to call close.
02-16 06:55:17.167 5216 5226 W System : A resource failed to call close.
02-16 06:55:17.167 5216 5226 W System : A resource failed to call close.
02-16 06:55:17.167 5216 5226 W System : A resource failed to call close.
02-16 06:55:17.167 5216 5226 W System : A resource failed to call close.
02-16 06:55:17.167 5216 5226 W System : A resource failed to call close.
02-16 06:55:17.167 5216 5226 W System : A resource failed to call close.
02-16 06:55:17.167 5216 5226 W System : A resource failed to call close.
02-16 06:55:17.167 5216 5226 W System : A resource failed to call close.
02-16 06:55:17.167 5216 5226 W System : A resource failed to call close.
02-16 06:55:17.168 5216 5226 W System : A resource failed to call close.
02-16 06:55:17.168 5216 5226 W System : A resource failed to call close.
02-16 06:55:17.168 5216 5226 W System : A resource failed to call close.
02-16 06:55:17.168 5216 5226 W System : A resource failed to call close.
02-16 06:55:17.168 5216 5226 W System : A resource failed to call close.
02-16 06:55:17.168 5216 5226 W System : A resource failed to call close.
02-16 06:55:17.168 5216 5226 W System : A resource failed to call close.
02-16 06:55:17.168 5216 5226 W System : A resource failed to call close.
02-16 06:55:17.168 5216 5226 W System : A resource failed to call close.
02-16 06:55:17.168 5216 5226 W System : A resource failed to call close.
02-16 06:55:17.168 5216 5226 W System : A resource failed to call close.
02-16 06:55:17.168 5216 5226 W System : A resource failed to call close.
02-16 06:55:17.168 5216 5226 W System : A resource failed to call close.
02-16 06:55:17.168 5216 5226 W System : A resource failed to call close.
02-16 06:55:17.168 5216 5226 W System : A resource failed to call close.
02-16 06:55:17.168 5216 5226 W System : A resource failed to call close.
02-16 06:55:17.168 5216 5226 W System : A resource failed to call close.
02-16 06:55:17.168 5216 5226 W System : A resource failed to call close.
02-16 06:55:17.168 5216 5226 W System : A resource failed to call close.
02-16 06:55:17.168 5216 5226 W System : A resource failed to call close.
02-16 06:55:17.168 5216 5226 W System : A resource failed to call close.
02-16 06:55:17.168 5216 5226 W System : A resource failed to call close.
02-16 06:55:17.168 5216 5226 W System : A resource failed to call close.
02-16 06:55:17.168 5216 5226 W System : A resource failed to call close.
02-16 06:55:17.168 5216 5226 W System : A resource failed to call close.
02-16 06:55:17.168 5216 5226 W System : A resource failed to call close.
02-16 06:55:17.168 5216 5226 W System : A resource failed to call close.
02-16 06:55:17.168 5216 5226 W System : A resource failed to call close.
02-16 06:55:17.168 5216 5226 W System : A resource failed to call close.
02-16 06:55:17.168 5216 5226 W System : A resource failed to call close.
02-16 06:55:17.168 5216 5226 W System : A resource failed to call close.
02-16 06:55:17.168 5216 5226 W System : A resource failed to call close.
02-16 06:55:17.168 5216 5226 W System : A resource failed to call close.
02-16 06:55:17.168 5216 5226 W System : A resource failed to call close.
02-16 06:55:17.168 5216 5226 W System : A resource failed to call close.
02-16 06:55:17.168 5216 5226 W System : A resource failed to call close.
02-16 06:55:17.168 5216 5226 W System : A resource failed to call close.
02-16 06:55:17.168 5216 5226 W System : A resource failed to call close.
02-16 06:55:17.168 5216 5226 W System : A resource failed to call close.
02-16 06:55:17.168 5216 5226 W System : A resource failed to call close.
02-16 06:55:17.168 5216 5226 W System : A resource failed to call close.
02-16 06:55:17.168 5216 5226 W System : A resource failed to call close.
02-16 06:55:17.168 5216 5226 W System : A resource failed to call close.
02-16 06:55:17.168 5216 5226 W System : A resource failed to call close.
02-16 06:55:17.168 5216 5226 W System : A resource failed to call close.
02-16 06:55:17.168 5216 5226 W System : A resource failed to call close.
02-16 06:55:17.168 5216 5226 W System : A resource failed to call close.
02-16 06:55:17.168 5216 5226 W System : A resource failed to call close.
02-16 06:55:17.168 5216 5226 W System : A resource failed to call close.
02-16 06:55:17.173 5216 5226 W System : A resource failed to call close.
02-16 06:55:17.173 5216 5226 W System : A resource failed to call close.
02-16 06:55:17.173 5216 5226 W System : A resource failed to call close.
02-16 06:55:17.173 5216 5226 W System : A resource failed to call close.
02-16 06:55:17.173 5216 5226 W System : A resource failed to call close.
02-16 06:55:17.173 5216 5226 W System : A resource failed to call close.
02-16 06:55:17.173 5216 5226 W System : A resource failed to call close.
02-16 06:55:17.173 5216 5226 W System : A resource failed to call close.
02-16 06:55:17.173 5216 5226 W System : A resource failed to call close.
02-16 06:55:17.173 5216 5226 W System : A resource failed to call close.
02-16 06:55:17.173 5216 5226 W System : A resource failed to call close.
02-16 06:55:17.173 5216 5226 W System : A resource failed to call close.
02-16 06:55:17.173 5216 5226 W System : A resource failed to call close.
02-16 06:55:17.173 5216 5226 W System : A resource failed to call close.
02-16 06:55:17.173 5216 5226 W System : A resource failed to call close.
02-16 06:55:17.173 5216 5226 W System : A resource failed to call close.
02-16 06:55:17.173 5216 5226 W System : A resource failed to call close.
02-16 06:55:17.173 5216 5226 W System : A resource failed to call close.
02-16 06:55:17.174 5216 5226 W System : A resource failed to call close.
02-16 06:55:17.174 5216 5226 W System : A resource failed to call close.
02-16 06:55:17.174 5216 5226 W System : A resource failed to call close.
02-16 06:55:17.174 5216 5226 W System : A resource failed to call close.
02-16 06:55:17.174 5216 5226 W System : A resource failed to call close.
02-16 06:55:17.174 5216 5226 W System : A resource failed to call close.
