/system/etc/permissions/privapp-permissions-com.samsung.cmfa.AuthTouch.xml
07-07 14:41:25.599 I/SystemConfig( 952): Reading permissions from
/system/etc/permissions/privapp-permissions-com.samsung.cmh.xml
07-07 14:41:25.599 I/SystemConfig( 952): Reading permissions from
/system/etc/permissions/privapp-permissions-com.samsung.desktopsystemui.xml
07-07 14:41:25.599 I/SystemConfig( 952): Reading permissions from
/system/etc/permissions/privapp-permissions-com.samsung.hidden.KT.xml
07-07 14:41:25.599 I/SystemConfig( 952): Reading permissions from
/system/etc/permissions/privapp-permissions-com.samsung.hidden.LGU.xml
07-07 14:41:25.599 I/SystemConfig( 952): Reading permissions from
/system/etc/permissions/privapp-permissions-com.samsung.hidden.OPENMarket.xml
07-07 14:41:25.600 I/SystemConfig( 952): Reading permissions from
/system/etc/permissions/privapp-permissions-com.samsung.hidden.SKT.xml
07-07 14:41:25.600 I/SystemConfig( 952): Reading permissions from
/system/etc/permissions/privapp-permissions-com.samsung.ipservice.xml
07-07 14:41:25.600 I/SystemConfig( 952): Reading permissions from
/system/etc/permissions/privapp-permissions-com.samsung.klmsagent.xml
07-07 14:41:25.600 I/SystemConfig( 952): Reading permissions from
/system/etc/permissions/privapp-permissions-com.samsung.knox.securefolder.xml
07-07 14:41:25.600 I/SystemConfig( 952): Reading permissions from
/system/etc/permissions/privapp-permissions-
com.samsung.sec.android.application.csc.xml
07-07 14:41:25.600 I/SystemConfig( 952): Reading permissions from
/system/etc/permissions/privapp-permissions-com.samsung.storyservice.xml
07-07 14:41:25.601 I/SystemConfig( 952): Reading permissions from
/system/etc/permissions/privapp-permissions-com.samsung.systemui.bixby2.xml
07-07 14:41:25.601 I/SystemConfig( 952): Reading permissions from
/system/etc/permissions/privapp-permissions-com.sec.android.QRreader.xml
07-07 14:41:25.601 I/SystemConfig( 952): Reading permissions from
/system/etc/permissions/privapp-permissions-com.sec.android.RilServiceModeApp.xml
07-07 14:41:25.601 I/SystemConfig( 952): Reading permissions from
/system/etc/permissions/privapp-permissions-com.sec.android.app.SecSetupWizard.xml
07-07 14:41:25.601 I/SystemConfig( 952): Reading permissions from
/system/etc/permissions/privapp-permissions-com.sec.android.app.billing.xml
07-07 14:41:25.601 I/SystemConfig( 952): Reading permissions from
/system/etc/permissions/privapp-permissions-com.sec.android.app.camera.xml
07-07 14:41:25.602 D/CompatConfig( 952): Adding:
com.android.server.compat.config.Change@faa7650
07-07 14:41:25.602 I/SystemConfig( 952): Reading permissions from
/system/etc/permissions/privapp-permissions-com.sec.android.app.desktoplauncher.xml
07-07 14:41:25.602 I/SystemConfig( 952): Reading permissions from
/system/etc/permissions/privapp-permissions-com.sec.android.app.dexonpc.xml
07-07 14:41:25.602 D/CompatConfig( 952): Adding:
com.android.server.compat.config.Change@e7c8e6f
07-07 14:41:25.602 I/SystemConfig( 952): Reading permissions from
/system/etc/permissions/privapp-permissions-
com.sec.android.app.factorykeystring.xml
07-07 14:41:25.602 I/SystemConfig( 952): Reading permissions from
/system/etc/permissions/rcsopenapi_library.xml
07-07 14:41:25.602 D/CompatConfig( 952): Adding:
com.android.server.compat.config.Change@9e1605a
07-07 14:41:25.602 I/SystemConfig( 952): Reading permissions from
/system/etc/permissions/privapp-permissions-com.sec.android.app.fm.xml
07-07 14:41:25.602 D/CompatConfig( 952): Adding:
com.android.server.compat.config.Change@236bf68
07-07 14:41:25.602 I/SystemConfig( 952): Reading permissions from
/system/etc/permissions/privapp-permissions-com.sec.android.app.hwmoduletest.xml
07-07 14:41:25.602 I/SystemConfig( 952): Reading permissions from
/system/etc/permissions/privapp-permissions-com.sec.android.app.launcher.xml
07-07 14:41:25.603 D/CompatConfig( 952): No directory
/apex/com.android.appsearch/etc/compatconfig, skipping
07-07 14:41:25.603 D/CompatConfig( 952): No directory
/apex/com.android.adbd/etc/compatconfig, skipping
07-07 14:41:25.603 I/SystemConfig( 952): Reading permissions from
/system/etc/permissions/privapp-permissions-com.sec.android.app.magnifier.xml
07-07 14:41:25.603 D/CompatConfig( 952): Start loading
/product/etc/appcompat/compat_framework_overrides.xml
07-07 14:41:25.603 I/SystemConfig( 952): Reading permissions from
/system/etc/permissions/privapp-permissions-com.sec.android.app.myfiles.xml
07-07 14:41:25.603 D/CompatConfig( 952): Override file does't exist:
/product/etc/appcompat/compat_framework_overrides.xml
07-07 14:41:25.603 D/CompatConfig( 952): Start loading
/data/misc/appcompat/compat_framework_overrides.xml
07-07 14:41:25.603 I/SystemConfig( 952): Reading permissions from
/system/etc/permissions/privapp-permissions-com.sec.android.app.popupcalculator.xml
07-07 14:41:25.603 D/CompatConfig( 952): Override file does't exist:
/data/misc/appcompat/compat_framework_overrides.xml
07-07 14:41:25.603 D/CompatConfig( 952): Finish loading overrides files
07-07 14:41:25.603 I/SystemConfig( 952): Reading permissions from
/system/etc/permissions/privapp-permissions-com.sec.android.app.safetyassurance.xml
07-07 14:41:25.603 I/SystemConfig( 952): Reading permissions from
/system/etc/permissions/privapp-permissions-com.sec.android.app.samsungapps.xml
07-07 14:41:25.603 I/SystemConfig( 952): Reading permissions from
/system/etc/permissions/privapp-permissions-com.sec.android.app.servicemodeapp.xml
07-07 14:41:25.604 I/SystemConfig( 952): Reading permissions from
/system/etc/permissions/privapp-permissions-com.sec.android.app.shealth.xml
07-07 14:41:25.604 I/SystemConfig( 952): Reading permissions from
/system/etc/permissions/privapp-permissions-com.sec.android.app.soundalive_S.xml
07-07 14:41:25.604 I/SystemConfig( 952): Reading permissions from
/system/etc/permissions/privapp-permissions-com.sec.android.daemonapp.xml
07-07 14:41:25.604 I/SystemConfig( 952): Reading permissions from
/system/etc/permissions/privapp-permissions-
com.sec.android.desktopmode.uiservice.xml
07-07 14:41:25.604 I/SystemConfig( 952): Reading permissions from
/system/etc/permissions/privapp-permissions-com.sec.android.diagmonagent.xml
07-07 14:41:25.604 I/servicemanager( 414): Adding 'u:r:system_server:s0' service
(platform_compat:952)
07-07 14:41:25.604 I/SystemConfig( 952): Reading permissions from
/system/etc/permissions/privapp-permissions-com.sec.android.gallery3d.xml
07-07 14:41:25.604 I/servicemanager( 414): Adding 'u:r:system_server:s0' service
(platform_compat_native:952)
07-07 14:41:25.605 I/SystemConfig( 952): Reading permissions from
/system/etc/permissions/privapp-permissions-
com.sec.android.mimage.autodoodle.service.xml
07-07 14:41:25.605 D/SystemServerTiming( 952): PlatformCompat took to complete:
50ms
07-07 14:41:25.605 I/SystemServerTiming( 952): StartFileIntegrityService
07-07 14:41:25.605 I/SystemConfig( 952): Reading permissions from
/system/etc/permissions/privapp-permissions-
com.sec.android.mimage.photoretouching.xml
07-07 14:41:25.605 I/SystemServiceManager( 952): Starting
com.android.server.security.FileIntegrityService
07-07 14:41:25.605 I/SystemConfig( 952): Reading permissions from
/system/etc/permissions/privapp-permissions-com.sec.android.provider.badge.xml
07-07 14:41:25.605 I/SystemConfig( 952): Reading permissions from
/system/etc/permissions/privapp-permissions-com.sec.android.sdhms.xml
07-07 14:41:25.605 I/SystemConfig( 952): Reading permissions from
/system/etc/permissions/privapp-permissions-com.sec.android.soagent.xml
07-07 14:41:25.605 I/SystemConfig( 952): Reading permissions from
/system/etc/permissions/privapp-permissions-com.sec.app.RilErrorNotifier.xml
07-07 14:41:25.606 I/SystemConfig( 952): Reading permissions from
/system/etc/permissions/privapp-permissions-com.sec.bcservice.xml
07-07 14:41:25.606 I/SystemConfig( 952): Reading permissions from
/system/etc/permissions/privapp-permissions-com.sec.epdg.xml
07-07 14:41:25.606 I/SystemConfig( 952): Reading permissions from
/system/etc/permissions/privapp-permissions-com.sec.epdgtestapp.xml
07-07 14:41:25.606 I/SystemConfig( 952): Reading permissions from
/system/etc/permissions/privapp-permissions-com.sec.factory.xml
07-07 14:41:25.606 I/SystemConfig( 952): Reading permissions from
/system/etc/permissions/privapp-permissions-com.sec.hearingadjust-s.xml
07-07 14:41:25.606 I/SystemConfig( 952): Reading permissions from
/system/etc/permissions/privapp-permissions-com.sec.imslogger.xml
07-07 14:41:25.606 I/SystemConfig( 952): Reading permissions from
/system/etc/permissions/privapp-permissions-com.sec.imsservice.xml
07-07 14:41:25.607 I/SystemConfig( 952): Reading permissions from
/system/etc/permissions/privapp-permissions-com.sec.location.nsflp2_v6_0.xml
07-07 14:41:25.607 I/SystemConfig( 952): Reading permissions from
/system/etc/permissions/privapp-permissions-com.sec.spp.push.xml
07-07 14:41:25.607 I/SystemConfig( 952): Reading permissions from
/system/etc/permissions/privapp-permissions-com.sem.factoryapp.xml
07-07 14:41:25.607 I/SystemConfig( 952): Reading permissions from
/system/etc/permissions/privapp-permissions-com.skms.android.agent.xml
07-07 14:41:25.607 I/SystemConfig( 952): Reading permissions from
/system/etc/permissions/privapp-permissions-com.skt.hps20client.xml
07-07 14:41:25.607 I/SystemConfig( 952): Reading permissions from
/system/etc/permissions/privapp-permissions-com.skt.prod.dialer.xml
07-07 14:41:25.607 I/SystemConfig( 952): Reading permissions from
/system/etc/permissions/privapp-permissions-
com.skt.prod.phone.phonemodesetupwizard.xml
07-07 14:41:25.608 I/SystemConfig( 952): Reading permissions from
/system/etc/permissions/privapp-permissions-com.skt.skaf.A000Z00040.xml
07-07 14:41:25.608 I/SystemConfig( 952): Reading permissions from
/system/etc/permissions/privapp-permissions-com.skt.skaf.OA00018282.xml
07-07 14:41:25.608 I/SystemConfig( 952): Reading permissions from
/system/etc/permissions/privapp-permissions-com.skt.skaf.OA00199800.xml
07-07 14:41:25.608 I/SystemConfig( 952): Reading permissions from
/system/etc/permissions/privapp-permissions-com.skt.t_smart_charge.xml
07-07 14:41:25.608 I/SystemConfig( 952): Reading permissions from
/system/etc/permissions/privapp-permissions-com.wsomacp.xml
07-07 14:41:25.608 I/SystemConfig( 952): Reading permissions from
/system/etc/permissions/privapp-permissions-com.wssyncmldm.xml
07-07 14:41:25.609 I/SystemConfig( 952): Reading permissions from
/system/etc/permissions/privapp-permissions-google-product.xml
07-07 14:41:25.610 I/SystemConfig( 952): Reading permissions from
/system/etc/permissions/privapp-permissions-google-system.xml
07-07 14:41:25.610 I/SystemConfig( 952): Reading permissions from
/system/etc/permissions/privapp-permissions-themestore.xml
07-07 14:41:25.610 I/SystemConfig( 952): Reading permissions from
/system/etc/permissions/saiv.xml
07-07 14:41:25.610 I/SystemConfig( 952): Reading permissions from
/system/etc/permissions/samsungkeystoreutils.xml
07-07 14:41:25.611 I/SystemConfig( 952): Reading permissions from
/system/etc/permissions/scamera_sdk_util.xml
07-07 14:41:25.611 I/SystemConfig( 952): Reading permissions from
/system/etc/permissions/scamera_sep.xml
07-07 14:41:25.611 I/SystemConfig( 952): Reading permissions from
/system/etc/permissions/sec_platform_library.xml
07-07 14:41:25.611 I/SystemConfig( 952): Reading permissions from
/system/etc/permissions/secimaging.xml
07-07 14:41:25.611 I/SystemConfig( 952): Reading permissions from
/system/etc/permissions/sem_telephony_common.xml
07-07 14:41:25.611 I/SystemConfig( 952): Reading permissions from
/system/etc/permissions/semextendedformat.xml
07-07 14:41:25.611 I/servicemanager( 414): Adding 'u:r:system_server:s0' service
(file_integrity:952)
07-07 14:41:25.611 I/SystemConfig( 952): Reading permissions from
/system/etc/permissions/semmediatranscoder.xml
07-07 14:41:25.611 D/SystemServerTiming( 952): StartFileIntegrityService took to
complete: 6ms
07-07 14:41:25.611 I/SystemServerTiming( 952): StartInstaller
07-07 14:41:25.611 I/SystemServiceManager( 952): Starting
com.android.server.pm.Installer
07-07 14:41:25.611 I/SystemConfig( 952): Reading permissions from
/system/etc/permissions/semsdrvideoconverter.xml
07-07 14:41:25.611 I/SystemConfig( 952): Reading permissions from
/system/etc/permissions/sfeffect.xml
07-07 14:41:25.612 I/SystemConfig( 952): Reading permissions from
/system/etc/permissions/shealth_sw_pedometer_paused.xml
07-07 14:41:25.612 D/installd( 799): Found quota mount /dev/block/by-name/userdata
at /data
07-07 14:41:25.612 D/installd( 799): Found quota mount /dev/block/by-name/userdata
at /data/user/0
07-07 14:41:25.613 W/SystemConfig( 952): Got exception parsing permissions.
07-07 14:41:25.613 W/SystemConfig( 952): org.xmlpull.v1.XmlPullParserException: No
start tag found
07-07 14:41:25.613 W/SystemConfig( 952): at
com.android.server.SystemConfig.readPermissionsFromXml(SystemConfig.java:829)
07-07 14:41:25.613 W/SystemConfig( 952): at
com.android.server.SystemConfig.readPermissions(SystemConfig.java:707)
07-07 14:41:25.613 W/SystemConfig( 952): at
com.android.server.SystemConfig.readAllPermissions(SystemConfig.java:515)
07-07 14:41:25.613 W/SystemConfig( 952): at
com.android.server.SystemConfig.<init>(SystemConfig.java:502)
07-07 14:41:25.613 W/SystemConfig( 952): at
com.android.server.SystemConfig.getInstance(SystemConfig.java:285)
07-07 14:41:25.613 W/SystemConfig( 952): at com.android.server.SystemServer$
$ExternalSyntheticLambda6.run(Unknown Source:0)
07-07 14:41:25.613 W/SystemConfig( 952): at
com.android.server.SystemServerInitThreadPool.lambda$submitTask$0$SystemServerInitT
hreadPool(SystemServerInitThreadPool.java:105)
07-07 14:41:25.613 W/SystemConfig( 952): at
com.android.server.SystemServerInitThreadPool$$ExternalSyntheticLambda0.run(Unknown
Source:6)
07-07 14:41:25.613 W/SystemConfig( 952): at
java.util.concurrent.Executors$RunnableAdapter.call(Executors.java:462)
07-07 14:41:25.613 W/SystemConfig( 952): at
java.util.concurrent.FutureTask.run(FutureTask.java:266)
07-07 14:41:25.613 W/SystemConfig( 952): at
java.util.concurrent.ThreadPoolExecutor.runWorker(ThreadPoolExecutor.java:1167)
07-07 14:41:25.613 W/SystemConfig( 952): at
java.util.concurrent.ThreadPoolExecutor$Worker.run(ThreadPoolExecutor.java:641)
07-07 14:41:25.613 W/SystemConfig( 952): at
com.android.internal.util.ConcurrentUtils$1$1.run(ConcurrentUtils.java:65)
07-07 14:41:25.613 I/SystemConfig( 952): Reading permissions from
/system/etc/permissions/split-permissions-google.xml
07-07 14:41:25.613 I/SystemConfig( 952): Reading permissions from
/system/etc/permissions/turboapk-permissions.xml
07-07 14:41:25.613 D/SystemServerTiming( 952): StartInstaller took to complete:
2ms
07-07 14:41:25.613 I/SystemServerTiming( 952): DeviceIdentifiersPolicyService
07-07 14:41:25.613 I/SystemServiceManager( 952): Starting
com.android.server.os.DeviceIdentifiersPolicyService
07-07 14:41:25.613 I/SystemConfig( 952): Reading permissions from
/system/etc/permissions/ve_sdk.xml
07-07 14:41:25.613 I/SystemConfig( 952): Reading permissions from
/system/etc/permissions/vsimservice_library.xml
07-07 14:41:25.613 I/SystemConfig( 952): Reading permissions from
/system/etc/permissions/platform.xml
07-07 14:41:25.614 I/servicemanager( 414): Adding 'u:r:system_server:s0' service
(device_identifiers:952)
07-07 14:41:25.614 D/SystemServerTiming( 952): DeviceIdentifiersPolicyService took
to complete: 1ms
07-07 14:41:25.614 I/SystemServerTiming( 952): UriGrantsManagerService
07-07 14:41:25.614 I/SystemServiceManager( 952): Starting
com.android.server.uri.UriGrantsManagerService$Lifecycle
07-07 14:41:25.615 I/servicemanager( 414): Adding 'u:r:system_server:s0' service
(uri_grants:952)
07-07 14:41:25.615 D/SystemServerTiming( 952): UriGrantsManagerService took to
complete: 1ms
07-07 14:41:25.615 I/SystemServerTiming( 952): StartPowerStatsService
07-07 14:41:25.615 I/SystemServiceManager( 952): Starting
com.android.server.powerstats.PowerStatsService
07-07 14:41:25.615 W/SystemConfig( 952): Tag system-user-whitelisted-app is
unknown in /system/etc/permissions/platform.xml at START_TAG (empty) <system-user-
whitelisted-app package='com.tmobile.echolocate'>@384:69 in
java.io.FileReader@2ce524b
07-07 14:41:25.616 E/servicemanager( 414): Could not find
android.hardware.power.stats.IPowerStats/default in the VINTF manifest.
07-07 14:41:25.616 D/hw-ProcessState( 952): Binder ioctl to enable oneway spam
detection failed: Invalid argument
07-07 14:41:25.616 I/SystemConfig( 952): Reading permissions from
/vendor/etc/permissions/android.hardware.bluetooth.xml
07-07 14:41:25.617 I/SystemConfig( 952): Reading permissions from
/vendor/etc/permissions/android.hardware.sensor.gyroscope.xml
07-07 14:41:25.617 I/SystemConfig( 952): Reading permissions from
/vendor/etc/permissions/android.hardware.wifi.direct.xml
07-07 14:41:25.617 I/SystemConfig( 952): Reading permissions from
/vendor/etc/permissions/android.hardware.nfc.hce.xml
07-07 14:41:25.617 I/SystemConfig( 952): Reading permissions from
/vendor/etc/permissions/android.software.verified_boot.xml
07-07 14:41:25.617 I/hwservicemanager( 415): getTransport: Cannot find entry
[email protected]::IPowerStats/default in either framework or device
VINTF manifest.
07-07 14:41:25.617 I/SystemConfig( 952): Reading permissions from
/vendor/etc/permissions/android.software.midi.xml
07-07 14:41:25.617 E/PowerStatsService( 952): Unable to get power.stats HAL
service.
07-07 14:41:25.617 E/PowerStatsService( 952): nativeInit failed to connect to
power.stats HAL
07-07 14:41:25.617 I/SystemConfig( 952): Reading permissions from
/vendor/etc/permissions/android.hardware.opengles.aep.xml
07-07 14:41:25.617 I/SystemConfig( 952): Reading permissions from
/vendor/etc/permissions/android.hardware.usb.accessory.xml
07-07 14:41:25.617 I/SystemConfig( 952): Reading permissions from
/vendor/etc/permissions/android.software.ipsec_tunnels.xml
07-07 14:41:25.618 I/servicemanager( 414): Adding 'u:r:system_server:s0' service
(powerstats:952)
07-07 14:41:25.618 I/SystemConfig( 952): Reading permissions from
/vendor/etc/permissions/android.hardware.sensor.compass.xml
07-07 14:41:25.618 D/SystemServerTiming( 952): StartPowerStatsService took to
complete: 3ms
07-07 14:41:25.618 I/SystemServerTiming( 952): StartIStatsService
07-07 14:41:25.618 I/SystemConfig( 952): Reading permissions from
/vendor/etc/permissions/handheld_core_hardware.xml
07-07 14:41:25.618 I/SystemConfig( 952): Reading permissions from
/vendor/etc/permissions/android.hardware.audio.pro.xml
07-07 14:41:25.618 I/SystemConfig( 952): Reading permissions from
/vendor/etc/permissions/android.hardware.camera.ar.xml
07-07 14:41:25.618 I/SystemConfig( 952): Reading permissions from
/vendor/etc/permissions/android.hardware.camera.autofocus.xml
07-07 14:41:25.618 I/SystemConfig( 952): Reading permissions from
/vendor/etc/permissions/android.hardware.usb.host.xml
07-07 14:41:25.618 I/SystemConfig( 952): Reading permissions from
/vendor/etc/permissions/android.hardware.sensor.stepdetector.xml
07-07 14:41:25.618 I/SystemConfig( 952): Reading permissions from
/vendor/etc/permissions/android.hardware.camera.front.xml
07-07 14:41:25.619 I/SystemConfig( 952): Reading permissions from
/vendor/etc/permissions/android.hardware.bluetooth_le.xml
07-07 14:41:25.619 I/SystemConfig( 952): Reading permissions from
/vendor/etc/permissions/com.nxp.mifare.xml
07-07 14:41:25.619 I/HidlServiceManagement( 952): Registered
[email protected]::IStats/default
07-07 14:41:25.619 I/SystemConfig( 952): Reading permissions from
/vendor/etc/permissions/android.hardware.camera.concurrent.xml
07-07 14:41:25.619 I/SystemConfig( 952): Reading permissions from
/vendor/etc/permissions/android.hardware.camera.full.xml
07-07 14:41:25.619 I/SystemConfig( 952): Reading permissions from
/vendor/etc/permissions/android.hardware.camera.xml
07-07 14:41:25.619 I/SystemConfig( 952): Reading permissions from
/vendor/etc/permissions/android.hardware.camera.raw.xml
07-07 14:41:25.619 I/SystemConfig( 952): Reading permissions from
/vendor/etc/permissions/android.software.vulkan.deqp.level.xml
07-07 14:41:25.619 I/servicemanager( 414): Found
android.frameworks.stats.IStats/default in framework VINTF manifest.
07-07 14:41:25.619 I/servicemanager( 414): Adding 'u:r:system_server:s0' service
(android.frameworks.stats.IStats/default:952)
07-07 14:41:25.619 I/SystemConfig( 952): Reading permissions from
/vendor/etc/permissions/android.hardware.nfc.ese.xml
07-07 14:41:25.619 D/SystemServerTiming( 952): StartIStatsService took to
complete: 2ms
07-07 14:41:25.619 I/SystemServerTiming( 952): MemtrackProxyService
07-07 14:41:25.620 I/SystemConfig( 952): Reading permissions from
/vendor/etc/permissions/android.hardware.nfc.uicc.xml
07-07 14:41:25.620 I/SystemConfig( 952): Reading permissions from
/vendor/etc/permissions/android.hardware.wifi.passpoint.xml
07-07 14:41:25.620 I/SystemConfig( 952): Reading permissions from
/vendor/etc/permissions/android.hardware.telephony.ims.xml
07-07 14:41:25.620 I/SystemConfig( 952): Reading permissions from
/vendor/etc/permissions/android.hardware.nfc.hcef.xml
07-07 14:41:25.620 I/SystemConfig( 952): Reading permissions from
/vendor/etc/permissions/android.hardware.touchscreen.multitouch.jazzhand.xml
07-07 14:41:25.620 I/SystemConfig( 952): Reading permissions from
/vendor/etc/permissions/android.hardware.vulkan.version.xml
07-07 14:41:25.620 I/SystemConfig( 952): Reading permissions from
/vendor/etc/permissions/android.hardware.wifi.aware.xml
07-07 14:41:25.620 I/SystemConfig( 952): Reading permissions from
/vendor/etc/permissions/android.hardware.sensor.accelerometer.xml
07-07 14:41:25.620 I/SystemConfig( 952): Reading permissions from
/vendor/etc/permissions/android.hardware.wifi.xml
07-07 14:41:25.621 I/SystemConfig( 952): Reading permissions from
/vendor/etc/permissions/android.hardware.audio.low_latency.xml
07-07 14:41:25.621 I/SystemConfig( 952): Reading permissions from
/vendor/etc/permissions/android.hardware.telephony.gsm.xml
07-07 14:41:25.621 E/servicemanager( 414): Could not find
android.hardware.memtrack.IMemtrack/default in the VINTF manifest.
07-07 14:41:25.621 I/SystemConfig( 952): Reading permissions from
/vendor/etc/permissions/android.hardware.camera.flash-autofocus.xml
07-07 14:41:25.621 I/Stability( 952): Interface set with vintf stability wire
protocol version 1 downgraded to system stability wire protocol version 1 stability
07-07 14:41:25.621 I/SystemConfig( 952): Reading permissions from
/vendor/etc/permissions/android.hardware.location.gps.xml
07-07 14:41:25.621 I/SystemConfig( 952): Reading permissions from
/vendor/etc/permissions/android.software.opengles.deqp.level.xml
07-07 14:41:25.621 I/SystemConfig( 952): Reading permissions from
/vendor/etc/permissions/android.hardware.vulkan.level.xml
07-07 14:41:25.621 I/servicemanager( 414): Adding 'u:r:system_server:s0' service
(memtrack.proxy:952)
07-07 14:41:25.621 I/SystemConfig( 952): Reading permissions from
/vendor/etc/permissions/android.hardware.nfc.xml
07-07 14:41:25.621 D/SystemServerTiming( 952): MemtrackProxyService took to
complete: 1ms
07-07 14:41:25.621 I/SystemServerTiming( 952): StartActivityManager
07-07 14:41:25.621 I/SystemServiceManager( 952): Starting
com.android.server.wm.ActivityTaskManagerService$Lifecycle
07-07 14:41:25.621 I/SystemConfig( 952): Reading permissions from
/vendor/etc/permissions/android.hardware.sensor.stepcounter.xml
07-07 14:41:25.622 I/SystemConfig( 952): Reading permissions from
/vendor/etc/permissions/android.hardware.vulkan.compute.xml
07-07 14:41:25.622 I/SystemConfig( 952): Reading permissions from
/vendor/etc/permissions/android.hardware.sensor.barometer.xml
07-07 14:41:25.622 I/SystemConfig( 952): Reading permissions from
/vendor/etc/permissions/android.hardware.sensor.light.xml
07-07 14:41:25.622 I/SystemConfig( 952): Reading aerProductName from
/system/etc/aer_product_name.xml
07-07 14:41:25.625 W/SystemConfig( 952): fname = o1stur
07-07 14:41:25.625 W/SystemConfig( 952): ro.product.name = beyondxks
07-07 14:41:25.625 W/SystemConfig( 952): fname = o1sxtur
07-07 14:41:25.625 W/SystemConfig( 952): ro.product.name = beyondxks
07-07 14:41:25.625 W/SystemConfig( 952): fname = o1sxser
07-07 14:41:25.625 W/SystemConfig( 952): ro.product.name = beyondxks
07-07 14:41:25.625 W/SystemConfig( 952): fname = o1sxx
07-07 14:41:25.625 W/SystemConfig( 952): ro.product.name = beyondxks
07-07 14:41:25.625 W/SystemConfig( 952): fname = o1sxxx
07-07 14:41:25.625 W/SystemConfig( 952): ro.product.name = beyondxks
07-07 14:41:25.625 W/SystemConfig( 952): fname = o1sxeea
07-07 14:41:25.625 W/SystemConfig( 952): ro.product.name = beyondxks
07-07 14:41:25.625 W/SystemConfig( 952): fname = o1sksx
07-07 14:41:25.625 W/SystemConfig( 952): ro.product.name = beyondxks
07-07 14:41:25.625 W/SystemConfig( 952): fname = o1sser
07-07 14:41:25.625 W/SystemConfig( 952): ro.product.name = beyondxks
07-07 14:41:25.625 W/SystemConfig( 952): fname = o1qcsx
07-07 14:41:25.625 W/SystemConfig( 952): ro.product.name = beyondxks
07-07 14:41:25.625 W/SystemConfig( 952): fname = o1quew
07-07 14:41:25.625 W/SystemConfig( 952): ro.product.name = beyondxks
07-07 14:41:25.625 W/SystemConfig( 952): fname = o1qzhx
07-07 14:41:25.625 W/SystemConfig( 952): ro.product.name = beyondxks
07-07 14:41:25.625 W/SystemConfig( 952): fname = o1qsqw
07-07 14:41:25.625 W/SystemConfig( 952): ro.product.name = beyondxks
07-07 14:41:25.625 W/SystemConfig( 952): fname = SC-51B
07-07 14:41:25.625 W/SystemConfig( 952): ro.product.name = beyondxks
07-07 14:41:25.625 W/SystemConfig( 952): fname = SCG09_jp_kdi
07-07 14:41:25.625 W/SystemConfig( 952): ro.product.name = beyondxks
07-07 14:41:25.625 W/SystemConfig( 952): fname = t2sksx
07-07 14:41:25.625 W/SystemConfig( 952): ro.product.name = beyondxks
07-07 14:41:25.625 W/SystemConfig( 952): fname = t2sxxx
07-07 14:41:25.625 W/SystemConfig( 952): ro.product.name = beyondxks
07-07 14:41:25.625 W/SystemConfig( 952): fname = t2sxser
07-07 14:41:25.625 W/SystemConfig( 952): ro.product.name = beyondxks
07-07 14:41:25.625 W/SystemConfig( 952): fname = t2sxeea
07-07 14:41:25.625 W/SystemConfig( 952): ro.product.name = beyondxks
07-07 14:41:25.625 W/SystemConfig( 952): fname = t2sxtur
07-07 14:41:25.625 W/SystemConfig( 952): ro.product.name = beyondxks
07-07 14:41:25.625 W/SystemConfig( 952): fname = t2qzhx
07-07 14:41:25.625 W/SystemConfig( 952): ro.product.name = beyondxks
07-07 14:41:25.625 W/SystemConfig( 952): fname = t2qsqw
07-07 14:41:25.625 W/SystemConfig( 952): ro.product.name = beyondxks
07-07 14:41:25.625 W/SystemConfig( 952): fname = t2qcsx
07-07 14:41:25.625 W/SystemConfig( 952): ro.product.name = beyondxks
07-07 14:41:25.625 W/SystemConfig( 952): fname = t2quew
07-07 14:41:25.625 W/SystemConfig( 952): ro.product.name = beyondxks
07-07 14:41:25.625 W/SystemConfig( 952): fname = SCG10_jp_kdi
07-07 14:41:25.625 W/SystemConfig( 952): ro.product.name = beyondxks
07-07 14:41:25.625 W/SystemConfig( 952): fname = p3sksx
07-07 14:41:25.625 W/SystemConfig( 952): ro.product.name = beyondxks
07-07 14:41:25.625 W/SystemConfig( 952): fname = p3sxeea
07-07 14:41:25.625 W/SystemConfig( 952): ro.product.name = beyondxks
07-07 14:41:25.625 W/SystemConfig( 952): fname = p3sxtur
07-07 14:41:25.625 W/SystemConfig( 952): ro.product.name = beyondxks
07-07 14:41:25.625 W/SystemConfig( 952): fname = p3sxser
07-07 14:41:25.625 W/SystemConfig( 952): ro.product.name = beyondxks
07-07 14:41:25.626 W/SystemConfig( 952): fname = p3sxxx
07-07 14:41:25.626 W/SystemConfig( 952): ro.product.name = beyondxks
07-07 14:41:25.626 W/SystemConfig( 952): fname = p3qcsx
07-07 14:41:25.626 W/SystemConfig( 952): ro.product.name = beyondxks
07-07 14:41:25.626 W/SystemConfig( 952): fname = p3qsqw
07-07 14:41:25.626 W/SystemConfig( 952): ro.product.name = beyondxks
07-07 14:41:25.626 W/SystemConfig( 952): fname = p3quew
07-07 14:41:25.626 W/SystemConfig( 952): ro.product.name = beyondxks
07-07 14:41:25.626 W/SystemConfig( 952): fname = p3qzhx
07-07 14:41:25.626 W/SystemConfig( 952): ro.product.name = beyondxks
07-07 14:41:25.626 W/SystemConfig( 952): fname = SC-52B
07-07 14:41:25.626 W/SystemConfig( 952): ro.product.name = beyondxks
07-07 14:41:25.626 W/SystemConfig( 952): fname = q2qsqw
07-07 14:41:25.626 W/SystemConfig( 952): ro.product.name = beyondxks
07-07 14:41:25.626 D/CoreStateController( 952): CoreStateController()
07-07 14:41:25.626 W/SystemConfig( 952): fname = q2qxxx
07-07 14:41:25.626 W/SystemConfig( 952): ro.product.name = beyondxks
07-07 14:41:25.626 W/SystemConfig( 952): fname = q2qcsx
07-07 14:41:25.626 W/SystemConfig( 952): ro.product.name = beyondxks
07-07 14:41:25.626 W/SystemConfig( 952): fname = q2qzhx
07-07 14:41:25.626 W/SystemConfig( 952): ro.product.name = beyondxks
07-07 14:41:25.626 W/SystemConfig( 952): fname = q2qksx
07-07 14:41:25.626 W/SystemConfig( 952): ro.product.name = beyondxks
07-07 14:41:25.626 W/SystemConfig( 952): fname = q2qxtur
07-07 14:41:25.626 W/SystemConfig( 952): ro.product.name = beyondxks
07-07 14:41:25.626 W/SystemConfig( 952): fname = q2qxser
07-07 14:41:25.626 W/SystemConfig( 952): ro.product.name = beyondxks
07-07 14:41:25.626 W/SystemConfig( 952): fname = q2qxeea
07-07 14:41:25.626 W/SystemConfig( 952): ro.product.name = beyondxks
07-07 14:41:25.626 W/SystemConfig( 952): fname = q2quew
07-07 14:41:25.626 W/SystemConfig( 952): ro.product.name = beyondxks
07-07 14:41:25.626 W/SystemConfig( 952): fname = SC-55B
07-07 14:41:25.626 W/SystemConfig( 952): ro.product.name = beyondxks
07-07 14:41:25.626 W/SystemConfig( 952): fname = SCG11_jp_kdi
07-07 14:41:25.626 W/SystemConfig( 952): ro.product.name = beyondxks
07-07 14:41:25.626 W/SystemConfig( 952): fname = b2quew
07-07 14:41:25.626 W/SystemConfig( 952): ro.product.name = beyondxks
07-07 14:41:25.626 W/SystemConfig( 952): fname = b2qxxx
07-07 14:41:25.626 W/SystemConfig( 952): ro.product.name = beyondxks
07-07 14:41:25.626 W/SystemConfig( 952): fname = b2qcsx
07-07 14:41:25.626 W/SystemConfig( 952): ro.product.name = beyondxks
07-07 14:41:25.626 W/SystemConfig( 952): fname = b2qsqw
07-07 14:41:25.626 W/SystemConfig( 952): ro.product.name = beyondxks
07-07 14:41:25.626 W/SystemConfig( 952): fname = b2qzhx
07-07 14:41:25.626 W/SystemConfig( 952): ro.product.name = beyondxks
07-07 14:41:25.626 W/SystemConfig( 952): fname = b2qxser
07-07 14:41:25.626 W/SystemConfig( 952): ro.product.name = beyondxks
07-07 14:41:25.626 W/SystemConfig( 952): fname = b2qxtur
07-07 14:41:25.626 W/SystemConfig( 952): ro.product.name = beyondxks
07-07 14:41:25.626 W/SystemConfig( 952): fname = b2qxeea
07-07 14:41:25.626 W/SystemConfig( 952): ro.product.name = beyondxks
07-07 14:41:25.626 W/SystemConfig( 952): fname = b2qksx
07-07 14:41:25.626 W/SystemConfig( 952): ro.product.name = beyondxks
07-07 14:41:25.626 W/SystemConfig( 952): fname = SC-54B
07-07 14:41:25.626 W/SystemConfig( 952): ro.product.name = beyondxks
07-07 14:41:25.626 W/SystemConfig( 952): fname = SCG12_jp_kdi
07-07 14:41:25.626 W/SystemConfig( 952): ro.product.name = beyondxks
07-07 14:41:25.626 W/SystemConfig( 952): fname = a52qnstur
07-07 14:41:25.626 W/SystemConfig( 952): ro.product.name = beyondxks
07-07 14:41:25.626 W/SystemConfig( 952): fname = a52qnseea
07-07 14:41:25.626 W/SystemConfig( 952): ro.product.name = beyondxks
07-07 14:41:25.626 W/SystemConfig( 952): fname = a52qnsxx
07-07 14:41:25.626 W/SystemConfig( 952): ro.product.name = beyondxks
07-07 14:41:25.627 W/SystemConfig( 952): fname = a52qnsser
07-07 14:41:25.627 W/SystemConfig( 952): ro.product.name = beyondxks
07-07 14:41:25.627 W/SystemConfig( 952): fname = a52qub
07-07 14:41:25.627 W/SystemConfig( 952): ro.product.name = beyondxks
07-07 14:41:25.627 W/SystemConfig( 952): fname = a52xque
07-07 14:41:25.627 W/SystemConfig( 952): ro.product.name = beyondxks
07-07 14:41:25.627 W/SystemConfig( 952): fname = a52xqcs
07-07 14:41:25.627 W/SystemConfig( 952): ro.product.name = beyondxks
07-07 14:41:25.627 W/SystemConfig( 952): fname = a52xqnaeea
07-07 14:41:25.627 W/SystemConfig( 952): ro.product.name = beyondxks
07-07 14:41:25.627 W/SystemConfig( 952): fname = a52xqsq
07-07 14:41:25.627 W/SystemConfig( 952): ro.product.name = beyondxks
07-07 14:41:25.627 W/SystemConfig( 952): fname = a52xqzh
07-07 14:41:25.627 W/SystemConfig( 952): ro.product.name = beyondxks
07-07 14:41:25.627 W/SystemConfig( 952): fname = a52xqks
07-07 14:41:25.627 W/SystemConfig( 952): ro.product.name = beyondxks
07-07 14:41:25.627 W/SystemConfig( 952): fname = a52xqnaxx
07-07 14:41:25.627 W/SystemConfig( 952): ro.product.name = beyondxks
07-07 14:41:25.627 W/SystemConfig( 952): fname = SC-53B
07-07 14:41:25.627 W/SystemConfig( 952): ro.product.name = beyondxks
07-07 14:41:25.627 W/SystemConfig( 952): fname = a52sxqeea
07-07 14:41:25.627 W/SystemConfig( 952): ro.product.name = beyondxks
07-07 14:41:25.627 W/SystemConfig( 952): fname = a52sxqtur
07-07 14:41:25.627 W/SystemConfig( 952): ro.product.name = beyondxks
07-07 14:41:25.627 W/SystemConfig( 952): fname = a52sxqser
07-07 14:41:25.627 W/SystemConfig( 952): ro.product.name = beyondxks
07-07 14:41:25.627 W/SystemConfig( 952): fname = a52sxqzt
07-07 14:41:25.627 W/SystemConfig( 952): ro.product.name = beyondxks
07-07 14:41:25.627 W/SystemConfig( 952): fname = a52sxqxx
07-07 14:41:25.627 W/SystemConfig( 952): ro.product.name = beyondxks
07-07 14:41:25.627 W/SystemConfig( 952): fname = a52sxqks
07-07 14:41:25.627 W/SystemConfig( 952): ro.product.name = beyondxks
07-07 14:41:25.627 W/SystemConfig( 952): fname = r9sxtur
07-07 14:41:25.627 W/SystemConfig( 952): ro.product.name = beyondxks
07-07 14:41:25.627 W/SystemConfig( 952): fname = r9sxxx
07-07 14:41:25.627 W/SystemConfig( 952): ro.product.name = beyondxks
07-07 14:41:25.627 W/SystemConfig( 952): fname = r9qksx
07-07 14:41:25.627 W/SystemConfig( 952): ro.product.name = beyondxks
07-07 14:41:25.627 W/SystemConfig( 952): fname = r9qxeea
07-07 14:41:25.627 W/SystemConfig( 952): ro.product.name = beyondxks
07-07 14:41:25.627 W/SystemConfig( 952): fname = r9qxtur
07-07 14:41:25.627 W/SystemConfig( 952): ro.product.name = beyondxks
07-07 14:41:25.627 W/SystemConfig( 952): fname = r9qxser
07-07 14:41:25.627 W/SystemConfig( 952): ro.product.name = beyondxks
07-07 14:41:25.627 W/SystemConfig( 952): fname = r9qzh
07-07 14:41:25.627 W/SystemConfig( 952): ro.product.name = beyondxks
07-07 14:41:25.627 W/SystemConfig( 952): fname = r9quew
07-07 14:41:25.627 W/SystemConfig( 952): ro.product.name = beyondxks
07-07 14:41:25.627 W/SystemConfig( 952): fname = r9qxxx
07-07 14:41:25.627 W/SystemConfig( 952): ro.product.name = beyondxks
07-07 14:41:25.627 W/SystemConfig( 952): fname = r9qcsx
07-07 14:41:25.627 W/SystemConfig( 952): ro.product.name = beyondxks
07-07 14:41:25.627 W/SystemConfig( 952): fname = r9qsqw
07-07 14:41:25.627 W/SystemConfig( 952): ro.product.name = beyondxks
07-07 14:41:25.627 W/SystemConfig( 952): fname = r9q2xser
07-07 14:41:25.627 W/SystemConfig( 952): ro.product.name = beyondxks
07-07 14:41:25.627 W/SystemConfig( 952): fname = r9q2xxx
07-07 14:41:25.627 W/SystemConfig( 952): ro.product.name = beyondxks
07-07 14:41:25.627 W/SystemConfig( 952): fname = r9q2xeea
07-07 14:41:25.627 W/SystemConfig( 952): ro.product.name = beyondxks
07-07 14:41:25.627 W/SystemConfig( 952): fname = r9q2sqw
07-07 14:41:25.627 W/SystemConfig( 952): ro.product.name = beyondxks
07-07 14:41:25.627 W/SystemConfig( 952): fname = a32ub
07-07 14:41:25.627 W/SystemConfig( 952): ro.product.name = beyondxks
07-07 14:41:25.627 W/SystemConfig( 952): fname = a32ks
07-07 14:41:25.627 W/SystemConfig( 952): ro.product.name = beyondxks
07-07 14:41:25.627 W/SystemConfig( 952): fname = a32eea
07-07 14:41:25.627 W/SystemConfig( 952): ro.product.name = beyondxks
07-07 14:41:25.627 W/SystemConfig( 952): fname = a32tur
07-07 14:41:25.627 W/SystemConfig( 952): ro.product.name = beyondxks
07-07 14:41:25.627 W/SystemConfig( 952): fname = a32ser
07-07 14:41:25.627 W/SystemConfig( 952): ro.product.name = beyondxks
07-07 14:41:25.627 W/SystemConfig( 952): fname = a32xx
07-07 14:41:25.627 W/SystemConfig( 952): ro.product.name = beyondxks
07-07 14:41:25.628 W/SystemConfig( 952): fname = a32xxx
07-07 14:41:25.628 W/SystemConfig( 952): ro.product.name = beyondxks
07-07 14:41:25.628 W/SystemConfig( 952): fname = a32xcs
07-07 14:41:25.628 W/SystemConfig( 952): ro.product.name = beyondxks
07-07 14:41:25.628 W/SystemConfig( 952): fname = a32xeea
07-07 14:41:25.628 W/SystemConfig( 952): ro.product.name = beyondxks
07-07 14:41:25.628 W/SystemConfig( 952): fname = a32xue
07-07 14:41:25.628 W/SystemConfig( 952): ro.product.name = beyondxks
07-07 14:41:25.628 W/SystemConfig( 952): fname = a32xtfn
07-07 14:41:25.628 W/SystemConfig( 952): ro.product.name = beyondxks
07-07 14:41:25.628 W/SystemConfig( 952): fname = a32xzh
07-07 14:41:25.628 W/SystemConfig( 952): ro.product.name = beyondxks
07-07 14:41:25.628 W/SystemConfig( 952): fname = a32xsq
07-07 14:41:25.628 W/SystemConfig( 952): ro.product.name = beyondxks
07-07 14:41:25.628 W/SystemConfig( 952): fname = SCG08_jp_kdi
07-07 14:41:25.628 W/SystemConfig( 952): ro.product.name = beyondxks
07-07 14:41:25.628 W/SystemConfig( 952): fname = xcover5eea
07-07 14:41:25.628 W/SystemConfig( 952): ro.product.name = beyondxks
07-07 14:41:25.628 W/SystemConfig( 952): fname = xcover5ser
07-07 14:41:25.628 W/SystemConfig( 952): ro.product.name = beyondxks
07-07 14:41:25.628 W/SystemConfig( 952): fname = xcover5kx
07-07 14:41:25.628 W/SystemConfig( 952): ro.product.name = beyondxks
07-07 14:41:25.628 W/SystemConfig( 952): fname = xcover5xx
07-07 14:41:25.628 W/SystemConfig( 952): ro.product.name = beyondxks
07-07 14:41:25.628 W/SystemConfig( 952): fname = gts7fewifixx
07-07 14:41:25.628 W/SystemConfig( 952): ro.product.name = beyondxks
07-07 14:41:25.628 W/SystemConfig( 952): fname = gts7fewifitur
07-07 14:41:25.628 W/SystemConfig( 952): ro.product.name = beyondxks
07-07 14:41:25.628 W/SystemConfig( 952): fname = gts7fewifieea
07-07 14:41:25.628 W/SystemConfig( 952): ro.product.name = beyondxks
07-07 14:41:25.628 W/SystemConfig( 952): fname = gts7fewifiser
07-07 14:41:25.628 W/SystemConfig( 952): ro.product.name = beyondxks
07-07 14:41:25.628 W/SystemConfig( 952): fname = gts7xllitexx
07-07 14:41:25.628 W/SystemConfig( 952): ro.product.name = beyondxks
07-07 14:41:25.628 W/SystemConfig( 952): fname = gts7xlliteser
07-07 14:41:25.628 W/SystemConfig( 952): ro.product.name = beyondxks
07-07 14:41:25.628 W/SystemConfig( 952): fname = gts7xllitexeea
07-07 14:41:25.628 W/SystemConfig( 952): ro.product.name = beyondxks
07-07 14:41:25.628 W/SystemConfig( 952): fname = gts7xllitekx
07-07 14:41:25.628 W/SystemConfig( 952): ro.product.name = beyondxks
07-07 14:41:25.628 W/SystemConfig( 952): fname = gts7xllitetur
07-07 14:41:25.628 W/SystemConfig( 952): ro.product.name = beyondxks
07-07 14:41:25.628 W/SystemConfig( 952): fname = gts7xllitekxx
07-07 14:41:25.628 W/SystemConfig( 952): ro.product.name = beyondxks
07-07 14:41:25.628 W/SystemConfig( 952): fname = gts7xllitesqwnc
07-07 14:41:25.628 W/SystemConfig( 952): ro.product.name = beyondxks
07-07 14:41:25.628 W/SystemConfig( 952): fname = gts7xllitexxx
07-07 14:41:25.628 W/SystemConfig( 952): ro.product.name = beyondxks
07-07 14:41:25.628 W/SystemConfig( 952): fname = gts7xllitesqw
07-07 14:41:25.628 W/SystemConfig( 952): ro.product.name = beyondxks
07-07 14:41:25.628 W/SystemConfig( 952): fname = gts7xllitewifieea
07-07 14:41:25.628 W/SystemConfig( 952): ro.product.name = beyondxks
07-07 14:41:25.628 W/SystemConfig( 952): fname = gts7xllitewifixx
07-07 14:41:25.628 W/SystemConfig( 952): ro.product.name = beyondxks
07-07 14:41:25.628 W/SystemConfig( 952): fname = gts7xllitewifitur
07-07 14:41:25.628 W/SystemConfig( 952): ro.product.name = beyondxks
07-07 14:41:25.628 W/SystemConfig( 952): fname = gts7xllitewifiser
07-07 14:41:25.628 W/SystemConfig( 952): ro.product.name = beyondxks
07-07 14:41:25.628 W/SystemConfig( 952): fname = b0sxser
07-07 14:41:25.628 W/SystemConfig( 952): ro.product.name = beyondxks
07-07 14:41:25.628 W/SystemConfig( 952): fname = b0sxtur
07-07 14:41:25.628 W/SystemConfig( 952): ro.product.name = beyondxks
07-07 14:41:25.628 W/SystemConfig( 952): fname = b0sxxx
07-07 14:41:25.628 W/SystemConfig( 952): ro.product.name = beyondxks
07-07 14:41:25.628 W/SystemConfig( 952): fname = b0sxeea
07-07 14:41:25.628 W/SystemConfig( 952): ro.product.name = beyondxks
07-07 14:41:25.628 W/SystemConfig( 952): fname = b0sksx
07-07 14:41:25.628 W/SystemConfig( 952): ro.product.name = beyondxks
07-07 14:41:25.628 W/SystemConfig( 952): fname = b0qksx
07-07 14:41:25.628 W/SystemConfig( 952): ro.product.name = beyondxks
07-07 14:41:25.628 W/SystemConfig( 952): fname = b0quew
07-07 14:41:25.629 W/SystemConfig( 952): ro.product.name = beyondxks
07-07 14:41:25.629 W/SystemConfig( 952): fname = b0qcsx
07-07 14:41:25.629 W/SystemConfig( 952): ro.product.name = beyondxks
07-07 14:41:25.629 W/SystemConfig( 952): fname = b0qxxx
07-07 14:41:25.629 W/SystemConfig( 952): ro.product.name = beyondxks
07-07 14:41:25.629 W/SystemConfig( 952): fname = b0qsqw
07-07 14:41:25.629 W/SystemConfig( 952): ro.product.name = beyondxks
07-07 14:41:25.629 W/SystemConfig( 952): fname = b0qzhx
07-07 14:41:25.629 W/SystemConfig( 952): ro.product.name = beyondxks
07-07 14:41:25.629 W/SystemConfig( 952): fname = b0qxtur
07-07 14:41:25.629 W/SystemConfig( 952): ro.product.name = beyondxks
07-07 14:41:25.629 W/SystemConfig( 952): fname = SC-52C
07-07 14:41:25.629 W/SystemConfig( 952): ro.product.name = beyondxks
07-07 14:41:25.629 W/SystemConfig( 952): fname = SCG14_jp_kdi
07-07 14:41:25.629 W/SystemConfig( 952): ro.product.name = beyondxks
07-07 14:41:25.629 W/SystemConfig( 952): fname = r0sxxx
07-07 14:41:25.629 W/SystemConfig( 952): ro.product.name = beyondxks
07-07 14:41:25.629 W/SystemConfig( 952): fname = r0sxeea
07-07 14:41:25.629 W/SystemConfig( 952): ro.product.name = beyondxks
07-07 14:41:25.629 W/SystemConfig( 952): fname = r0sxtur
07-07 14:41:25.629 W/SystemConfig( 952): ro.product.name = beyondxks
07-07 14:41:25.629 W/SystemConfig( 952): fname = r0sxser
07-07 14:41:25.629 W/SystemConfig( 952): ro.product.name = beyondxks
07-07 14:41:25.629 W/SystemConfig( 952): fname = r0sksx
07-07 14:41:25.629 W/SystemConfig( 952): ro.product.name = beyondxks
07-07 14:41:25.629 W/SystemConfig( 952): fname = r0qksx
07-07 14:41:25.629 W/SystemConfig( 952): ro.product.name = beyondxks
07-07 14:41:25.629 W/SystemConfig( 952): fname = r0qxtur
07-07 14:41:25.629 W/SystemConfig( 952): ro.product.name = beyondxks
07-07 14:41:25.629 W/SystemConfig( 952): fname = r0qcsx
07-07 14:41:25.629 W/SystemConfig( 952): ro.product.name = beyondxks
07-07 14:41:25.629 W/SystemConfig( 952): fname = r0qzhx
07-07 14:41:25.629 W/SystemConfig( 952): ro.product.name = beyondxks
07-07 14:41:25.629 W/SystemConfig( 952): fname = r0quew
07-07 14:41:25.629 W/SystemConfig( 952): ro.product.name = beyondxks
07-07 14:41:25.629 W/SystemConfig( 952): fname = r0qsqw
07-07 14:41:25.629 W/SystemConfig( 952): ro.product.name = beyondxks
07-07 14:41:25.629 W/SystemConfig( 952): fname = r0qxxx
07-07 14:41:25.629 W/SystemConfig( 952): ro.product.name = beyondxks
07-07 14:41:25.629 W/SystemConfig( 952): fname = SC-51C
07-07 14:41:25.629 W/SystemConfig( 952): ro.product.name = beyondxks
07-07 14:41:25.629 W/SystemConfig( 952): fname = SCG13_jp_kdi
07-07 14:41:25.629 W/SystemConfig( 952): ro.product.name = beyondxks
07-07 14:41:25.629 W/SystemConfig( 952): fname = g0sxxx
07-07 14:41:25.629 W/SystemConfig( 952): ro.product.name = beyondxks
07-07 14:41:25.629 W/SystemConfig( 952): fname = g0sxtur
07-07 14:41:25.629 W/SystemConfig( 952): ro.product.name = beyondxks
07-07 14:41:25.629 W/SystemConfig( 952): fname = g0sxeea
07-07 14:41:25.629 W/SystemConfig( 952): ro.product.name = beyondxks
07-07 14:41:25.629 W/SystemConfig( 952): fname = g0sxser
07-07 14:41:25.629 W/SystemConfig( 952): ro.product.name = beyondxks
07-07 14:41:25.629 W/SystemConfig( 952): fname = g0sksx
07-07 14:41:25.629 W/SystemConfig( 952): ro.product.name = beyondxks
07-07 14:41:25.629 W/SystemConfig( 952): fname = g0qksx
07-07 14:41:25.629 W/SystemConfig( 952): ro.product.name = beyondxks
07-07 14:41:25.629 W/SystemConfig( 952): fname = g0quew
07-07 14:41:25.629 W/SystemConfig( 952): ro.product.name = beyondxks
07-07 14:41:25.629 W/SystemConfig( 952): fname = g0qxtur
07-07 14:41:25.629 W/SystemConfig( 952): ro.product.name = beyondxks
07-07 14:41:25.629 W/SystemConfig( 952): fname = g0qcsx
07-07 14:41:25.629 W/SystemConfig( 952): ro.product.name = beyondxks
07-07 14:41:25.629 W/SystemConfig( 952): fname = g0qxxx
07-07 14:41:25.629 W/SystemConfig( 952): ro.product.name = beyondxks
07-07 14:41:25.629 W/SystemConfig( 952): fname = g0qsqw
07-07 14:41:25.629 W/SystemConfig( 952): ro.product.name = beyondxks
07-07 14:41:25.629 W/SystemConfig( 952): fname = g0qzhx
07-07 14:41:25.629 W/SystemConfig( 952): ro.product.name = beyondxks
07-07 14:41:25.629 W/SystemConfig( 952): fname = gts8kxx
07-07 14:41:25.629 W/SystemConfig( 952): ro.product.name = beyondxks
07-07 14:41:25.629 W/SystemConfig( 952): fname = gts8keea
07-07 14:41:25.629 W/SystemConfig( 952): ro.product.name = beyondxks
07-07 14:41:25.629 W/SystemConfig( 952): fname = gts8xser
07-07 14:41:25.629 W/SystemConfig( 952): ro.product.name = beyondxks
07-07 14:41:25.629 W/SystemConfig( 952): fname = gts8xeea
07-07 14:41:25.629 W/SystemConfig( 952): ro.product.name = beyondxks
07-07 14:41:25.629 W/SystemConfig( 952): fname = gts8xxx
07-07 14:41:25.629 W/SystemConfig( 952): ro.product.name = beyondxks
07-07 14:41:25.629 W/SystemConfig( 952): fname = gts8sq
07-07 14:41:25.629 W/SystemConfig( 952): ro.product.name = beyondxks
07-07 14:41:25.629 W/SystemConfig( 952): fname = gts8wifiser
07-07 14:41:25.629 W/SystemConfig( 952): ro.product.name = beyondxks
07-07 14:41:25.629 W/SystemConfig( 952): fname = gts8wifitur
07-07 14:41:25.629 W/SystemConfig( 952): ro.product.name = beyondxks
07-07 14:41:25.629 W/SystemConfig( 952): fname = gts8wifixx
07-07 14:41:25.629 W/SystemConfig( 952): ro.product.name = beyondxks
07-07 14:41:25.629 W/SystemConfig( 952): fname = gts8wifieea
07-07 14:41:25.629 W/SystemConfig( 952): ro.product.name = beyondxks
07-07 14:41:25.629 W/SystemConfig( 952): fname = gts8pkxx
07-07 14:41:25.629 W/SystemConfig( 952): ro.product.name = beyondxks
07-07 14:41:25.629 W/SystemConfig( 952): fname = gts8psqw
07-07 14:41:25.629 W/SystemConfig( 952): ro.product.name = beyondxks
07-07 14:41:25.629 W/SystemConfig( 952): fname = gts8psqw
07-07 14:41:25.629 W/SystemConfig( 952): ro.product.name = beyondxks
07-07 14:41:25.629 W/SystemConfig( 952): fname = gts8pxser
07-07 14:41:25.629 W/SystemConfig( 952): ro.product.name = beyondxks
07-07 14:41:25.629 W/SystemConfig( 952): fname = gts8peea
07-07 14:41:25.629 W/SystemConfig( 952): ro.product.name = beyondxks
07-07 14:41:25.629 W/SystemConfig( 952): fname = gts8pxx
07-07 14:41:25.629 W/SystemConfig( 952): ro.product.name = beyondxks
07-07 14:41:25.629 W/SystemConfig( 952): fname = gts8pxeea
07-07 14:41:25.629 I/servicemanager( 414): Adding 'u:r:system_server:s0' service
(activity_task:952)
07-07 14:41:25.629 W/SystemConfig( 952): ro.product.name = beyondxks
07-07 14:41:25.629 W/SystemConfig( 952): fname = gts8pxxx
07-07 14:41:25.629 W/SystemConfig( 952): ro.product.name = beyondxks
07-07 14:41:25.629 W/SystemConfig( 952): fname = gts8psqwnc
07-07 14:41:25.629 W/SystemConfig( 952): ro.product.name = beyondxks
07-07 14:41:25.629 W/SystemConfig( 952): fname = gts8pwifitur
07-07 14:41:25.629 W/SystemConfig( 952): ro.product.name = beyondxks
07-07 14:41:25.629 W/SystemConfig( 952): fname = gts8pwifiser
07-07 14:41:25.630 W/SystemConfig( 952): ro.product.name = beyondxks
07-07 14:41:25.630 W/SystemConfig( 952): fname = gts8pwifixx
07-07 14:41:25.630 W/SystemConfig( 952): ro.product.name = beyondxks
07-07 14:41:25.630 W/SystemConfig( 952): fname = gts8pwifieea
07-07 14:41:25.630 I/SystemServiceManager( 952): Starting
com.android.server.am.ActivityManagerService$Lifecycle
07-07 14:41:25.630 W/SystemConfig( 952): ro.product.name = beyondxks
07-07 14:41:25.630 W/SystemConfig( 952): fname = gts8pwifijpn
07-07 14:41:25.630 W/SystemConfig( 952): ro.product.name = beyondxks
07-07 14:41:25.630 W/SystemConfig( 952): fname = gts8ukxx
07-07 14:41:25.630 W/SystemConfig( 952): ro.product.name = beyondxks
07-07 14:41:25.630 W/SystemConfig( 952): fname = gts8uxser
07-07 14:41:25.630 W/SystemConfig( 952): ro.product.name = beyondxks
07-07 14:41:25.630 W/SystemConfig( 952): fname = gts8uxeea
07-07 14:41:25.630 W/SystemConfig( 952): ro.product.name = beyondxks
07-07 14:41:25.630 W/SystemConfig( 952): fname = gts8uxxx
07-07 14:41:25.630 W/SystemConfig( 952): ro.product.name = beyondxks
07-07 14:41:25.630 W/SystemConfig( 952): fname = gts8uwifiser
07-07 14:41:25.630 W/SystemConfig( 952): ro.product.name = beyondxks
07-07 14:41:25.630 W/SystemConfig( 952): fname = gts8uwifitur
07-07 14:41:25.630 W/SystemConfig( 952): ro.product.name = beyondxks
07-07 14:41:25.630 W/SystemConfig( 952): fname = gts8uwifieea
07-07 14:41:25.630 W/SystemConfig( 952): ro.product.name = beyondxks
07-07 14:41:25.630 W/SystemConfig( 952): fname = gts8uwifixx
07-07 14:41:25.630 W/SystemConfig( 952): ro.product.name = beyondxks
07-07 14:41:25.630 W/SystemConfig( 952): fname = a33xnndxx
07-07 14:41:25.630 W/SystemConfig( 952): ro.product.name = beyondxks
07-07 14:41:25.630 W/SystemConfig( 952): fname = a33xnsdtur
07-07 14:41:25.630 W/SystemConfig( 952): ro.product.name = beyondxks
07-07 14:41:25.630 W/SystemConfig( 952): fname = a33xnsdxx
07-07 14:41:25.630 W/SystemConfig( 952): ro.product.name = beyondxks
07-07 14:41:25.630 W/SystemConfig( 952): fname = a33xnndx
07-07 14:41:25.630 W/SystemConfig( 952): ro.product.name = beyondxks
07-07 14:41:25.630 W/SystemConfig( 952): fname = a33xnsdx
07-07 14:41:25.630 W/SystemConfig( 952): ro.product.name = beyondxks
07-07 14:41:25.630 W/SystemConfig( 952): fname = a33xub
07-07 14:41:25.630 W/SystemConfig( 952): ro.product.name = beyondxks
