0% found this document useful (0 votes)
114 views

com.tapatap.loader_logcat

Loader making

Uploaded by

Sai Teja
Copyright
© © All Rights Reserved
Available Formats
Download as TXT, PDF, TXT or read online on Scribd
0% found this document useful (0 votes)
114 views

com.tapatap.loader_logcat

Loader making

Uploaded by

Sai Teja
Copyright
© © All Rights Reserved
Available Formats
Download as TXT, PDF, TXT or read online on Scribd
You are on page 1/ 22

--------- beginning of main

12-03 18:02:18.947 24744 24744 W .tapatap.loader: type=1400 audit(0.0:955574): avc:


denied { read } for name="u:object_r:vendor_displayfeature_prop:s0" dev="tmpfs"
ino=9042 scontext=u:r:untrusted_app_29:s0:c32,c258,c512,c768
tcontext=u:object_r:vendor_displayfeature_prop:s0 tclass=file permissive=0
app=com.tapatap.loader
12-03 18:02:18.919 24744 24767 I PowerHalWrapper: PowerHalWrapper.getInstance
12-03 18:02:18.923 24744 24771 D libMEOW : meow new tls: 0x78702cb040
12-03 18:02:18.923 24744 24771 D libMEOW : meow reload base cfg path: na
12-03 18:02:18.923 24744 24771 D libMEOW : meow reload overlay cfg path: na
12-03 18:02:18.923 24744 24771 W QT : qt_process_init() called
12-03 18:02:18.923 24744 24771 E QT : [QT]file does not exist
12-03 18:02:18.923 24744 24771 W QT : Support!!
12-03 18:02:18.924 24744 24771 E QT : [QT]file does not exist
12-03 18:02:18.924 24744 24771 D libMEOW : applied 1 plugins for
[com.tapatap.loader]:
12-03 18:02:18.924 24744 24771 D libMEOW : plugin 1: [libMEOW_gift.so]:
12-03 18:02:18.924 24744 24771 D libMEOW : meow delete tls: 0x78702cb040
12-03 18:02:18.932 24744 24744 D nativeloader: Load
/data/app/~~3hjVyVfNDL0NSifojwKRgA==/com.tapatap.loader-7WSTsARq_xWKfA17io0gzw==/
lib/arm64/libTapatap-Loader.so using ns clns-4 from class loader (caller=base.apk):
ok
12-03 18:02:18.938 24744 24744 D AppCompatDelegate: Checking for metadata for
AppLocalesMetadataHolderService : Service not found
12-03 18:02:18.949 24744 24744 W libc : Access denied finding property
"ro.vendor.df.effect.conflict"
12-03 18:02:18.956 24744 24744 D IS_CTS_MODE: false
12-03 18:02:18.956 24744 24744 D MULTI_WINDOW_ENABLED: false
12-03 18:02:18.958 24744 24744 D DecorView[]: getWindowModeFromSystem windowmode
is 1
12-03 18:02:19.008 24744 24744 D CompatibilityChangeReporter: Compat change id
reported: 210923482; UID 10544; state: DISABLED
12-03 18:02:19.008 24744 24744 D CompatibilityChangeReporter: Compat change id
reported: 37756858; UID 10544; state: ENABLED
12-03 18:02:19.035 24744 24744 D IS_CTS_MODE: false
12-03 18:02:19.035 24744 24744 D MULTI_WINDOW_ENABLED: false
12-03 18:02:19.039 24744 24744 D CompatibilityChangeReporter: Compat change id
reported: 171228096; UID 10544; state: ENABLED
12-03 18:02:19.041 24744 24744 D ScrollerOptimizationManager:
registerConfigChangedListener
12-03 18:02:19.042 24744 24744 D ScrollerOptimizationManager:
registerConfigChangedListener
12-03 18:02:19.047 24744 24744 I SurfaceFactory: [static] sSurfaceFactory =
com.mediatek.view.impl.SurfaceFactoryImpl@108727
12-03 18:02:19.050 24744 24769 W libc : Access denied finding property
"ro.vendor.display.iris_x7.support"
12-03 18:02:19.052 24744 24744 D VRI[LoginActivity]: hardware acceleration = true,
forceHwAccelerated = false
12-03 18:02:19.060 24744 24744 D libMEOW : meow new tls: 0x77f61b6740
12-03 18:02:19.060 24744 24744 D libMEOW : applied 1 plugins for
[com.tapatap.loader]:
12-03 18:02:19.060 24744 24744 D libMEOW : plugin 1: [libMEOW_gift.so]:
12-03 18:02:19.069 24744 24773 D TrafficStats: tagSocket(88) with
statsTag=0xffffffff, statsUid=-1
12-03 18:02:19.072 24744 24769 W libc : Access denied finding property
"ro.vendor.display.iris_x7.support"
12-03 18:02:19.072 24744 24744 D VRI[LoginActivity]: hardware acceleration = true,
forceHwAccelerated = false
--------- beginning of system
12-03 18:02:19.077 24744 24744 D FramePredict: FramePredict init: false
12-03 18:02:19.086 24744 24744 D BufferQueueConsumer: [](id:60a800000000,api:0,p:-
1,c:24744) connect: controlledByApp=false
12-03 18:02:19.089 24744 24769 D libMEOW : meow new tls: 0x77f61f1840
12-03 18:02:19.090 24744 24769 D libMEOW : applied 1 plugins for
[com.tapatap.loader]:
12-03 18:02:19.090 24744 24769 D libMEOW : plugin 1: [libMEOW_gift.so]:
12-03 18:02:19.090 24744 24744 D VRI[LoginActivity]: vri.reportNextDraw
android.view.ViewRootImpl.performTraversals:3953
android.view.ViewRootImpl.doTraversal:2674
android.view.ViewRootImpl$TraversalRunnable.run:9867
android.view.Choreographer$CallbackRecord.run:1431
android.view.Choreographer$CallbackRecord.run:1439
12-03 18:02:19.090 24744 24744 D VRI[LoginActivity]: vri.Setup new sync id=0
syncSeqId=0
12-03 18:02:19.100 24744 24769 W libc : Access denied finding property
"vendor.migl.debug"
12-03 18:02:19.100 24744 24769 E libMiGL : libmigl:This GPU version is note support
Variable Shading Rate
12-03 18:02:19.102 24744 24769 E libEGL : pre_cache appList:
com.android.calendar,com.android.contacts,com.android.fileexplorer,com.android.mms,
com.android.settings,com.android.thememanager,com.miui.gallery,com.miui.notes,com.m
iui.player,com.miui.securitycenter,com.miui.video,com.miui.weather2
12-03 18:02:19.107 24744 24744 W libc : Access denied finding property
"ro.vendor.display.iris_x7.support"
12-03 18:02:19.108 24744 24769 D .tapatap.loader: MiuiProcessManagerServiceStub
setSchedFifo
12-03 18:02:19.108 24744 24769 I MiuiProcessManagerImpl: setSchedFifo pid:24744,
mode:3
12-03 18:02:19.108 24744 24769 W libc : Access denied finding property
"ro.vendor.magt.mtk_magt_support"
12-03 18:02:19.109 24744 24769 D hw-ProcessState: Binder ioctl to enable oneway
spam detection failed: Invalid argument
12-03 18:02:19.113 24744 24769 W libc : Access denied finding property
"ro.vendor.display.iris_x7.support"
12-03 18:02:19.123 24744 24769 E .tapatap.loader: FI open fail: No such file or
directory
12-03 18:02:19.123 24744 24769 W libc : Access denied finding property
"ro.vendor.display.iris_x7.support"
12-03 18:02:19.123 24744 24769 E gralloc4: Empty SMPTE 2094-40 data
12-03 18:02:19.123 24744 24769 W libc : Access denied finding property
"ro.vendor.display.iris_x7.support"
12-03 18:02:19.123 24744 24769 D BLASTBufferQueue: [VRI[LoginActivity]#0](f:0,a:1)
acquireNextBufferLocked size=1200x496 mFrameNumber=1 applyTransaction=true
mTimestamp=344448506872684(auto) mPendingTransactions.size=0
graphicBufferId=106274670772224 transform=0
12-03 18:02:19.125 24744 24769 W Parcel : Expecting binder but got null!
12-03 18:02:19.133 24744 24744 D BufferQueueConsumer: [](id:60a800000001,api:0,p:-
1,c:24744) connect: controlledByApp=false
12-03 18:02:19.137 24744 24744 D VRI[LoginActivity]: vri.reportNextDraw
android.view.ViewRootImpl.performTraversals:3953
android.view.ViewRootImpl.doTraversal:2674
android.view.ViewRootImpl$TraversalRunnable.run:9867
android.view.Choreographer$CallbackRecord.run:1431
android.view.Choreographer$CallbackRecord.run:1439
12-03 18:02:19.137 24744 24744 D VRI[LoginActivity]: vri.Setup new sync id=0
syncSeqId=0
12-03 18:02:19.138 24744 24769 E gralloc4: Empty SMPTE 2094-40 data
12-03 18:02:19.155 24744 24769 E gralloc4: Empty SMPTE 2094-40 data
12-03 18:02:19.155 24744 24769 D BLASTBufferQueue: [VRI[LoginActivity]#1](f:0,a:1)
acquireNextBufferLocked size=1080x2400 mFrameNumber=1 applyTransaction=true
mTimestamp=344448539070915(auto) mPendingTransactions.size=0
graphicBufferId=106274670772228 transform=0
12-03 18:02:19.156 24744 24769 W Parcel : Expecting binder but got null!
12-03 18:02:19.156 24744 24744 D VRI[LoginActivity]: vri.reportDrawFinished
syncSeqId=0 android.view.ViewRootImpl.lambda$createSyncIfNeeded$4$android-view-
ViewRootImpl:4021 android.view.ViewRootImpl$$ExternalSyntheticLambda1.run:6
android.os.Handler.handleCallback:942 android.os.Handler.dispatchMessage:99
android.os.Looper.loopOnce:211
12-03 18:02:19.157 24744 24744 D VRI[LoginActivity]: vri.reportDrawFinished
syncSeqId=0 android.view.ViewRootImpl.lambda$createSyncIfNeeded$4$android-view-
ViewRootImpl:4021 android.view.ViewRootImpl$$ExternalSyntheticLambda1.run:6
android.os.Handler.handleCallback:942 android.os.Handler.dispatchMessage:99
android.os.Looper.loopOnce:211
12-03 18:02:19.159 24744 24769 E gralloc4: Empty SMPTE 2094-40 data
12-03 18:02:19.164 24744 24769 E gralloc4: Empty SMPTE 2094-40 data
12-03 18:02:19.172 24744 24769 E gralloc4: Empty SMPTE 2094-40 data
12-03 18:02:19.179 24744 24769 E gralloc4: Empty SMPTE 2094-40 data
12-03 18:02:19.187 24744 24744 D DecorView[]: onWindowFocusChanged hasWindowFocus
true
12-03 18:02:19.187 24744 24769 E gralloc4: Empty SMPTE 2094-40 data
12-03 18:02:19.196 24744 24769 E gralloc4: Empty SMPTE 2094-40 data
12-03 18:02:19.203 24744 24769 E gralloc4: Empty SMPTE 2094-40 data
12-03 18:02:19.212 24744 24769 E gralloc4: Empty SMPTE 2094-40 data
12-03 18:02:19.220 24744 24769 E gralloc4: Empty SMPTE 2094-40 data
12-03 18:02:19.229 24744 24769 E gralloc4: Empty SMPTE 2094-40 data
12-03 18:02:19.237 24744 24769 E gralloc4: Empty SMPTE 2094-40 data
12-03 18:02:19.245 24744 24769 E gralloc4: Empty SMPTE 2094-40 data
12-03 18:02:19.254 24744 24769 E gralloc4: Empty SMPTE 2094-40 data
12-03 18:02:19.262 24744 24769 E gralloc4: Empty SMPTE 2094-40 data
12-03 18:02:19.267 24744 24773 W System.err: javax.net.ssl.SSLHandshakeException:
java.security.cert.CertPathValidatorException: Trust anchor for certification path
not found.
12-03 18:02:19.267 24744 24773 W System.err: at
com.android.org.conscrypt.SSLUtils.toSSLHandshakeException(SSLUtils.java:358)
12-03 18:02:19.267 24744 24773 W System.err: at
com.android.org.conscrypt.ConscryptEngine.convertException(ConscryptEngine.java:113
1)
12-03 18:02:19.267 24744 24773 W System.err: at
com.android.org.conscrypt.ConscryptEngine.readPlaintextData(ConscryptEngine.java:10
86)
12-03 18:02:19.267 24744 24773 W System.err: at
com.android.org.conscrypt.ConscryptEngine.unwrap(ConscryptEngine.java:873)
12-03 18:02:19.267 24744 24773 W System.err: at
com.android.org.conscrypt.ConscryptEngine.unwrap(ConscryptEngine.java:744)
12-03 18:02:19.267 24744 24773 W System.err: at
com.android.org.conscrypt.ConscryptEngine.unwrap(ConscryptEngine.java:709)
12-03 18:02:19.267 24744 24773 W System.err: at
com.android.org.conscrypt.ConscryptEngineSocket$SSLInputStream.processDataFromSocke
t(ConscryptEngineSocket.java:898)
12-03 18:02:19.267 24744 24773 W System.err: at
com.android.org.conscrypt.ConscryptEngineSocket$SSLInputStream.-$
$Nest$mprocessDataFromSocket(Unknown Source:0)
12-03 18:02:19.267 24744 24773 W System.err: at
com.android.org.conscrypt.ConscryptEngineSocket.doHandshake(ConscryptEngineSocket.j
ava:238)
12-03 18:02:19.267 24744 24773 W System.err: at
com.android.org.conscrypt.ConscryptEngineSocket.startHandshake(ConscryptEngineSocke
t.java:220)
12-03 18:02:19.267 24744 24773 W System.err: at
com.android.okhttp.internal.io.RealConnection.connectTls(RealConnection.java:196)
12-03 18:02:19.267 24744 24773 W System.err: at
com.android.okhttp.internal.io.RealConnection.connectSocket(RealConnection.java:153
)
12-03 18:02:19.267 24744 24773 W System.err: at
com.android.okhttp.internal.io.RealConnection.connect(RealConnection.java:116)
12-03 18:02:19.267 24744 24773 W System.err: at
com.android.okhttp.internal.http.StreamAllocation.findConnection(StreamAllocation.j
ava:186)
12-03 18:02:19.267 24744 24773 W System.err: at
com.android.okhttp.internal.http.StreamAllocation.findHealthyConnection(StreamAlloc
ation.java:128)
12-03 18:02:19.267 24744 24773 W System.err: at
com.android.okhttp.internal.http.StreamAllocation.newStream(StreamAllocation.java:9
7)
12-03 18:02:19.267 24744 24773 W System.err: at
com.android.okhttp.internal.http.HttpEngine.connect(HttpEngine.java:289)
12-03 18:02:19.267 24744 24773 W System.err: at
com.android.okhttp.internal.http.HttpEngine.sendRequest(HttpEngine.java:232)
12-03 18:02:19.267 24744 24773 W System.err: at
com.android.okhttp.internal.huc.HttpURLConnectionImpl.execute(HttpURLConnectionImpl
.java:465)
12-03 18:02:19.267 24744 24773 W System.err: at
com.android.okhttp.internal.huc.HttpURLConnectionImpl.getResponse(HttpURLConnection
Impl.java:411)
12-03 18:02:19.267 24744 24773 W System.err: at
com.android.okhttp.internal.huc.HttpURLConnectionImpl.getResponseCode(HttpURLConnec
tionImpl.java:542)
12-03 18:02:19.267 24744 24773 W System.err: at
com.android.okhttp.internal.huc.DelegatingHttpsURLConnection.getResponseCode(Delega
tingHttpsURLConnection.java:106)
12-03 18:02:19.267 24744 24773 W System.err: at
com.android.okhttp.internal.huc.HttpsURLConnectionImpl.getResponseCode(HttpsURLConn
ectionImpl.java:30)
12-03 18:02:19.267 24744 24773 W System.err: at
android.loader.app.Download.doInBackground(Unknown Source:75)
12-03 18:02:19.267 24744 24773 W System.err: at
android.loader.app.Download.doInBackground(Unknown Source:40)
12-03 18:02:19.267 24744 24773 W System.err: at
android.os.AsyncTask$3.call(AsyncTask.java:394)
12-03 18:02:19.267 24744 24773 W System.err: at
java.util.concurrent.FutureTask.run(FutureTask.java:264)
12-03 18:02:19.267 24744 24773 W System.err: at
android.os.AsyncTask$SerialExecutor$1.run(AsyncTask.java:305)
12-03 18:02:19.267 24744 24773 W System.err: at
java.util.concurrent.ThreadPoolExecutor.runWorker(ThreadPoolExecutor.java:1145)
12-03 18:02:19.267 24744 24773 W System.err: at
java.util.concurrent.ThreadPoolExecutor$Worker.run(ThreadPoolExecutor.java:644)
12-03 18:02:19.267 24744 24773 W System.err: at
java.lang.Thread.run(Thread.java:1012)
12-03 18:02:19.267 24744 24773 W System.err: Caused by:
java.security.cert.CertificateException:
java.security.cert.CertPathValidatorException: Trust anchor for certification path
not found.
12-03 18:02:19.267 24744 24773 W System.err: at
com.android.org.conscrypt.TrustManagerImpl.verifyChain(TrustManagerImpl.java:674)
12-03 18:02:19.267 24744 24773 W System.err: at
com.android.org.conscrypt.TrustManagerImpl.checkTrustedRecursive(TrustManagerImpl.j
ava:551)
12-03 18:02:19.267 24744 24773 W System.err: at
com.android.org.conscrypt.TrustManagerImpl.checkTrustedRecursive(TrustManagerImpl.j
ava:617)
12-03 18:02:19.267 24744 24773 W System.err: at
com.android.org.conscrypt.TrustManagerImpl.checkTrusted(TrustManagerImpl.java:507)
12-03 18:02:19.267 24744 24773 W System.err: at
com.android.org.conscrypt.TrustManagerImpl.checkTrusted(TrustManagerImpl.java:427)
12-03 18:02:19.267 24744 24773 W System.err: at
com.android.org.conscrypt.TrustManagerImpl.getTrustedChainForServer(TrustManagerImp
l.java:355)
12-03 18:02:19.267 24744 24773 W System.err: at
android.security.net.config.NetworkSecurityTrustManager.checkServerTrusted(NetworkS
ecurityTrustManager.java:94)
12-03 18:02:19.267 24744 24773 W System.err: at
android.security.net.config.RootTrustManager.checkServerTrusted(RootTrustManager.ja
va:90)
12-03 18:02:19.267 24744 24773 W System.err: at
com.android.org.conscrypt.ConscryptEngineSocket$2.checkServerTrusted(ConscryptEngin
eSocket.java:165)
12-03 18:02:19.267 24744 24773 W System.err: at
com.android.org.conscrypt.Platform.checkServerTrusted(Platform.java:269)
12-03 18:02:19.267 24744 24773 W System.err: at
com.android.org.conscrypt.ConscryptEngine.verifyCertificateChain(ConscryptEngine.ja
va:1635)
12-03 18:02:19.267 24744 24773 W System.err: at
com.android.org.conscrypt.NativeCrypto.ENGINE_SSL_read_direct(Native Method)
12-03 18:02:19.267 24744 24773 W System.err: at
com.android.org.conscrypt.NativeSsl.readDirectByteBuffer(NativeSsl.java:572)
12-03 18:02:19.267 24744 24773 W System.err: at
com.android.org.conscrypt.ConscryptEngine.readPlaintextDataDirect(ConscryptEngine.j
ava:1092)
12-03 18:02:19.267 24744 24773 W System.err: at
com.android.org.conscrypt.ConscryptEngine.readPlaintextData(ConscryptEngine.java:10
76)
12-03 18:02:19.267 24744 24773 W System.err: ... 28 more
12-03 18:02:19.267 24744 24773 W System.err: Caused by:
java.security.cert.CertPathValidatorException: Trust anchor for certification path
not found.
12-03 18:02:19.267 24744 24773 W System.err: ... 43 more
12-03 18:02:19.268 24744 24744 W System.err: java.lang.NullPointerException:
Attempt to invoke virtual method 'int java.lang.String.length()' on a null object
reference
12-03 18:02:19.268 24744 24744 W System.err: at
org.json.JSONTokener.nextCleanInternal(JSONTokener.java:121)
12-03 18:02:19.268 24744 24744 W System.err: at
org.json.JSONTokener.nextValue(JSONTokener.java:98)
12-03 18:02:19.268 24744 24744 W System.err: at
org.json.JSONObject.<init>(JSONObject.java:168)
12-03 18:02:19.268 24744 24744 W System.err: at
org.json.JSONObject.<init>(JSONObject.java:185)
12-03 18:02:19.268 24744 24744 W System.err: at
android.loader.app.Download.onPostExecute(Unknown Source:8)
12-03 18:02:19.268 24744 24744 W System.err: at
android.loader.app.Download.onPostExecute(Unknown Source:41)
12-03 18:02:19.268 24744 24744 W System.err: at
android.os.AsyncTask.finish(AsyncTask.java:771)
12-03 18:02:19.268 24744 24744 W System.err: at android.os.AsyncTask.-$
$Nest$mfinish(Unknown Source:0)
12-03 18:02:19.268 24744 24744 W System.err: at
android.os.AsyncTask$InternalHandler.handleMessage(AsyncTask.java:788)
12-03 18:02:19.268 24744 24744 W System.err: at
android.os.Handler.dispatchMessage(Handler.java:106)
12-03 18:02:19.268 24744 24744 W System.err: at
android.os.Looper.loopOnce(Looper.java:211)
12-03 18:02:19.268 24744 24744 W System.err: at
android.os.Looper.loop(Looper.java:300)
12-03 18:02:19.268 24744 24744 W System.err: at
android.app.ActivityThread.main(ActivityThread.java:8348)
12-03 18:02:19.268 24744 24744 W System.err: at
java.lang.reflect.Method.invoke(Native Method)
12-03 18:02:19.268 24744 24744 W System.err: at
com.android.internal.os.RuntimeInit$MethodAndArgsCaller.run(RuntimeInit.java:582)
12-03 18:02:19.268 24744 24744 W System.err: at
com.android.internal.os.ZygoteInit.main(ZygoteInit.java:1028)
12-03 18:02:19.270 24744 24769 E gralloc4: Empty SMPTE 2094-40 data
12-03 18:02:19.278 24744 24769 E gralloc4: Empty SMPTE 2094-40 data
12-03 18:02:19.287 24744 24769 E gralloc4: Empty SMPTE 2094-40 data
12-03 18:02:19.295 24744 24769 E gralloc4: Empty SMPTE 2094-40 data
12-03 18:02:19.305 24744 24769 E gralloc4: Empty SMPTE 2094-40 data
12-03 18:02:19.314 24744 24769 E gralloc4: Empty SMPTE 2094-40 data
12-03 18:02:19.323 24744 24769 E gralloc4: Empty SMPTE 2094-40 data
12-03 18:02:19.329 24744 24769 E gralloc4: Empty SMPTE 2094-40 data
12-03 18:02:19.338 24744 24769 E gralloc4: Empty SMPTE 2094-40 data
12-03 18:02:19.346 24744 24769 E gralloc4: Empty SMPTE 2094-40 data
12-03 18:02:19.354 24744 24769 E gralloc4: Empty SMPTE 2094-40 data
12-03 18:02:19.363 24744 24769 E gralloc4: Empty SMPTE 2094-40 data
12-03 18:02:19.370 24744 24769 E gralloc4: Empty SMPTE 2094-40 data
12-03 18:02:19.379 24744 24769 E gralloc4: Empty SMPTE 2094-40 data
12-03 18:02:19.387 24744 24769 E gralloc4: Empty SMPTE 2094-40 data
12-03 18:02:19.395 24744 24769 E gralloc4: Empty SMPTE 2094-40 data
12-03 18:02:19.404 24744 24769 E gralloc4: Empty SMPTE 2094-40 data
12-03 18:02:19.412 24744 24769 E gralloc4: Empty SMPTE 2094-40 data
12-03 18:02:19.420 24744 24769 E gralloc4: Empty SMPTE 2094-40 data
12-03 18:02:19.429 24744 24769 E gralloc4: Empty SMPTE 2094-40 data
12-03 18:02:19.437 24744 24769 E gralloc4: Empty SMPTE 2094-40 data
12-03 18:02:19.445 24744 24769 E gralloc4: Empty SMPTE 2094-40 data
12-03 18:02:19.454 24744 24769 E gralloc4: Empty SMPTE 2094-40 data
12-03 18:02:19.462 24744 24769 E gralloc4: Empty SMPTE 2094-40 data
12-03 18:02:19.470 24744 24769 E gralloc4: Empty SMPTE 2094-40 data
12-03 18:02:19.479 24744 24769 E gralloc4: Empty SMPTE 2094-40 data
12-03 18:02:19.487 24744 24769 E gralloc4: Empty SMPTE 2094-40 data
12-03 18:02:19.495 24744 24769 E gralloc4: Empty SMPTE 2094-40 data
12-03 18:02:19.504 24744 24769 E gralloc4: Empty SMPTE 2094-40 data
12-03 18:02:19.512 24744 24769 E gralloc4: Empty SMPTE 2094-40 data
12-03 18:02:19.520 24744 24769 E gralloc4: Empty SMPTE 2094-40 data
12-03 18:02:19.529 24744 24769 E gralloc4: Empty SMPTE 2094-40 data
12-03 18:02:19.537 24744 24769 E gralloc4: Empty SMPTE 2094-40 data
12-03 18:02:19.545 24744 24769 E gralloc4: Empty SMPTE 2094-40 data
12-03 18:02:19.554 24744 24769 E gralloc4: Empty SMPTE 2094-40 data
12-03 18:02:19.562 24744 24769 E gralloc4: Empty SMPTE 2094-40 data
12-03 18:02:19.571 24744 24769 E gralloc4: Empty SMPTE 2094-40 data
12-03 18:02:19.579 24744 24769 E gralloc4: Empty SMPTE 2094-40 data
12-03 18:02:19.587 24744 24769 E gralloc4: Empty SMPTE 2094-40 data
12-03 18:02:19.596 24744 24769 E gralloc4: Empty SMPTE 2094-40 data
12-03 18:02:19.604 24744 24769 E gralloc4: Empty SMPTE 2094-40 data
12-03 18:02:19.612 24744 24769 E gralloc4: Empty SMPTE 2094-40 data
12-03 18:02:19.621 24744 24769 E gralloc4: Empty SMPTE 2094-40 data
12-03 18:02:19.630 24744 24769 E gralloc4: Empty SMPTE 2094-40 data
12-03 18:02:19.637 24744 24769 E gralloc4: Empty SMPTE 2094-40 data
12-03 18:02:19.646 24744 24769 E gralloc4: Empty SMPTE 2094-40 data
12-03 18:02:19.654 24744 24769 E gralloc4: Empty SMPTE 2094-40 data
12-03 18:02:19.662 24744 24769 E gralloc4: Empty SMPTE 2094-40 data
12-03 18:02:19.671 24744 24769 E gralloc4: Empty SMPTE 2094-40 data
12-03 18:02:19.679 24744 24769 E gralloc4: Empty SMPTE 2094-40 data
12-03 18:02:19.688 24744 24769 E gralloc4: Empty SMPTE 2094-40 data
12-03 18:02:19.696 24744 24769 E gralloc4: Empty SMPTE 2094-40 data
12-03 18:02:19.704 24744 24769 E gralloc4: Empty SMPTE 2094-40 data
12-03 18:02:19.713 24744 24769 E gralloc4: Empty SMPTE 2094-40 data
12-03 18:02:19.721 24744 24769 E gralloc4: Empty SMPTE 2094-40 data
12-03 18:02:19.729 24744 24769 E gralloc4: Empty SMPTE 2094-40 data
12-03 18:02:19.738 24744 24769 E gralloc4: Empty SMPTE 2094-40 data
12-03 18:02:19.746 24744 24769 E gralloc4: Empty SMPTE 2094-40 data
12-03 18:02:19.754 24744 24769 E gralloc4: Empty SMPTE 2094-40 data
12-03 18:02:19.763 24744 24769 E gralloc4: Empty SMPTE 2094-40 data
12-03 18:02:19.771 24744 24769 E gralloc4: Empty SMPTE 2094-40 data
12-03 18:02:19.779 24744 24769 E gralloc4: Empty SMPTE 2094-40 data
12-03 18:02:19.788 24744 24769 E gralloc4: Empty SMPTE 2094-40 data
12-03 18:02:19.796 24744 24769 E gralloc4: Empty SMPTE 2094-40 data
12-03 18:02:19.804 24744 24769 E gralloc4: Empty SMPTE 2094-40 data
12-03 18:02:19.813 24744 24769 E gralloc4: Empty SMPTE 2094-40 data
12-03 18:02:19.821 24744 24769 E gralloc4: Empty SMPTE 2094-40 data
12-03 18:02:19.829 24744 24769 E gralloc4: Empty SMPTE 2094-40 data
12-03 18:02:19.838 24744 24769 E gralloc4: Empty SMPTE 2094-40 data
12-03 18:02:19.846 24744 24769 E gralloc4: Empty SMPTE 2094-40 data
12-03 18:02:19.855 24744 24769 E gralloc4: Empty SMPTE 2094-40 data
12-03 18:02:19.863 24744 24769 E gralloc4: Empty SMPTE 2094-40 data
12-03 18:02:19.871 24744 24769 E gralloc4: Empty SMPTE 2094-40 data
12-03 18:02:19.880 24744 24769 E gralloc4: Empty SMPTE 2094-40 data
12-03 18:02:19.888 24744 24769 E gralloc4: Empty SMPTE 2094-40 data
12-03 18:02:19.896 24744 24769 E gralloc4: Empty SMPTE 2094-40 data
12-03 18:02:19.905 24744 24769 E gralloc4: Empty SMPTE 2094-40 data
12-03 18:02:19.913 24744 24769 E gralloc4: Empty SMPTE 2094-40 data
12-03 18:02:19.922 24744 24769 E gralloc4: Empty SMPTE 2094-40 data
12-03 18:02:19.930 24744 24769 E gralloc4: Empty SMPTE 2094-40 data
12-03 18:02:19.938 24744 24769 E gralloc4: Empty SMPTE 2094-40 data
12-03 18:02:19.947 24744 24769 E gralloc4: Empty SMPTE 2094-40 data
12-03 18:02:19.955 24744 24769 E gralloc4: Empty SMPTE 2094-40 data
12-03 18:02:19.963 24744 24769 E gralloc4: Empty SMPTE 2094-40 data
12-03 18:02:19.972 24744 24769 E gralloc4: Empty SMPTE 2094-40 data
12-03 18:02:19.980 24744 24769 E gralloc4: Empty SMPTE 2094-40 data
12-03 18:02:19.988 24744 24769 E gralloc4: Empty SMPTE 2094-40 data
12-03 18:02:19.997 24744 24769 E gralloc4: Empty SMPTE 2094-40 data
12-03 18:02:20.005 24744 24769 E gralloc4: Empty SMPTE 2094-40 data
12-03 18:02:20.014 24744 24769 E gralloc4: Empty SMPTE 2094-40 data
12-03 18:02:20.022 24744 24769 E gralloc4: Empty SMPTE 2094-40 data
12-03 18:02:20.030 24744 24769 E gralloc4: Empty SMPTE 2094-40 data
12-03 18:02:20.038 24744 24769 E gralloc4: Empty SMPTE 2094-40 data
12-03 18:02:20.047 24744 24769 E gralloc4: Empty SMPTE 2094-40 data
12-03 18:02:20.055 24744 24769 E gralloc4: Empty SMPTE 2094-40 data
12-03 18:02:20.063 24744 24769 E gralloc4: Empty SMPTE 2094-40 data
12-03 18:02:20.072 24744 24769 E gralloc4: Empty SMPTE 2094-40 data
12-03 18:02:20.080 24744 24769 E gralloc4: Empty SMPTE 2094-40 data
12-03 18:02:20.089 24744 24769 E gralloc4: Empty SMPTE 2094-40 data
12-03 18:02:20.097 24744 24769 E gralloc4: Empty SMPTE 2094-40 data
12-03 18:02:20.105 24744 24769 E gralloc4: Empty SMPTE 2094-40 data
12-03 18:02:20.114 24744 24769 E gralloc4: Empty SMPTE 2094-40 data
12-03 18:02:20.122 24744 24769 E gralloc4: Empty SMPTE 2094-40 data
12-03 18:02:20.130 24744 24769 E gralloc4: Empty SMPTE 2094-40 data
12-03 18:02:20.139 24744 24769 E gralloc4: Empty SMPTE 2094-40 data
12-03 18:02:20.147 24744 24769 E gralloc4: Empty SMPTE 2094-40 data
12-03 18:02:20.155 24744 24769 E gralloc4: Empty SMPTE 2094-40 data
12-03 18:02:20.164 24744 24769 E gralloc4: Empty SMPTE 2094-40 data
12-03 18:02:20.172 24744 24769 E gralloc4: Empty SMPTE 2094-40 data
12-03 18:02:20.181 24744 24769 E gralloc4: Empty SMPTE 2094-40 data
12-03 18:02:20.190 24744 24769 E gralloc4: Empty SMPTE 2094-40 data
12-03 18:02:20.199 24744 24769 E gralloc4: Empty SMPTE 2094-40 data
12-03 18:02:20.207 24744 24769 E gralloc4: Empty SMPTE 2094-40 data
12-03 18:02:20.215 24744 24769 E gralloc4: Empty SMPTE 2094-40 data
12-03 18:02:20.223 24744 24769 E gralloc4: Empty SMPTE 2094-40 data
12-03 18:02:20.232 24744 24769 E gralloc4: Empty SMPTE 2094-40 data
12-03 18:02:20.239 24744 24769 E gralloc4: Empty SMPTE 2094-40 data
12-03 18:02:20.248 24744 24769 E gralloc4: Empty SMPTE 2094-40 data
12-03 18:02:20.256 24744 24769 E gralloc4: Empty SMPTE 2094-40 data
12-03 18:02:20.266 24744 24769 E gralloc4: Empty SMPTE 2094-40 data
12-03 18:02:20.273 24744 24769 E gralloc4: Empty SMPTE 2094-40 data
12-03 18:02:20.282 24744 24769 E gralloc4: Empty SMPTE 2094-40 data
12-03 18:02:20.290 24744 24769 E gralloc4: Empty SMPTE 2094-40 data
12-03 18:02:20.298 24744 24769 E gralloc4: Empty SMPTE 2094-40 data
12-03 18:02:20.307 24744 24769 E gralloc4: Empty SMPTE 2094-40 data
12-03 18:02:20.316 24744 24769 E gralloc4: Empty SMPTE 2094-40 data
12-03 18:02:20.324 24744 24769 E gralloc4: Empty SMPTE 2094-40 data
12-03 18:02:20.333 24744 24769 E gralloc4: Empty SMPTE 2094-40 data
12-03 18:02:20.340 24744 24769 E gralloc4: Empty SMPTE 2094-40 data
12-03 18:02:20.349 24744 24769 E gralloc4: Empty SMPTE 2094-40 data
12-03 18:02:20.358 24744 24769 E gralloc4: Empty SMPTE 2094-40 data
12-03 18:02:20.365 24744 24769 E gralloc4: Empty SMPTE 2094-40 data
12-03 18:02:20.374 24744 24769 E gralloc4: Empty SMPTE 2094-40 data
12-03 18:02:20.382 24744 24769 E gralloc4: Empty SMPTE 2094-40 data
12-03 18:02:20.390 24744 24769 E gralloc4: Empty SMPTE 2094-40 data
12-03 18:02:20.399 24744 24769 E gralloc4: Empty SMPTE 2094-40 data
12-03 18:02:20.407 24744 24769 E gralloc4: Empty SMPTE 2094-40 data
12-03 18:02:20.416 24744 24769 E gralloc4: Empty SMPTE 2094-40 data
12-03 18:02:20.425 24744 24769 E gralloc4: Empty SMPTE 2094-40 data
12-03 18:02:20.433 24744 24769 E gralloc4: Empty SMPTE 2094-40 data
12-03 18:02:20.441 24744 24769 E gralloc4: Empty SMPTE 2094-40 data
12-03 18:02:20.450 24744 24769 E gralloc4: Empty SMPTE 2094-40 data
12-03 18:02:20.457 24744 24769 E gralloc4: Empty SMPTE 2094-40 data
12-03 18:02:20.466 24744 24769 E gralloc4: Empty SMPTE 2094-40 data
12-03 18:02:20.474 24744 24769 E gralloc4: Empty SMPTE 2094-40 data
12-03 18:02:20.482 24744 24769 E gralloc4: Empty SMPTE 2094-40 data
12-03 18:02:20.492 24744 24769 E gralloc4: Empty SMPTE 2094-40 data
12-03 18:02:20.500 24744 24769 E gralloc4: Empty SMPTE 2094-40 data
12-03 18:02:20.507 24744 24769 E gralloc4: Empty SMPTE 2094-40 data
12-03 18:02:20.516 24744 24769 E gralloc4: Empty SMPTE 2094-40 data
12-03 18:02:20.525 24744 24769 E gralloc4: Empty SMPTE 2094-40 data
12-03 18:02:20.533 24744 24769 E gralloc4: Empty SMPTE 2094-40 data
12-03 18:02:20.541 24744 24769 E gralloc4: Empty SMPTE 2094-40 data
12-03 18:02:20.550 24744 24769 E gralloc4: Empty SMPTE 2094-40 data
12-03 18:02:20.557 24744 24769 E gralloc4: Empty SMPTE 2094-40 data
12-03 18:02:20.567 24744 24769 E gralloc4: Empty SMPTE 2094-40 data
12-03 18:02:20.575 24744 24769 E gralloc4: Empty SMPTE 2094-40 data
12-03 18:02:20.583 24744 24769 E gralloc4: Empty SMPTE 2094-40 data
12-03 18:02:20.591 24744 24769 E gralloc4: Empty SMPTE 2094-40 data
12-03 18:02:20.600 24744 24769 E gralloc4: Empty SMPTE 2094-40 data
12-03 18:02:20.608 24744 24769 E gralloc4: Empty SMPTE 2094-40 data
12-03 18:02:20.616 24744 24769 E gralloc4: Empty SMPTE 2094-40 data
12-03 18:02:20.625 24744 24769 E gralloc4: Empty SMPTE 2094-40 data
12-03 18:02:20.633 24744 24769 E gralloc4: Empty SMPTE 2094-40 data
12-03 18:02:20.641 24744 24769 E gralloc4: Empty SMPTE 2094-40 data
12-03 18:02:20.650 24744 24769 E gralloc4: Empty SMPTE 2094-40 data
12-03 18:02:20.658 24744 24769 E gralloc4: Empty SMPTE 2094-40 data
12-03 18:02:20.667 24744 24769 E gralloc4: Empty SMPTE 2094-40 data
12-03 18:02:20.675 24744 24769 E gralloc4: Empty SMPTE 2094-40 data
12-03 18:02:20.683 24744 24769 E gralloc4: Empty SMPTE 2094-40 data
12-03 18:02:20.692 24744 24769 E gralloc4: Empty SMPTE 2094-40 data
12-03 18:02:20.700 24744 24769 E gralloc4: Empty SMPTE 2094-40 data
12-03 18:02:20.708 24744 24769 E gralloc4: Empty SMPTE 2094-40 data
12-03 18:02:20.717 24744 24769 E gralloc4: Empty SMPTE 2094-40 data
12-03 18:02:20.725 24744 24769 E gralloc4: Empty SMPTE 2094-40 data
12-03 18:02:20.734 24744 24769 E gralloc4: Empty SMPTE 2094-40 data
12-03 18:02:20.742 24744 24769 E gralloc4: Empty SMPTE 2094-40 data
12-03 18:02:20.751 24744 24769 E gralloc4: Empty SMPTE 2094-40 data
12-03 18:02:20.758 24744 24769 E gralloc4: Empty SMPTE 2094-40 data
12-03 18:02:20.766 24744 24769 E gralloc4: Empty SMPTE 2094-40 data
12-03 18:02:20.775 24744 24769 E gralloc4: Empty SMPTE 2094-40 data
12-03 18:02:20.784 24744 24769 E gralloc4: Empty SMPTE 2094-40 data
12-03 18:02:20.792 24744 24769 E gralloc4: Empty SMPTE 2094-40 data
12-03 18:02:20.800 24744 24769 E gralloc4: Empty SMPTE 2094-40 data
12-03 18:02:20.809 24744 24769 E gralloc4: Empty SMPTE 2094-40 data
12-03 18:02:20.817 24744 24769 E gralloc4: Empty SMPTE 2094-40 data
12-03 18:02:20.825 24744 24769 E gralloc4: Empty SMPTE 2094-40 data
12-03 18:02:20.834 24744 24769 E gralloc4: Empty SMPTE 2094-40 data
12-03 18:02:20.842 24744 24769 E gralloc4: Empty SMPTE 2094-40 data
12-03 18:02:20.850 24744 24769 E gralloc4: Empty SMPTE 2094-40 data
12-03 18:02:20.859 24744 24769 E gralloc4: Empty SMPTE 2094-40 data
12-03 18:02:20.867 24744 24769 E gralloc4: Empty SMPTE 2094-40 data
12-03 18:02:20.875 24744 24769 E gralloc4: Empty SMPTE 2094-40 data
12-03 18:02:20.884 24744 24769 E gralloc4: Empty SMPTE 2094-40 data
12-03 18:02:20.892 24744 24769 E gralloc4: Empty SMPTE 2094-40 data
12-03 18:02:20.901 24744 24769 E gralloc4: Empty SMPTE 2094-40 data
12-03 18:02:20.909 24744 24769 E gralloc4: Empty SMPTE 2094-40 data
12-03 18:02:20.918 24744 24769 E gralloc4: Empty SMPTE 2094-40 data
12-03 18:02:20.925 24744 24769 E gralloc4: Empty SMPTE 2094-40 data
12-03 18:02:20.934 24744 24769 E gralloc4: Empty SMPTE 2094-40 data
12-03 18:02:20.943 24744 24769 E gralloc4: Empty SMPTE 2094-40 data
12-03 18:02:20.951 24744 24769 E gralloc4: Empty SMPTE 2094-40 data
12-03 18:02:20.959 24744 24769 E gralloc4: Empty SMPTE 2094-40 data
12-03 18:02:20.967 24744 24769 E gralloc4: Empty SMPTE 2094-40 data
12-03 18:02:20.976 24744 24769 E gralloc4: Empty SMPTE 2094-40 data
12-03 18:02:20.984 24744 24769 E gralloc4: Empty SMPTE 2094-40 data
12-03 18:02:20.992 24744 24769 E gralloc4: Empty SMPTE 2094-40 data
12-03 18:02:21.001 24744 24769 E gralloc4: Empty SMPTE 2094-40 data
12-03 18:02:21.009 24744 24769 E gralloc4: Empty SMPTE 2094-40 data
12-03 18:02:21.018 24744 24769 E gralloc4: Empty SMPTE 2094-40 data
12-03 18:02:21.026 24744 24769 E gralloc4: Empty SMPTE 2094-40 data
12-03 18:02:21.034 24744 24769 E gralloc4: Empty SMPTE 2094-40 data
12-03 18:02:21.043 24744 24769 E gralloc4: Empty SMPTE 2094-40 data
12-03 18:02:21.051 24744 24769 E gralloc4: Empty SMPTE 2094-40 data
12-03 18:02:21.060 24744 24769 E gralloc4: Empty SMPTE 2094-40 data
12-03 18:02:21.068 24744 24769 E gralloc4: Empty SMPTE 2094-40 data
12-03 18:02:21.076 24744 24769 E gralloc4: Empty SMPTE 2094-40 data
12-03 18:02:21.085 24744 24769 E gralloc4: Empty SMPTE 2094-40 data
12-03 18:02:21.093 24744 24769 E gralloc4: Empty SMPTE 2094-40 data
12-03 18:02:21.101 24744 24769 E gralloc4: Empty SMPTE 2094-40 data
12-03 18:02:21.110 24744 24769 E gralloc4: Empty SMPTE 2094-40 data
12-03 18:02:21.118 24744 24769 E gralloc4: Empty SMPTE 2094-40 data
12-03 18:02:21.126 24744 24769 E gralloc4: Empty SMPTE 2094-40 data
12-03 18:02:21.135 24744 24769 E gralloc4: Empty SMPTE 2094-40 data
12-03 18:02:21.143 24744 24769 E gralloc4: Empty SMPTE 2094-40 data
12-03 18:02:21.151 24744 24769 E gralloc4: Empty SMPTE 2094-40 data
12-03 18:02:21.160 24744 24769 E gralloc4: Empty SMPTE 2094-40 data
12-03 18:02:21.168 24744 24769 E gralloc4: Empty SMPTE 2094-40 data
12-03 18:02:21.177 24744 24769 E gralloc4: Empty SMPTE 2094-40 data
12-03 18:02:21.185 24744 24769 E gralloc4: Empty SMPTE 2094-40 data
12-03 18:02:21.193 24744 24769 E gralloc4: Empty SMPTE 2094-40 data
12-03 18:02:21.201 24744 24769 E gralloc4: Empty SMPTE 2094-40 data
12-03 18:02:21.210 24744 24769 E gralloc4: Empty SMPTE 2094-40 data
12-03 18:02:21.218 24744 24769 E gralloc4: Empty SMPTE 2094-40 data
12-03 18:02:21.226 24744 24769 E gralloc4: Empty SMPTE 2094-40 data
12-03 18:02:21.234 24744 24769 E gralloc4: Empty SMPTE 2094-40 data
12-03 18:02:21.243 24744 24769 E gralloc4: Empty SMPTE 2094-40 data
12-03 18:02:21.252 24744 24769 E gralloc4: Empty SMPTE 2094-40 data
12-03 18:02:21.261 24744 24769 E gralloc4: Empty SMPTE 2094-40 data
12-03 18:02:21.268 24744 24769 E gralloc4: Empty SMPTE 2094-40 data
12-03 18:02:21.276 24744 24769 E gralloc4: Empty SMPTE 2094-40 data
12-03 18:02:21.285 24744 24769 E gralloc4: Empty SMPTE 2094-40 data
12-03 18:02:21.293 24744 24769 E gralloc4: Empty SMPTE 2094-40 data
12-03 18:02:21.302 24744 24769 E gralloc4: Empty SMPTE 2094-40 data
12-03 18:02:21.310 24744 24769 E gralloc4: Empty SMPTE 2094-40 data
12-03 18:02:21.318 24744 24769 E gralloc4: Empty SMPTE 2094-40 data
12-03 18:02:21.327 24744 24769 E gralloc4: Empty SMPTE 2094-40 data
12-03 18:02:21.335 24744 24769 E gralloc4: Empty SMPTE 2094-40 data
12-03 18:02:21.343 24744 24769 E gralloc4: Empty SMPTE 2094-40 data
12-03 18:02:21.351 24744 24769 E gralloc4: Empty SMPTE 2094-40 data
12-03 18:02:21.360 24744 24769 E gralloc4: Empty SMPTE 2094-40 data
12-03 18:02:21.368 24744 24769 E gralloc4: Empty SMPTE 2094-40 data
12-03 18:02:21.377 24744 24769 E gralloc4: Empty SMPTE 2094-40 data
12-03 18:02:21.385 24744 24769 E gralloc4: Empty SMPTE 2094-40 data
12-03 18:02:21.394 24744 24769 E gralloc4: Empty SMPTE 2094-40 data
12-03 18:02:21.402 24744 24769 E gralloc4: Empty SMPTE 2094-40 data
12-03 18:02:21.410 24744 24769 E gralloc4: Empty SMPTE 2094-40 data
12-03 18:02:21.419 24744 24769 E gralloc4: Empty SMPTE 2094-40 data
12-03 18:02:21.427 24744 24769 E gralloc4: Empty SMPTE 2094-40 data
12-03 18:02:21.435 24744 24769 E gralloc4: Empty SMPTE 2094-40 data
12-03 18:02:21.443 24744 24769 E gralloc4: Empty SMPTE 2094-40 data
12-03 18:02:21.452 24744 24769 E gralloc4: Empty SMPTE 2094-40 data
12-03 18:02:21.460 24744 24769 E gralloc4: Empty SMPTE 2094-40 data
12-03 18:02:21.469 24744 24769 E gralloc4: Empty SMPTE 2094-40 data
12-03 18:02:21.477 24744 24769 E gralloc4: Empty SMPTE 2094-40 data
12-03 18:02:21.486 24744 24769 E gralloc4: Empty SMPTE 2094-40 data
12-03 18:02:21.493 24744 24769 E gralloc4: Empty SMPTE 2094-40 data
12-03 18:02:21.502 24744 24769 E gralloc4: Empty SMPTE 2094-40 data
12-03 18:02:21.510 24744 24769 E gralloc4: Empty SMPTE 2094-40 data
12-03 18:02:21.518 24744 24769 E gralloc4: Empty SMPTE 2094-40 data
12-03 18:02:21.527 24744 24769 E gralloc4: Empty SMPTE 2094-40 data
12-03 18:02:21.535 24744 24769 E gralloc4: Empty SMPTE 2094-40 data
12-03 18:02:21.544 24744 24769 E gralloc4: Empty SMPTE 2094-40 data
12-03 18:02:21.552 24744 24769 E gralloc4: Empty SMPTE 2094-40 data
12-03 18:02:21.561 24744 24769 E gralloc4: Empty SMPTE 2094-40 data
12-03 18:02:21.569 24744 24769 E gralloc4: Empty SMPTE 2094-40 data
12-03 18:02:21.577 24744 24769 E gralloc4: Empty SMPTE 2094-40 data
12-03 18:02:21.586 24744 24769 E gralloc4: Empty SMPTE 2094-40 data
12-03 18:02:21.594 24744 24769 E gralloc4: Empty SMPTE 2094-40 data
12-03 18:02:21.602 24744 24769 E gralloc4: Empty SMPTE 2094-40 data
12-03 18:02:21.610 24744 24769 E gralloc4: Empty SMPTE 2094-40 data
12-03 18:02:21.619 24744 24769 E gralloc4: Empty SMPTE 2094-40 data
12-03 18:02:21.627 24744 24769 E gralloc4: Empty SMPTE 2094-40 data
12-03 18:02:21.636 24744 24769 E gralloc4: Empty SMPTE 2094-40 data
12-03 18:02:21.644 24744 24769 E gralloc4: Empty SMPTE 2094-40 data
12-03 18:02:21.652 24744 24769 E gralloc4: Empty SMPTE 2094-40 data
12-03 18:02:21.661 24744 24769 E gralloc4: Empty SMPTE 2094-40 data
12-03 18:02:21.669 24744 24769 E gralloc4: Empty SMPTE 2094-40 data
12-03 18:02:21.678 24744 24769 E gralloc4: Empty SMPTE 2094-40 data
12-03 18:02:21.686 24744 24769 E gralloc4: Empty SMPTE 2094-40 data
12-03 18:02:21.694 24744 24769 E gralloc4: Empty SMPTE 2094-40 data
12-03 18:02:21.703 24744 24769 E gralloc4: Empty SMPTE 2094-40 data
12-03 18:02:21.711 24744 24769 E gralloc4: Empty SMPTE 2094-40 data
12-03 18:02:21.719 24744 24769 E gralloc4: Empty SMPTE 2094-40 data
12-03 18:02:21.728 24744 24769 E gralloc4: Empty SMPTE 2094-40 data
12-03 18:02:21.736 24744 24769 E gralloc4: Empty SMPTE 2094-40 data
12-03 18:02:21.744 24744 24769 E gralloc4: Empty SMPTE 2094-40 data
12-03 18:02:21.753 24744 24769 E gralloc4: Empty SMPTE 2094-40 data
12-03 18:02:21.761 24744 24769 E gralloc4: Empty SMPTE 2094-40 data
12-03 18:02:21.769 24744 24769 E gralloc4: Empty SMPTE 2094-40 data
12-03 18:02:21.778 24744 24769 E gralloc4: Empty SMPTE 2094-40 data
12-03 18:02:21.786 24744 24769 E gralloc4: Empty SMPTE 2094-40 data
12-03 18:02:21.795 24744 24769 E gralloc4: Empty SMPTE 2094-40 data
12-03 18:02:21.803 24744 24769 E gralloc4: Empty SMPTE 2094-40 data
12-03 18:02:21.811 24744 24769 E gralloc4: Empty SMPTE 2094-40 data
12-03 18:02:21.819 24744 24769 E gralloc4: Empty SMPTE 2094-40 data
12-03 18:02:21.828 24744 24769 E gralloc4: Empty SMPTE 2094-40 data
12-03 18:02:21.836 24744 24769 E gralloc4: Empty SMPTE 2094-40 data
12-03 18:02:21.844 24744 24769 E gralloc4: Empty SMPTE 2094-40 data
12-03 18:02:21.853 24744 24769 E gralloc4: Empty SMPTE 2094-40 data
12-03 18:02:21.862 24744 24769 E gralloc4: Empty SMPTE 2094-40 data
12-03 18:02:21.870 24744 24769 E gralloc4: Empty SMPTE 2094-40 data
12-03 18:02:21.878 24744 24769 E gralloc4: Empty SMPTE 2094-40 data
12-03 18:02:21.887 24744 24769 E gralloc4: Empty SMPTE 2094-40 data
12-03 18:02:21.895 24744 24769 E gralloc4: Empty SMPTE 2094-40 data
12-03 18:02:21.903 24744 24769 E gralloc4: Empty SMPTE 2094-40 data
12-03 18:02:21.912 24744 24769 E gralloc4: Empty SMPTE 2094-40 data
12-03 18:02:21.920 24744 24769 E gralloc4: Empty SMPTE 2094-40 data
12-03 18:02:21.928 24744 24769 E gralloc4: Empty SMPTE 2094-40 data
12-03 18:02:21.937 24744 24769 E gralloc4: Empty SMPTE 2094-40 data
12-03 18:02:21.945 24744 24769 E gralloc4: Empty SMPTE 2094-40 data
12-03 18:02:21.953 24744 24769 E gralloc4: Empty SMPTE 2094-40 data
12-03 18:02:21.961 24744 24769 E gralloc4: Empty SMPTE 2094-40 data
12-03 18:02:21.970 24744 24769 E gralloc4: Empty SMPTE 2094-40 data
12-03 18:02:21.978 24744 24769 E gralloc4: Empty SMPTE 2094-40 data
12-03 18:02:21.987 24744 24769 E gralloc4: Empty SMPTE 2094-40 data
12-03 18:02:21.995 24744 24769 E gralloc4: Empty SMPTE 2094-40 data
12-03 18:02:22.003 24744 24769 E gralloc4: Empty SMPTE 2094-40 data
12-03 18:02:22.012 24744 24769 E gralloc4: Empty SMPTE 2094-40 data
12-03 18:02:22.020 24744 24769 E gralloc4: Empty SMPTE 2094-40 data
12-03 18:02:22.029 24744 24769 E gralloc4: Empty SMPTE 2094-40 data
12-03 18:02:22.037 24744 24769 E gralloc4: Empty SMPTE 2094-40 data
12-03 18:02:22.045 24744 24769 E gralloc4: Empty SMPTE 2094-40 data
12-03 18:02:22.054 24744 24769 E gralloc4: Empty SMPTE 2094-40 data
12-03 18:02:22.062 24744 24769 E gralloc4: Empty SMPTE 2094-40 data
12-03 18:02:22.070 24744 24769 E gralloc4: Empty SMPTE 2094-40 data
12-03 18:02:22.080 24744 24769 E gralloc4: Empty SMPTE 2094-40 data
12-03 18:02:22.087 24744 24769 E gralloc4: Empty SMPTE 2094-40 data
12-03 18:02:22.095 24744 24769 E gralloc4: Empty SMPTE 2094-40 data
12-03 18:02:22.104 24744 24769 E gralloc4: Empty SMPTE 2094-40 data
12-03 18:02:22.112 24744 24769 E gralloc4: Empty SMPTE 2094-40 data
12-03 18:02:22.120 24744 24769 E gralloc4: Empty SMPTE 2094-40 data
12-03 18:02:22.129 24744 24769 E gralloc4: Empty SMPTE 2094-40 data
12-03 18:02:22.137 24744 24769 E gralloc4: Empty SMPTE 2094-40 data
12-03 18:02:22.145 24744 24769 E gralloc4: Empty SMPTE 2094-40 data
12-03 18:02:22.154 24744 24769 E gralloc4: Empty SMPTE 2094-40 data
12-03 18:02:22.162 24744 24769 E gralloc4: Empty SMPTE 2094-40 data
12-03 18:02:22.171 24744 24769 E gralloc4: Empty SMPTE 2094-40 data
12-03 18:02:22.179 24744 24769 E gralloc4: Empty SMPTE 2094-40 data
12-03 18:02:22.188 24744 24769 E gralloc4: Empty SMPTE 2094-40 data
12-03 18:02:22.196 24744 24769 E gralloc4: Empty SMPTE 2094-40 data
12-03 18:02:22.204 24744 24769 E gralloc4: Empty SMPTE 2094-40 data
12-03 18:02:22.212 24744 24769 E gralloc4: Empty SMPTE 2094-40 data
12-03 18:02:22.221 24744 24769 E gralloc4: Empty SMPTE 2094-40 data
12-03 18:02:22.229 24744 24769 E gralloc4: Empty SMPTE 2094-40 data
12-03 18:02:22.238 24744 24769 E gralloc4: Empty SMPTE 2094-40 data
12-03 18:02:22.246 24744 24769 E gralloc4: Empty SMPTE 2094-40 data
12-03 18:02:22.254 24744 24769 E gralloc4: Empty SMPTE 2094-40 data
12-03 18:02:22.262 24744 24769 E gralloc4: Empty SMPTE 2094-40 data
12-03 18:02:22.271 24744 24769 E gralloc4: Empty SMPTE 2094-40 data
12-03 18:02:22.279 24744 24769 E gralloc4: Empty SMPTE 2094-40 data
12-03 18:02:22.288 24744 24769 E gralloc4: Empty SMPTE 2094-40 data
12-03 18:02:22.296 24744 24769 E gralloc4: Empty SMPTE 2094-40 data
12-03 18:02:22.304 24744 24769 E gralloc4: Empty SMPTE 2094-40 data
12-03 18:02:22.313 24744 24769 E gralloc4: Empty SMPTE 2094-40 data
12-03 18:02:22.321 24744 24769 E gralloc4: Empty SMPTE 2094-40 data
12-03 18:02:22.329 24744 24769 E gralloc4: Empty SMPTE 2094-40 data
12-03 18:02:22.338 24744 24769 E gralloc4: Empty SMPTE 2094-40 data
12-03 18:02:22.346 24744 24769 E gralloc4: Empty SMPTE 2094-40 data
12-03 18:02:22.354 24744 24769 E gralloc4: Empty SMPTE 2094-40 data
12-03 18:02:22.363 24744 24769 E gralloc4: Empty SMPTE 2094-40 data
12-03 18:02:22.371 24744 24769 E gralloc4: Empty SMPTE 2094-40 data
12-03 18:02:22.379 24744 24769 E gralloc4: Empty SMPTE 2094-40 data
12-03 18:02:22.388 24744 24769 E gralloc4: Empty SMPTE 2094-40 data
12-03 18:02:22.396 24744 24769 E gralloc4: Empty SMPTE 2094-40 data
12-03 18:02:22.404 24744 24769 E gralloc4: Empty SMPTE 2094-40 data
12-03 18:02:22.413 24744 24769 E gralloc4: Empty SMPTE 2094-40 data
12-03 18:02:22.421 24744 24769 E gralloc4: Empty SMPTE 2094-40 data
12-03 18:02:22.429 24744 24769 E gralloc4: Empty SMPTE 2094-40 data
12-03 18:02:22.438 24744 24769 E gralloc4: Empty SMPTE 2094-40 data
12-03 18:02:22.446 24744 24769 E gralloc4: Empty SMPTE 2094-40 data
12-03 18:02:22.455 24744 24769 E gralloc4: Empty SMPTE 2094-40 data
12-03 18:02:22.463 24744 24769 E gralloc4: Empty SMPTE 2094-40 data
12-03 18:02:22.471 24744 24769 E gralloc4: Empty SMPTE 2094-40 data
12-03 18:02:22.480 24744 24769 E gralloc4: Empty SMPTE 2094-40 data
12-03 18:02:22.488 24744 24769 E gralloc4: Empty SMPTE 2094-40 data
12-03 18:02:22.496 24744 24769 E gralloc4: Empty SMPTE 2094-40 data
12-03 18:02:22.505 24744 24769 E gralloc4: Empty SMPTE 2094-40 data
12-03 18:02:22.513 24744 24769 E gralloc4: Empty SMPTE 2094-40 data
12-03 18:02:22.522 24744 24769 E gralloc4: Empty SMPTE 2094-40 data
12-03 18:02:22.530 24744 24769 E gralloc4: Empty SMPTE 2094-40 data
12-03 18:02:22.538 24744 24769 E gralloc4: Empty SMPTE 2094-40 data
12-03 18:02:22.546 24744 24769 E gralloc4: Empty SMPTE 2094-40 data
12-03 18:02:22.555 24744 24769 E gralloc4: Empty SMPTE 2094-40 data
12-03 18:02:22.563 24744 24769 E gralloc4: Empty SMPTE 2094-40 data
12-03 18:02:22.571 24744 24769 E gralloc4: Empty SMPTE 2094-40 data
12-03 18:02:22.580 24744 24769 E gralloc4: Empty SMPTE 2094-40 data
12-03 18:02:22.588 24744 24769 E gralloc4: Empty SMPTE 2094-40 data
12-03 18:02:22.597 24744 24769 E gralloc4: Empty SMPTE 2094-40 data
12-03 18:02:22.605 24744 24769 E gralloc4: Empty SMPTE 2094-40 data
12-03 18:02:22.613 24744 24769 E gralloc4: Empty SMPTE 2094-40 data
12-03 18:02:22.621 24744 24769 E gralloc4: Empty SMPTE 2094-40 data
12-03 18:02:22.630 24744 24769 E gralloc4: Empty SMPTE 2094-40 data
12-03 18:02:22.638 24744 24769 E gralloc4: Empty SMPTE 2094-40 data
12-03 18:02:22.647 24744 24769 E gralloc4: Empty SMPTE 2094-40 data
12-03 18:02:22.655 24744 24769 E gralloc4: Empty SMPTE 2094-40 data
12-03 18:02:22.664 24744 24769 E gralloc4: Empty SMPTE 2094-40 data
12-03 18:02:22.672 24744 24769 E gralloc4: Empty SMPTE 2094-40 data
12-03 18:02:22.680 24744 24769 E gralloc4: Empty SMPTE 2094-40 data
12-03 18:02:22.689 24744 24769 E gralloc4: Empty SMPTE 2094-40 data
12-03 18:02:22.697 24744 24769 E gralloc4: Empty SMPTE 2094-40 data
12-03 18:02:22.705 24744 24769 E gralloc4: Empty SMPTE 2094-40 data
12-03 18:02:22.714 24744 24769 E gralloc4: Empty SMPTE 2094-40 data
12-03 18:02:22.722 24744 24769 E gralloc4: Empty SMPTE 2094-40 data
12-03 18:02:22.730 24744 24769 E gralloc4: Empty SMPTE 2094-40 data
12-03 18:02:22.739 24744 24769 E gralloc4: Empty SMPTE 2094-40 data
12-03 18:02:22.747 24744 24769 E gralloc4: Empty SMPTE 2094-40 data
12-03 18:02:22.755 24744 24769 E gralloc4: Empty SMPTE 2094-40 data
12-03 18:02:22.763 24744 24769 E gralloc4: Empty SMPTE 2094-40 data
12-03 18:02:22.772 24744 24769 E gralloc4: Empty SMPTE 2094-40 data
12-03 18:02:22.780 24744 24769 E gralloc4: Empty SMPTE 2094-40 data
12-03 18:02:22.789 24744 24769 E gralloc4: Empty SMPTE 2094-40 data
12-03 18:02:22.798 24744 24769 E gralloc4: Empty SMPTE 2094-40 data
12-03 18:02:22.805 24744 24769 E gralloc4: Empty SMPTE 2094-40 data
12-03 18:02:22.814 24744 24769 E gralloc4: Empty SMPTE 2094-40 data
12-03 18:02:22.822 24744 24769 E gralloc4: Empty SMPTE 2094-40 data
12-03 18:02:22.830 24744 24769 E gralloc4: Empty SMPTE 2094-40 data
12-03 18:02:22.839 24744 24769 E gralloc4: Empty SMPTE 2094-40 data
12-03 18:02:22.847 24744 24769 E gralloc4: Empty SMPTE 2094-40 data
12-03 18:02:22.855 24744 24769 E gralloc4: Empty SMPTE 2094-40 data
12-03 18:02:22.864 24744 24769 E gralloc4: Empty SMPTE 2094-40 data
12-03 18:02:22.872 24744 24769 E gralloc4: Empty SMPTE 2094-40 data
12-03 18:02:22.881 24744 24769 E gralloc4: Empty SMPTE 2094-40 data
12-03 18:02:22.889 24744 24769 E gralloc4: Empty SMPTE 2094-40 data
12-03 18:02:22.897 24744 24769 E gralloc4: Empty SMPTE 2094-40 data
12-03 18:02:22.906 24744 24769 E gralloc4: Empty SMPTE 2094-40 data
12-03 18:02:22.914 24744 24769 E gralloc4: Empty SMPTE 2094-40 data
12-03 18:02:22.923 24744 24769 E gralloc4: Empty SMPTE 2094-40 data
12-03 18:02:22.931 24744 24769 E gralloc4: Empty SMPTE 2094-40 data
12-03 18:02:22.939 24744 24769 E gralloc4: Empty SMPTE 2094-40 data
12-03 18:02:22.948 24744 24769 E gralloc4: Empty SMPTE 2094-40 data
12-03 18:02:22.956 24744 24769 E gralloc4: Empty SMPTE 2094-40 data
12-03 18:02:22.964 24744 24769 E gralloc4: Empty SMPTE 2094-40 data
12-03 18:02:22.972 24744 24769 E gralloc4: Empty SMPTE 2094-40 data
12-03 18:02:22.981 24744 24769 E gralloc4: Empty SMPTE 2094-40 data
12-03 18:02:22.989 24744 24769 E gralloc4: Empty SMPTE 2094-40 data
12-03 18:02:22.998 24744 24769 E gralloc4: Empty SMPTE 2094-40 data
12-03 18:02:23.006 24744 24769 E gralloc4: Empty SMPTE 2094-40 data
12-03 18:02:23.014 24744 24769 E gralloc4: Empty SMPTE 2094-40 data
12-03 18:02:23.023 24744 24769 E gralloc4: Empty SMPTE 2094-40 data
12-03 18:02:23.031 24744 24769 E gralloc4: Empty SMPTE 2094-40 data
12-03 18:02:23.039 24744 24769 E gralloc4: Empty SMPTE 2094-40 data
12-03 18:02:23.048 24744 24769 E gralloc4: Empty SMPTE 2094-40 data
12-03 18:02:23.056 24744 24769 E gralloc4: Empty SMPTE 2094-40 data
12-03 18:02:23.064 24744 24769 E gralloc4: Empty SMPTE 2094-40 data
12-03 18:02:23.073 24744 24769 E gralloc4: Empty SMPTE 2094-40 data
12-03 18:02:23.081 24744 24769 E gralloc4: Empty SMPTE 2094-40 data
12-03 18:02:23.090 24744 24769 E gralloc4: Empty SMPTE 2094-40 data
12-03 18:02:23.098 24744 24769 E gralloc4: Empty SMPTE 2094-40 data
12-03 18:02:23.106 24744 24769 E gralloc4: Empty SMPTE 2094-40 data
12-03 18:02:23.115 24744 24769 E gralloc4: Empty SMPTE 2094-40 data
12-03 18:02:23.123 24744 24769 E gralloc4: Empty SMPTE 2094-40 data
12-03 18:02:23.131 24744 24769 E gralloc4: Empty SMPTE 2094-40 data
12-03 18:02:23.139 24744 24769 E gralloc4: Empty SMPTE 2094-40 data
12-03 18:02:23.149 24744 24769 E gralloc4: Empty SMPTE 2094-40 data
12-03 18:02:23.157 24744 24769 E gralloc4: Empty SMPTE 2094-40 data
12-03 18:02:23.165 24744 24769 E gralloc4: Empty SMPTE 2094-40 data
12-03 18:02:23.173 24744 24769 E gralloc4: Empty SMPTE 2094-40 data
12-03 18:02:23.182 24744 24769 E gralloc4: Empty SMPTE 2094-40 data
12-03 18:02:23.190 24744 24769 E gralloc4: Empty SMPTE 2094-40 data
12-03 18:02:23.199 24744 24769 E gralloc4: Empty SMPTE 2094-40 data
12-03 18:02:23.206 24744 24769 E gralloc4: Empty SMPTE 2094-40 data
12-03 18:02:23.216 24744 24769 E gralloc4: Empty SMPTE 2094-40 data
