We take content rights seriously. If you suspect this is your content, claim it here.
Available Formats
Download as TXT, PDF, TXT or read online on Scribd
You are on page 1/ 8
--------- beginning of crash
09-11 07:14:51.272 4479 4479 E AndroidRuntime: FATAL EXCEPTION: main
09-11 07:14:51.272 4479 4479 E AndroidRuntime: Process: sg.com.m1.sunshine.uat, PID: 4479
09-11 07:14:51.272 4479 4479 E AndroidRuntime: java.lang.RuntimeException: java.lang.NullPointerException: Attempt to invoke virtual method 'java.lang.Object java.lang.reflect.Method.invoke(java.lang.Object, java.lang.Object[])' on a null object reference
09-11 07:14:51.272 4479 4479 E AndroidRuntime: at com.facebook.react.animated.NativeAnimatedModule$1.doFrameGuarded(SourceFile:58)
09-11 07:14:51.272 4479 4479 E AndroidRuntime: at com.facebook.react.uimanager.GuardedFrameCallback.doFrame(SourceFile:1)
09-11 07:14:51.272 4479 4479 E AndroidRuntime: at com.facebook.react.modules.core.ReactChoreographer$1.doFrame(SourceFile:47)
09-11 07:14:51.272 4479 4479 E AndroidRuntime: at android.view.Choreographer$CallbackRecord.run(Choreographer.java:1229)
09-11 07:14:51.272 4479 4479 E AndroidRuntime: at android.view.Choreographer$CallbackRecord.run(Choreographer.java:1239)
09-11 07:14:51.272 4479 4479 E AndroidRuntime: at android.view.Choreographer.doCallbacks(Choreographer.java:899)
09-11 07:14:51.272 4479 4479 E AndroidRuntime: at android.view.Choreographer.doFrame(Choreographer.java:827)
09-11 07:14:51.272 4479 4479 E AndroidRuntime: at android.view.Choreographer$FrameDisplayEventReceiver.run(Choreographer.java:1214)
09-11 07:14:51.272 4479 4479 E AndroidRuntime: at android.os.Handler.handleCallback(Handler.java:942)
09-11 07:14:51.272 4479 4479 E AndroidRuntime: at android.os.Handler.dispatchMessage(Handler.java:99)
09-11 07:14:51.272 4479 4479 E AndroidRuntime: at android.os.Looper.loopOnce(Looper.java:201)
09-11 07:14:51.272 4479 4479 E AndroidRuntime: at android.os.Looper.loop(Looper.java:288)
09-11 07:14:51.272 4479 4479 E AndroidRuntime: at android.app.ActivityThread.main(ActivityThread.java:7884)
09-11 07:14:51.272 4479 4479 E AndroidRuntime: at java.lang.reflect.Method.invoke(Native Method)
09-11 07:14:51.272 4479 4479 E AndroidRuntime: at com.android.internal.os.RuntimeInit$MethodAndArgsCaller.run(RuntimeInit.java:548)
09-11 07:14:51.272 4479 4479 E AndroidRuntime: at com.android.internal.os.ZygoteInit.main(ZygoteInit.java:936)
09-11 07:14:51.272 4479 4479 E AndroidRuntime: Caused by: java.lang.NullPointerException: Attempt to invoke virtual method 'java.lang.Object java.lang.reflect.Method.invoke(java.lang.Object, java.lang.Object[])' on a null object reference
09-11 07:14:51.272 4479 4479 E AndroidRuntime: at com.swmansion.reanimated.layoutReanimation.TabNavigatorObserver$FragmentLifecycleCa llbacks.onFragmentUpdate(SourceFile:11)
09-11 07:14:51.272 4479 4479 E AndroidRuntime: at com.swmansion.reanimated.layoutReanimation.TabNavigatorObserver$FragmentLifecycleCa llbacks.onFragmentDetached(SourceFile:2)
09-11 07:14:51.272 4479 4479 E AndroidRuntime: at androidx.fragment.app.FragmentLifecycleCallbacksDispatcher.e(SourceFile:49)
09-11 07:14:51.272 4479 4479 E AndroidRuntime: at androidx.fragment.app.FragmentLifecycleCallbacksDispatcher.e(SourceFile:18)
09-11 07:14:51.272 4479 4479 E AndroidRuntime: at androidx.fragment.app.FragmentLifecycleCallbacksDispatcher.e(SourceFile:18)
09-11 07:14:51.272 4479 4479 E AndroidRuntime: at androidx.fragment.app.FragmentStateManager.i(SourceFile:42)
09-11 07:14:51.272 4479 4479 E AndroidRuntime: at androidx.fragment.app.FragmentStateManager.m(SourceFile:274)
09-11 07:14:51.272 4479 4479 E AndroidRuntime: at androidx.fragment.app.SpecialEffectsController$FragmentStateManagerOperation.c(Sour ceFile:6)
09-11 07:14:51.272 4479 4479 E AndroidRuntime: at androidx.fragment.app.SpecialEffectsController$Operation.d(SourceFile:17)
09-11 07:14:51.272 4479 4479 E AndroidRuntime: at androidx.fragment.app.DefaultSpecialEffectsController$SpecialEffectsInfo.a(SourceFi le:5)
09-11 07:14:51.272 4479 4479 E AndroidRuntime: at androidx.fragment.app.DefaultSpecialEffectsController.w(SourceFile:55)
09-11 07:14:51.272 4479 4479 E AndroidRuntime: at androidx.fragment.app.DefaultSpecialEffectsController.f(SourceFile:205)
09-11 07:14:51.272 4479 4479 E AndroidRuntime: at androidx.fragment.app.SpecialEffectsController.g(SourceFile:162)
09-11 07:14:51.272 4479 4479 E AndroidRuntime: at androidx.fragment.app.FragmentManager.g0(SourceFile:269)
09-11 07:14:51.272 4479 4479 E AndroidRuntime: at androidx.fragment.app.FragmentManager.r1(SourceFile:82)
09-11 07:14:51.272 4479 4479 E AndroidRuntime: at androidx.fragment.app.FragmentManager.e0(SourceFile:32)
09-11 07:14:51.272 4479 4479 E AndroidRuntime: at androidx.fragment.app.BackStackRecord.k(SourceFile:7)
09-11 07:14:51.272 4479 4479 E AndroidRuntime: at com.swmansion.rnscreens.ScreenContainer.x(SourceFile:55)
09-11 07:14:51.272 4479 4479 E AndroidRuntime: at com.swmansion.rnscreens.ScreenContainer.onDetachedFromWindow(SourceFile:11)
09-11 07:14:51.272 4479 4479 E AndroidRuntime: at android.view.View.dispatchDetachedFromWindow(View.java:21368)
09-11 07:14:51.272 4479 4479 E AndroidRuntime: at android.view.ViewGroup.dispatchDetachedFromWindow(ViewGroup.java:3957)
09-11 07:14:51.272 4479 4479 E AndroidRuntime: at android.view.ViewGroup.dispatchDetachedFromWindow(ViewGroup.java:3949)
09-11 07:14:51.272 4479 4479 E AndroidRuntime: at android.view.ViewGroup.dispatchDetachedFromWindow(ViewGroup.java:3949)
09-11 07:14:51.272 4479 4479 E AndroidRuntime: at android.view.ViewGroup.dispatchDetachedFromWindow(ViewGroup.java:3949)
09-11 07:14:51.272 4479 4479 E AndroidRuntime: at android.view.ViewGroup.dispatchDetachedFromWindow(ViewGroup.java:3949)
09-11 07:14:51.272 4479 4479 E AndroidRuntime: at android.view.ViewGroup.dispatchDetachedFromWindow(ViewGroup.java:3949)
09-11 07:14:51.272 4479 4479 E AndroidRuntime: at android.view.ViewGroup.dispatchDetachedFromWindow(ViewGroup.java:3949)
09-11 07:14:51.272 4479 4479 E AndroidRuntime: at android.view.ViewGroup.dispatchDetachedFromWindow(ViewGroup.java:3949)
09-11 07:14:51.272 4479 4479 E AndroidRuntime: at android.view.ViewGroup.dispatchDetachedFromWindow(ViewGroup.java:3949)
09-11 07:14:51.272 4479 4479 E AndroidRuntime: at android.view.ViewGroup.dispatchDetachedFromWindow(ViewGroup.java:3949)
09-11 07:14:51.272 4479 4479 E AndroidRuntime: at android.view.ViewGroup.dispatchDetachedFromWindow(ViewGroup.java:3949)
09-11 07:14:51.272 4479 4479 E AndroidRuntime: at android.view.ViewGroup.dispatchDetachedFromWindow(ViewGroup.java:3949)
09-11 07:14:51.272 4479 4479 E AndroidRuntime: at android.view.ViewGroup.dispatchDetachedFromWindow(ViewGroup.java:3949)
09-11 07:14:51.272 4479 4479 E AndroidRuntime: at android.view.ViewGroup.removeViewInternal(ViewGroup.java:5573)
09-11 07:14:51.272 4479 4479 E AndroidRuntime: at android.view.ViewGroup.removeViewInternal(ViewGroup.java:5544)
09-11 07:14:51.272 4479 4479 E AndroidRuntime: at android.view.ViewGroup.removeView(ViewGroup.java:5475)
09-11 07:14:51.272 4479 4479 E AndroidRuntime: at com.swmansion.rnscreens.ScreenContainer.removeView(SourceFile:37)
09-11 07:14:51.272 4479 4479 E AndroidRuntime: at androidx.fragment.app.SpecialEffectsController$Operation$State.a(SourceFile:171)
09-11 07:14:51.272 4479 4479 E AndroidRuntime: at androidx.fragment.app.DefaultSpecialEffectsController.s(SourceFile:11)
09-11 07:14:51.272 4479 4479 E AndroidRuntime: at androidx.fragment.app.DefaultSpecialEffectsController$1.run(SourceFile:22)
09-11 07:14:51.272 4479 4479 E AndroidRuntime: at androidx.fragment.app.SpecialEffectsController$Operation.c(SourceFile:61)
09-11 07:14:51.272 4479 4479 E AndroidRuntime: at androidx.fragment.app.SpecialEffectsController$FragmentStateManagerOperation.c(Sour ceFile:1)
09-11 07:14:51.272 4479 4479 E AndroidRuntime: at androidx.fragment.app.SpecialEffectsController$Operation.d(SourceFile:17)
09-11 07:14:51.272 4479 4479 E AndroidRuntime: at androidx.fragment.app.DefaultSpecialEffectsController$SpecialEffectsInfo.a(SourceFi le:5)
09-11 07:14:51.272 4479 4479 E AndroidRuntime: at androidx.fragment.app.DefaultSpecialEffectsController.w(SourceFile:55)
09-11 07:14:51.272 4479 4479 E AndroidRuntime: at androidx.fragment.app.DefaultSpecialEffectsController.f(SourceFile:205)
09-11 07:14:51.272 4479 4479 E AndroidRuntime: at androidx.fragment.app.SpecialEffectsController.g(SourceFile:162)
09-11 07:14:51.272 4479 4479 E AndroidRuntime: at androidx.fragment.app.FragmentManager.g0(SourceFile:269)
09-11 07:14:51.272 4479 4479 E AndroidRuntime: at androidx.fragment.app.FragmentManager.r1(SourceFile:92)
09-11 07:14:51.272 4479 4479 E AndroidRuntime: at androidx.fragment.app.FragmentManager.e0(SourceFile:32)
09-11 07:14:51.272 4479 4479 E AndroidRuntime: at androidx.fragment.app.BackStackRecord.k(SourceFile:7)
09-11 07:14:51.272 4479 4479 E AndroidRuntime: at com.swmansion.rnscreens.ScreenContainer.t(SourceFile:226)
09-11 07:14:51.272 4479 4479 E AndroidRuntime: at com.swmansion.rnscreens.ScreenContainer.u(SourceFile:26)
09-11 07:14:51.272 4479 4479 E AndroidRuntime: at com.swmansion.rnscreens.ScreenContainer.v(SourceFile:4)
09-11 07:14:51.272 4479 4479 E AndroidRuntime: at com.swmansion.rnscreens.ScreenContainer.o(SourceFile:1)
09-11 07:14:51.272 4479 4479 E AndroidRuntime: at com.swmansion.rnscreens.Screen.setActivityState(SourceFile:17)
09-11 07:14:51.272 4479 4479 E AndroidRuntime: at com.swmansion.rnscreens.ScreenViewManager.setActivityState(SourceFile:5)
09-11 07:14:51.272 4479 4479 E AndroidRuntime: at com.swmansion.rnscreens.ScreenViewManager.setActivityState(SourceFile:2)
09-11 07:14:51.272 4479 4479 E AndroidRuntime: at com.swmansion.rnscreens.ScreenViewManager.setActivityState(SourceFile:1)
09-11 07:14:51.272 4479 4479 E AndroidRuntime: at com.facebook.react.viewmanagers.RNSScreenManagerDelegate.b(SourceFile:748)
09-11 07:14:51.272 4479 4479 E AndroidRuntime: at com.facebook.react.uimanager.ViewManagerPropertyUpdater.h(SourceFile:29)
09-11 07:14:51.272 4479 4479 E AndroidRuntime: at com.facebook.react.uimanager.ViewManager.updateProperties(SourceFile:7)
09-11 07:14:51.272 4479 4479 E AndroidRuntime: at com.facebook.react.uimanager.NativeViewHierarchyManager.updateProperties(SourceFile :15)
09-11 07:14:51.272 4479 4479 E AndroidRuntime: at com.facebook.react.uimanager.UIImplementation.V(SourceFile:10)
09-11 07:14:51.272 4479 4479 E AndroidRuntime: at com.facebook.react.uimanager.UIManagerModule.synchronouslyUpdateViewOnUIThread(Sour ceFile:8)
09-11 07:14:51.272 4479 4479 E AndroidRuntime: at com.facebook.react.animated.PropsAnimatedNode.m(SourceFile:208)
09-11 07:14:51.272 4479 4479 E AndroidRuntime: at com.facebook.react.animated.NativeAnimatedNodesManager.B(SourceFile:177)
09-11 07:14:51.272 4479 4479 E AndroidRuntime: at com.facebook.react.animated.NativeAnimatedNodesManager.s(SourceFile:73)
09-11 07:14:51.272 4479 4479 E AndroidRuntime: at com.facebook.react.animated.NativeAnimatedModule$1.doFrameGuarded(SourceFile:21)
09-11 07:14:51.272 4479 4479 E AndroidRuntime: ... 15 more
09-11 07:14:51.278 1722 4870 I DropBoxManagerService: add tag=data_app_crash isTagEnabled=true flags=0x2
09-11 07:14:51.278 1722 1960 W ActivityTaskManager: Force finishing activity sg.com.m1.sunshine.uat/sg.com.m1.sunshine.MainActivity
09-11 07:14:51.280 1470 1470 D gralloc_ranchu: gralloc_alloc: Creating ashmem region of size 8298496
09-11 07:14:51.287 1470 1470 E [email protected]: open_verbose_path:50: Could not open '/dev/goldfish_pipe': No such file or directory
09-11 07:14:51.287 1470 1470 E [email protected]: open_verbose:121: both vsock and goldfish_pipe paths failed
09-11 07:14:51.289 1982 2394 D EGL_emulation: app_time_stats: avg=269.29ms min=15.86ms max=2037.91ms count=8
09-11 07:14:51.294 1722 1752 W BroadcastQueue: Background execution not allowed: receiving Intent { act=android.intent.action.DROPBOX_ENTRY_ADDED flg=0x10 (has extras) } to com.google.android.gms/.stats.service.DropBoxEntryAddedReceiver
09-11 07:14:51.296 4479 4479 I Process : Sending signal. PID: 4479 SIG: 9
09-11 07:14:51.316 1493 1493 I BpBinder: onLastStrongRef automatically unlinking death recipients: <uncached descriptor>
09-11 07:14:51.333 1982 2394 D EGL_emulation: app_time_stats: avg=2256.07ms min=15.90ms max=29127.06ms count=13
09-11 07:14:51.343 1722 1737 D ConnectivityService: ConnectivityService NetworkRequestInfo binderDied(uid/pid:10110/4479, [NetworkRequest [ LISTEN id=82, [ Capabilities: INTERNET&NOT_RESTRICTED&TRUSTED&NOT_VPN&FOREGROUND&NOT_VCN_MANAGED Uid: 10110 RequestorUid: 10110 RequestorPkg: sg.com.m1.sunshine.uat UnderlyingNetworks: Null] ]], android.os.BinderProxy@8b74105)
09-11 07:14:51.343 1722 3286 I WindowManager: WIN DEATH: Window{3462ff2 u0 sg.com.m1.sunshine.uat/sg.com.m1.sunshine.MainActivity}
09-11 07:14:51.343 1722 3286 W InputManager-JNI: Input channel object '3462ff2 sg.com.m1.sunshine.uat/sg.com.m1.sunshine.MainActivity (client)' was disposed without first being removed with the input manager!
09-11 07:14:51.343 1722 3939 I MediaFocusControl: AudioFocus removeFocusStackEntryOnDeath(): removing entry for android.os.BinderProxy@ab4655a
09-11 07:14:51.343 1565 1622 D NuPlayerDriver: reset(0xb400006e4b2b9110) at state 6
01-01 00:01:17.854 0 0 I binder : undelivered transaction 111748, process died.
01-01 00:01:17.855 0 0 I binder : undelivered transaction 111729, process died.
01-01 00:01:17.855 0 0 I binder : undelivered transaction 111747, process died.
01-01 00:01:17.855 0 0 I binder : undelivered transaction 111780, process died.
09-11 07:14:51.344 1452 1452 I Zygote : Process 4479 exited due to signal 9 (Killed)
09-11 07:14:51.347 1565 4686 D MediaCodec: flushMediametrics
09-11 07:14:51.348 1565 4656 D NuPlayerDriver: notifyResetComplete(0xb400006e4b2b9110)
09-11 07:14:51.349 1482 1927 W AudioFlinger: session id 49 not found for pid 4479
09-11 07:14:51.350 1722 1923 D ConnectivityService: ConnectivityService NetworkRequestInfo binderDied(uid/pid:10110/4479, [NetworkRequest [ REQUEST id=84, [ Capabilities: INTERNET&NOT_RESTRICTED&TRUSTED&NOT_VCN_MANAGED Uid: 10110 RequestorUid: 10110 RequestorPkg: sg.com.m1.sunshine.uat UnderlyingNetworks: Null] ]], android.os.BinderProxy@34cc38b)
09-11 07:14:51.350 1722 1912 D ConnectivityService: releasing NetworkRequest [ REQUEST id=84, [ Capabilities: INTERNET&NOT_RESTRICTED&TRUSTED&NOT_VCN_MANAGED Uid: 10110 RequestorUid: 10110 RequestorPkg: sg.com.m1.sunshine.uat UnderlyingNetworks: Null] ] (release request)
09-11 07:14:51.350 1722 1961 I ActivityManager: Process sg.com.m1.sunshine.uat (pid 4479) has died: fg TOP
09-11 07:14:51.351 1565 1622 W AMessage: failed to post message as target looper for handler 0 is gone.
09-11 07:14:51.352 1722 1961 I ActivityManager: Killing 4541:com.android.webview:sandboxed_process0:org.chromium.content.app.SandboxedProce ssService0:0/u0a110i0 (adj 0): isolated not needed
09-11 07:14:51.353 1722 1754 I libprocessgroup: Successfully killed process cgroup uid 10110 pid 4479 in 0ms
09-11 07:14:51.355 2392 2677 D EGL_emulation: app_time_stats: avg=14965.84ms min=129.34ms max=29802.35ms count=2
09-11 07:14:51.355 1722 1961 W InputManager-JNI: Input channel object 'Letterbox_left_ActivityRecord{b6638a4 u0 sg.com.m1.sunshine.uat/sg.com.m1.sunshine.MainActivity} t213} (client)' was disposed without first being removed with the input manager!
09-11 07:14:51.356 1722 1961 W InputManager-JNI: Input channel object 'Letterbox_top_ActivityRecord{b6638a4 u0 sg.com.m1.sunshine.uat/sg.com.m1.sunshine.MainActivity} t213} (client)' was disposed without first being removed with the input manager!
09-11 07:14:51.356 1722 1961 W InputManager-JNI: Input channel object 'Letterbox_right_ActivityRecord{b6638a4 u0 sg.com.m1.sunshine.uat/sg.com.m1.sunshine.MainActivity} t213} (client)' was disposed without first being removed with the input manager!
09-11 07:14:51.356 1722 1961 W InputManager-JNI: Input channel object 'Letterbox_bottom_ActivityRecord{b6638a4 u0 sg.com.m1.sunshine.uat/sg.com.m1.sunshine.MainActivity} t213} (client)' was disposed without first being removed with the input manager!
09-11 07:14:51.357 4239 4279 I Finsky:quick_launch: [41] lrv.run(181): Stats for Executor: bgExecutor qaf@96ee7b[Running, pool size = 4, active threads = 0, queued tasks = 0, completed tasks = 9]
09-11 07:14:51.359 1722 1961 W WindowManager: Exception thrown during dispatchAppVisibility Window{3462ff2 u0 sg.com.m1.sunshine.uat/sg.com.m1.sunshine.MainActivity EXITING}
09-11 07:14:51.359 1722 1961 W WindowManager: android.os.DeadObjectException
09-11 07:14:51.359 1722 1961 W WindowManager: at android.os.BinderProxy.transactNative(Native Method)
09-11 07:14:51.359 1722 1961 W WindowManager: at android.os.BinderProxy.transact(BinderProxy.java:584)
09-11 07:14:51.359 1722 1961 W WindowManager: at android.view.IWindow$Stub$Proxy.dispatchAppVisibility(IWindow.java:536)
09-11 07:14:51.359 1722 1961 W WindowManager: at com.android.server.wm.WindowState.sendAppVisibilityToClients(WindowState.java:3484)
09-11 07:14:51.359 1722 1961 W WindowManager: at com.android.server.wm.WindowContainer.sendAppVisibilityToClients(WindowContainer.ja va:1231)
09-11 07:14:51.359 1722 1961 W WindowManager: at com.android.server.wm.WindowToken.setClientVisible(WindowToken.java:392)
09-11 07:14:51.359 1722 1961 W WindowManager: at com.android.server.wm.ActivityRecord.setClientVisible(ActivityRecord.java:6770)
09-11 07:14:51.359 1722 1961 W WindowManager: at com.android.server.wm.ActivityRecord.onAnimationFinished(ActivityRecord.java:7592)
09-11 07:14:51.359 1722 1961 W WindowManager: at com.android.server.wm.ActivityRecord.postApplyAnimation(ActivityRecord.java:5454)
09-11 07:14:51.359 1722 1961 W WindowManager: at com.android.server.wm.ActivityRecord.commitVisibility(ActivityRecord.java:5414)
09-11 07:14:51.359 1722 1961 W WindowManager: at com.android.server.wm.ActivityRecord.commitVisibility(ActivityRecord.java:5418)
09-11 07:14:51.359 1722 1961 W WindowManager: at com.android.server.wm.AppTransitionController.handleClosingApps(AppTransitionContro ller.java:1158)
09-11 07:14:51.359 1722 1961 W WindowManager: at com.android.server.wm.AppTransitionController.handleAppTransitionReady(AppTransitio nController.java:268)
09-11 07:14:51.359 1722 1961 W WindowManager: at com.android.server.wm.RootWindowContainer.checkAppTransitionReady(RootWindowContain er.java:970)
09-11 07:14:51.359 1722 1961 W WindowManager: at com.android.server.wm.RootWindowContainer.performSurfacePlacementNoTrace(RootWindow Container.java:834)
09-11 07:14:51.359 1722 1961 W WindowManager: at com.android.server.wm.RootWindowContainer.performSurfacePlacement(RootWindowContain er.java:777)
09-11 07:14:51.359 1722 1961 W WindowManager: at com.android.server.wm.WindowSurfacePlacer.performSurfacePlacementLoop(WindowSurface Placer.java:177)
09-11 07:14:51.359 1722 1961 W WindowManager: at com.android.server.wm.WindowSurfacePlacer.performSurfacePlacement(WindowSurfacePlac er.java:126)
09-11 07:14:51.359 1722 1961 W WindowManager: at com.android.server.wm.WindowSurfacePlacer.performSurfacePlacement(WindowSurfacePlac er.java:115)
09-11 07:14:51.359 1722 1961 W WindowManager: at com.android.server.wm.WindowSurfacePlacer.continueLayout(WindowSurfacePlacer.java:9 7)
09-11 07:14:51.359 1722 1961 W WindowManager: at com.android.server.wm.ActivityTaskManagerService.continueWindowLayout(ActivityTaskM anagerService.java:4528)
09-11 07:14:51.359 1722 1961 W WindowManager: at com.android.server.wm.ActivityTaskManagerService$LocalService.handleAppDied(Activit yTaskManagerService.java:6128)
09-11 07:14:51.359 1722 1961 W WindowManager: at com.android.server.am.ActivityManagerService.handleAppDiedLocked(ActivityManagerSer vice.java:3241)
09-11 07:14:51.359 1722 1961 W WindowManager: at com.android.server.am.ActivityManagerService.appDiedLocked(ActivityManagerService.j ava:3337)
09-11 07:14:51.359 1722 1961 W WindowManager: at com.android.server.am.ActivityManagerService$AppDeathRecipient.binderDied(ActivityM anagerService.java:1478)
09-11 07:14:51.359 1722 1961 W WindowManager: at android.os.IBinder$DeathRecipient.binderDied(IBinder.java:317)
09-11 07:14:51.359 1722 1961 W WindowManager: at android.os.BinderProxy.sendDeathNotice(BinderProxy.java:704)
09-11 07:14:51.359 1722 1961 I Process : Sending signal. PID: 4479 SIG: 9
09-11 07:14:51.361 1722 1744 W ActivityManager: setHasOverlayUi called on unknown pid: 4479
09-11 07:14:51.365 4238 4280 I Finsky:background: [41] lrv.run(181): Stats for Executor: bgExecutor qaf@f237081[Running, pool size = 4, active threads = 0, queued tasks = 0, completed tasks = 41]
09-11 07:14:51.370 1722 1754 I libprocessgroup: Successfully killed process cgroup uid 99000 pid 4541 in 0ms
09-11 07:14:51.372 1493 1548 W TransactionTracing: Could not find layer handle 0xb400007b3e994890
09-11 07:14:51.372 1493 1548 W TransactionTracing: Could not find layer handle 0xb400007b3e996270
09-11 07:14:51.372 1493 1548 W TransactionTracing: Could not find layer handle 0xb400007b3e994a10
09-11 07:14:51.372 1493 1548 W TransactionTracing: Could not find layer handle 0xb400007b3e996db0
09-11 07:14:51.372 1493 1493 E ClientCache: failed to get buffer, invalid process token
09-11 07:14:51.372 1493 1548 W TransactionTracing: Could not find layer handle 0xb400007b3e994890
09-11 07:14:51.372 1493 1548 W TransactionTracing: Could not find layer handle 0xb400007b3e994a10
09-11 07:14:51.372 1493 1548 W TransactionTracing: Could not find layer handle 0xb400007b3e9968d0
09-11 07:14:51.372 1493 1548 W TransactionTracing: Could not find layer handle 0xb400007b3e997050
01-01 00:01:17.883 0 0 I binder : undelivered transaction 111906, process died.
01-01 00:01:17.884 0 0 I binder : undelivered transaction 111907, process died.
09-11 07:14:51.373 1493 1493 E BpTransactionCompletedListener: Failed to transact (-32)
09-11 07:14:51.374 2194 2194 I Zygote : Process 4541 exited due to signal 9 (Killed)
09-11 07:14:51.374 1722 1759 E KernelCpuUidFreqTimeReader: Failed to read /proc/uid_time_in_state: java.nio.file.NoSuchFileException: /proc/uid_time_in_state
09-11 07:14:51.375 2657 4844 I CryptauthV2: [ReEnrollmentCryptauthFramework] SyncKeysRequest successfully completed
09-11 07:14:51.375 4239 4279 I Finsky:quick_launch: [41] lrv.run(181): Stats for Executor: LightweightExecutor qaf@b0f3498[Running, pool size = 3, active threads = 0, queued tasks = 0, completed tasks = 8]
09-11 07:14:51.375 1722 1759 W KernelCpuProcStringReader: File not found. It's normal if not implemented: /proc/uid_time_in_state
09-11 07:14:51.375 1722 1759 W KernelCpuProcStringReader: File not found. It's normal if not implemented: /proc/uid_concurrent_active_time
09-11 07:14:51.376 1722 1759 W KernelCpuProcStringReader: File not found. It's normal if not implemented: /proc/uid_concurrent_policy_time
09-11 07:14:51.376 1722 1759 E KernelCpuSpeedReader: Failed to read cpu-freq: /sys/devices/system/cpu/cpu0/cpufreq/stats/time_in_state: open failed: ENOENT (No such file or directory)
09-11 07:14:51.376 1722 1759 E system_server: Cannot obtain CPU frequency count
09-11 07:14:51.376 1722 1759 E system_server: Cannot obtain CPU frequency count
09-11 07:14:51.376 1722 1759 E system_server: Cannot obtain CPU frequency count
09-11 07:14:51.376 1722 1759 E system_server: Cannot read thread CPU times for PID 1722
01-01 00:01:17.885 0 0 I binder : undelivered transaction 111909, process died.
09-11 07:14:51.385 4238 4280 I Finsky:background: [41] lrv.run(181): Stats for Executor: LightweightExecutor qaf@3246526[Running, pool size = 3, active threads = 0, queued tasks = 0, completed tasks = 14]
09-11 07:14:51.486 2657 4844 I CryptauthV2: [ReEnrollmentCryptauthFramework] Not performing EnrollKeys
09-11 07:14:51.491 2632 4798 I NetworkScheduler.Stats: Task com.google.android.gms/com.google.android.gms.auth.cryptauth.register.ReEnrollmentS ervice finished executing. cause:5 result: 1 elapsed_millis: 1665 uptime_millis: 1665 exec_start_elapsed_seconds: 76 [CONTEXT service_id=218 ]
09-11 07:14:51.521 4238 4280 I Finsky:background: [41] lrv.run(181): Stats for Executor: BlockingExecutor qaf@eb4d567[Running, pool size = 2, active threads = 0, queued tasks = 0, completed tasks = 5]
09-11 07:14:51.729 1457 2391 I [email protected]: Not sending LE Scan request to advertising address be:ac:10:00:00:01[PUBLIC_DEVICE_ADDRESS](PUBLIC_DEVICE_ADDRESS) because it is not scannable
09-11 07:14:51.730 1457 2391 I [email protected]: Not sending LE Scan request to advertising address be:ac:10:00:00:02[PUBLIC_DEVICE_ADDRESS](PUBLIC_DEVICE_ADDRESS) because it is not scannable
09-11 07:14:51.780 1722 1744 W ActivityTaskManager: Activity top resumed state loss timeout for ActivityRecord{b6638a4 u0 sg.com.m1.sunshine.uat/sg.com.m1.sunshine.MainActivity} t-1 f}}
09-11 07:14:52.680 1722 1960 D OomAdjuster: Not killing cached processes
09-11 07:14:52.731 1457 2391 I [email protected]: Not sending LE Scan request to advertising address be:ac:10:00:00:01[PUBLIC_DEVICE_ADDRESS](PUBLIC_DEVICE_ADDRESS) because it is not scannable
09-11 07:14:52.732 1457 2391 I [email protected]: Not sending LE Scan request to advertising address be:ac:10:00:00:02[PUBLIC_DEVICE_ADDRESS](PUBLIC_DEVICE_ADDRESS) because it is not scannable
09-11 07:14:52.770 3173 3603 I Dialer : VvmTaskExecutor - executing task com.android.voicemail.impl.ActivationTask@8f52d1e
09-11 07:14:52.770 3173 3603 I Dialer : PreOMigrationHandler - ComponentInfo{com.android.phone/com.android.services.telephony.TelephonyConnectionS ervice}, 1, UserHandle{0} already migrated
09-11 07:14:52.786 2684 3610 I VoicemailNotifier: receivers for android.intent.action.PROVIDER_CHANGED :[]
09-11 07:14:52.787 3173 3603 I Dialer : VvmActivationTask - VVM content provider configured - vvm_type_cvvm
09-11 07:14:52.787 3173 3603 I Dialer : OmtpVvmCarrierCfgHlpr - OmtpEvent:CONFIG_ACTIVATING
09-11 07:14:52.790 2684 3610 I VoicemailNotifier: receivers for android.intent.action.PROVIDER_CHANGED :[]
09-11 07:14:52.797 2110 4161 D SmsNumberUtils: enter filterDestAddr. destAddr="[BajqU4K5_YhSYbs-7QUn0dOwcmI]"
09-11 07:14:52.798 2110 4161 D SmsNumberUtils: destAddr is not formatted.
09-11 07:14:52.798 2110 4161 D SmsNumberUtils: leave filterDestAddr, new destAddr="[BajqU4K5_YhSYbs-7QUn0dOwcmI]"
09-11 07:14:52.802 1498 1613 D baseband-sms: newsms
09-11 07:14:52.802 1498 1613 D baseband-sms: sender:(N/A)
09-11 07:14:52.802 1498 1613 D baseband-sms: receiver:122
09-11 07:14:52.802 1498 1613 D baseband-sms: index:1/1
09-11 07:14:52.802 1498 1613 D baseband-sms: txt:'FQKf.Σ:etΔ#'
09-11 07:14:52.805 1722 1752 W BroadcastQueue: Permission Denial: broadcasting Intent { act=com.android.voicemailomtp.sms.REQUEST_SENT flg=0x10 pkg=com.android.dialer } from com.android.dialer (pid=-1, uid=10051) requires com.android.dialer.permission.DIALER_ORIGIN due to registered receiver BroadcastFilter{cb9425f 10051/u0 ReceiverList{a230afe 3173 com.android.dialer/10051/u0 remote:cf026b9}}