0% found this document useful (0 votes)
4 views

logcat

Uploaded by

behzad5233000
Copyright
© © All Rights Reserved
We take content rights seriously. If you suspect this is your content, claim it here.
Available Formats
Download as TXT, PDF, TXT or read online on Scribd
0% found this document useful (0 votes)
4 views

logcat

Uploaded by

behzad5233000
Copyright
© © All Rights Reserved
We take content rights seriously. If you suspect this is your content, claim it here.
Available Formats
Download as TXT, PDF, TXT or read online on Scribd
You are on page 1/ 49

--------- beginning of main

01-08 21:49:42.275 18980 18980 E com.Pad.Gando: Not starting debugger since process
cannot load the jdwp agent.
01-08 21:49:42.882 18980 18980 I com.Pad.Gando: The ClassLoaderContext is a special
shared library.
01-08 21:49:43.074 18980 18980 D DVBDataProvider: DVBDataProvider onCreate
01-08 21:49:43.090 18980 18980 D DVBDataProvider: >>>>>>>>>>>>>>>> openDatabase
>>>>>>>>>>>>>>>>>>>>
01-08 21:49:43.138 18980 18980 W linker : Warning: library "libsqlite.so"
("/system/lib/libsqlite.so") needed or dlopened by "/data/app/com.Pad.Gando-
XHzQD_WFCb12HHAmi9uMfw==/lib/arm/libPadTVdatabasejni.so" is not accessible by
namespace "classloader-namespace" and will not work when the app moves to API level
24 or later (https://android.googlesource.com/platform/bionic/+/master/private-api-
enforced-for-api-level-24) (allowing for now because this app's target API level is
still 18)
01-08 21:49:43.471 18980 18980 E libsigchain: Warning: Unexpected sigaction action
found 0xee73299d
01-08 21:49:43.533 18980 18980 D DVBDatabase: getAndroidSDKVersion is 28
01-08 21:49:43.533 18980 18980 E JNIDVBDATABASE: Android system version =28
01-08 21:49:43.533 18980 18980 E JNIDVBDATABASE: Android system version 28
01-08 21:49:43.533 18980 18980 D DVBDatabase: builtinEPGTable is CREATE TABLE
evt_table
01-08 21:49:43.534 18980 18980 E SQLiteLog: (1) table evt_table already exists
01-08 21:49:43.535 18980 18980 W System.err:
android.database.sqlite.SQLiteException: table evt_table already exists (code 1
SQLITE_ERROR[1]): , while compiling: CREATE TABLE evt_table (db_id integer primary
key autoincrement, db_ts_id integer,network_id integer, db_srv_id integer, event_id
integer,name text, start integer, end integer, descr text, items text, ext_descr
text, rrt_ratings text)
01-08 21:49:43.538 18980 18980 W System.err: at
android.database.sqlite.SQLiteConnection.nativePrepareStatement(Native Method)
01-08 21:49:43.539 18980 18980 W System.err: at
android.database.sqlite.SQLiteConnection.acquirePreparedStatement(SQLiteConnection.
java:1229)
01-08 21:49:43.539 18980 18980 W System.err: at
android.database.sqlite.SQLiteConnection.prepare(SQLiteConnection.java:703)
01-08 21:49:43.539 18980 18980 W System.err: at
android.database.sqlite.SQLiteSession.prepare(SQLiteSession.java:588)
01-08 21:49:43.539 18980 18980 W System.err: at
android.database.sqlite.SQLiteProgram.<init>(SQLiteProgram.java:59)
01-08 21:49:43.539 18980 18980 W System.err: at
android.database.sqlite.SQLiteStatement.<init>(SQLiteStatement.java:31)
01-08 21:49:43.539 18980 18980 W System.err: at
android.database.sqlite.SQLiteDatabase.executeSql(SQLiteDatabase.java:2227)
01-08 21:49:43.539 18980 18980 W System.err: at
android.database.sqlite.SQLiteDatabase.execSQL(SQLiteDatabase.java:2155)
01-08 21:49:43.539 18980 18980 W System.err: at
com.Pad.tvservice.DVBDatabase.builtinEPGTable(DVBDatabase.java:113)
01-08 21:49:43.539 18980 18980 W System.err: at
com.Pad.tvservice.DVBDatabase.<init>(DVBDatabase.java:45)
01-08 21:49:43.539 18980 18980 W System.err: at
com.Pad.tvservice.DVBDataProvider.openDatabase(DVBDataProvider.java:99)
01-08 21:49:43.539 18980 18980 W System.err: at
com.Pad.tvservice.DVBDataProvider.onCreate(DVBDataProvider.java:219)
01-08 21:49:43.539 18980 18980 W System.err: at
android.content.ContentProvider.attachInfo(ContentProvider.java:1940)
01-08 21:49:43.539 18980 18980 W System.err: at
android.content.ContentProvider.attachInfo(ContentProvider.java:1915)
01-08 21:49:43.539 18980 18980 W System.err: at
android.app.ActivityThread.installProvider(ActivityThread.java:6765)
01-08 21:49:43.539 18980 18980 W System.err: at
android.app.ActivityThread.installContentProviders(ActivityThread.java:6312)
01-08 21:49:43.539 18980 18980 W System.err: at
android.app.ActivityThread.handleBindApplication(ActivityThread.java:6227)
01-08 21:49:43.539 18980 18980 W System.err: at
android.app.ActivityThread.access$1200(ActivityThread.java:237)
01-08 21:49:43.539 18980 18980 W System.err: at
android.app.ActivityThread$H.handleMessage(ActivityThread.java:1792)
01-08 21:49:43.539 18980 18980 W System.err: at
android.os.Handler.dispatchMessage(Handler.java:106)
01-08 21:49:43.539 18980 18980 W System.err: at
android.os.Looper.loop(Looper.java:214)
01-08 21:49:43.539 18980 18980 W System.err: at
android.app.ActivityThread.main(ActivityThread.java:7073)
01-08 21:49:43.539 18980 18980 W System.err: at
java.lang.reflect.Method.invoke(Native Method)
01-08 21:49:43.539 18980 18980 W System.err: at
com.android.internal.os.RuntimeInit$MethodAndArgsCaller.run(RuntimeInit.java:493)
01-08 21:49:43.540 18980 18980 W System.err: at
com.android.internal.os.ZygoteInit.main(ZygoteInit.java:964)
01-08 21:49:43.540 18980 18980 D DVBDataProvider: attach
database........../data/user/0/com.Pad.Gando/databases/dvb.db
01-08 21:49:43.542 18980 18980 D DVBDataProvider: load data from file to
memory..........
01-08 21:49:43.542 18980 18980 D DVBDataProvider: Loading database from file
/data/user/0/com.Pad.Gando/databases/dvb.db to memory...
01-08 21:49:43.547 18980 18980 D DVBDatabase: getAndroidSDKVersion is 28
01-08 21:49:43.547 18980 18980 E JNIDVBDATABASE: Android system version =28
01-08 21:49:43.547 18980 18980 E JNIDVBDATABASE: Android system version 28
01-08 21:49:43.548 18980 18980 D DVBDatabase: builtinEPGTable is CREATE TABLE
evt_table
01-08 21:49:43.548 18980 18980 E SQLiteLog: (1) table evt_table already exists
01-08 21:49:43.548 18980 18980 W System.err:
android.database.sqlite.SQLiteException: table evt_table already exists (code 1
SQLITE_ERROR[1]): , while compiling: CREATE TABLE evt_table (db_id integer primary
key autoincrement, db_ts_id integer,network_id integer, db_srv_id integer, event_id
integer,name text, start integer, end integer, descr text, items text, ext_descr
text, rrt_ratings text)
01-08 21:49:43.549 18980 18980 W System.err: at
android.database.sqlite.SQLiteConnection.nativePrepareStatement(Native Method)
01-08 21:49:43.549 18980 18980 W System.err: at
android.database.sqlite.SQLiteConnection.acquirePreparedStatement(SQLiteConnection.
java:1229)
01-08 21:49:43.549 18980 18980 W System.err: at
android.database.sqlite.SQLiteConnection.prepare(SQLiteConnection.java:703)
01-08 21:49:43.549 18980 18980 W System.err: at
android.database.sqlite.SQLiteSession.prepare(SQLiteSession.java:588)
01-08 21:49:43.549 18980 18980 W System.err: at
android.database.sqlite.SQLiteProgram.<init>(SQLiteProgram.java:59)
01-08 21:49:43.549 18980 18980 W System.err: at
android.database.sqlite.SQLiteStatement.<init>(SQLiteStatement.java:31)
01-08 21:49:43.549 18980 18980 W System.err: at
android.database.sqlite.SQLiteDatabase.executeSql(SQLiteDatabase.java:2227)
01-08 21:49:43.549 18980 18980 W System.err: at
android.database.sqlite.SQLiteDatabase.execSQL(SQLiteDatabase.java:2155)
01-08 21:49:43.549 18980 18980 W System.err: at
com.Pad.tvservice.DVBDatabase.builtinEPGTable(DVBDatabase.java:113)
01-08 21:49:43.549 18980 18980 W System.err: at
com.Pad.tvservice.DVBDatabase.<init>(DVBDatabase.java:45)
01-08 21:49:43.549 18980 18980 W System.err: at
com.Pad.tvservice.DVBDataProvider.openDatabase(DVBDataProvider.java:133)
01-08 21:49:43.549 18980 18980 W System.err: at
com.Pad.tvservice.DVBDataProvider.onCreate(DVBDataProvider.java:219)
01-08 21:49:43.549 18980 18980 W System.err: at
android.content.ContentProvider.attachInfo(ContentProvider.java:1940)
01-08 21:49:43.549 18980 18980 W System.err: at
android.content.ContentProvider.attachInfo(ContentProvider.java:1915)
01-08 21:49:43.549 18980 18980 W System.err: at
android.app.ActivityThread.installProvider(ActivityThread.java:6765)
01-08 21:49:43.549 18980 18980 W System.err: at
android.app.ActivityThread.installContentProviders(ActivityThread.java:6312)
01-08 21:49:43.549 18980 18980 W System.err: at
android.app.ActivityThread.handleBindApplication(ActivityThread.java:6227)
01-08 21:49:43.549 18980 18980 W System.err: at
android.app.ActivityThread.access$1200(ActivityThread.java:237)
01-08 21:49:43.549 18980 18980 W System.err: at
android.app.ActivityThread$H.handleMessage(ActivityThread.java:1792)
01-08 21:49:43.549 18980 18980 W System.err: at
android.os.Handler.dispatchMessage(Handler.java:106)
01-08 21:49:43.549 18980 18980 W System.err: at
android.os.Looper.loop(Looper.java:214)
01-08 21:49:43.549 18980 18980 W System.err: at
android.app.ActivityThread.main(ActivityThread.java:7073)
01-08 21:49:43.549 18980 18980 W System.err: at
java.lang.reflect.Method.invoke(Native Method)
01-08 21:49:43.549 18980 18980 W System.err: at
com.android.internal.os.RuntimeInit$MethodAndArgsCaller.run(RuntimeInit.java:493)
01-08 21:49:43.549 18980 18980 W System.err: at
com.android.internal.os.ZygoteInit.main(ZygoteInit.java:964)
01-08 21:49:43.734 18980 18980 W linker : Warning: "/data/app/com.Pad.Gando-
XHzQD_WFCb12HHAmi9uMfw==/lib/arm/libDVBCodec.so" has text relocations and will not
work when the app moves to API level 23 or later
(https://android.googlesource.com/platform/bionic/+/master/Text-Relocations-
Enforced-for-API-level-23) (allowing for now because this app's target API level is
still 18)
01-08 21:49:43.758 18980 18980 I SDL_android: JNI_OnLoad called
01-08 21:49:43.849 18980 18980 D MainActivity: onCreate
01-08 21:49:43.894 18980 18980 I DecorView: createDecorCaptionView >>
DecorView@96195da[], isFloating: false, isApplication: true, hasWindowDecorCaption:
false, hasWindowControllerCallback: true
01-08 21:49:43.926 18980 18980 D OpenGLRenderer: Skia GL Pipeline
01-08 21:49:44.484 18980 18990 I com.Pad.Gando: Background concurrent copying GC
freed 4324(1044KB) AllocSpace objects, 2(40KB) LOS objects, 52% free, 1365KB/2MB,
paused 507us total 138.632ms
01-08 21:49:44.511 18980 18980 D MediaFragment: onCreateView
01-08 21:49:44.602 18980 18980 D MainActivity:
path=/data/user/0/com.Pad.Gando/files
01-08 21:49:44.612 18980 18980 D AssetsUtil: countries>>4
01-08 21:49:44.612 18980 18980 D AssetsUtil: countries>>4
01-08 21:49:44.612 18980 18980 D AssetsUtil: countries>>2
01-08 21:49:44.612 18980 18980 D AssetsUtil: countries>>1
01-08 21:49:44.612 18980 18980 D AssetsUtil: countries>>4
01-08 21:49:44.612 18980 18980 I chatty : uid=10189(com.Pad.Gando) identical 1
line
01-08 21:49:44.612 18980 18980 D AssetsUtil: countries>>4
01-08 21:49:44.612 18980 18980 D AssetsUtil: countries>>2
01-08 21:49:44.612 18980 18980 D AssetsUtil: countries>>4
01-08 21:49:44.612 18980 18980 D AssetsUtil: countries>>5
01-08 21:49:44.612 18980 18980 D AssetsUtil: countries>>2
01-08 21:49:44.612 18980 18980 D AssetsUtil: countries>>4
01-08 21:49:44.612 18980 18980 D AssetsUtil: countries>>6
01-08 21:49:44.612 18980 18980 D AssetsUtil: countries>>4
01-08 21:49:44.613 18980 18980 I chatty : uid=10189(com.Pad.Gando) identical 10
lines
01-08 21:49:44.613 18980 18980 D AssetsUtil: countries>>4
01-08 21:49:44.613 18980 18980 D AssetsUtil: countries>>7
01-08 21:49:44.613 18980 18980 D AssetsUtil: countries>>4
01-08 21:49:44.613 18980 18980 I chatty : uid=10189(com.Pad.Gando) identical 1
line
01-08 21:49:44.613 18980 18980 D AssetsUtil: countries>>4
01-08 21:49:44.613 18980 18980 D AssetsUtil: countries>>6
01-08 21:49:44.613 18980 18980 D AssetsUtil: countries>>5
01-08 21:49:44.613 18980 18980 D AssetsUtil: countries>>4
01-08 21:49:44.614 18980 18980 I chatty : uid=10189(com.Pad.Gando) identical 5
lines
01-08 21:49:44.614 18980 18980 D AssetsUtil: countries>>4
01-08 21:49:44.614 18980 18980 D AssetsUtil: countries>>5
01-08 21:49:44.614 18980 18980 D AssetsUtil: countries>>4
01-08 21:49:44.614 18980 18980 I chatty : uid=10189(com.Pad.Gando) identical 3
lines
01-08 21:49:44.614 18980 18980 D AssetsUtil: countries>>4
01-08 21:49:44.614 18980 18980 D AssetsUtil: countries>>2
01-08 21:49:44.614 18980 18980 D AssetsUtil: countries>>2
01-08 21:49:44.614 18980 18980 D AssetsUtil: countries>>4
01-08 21:49:44.614 18980 18980 I chatty : uid=10189(com.Pad.Gando) identical 1
line
01-08 21:49:44.614 18980 18980 D AssetsUtil: countries>>4
01-08 21:49:44.614 18980 18980 D AssetsUtil: countries>>3
01-08 21:49:44.615 18980 18980 D AssetsUtil: countries>>4
01-08 21:49:44.615 18980 18980 D AssetsUtil: countries>>4
01-08 21:49:44.615 18980 18980 D AssetsUtil: countries>>3
01-08 21:49:44.615 18980 18980 D AssetsUtil: countries>>4
01-08 21:49:44.615 18980 18980 I chatty : uid=10189(com.Pad.Gando) identical 3
lines
01-08 21:49:44.615 18980 18980 D AssetsUtil: countries>>4
01-08 21:49:44.615 18980 18980 D AssetsUtil: countries>>6
01-08 21:49:44.615 18980 18980 D AssetsUtil: countries>>3
01-08 21:49:44.615 18980 18980 D AssetsUtil: countries>>8
01-08 21:49:44.615 18980 18980 D AssetsUtil: countries>>4
01-08 21:49:44.615 18980 18980 D AssetsUtil: countries>>5
01-08 21:49:44.615 18980 18980 D AssetsUtil: countries>>4
01-08 21:49:44.616 18980 18980 D AssetsUtil: freqList>>>1
01-08 21:49:44.616 18980 18980 D AssetsUtil: freqList>>>2
01-08 21:49:44.616 18980 18980 D AssetsUtil: freqList>>>3
01-08 21:49:44.616 18980 18980 D AssetsUtil: freqList>>>4
01-08 21:49:44.616 18980 18980 D AssetsUtil: freqList>>>5
01-08 21:49:44.617 18980 18980 D AssetsUtil: freqList>>>6
01-08 21:49:44.617 18980 18980 D AssetsUtil: freqList>>>7
01-08 21:49:44.617 18980 18980 D AssetsUtil: freqList>>>8
01-08 21:49:44.617 18980 18980 D AssetsUtil: freqList>>>9
01-08 21:49:44.701 18980 18980 D MainActivity: onStart
01-08 21:49:44.709 18980 18980 D MainActivity: onResume
01-08 21:49:44.723 18980 18980 D UsbDRV PadTV: #### usb device8013#45333
01-08 21:49:44.726 18980 18980 D UsbDRV PadTV: #### usb UsbDrv_GetProductId:b115
01-08 21:49:44.727 18980 18980 D DVBClient: #DVBClient connect
01-08 21:49:44.761 18980 19025 D NetworkSecurityConfig: No Network Security Config
specified, using platform default
01-08 21:49:44.784 18980 19025 I System.out: (HTTPLog)-Static: isSBSettingEnabled
false
01-08 21:49:44.785 18980 19025 I System.out: (HTTPLog)-Static: isSBSettingEnabled
false
01-08 21:49:44.797 18980 18980 D DVBClient:
setEventListener:com.Pad.Gando.MainActivity$6@8708cb4
01-08 21:49:44.821 18980 18980 D EmergencyMode: [EmergencyManager] android
createPackageContext successful
01-08 21:49:44.963 18980 18980 D InputTransport: Input channel constructed: fd=66
01-08 21:49:44.963 18980 18980 D ViewRootImpl@86fdbaa[MainActivity]: setView =
DecorView@96195da[MainActivity] TM=true MM=false
01-08 21:49:45.040 18980 18980 I ##JNI PadTV##: Enter JNI Load Line=1392
01-08 21:49:45.040 18980 18980 I ##JNI PadTV##: Enter JNI Load Line=TVd
01-08 21:49:45.062 18980 18980 D SurfaceView: onWindowVisibilityChanged(0) true
com.geniatech.dvbcodec.ui.VideoGLSurfaceView{7edd62 VFE...CL. ......I. 0,0-0,0
#7f0b0001 app:id/videoGLSurfaceViewID} of ViewRootImpl@86fdbaa[MainActivity]
01-08 21:49:45.099 18980 19043 I System.out: (HTTPLog)-Static: isSBSettingEnabled
false
01-08 21:49:45.100 18980 19043 I System.out: (HTTPLog)-Static: isSBSettingEnabled
false
01-08 21:49:45.167 18980 19045 I System.out: (HTTPLog)-Static: isSBSettingEnabled
false
01-08 21:49:45.168 18980 19045 I System.out: (HTTPLog)-Static: isSBSettingEnabled
false
01-08 21:49:45.170 18980 18980 D ViewRootImpl@86fdbaa[MainActivity]: Relayout
returned: old=[0,0][1476,720] new=[0,0][1423,720] result=0x7 surface={true
3331313664} changed=true
01-08 21:49:45.205 18980 18980 D SurfaceView: show() Surface(name=SurfaceView -
com.Pad.Gando/com.Pad.Gando.MainActivity@7edd62@0[18980])/@0xec0ecc8
com.geniatech.dvbcodec.ui.VideoGLSurfaceView{7edd62 VFE...CL. ......ID 0,0-1423,720
#7f0b0001 app:id/videoGLSurfaceViewID}
01-08 21:49:45.213 18980 19043 I System.out: (HTTPLog)-Static: isSBSettingEnabled
false
01-08 21:49:45.213 18980 19043 I System.out: (HTTPLog)-Static: isSBSettingEnabled
false
01-08 21:49:45.220 18980 18980 D SurfaceView: surfaceCreated 1 #8
com.geniatech.dvbcodec.ui.VideoGLSurfaceView{7edd62 VFE...CL. ......ID 0,0-1423,720
#7f0b0001 app:id/videoGLSurfaceViewID}
01-08 21:49:45.220 18980 18980 D SurfaceView: surfaceChanged (1423,720) 1 #8
com.geniatech.dvbcodec.ui.VideoGLSurfaceView{7edd62 VFE...CL. ......ID 0,0-1423,720
#7f0b0001 app:id/videoGLSurfaceViewID}
01-08 21:49:45.492 18980 19043 E libc : Access denied finding property
"ro.serialno"
01-08 21:49:45.821 18980 19031 I ConfigStore:
android::hardware::configstore::V1_0::ISurfaceFlingerConfigs::hasWideColorDisplay
retrieved: 0
01-08 21:49:45.823 18980 19031 I ConfigStore:
android::hardware::configstore::V1_0::ISurfaceFlingerConfigs::hasHDRDisplay
retrieved: 0
01-08 21:49:45.823 18980 19031 I OpenGLRenderer: Initialized EGL, version 1.4
01-08 21:49:45.823 18980 19031 D OpenGLRenderer: Swap behavior 2
01-08 21:49:45.826 18980 19016 W VideoGLSurfaceView: creating OpenGL ES 2.0 context
01-08 21:49:45.863 18980 18980 E Share : OnekeyShare--MainActivity msg.what:1
01-08 21:49:45.866 18980 18980 D DVBClient: register :
com.Pad.tvservice.DVBClient$2@1d6312
01-08 21:49:45.870 18980 18980 D UsbDRV PadTV: #### usb device8013#45333
01-08 21:49:45.870 18980 18980 D DVBService: open_device
path=/data/user/0/com.Pad.Gando/files
01-08 21:49:45.871 18980 18980 I ##JNI PadTV##: PadTV=>1736360385: ##PadTV_Init
In##
01-08 21:49:45.871 18980 18980 I ##JNI PadTV##:
01-08 21:49:45.871 18980 19016 D mali_winsys: EGLint
new_window_surface(egl_winsys_display *, void *, EGLSurface, EGLConfig,
egl_winsys_surface **, EGLBoolean) returns 0x3000
01-08 21:49:45.871 18980 18980 I ##JNI PadTV##: PadTV=>1736360385: ##PadTV_Init
Int DVBMgr ## Line=268
01-08 21:49:45.871 18980 18980 I ##JNI PadTV##:
01-08 21:49:45.871 18980 18980 I ##JNI PadTV##: PadTV=>1736360385: ###DVBMgr==>
DVBMgr priv=-986210216 In Line=278
01-08 21:49:45.871 18980 18980 I ##JNI PadTV##: PadTV=>1736360385: ###DVBMgr==>
DVBMgr Out Line=290
01-08 21:49:45.871 18980 18980 I ##JNI PadTV##: PadTV=>1736360385: ###DVBMgr==>
Init In Line=459
01-08 21:49:45.871 18980 18980 I ##JNI PadTV##: PadTV=>1736360385: ###DrvFactory==>
Init m_priv=1851868974 In Line=94
01-08 21:49:45.871 18980 18980 I ##JNI PadTV##: ##UsbDrv_GetVendorId In##
01-08 21:49:45.871 18980 18980 D UsbDRV PadTV: #### usb UsbDrv_GetVendorId:1f4d
01-08 21:49:45.871 18980 18980 I ##JNI PadTV##: ##UsbDrv_GetVendorId Out
VendorPid=8013 ##
01-08 21:49:45.871 18980 18980 I ##JNI PadTV##: ##JNI UsbDrv_GetProductId In##
01-08 21:49:45.872 18980 18980 D UsbDRV PadTV: #### usb UsbDrv_GetProductId:b115
01-08 21:49:45.872 18980 18980 I ##JNI PadTV##: ##jni UsbDrv_GetProductId Out
ProductId=45333##
01-08 21:49:45.872 18980 19016 D VideoGLSurfaceRenderer:
###onSurfaceChanged:1423;720
01-08 21:49:45.872 18980 18980 I ##JNI PadTV##: PadTV=>1736360385: get_deviceIndex
open =/dev/dvb0.frontend0 failed Line=43
01-08 21:49:45.872 18980 18980 I ##JNI PadTV##: PadTV=>1736360385: get_deviceIndex
open =/dev/dvb1.frontend0 failed Line=43
01-08 21:49:45.873 18980 18980 I ##JNI PadTV##: PadTV=>1736360385: #DrvFactory Init
VendorId=8013 ProductId=45333
01-08 21:49:45.873 18980 18980 I ##JNI PadTV##: PadTV=>1736360385: #DrvFactory Init
OK 9135x Line=125
01-08 21:49:45.873 18980 18980 I ##JNI PadTV##: ##UsbDrv_Init In##
01-08 21:49:45.873 18980 18980 D UsbDRV PadTV: ##UsbDrv_Init##
01-08 21:49:45.874 18980 18980 I ##JNI PadTV##: ##UsbDrv_Init Out ##
01-08 21:49:45.874 18980 18980 I ##JNI PadTV##: ##UsbDrv_SelectInterface In##
01-08 21:49:45.874 18980 18980 D UsbDRV PadTV: ##UsbDrv_SelectInterface:0
01-08 21:49:45.878 18980 18980 D UsbDRV PadTV:
>>>>>>>>>>>>>>>>>>>>>>>>>>:claimInterface <<
01-08 21:49:45.878 18980 18980 I ##JNI PadTV##: ##UsbDrv_SelectInterface Out ##
01-08 21:49:45.879 18980 18980 I ##PT917x##: - Enter Device_init Function -
01-08 21:49:45.879 18980 18980 I ##PT917x##: DRIVER_RELEASE_VERSION :
v12.04.02.1
01-08 21:49:45.879 18980 18980 I ##PT917x##: FW_RELEASE_VERSION :
V1_0_26_2
01-08 21:49:45.879 18980 18980 I ##PT917x##: OMEGA2_FW_RELEASE_VERSION :
V3_25_0_0
01-08 21:49:45.879 18980 18980 I ##PT917x##: API_RELEASE_VERSION :
203.20110426.0
01-08 21:49:45.879 18980 18980 I ##PT917x##:
DVB_USB_ADAP_NOT_NEED_PID_FILTERING
01-08 21:49:45.879 18980 18980 I ##PT917x##: DRV_DummyCmd:: patch for KJS/EEPC = 0
01-08 21:49:45.879 18980 18980 I ##PT917x##: - Enter DRV_SetBusTuner Function -
01-08 21:49:45.879 18980 18980 I ##PT917x##: busId = 0x2, tunerId =0x38
01-08 21:49:45.883 18980 18980 I ##PT917x##: DRV_DummyCmd:: patch for KJS/EEPC = 1
01-08 21:49:45.883 18980 18980 I ##PT917x##: - Enter DRV_SetBusTuner Function -
01-08 21:49:45.883 18980 18980 I ##PT917x##: busId = 0x2, tunerId =0x38
01-08 21:49:45.889 18980 19031 D mali_winsys: EGLint
new_window_surface(egl_winsys_display *, void *, EGLSurface, EGLConfig,
egl_winsys_surface **, EGLBoolean) returns 0x3000
01-08 21:49:45.890 18980 19031 D OpenGLRenderer: eglCreateWindowSurface =
0xe1bd5020, 0xc68fd008
01-08 21:49:45.890 18980 18980 I ##PT917x##: DRV_DummyCmd:: patch for KJS/EEPC = 2
01-08 21:49:45.890 18980 18980 I ##PT917x##: - Enter DRV_SetBusTuner Function -
01-08 21:49:45.890 18980 18980 I ##PT917x##: busId = 0x2, tunerId =0x38
01-08 21:49:45.893 18980 18980 I ##PT917x##: DRV_DummyCmd:: patch for KJS/EEPC = 3
01-08 21:49:45.893 18980 18980 I ##PT917x##: - Enter DRV_SetBusTuner Function -
01-08 21:49:45.893 18980 18980 I ##PT917x##: busId = 0x2, tunerId =0x38
01-08 21:49:45.897 18980 18980 I ##PT917x##: DRV_DummyCmd:: patch for KJS/EEPC = 4
01-08 21:49:45.897 18980 18980 I ##PT917x##: - Enter DRV_SetBusTuner Function -
01-08 21:49:45.897 18980 18980 I ##PT917x##: busId = 0x2, tunerId =0x38
01-08 21:49:45.901 18980 18980 I ##PT917x##: USB mode= 0x200
01-08 21:49:45.901 18980 18980 I ##PT917x##: - Enter DRV_SetBusTuner Function -
01-08 21:49:45.901 18980 18980 I ##PT917x##: busId = 0x2, tunerId =0x38
01-08 21:49:45.903 18980 18980 I ##PT917x##: - Enter DRV_GetEEPROMConfig Function -
01-08 21:49:45.905 18980 18980 I ##PT917x##: Chip Version is 2---and Read 461d---
valid bit = 0x01
01-08 21:49:45.905 18980 18980 I ##PT917x##: =============Need read eeprom
01-08 21:49:45.905 18980 18980 I ##PT917x##: EEPROM_IRMODE = 0x00,
01-08 21:49:45.905 18980 18980 I ##PT917x##: bIrTblDownload OFF
01-08 21:49:45.906 18980 18980 I ##PT917x##: bRAWIr OFF
01-08 21:49:45.906 18980 18980 I ##PT917x##: IT9135 HID (keyboard) mode
01-08 21:49:45.906 18980 18980 I ##PT917x##: SelectiveSuspend = OFF
01-08 21:49:45.906 18980 18980 I ##PT917x##: EEPROM_TSMODE = 0x00
01-08 21:49:45.906 18980 18980 I ##PT917x##: TSMode = TS1 mode
01-08 21:49:45.907 18980 18980 I ##PT917x##: pdc->fc[0].tunerinfo.TunerId = 0x38
01-08 21:49:45.907 18980 18980 I ##PT917x##: EEPROM susped mode=1
01-08 21:49:45.907 18980 18980 I ##PT917x##: - Enter DRV_SetBusTuner Function -
01-08 21:49:45.907 18980 18980 I ##PT917x##: busId = 0x2, tunerId =0x38
01-08 21:49:45.909 18980 18980 I ##PT917x##: - Enter DRV_Initialize Function -
01-08 21:49:45.909 18980 18980 I ##PT917x##:
01-08 21:49:45.914 18980 19016 I libgl2jni: glGetAttribLocation("vPosition") = 0
01-08 21:49:45.914 18980 19016 I libgl2jni: gvTextureHandle("a_texCoord") = 1
01-08 21:49:45.914 18980 19016 I libgl2jni:
>>>>>>>>>>>>>>>>>>>>>>>>nativeOnSurfaceChanged mode= 0
01-08 21:49:46.176 18980 18980 I ##PT917x##: Level_1 cnt=1
01-08 21:49:46.259 18980 18980 I ##PT917x##: Device initialize Ok!!
01-08 21:49:46.260 18980 18980 I ##PT917x##: FwVer OFDM = 0x3280100,
01-08 21:49:46.261 18980 18980 I ##PT917x##: FwVer LINK = 0x3280100
01-08 21:49:46.263 18980 18980 I ##PT917x##: Processor_OFDM 0x46 = 0x60
01-08 21:49:46.263 18980 18980 I ##PT917x##: - Enter DL_ApCtrl Function -
01-08 21:49:46.263 18980 18980 I ##PT917x##: chip = 0 bOn = OFF
01-08 21:49:46.263 18980 18980 I ##PT917x##: - Enter DRV_ApCtrl Function -
01-08 21:49:46.263 18980 18980 I ##PT917x##: ucSlaveDemod = 0, bOn = OFF
01-08 21:49:46.263 18980 18980 I ##PT917x##: aaa Power OFF
01-08 21:49:46.263 18980 18980 I ##PT917x##: aaa Demodulator_controlPowerSaving
chip_0
01-08 21:49:46.273 18980 18980 I ##PT917x##: aaa
Demodulator_controlTunerPowerSaving chip_0
01-08 21:49:46.277 18980 18980 I ##PT917x##: aaa Power OFF End-----------
01-08 21:49:46.278 18980 18980 I ##PT917x##: Device_init success!!
01-08 21:49:46.278 18980 18980 I ##PT917x##: - Enter DL_ApCtrl Function -
01-08 21:49:46.278 18980 18980 I ##PT917x##: chip = 0 bOn = ON
01-08 21:49:46.278 18980 18980 I ##PT917x##: - Enter DRV_ApCtrl Function -
01-08 21:49:46.278 18980 18980 I ##PT917x##: ucSlaveDemod = 0, bOn = ON
01-08 21:49:46.278 18980 18980 I ##PT917x##: aaa Power On
01-08 21:49:46.278 18980 18980 I ##PT917x##: DRV_ApCtrl::DummyCmd 0
01-08 21:49:46.280 18980 18980 I ##PT917x##: DRV_ApCtrl::DummyCmd 1
01-08 21:49:46.282 18980 18980 I ##PT917x##: DRV_ApCtrl::DummyCmd 2
01-08 21:49:46.286 18980 18980 I ##PT917x##: DRV_ApCtrl::DummyCmd 3
01-08 21:49:46.288 18980 18980 I ##PT917x##: DRV_ApCtrl::DummyCmd 4
01-08 21:49:46.292 18980 18980 I ##PT917x##: aaa
Demodulator_controlTunerPowerSaving chip_0
01-08 21:49:46.294 18980 18980 I ##PT917x##: aaa Demodulator_controlPowerSaving
chip_0
01-08 21:49:46.346 18980 18980 I ##PT917x##: aaa Power On End-----------
01-08 21:49:46.346 18980 18980 I ##PT917x##: - Enter DRV_PIDOnOff Function -onoff:1
01-08 21:49:46.346 18980 18980 I ##PT917x##:
01-08 21:49:46.347 18980 18980 I ##PT917x##: - Enter DRV_ResetPID Function -
01-08 21:49:46.347 18980 18980 I ##PT917x##:
01-08 21:49:46.351 18980 18980 I ##PT917x##: PadTV=>1736360386: PT913x_IsPT115
byBoardValid] =0x2 Line=143
01-08 21:49:46.351 18980 18980 I ##PT917x##: PadTV=>1736360386: PT913x_IsPT115
byBoardValid =0x0 Line=151
01-08 21:49:46.352 18980 18980 I PadTV jni: Genia:Genia_dvbservice_open
#########DVB Service In ##### 152
01-08 21:49:46.352 18980 18980 I PadTV jni:
01-08 21:49:46.352 18980 18980 I PadTV jni: Genia:Genia_dvb_drv_api_init Line=40!
01-08 21:49:46.352 18980 18980 I ##JNI PadTV##: PadTV=>1736360386:
Genia_UsbDvb_Init Line=33!
01-08 21:49:46.352 18980 18980 I ##JNI PadTV##: PadTV=>1736360386:
Genia_UsbDvb_GetDeviceType Line=114!
01-08 21:49:46.352 18980 18980 I ##JNI PadTV##: PadTV=>1736360386:
Genia_UsbDvb_GetDeviceType dvbInfo =2 Line=118!
01-08 21:49:46.352 18980 18980 I PadTV jni:
Genia:/data/user/0/com.Pad.Gando/files/Genia_country_list success!
01-08 21:49:46.352 18980 18980 I PadTV jni:
01-08 21:49:46.353 18980 18980 I PadTV jni:
Genia:/data/user/0/com.Pad.Gando/files/Genia_country_list success!
01-08 21:49:46.353 18980 18980 I PadTV jni:
01-08 21:49:46.353 18980 18980 I PadTV jni: Genia:Load Country
01-08 21:49:46.353 18980 18980 I PadTV jni: !
01-08 21:49:46.353 18980 18980 I PadTV jni:
01-08 21:49:46.353 18980 18980 I PadTV jni: Genia:Load Country [Country]
01-08 21:49:46.353 18980 18980 I PadTV jni: !
01-08 21:49:46.353 18980 18980 I PadTV jni:
01-08 21:49:46.353 18980 18980 I PadTV jni: Genia:Load Country ANDORRA;4
01-08 21:49:46.353 18980 18980 I PadTV jni: !
01-08 21:49:46.353 18980 18980 I PadTV jni:
01-08 21:49:46.353 18980 18980 I PadTV jni: Genia:Load Country ALBANIA;4
01-08 21:49:46.353 18980 18980 I PadTV jni: !
01-08 21:49:46.353 18980 18980 I PadTV jni:
01-08 21:49:46.353 18980 18980 I PadTV jni: Genia:Load Country ARGENTINA;2
01-08 21:49:46.353 18980 18980 I PadTV jni: !
01-08 21:49:46.353 18980 18980 I PadTV jni:
01-08 21:49:46.353 18980 18980 I PadTV jni: Genia:Load Country AUSTRALIA;1
01-08 21:49:46.353 18980 18980 I PadTV jni: !
01-08 21:49:46.353 18980 18980 I PadTV jni:
01-08 21:49:46.353 18980 18980 I PadTV jni: Genia:Load Country AUSTRIA;4
01-08 21:49:46.353 18980 18980 I PadTV jni: !
01-08 21:49:46.353 18980 18980 I PadTV jni:
01-08 21:49:46.353 18980 18980 I PadTV jni: Genia:Load Country BELARUS;4
01-08 21:49:46.353 18980 18980 I PadTV jni: !
01-08 21:49:46.353 18980 18980 I PadTV jni:
01-08 21:49:46.353 18980 18980 I PadTV jni: Genia:Load Country BELGIUM;4
01-08 21:49:46.353 18980 18980 I PadTV jni: !
01-08 21:49:46.353 18980 18980 I PadTV jni:
01-08 21:49:46.353 18980 18980 I PadTV jni: Genia:Load Country BRAZIL;2
01-08 21:49:46.353 18980 18980 I PadTV jni: !
01-08 21:49:46.353 18980 18980 I PadTV jni:
01-08 21:49:46.353 18980 18980 I PadTV jni: Genia:Load Country BULGARIA;4
01-08 21:49:46.353 18980 18980 I PadTV jni: !
01-08 21:49:46.353 18980 18980 I PadTV jni:
01-08 21:49:46.353 18980 18980 I PadTV jni: Genia:Load Country CANADA;5
01-08 21:49:46.353 18980 18980 I PadTV jni: !
01-08 21:49:46.353 18980 18980 I PadTV jni:
01-08 21:49:46.353 18980 18980 I PadTV jni: Genia:Load Country CHILE;2
01-08 21:49:46.353 18980 18980 I PadTV jni: !
01-08 21:49:46.353 18980 18980 I PadTV jni:
01-08 21:49:46.353 18980 18980 I PadTV jni: Genia:Load Country CHINA;4
01-08 21:49:46.353 18980 18980 I PadTV jni: !
01-08 21:49:46.353 18980 18980 I PadTV jni:
01-08 21:49:46.353 18980 18980 I PadTV jni: Genia:Load Country COLOMBIA;6
01-08 21:49:46.353 18980 18980 I PadTV jni: !
01-08 21:49:46.353 18980 18980 I PadTV jni:
01-08 21:49:46.353 18980 18980 I PadTV jni: Genia:Load Country CROATIA;4
01-08 21:49:46.353 18980 18980 I PadTV jni: !
01-08 21:49:46.353 18980 18980 I PadTV jni:
01-08 21:49:46.353 18980 18980 I PadTV jni: Genia:Load Country CZECHREPUBLIC;4
01-08 21:49:46.353 18980 18980 I PadTV jni: !
01-08 21:49:46.353 18980 18980 I PadTV jni:
01-08 21:49:46.353 18980 18980 I PadTV jni: Genia:Load Country DENMARK;4
01-08 21:49:46.353 18980 18980 I PadTV jni: !
01-08 21:49:46.353 18980 18980 I PadTV jni:
01-08 21:49:46.353 18980 18980 I PadTV jni: Genia:Load Country ESTONIA;4
01-08 21:49:46.353 18980 18980 I PadTV jni: !
01-08 21:49:46.353 18980 18980 I PadTV jni:
01-08 21:49:46.353 18980 18980 I PadTV jni: Genia:Load Country FINLAND;4
01-08 21:49:46.353 18980 18980 I PadTV jni: !
01-08 21:49:46.353 18980 18980 I PadTV jni:
01-08 21:49:46.353 18980 18980 I PadTV jni: Genia:Load Country FRANCE;4
01-08 21:49:46.353 18980 18980 I PadTV jni: !
01-08 21:49:46.353 18980 18980 I PadTV jni:
01-08 21:49:46.353 18980 18980 I PadTV jni: Genia:Load Country GERMANY;4
01-08 21:49:46.353 18980 18980 I PadTV jni: !
01-08 21:49:46.353 18980 18980 I PadTV jni:
01-08 21:49:46.353 18980 18980 I PadTV jni: Genia:Load Country GREECE;4
01-08 21:49:46.353 18980 18980 I PadTV jni: !
01-08 21:49:46.353 18980 18980 I PadTV jni:
01-08 21:49:46.353 18980 18980 I PadTV jni: Genia:Load Country HUNGARY;4
01-08 21:49:46.353 18980 18980 I PadTV jni: !
01-08 21:49:46.353 18980 18980 I PadTV jni:
01-08 21:49:46.353 18980 18980 I PadTV jni: Genia:Load Country ICELAND;4
01-08 21:49:46.353 18980 18980 I PadTV jni: !
01-08 21:49:46.353 18980 18980 I PadTV jni:
01-08 21:49:46.353 18980 18980 I PadTV jni: Genia:Load Country INDONESIA;4
01-08 21:49:46.353 18980 18980 I PadTV jni: !
01-08 21:49:46.353 18980 18980 I PadTV jni:
01-08 21:49:46.354 18980 18980 I PadTV jni: Genia:Load Country INDIA;4
01-08 21:49:46.354 18980 18980 I PadTV jni: !
01-08 21:49:46.354 18980 18980 I PadTV jni:
01-08 21:49:46.354 18980 18980 I PadTV jni: Genia:Load Country IRAN;7
01-08 21:49:46.354 18980 18980 I PadTV jni: !
01-08 21:49:46.354 18980 18980 I PadTV jni:
01-08 21:49:46.354 18980 18980 I PadTV jni: Genia:Load Country IRELAND;4
01-08 21:49:46.354 18980 18980 I PadTV jni: !
01-08 21:49:46.354 18980 18980 I PadTV jni:
01-08 21:49:46.354 18980 18980 I PadTV jni: Genia:Load Country ISRAEL;4
01-08 21:49:46.354 18980 18980 I PadTV jni: !
01-08 21:49:46.354 18980 18980 I PadTV jni:
01-08 21:49:46.354 18980 18980 I PadTV jni: Genia:Load Country ITALY;4
01-08 21:49:46.354 18980 18980 I PadTV jni: !
01-08 21:49:46.354 18980 18980 I PadTV jni:
01-08 21:49:46.354 18980 18980 I PadTV jni: Genia:Load Country JAMAICA;6
01-08 21:49:46.354 18980 18980 I PadTV jni: !
01-08 21:49:46.354 18980 18980 I PadTV jni:
01-08 21:49:46.354 18980 18980 I PadTV jni: Genia:Load Country KOREA;5
01-08 21:49:46.354 18980 18980 I PadTV jni: !
01-08 21:49:46.354 18980 18980 I PadTV jni:
01-08 21:49:46.354 18980 18980 I PadTV jni: Genia:Load Country LATVIA;4
01-08 21:49:46.354 18980 18980 I PadTV jni: !
01-08 21:49:46.354 18980 18980 I PadTV jni:
01-08 21:49:46.354 18980 18980 I PadTV jni: Genia:Load Country LIECHTENSTEIN;4
01-08 21:49:46.354 18980 18980 I PadTV jni: !
01-08 21:49:46.354 18980 18980 I PadTV jni:
01-08 21:49:46.354 18980 18980 I PadTV jni: Genia:Load Country LITHUANIA;4
01-08 21:49:46.354 18980 18980 I PadTV jni: !
01-08 21:49:46.354 18980 18980 I PadTV jni:
01-08 21:49:46.354 18980 18980 I PadTV jni: Genia:Load Country LUXEMBOURG;4
01-08 21:49:46.354 18980 18980 I PadTV jni: !
01-08 21:49:46.354 18980 18980 I PadTV jni:
01-08 21:49:46.354 18980 18980 I PadTV jni: Genia:Load Country MACEDONIA;4
01-08 21:49:46.354 18980 18980 I PadTV jni: !
01-08 21:49:46.354 18980 18980 I PadTV jni:
01-08 21:49:46.354 18980 18980 I PadTV jni: Genia:Load Country MALAYSIA;4
01-08 21:49:46.354 18980 18980 I PadTV jni: !
01-08 21:49:46.354 18980 18980 I PadTV jni:
01-08 21:49:46.354 18980 18980 I PadTV jni: Genia:Load Country MALTA;4
01-08 21:49:46.354 18980 18980 I PadTV jni: !
01-08 21:49:46.354 18980 18980 I PadTV jni:
01-08 21:49:46.354 18980 18980 I PadTV jni: Genia:Load Country MEXICO;5
01-08 21:49:46.354 18980 18980 I PadTV jni: !
01-08 21:49:46.354 18980 18980 I PadTV jni:
01-08 21:49:46.354 18980 18980 I PadTV jni: Genia:Load Country MOLDOVA;4
01-08 21:49:46.354 18980 18980 I PadTV jni: !
01-08 21:49:46.354 18980 18980 I PadTV jni:
01-08 21:49:46.354 18980 18980 I PadTV jni: Genia:Load Country MONACO;4
01-08 21:49:46.354 18980 18980 I PadTV jni: !
01-08 21:49:46.354 18980 18980 I PadTV jni:
01-08 21:49:46.354 18980 18980 I PadTV jni: Genia:Load Country NEW ZEALAND;4
01-08 21:49:46.354 18980 18980 I PadTV jni: !
01-08 21:49:46.354 18980 18980 I PadTV jni:
01-08 21:49:46.354 18980 18980 I PadTV jni: Genia:Load Country NETHERLANDS;4
01-08 21:49:46.354 18980 18980 I PadTV jni: !
01-08 21:49:46.354 18980 18980 I PadTV jni:
01-08 21:49:46.354 18980 18980 I PadTV jni: Genia:Load Country NORWAY;4
01-08 21:49:46.354 18980 18980 I PadTV jni: !
01-08 21:49:46.354 18980 18980 I PadTV jni:
01-08 21:49:46.354 18980 18980 I PadTV jni: Genia:Load Country PERU;2
01-08 21:49:46.354 18980 18980 I PadTV jni: !
01-08 21:49:46.354 18980 18980 I PadTV jni:
01-08 21:49:46.354 18980 18980 I PadTV jni: Genia:Load Country PHILIPPINES;2
01-08 21:49:46.354 18980 18980 I PadTV jni: !
01-08 21:49:46.354 18980 18980 I PadTV jni:
01-08 21:49:46.354 18980 18980 I PadTV jni: Genia:Load Country POLAND;4
01-08 21:49:46.354 18980 18980 I PadTV jni: !
01-08 21:49:46.354 18980 18980 I PadTV jni:
01-08 21:49:46.354 18980 18980 I PadTV jni: Genia:Load Country PORTUGAL;4
01-08 21:49:46.354 18980 18980 I PadTV jni: !
01-08 21:49:46.354 18980 18980 I PadTV jni:
01-08 21:49:46.354 18980 18980 I PadTV jni: Genia:Load Country ROMANIA;4
01-08 21:49:46.354 18980 18980 I PadTV jni: !
01-08 21:49:46.354 18980 18980 I PadTV jni:
01-08 21:49:46.354 18980 18980 I PadTV jni: Genia:Load Country RUSSIA;3
01-08 21:49:46.354 18980 18980 I PadTV jni: !
01-08 21:49:46.354 18980 18980 I PadTV jni:
01-08 21:49:46.354 18980 18980 I PadTV jni: Genia:Load Country SAN MARINO;4
01-08 21:49:46.354 18980 18980 I PadTV jni: !
01-08 21:49:46.354 18980 18980 I PadTV jni:
01-08 21:49:46.354 18980 18980 I PadTV jni: Genia:Load Country SERBIA;4
01-08 21:49:46.354 18980 18980 I PadTV jni: !
01-08 21:49:46.354 18980 18980 I PadTV jni:
01-08 21:49:46.354 18980 18980 I PadTV jni: Genia:Load Country SINGAPORE;3
01-08 21:49:46.354 18980 18980 I PadTV jni: !
01-08 21:49:46.354 18980 18980 I PadTV jni:
01-08 21:49:46.354 18980 18980 I PadTV jni: Genia:Load Country SLOVENIA;4
01-08 21:49:46.354 18980 18980 I PadTV jni: !
01-08 21:49:46.354 18980 18980 I PadTV jni:
01-08 21:49:46.354 18980 18980 I PadTV jni: Genia:Load Country SOUTH AFRICA;4
01-08 21:49:46.354 18980 18980 I PadTV jni: !
01-08 21:49:46.354 18980 18980 I PadTV jni:
01-08 21:49:46.354 18980 18980 I PadTV jni: Genia:Load Country SPAIN;4
01-08 21:49:46.354 18980 18980 I PadTV jni: !
01-08 21:49:46.354 18980 18980 I PadTV jni:
01-08 21:49:46.355 18980 18980 I PadTV jni: Genia:Load Country SWEDEN;4
01-08 21:49:46.355 18980 18980 I PadTV jni: !
01-08 21:49:46.355 18980 18980 I PadTV jni:
01-08 21:49:46.355 18980 18980 I PadTV jni: Genia:Load Country SWITZERLAND;4
01-08 21:49:46.355 18980 18980 I PadTV jni: !
01-08 21:49:46.355 18980 18980 I PadTV jni:
01-08 21:49:46.355 18980 18980 I PadTV jni: Genia:Load Country TAIWAN;6
01-08 21:49:46.355 18980 18980 I PadTV jni: !
01-08 21:49:46.355 18980 18980 I PadTV jni:
01-08 21:49:46.355 18980 18980 I PadTV jni: Genia:Load Country THAILAND;3
01-08 21:49:46.355 18980 18980 I PadTV jni: !
01-08 21:49:46.355 18980 18980 I PadTV jni:
01-08 21:49:46.355 18980 18980 I PadTV jni: Genia:Load Country UNITED KINGDOM;8
01-08 21:49:46.355 18980 18980 I PadTV jni: !
01-08 21:49:46.355 18980 18980 I PadTV jni:
01-08 21:49:46.355 18980 18980 I PadTV jni: Genia:Load Country UKRAINE;4
01-08 21:49:46.355 18980 18980 I PadTV jni: !
01-08 21:49:46.355 18980 18980 I PadTV jni:
01-08 21:49:46.355 18980 18980 I PadTV jni: Genia:Load Country UNITED STATES;5
01-08 21:49:46.355 18980 18980 I PadTV jni: !
01-08 21:49:46.355 18980 18980 I PadTV jni:
01-08 21:49:46.355 18980 18980 I PadTV jni: Genia:Load Country VATICAN;4
01-08 21:49:46.355 18980 18980 I PadTV jni: !
01-08 21:49:46.355 18980 18980 I PadTV jni:
01-08 21:49:46.355 18980 18980 I PadTV jni: Genia:Load Country
01-08 21:49:46.355 18980 18980 I PadTV jni: !
01-08 21:49:46.355 18980 18980 I PadTV jni:
01-08 21:49:46.355 18980 18980 I PadTV jni: Genia:Genia
filename=/data/user/0/com.Pad.Gando/files/Genia_dvb_channel_list!
01-08 21:49:46.355 18980 18980 I PadTV jni:
01-08 21:49:46.358 18980 18980 I PadTV jni: Genia:Genia Add Channel i=1
freq=618000!
01-08 21:49:46.358 18980 18980 I PadTV jni:
01-08 21:49:46.358 18980 18980 I PadTV jni: Genia:Channel Name
dvbservice_load_channel_list!
01-08 21:49:46.358 18980 18980 I PadTV jni:
01-08 21:49:46.358 18980 18980 I PadTV jni: Genia:Genia Add Channel i=0
freq=618000!
01-08 21:49:46.358 18980 18980 I PadTV jni:
01-08 21:49:46.359 18980 18980 I PadTV jni: Genia:Channel Name
dvbservice_load_channel_list!
01-08 21:49:46.359 18980 18980 I PadTV jni:
01-08 21:49:46.359 18980 18980 I PadTV jni: Genia:Genia Add Channel i=1
freq=618000!
01-08 21:49:46.359 18980 18980 I PadTV jni:
01-08 21:49:46.359 18980 18980 I PadTV jni: Genia:Channel Name
dvbservice_load_channel_list!
01-08 21:49:46.359 18980 18980 I PadTV jni:
01-08 21:49:46.359 18980 18980 I PadTV jni: Genia:Genia Add Channel i=2
freq=618000!
01-08 21:49:46.359 18980 18980 I PadTV jni:
01-08 21:49:46.360 18980 18980 I PadTV jni: Genia:Channel Name
dvbservice_load_channel_list!
01-08 21:49:46.360 18980 18980 I PadTV jni:
01-08 21:49:46.360 18980 18980 I PadTV jni: Genia:Genia Add Channel i=3
freq=618000!
01-08 21:49:46.360 18980 18980 I PadTV jni:
01-08 21:49:46.360 18980 18980 I PadTV jni: Genia:Channel Name
dvbservice_load_channel_list!
01-08 21:49:46.360 18980 18980 I PadTV jni:
01-08 21:49:46.361 18980 18980 I PadTV jni: Genia:Genia Add Channel i=4
freq=618000!
01-08 21:49:46.361 18980 18980 I PadTV jni:
01-08 21:49:46.361 18980 18980 I PadTV jni: Genia:Channel Name
dvbservice_load_channel_list!
01-08 21:49:46.361 18980 18980 I PadTV jni:
01-08 21:49:46.361 18980 18980 I PadTV jni: Genia:Genia Add Channel i=5
freq=618000!
01-08 21:49:46.361 18980 18980 I PadTV jni:
01-08 21:49:46.361 18980 18980 I PadTV jni: Genia:Channel Name
dvbservice_load_channel_list!
01-08 21:49:46.361 18980 18980 I PadTV jni:
01-08 21:49:46.362 18980 18980 I PadTV jni: Genia:Genia Add Channel i=6
freq=618000!
01-08 21:49:46.362 18980 18980 I PadTV jni:
01-08 21:49:46.362 18980 18980 I PadTV jni: Genia:Channel Name
dvbservice_load_channel_list!
01-08 21:49:46.362 18980 18980 I PadTV jni:
01-08 21:49:46.362 18980 18980 I PadTV jni: Genia:Genia Add Channel i=7
freq=618000!
01-08 21:49:46.362 18980 18980 I PadTV jni:
01-08 21:49:46.363 18980 18980 I PadTV jni: Genia:Channel Name
dvbservice_load_channel_list!
01-08 21:49:46.363 18980 18980 I PadTV jni:
01-08 21:49:46.363 18980 18980 I PadTV jni: Genia:Genia Add Channel i=8
freq=618000!
01-08 21:49:46.363 18980 18980 I PadTV jni:
01-08 21:49:46.364 18980 18980 I PadTV jni: Genia:Channel Name
dvbservice_load_channel_list!
01-08 21:49:46.364 18980 18980 I PadTV jni:
01-08 21:49:46.364 18980 18980 I PadTV jni: Genia:Genia Add Channel i=9
freq=618000!
01-08 21:49:46.364 18980 18980 I PadTV jni:
01-08 21:49:46.364 18980 18980 I PadTV jni: Genia:Channel Name
dvbservice_load_channel_list!
01-08 21:49:46.364 18980 18980 I PadTV jni:
01-08 21:49:46.365 18980 18980 I PadTV jni: Genia:Genia Add Channel i=10
freq=666000!
01-08 21:49:46.365 18980 18980 I PadTV jni:
01-08 21:49:46.365 18980 18980 I PadTV jni: Genia:Channel Name
dvbservice_load_channel_list!
01-08 21:49:46.365 18980 18980 I PadTV jni:
01-08 21:49:46.365 18980 18980 I PadTV jni: Genia:Genia Add Channel i=11
freq=666000!
01-08 21:49:46.365 18980 18980 I PadTV jni:
01-08 21:49:46.365 18980 18980 I PadTV jni: Genia:Channel Name
dvbservice_load_channel_list!
01-08 21:49:46.365 18980 18980 I PadTV jni:
01-08 21:49:46.365 18980 18980 I PadTV jni: Genia:Genia Add Channel i=12
freq=666000!
01-08 21:49:46.365 18980 18980 I PadTV jni:
01-08 21:49:46.366 18980 18980 I PadTV jni: Genia:Channel Name
dvbservice_load_channel_list!
01-08 21:49:46.366 18980 18980 I PadTV jni:
01-08 21:49:46.366 18980 18980 I PadTV jni: Genia:Genia Add Channel i=13
freq=666000!
01-08 21:49:46.366 18980 18980 I PadTV jni:
01-08 21:49:46.366 18980 18980 I PadTV jni: Genia:Channel Name
dvbservice_load_channel_list!
01-08 21:49:46.366 18980 18980 I PadTV jni:
01-08 21:49:46.366 18980 18980 I PadTV jni: Genia:Genia Add Channel i=14
freq=666000!
01-08 21:49:46.366 18980 18980 I PadTV jni:
01-08 21:49:46.367 18980 18980 I PadTV jni: Genia:Channel Name
dvbservice_load_channel_list!
01-08 21:49:46.367 18980 18980 I PadTV jni:
01-08 21:49:46.367 18980 18980 I PadTV jni: Genia:Genia Add Channel i=15
freq=666000!
01-08 21:49:46.367 18980 18980 I PadTV jni:
01-08 21:49:46.367 18980 18980 I PadTV jni: Genia:Channel Name
dvbservice_load_channel_list!
01-08 21:49:46.367 18980 18980 I PadTV jni:
01-08 21:49:46.367 18980 18980 I PadTV jni: Genia:Genia Add Channel i=16
freq=666000!
01-08 21:49:46.367 18980 18980 I PadTV jni:
01-08 21:49:46.367 18980 18980 I PadTV jni: Genia:Channel Name
dvbservice_load_channel_list!
01-08 21:49:46.367 18980 18980 I PadTV jni:
01-08 21:49:46.367 18980 18980 I PadTV jni: Genia:Genia Add Channel i=17
freq=666000!
01-08 21:49:46.367 18980 18980 I PadTV jni:
01-08 21:49:46.369 18980 18980 I PadTV jni: Genia:Channel Name
dvbservice_load_channel_list!
01-08 21:49:46.369 18980 18980 I PadTV jni:
01-08 21:49:46.369 18980 18980 I PadTV jni: Genia:Genia Add Channel i=18
freq=666000!
01-08 21:49:46.369 18980 18980 I PadTV jni:
01-08 21:49:46.369 18980 18980 I PadTV jni: Genia:Channel Name
dvbservice_load_channel_list!
01-08 21:49:46.369 18980 18980 I PadTV jni:
01-08 21:49:46.370 18980 18980 I PadTV jni: Genia:Genia Add Channel i=19
freq=666000!
01-08 21:49:46.370 18980 18980 I PadTV jni:
01-08 21:49:46.370 18980 18980 I PadTV jni: Genia:Channel Name
dvbservice_load_channel_list!
01-08 21:49:46.370 18980 18980 I PadTV jni:
01-08 21:49:46.370 18980 18980 I PadTV jni: Genia:Genia Add Channel i=20
freq=666000!
01-08 21:49:46.370 18980 18980 I PadTV jni:
01-08 21:49:46.370 18980 18980 I PadTV jni: Genia:Channel Name
dvbservice_load_channel_list!
01-08 21:49:46.370 18980 18980 I PadTV jni:
01-08 21:49:46.370 18980 18980 I PadTV jni: Genia:Genia Add Channel i=21
freq=666000!
01-08 21:49:46.370 18980 18980 I PadTV jni:
01-08 21:49:46.371 18980 18980 I PadTV jni: Genia:Channel Name
dvbservice_load_channel_list!
01-08 21:49:46.371 18980 18980 I PadTV jni:
01-08 21:49:46.371 18980 18980 I PadTV jni: Genia:Genia Add Channel i=22
freq=666000!
01-08 21:49:46.371 18980 18980 I PadTV jni:
01-08 21:49:46.371 18980 18980 I PadTV jni: Genia:Channel Name
dvbservice_load_channel_list!
01-08 21:49:46.371 18980 18980 I PadTV jni:
01-08 21:49:46.371 18980 18980 I PadTV jni: Genia:Genia Add Channel i=23
freq=666000!
01-08 21:49:46.371 18980 18980 I PadTV jni:
01-08 21:49:46.371 18980 18980 I PadTV jni: Genia:Channel Name
dvbservice_load_channel_list!
01-08 21:49:46.371 18980 18980 I PadTV jni:
01-08 21:49:46.371 18980 18980 I PadTV jni: Genia:Genia Add Channel i=24
freq=666000!
01-08 21:49:46.371 18980 18980 I PadTV jni:
01-08 21:49:46.372 18980 18980 I PadTV jni: Genia:Channel Name
dvbservice_load_channel_list!
01-08 21:49:46.372 18980 18980 I PadTV jni:
01-08 21:49:46.372 18980 18980 I PadTV jni: Genia:Genia Add Channel i=25
freq=666000!
01-08 21:49:46.372 18980 18980 I PadTV jni:
01-08 21:49:46.375 18980 18980 I PadTV jni: Genia:Channel Name
dvbservice_load_channel_list!
01-08 21:49:46.375 18980 18980 I PadTV jni:
01-08 21:49:46.375 18980 18980 I PadTV jni: Genia:Genia Add Channel i=26
freq=666000!
01-08 21:49:46.375 18980 18980 I PadTV jni:
01-08 21:49:46.375 18980 18980 I PadTV jni: Genia:Channel Name
dvbservice_load_channel_list!
01-08 21:49:46.375 18980 18980 I PadTV jni:
01-08 21:49:46.376 18980 18980 I PadTV jni: Genia:Genia Add Channel i=27
freq=666000!
01-08 21:49:46.376 18980 18980 I PadTV jni:
01-08 21:49:46.377 18980 18980 I PadTV jni: Genia:Channel Name
dvbservice_load_channel_list!
01-08 21:49:46.377 18980 18980 I PadTV jni:
01-08 21:49:46.377 18980 18980 I PadTV jni: Genia:Genia Add Channel i=28
freq=666000!
01-08 21:49:46.377 18980 18980 I PadTV jni:
01-08 21:49:46.378 18980 18980 I PadTV jni: Genia:Channel Name
dvbservice_load_channel_list!
01-08 21:49:46.378 18980 18980 I PadTV jni:
01-08 21:49:46.378 18980 18980 I PadTV jni: Genia:Genia Add Channel i=29
freq=666000!
01-08 21:49:46.378 18980 18980 I PadTV jni:
01-08 21:49:46.378 18980 18980 I PadTV jni: Genia:Channel Name
dvbservice_load_channel_list!
01-08 21:49:46.378 18980 18980 I PadTV jni:
01-08 21:49:46.379 18980 18980 I PadTV jni: Genia:Genia Add Channel i=30
freq=666000!
01-08 21:49:46.379 18980 18980 I PadTV jni:
01-08 21:49:46.379 18980 18980 I PadTV jni: Genia:Channel Name
dvbservice_load_channel_list!
01-08 21:49:46.379 18980 18980 I PadTV jni:
01-08 21:49:46.379 18980 18980 I PadTV jni: Genia:Genia Add Channel i=31
freq=666000!
01-08 21:49:46.379 18980 18980 I PadTV jni:
01-08 21:49:46.380 18980 18980 I PadTV jni: Genia:Channel Name
dvbservice_load_channel_list!
01-08 21:49:46.380 18980 18980 I PadTV jni:
01-08 21:49:46.380 18980 18980 I PadTV jni: Genia:Genia Add Channel i=32
freq=666000!
01-08 21:49:46.380 18980 18980 I PadTV jni:
01-08 21:49:46.380 18980 18980 I PadTV jni: Genia:Channel Name
dvbservice_load_channel_list!
01-08 21:49:46.380 18980 18980 I PadTV jni:
01-08 21:49:46.380 18980 18980 I PadTV jni: Genia:Genia Add Channel i=33
freq=666000!
01-08 21:49:46.380 18980 18980 I PadTV jni:
01-08 21:49:46.381 18980 18980 I PadTV jni: Genia:Channel Name
dvbservice_load_channel_list!
01-08 21:49:46.381 18980 18980 I PadTV jni:
01-08 21:49:46.381 18980 18980 I PadTV jni: Genia:Genia Add Channel i=34
freq=666000!
01-08 21:49:46.381 18980 18980 I PadTV jni:
01-08 21:49:46.381 18980 18980 I PadTV jni: Genia:Channel Name
dvbservice_load_channel_list!
01-08 21:49:46.381 18980 18980 I PadTV jni:
01-08 21:49:46.381 18980 18980 I PadTV jni: Genia:Genia Add Channel i=35
freq=666000!
01-08 21:49:46.381 18980 18980 I PadTV jni:
01-08 21:49:46.381 18980 18980 I PadTV jni: Genia:Channel Name
dvbservice_load_channel_list!
01-08 21:49:46.381 18980 18980 I PadTV jni:
01-08 21:49:46.382 18980 18980 I PadTV jni: Genia:Genia Add Channel i=36
freq=666000!
01-08 21:49:46.382 18980 18980 I PadTV jni:
01-08 21:49:46.382 18980 18980 I PadTV jni: Genia:Channel Name
dvbservice_load_channel_list!
01-08 21:49:46.382 18980 18980 I PadTV jni:
01-08 21:49:46.383 18980 18980 I PadTV jni: Genia:Genia Add Channel i=37
freq=666000!
01-08 21:49:46.383 18980 18980 I PadTV jni:
01-08 21:49:46.383 18980 18980 I PadTV jni: Genia:Channel Name
dvbservice_load_channel_list!
01-08 21:49:46.383 18980 18980 I PadTV jni:
01-08 21:49:46.383 18980 18980 I PadTV jni: Genia:Genia Add Channel i=38
freq=666000!
01-08 21:49:46.383 18980 18980 I PadTV jni:
01-08 21:49:46.383 18980 18980 I PadTV jni: Genia:Channel Name
dvbservice_load_channel_list!
01-08 21:49:46.383 18980 18980 I PadTV jni:
01-08 21:49:46.383 18980 18980 I PadTV jni: Genia:Genia Add Channel i=39
freq=666000!
01-08 21:49:46.383 18980 18980 I PadTV jni:
01-08 21:49:46.384 18980 18980 I PadTV jni: Genia:Channel Name
dvbservice_load_channel_list!
01-08 21:49:46.384 18980 18980 I PadTV jni:
01-08 21:49:46.384 18980 18980 I PadTV jni: Genia:Genia Add Channel i=40
freq=666000!
01-08 21:49:46.384 18980 18980 I PadTV jni:
01-08 21:49:46.384 18980 18980 I PadTV jni: Genia:Channel Name
dvbservice_load_channel_list!
01-08 21:49:46.384 18980 18980 I PadTV jni:
01-08 21:49:46.384 18980 18980 I PadTV jni: Genia:Genia Add Channel i=41
freq=666000!
01-08 21:49:46.384 18980 18980 I PadTV jni:
01-08 21:49:46.385 18980 18980 I PadTV jni: Genia:Channel Name
dvbservice_load_channel_list!
01-08 21:49:46.385 18980 18980 I PadTV jni:
01-08 21:49:46.385 18980 18980 I PadTV jni: Genia:Genia Add Channel i=42
freq=666000!
01-08 21:49:46.385 18980 18980 I PadTV jni:
01-08 21:49:46.386 18980 18980 I PadTV jni: Genia:Channel Name
dvbservice_load_channel_list!
01-08 21:49:46.386 18980 18980 I PadTV jni:
01-08 21:49:46.386 18980 18980 I PadTV jni: Genia:Genia Add Channel i=43
freq=666000!
01-08 21:49:46.386 18980 18980 I PadTV jni:
01-08 21:49:46.386 18980 18980 I PadTV jni: Genia:Channel Name
dvbservice_load_channel_list!
01-08 21:49:46.386 18980 18980 I PadTV jni:
