01-24 19:55:57.953 16535 16698 V threaded_app: New input event: type=2
01-24 19:55:57.969 16535 16698 V threaded_app: New input event: type=2
01-24 19:55:57.986 16535 16698 V threaded_app: New input event: type=2
01-24 19:55:58.003 16535 16698 V threaded_app: New input event: type=2
01-24 19:55:58.022 16535 16698 V threaded_app: New input event: type=2
01-24 19:55:58.036 16535 16698 V threaded_app: New input event: type=2
01-24 19:55:58.052 16535 16698 V threaded_app: New input event: type=2
01-24 19:55:58.054 15134 15148 W .game.loader:p0: Failed to create temp profile
file for /data/misc/profiles/cur/0/com.twitter.android/primary.prof: No such file
or directory
01-24 19:55:58.054 15134 15148 W .game.loader:p0: Could not save profiling info
to /data/misc/profiles/cur/0/com.twitter.android/primary.prof
01-24 19:55:58.069 16535 16698 V threaded_app: New input event: type=2
01-24 19:55:58.086 16535 16698 V threaded_app: New input event: type=2
01-24 19:55:58.103 16535 16698 V threaded_app: New input event: type=2
01-24 19:55:58.119 16535 16698 V threaded_app: New input event: type=2
01-24 19:55:58.135 16535 16698 V threaded_app: New input event: type=2
01-24 19:55:58.152 16535 16698 V threaded_app: New input event: type=2
01-24 19:55:58.169 16535 16698 V threaded_app: New input event: type=2
01-24 19:55:58.185 16535 16698 V threaded_app: New input event: type=2
01-24 19:55:58.202 16535 16698 V threaded_app: New input event: type=2
01-24 19:55:58.218 16535 16698 V threaded_app: New input event: type=2
01-24 19:55:58.235 16535 16698 V threaded_app: New input event: type=2
01-24 19:55:58.249 16535 16698 V threaded_app: New input event: type=2
01-24 19:55:58.249 16535 16698 V threaded_app: New input event: type=2
01-24 19:55:58.689 16535 16698 V threaded_app: New input event: type=2
01-24 19:55:58.777 16535 16698 V threaded_app: New input event: type=2
01-24 19:55:58.920 16535 17392 D AudioManager: isBluetoothScoOn()=false, calling
application:com.game.loader
01-24 19:55:59.682 16535 16698 V threaded_app: New input event: type=2
01-24 19:55:59.706 16535 16698 V threaded_app: New input event: type=2
01-24 19:56:00.200 16535 17392 D AudioManager: isBluetoothScoOn()=false, calling
application:com.game.loader
01-24 19:56:00.255 15134 15282 I PlayCore: UID: [10001] PID: [15134]
StandardIntegrity : warmUpIntegrityToken(49625052041)
01-24 19:56:00.258 15134 15241 I PlayCore: UID: [10001] PID: [15134]
StandardIntegrity : Already connected to the service.
01-24 19:56:00.258 15134 15241 I PlayCore: UID: [10001] PID: [15134]
StandardIntegrity : Initiate binding to the service.
01-24 19:56:00.263 15134 15241 I PlayCore: UID: [10001] PID: [15134]
StandardIntegrity : Failed to bind to the service.
01-24 19:56:00.504 16535 16698 V threaded_app: New input event: type=2
01-24 19:56:00.505 16535 16698 V threaded_app: New input event: type=2
01-24 19:56:01.113 16535 16698 V threaded_app: New input event: type=2
01-24 19:56:01.135 16535 16698 V threaded_app: New input event: type=2
01-24 19:56:01.177 16535 16698 V threaded_app: New input event: type=2
01-24 19:56:01.178 16535 16698 V threaded_app: New input event: type=2
01-24 19:56:01.481 16535 17392 D AudioManager: isBluetoothScoOn()=false, calling
application:com.game.loader
01-24 19:56:02.476 16535 16698 V threaded_app: New input event: type=2
01-24 19:56:02.494 16535 16698 V threaded_app: New input event: type=2
01-24 19:56:02.545 16535 16698 V threaded_app: New input event: type=2
01-24 19:56:02.553 16535 16698 V threaded_app: New input event: type=2
01-24 19:56:02.554 16535 16698 V threaded_app: New input event: type=2
01-24 19:56:02.762 16535 17392 D AudioManager: isBluetoothScoOn()=false, calling
application:com.game.loader
01-24 19:56:03.463 16535 16698 V threaded_app: New input event: type=2
01-24 19:56:03.490 16535 16698 V threaded_app: New input event: type=2
01-24 19:56:03.556 16535 16698 V threaded_app: New input event: type=2
01-24 19:56:03.574 16535 16698 V threaded_app: New input event: type=2
01-24 19:56:04.041 16535 17392 D AudioManager: isBluetoothScoOn()=false, calling
application:com.game.loader
01-24 19:56:04.402 16535 16698 V threaded_app: New input event: type=2
01-24 19:56:04.417 16535 16698 V threaded_app: New input event: type=2
01-24 19:56:04.451 16535 16698 V threaded_app: New input event: type=2
01-24 19:56:04.463 16535 16698 V threaded_app: New input event: type=2
01-24 19:56:04.752 16535 17765 W libc : Access denied finding property
"ro.debuggable"
01-24 19:56:05.155 16535 16698 V threaded_app: New input event: type=2
01-24 19:56:05.180 16535 16698 V threaded_app: New input event: type=2
01-24 19:56:05.213 16535 16698 V threaded_app: New input event: type=2
01-24 19:56:05.220 16535 16698 V threaded_app: New input event: type=2
01-24 19:56:05.322 16535 17392 D AudioManager: isBluetoothScoOn()=false, calling
application:com.game.loader
01-24 19:56:05.945 16535 16698 V threaded_app: New input event: type=2
01-24 19:56:06.075 16535 16698 V threaded_app: New input event: type=2
01-24 19:56:06.153 16535 16698 V threaded_app: New input event: type=2
01-24 19:56:06.154 16535 16698 V threaded_app: New input event: type=2
01-24 19:56:06.608 16535 17392 D AudioManager: isBluetoothScoOn()=false, calling
application:com.game.loader
01-24 19:56:06.993 16535 16698 V threaded_app: New input event: type=2
01-24 19:56:07.021 16535 16698 V threaded_app: New input event: type=2
01-24 19:56:07.037 16535 16698 V threaded_app: New input event: type=2
01-24 19:56:07.053 16535 16698 V threaded_app: New input event: type=2
01-24 19:56:07.054 16535 16698 V threaded_app: New input event: type=2
01-24 19:56:07.445 16535 16698 V threaded_app: New input event: type=2
01-24 19:56:07.484 16535 16698 V threaded_app: New input event: type=2
01-24 19:56:07.516 16535 16698 V threaded_app: New input event: type=2
01-24 19:56:07.533 16535 16698 V threaded_app: New input event: type=2
01-24 19:56:07.550 16535 16698 V threaded_app: New input event: type=2
01-24 19:56:07.566 16535 16698 V threaded_app: New input event: type=2
01-24 19:56:07.584 16535 16698 V threaded_app: New input event: type=2
01-24 19:56:07.603 16535 16698 V threaded_app: New input event: type=2
01-24 19:56:07.617 16535 16698 V threaded_app: New input event: type=2
01-24 19:56:07.634 16535 16698 V threaded_app: New input event: type=2
01-24 19:56:07.651 16535 16698 V threaded_app: New input event: type=2
01-24 19:56:07.666 16535 16698 V threaded_app: New input event: type=2
01-24 19:56:07.683 16535 16698 V threaded_app: New input event: type=2
01-24 19:56:07.698 16535 16698 V threaded_app: New input event: type=2
01-24 19:56:07.717 16535 16698 V threaded_app: New input event: type=2
01-24 19:56:07.731 16535 16698 V threaded_app: New input event: type=2
01-24 19:56:07.748 16535 16698 V threaded_app: New input event: type=2
01-24 19:56:07.766 16535 16698 V threaded_app: New input event: type=2
01-24 19:56:07.782 16535 16698 V threaded_app: New input event: type=2
01-24 19:56:07.798 16535 16698 V threaded_app: New input event: type=2
01-24 19:56:07.815 16535 16698 V threaded_app: New input event: type=2
01-24 19:56:07.833 16535 16698 V threaded_app: New input event: type=2
01-24 19:56:07.847 16535 16698 V threaded_app: New input event: type=2
01-24 19:56:07.864 16535 16698 V threaded_app: New input event: type=2
01-24 19:56:07.883 16535 17392 D AudioManager: isBluetoothScoOn()=false, calling
application:com.game.loader
01-24 19:56:07.886 16535 16698 V threaded_app: New input event: type=2
01-24 19:56:07.898 16535 16698 V threaded_app: New input event: type=2
01-24 19:56:07.916 16535 16698 V threaded_app: New input event: type=2
01-24 19:56:07.931 16535 16698 V threaded_app: New input event: type=2
01-24 19:56:07.947 16535 16698 V threaded_app: New input event: type=2
01-24 19:56:07.964 16535 16698 V threaded_app: New input event: type=2
01-24 19:56:07.981 16535 16698 V threaded_app: New input event: type=2
01-24 19:56:07.997 16535 16698 V threaded_app: New input event: type=2
01-24 19:56:08.014 16535 16698 V threaded_app: New input event: type=2
01-24 19:56:08.030 16535 16698 V threaded_app: New input event: type=2
01-24 19:56:08.046 16535 16698 V threaded_app: New input event: type=2
01-24 19:56:08.064 16535 16698 V threaded_app: New input event: type=2
01-24 19:56:08.080 16535 16698 V threaded_app: New input event: type=2
01-24 19:56:08.097 16535 16698 V threaded_app: New input event: type=2
01-24 19:56:08.113 16535 16698 V threaded_app: New input event: type=2
01-24 19:56:08.131 16535 16698 V threaded_app: New input event: type=2
01-24 19:56:08.147 16535 16698 V threaded_app: New input event: type=2
01-24 19:56:08.167 16535 16698 V threaded_app: New input event: type=2
01-24 19:56:08.182 16535 16698 V threaded_app: New input event: type=2
01-24 19:56:08.197 16535 16698 V threaded_app: New input event: type=2
01-24 19:56:08.364 16535 16698 V threaded_app: New input event: type=2
01-24 19:56:08.378 16535 16698 V threaded_app: New input event: type=2
01-24 19:56:08.395 16535 16698 V threaded_app: New input event: type=2
01-24 19:56:08.411 16535 16698 V threaded_app: New input event: type=2
01-24 19:56:08.428 16535 16698 V threaded_app: New input event: type=2
01-24 19:56:08.445 16535 16698 V threaded_app: New input event: type=2
01-24 19:56:08.464 16535 16698 V threaded_app: New input event: type=2
01-24 19:56:08.480 16535 16698 V threaded_app: New input event: type=2
01-24 19:56:08.494 16535 16698 V threaded_app: New input event: type=2
01-24 19:56:08.511 16535 16698 V threaded_app: New input event: type=2
01-24 19:56:08.527 16535 16698 V threaded_app: New input event: type=2
01-24 19:56:08.544 16535 16698 V threaded_app: New input event: type=2
01-24 19:56:08.594 16535 16698 V threaded_app: New input event: type=2
01-24 19:56:08.610 16535 16698 V threaded_app: New input event: type=2
01-24 19:56:08.617 16535 16698 V threaded_app: New input event: type=2
01-24 19:56:08.619 16535 16698 V threaded_app: New input event: type=2
01-24 19:56:09.163 16535 17392 D AudioManager: isBluetoothScoOn()=false, calling
application:com.game.loader
01-24 19:56:09.199 16535 16698 V threaded_app: New input event: type=2
01-24 19:56:09.199 16535 16698 V threaded_app: New input event: type=2
01-24 19:56:09.659 16535 16698 V threaded_app: New input event: type=2
01-24 19:56:09.687 16535 16698 V threaded_app: New input event: type=2
01-24 19:56:09.698 16535 16698 V threaded_app: New input event: type=2
01-24 19:56:09.984 16535 16535 W BillingClient: Connection to Billing service is
blocked.
01-24 19:56:09.998 16535 16584 W c2.t : Error scheduling event Attempt to invoke
virtual method 'android.content.ComponentName android.app.job.JobInfo.getService()'
on a null object reference
01-24 19:56:10.360 16535 16698 V threaded_app: New input event: type=2
01-24 19:56:10.367 16535 16698 V threaded_app: New input event: type=2
01-24 19:56:10.420 16535 16698 V threaded_app: New input event: type=2
01-24 19:56:10.441 16535 17392 D AudioManager: isBluetoothScoOn()=false, calling
application:com.game.loader
01-24 19:56:11.669 16535 16698 V threaded_app: New input event: type=2
01-24 19:56:11.693 16535 16698 V threaded_app: New input event: type=2
01-24 19:56:11.717 16535 16698 V threaded_app: New input event: type=2
01-24 19:56:11.718 16535 16698 V threaded_app: New input event: type=2
01-24 19:56:11.720 16535 17392 D AudioManager: isBluetoothScoOn()=false, calling
application:com.game.loader
01-24 19:56:12.699 16535 16698 V threaded_app: New input event: type=2
01-24 19:56:12.725 16535 16698 V threaded_app: New input event: type=2
01-24 19:56:13.002 16535 17392 D AudioManager: isBluetoothScoOn()=false, calling
application:com.game.loader
01-24 19:56:13.715 16535 16698 V threaded_app: New input event: type=2
01-24 19:56:13.749 16535 16698 V threaded_app: New input event: type=2
01-24 19:56:13.766 16535 16698 V threaded_app: New input event: type=2
01-24 19:56:13.782 16535 16698 V threaded_app: New input event: type=2
01-24 19:56:13.794 16535 16698 V threaded_app: New input event: type=2
01-24 19:56:13.794 16535 16698 V threaded_app: New input event: type=2
01-24 19:56:14.225 16535 16698 V threaded_app: New input event: type=2
01-24 19:56:14.249 16535 16698 V threaded_app: New input event: type=2
01-24 19:56:14.282 16535 17392 D AudioManager: isBluetoothScoOn()=false, calling
application:com.game.loader
01-24 19:56:15.299 16535 16698 V threaded_app: New input event: type=2
01-24 19:56:15.325 16535 16698 V threaded_app: New input event: type=2
01-24 19:56:15.419 16535 16545 E LoadedApk: performReceive() called targeting raw
IIntentReceiver for Intent { act=android.intent.action.BATTERY_CHANGED
flg=0x70000010 (has extras) }
01-24 19:56:15.562 16535 17392 D AudioManager: isBluetoothScoOn()=false, calling
application:com.game.loader
01-24 19:56:16.339 16535 16698 V threaded_app: New input event: type=2
01-24 19:56:16.368 16535 16698 V threaded_app: New input event: type=2
01-24 19:56:16.403 16535 16698 V threaded_app: New input event: type=2
01-24 19:56:16.422 16535 16698 V threaded_app: New input event: type=2
01-24 19:56:16.842 16535 17392 D AudioManager: isBluetoothScoOn()=false, calling
application:com.game.loader
01-24 19:56:18.122 16535 17392 D AudioManager: isBluetoothScoOn()=false, calling
application:com.game.loader
01-24 19:56:18.279 16535 16698 V threaded_app: New input event: type=2
01-24 19:56:18.291 16535 16698 V threaded_app: New input event: type=2
01-24 19:56:18.323 16535 16698 V threaded_app: New input event: type=2
01-24 19:56:18.339 16535 16698 V threaded_app: New input event: type=2
01-24 19:56:18.375 16535 16698 V threaded_app: New input event: type=2
01-24 19:56:18.393 16535 16698 V threaded_app: New input event: type=2
01-24 19:56:18.406 16535 16698 V threaded_app: New input event: type=2
01-24 19:56:18.423 16535 16698 V threaded_app: New input event: type=2
01-24 19:56:18.440 16535 16698 V threaded_app: New input event: type=2
01-24 19:56:18.457 16535 16698 V threaded_app: New input event: type=2
01-24 19:56:18.474 16535 16698 V threaded_app: New input event: type=2
01-24 19:56:18.489 16535 16698 V threaded_app: New input event: type=2
01-24 19:56:18.505 16535 16698 V threaded_app: New input event: type=2
01-24 19:56:18.522 16535 16698 V threaded_app: New input event: type=2
01-24 19:56:18.543 16535 16698 V threaded_app: New input event: type=2
01-24 19:56:18.557 16535 16698 V threaded_app: New input event: type=2
01-24 19:56:18.572 16535 16698 V threaded_app: New input event: type=2
01-24 19:56:18.589 16535 16698 V threaded_app: New input event: type=2
01-24 19:56:18.605 16535 16698 V threaded_app: New input event: type=2
01-24 19:56:18.625 16535 16698 V threaded_app: New input event: type=2
01-24 19:56:18.641 16535 16698 V threaded_app: New input event: type=2
01-24 19:56:18.655 16535 16698 V threaded_app: New input event: type=2
01-24 19:56:18.671 16535 16698 V threaded_app: New input event: type=2
01-24 19:56:18.691 16535 16698 V threaded_app: New input event: type=2
01-24 19:56:18.705 16535 16698 V threaded_app: New input event: type=2
01-24 19:56:18.721 16535 16698 V threaded_app: New input event: type=2
01-24 19:56:18.739 16535 16698 V threaded_app: New input event: type=2
01-24 19:56:18.755 16535 16698 V threaded_app: New input event: type=2
01-24 19:56:18.771 16535 16698 V threaded_app: New input event: type=2
01-24 19:56:18.787 16535 16698 V threaded_app: New input event: type=2
01-24 19:56:18.806 16535 16698 V threaded_app: New input event: type=2
01-24 19:56:18.821 16535 16698 V threaded_app: New input event: type=2
01-24 19:56:18.837 16535 16698 V threaded_app: New input event: type=2
01-24 19:56:18.857 16535 16698 V threaded_app: New input event: type=2
01-24 19:56:18.870 16535 16698 V threaded_app: New input event: type=2
01-24 19:56:18.886 16535 16698 V threaded_app: New input event: type=2
01-24 19:56:18.907 16535 16698 V threaded_app: New input event: type=2
01-24 19:56:18.924 16535 16698 V threaded_app: New input event: type=2
01-24 19:56:18.938 16535 16698 V threaded_app: New input event: type=2
01-24 19:56:18.954 16535 16698 V threaded_app: New input event: type=2
01-24 19:56:18.972 16535 16698 V threaded_app: New input event: type=2
01-24 19:56:18.987 16535 16698 V threaded_app: New input event: type=2
01-24 19:56:19.004 16535 16698 V threaded_app: New input event: type=2
01-24 19:56:19.021 16535 16698 V threaded_app: New input event: type=2
01-24 19:56:19.039 16535 16698 V threaded_app: New input event: type=2
01-24 19:56:19.052 16535 16698 V threaded_app: New input event: type=2
01-24 19:56:19.068 16535 16698 V threaded_app: New input event: type=2
01-24 19:56:19.085 16535 16698 V threaded_app: New input event: type=2
01-24 19:56:19.102 16535 16698 V threaded_app: New input event: type=2
01-24 19:56:19.119 16535 16698 V threaded_app: New input event: type=2
01-24 19:56:19.135 16535 16698 V threaded_app: New input event: type=2
01-24 19:56:19.152 16535 16698 V threaded_app: New input event: type=2
01-24 19:56:19.168 16535 16698 V threaded_app: New input event: type=2
01-24 19:56:19.185 16535 16698 V threaded_app: New input event: type=2
01-24 19:56:19.201 16535 16698 V threaded_app: New input event: type=2
01-24 19:56:19.220 16535 16698 V threaded_app: New input event: type=2
01-24 19:56:19.236 16535 16698 V threaded_app: New input event: type=2
01-24 19:56:19.253 16535 16698 V threaded_app: New input event: type=2
01-24 19:56:19.268 16535 16698 V threaded_app: New input event: type=2
01-24 19:56:19.284 16535 16698 V threaded_app: New input event: type=2
01-24 19:56:19.293 16535 16698 V threaded_app: New input event: type=2
01-24 19:56:19.293 16535 16698 V threaded_app: New input event: type=2
01-24 19:56:19.400 16535 17392 D AudioManager: isBluetoothScoOn()=false, calling
application:com.game.loader
01-24 19:56:19.801 16535 16698 V threaded_app: New input event: type=2
01-24 19:56:19.866 16535 16698 V threaded_app: New input event: type=2
01-24 19:56:19.881 16535 16698 V threaded_app: New input event: type=2
01-24 19:56:19.897 16535 16698 V threaded_app: New input event: type=2
01-24 19:56:19.914 16535 16698 V threaded_app: New input event: type=2
01-24 19:56:19.931 16535 16698 V threaded_app: New input event: type=2
01-24 19:56:19.947 16535 16698 V threaded_app: New input event: type=2
01-24 19:56:19.965 16535 16698 V threaded_app: New input event: type=2
01-24 19:56:19.980 16535 16698 V threaded_app: New input event: type=2
01-24 19:56:19.997 16535 16698 V threaded_app: New input event: type=2
01-24 19:56:20.013 16535 16698 V threaded_app: New input event: type=2
01-24 19:56:20.030 16535 16698 V threaded_app: New input event: type=2
01-24 19:56:20.046 16535 16698 V threaded_app: New input event: type=2
01-24 19:56:20.063 16535 16698 V threaded_app: New input event: type=2
01-24 19:56:20.080 16535 16698 V threaded_app: New input event: type=2
01-24 19:56:20.097 16535 16698 V threaded_app: New input event: type=2
01-24 19:56:20.114 16535 16698 V threaded_app: New input event: type=2
01-24 19:56:20.129 16535 16698 V threaded_app: New input event: type=2
01-24 19:56:20.146 16535 16698 V threaded_app: New input event: type=2
01-24 19:56:20.162 16535 16698 V threaded_app: New input event: type=2
01-24 19:56:20.181 16535 16698 V threaded_app: New input event: type=2
01-24 19:56:20.196 16535 16698 V threaded_app: New input event: type=2
01-24 19:56:20.212 16535 16698 V threaded_app: New input event: type=2
01-24 19:56:20.230 16535 16698 V threaded_app: New input event: type=2
01-24 19:56:20.245 16535 16698 V threaded_app: New input event: type=2
01-24 19:56:20.264 16535 16698 V threaded_app: New input event: type=2
01-24 19:56:20.279 16535 16698 V threaded_app: New input event: type=2
01-24 19:56:20.295 16535 16698 V threaded_app: New input event: type=2
01-24 19:56:20.312 16535 16698 V threaded_app: New input event: type=2
01-24 19:56:20.329 16535 16698 V threaded_app: New input event: type=2
01-24 19:56:20.345 16535 16698 V threaded_app: New input event: type=2
01-24 19:56:20.361 16535 16698 V threaded_app: New input event: type=2
01-24 19:56:20.382 16535 16698 V threaded_app: New input event: type=2
01-24 19:56:20.395 16535 16698 V threaded_app: New input event: type=2
01-24 19:56:20.420 16535 16698 V threaded_app: New input event: type=2
01-24 19:56:20.420 16535 16698 V threaded_app: New input event: type=2
01-24 19:56:20.681 16535 17392 D AudioManager: isBluetoothScoOn()=false, calling
application:com.game.loader
01-24 19:56:21.086 16535 16698 V threaded_app: New input event: type=2
01-24 19:56:21.108 16535 16698 V threaded_app: New input event: type=2
01-24 19:56:21.125 16535 16698 V threaded_app: New input event: type=2
01-24 19:56:21.145 16535 16698 V threaded_app: New input event: type=2
01-24 19:56:21.147 16535 16698 V threaded_app: New input event: type=2
01-24 19:56:21.873 16535 16698 V threaded_app: New input event: type=2
01-24 19:56:21.903 16535 16698 V threaded_app: New input event: type=2
01-24 19:56:21.918 16535 16698 V threaded_app: New input event: type=2
01-24 19:56:21.918 16535 16698 V threaded_app: New input event: type=2
01-24 19:56:21.962 16535 17392 D AudioManager: isBluetoothScoOn()=false, calling
application:com.game.loader
01-24 19:56:22.411 16535 16698 V threaded_app: New input event: type=2
01-24 19:56:22.483 16535 16698 V threaded_app: New input event: type=2
01-24 19:56:22.485 16535 16698 V threaded_app: New input event: type=2
01-24 19:56:22.734 15134 15224 I WM-WorkerWrapper: Worker result SUCCESS for Work [
id=92229fc2-41c4-45e2-9027-a8386577403e,
tags={ com.twitter.analytics.service.core.workmanager.AnalyticsFlushWorker } ]
01-24 19:56:22.924 16535 16698 V threaded_app: New input event: type=2
01-24 19:56:22.949 16535 16698 V threaded_app: New input event: type=2
01-24 19:56:22.998 16535 16698 V threaded_app: New input event: type=2
01-24 19:56:22.998 16535 16698 V threaded_app: New input event: type=2
01-24 19:56:23.241 16535 17392 D AudioManager: isBluetoothScoOn()=false, calling
application:com.game.loader
01-24 19:56:23.311 16535 16698 V threaded_app: New input event: type=2
01-24 19:56:23.347 16535 16698 V threaded_app: New input event: type=2
01-24 19:56:23.386 16535 16698 V threaded_app: New input event: type=2
01-24 19:56:23.391 16535 16698 V threaded_app: New input event: type=2
01-24 19:56:24.520 16535 17392 D AudioManager: isBluetoothScoOn()=false, calling
application:com.game.loader
01-24 19:56:25.327 16535 16698 V threaded_app: New input event: type=2
01-24 19:56:25.352 16535 16698 V threaded_app: New input event: type=2
01-24 19:56:25.402 16535 16698 V threaded_app: New input event: type=2
01-24 19:56:25.418 16535 16698 V threaded_app: New input event: type=2
01-24 19:56:25.422 16535 16698 V threaded_app: New input event: type=2
01-24 19:56:25.801 16535 17392 D AudioManager: isBluetoothScoOn()=false, calling
application:com.game.loader
01-24 19:56:26.259 16535 16698 V threaded_app: New input event: type=2
01-24 19:56:26.312 16535 16698 V threaded_app: New input event: type=2
01-24 19:56:26.345 16535 16698 V threaded_app: New input event: type=2
01-24 19:56:26.361 16535 16698 V threaded_app: New input event: type=2
01-24 19:56:26.379 16535 16698 V threaded_app: New input event: type=2
01-24 19:56:26.394 16535 16698 V threaded_app: New input event: type=2
01-24 19:56:26.412 16535 16698 V threaded_app: New input event: type=2
01-24 19:56:26.437 16535 16698 V threaded_app: New input event: type=2
01-24 19:56:26.444 16535 16698 V threaded_app: New input event: type=2
01-24 19:56:26.462 16535 16698 V threaded_app: New input event: type=2
01-24 19:56:26.478 16535 16698 V threaded_app: New input event: type=2
01-24 19:56:26.496 16535 16698 V threaded_app: New input event: type=2
01-24 19:56:26.511 16535 16698 V threaded_app: New input event: type=2
01-24 19:56:26.528 16535 16698 V threaded_app: New input event: type=2
01-24 19:56:26.547 16535 16698 V threaded_app: New input event: type=2
01-24 19:56:26.563 16535 16698 V threaded_app: New input event: type=2
01-24 19:56:26.579 16535 16698 V threaded_app: New input event: type=2
01-24 19:56:26.594 16535 16698 V threaded_app: New input event: type=2
01-24 19:56:26.610 16535 16698 V threaded_app: New input event: type=2
01-24 19:56:26.628 16535 16698 V threaded_app: New input event: type=2
01-24 19:56:26.648 16535 16698 V threaded_app: New input event: type=2
01-24 19:56:26.661 16535 16698 V threaded_app: New input event: type=2
01-24 19:56:26.677 16535 16698 V threaded_app: New input event: type=2
01-24 19:56:26.694 16535 16698 V threaded_app: New input event: type=2
01-24 19:56:26.710 16535 16698 V threaded_app: New input event: type=2
01-24 19:56:26.726 16535 16698 V threaded_app: New input event: type=2
01-24 19:56:26.743 16535 16698 V threaded_app: New input event: type=2
01-24 19:56:26.760 16535 16698 V threaded_app: New input event: type=2
01-24 19:56:26.776 16535 16698 V threaded_app: New input event: type=2
01-24 19:56:26.792 16535 16698 V threaded_app: New input event: type=2
01-24 19:56:26.810 16535 16698 V threaded_app: New input event: type=2
01-24 19:56:26.827 16535 16698 V threaded_app: New input event: type=2
01-24 19:56:26.843 16535 16698 V threaded_app: New input event: type=2
01-24 19:56:26.859 16535 16698 V threaded_app: New input event: type=2
01-24 19:56:26.878 16535 16698 V threaded_app: New input event: type=2
01-24 19:56:26.885 15134 15282 I PlayCore: UID: [10001] PID: [15134]
StandardIntegrity : warmUpIntegrityToken(49625052041)
01-24 19:56:26.889 15134 15241 I PlayCore: UID: [10001] PID: [15134]
StandardIntegrity : Already connected to the service.
01-24 19:56:26.890 15134 15241 I PlayCore: UID: [10001] PID: [15134]
StandardIntegrity : Initiate binding to the service.
01-24 19:56:26.896 16535 16698 V threaded_app: New input event: type=2
01-24 19:56:26.902 15134 15241 I PlayCore: UID: [10001] PID: [15134]
StandardIntegrity : Failed to bind to the service.
01-24 19:56:26.909 16535 16698 V threaded_app: New input event: type=2
01-24 19:56:26.927 16535 16698 V threaded_app: New input event: type=2
01-24 19:56:26.941 16535 16698 V threaded_app: New input event: type=2
01-24 19:56:26.959 16535 16698 V threaded_app: New input event: type=2
01-24 19:56:26.975 16535 16698 V threaded_app: New input event: type=2
01-24 19:56:26.991 16535 16698 V threaded_app: New input event: type=2
01-24 19:56:27.009 16535 16698 V threaded_app: New input event: type=2
01-24 19:56:27.026 16535 16698 V threaded_app: New input event: type=2
01-24 19:56:27.041 16535 16698 V threaded_app: New input event: type=2
01-24 19:56:27.057 16535 16698 V threaded_app: New input event: type=2
01-24 19:56:27.075 16535 16698 V threaded_app: New input event: type=2
01-24 19:56:27.080 16535 17392 D AudioManager: isBluetoothScoOn()=false, calling
application:com.game.loader
01-24 19:56:27.093 16535 16698 V threaded_app: New input event: type=2
01-24 19:56:27.108 16535 16698 V threaded_app: New input event: type=2
01-24 19:56:27.125 16535 16698 V threaded_app: New input event: type=2
01-24 19:56:27.145 16535 16698 V threaded_app: New input event: type=2
01-24 19:56:27.160 16535 16698 V threaded_app: New input event: type=2
01-24 19:56:27.174 16535 16698 V threaded_app: New input event: type=2
01-24 19:56:27.190 16535 16698 V threaded_app: New input event: type=2
01-24 19:56:27.208 16535 16698 V threaded_app: New input event: type=2
01-24 19:56:27.224 16535 16698 V threaded_app: New input event: type=2
01-24 19:56:27.241 16535 16698 V threaded_app: New input event: type=2
01-24 19:56:27.257 16535 16698 V threaded_app: New input event: type=2
01-24 19:56:27.274 16535 16698 V threaded_app: New input event: type=2
01-24 19:56:27.292 16535 16698 V threaded_app: New input event: type=2
01-24 19:56:27.307 16535 16698 V threaded_app: New input event: type=2
01-24 19:56:27.324 16535 16698 V threaded_app: New input event: type=2
01-24 19:56:27.341 16535 16698 V threaded_app: New input event: type=2
01-24 19:56:27.357 16535 16698 V threaded_app: New input event: type=2
01-24 19:56:27.373 16535 16698 V threaded_app: New input event: type=2
01-24 19:56:27.390 16535 16698 V threaded_app: New input event: type=2
01-24 19:56:27.406 16535 16698 V threaded_app: New input event: type=2
01-24 19:56:27.422 16535 16698 V threaded_app: New input event: type=2
01-24 19:56:27.439 16535 16698 V threaded_app: New input event: type=2
01-24 19:56:27.459 16535 16698 V threaded_app: New input event: type=2
01-24 19:56:27.473 16535 16698 V threaded_app: New input event: type=2
01-24 19:56:27.489 16535 16698 V threaded_app: New input event: type=2
01-24 19:56:27.507 16535 16698 V threaded_app: New input event: type=2
01-24 19:56:27.522 16535 16698 V threaded_app: New input event: type=2
01-24 19:56:27.538 16535 16698 V threaded_app: New input event: type=2
01-24 19:56:27.556 16535 16698 V threaded_app: New input event: type=2
01-24 19:56:27.571 16535 16698 V threaded_app: New input event: type=2
01-24 19:56:27.588 16535 16698 V threaded_app: New input event: type=2
01-24 19:56:27.605 16535 16698 V threaded_app: New input event: type=2
01-24 19:56:27.621 16535 16698 V threaded_app: New input event: type=2
01-24 19:56:27.639 16535 16698 V threaded_app: New input event: type=2
01-24 19:56:27.654 16535 16698 V threaded_app: New input event: type=2
01-24 19:56:27.671 16535 16698 V threaded_app: New input event: type=2
01-24 19:56:27.689 16535 16698 V threaded_app: New input event: type=2
01-24 19:56:27.707 16535 16698 V threaded_app: New input event: type=2
01-24 19:56:27.722 16535 16698 V threaded_app: New input event: type=2
01-24 19:56:27.738 16535 16698 V threaded_app: New input event: type=2
01-24 19:56:27.754 16535 16698 V threaded_app: New input event: type=2
01-24 19:56:27.771 16535 16698 V threaded_app: New input event: type=2
01-24 19:56:27.787 16535 16698 V threaded_app: New input event: type=2
01-24 19:56:27.805 16535 16698 V threaded_app: New input event: type=2
01-24 19:56:27.820 16535 16698 V threaded_app: New input event: type=2
01-24 19:56:27.838 16535 16698 V threaded_app: New input event: type=2
01-24 19:56:27.855 16535 16698 V threaded_app: New input event: type=2
01-24 19:56:27.870 16535 16698 V threaded_app: New input event: type=2
01-24 19:56:27.891 16535 16698 V threaded_app: New input event: type=2
01-24 19:56:27.904 16535 16698 V threaded_app: New input event: type=2
01-24 19:56:27.921 16535 16698 V threaded_app: New input event: type=2
01-24 19:56:27.936 16535 16698 V threaded_app: New input event: type=2
01-24 19:56:27.953 16535 16698 V threaded_app: New input event: type=2
01-24 19:56:27.970 16535 16698 V threaded_app: New input event: type=2
01-24 19:56:27.986 16535 16698 V threaded_app: New input event: type=2
01-24 19:56:28.003 16535 16698 V threaded_app: New input event: type=2
01-24 19:56:28.021 16535 16698 V threaded_app: New input event: type=2
01-24 19:56:28.037 16535 16698 V threaded_app: New input event: type=2
01-24 19:56:28.054 16535 16698 V threaded_app: New input event: type=2
01-24 19:56:28.069 16535 16698 V threaded_app: New input event: type=2
01-24 19:56:28.086 16535 16698 V threaded_app: New input event: type=2
01-24 19:56:28.102 16535 16698 V threaded_app: New input event: type=2
01-24 19:56:28.120 16535 16698 V threaded_app: New input event: type=2
01-24 19:56:28.123 16535 16698 V threaded_app: New input event: type=2
01-24 19:56:28.361 16535 17392 D AudioManager: isBluetoothScoOn()=false, calling
application:com.game.loader
01-24 19:56:29.463 16535 16698 V threaded_app: New input event: type=2
01-24 19:56:29.494 16535 16698 V threaded_app: New input event: type=2
01-24 19:56:29.529 16535 16698 V threaded_app: New input event: type=2
01-24 19:56:29.543 16535 16698 V threaded_app: New input event: type=2
01-24 19:56:29.560 16535 16698 V threaded_app: New input event: type=2
01-24 19:56:29.577 16535 16698 V threaded_app: New input event: type=2
01-24 19:56:29.595 16535 16698 V threaded_app: New input event: type=2
01-24 19:56:29.614 16535 16698 V threaded_app: New input event: type=2
01-24 19:56:29.632 16535 16698 V threaded_app: New input event: type=2
01-24 19:56:29.640 16535 17392 D AudioManager: isBluetoothScoOn()=false, calling
application:com.game.loader
01-24 19:56:29.643 16535 16698 V threaded_app: New input event: type=2
01-24 19:56:29.662 16535 16698 V threaded_app: New input event: type=2
01-24 19:56:29.676 16535 16698 V threaded_app: New input event: type=2
01-24 19:56:29.694 16535 16698 V threaded_app: New input event: type=2
01-24 19:56:29.710 16535 16698 V threaded_app: New input event: type=2
01-24 19:56:29.729 16535 16698 V threaded_app: New input event: type=2
01-24 19:56:29.743 16535 16698 V threaded_app: New input event: type=2
01-24 19:56:29.760 16535 16698 V threaded_app: New input event: type=2
01-24 19:56:29.780 16535 16698 V threaded_app: New input event: type=2
01-24 19:56:29.793 16535 16698 V threaded_app: New input event: type=2
01-24 19:56:29.810 16535 16698 V threaded_app: New input event: type=2
01-24 19:56:29.826 16535 16698 V threaded_app: New input event: type=2
01-24 19:56:29.843 16535 16698 V threaded_app: New input event: type=2
01-24 19:56:29.859 16535 16698 V threaded_app: New input event: type=2
01-24 19:56:29.875 16535 16698 V threaded_app: New input event: type=2
01-24 19:56:29.893 16535 16698 V threaded_app: New input event: type=2
01-24 19:56:29.909 16535 16698 V threaded_app: New input event: type=2
01-24 19:56:29.927 16535 16698 V threaded_app: New input event: type=2
01-24 19:56:29.943 16535 16698 V threaded_app: New input event: type=2
01-24 19:56:29.960 16535 16698 V threaded_app: New input event: type=2
01-24 19:56:29.975 16535 16698 V threaded_app: New input event: type=2
01-24 19:56:29.992 16535 16698 V threaded_app: New input event: type=2
01-24 19:56:30.012 16535 16698 V threaded_app: New input event: type=2
01-24 19:56:30.025 16535 16698 V threaded_app: New input event: type=2
01-24 19:56:30.042 16535 16698 V threaded_app: New input event: type=2
01-24 19:56:30.058 16535 16698 V threaded_app: New input event: type=2
01-24 19:56:30.076 16535 16698 V threaded_app: New input event: type=2
01-24 19:56:30.094 16535 16698 V threaded_app: New input event: type=2
01-24 19:56:30.108 16535 16698 V threaded_app: New input event: type=2
01-24 19:56:30.126 16535 16698 V threaded_app: New input event: type=2
01-24 19:56:30.142 16535 16698 V threaded_app: New input event: type=2
01-24 19:56:30.157 16535 16698 V threaded_app: New input event: type=2
01-24 19:56:30.174 16535 16698 V threaded_app: New input event: type=2
01-24 19:56:30.190 16535 16698 V threaded_app: New input event: type=2
01-24 19:56:30.207 16535 16698 V threaded_app: New input event: type=2
01-24 19:56:30.223 16535 16698 V threaded_app: New input event: type=2
01-24 19:56:30.240 16535 16698 V threaded_app: New input event: type=2
01-24 19:56:30.257 16535 16698 V threaded_app: New input event: type=2
01-24 19:56:30.274 16535 16698 V threaded_app: New input event: type=2
01-24 19:56:30.290 16535 16698 V threaded_app: New input event: type=2
01-24 19:56:30.306 16535 16698 V threaded_app: New input event: type=2
01-24 19:56:30.323 16535 16698 V threaded_app: New input event: type=2
01-24 19:56:30.340 16535 16698 V threaded_app: New input event: type=2
01-24 19:56:30.357 16535 16698 V threaded_app: New input event: type=2
01-24 19:56:30.373 16535 16698 V threaded_app: New input event: type=2
01-24 19:56:30.393 16535 16698 V threaded_app: New input event: type=2
01-24 19:56:30.406 16535 16698 V threaded_app: New input event: type=2
01-24 19:56:30.422 16535 16698 V threaded_app: New input event: type=2
01-24 19:56:30.439 16535 16698 V threaded_app: New input event: type=2
01-24 19:56:30.456 16535 16698 V threaded_app: New input event: type=2
01-24 19:56:30.472 16535 16698 V threaded_app: New input event: type=2
01-24 19:56:30.489 16535 16698 V threaded_app: New input event: type=2
01-24 19:56:30.507 16535 16698 V threaded_app: New input event: type=2
01-24 19:56:30.522 16535 16698 V threaded_app: New input event: type=2
01-24 19:56:30.538 16535 16698 V threaded_app: New input event: type=2
01-24 19:56:30.555 16535 16698 V threaded_app: New input event: type=2
01-24 19:56:30.571 16535 16698 V threaded_app: New input event: type=2
01-24 19:56:30.588 16535 16698 V threaded_app: New input event: type=2
01-24 19:56:30.605 16535 16698 V threaded_app: New input event: type=2
01-24 19:56:30.621 16535 16698 V threaded_app: New input event: type=2
01-24 19:56:30.640 16535 16698 V threaded_app: New input event: type=2
01-24 19:56:30.656 16535 16698 V threaded_app: New input event: type=2
01-24 19:56:30.673 16535 16698 V threaded_app: New input event: type=2
01-24 19:56:30.689 16535 16698 V threaded_app: New input event: type=2
01-24 19:56:30.706 16535 16698 V threaded_app: New input event: type=2
01-24 19:56:30.723 16535 16698 V threaded_app: New input event: type=2
01-24 19:56:30.738 16535 16698 V threaded_app: New input event: type=2
01-24 19:56:30.754 16535 16698 V threaded_app: New input event: type=2
01-24 19:56:30.767 16535 16698 V threaded_app: New input event: type=2
01-24 19:56:30.770 16535 16698 V threaded_app: New input event: type=2
01-24 19:56:30.923 16535 17392 D AudioManager: isBluetoothScoOn()=false, calling
application:com.game.loader
01-24 19:56:31.625 16535 16698 V threaded_app: New input event: type=2
01-24 19:56:31.649 16535 16698 V threaded_app: New input event: type=2
01-24 19:56:31.666 16535 16698 V threaded_app: New input event: type=2
01-24 19:56:31.682 16535 16698 V threaded_app: New input event: type=2
01-24 19:56:31.699 16535 16698 V threaded_app: New input event: type=2
01-24 19:56:31.715 16535 16698 V threaded_app: New input event: type=2
01-24 19:56:31.731 16535 16698 V threaded_app: New input event: type=2
01-24 19:56:31.752 16535 16698 V threaded_app: New input event: type=2
01-24 19:56:31.765 16535 16698 V threaded_app: New input event: type=2
01-24 19:56:31.783 16535 16698 V threaded_app: New input event: type=2
01-24 19:56:31.800 16535 16698 V threaded_app: New input event: type=2
01-24 19:56:31.816 16535 16698 V threaded_app: New input event: type=2
01-24 19:56:31.832 16535 16698 V threaded_app: New input event: type=2
01-24 19:56:31.849 16535 16698 V threaded_app: New input event: type=2
01-24 19:56:31.865 16535 16698 V threaded_app: New input event: type=2
01-24 19:56:31.881 16535 16698 V threaded_app: New input event: type=2
01-24 19:56:31.897 16535 16698 V threaded_app: New input event: type=2
01-24 19:56:31.914 16535 16698 V threaded_app: New input event: type=2
01-24 19:56:31.931 16535 16698 V threaded_app: New input event: type=2
01-24 19:56:31.947 16535 16698 V threaded_app: New input event: type=2
01-24 19:56:31.965 16535 16698 V threaded_app: New input event: type=2
01-24 19:56:31.980 16535 16698 V threaded_app: New input event: type=2
01-24 19:56:31.997 16535 16698 V threaded_app: New input event: type=2
01-24 19:56:32.013 16535 16698 V threaded_app: New input event: type=2
01-24 19:56:32.031 16535 16698 V threaded_app: New input event: type=2
01-24 19:56:32.047 16535 16698 V threaded_app: New input event: type=2
01-24 19:56:32.066 16535 16698 V threaded_app: New input event: type=2
01-24 19:56:32.081 16535 16698 V threaded_app: New input event: type=2
01-24 19:56:32.096 16535 16698 V threaded_app: New input event: type=2
01-24 19:56:32.115 16535 16698 V threaded_app: New input event: type=2
01-24 19:56:32.130 16535 16698 V threaded_app: New input event: type=2
01-24 19:56:32.151 16535 16698 V threaded_app: New input event: type=2
01-24 19:56:32.162 16535 16698 V threaded_app: New input event: type=2
01-24 19:56:32.179 16535 16698 V threaded_app: New input event: type=2
01-24 19:56:32.197 16535 16698 V threaded_app: New input event: type=2
01-24 19:56:32.200 16535 17392 D AudioManager: isBluetoothScoOn()=false, calling
application:com.game.loader
01-24 19:56:32.213 16535 16698 V threaded_app: New input event: type=2
01-24 19:56:32.230 16535 16698 V threaded_app: New input event: type=2
01-24 19:56:32.246 16535 16698 V threaded_app: New input event: type=2
01-24 19:56:32.262 16535 16698 V threaded_app: New input event: type=2
01-24 19:56:32.279 16535 16698 V threaded_app: New input event: type=2
01-24 19:56:32.296 16535 16698 V threaded_app: New input event: type=2
01-24 19:56:32.312 16535 16698 V threaded_app: New input event: type=2
01-24 19:56:32.330 16535 16698 V threaded_app: New input event: type=2
01-24 19:56:32.346 16535 16698 V threaded_app: New input event: type=2
01-24 19:56:32.364 16535 16698 V threaded_app: New input event: type=2
01-24 19:56:32.378 16535 16698 V threaded_app: New input event: type=2
01-24 19:56:32.395 16535 16698 V threaded_app: New input event: type=2
01-24 19:56:32.412 16535 16698 V threaded_app: New input event: type=2
01-24 19:56:32.428 16535 16698 V threaded_app: New input event: type=2
01-24 19:56:32.445 16535 16698 V threaded_app: New input event: type=2
01-24 19:56:32.463 16535 16698 V threaded_app: New input event: type=2
01-24 19:56:32.477 16535 16698 V threaded_app: New input event: type=2
01-24 19:56:32.494 16535 16698 V threaded_app: New input event: type=2
01-24 19:56:32.511 16535 16698 V threaded_app: New input event: type=2
01-24 19:56:32.527 16535 16698 V threaded_app: New input event: type=2
01-24 19:56:32.543 16535 16698 V threaded_app: New input event: type=2
01-24 19:56:32.563 16535 16698 V threaded_app: New input event: type=2
01-24 19:56:32.578 16535 16698 V threaded_app: New input event: type=2
01-24 19:56:32.593 16535 16698 V threaded_app: New input event: type=2
01-24 19:56:32.610 16535 16698 V threaded_app: New input event: type=2
01-24 19:56:32.626 16535 16698 V threaded_app: New input event: type=2
01-24 19:56:32.645 16535 16698 V threaded_app: New input event: type=2
01-24 19:56:32.660 16535 16698 V threaded_app: New input event: type=2
01-24 19:56:32.679 16535 16698 V threaded_app: New input event: type=2
01-24 19:56:32.694 16535 16698 V threaded_app: New input event: type=2
01-24 19:56:32.710 16535 16698 V threaded_app: New input event: type=2
01-24 19:56:32.726 16535 16698 V threaded_app: New input event: type=2
01-24 19:56:32.744 16535 16698 V threaded_app: New input event: type=2
01-24 19:56:32.761 16535 16698 V threaded_app: New input event: type=2
01-24 19:56:32.776 16535 16698 V threaded_app: New input event: type=2
01-24 19:56:32.782 16535 16698 V threaded_app: New input event: type=2
01-24 19:56:32.786 16535 16698 V threaded_app: New input event: type=2
01-24 19:56:33.148 16535 16698 V threaded_app: New input event: type=2
01-24 19:56:33.174 16535 16698 V threaded_app: New input event: type=2
01-24 19:56:33.224 16535 16698 V threaded_app: New input event: type=2
01-24 19:56:33.240 16535 16698 V threaded_app: New input event: type=2
01-24 19:56:33.259 16535 16698 V threaded_app: New input event: type=2
01-24 19:56:33.274 16535 16698 V threaded_app: New input event: type=2
01-24 19:56:33.291 16535 16698 V threaded_app: New input event: type=2
01-24 19:56:33.307 16535 16698 V threaded_app: New input event: type=2
01-24 19:56:33.324 16535 16698 V threaded_app: New input event: type=2
01-24 19:56:33.341 16535 16698 V threaded_app: New input event: type=2
01-24 19:56:33.356 16535 16698 V threaded_app: New input event: type=2
01-24 19:56:33.372 16535 16698 V threaded_app: New input event: type=2
01-24 19:56:33.389 16535 16698 V threaded_app: New input event: type=2
01-24 19:56:33.406 16535 16698 V threaded_app: New input event: type=2
01-24 19:56:33.423 16535 16698 V threaded_app: New input event: type=2
01-24 19:56:33.440 16535 16698 V threaded_app: New input event: type=2
01-24 19:56:33.461 16535 16698 V threaded_app: New input event: type=2
01-24 19:56:33.471 16535 16698 V threaded_app: New input event: type=2
01-24 19:56:33.474 16535 16698 V threaded_app: New input event: type=2
01-24 19:56:33.481 16535 17392 D AudioManager: isBluetoothScoOn()=false, calling
application:com.game.loader
01-24 19:56:33.834 16535 16698 V threaded_app: New input event: type=2
01-24 19:56:33.853 16535 16698 V threaded_app: New input event: type=2
01-24 19:56:33.920 16535 16698 V threaded_app: New input event: type=2
01-24 19:56:33.937 16535 16698 V threaded_app: New input event: type=2
01-24 19:56:33.953 16535 16698 V threaded_app: New input event: type=2
01-24 19:56:33.971 16535 16698 V threaded_app: New input event: type=2
01-24 19:56:33.987 16535 16698 V threaded_app: New input event: type=2
01-24 19:56:34.002 16535 16698 V threaded_app: New input event: type=2
01-24 19:56:34.021 16535 16698 V threaded_app: New input event: type=2
01-24 19:56:34.036 16535 16698 V threaded_app: New input event: type=2
01-24 19:56:34.054 16535 16698 V threaded_app: New input event: type=2
01-24 19:56:34.069 16535 16698 V threaded_app: New input event: type=2
01-24 19:56:34.086 16535 16698 V threaded_app: New input event: type=2
01-24 19:56:34.105 16535 16698 V threaded_app: New input event: type=2
01-24 19:56:34.119 16535 16698 V threaded_app: New input event: type=2
01-24 19:56:34.138 16535 16698 V threaded_app: New input event: type=2
01-24 19:56:34.151 16535 16698 V threaded_app: New input event: type=2
01-24 19:56:34.183 16535 16698 V threaded_app: New input event: type=2
01-24 19:56:34.183 16535 16698 V threaded_app: New input event: type=2
01-24 19:56:34.402 16535 16698 V threaded_app: New input event: type=2
01-24 19:56:34.434 16535 16698 V threaded_app: New input event: type=2
01-24 19:56:34.450 16535 16698 V threaded_app: New input event: type=2
01-24 19:56:34.500 16535 16698 V threaded_app: New input event: type=2
01-24 19:56:34.516 16535 16698 V threaded_app: New input event: type=2
01-24 19:56:34.533 16535 16698 V threaded_app: New input event: type=2
01-24 19:56:34.549 16535 16698 V threaded_app: New input event: type=2
01-24 19:56:34.567 16535 16698 V threaded_app: New input event: type=2
01-24 19:56:34.582 16535 16698 V threaded_app: New input event: type=2
01-24 19:56:34.599 16535 16698 V threaded_app: New input event: type=2
01-24 19:56:34.615 16535 16698 V threaded_app: New input event: type=2
01-24 19:56:34.632 16535 16698 V threaded_app: New input event: type=2
01-24 19:56:34.651 16535 16698 V threaded_app: New input event: type=2
01-24 19:56:34.665 16535 16698 V threaded_app: New input event: type=2
01-24 19:56:34.667 16535 16535 I VelocityTracker: LSQ2 speed rezero
01-24 19:56:34.672 16535 16698 V threaded_app: New input event: type=2
01-24 19:56:34.761 16535 17392 D AudioManager: isBluetoothScoOn()=false, calling
application:com.game.loader
01-24 19:56:34.893 16535 16698 V threaded_app: New input event: type=2
01-24 19:56:34.914 16535 16698 V threaded_app: New input event: type=2
01-24 19:56:35.031 16535 16698 V threaded_app: New input event: type=2
01-24 19:56:35.047 16535 16698 V threaded_app: New input event: type=2
01-24 19:56:35.065 16535 16698 V threaded_app: New input event: type=2
01-24 19:56:35.079 16535 16698 V threaded_app: New input event: type=2
01-24 19:56:35.096 16535 16698 V threaded_app: New input event: type=2
01-24 19:56:35.112 16535 16698 V threaded_app: New input event: type=2
01-24 19:56:35.129 16535 16698 V threaded_app: New input event: type=2
01-24 19:56:35.146 16535 16698 V threaded_app: New input event: type=2
01-24 19:56:35.162 16535 16698 V threaded_app: New input event: type=2
01-24 19:56:35.179 16535 16698 V threaded_app: New input event: type=2
01-24 19:56:35.195 16535 16698 V threaded_app: New input event: type=2
01-24 19:56:35.213 16535 16698 V threaded_app: New input event: type=2
01-24 19:56:35.231 16535 16698 V threaded_app: New input event: type=2
01-24 19:56:35.245 16535 16698 V threaded_app: New input event: type=2
01-24 19:56:35.262 16535 16698 V threaded_app: New input event: type=2
01-24 19:56:35.271 16535 16698 V threaded_app: New input event: type=2
01-24 19:56:35.272 16535 16698 V threaded_app: New input event: type=2
01-24 19:56:35.475 16535 16698 V threaded_app: New input event: type=2
01-24 19:56:35.494 16535 16698 V threaded_app: New input event: type=2
01-24 19:56:35.511 16535 16698 V threaded_app: New input event: type=2
01-24 19:56:35.528 16535 16698 V threaded_app: New input event: type=2
01-24 19:56:35.544 16535 16698 V threaded_app: New input event: type=2
01-24 19:56:35.562 16535 16698 V threaded_app: New input event: type=2
01-24 19:56:35.583 16535 16698 V threaded_app: New input event: type=2
01-24 19:56:35.595 16535 16698 V threaded_app: New input event: type=2
01-24 19:56:35.610 16535 16698 V threaded_app: New input event: type=2
01-24 19:56:35.627 16535 16698 V threaded_app: New input event: type=2
01-24 19:56:35.643 16535 16698 V threaded_app: New input event: type=2
01-24 19:56:35.661 16535 16698 V threaded_app: New input event: type=2
01-24 19:56:35.677 16535 16698 V threaded_app: New input event: type=2
01-24 19:56:35.693 16535 16698 V threaded_app: New input event: type=2
01-24 19:56:35.710 16535 16698 V threaded_app: New input event: type=2
01-24 19:56:35.726 16535 16698 V threaded_app: New input event: type=2
01-24 19:56:35.742 16535 16698 V threaded_app: New input event: type=2
01-24 19:56:35.760 16535 16698 V threaded_app: New input event: type=2
01-24 19:56:35.777 16535 16698 V threaded_app: New input event: type=2
01-24 19:56:35.794 16535 16698 V threaded_app: New input event: type=2
01-24 19:56:35.809 16535 16698 V threaded_app: New input event: type=2
01-24 19:56:35.827 16535 16698 V threaded_app: New input event: type=2
01-24 19:56:35.837 16535 16698 V threaded_app: New input event: type=2
01-24 19:56:35.838 16535 16698 V threaded_app: New input event: type=2
01-24 19:56:36.037 16535 16698 V threaded_app: New input event: type=2
01-24 19:56:36.040 16535 17392 D AudioManager: isBluetoothScoOn()=false, calling
application:com.game.loader
01-24 19:56:36.058 16535 16698 V threaded_app: New input event: type=2
01-24 19:56:36.091 16535 16698 V threaded_app: New input event: type=2
