01-24 20:01:46.420 25200 25733 D AudioManager: isBluetoothScoOn()=false, calling
application:com.game.loader
01-24 20:01:47.698 25200 25733 D AudioManager: isBluetoothScoOn()=false, calling
application:com.game.loader
01-24 20:01:48.977 25200 25733 D AudioManager: isBluetoothScoOn()=false, calling
application:com.game.loader
01-24 20:01:50.256 25200 25733 D AudioManager: isBluetoothScoOn()=false, calling
application:com.game.loader
01-24 20:01:51.537 25200 25733 D AudioManager: isBluetoothScoOn()=false, calling
application:com.game.loader
01-24 20:01:52.817 25200 25733 D AudioManager: isBluetoothScoOn()=false, calling
application:com.game.loader
01-24 20:01:53.864 25200 25485 V threaded_app: New input event: type=2
01-24 20:01:53.893 25200 25485 V threaded_app: New input event: type=2
01-24 20:01:53.945 25200 25485 V threaded_app: New input event: type=2
01-24 20:01:53.946 25200 25485 V threaded_app: New input event: type=2
01-24 20:01:54.098 25200 25733 D AudioManager: isBluetoothScoOn()=false, calling
application:com.game.loader
01-24 20:01:55.046 25200 25485 V threaded_app: New input event: type=2
01-24 20:01:55.087 25200 25485 V threaded_app: New input event: type=2
01-24 20:01:55.102 25200 25485 V threaded_app: New input event: type=2
01-24 20:01:55.284 25200 25485 V threaded_app: New input event: type=2
01-24 20:01:55.378 25200 25733 D AudioManager: isBluetoothScoOn()=false, calling
application:com.game.loader
01-24 20:01:55.684 25200 25485 V threaded_app: New input event: type=2
01-24 20:01:55.699 25200 25485 V threaded_app: New input event: type=2
01-24 20:01:55.717 25200 25485 V threaded_app: New input event: type=2
01-24 20:01:55.733 25200 25485 V threaded_app: New input event: type=2
01-24 20:01:55.751 25200 25485 V threaded_app: New input event: type=2
01-24 20:01:56.081 25200 25485 V threaded_app: New input event: type=2
01-24 20:01:56.660 25200 25733 D AudioManager: isBluetoothScoOn()=false, calling
application:com.game.loader
01-24 20:01:56.977 25200 25485 V threaded_app: New input event: type=2
01-24 20:01:56.993 25200 25485 V threaded_app: New input event: type=2
01-24 20:01:57.009 25200 25485 V threaded_app: New input event: type=2
01-24 20:01:57.026 25200 25485 V threaded_app: New input event: type=2
01-24 20:01:57.043 25200 25485 V threaded_app: New input event: type=2
01-24 20:01:57.057 25200 25485 V threaded_app: New input event: type=2
01-24 20:01:57.074 25200 25485 V threaded_app: New input event: type=2
01-24 20:01:57.091 25200 25485 V threaded_app: New input event: type=2
01-24 20:01:57.108 25200 25485 V threaded_app: New input event: type=2
01-24 20:01:57.123 25200 25485 V threaded_app: New input event: type=2
01-24 20:01:57.140 25200 25485 V threaded_app: New input event: type=2
01-24 20:01:57.157 25200 25485 V threaded_app: New input event: type=2
01-24 20:01:57.174 25200 25485 V threaded_app: New input event: type=2
01-24 20:01:57.190 25200 25485 V threaded_app: New input event: type=2
01-24 20:01:57.207 25200 25485 V threaded_app: New input event: type=2
01-24 20:01:57.223 25200 25485 V threaded_app: New input event: type=2
01-24 20:01:57.240 25200 25485 V threaded_app: New input event: type=2
01-24 20:01:57.256 25200 25485 V threaded_app: New input event: type=2
01-24 20:01:57.273 25200 25485 V threaded_app: New input event: type=2
01-24 20:01:57.289 25200 25485 V threaded_app: New input event: type=2
01-24 20:01:57.306 25200 25485 V threaded_app: New input event: type=2
01-24 20:01:57.323 25200 25485 V threaded_app: New input event: type=2
01-24 20:01:57.339 25200 25485 V threaded_app: New input event: type=2
01-24 20:01:57.356 25200 25485 V threaded_app: New input event: type=2
01-24 20:01:57.373 25200 25485 V threaded_app: New input event: type=2
01-24 20:01:57.389 25200 25485 V threaded_app: New input event: type=2
01-24 20:01:57.406 25200 25485 V threaded_app: New input event: type=2
01-24 20:01:57.422 25200 25485 V threaded_app: New input event: type=2
01-24 20:01:57.439 25200 25485 V threaded_app: New input event: type=2
01-24 20:01:57.457 25200 25485 V threaded_app: New input event: type=2
01-24 20:01:57.473 25200 25485 V threaded_app: New input event: type=2
01-24 20:01:57.489 25200 25485 V threaded_app: New input event: type=2
01-24 20:01:57.504 25200 25485 V threaded_app: New input event: type=2
01-24 20:01:57.521 25200 25485 V threaded_app: New input event: type=2
01-24 20:01:57.539 25200 25485 V threaded_app: New input event: type=2
01-24 20:01:57.549 25200 25200 I VelocityTracker: LSQ2 speed rezero
01-24 20:01:57.551 25200 25485 V threaded_app: New input event: type=2
01-24 20:01:57.552 25200 25485 V threaded_app: New input event: type=2
01-24 20:01:57.751 25200 25485 V threaded_app: New input event: type=2
01-24 20:01:57.773 25200 25485 V threaded_app: New input event: type=2
01-24 20:01:57.822 25200 25485 V threaded_app: New input event: type=2
01-24 20:01:57.870 25200 25485 V threaded_app: New input event: type=2
01-24 20:01:57.873 25200 25485 V threaded_app: New input event: type=2
01-24 20:01:57.938 25200 25733 D AudioManager: isBluetoothScoOn()=false, calling
application:com.game.loader
01-24 20:01:59.006 25200 25485 V threaded_app: New input event: type=2
01-24 20:01:59.029 25200 25485 V threaded_app: New input event: type=2
01-24 20:01:59.062 25200 25485 V threaded_app: New input event: type=2
01-24 20:01:59.062 25200 25485 V threaded_app: New input event: type=2
01-24 20:01:59.218 25200 25733 D AudioManager: isBluetoothScoOn()=false, calling
application:com.game.loader
01-24 20:02:00.498 25200 25733 D AudioManager: isBluetoothScoOn()=false, calling
application:com.game.loader
01-24 20:02:01.745 25200 25485 V threaded_app: New input event: type=2
01-24 20:02:01.765 25200 25485 V threaded_app: New input event: type=2
01-24 20:02:01.777 25200 25733 D AudioManager: isBluetoothScoOn()=false, calling
application:com.game.loader
01-24 20:02:01.781 25200 25485 V threaded_app: New input event: type=2
01-24 20:02:01.797 25200 25485 V threaded_app: New input event: type=2
01-24 20:02:03.058 25200 25733 D AudioManager: isBluetoothScoOn()=false, calling
application:com.game.loader
01-24 20:02:03.347 25200 25485 V threaded_app: New input event: type=2
01-24 20:02:03.372 25200 25485 V threaded_app: New input event: type=2
01-24 20:02:03.376 25200 25485 V threaded_app: New input event: type=2
01-24 20:02:04.338 25200 25733 D AudioManager: isBluetoothScoOn()=false, calling
application:com.game.loader
01-24 20:02:05.617 25200 25733 D AudioManager: isBluetoothScoOn()=false, calling
application:com.game.loader
01-24 20:02:06.122 25200 25485 V threaded_app: New input event: type=2
01-24 20:02:06.156 25200 25485 V threaded_app: New input event: type=2
01-24 20:02:06.173 25200 25485 V threaded_app: New input event: type=2
01-24 20:02:06.177 25200 25485 V threaded_app: New input event: type=2
01-24 20:02:06.897 25200 25733 D AudioManager: isBluetoothScoOn()=false, calling
application:com.game.loader
01-24 20:02:08.177 25200 25733 D AudioManager: isBluetoothScoOn()=false, calling
application:com.game.loader
01-24 20:02:08.503 25200 25485 V threaded_app: New input event: type=2
01-24 20:02:08.527 25200 25485 V threaded_app: New input event: type=2
01-24 20:02:08.575 25200 25485 V threaded_app: New input event: type=2
01-24 20:02:08.598 25200 25484 D GameActivity: GameActivity.GetIsPlayerUsingVPN()
01-24 20:02:08.599 25200 25484 D GameActivity: GameActivity.GetIsPlayerUsingVPN()
return: false
01-24 20:02:08.600 25200 25484 D PermissionUtil: isPermissionGranted
01-24 20:02:08.600 25200 25484 D PermissionUtil: targetSdkVersion: 34
01-24 20:02:08.601 25200 25484 D PermissionUtil:
isPermissionGranted(android.permission.BLUETOOTH_CONNECT) return false
01-24 20:02:08.601 25200 25484 D GameActivity: AndroidThunkJava_GetDeivceNickName
return: -1
01-24 20:02:09.317 25200 25485 V threaded_app: New input event: type=2
01-24 20:02:09.338 25200 25485 V threaded_app: New input event: type=2
01-24 20:02:09.371 25200 25485 V threaded_app: New input event: type=2
01-24 20:02:09.390 25200 25485 V threaded_app: New input event: type=2
01-24 20:02:09.405 25200 25485 V threaded_app: New input event: type=2
01-24 20:02:09.422 25200 25485 V threaded_app: New input event: type=2
01-24 20:02:09.438 25200 25485 V threaded_app: New input event: type=2
01-24 20:02:09.457 25200 25485 V threaded_app: New input event: type=2
01-24 20:02:09.460 25200 25733 D AudioManager: isBluetoothScoOn()=false, calling
application:com.game.loader
01-24 20:02:09.472 25200 25485 V threaded_app: New input event: type=2
01-24 20:02:09.487 25200 25485 V threaded_app: New input event: type=2
01-24 20:02:09.505 25200 25485 V threaded_app: New input event: type=2
01-24 20:02:09.523 25200 25485 V threaded_app: New input event: type=2
01-24 20:02:09.537 25200 25485 V threaded_app: New input event: type=2
01-24 20:02:09.554 25200 25485 V threaded_app: New input event: type=2
01-24 20:02:09.571 25200 25485 V threaded_app: New input event: type=2
01-24 20:02:09.587 25200 25485 V threaded_app: New input event: type=2
01-24 20:02:09.604 25200 25485 V threaded_app: New input event: type=2
01-24 20:02:09.620 25200 25485 V threaded_app: New input event: type=2
01-24 20:02:09.637 25200 25485 V threaded_app: New input event: type=2
01-24 20:02:09.654 25200 25485 V threaded_app: New input event: type=2
01-24 20:02:09.670 25200 25485 V threaded_app: New input event: type=2
01-24 20:02:09.691 25200 25485 V threaded_app: New input event: type=2
01-24 20:02:09.691 25200 25485 V threaded_app: New input event: type=2
01-24 20:02:09.964 25200 25200 W BillingClient: Connection to Billing service is
blocked.
01-24 20:02:09.981 25200 25251 W c2.t : Error scheduling event Attempt to invoke
virtual method 'android.content.ComponentName android.app.job.JobInfo.getService()'
on a null object reference
01-24 20:02:10.643 9627 9627 V AutofillManager: requestHideFillUi(null): anchor =
null
01-24 20:02:10.644 9627 9627 V AutofillManager: No AutofillClient for
com.game.loader on context com.kgo.loader.service.FloatingService@c9fbf6a
01-24 20:02:10.678 9627 9627 D ViewRootImplExtImpl: the up motion event handled
by client, just return
01-24 20:02:10.704 9627 9651 D BufferQueueProducer: [VRI[]#17(BLAST Consumer)17]
(id:259b00000011,api:1,p:9627,c:9627) disconnect: api 1
01-24 20:02:10.705 9627 9651 D BufferQueueProducer: [VRI[]#17(BLAST Consumer)17]
(id:259b00000011,api:1,p:9627,c:9627) connect: api=1 producerControlledByApp=true
01-24 20:02:10.705 9627 9627 I SurfaceControl: setExtendedRangeBrightness
sc=Surface(name=)/@0xcffee6f,currentBufferRatio=1.0,desiredRatio=1.0
01-24 20:02:10.717 9627 9627 D callGcSupression: java.lang.NullPointerException:
Attempt to invoke virtual method 'java.lang.Object
java.lang.reflect.Method.invoke(java.lang.Object, java.lang.Object[])' on a null
object reference
01-24 20:02:10.717 9627 9627 W VRI[] : handleResized abandoned!
01-24 20:02:10.736 25200 25733 D AudioManager: isBluetoothScoOn()=false, calling
application:com.game.loader
01-24 20:02:10.817 9627 9651 D BLASTBufferQueue: [VRI[]#17](f:0,a:2) producer
disconnected before acquireNextBufferLocked
01-24 20:02:11.337 9627 9627 V AutofillManager: requestHideFillUi(null): anchor =
null
01-24 20:02:11.337 9627 9627 V AutofillManager: No AutofillClient for
com.game.loader on context com.kgo.loader.service.FloatingService@c9fbf6a
01-24 20:02:11.465 9627 9627 D OplusViewDebugManager: OplusViewDebugManager
Constructor android.view.debug.OplusViewDebugManager@3a161c5 [mHasViewDebugProperty
true] [mHasMsgDebugProperty false] [DEBUG false] [EXTRAINFOENABLE false] [LIGHT_OS
false]
01-24 20:02:11.465 9627 9627 D OplusViewDebugManager: OplusViewDebugManager
Constructor android.view.debug.OplusViewDebugManager@aded71a [mHasViewDebugProperty
true] [mHasMsgDebugProperty false] [DEBUG false] [EXTRAINFOENABLE false] [LIGHT_OS
false]
01-24 20:02:11.466 9627 9627 D ViewRootImplExtImpl: the up motion event handled
by client, just return
01-24 20:02:11.973 9627 9627 V AutofillManager: requestHideFillUi(null): anchor =
null
01-24 20:02:11.973 9627 9627 V AutofillManager: No AutofillClient for
com.game.loader on context com.kgo.loader.service.FloatingService@c9fbf6a
01-24 20:02:12.016 25200 25733 D AudioManager: isBluetoothScoOn()=false, calling
application:com.game.loader
01-24 20:02:12.036 9627 9627 D ViewRootImplExtImpl: the up motion event handled
by client, just return
01-24 20:02:12.559 9627 9627 V AutofillManager: requestHideFillUi(null): anchor =
null
01-24 20:02:12.559 9627 9627 V AutofillManager: No AutofillClient for
com.game.loader on context com.kgo.loader.service.FloatingService@c9fbf6a
01-24 20:02:12.655 9627 9627 D ViewRootImplExtImpl: the up motion event handled
by client, just return
01-24 20:02:13.107 9627 9627 V AutofillManager: requestHideFillUi(null): anchor =
null
01-24 20:02:13.107 9627 9627 V AutofillManager: No AutofillClient for
com.game.loader on context com.kgo.loader.service.FloatingService@c9fbf6a
01-24 20:02:13.296 25200 25733 D AudioManager: isBluetoothScoOn()=false, calling
application:com.game.loader
01-24 20:02:13.445 9627 9627 D ViewRootImplExtImpl: the up motion event handled
by client, just return
01-24 20:02:14.582 25200 25733 D AudioManager: isBluetoothScoOn()=false, calling
application:com.game.loader
01-24 20:02:15.858 25200 25733 D AudioManager: isBluetoothScoOn()=false, calling
application:com.game.loader
01-24 20:02:17.137 25200 25733 D AudioManager: isBluetoothScoOn()=false, calling
application:com.game.loader
01-24 20:02:18.126 25200 25221 W .game.loader:p1: Failed to create temp profile
file for /data/misc/profiles/cur/0/com.pubg.imobile/primary.prof: No such file or
directory
01-24 20:02:18.126 25200 25221 W .game.loader:p1: Could not save profiling info
to /data/misc/profiles/cur/0/com.pubg.imobile/primary.prof
01-24 20:02:18.418 25200 25733 D AudioManager: isBluetoothScoOn()=false, calling
application:com.game.loader
01-24 20:02:19.698 25200 25733 D AudioManager: isBluetoothScoOn()=false, calling
application:com.game.loader
01-24 20:02:20.134 9627 9627 V AutofillManager: requestHideFillUi(null): anchor =
null
01-24 20:02:20.134 9627 9627 V AutofillManager: No AutofillClient for
com.game.loader on context com.kgo.loader.service.FloatingService@c9fbf6a
01-24 20:02:20.171 9627 9627 D ViewRootImplExtImpl: the up motion event handled
by client, just return
01-24 20:02:20.499 25200 25485 V threaded_app: New input event: type=2
01-24 20:02:20.525 25200 25485 V threaded_app: New input event: type=2
01-24 20:02:20.559 25200 25485 V threaded_app: New input event: type=2
01-24 20:02:20.566 25200 25485 V threaded_app: New input event: type=2
01-24 20:02:20.912 9627 9627 V AutofillManager: requestHideFillUi(null): anchor =
null
01-24 20:02:20.912 9627 9627 V AutofillManager: No AutofillClient for
com.game.loader on context com.kgo.loader.service.FloatingService@c9fbf6a
01-24 20:02:20.976 25200 25733 D AudioManager: isBluetoothScoOn()=false, calling
application:com.game.loader
01-24 20:02:20.984 9627 9627 D ViewRootImplExtImpl: the up motion event handled
by client, just return
01-24 20:02:20.996 9627 9627 I SurfaceControl: setExtendedRangeBrightness
sc=Surface(name=)/@0xcffee6f,currentBufferRatio=1.0,desiredRatio=1.0
01-24 20:02:20.997 9627 9651 D BufferQueueProducer: [VRI[]#17(BLAST Consumer)17]
(id:259b00000011,api:1,p:9627,c:9627) disconnect: api 1
01-24 20:02:20.997 9627 9651 D BufferQueueProducer: [VRI[]#17(BLAST Consumer)17]
(id:259b00000011,api:1,p:9627,c:9627) connect: api=1 producerControlledByApp=true
01-24 20:02:20.998 9627 9627 D callGcSupression: java.lang.NullPointerException:
Attempt to invoke virtual method 'java.lang.Object
java.lang.reflect.Method.invoke(java.lang.Object, java.lang.Object[])' on a null
object reference
01-24 20:02:20.998 9627 9627 W VRI[] : handleResized abandoned!
01-24 20:02:21.001 9627 9651 D BLASTBufferQueue: [VRI[]#17](f:0,a:3) producer
disconnected before acquireNextBufferLocked
01-24 20:02:22.256 25200 25733 D AudioManager: isBluetoothScoOn()=false, calling
application:com.game.loader
01-24 20:02:23.437 25200 26548 E HDmpve : [2025-01-24 20:02:23 437] | Error |
[HDmpve] |0x7b48bf0730| DownloadProcess.cpp:330|ThreadProcess| DLProcess
PollingTime Changed: 10000 -> 300000
01-24 20:02:23.438 25200 26558 E HDmpve : [2025-01-24 20:02:23 438] | Error |
[HDmpve] |0x7b439f0730| DownloadProcess.cpp:330|ThreadProcess| DLProcess
PollingTime Changed: 10000 -> 300000
01-24 20:02:23.453 25200 25484 E .game.loader:p1: loadExtlib: failed to dlopen lib:
libgameextimpl.so, message = dlopen failed: library "libgameextimpl.so" not found
01-24 20:02:23.454 25200 25484 E libOpenSLES: Do not support Atmos game content
01-24 20:02:23.454 25200 25484 W libOpenSLES: Leaving Engine::CreateAudioPlayer
(SL_RESULT_CONTENT_UNSUPPORTED)
01-24 20:02:23.454 25200 25484 D DA4MG : Height channels supported (0).
01-24 20:02:23.536 25200 25733 D AudioManager: isBluetoothScoOn()=false, calling
application:com.game.loader
01-24 20:02:24.028 25200 25210 E LoadedApk: performReceive() called targeting raw
IIntentReceiver for Intent { act=android.intent.action.BATTERY_CHANGED
flg=0x70000010 (has extras) }
01-24 20:02:24.817 25200 25733 D AudioManager: isBluetoothScoOn()=false, calling
application:com.game.loader
01-24 20:02:26.096 25200 25733 D AudioManager: isBluetoothScoOn()=false, calling
application:com.game.loader
01-24 20:02:27.378 25200 25733 D AudioManager: isBluetoothScoOn()=false, calling
application:com.game.loader
01-24 20:02:28.660 25200 25733 D AudioManager: isBluetoothScoOn()=false, calling
application:com.game.loader
01-24 20:02:29.936 25200 25733 D AudioManager: isBluetoothScoOn()=false, calling
application:com.game.loader
01-24 20:02:31.215 25200 25733 D AudioManager: isBluetoothScoOn()=false, calling
application:com.game.loader
01-24 20:02:32.497 25200 25733 D AudioManager: isBluetoothScoOn()=false, calling
application:com.game.loader
01-24 20:02:33.777 25200 25733 D AudioManager: isBluetoothScoOn()=false, calling
application:com.game.loader
01-24 20:02:35.065 25200 25733 D AudioManager: isBluetoothScoOn()=false, calling
application:com.game.loader
01-24 20:02:36.338 25200 25733 D AudioManager: isBluetoothScoOn()=false, calling
application:com.game.loader
01-24 20:02:37.616 25200 25733 D AudioManager: isBluetoothScoOn()=false, calling
application:com.game.loader
01-24 20:02:37.946 25200 25484 D GameActitivy: AndroidThunkJava_GetVolume START
01-24 20:02:37.954 25200 25484 D AudioManagerExtImpl: getStreamVolume
packageName=com.game.loader, index=8, streamType=0
01-24 20:02:37.954 25200 25484 D GameActitivy: AndroidThunkJava_GetVolume START
01-24 20:02:37.956 25200 25484 D AudioManagerExtImpl: getStreamVolume
packageName=com.game.loader, index=2, streamType=3
01-24 20:02:38.896 25200 25733 D AudioManager: isBluetoothScoOn()=false, calling
application:com.game.loader
01-24 20:02:40.174 25200 25733 D AudioManager: isBluetoothScoOn()=false, calling
application:com.game.loader
01-24 20:02:41.364 25200 25485 V threaded_app: New input event: type=2
01-24 20:02:41.390 25200 25485 V threaded_app: New input event: type=2
01-24 20:02:41.425 25200 25485 V threaded_app: New input event: type=2
01-24 20:02:41.440 25200 25485 V threaded_app: New input event: type=2
01-24 20:02:41.452 25200 25485 V threaded_app: New input event: type=2
01-24 20:02:41.452 25200 25485 V threaded_app: New input event: type=2
01-24 20:02:41.455 25200 25733 D AudioManager: isBluetoothScoOn()=false, calling
application:com.game.loader
01-24 20:02:41.873 25200 25485 V threaded_app: New input event: type=2
01-24 20:02:41.905 25200 25485 V threaded_app: New input event: type=2
01-24 20:02:41.921 25200 25485 V threaded_app: New input event: type=2
01-24 20:02:41.939 25200 25485 V threaded_app: New input event: type=2
01-24 20:02:41.961 25200 25485 V threaded_app: New input event: type=2
01-24 20:02:41.962 25200 25485 V threaded_app: New input event: type=2
01-24 20:02:42.365 25200 25485 V threaded_app: New input event: type=2
01-24 20:02:42.385 25200 25485 V threaded_app: New input event: type=2
01-24 20:02:42.442 25200 25485 V threaded_app: New input event: type=2
01-24 20:02:42.452 25200 25485 V threaded_app: New input event: type=2
01-24 20:02:42.469 25200 25485 V threaded_app: New input event: type=2
01-24 20:02:42.485 25200 25485 V threaded_app: New input event: type=2
01-24 20:02:42.501 25200 25485 V threaded_app: New input event: type=2
01-24 20:02:42.518 25200 25485 V threaded_app: New input event: type=2
01-24 20:02:42.535 25200 25485 V threaded_app: New input event: type=2
01-24 20:02:42.553 25200 25485 V threaded_app: New input event: type=2
01-24 20:02:42.567 25200 25485 V threaded_app: New input event: type=2
01-24 20:02:42.584 25200 25485 V threaded_app: New input event: type=2
01-24 20:02:42.600 25200 25485 V threaded_app: New input event: type=2
01-24 20:02:42.620 25200 25485 V threaded_app: New input event: type=2
01-24 20:02:42.632 25200 25485 V threaded_app: New input event: type=2
01-24 20:02:42.633 25200 25485 V threaded_app: New input event: type=2
01-24 20:02:42.735 25200 25733 D AudioManager: isBluetoothScoOn()=false, calling
application:com.game.loader
01-24 20:02:43.668 25200 25485 V threaded_app: New input event: type=2
01-24 20:02:43.694 25200 25485 V threaded_app: New input event: type=2
01-24 20:02:43.724 25200 25485 V threaded_app: New input event: type=2
01-24 20:02:44.017 25200 25733 D AudioManager: isBluetoothScoOn()=false, calling
application:com.game.loader
01-24 20:02:44.097 25200 25485 V threaded_app: New input event: type=2
01-24 20:02:44.126 25200 25485 V threaded_app: New input event: type=2
01-24 20:02:44.161 25200 25485 V threaded_app: New input event: type=2
01-24 20:02:44.165 25200 25485 V threaded_app: New input event: type=2
01-24 20:02:44.166 25200 25485 V threaded_app: New input event: type=2
01-24 20:02:44.399 25200 25485 V threaded_app: New input event: type=2
01-24 20:02:44.424 25200 25485 V threaded_app: New input event: type=2
01-24 20:02:44.433 25200 25485 V threaded_app: New input event: type=2
01-24 20:02:44.433 25200 25485 V threaded_app: New input event: type=2
01-24 20:02:45.205 25200 25485 V threaded_app: New input event: type=2
01-24 20:02:45.235 25200 25485 V threaded_app: New input event: type=2
01-24 20:02:45.286 25200 25485 V threaded_app: New input event: type=2
01-24 20:02:45.286 25200 25485 V threaded_app: New input event: type=2
01-24 20:02:45.296 25200 25733 D AudioManager: isBluetoothScoOn()=false, calling
application:com.game.loader
01-24 20:02:45.383 25200 25485 V threaded_app: New input event: type=2
01-24 20:02:45.401 25200 25485 V threaded_app: New input event: type=2
01-24 20:02:45.419 25200 25485 V threaded_app: New input event: type=2
01-24 20:02:45.434 25200 25485 V threaded_app: New input event: type=2
01-24 20:02:45.452 25200 25485 V threaded_app: New input event: type=2
01-24 20:02:45.468 25200 25485 V threaded_app: New input event: type=2
01-24 20:02:45.485 25200 25485 V threaded_app: New input event: type=2
01-24 20:02:45.500 25200 25485 V threaded_app: New input event: type=2
01-24 20:02:45.510 25200 25485 V threaded_app: New input event: type=2
01-24 20:02:45.511 25200 25485 V threaded_app: New input event: type=2
01-24 20:02:45.884 9627 9627 V AutofillManager: requestHideFillUi(null): anchor =
null
01-24 20:02:45.884 9627 9627 V AutofillManager: No AutofillClient for
com.game.loader on context com.kgo.loader.service.FloatingService@c9fbf6a
01-24 20:02:45.972 9627 9627 D ViewRootImplExtImpl: the up motion event handled
by client, just return
01-24 20:02:45.991 9627 9627 I SurfaceControl: setExtendedRangeBrightness
sc=Surface(name=)/@0xcffee6f,currentBufferRatio=1.0,desiredRatio=1.0
01-24 20:02:45.992 9627 9651 D BufferQueueProducer: [VRI[]#17(BLAST Consumer)17]
(id:259b00000011,api:1,p:9627,c:9627) disconnect: api 1
01-24 20:02:45.992 9627 9651 D BufferQueueProducer: [VRI[]#17(BLAST Consumer)17]
(id:259b00000011,api:1,p:9627,c:9627) connect: api=1 producerControlledByApp=true
01-24 20:02:46.002 9627 9627 D callGcSupression: java.lang.NullPointerException:
Attempt to invoke virtual method 'java.lang.Object
java.lang.reflect.Method.invoke(java.lang.Object, java.lang.Object[])' on a null
object reference
01-24 20:02:46.002 9627 9627 W VRI[] : handleResized abandoned!
01-24 20:02:46.013 9627 9651 D BLASTBufferQueue: [VRI[]#17](f:0,a:3) producer
disconnected before acquireNextBufferLocked
01-24 20:02:46.577 25200 25733 D AudioManager: isBluetoothScoOn()=false, calling
application:com.game.loader
01-24 20:02:47.202 9627 9627 V AutofillManager: requestHideFillUi(null): anchor =
null
01-24 20:02:47.203 9627 9627 V AutofillManager: No AutofillClient for
com.game.loader on context com.kgo.loader.service.FloatingService@c9fbf6a
01-24 20:02:47.293 9627 9627 D ViewRootImplExtImpl: the up motion event handled
by client, just return
01-24 20:02:47.325 9627 9627 V AutofillManager: notifyValueChanged(19): ignoring
on state UNKNOWN
01-24 20:02:47.326 9627 9627 V TextView: notifyAutoFillManagerAfterTextChanged
01-24 20:02:47.326 9627 9627 V AutofillManager: notifyValueChanged(19): ignoring
on state UNKNOWN
01-24 20:02:47.369 9627 9627 D WindowManager: Add to mViews:
com.kgo.loader.service.ESPView{148b758 V.ED..... ......I. 0,0-0,0 alpha=1.0
viewInfo = },pkg= null
01-24 20:02:47.370 9627 9651 D skia : setRusSupported enable 0
01-24 20:02:47.381 9627 9627 D ViewRootImplExtImpl: onDisplayChanged -1 for VRI
android.view.ViewRootImpl@c0a6917
01-24 20:02:47.386 9627 9627 E OplusBracketLog: [OplusViewMirrorManager]
updateHostViewRootIfNeeded, not support android.view.ViewRootImpl@c0a6917
01-24 20:02:47.387 9627 9627 D ViewRootImplExtImpl: wrapConfigInfoIntoFlags
rotation=1, smallestScreenWidthDp=326, relayoutAsync=false, flags=0,
newFlags=21364992, residentWS=false, title=
01-24 20:02:47.397 9627 9627 W VRI[] : updateBlastSurfaceIfNeeded,
surfaceSize:Point(2780, 1264), lastSurfaceSize:Point(0, 0), format:1,
blastBufferQueue:null
01-24 20:02:47.397 9627 9627 D BufferQueueConsumer: [](id:259b00000013,api:0,p:-
1,c:9627) connect: controlledByApp=false
01-24 20:02:47.400 9627 9651 D BufferQueueProducer: [VRI[]#19(BLAST Consumer)19]
(id:259b00000013,api:1,p:9627,c:9627) connect: api=1 producerControlledByApp=true
01-24 20:02:47.401 9627 9627 I SurfaceControl: setExtendedRangeBrightness
sc=Surface(name=)/@0x5c27fb3,currentBufferRatio=1.0,desiredRatio=1.0
01-24 20:02:47.439 9627 9651 D BLASTBufferQueue: [VRI[]#19](f:0,a:1)
acquireNextBufferLocked size=2780x1264 mFrameNumber=1 applyTransaction=true
mTimestamp=516784064840305(auto) mPendingTransactions.size=0
graphicBufferId=41347650158688 transform=7
01-24 20:02:47.439 9627 9651 D VRI[] : Received frameCommittedCallback
lastAttemptedDrawFrameNum=1 didProduceBuffer=true syncBuffer=false
01-24 20:02:47.441 9627 9627 D VRI[] : draw finished. seqId=0
01-24 20:02:47.441 9627 9627 D ViewRootImplExtImpl: setMaxDequeuedBufferCount: 2
01-24 20:02:47.443 9627 9627 D callGcSupression: java.lang.NullPointerException:
Attempt to invoke virtual method 'java.lang.Object
java.lang.reflect.Method.invoke(java.lang.Object, java.lang.Object[])' on a null
object reference
01-24 20:02:47.444 9627 9627 W VRI[] : handleResized, msg:, frameChanged:false,
configChanged:false, displayChanged:false, attachedFrameChanged:false,
compatScaleChanged:false, pendingDragResizing=false
01-24 20:02:47.471 9627 9651 D VRI[] : Received frameCommittedCallback
lastAttemptedDrawFrameNum=2 didProduceBuffer=true syncBuffer=false
01-24 20:02:47.471 9627 9627 D VRI[] : draw finished. seqId=0
01-24 20:02:47.858 25200 25733 D AudioManager: isBluetoothScoOn()=false, calling
application:com.game.loader
01-24 20:02:49.137 25200 25733 D AudioManager: isBluetoothScoOn()=false, calling
application:com.game.loader
01-24 20:02:49.639 9627 9627 V AutofillManager: requestHideFillUi(null): anchor =
null
01-24 20:02:49.639 9627 9627 V AutofillManager: No AutofillClient for
com.game.loader on context com.kgo.loader.service.FloatingService@c9fbf6a
01-24 20:02:50.350 9627 9627 I VelocityTracker: LSQ2 speed rezero
01-24 20:02:50.351 9627 9627 D ViewRootImplExtImpl: the up motion event handled
by client, just return
01-24 20:02:50.416 25200 25733 D AudioManager: isBluetoothScoOn()=false, calling
application:com.game.loader
01-24 20:02:50.429 25200 25485 V threaded_app: New input event: type=2
01-24 20:02:50.457 25200 25485 V threaded_app: New input event: type=2
01-24 20:02:50.489 25200 25485 V threaded_app: New input event: type=2
01-24 20:02:50.506 25200 25485 V threaded_app: New input event: type=2
01-24 20:02:50.521 25200 25485 V threaded_app: New input event: type=2
01-24 20:02:50.540 25200 25485 V threaded_app: New input event: type=2
01-24 20:02:50.555 25200 25485 V threaded_app: New input event: type=2
01-24 20:02:50.573 25200 25485 V threaded_app: New input event: type=2
01-24 20:02:50.590 25200 25485 V threaded_app: New input event: type=2
01-24 20:02:50.607 25200 25485 V threaded_app: New input event: type=2
01-24 20:02:50.622 25200 25485 V threaded_app: New input event: type=2
01-24 20:02:50.642 25200 25485 V threaded_app: New input event: type=2
01-24 20:02:50.656 25200 25485 V threaded_app: New input event: type=2
01-24 20:02:50.673 25200 25485 V threaded_app: New input event: type=2
01-24 20:02:50.689 25200 25485 V threaded_app: New input event: type=2
01-24 20:02:50.705 25200 25485 V threaded_app: New input event: type=2
01-24 20:02:50.725 25200 25485 V threaded_app: New input event: type=2
01-24 20:02:50.739 25200 25485 V threaded_app: New input event: type=2
01-24 20:02:50.754 25200 25485 V threaded_app: New input event: type=2
01-24 20:02:50.771 25200 25485 V threaded_app: New input event: type=2
01-24 20:02:50.787 25200 25485 V threaded_app: New input event: type=2
01-24 20:02:50.803 25200 25485 V threaded_app: New input event: type=2
01-24 20:02:50.820 25200 25485 V threaded_app: New input event: type=2
01-24 20:02:50.840 25200 25485 V threaded_app: New input event: type=2
01-24 20:02:50.854 25200 25485 V threaded_app: New input event: type=2
01-24 20:02:50.872 25200 25485 V threaded_app: New input event: type=2
01-24 20:02:50.889 25200 25485 V threaded_app: New input event: type=2
01-24 20:02:50.903 25200 25485 V threaded_app: New input event: type=2
01-24 20:02:50.920 25200 25485 V threaded_app: New input event: type=2
01-24 20:02:50.938 25200 25485 V threaded_app: New input event: type=2
01-24 20:02:50.957 25200 25485 V threaded_app: New input event: type=2
01-24 20:02:50.970 25200 25485 V threaded_app: New input event: type=2
01-24 20:02:50.986 25200 25485 V threaded_app: New input event: type=2
01-24 20:02:51.003 25200 25485 V threaded_app: New input event: type=2
01-24 20:02:51.019 25200 25485 V threaded_app: New input event: type=2
01-24 20:02:51.038 25200 25485 V threaded_app: New input event: type=2
01-24 20:02:51.053 25200 25485 V threaded_app: New input event: type=2
01-24 20:02:51.069 25200 25485 V threaded_app: New input event: type=2
01-24 20:02:51.085 25200 25485 V threaded_app: New input event: type=2
01-24 20:02:51.103 25200 25485 V threaded_app: New input event: type=2
01-24 20:02:51.122 25200 25485 V threaded_app: New input event: type=2
01-24 20:02:51.130 25200 25200 I VelocityTracker: LSQ2 speed rezero
01-24 20:02:51.131 25200 25485 V threaded_app: New input event: type=2
01-24 20:02:51.133 25200 25485 V threaded_app: New input event: type=2
01-24 20:02:51.429 25200 25485 V threaded_app: New input event: type=2
01-24 20:02:51.485 25200 25485 V threaded_app: New input event: type=2
01-24 20:02:51.499 25200 25485 V threaded_app: New input event: type=2
01-24 20:02:51.519 25200 25485 V threaded_app: New input event: type=2
01-24 20:02:51.534 25200 25485 V threaded_app: New input event: type=2
01-24 20:02:51.549 25200 25485 V threaded_app: New input event: type=2
01-24 20:02:51.566 25200 25485 V threaded_app: New input event: type=2
01-24 20:02:51.583 25200 25485 V threaded_app: New input event: type=2
01-24 20:02:51.600 25200 25485 V threaded_app: New input event: type=2
01-24 20:02:51.618 25200 25485 V threaded_app: New input event: type=2
01-24 20:02:51.640 25200 25485 V threaded_app: New input event: type=2
01-24 20:02:51.649 25200 25485 V threaded_app: New input event: type=2
01-24 20:02:51.665 25200 25485 V threaded_app: New input event: type=2
01-24 20:02:51.681 25200 25485 V threaded_app: New input event: type=2
01-24 20:02:51.696 25200 25733 D AudioManager: isBluetoothScoOn()=false, calling
application:com.game.loader
01-24 20:02:51.699 25200 25485 V threaded_app: New input event: type=2
01-24 20:02:51.715 25200 25485 V threaded_app: New input event: type=2
01-24 20:02:51.733 25200 25485 V threaded_app: New input event: type=2
01-24 20:02:51.749 25200 25485 V threaded_app: New input event: type=2
01-24 20:02:51.774 25200 25485 V threaded_app: New input event: type=2
01-24 20:02:51.798 25200 25485 V threaded_app: New input event: type=2
01-24 20:02:51.815 25200 25485 V threaded_app: New input event: type=2
01-24 20:02:51.832 25200 25485 V threaded_app: New input event: type=2
01-24 20:02:51.848 25200 25485 V threaded_app: New input event: type=2
01-24 20:02:51.865 25200 25485 V threaded_app: New input event: type=2
01-24 20:02:51.914 25200 25485 V threaded_app: New input event: type=2
01-24 20:02:51.947 25200 25485 V threaded_app: New input event: type=2
01-24 20:02:51.964 25200 25485 V threaded_app: New input event: type=2
01-24 20:02:51.980 25200 25485 V threaded_app: New input event: type=2
01-24 20:02:52.000 25200 25485 V threaded_app: New input event: type=2
01-24 20:02:52.014 25200 25485 V threaded_app: New input event: type=2
01-24 20:02:52.030 25200 25485 V threaded_app: New input event: type=2
01-24 20:02:52.047 25200 25485 V threaded_app: New input event: type=2
01-24 20:02:52.063 25200 25485 V threaded_app: New input event: type=2
01-24 20:02:52.081 25200 25485 V threaded_app: New input event: type=2
01-24 20:02:52.098 25200 25485 V threaded_app: New input event: type=2
01-24 20:02:52.114 25200 25485 V threaded_app: New input event: type=2
01-24 20:02:52.130 25200 25485 V threaded_app: New input event: type=2
01-24 20:02:52.147 25200 25485 V threaded_app: New input event: type=2
01-24 20:02:52.164 25200 25485 V threaded_app: New input event: type=2
01-24 20:02:52.180 25200 25485 V threaded_app: New input event: type=2
01-24 20:02:52.187 25200 25485 V threaded_app: New input event: type=2
01-24 20:02:52.188 25200 25485 V threaded_app: New input event: type=2
01-24 20:02:52.724 9627 9627 V AutofillManager: requestHideFillUi(null): anchor =
null
01-24 20:02:52.724 9627 9627 V AutofillManager: No AutofillClient for
com.game.loader on context com.kgo.loader.service.FloatingService@c9fbf6a
01-24 20:02:52.756 9627 9627 D ViewRootImplExtImpl: the up motion event handled
by client, just return
01-24 20:02:52.772 9627 9627 V AutofillManager: notifyValueChanged(21): ignoring
on state UNKNOWN
01-24 20:02:52.976 25200 25733 D AudioManager: isBluetoothScoOn()=false, calling
application:com.game.loader
01-24 20:02:53.493 25200 25485 V threaded_app: New input event: type=2
01-24 20:02:53.521 25200 25485 V threaded_app: New input event: type=2
01-24 20:02:53.556 25200 25485 V threaded_app: New input event: type=2
01-24 20:02:53.573 25200 25485 V threaded_app: New input event: type=2
01-24 20:02:53.588 25200 25485 V threaded_app: New input event: type=2
01-24 20:02:53.604 25200 25485 V threaded_app: New input event: type=2
01-24 20:02:53.620 25200 25485 V threaded_app: New input event: type=2
01-24 20:02:53.638 25200 25485 V threaded_app: New input event: type=2
01-24 20:02:53.653 25200 25485 V threaded_app: New input event: type=2
01-24 20:02:53.670 25200 25485 V threaded_app: New input event: type=2
01-24 20:02:53.687 25200 25485 V threaded_app: New input event: type=2
01-24 20:02:53.704 25200 25485 V threaded_app: New input event: type=2
01-24 20:02:53.721 25200 25485 V threaded_app: New input event: type=2
01-24 20:02:53.740 25200 25485 V threaded_app: New input event: type=2
01-24 20:02:53.754 25200 25485 V threaded_app: New input event: type=2
01-24 20:02:53.771 25200 25485 V threaded_app: New input event: type=2
01-24 20:02:53.789 25200 25485 V threaded_app: New input event: type=2
01-24 20:02:53.803 25200 25485 V threaded_app: New input event: type=2
01-24 20:02:53.820 25200 25485 V threaded_app: New input event: type=2
01-24 20:02:53.837 25200 25485 V threaded_app: New input event: type=2
01-24 20:02:53.853 25200 25485 V threaded_app: New input event: type=2
01-24 20:02:53.869 25200 25485 V threaded_app: New input event: type=2
01-24 20:02:53.885 25200 25485 V threaded_app: New input event: type=2
01-24 20:02:53.902 25200 25485 V threaded_app: New input event: type=2
01-24 20:02:53.919 25200 25485 V threaded_app: New input event: type=2
01-24 20:02:53.935 25200 25485 V threaded_app: New input event: type=2
01-24 20:02:53.954 25200 25485 V threaded_app: New input event: type=2
01-24 20:02:53.970 25200 25485 V threaded_app: New input event: type=2
01-24 20:02:53.985 25200 25485 V threaded_app: New input event: type=2
01-24 20:02:53.996 25200 25485 V threaded_app: New input event: type=2
01-24 20:02:53.996 25200 25485 V threaded_app: New input event: type=2
01-24 20:02:54.257 25200 25733 D AudioManager: isBluetoothScoOn()=false, calling
application:com.game.loader
01-24 20:02:55.486 9627 9627 V AutofillManager: requestHideFillUi(null): anchor =
null
01-24 20:02:55.487 9627 9627 V AutofillManager: No AutofillClient for
com.game.loader on context com.kgo.loader.service.FloatingService@c9fbf6a
01-24 20:02:55.537 25200 25733 D AudioManager: isBluetoothScoOn()=false, calling
application:com.game.loader
01-24 20:02:55.953 9627 9627 D ViewRootImplExtImpl: the up motion event handled
by client, just return
01-24 20:02:56.315 9627 9627 V AutofillManager: requestHideFillUi(null): anchor =
null
01-24 20:02:56.315 9627 9627 V AutofillManager: No AutofillClient for
com.game.loader on context com.kgo.loader.service.FloatingService@c9fbf6a
01-24 20:02:56.383 9627 9627 D ViewRootImplExtImpl: the up motion event handled
by client, just return
01-24 20:02:56.401 9627 9627 V AutofillManager: notifyValueChanged(23): ignoring
on state UNKNOWN
01-24 20:02:56.647 9627 9627 V AutofillManager: requestHideFillUi(null): anchor =
null
01-24 20:02:56.647 9627 9627 V AutofillManager: No AutofillClient for
com.game.loader on context com.kgo.loader.service.FloatingService@c9fbf6a
01-24 20:02:56.817 25200 25733 D AudioManager: isBluetoothScoOn()=false, calling
application:com.game.loader
01-24 20:02:57.162 9627 9627 D ViewRootImplExtImpl: the up motion event handled
by client, just return
01-24 20:02:57.443 9627 9627 V AutofillManager: requestHideFillUi(null): anchor =
null
01-24 20:02:57.443 9627 9627 V AutofillManager: No AutofillClient for
com.game.loader on context com.kgo.loader.service.FloatingService@c9fbf6a
01-24 20:02:57.527 9627 9627 D ViewRootImplExtImpl: the up motion event handled
by client, just return
01-24 20:02:57.546 9627 9627 V AutofillManager: notifyValueChanged(24): ignoring
on state UNKNOWN
01-24 20:02:57.808 9627 9627 V AutofillManager: requestHideFillUi(null): anchor =
null
01-24 20:02:57.808 9627 9627 V AutofillManager: No AutofillClient for
com.game.loader on context com.kgo.loader.service.FloatingService@c9fbf6a
01-24 20:02:57.909 9627 9627 D ViewRootImplExtImpl: the up motion event handled
by client, just return
01-24 20:02:57.926 9627 9627 V AutofillManager: notifyValueChanged(25): ignoring
on state UNKNOWN
01-24 20:02:58.096 25200 25733 D AudioManager: isBluetoothScoOn()=false, calling
application:com.game.loader
01-24 20:02:58.182 25200 25221 W .game.loader:p1: Failed to create temp profile
file for /data/misc/profiles/cur/0/com.pubg.imobile/primary.prof: No such file or
directory
01-24 20:02:58.182 25200 25221 W .game.loader:p1: Could not save profiling info
to /data/misc/profiles/cur/0/com.pubg.imobile/primary.prof
01-24 20:02:58.377 9627 9627 V AutofillManager: requestHideFillUi(null): anchor =
null
01-24 20:02:58.377 9627 9627 V AutofillManager: No AutofillClient for
com.game.loader on context com.kgo.loader.service.FloatingService@c9fbf6a
01-24 20:02:59.218 9627 9627 D ViewRootImplExtImpl: the up motion event handled
by client, just return
01-24 20:02:59.377 25200 25733 D AudioManager: isBluetoothScoOn()=false, calling
application:com.game.loader
01-24 20:02:59.749 9627 9627 V AutofillManager: requestHideFillUi(null): anchor =
null
01-24 20:02:59.749 9627 9627 V AutofillManager: No AutofillClient for
com.game.loader on context com.kgo.loader.service.FloatingService@c9fbf6a
01-24 20:02:59.826 9627 9627 D ViewRootImplExtImpl: the up motion event handled
by client, just return
01-24 20:02:59.848 9627 9627 V AutofillManager: notifyValueChanged(26): ignoring
on state UNKNOWN
01-24 20:03:00.657 25200 25733 D AudioManager: isBluetoothScoOn()=false, calling
application:com.game.loader
01-24 20:03:01.833 9627 9627 V AutofillManager: requestHideFillUi(null): anchor =
null
01-24 20:03:01.833 9627 9627 V AutofillManager: No AutofillClient for
com.game.loader on context com.kgo.loader.service.FloatingService@c9fbf6a
01-24 20:03:01.933 9627 9627 D ViewRootImplExtImpl: the up motion event handled
by client, just return
01-24 20:03:01.936 25200 25733 D AudioManager: isBluetoothScoOn()=false, calling
application:com.game.loader
01-24 20:03:03.216 25200 25733 D AudioManager: isBluetoothScoOn()=false, calling
application:com.game.loader
01-24 20:03:03.889 9627 9627 V AutofillManager: requestHideFillUi(null): anchor =
null
01-24 20:03:03.889 9627 9627 V AutofillManager: No AutofillClient for
com.game.loader on context com.kgo.loader.service.FloatingService@c9fbf6a
01-24 20:03:03.972 9627 9627 D ViewRootImplExtImpl: the up motion event handled
by client, just return
01-24 20:03:03.991 9627 9627 V AutofillManager: notifyValueChanged(33): ignoring
on state UNKNOWN
01-24 20:03:04.496 25200 25733 D AudioManager: isBluetoothScoOn()=false, calling
application:com.game.loader
01-24 20:03:04.586 9627 9627 V AutofillManager: requestHideFillUi(null): anchor =
null
01-24 20:03:04.586 9627 9627 V AutofillManager: No AutofillClient for
com.game.loader on context com.kgo.loader.service.FloatingService@c9fbf6a
01-24 20:03:04.668 9627 9627 D ViewRootImplExtImpl: the up motion event handled
by client, just return
01-24 20:03:04.692 9627 9627 I SurfaceControl: setExtendedRangeBrightness
sc=Surface(name=)/@0xcffee6f,currentBufferRatio=1.0,desiredRatio=1.0
01-24 20:03:04.693 9627 9651 D BufferQueueProducer: [VRI[]#17(BLAST Consumer)17]
(id:259b00000011,api:1,p:9627,c:9627) disconnect: api 1
01-24 20:03:04.693 9627 9651 D BufferQueueProducer: [VRI[]#17(BLAST Consumer)17]
(id:259b00000011,api:1,p:9627,c:9627) connect: api=1 producerControlledByApp=true
01-24 20:03:04.694 9627 9627 D callGcSupression: java.lang.NullPointerException:
Attempt to invoke virtual method 'java.lang.Object
java.lang.reflect.Method.invoke(java.lang.Object, java.lang.Object[])' on a null
object reference
01-24 20:03:04.694 9627 9627 W VRI[] : handleResized abandoned!
01-24 20:03:04.695 9627 9651 D BLASTBufferQueue: [VRI[]#17](f:0,a:3) producer
disconnected before acquireNextBufferLocked
01-24 20:03:05.128 25200 25485 V threaded_app: New input event: type=2
01-24 20:03:05.157 25200 25485 V threaded_app: New input event: type=2
01-24 20:03:05.238 25200 25485 V threaded_app: New input event: type=2
01-24 20:03:05.259 25200 25485 V threaded_app: New input event: type=2
01-24 20:03:05.259 25200 25485 V threaded_app: New input event: type=2
01-24 20:03:05.259 25200 25485 V threaded_app: New input event: type=2
01-24 20:03:05.271 25200 25485 V threaded_app: New input event: type=2
01-24 20:03:05.287 25200 25485 V threaded_app: New input event: type=2
01-24 20:03:05.304 25200 25485 V threaded_app: New input event: type=2
01-24 20:03:05.321 25200 25485 V threaded_app: New input event: type=2
01-24 20:03:05.339 25200 25485 V threaded_app: New input event: type=2
01-24 20:03:05.353 25200 25485 V threaded_app: New input event: type=2
01-24 20:03:05.370 25200 25485 V threaded_app: New input event: type=2
01-24 20:03:05.387 25200 25485 V threaded_app: New input event: type=2
01-24 20:03:05.403 25200 25485 V threaded_app: New input event: type=2
01-24 20:03:05.420 25200 25485 V threaded_app: New input event: type=2
01-24 20:03:05.436 25200 25485 V threaded_app: New input event: type=2
01-24 20:03:05.453 25200 25485 V threaded_app: New input event: type=2
01-24 20:03:05.471 25200 25485 V threaded_app: New input event: type=2
01-24 20:03:05.490 25200 25485 V threaded_app: New input event: type=2
01-24 20:03:05.505 25200 25485 V threaded_app: New input event: type=2
01-24 20:03:05.521 25200 25485 V threaded_app: New input event: type=2
01-24 20:03:05.538 25200 25485 V threaded_app: New input event: type=2
01-24 20:03:05.554 25200 25485 V threaded_app: New input event: type=2
01-24 20:03:05.570 25200 25485 V threaded_app: New input event: type=2
01-24 20:03:05.586 25200 25485 V threaded_app: New input event: type=2
01-24 20:03:05.602 25200 25485 V threaded_app: New input event: type=2
01-24 20:03:05.618 25200 25485 V threaded_app: New input event: type=2
01-24 20:03:05.636 25200 25485 V threaded_app: New input event: type=2
01-24 20:03:05.656 25200 25485 V threaded_app: New input event: type=2
01-24 20:03:05.668 25200 25485 V threaded_app: New input event: type=2
01-24 20:03:05.685 25200 25485 V threaded_app: New input event: type=2
01-24 20:03:05.702 25200 25485 V threaded_app: New input event: type=2
01-24 20:03:05.719 25200 25485 V threaded_app: New input event: type=2
01-24 20:03:05.734 25200 25485 V threaded_app: New input event: type=2
01-24 20:03:05.751 25200 25485 V threaded_app: New input event: type=2
01-24 20:03:05.768 25200 25485 V threaded_app: New input event: type=2
01-24 20:03:05.776 25200 25733 D AudioManager: isBluetoothScoOn()=false, calling
application:com.game.loader
01-24 20:03:05.786 25200 25485 V threaded_app: New input event: type=2
01-24 20:03:05.801 25200 25485 V threaded_app: New input event: type=2
01-24 20:03:05.819 25200 25485 V threaded_app: New input event: type=2
01-24 20:03:05.837 25200 25485 V threaded_app: New input event: type=2
01-24 20:03:05.850 25200 25485 V threaded_app: New input event: type=2
01-24 20:03:05.867 25200 25485 V threaded_app: New input event: type=2
01-24 20:03:05.884 25200 25485 V threaded_app: New input event: type=2
01-24 20:03:05.900 25200 25485 V threaded_app: New input event: type=2
01-24 20:03:05.917 25200 25485 V threaded_app: New input event: type=2
01-24 20:03:05.934 25200 25485 V threaded_app: New input event: type=2
01-24 20:03:05.950 25200 25485 V threaded_app: New input event: type=2
01-24 20:03:05.967 25200 25485 V threaded_app: New input event: type=2
01-24 20:03:05.983 25200 25485 V threaded_app: New input event: type=2
01-24 20:03:06.000 25200 25485 V threaded_app: New input event: type=2
01-24 20:03:06.016 25200 25485 V threaded_app: New input event: type=2
01-24 20:03:06.033 25200 25485 V threaded_app: New input event: type=2
01-24 20:03:06.050 25200 25485 V threaded_app: New input event: type=2
01-24 20:03:06.069 25200 25485 V threaded_app: New input event: type=2
01-24 20:03:06.085 25200 25485 V threaded_app: New input event: type=2
01-24 20:03:06.100 25200 25485 V threaded_app: New input event: type=2
01-24 20:03:06.119 25200 25485 V threaded_app: New input event: type=2
01-24 20:03:06.125 25200 25485 V threaded_app: New input event: type=2
01-24 20:03:06.127 25200 25485 V threaded_app: New input event: type=2
01-24 20:03:06.133 25200 25485 V threaded_app: New input event: type=2
01-24 20:03:06.149 25200 25485 V threaded_app: New input event: type=2
01-24 20:03:06.165 25200 25485 V threaded_app: New input event: type=2
01-24 20:03:06.183 25200 25485 V threaded_app: New input event: type=2
01-24 20:03:06.198 25200 25485 V threaded_app: New input event: type=2
01-24 20:03:06.218 25200 25485 V threaded_app: New input event: type=2
01-24 20:03:06.241 25200 25485 V threaded_app: New input event: type=2
01-24 20:03:06.250 25200 25485 V threaded_app: New input event: type=2
01-24 20:03:06.265 25200 25485 V threaded_app: New input event: type=2
01-24 20:03:06.283 25200 25485 V threaded_app: New input event: type=2
01-24 20:03:06.298 25200 25485 V threaded_app: New input event: type=2
01-24 20:03:06.317 25200 25485 V threaded_app: New input event: type=2
01-24 20:03:06.331 25200 25485 V threaded_app: New input event: type=2
01-24 20:03:06.348 25200 25485 V threaded_app: New input event: type=2
01-24 20:03:06.366 25200 25485 V threaded_app: New input event: type=2
01-24 20:03:06.367 25200 25485 V threaded_app: New input event: type=2
01-24 20:03:06.367 25200 25485 V threaded_app: New input event: type=2
01-24 20:03:06.382 25200 25485 V threaded_app: New input event: type=2
01-24 20:03:06.398 25200 25485 V threaded_app: New input event: type=2
01-24 20:03:06.417 25200 25485 V threaded_app: New input event: type=2
01-24 20:03:06.431 25200 25485 V threaded_app: New input event: type=2
01-24 20:03:06.448 25200 25485 V threaded_app: New input event: type=2
01-24 20:03:06.465 25200 25485 V threaded_app: New input event: type=2
01-24 20:03:06.482 25200 25485 V threaded_app: New input event: type=2
01-24 20:03:06.498 25200 25485 V threaded_app: New input event: type=2
01-24 20:03:06.513 25200 25485 V threaded_app: New input event: type=2
01-24 20:03:06.531 25200 25485 V threaded_app: New input event: type=2
01-24 20:03:06.548 25200 25485 V threaded_app: New input event: type=2
01-24 20:03:06.565 25200 25485 V threaded_app: New input event: type=2
01-24 20:03:06.584 25200 25485 V threaded_app: New input event: type=2
01-24 20:03:06.598 25200 25485 V threaded_app: New input event: type=2
01-24 20:03:06.613 25200 25485 V threaded_app: New input event: type=2
01-24 20:03:06.632 25200 25485 V threaded_app: New input event: type=2
