01-24 19:57:05.412 16535 16698 V threaded_app: New input event: type=2
01-24 19:57:05.429 16535 16698 V threaded_app: New input event: type=2
01-24 19:57:05.446 16535 16698 V threaded_app: New input event: type=2
01-24 19:57:05.462 16535 16698 V threaded_app: New input event: type=2
01-24 19:57:05.479 16535 16698 V threaded_app: New input event: type=2
01-24 19:57:05.483 16535 17392 D AudioManager: isBluetoothScoOn()=false, calling
application:com.game.loader
01-24 19:57:05.496 16535 16698 V threaded_app: New input event: type=2
01-24 19:57:05.511 16535 16698 V threaded_app: New input event: type=2
01-24 19:57:05.528 16535 16698 V threaded_app: New input event: type=2
01-24 19:57:05.544 16535 16698 V threaded_app: New input event: type=2
01-24 19:57:05.561 16535 16698 V threaded_app: New input event: type=2
01-24 19:57:05.578 16535 16698 V threaded_app: New input event: type=2
01-24 19:57:05.596 16535 16698 V threaded_app: New input event: type=2
01-24 19:57:05.611 16535 16698 V threaded_app: New input event: type=2
01-24 19:57:05.627 16535 16698 V threaded_app: New input event: type=2
01-24 19:57:05.644 16535 16698 V threaded_app: New input event: type=2
01-24 19:57:05.661 16535 16698 V threaded_app: New input event: type=2
01-24 19:57:05.678 16535 16698 V threaded_app: New input event: type=2
01-24 19:57:05.695 16535 16698 V threaded_app: New input event: type=2
01-24 19:57:05.710 16535 16698 V threaded_app: New input event: type=2
01-24 19:57:05.727 16535 16698 V threaded_app: New input event: type=2
01-24 19:57:05.741 16535 16698 V threaded_app: New input event: type=2
01-24 19:57:05.742 16535 16698 V threaded_app: New input event: type=2
01-24 19:57:06.068 16535 16698 V threaded_app: New input event: type=2
01-24 19:57:06.125 16535 16698 V threaded_app: New input event: type=2
01-24 19:57:06.141 16535 16698 V threaded_app: New input event: type=2
01-24 19:57:06.158 16535 16698 V threaded_app: New input event: type=2
01-24 19:57:06.175 16535 16698 V threaded_app: New input event: type=2
01-24 19:57:06.191 16535 16698 V threaded_app: New input event: type=2
01-24 19:57:06.209 16535 16698 V threaded_app: New input event: type=2
01-24 19:57:06.225 16535 16698 V threaded_app: New input event: type=2
01-24 19:57:06.242 16535 16698 V threaded_app: New input event: type=2
01-24 19:57:06.258 16535 16698 V threaded_app: New input event: type=2
01-24 19:57:06.278 16535 16698 V threaded_app: New input event: type=2
01-24 19:57:06.292 16535 16698 V threaded_app: New input event: type=2
01-24 19:57:06.308 16535 16698 V threaded_app: New input event: type=2
01-24 19:57:06.323 16535 16698 V threaded_app: New input event: type=2
01-24 19:57:06.340 16535 16698 V threaded_app: New input event: type=2
01-24 19:57:06.358 16535 16698 V threaded_app: New input event: type=2
01-24 19:57:06.377 16535 16698 V threaded_app: New input event: type=2
01-24 19:57:06.390 16535 16698 V threaded_app: New input event: type=2
01-24 19:57:06.406 16535 16698 V threaded_app: New input event: type=2
01-24 19:57:06.423 16535 16698 V threaded_app: New input event: type=2
01-24 19:57:06.439 16535 16698 V threaded_app: New input event: type=2
01-24 19:57:06.456 16535 16698 V threaded_app: New input event: type=2
01-24 19:57:06.474 16535 16698 V threaded_app: New input event: type=2
01-24 19:57:06.489 16535 16698 V threaded_app: New input event: type=2
01-24 19:57:06.573 16535 16698 V threaded_app: New input event: type=2
01-24 19:57:06.584 16535 16698 V threaded_app: New input event: type=2
01-24 19:57:06.589 16535 16698 V threaded_app: New input event: type=2
01-24 19:57:06.761 16535 17392 D AudioManager: isBluetoothScoOn()=false, calling
application:com.game.loader
01-24 19:57:07.195 16535 16698 V threaded_app: New input event: type=2
01-24 19:57:07.219 16535 16698 V threaded_app: New input event: type=2
01-24 19:57:07.267 16535 16698 V threaded_app: New input event: type=2
01-24 19:57:07.269 16535 16698 V threaded_app: New input event: type=2
01-24 19:57:08.044 16535 17392 D AudioManager: isBluetoothScoOn()=false, calling
application:com.game.loader
01-24 19:57:09.298 16535 20503 W libc : Access denied finding property
"qemu.hw.mainkeys"
01-24 19:57:09.298 16535 20503 W libc : Access denied finding property
"vendor.qemu.timezone"
01-24 19:57:09.298 16535 20503 W libc : Access denied finding property
"vendor.qemu.vport.bluetooth"
01-24 19:57:09.298 16535 20503 W libc : Access denied finding property
"vendor.qemu.sf.fake_camera"
01-24 19:57:09.299 16535 20503 W libc : Access denied finding property
"vendor.qemu.dev.bootcomplete"
01-24 19:57:09.299 16535 20503 W libc : Access denied finding property
"vendor.qemu.vport.modem"
01-24 19:57:09.299 16535 20503 W libc : Access denied finding property
"qemu.sf.lcd_density"
01-24 19:57:09.324 16535 17392 D AudioManager: isBluetoothScoOn()=false, calling
application:com.game.loader
01-24 19:57:09.548 16535 20511 W libc : Access denied finding property
"qemu.hw.mainkeys"
01-24 19:57:09.548 16535 20511 W libc : Access denied finding property
"vendor.qemu.timezone"
01-24 19:57:09.548 16535 20511 W libc : Access denied finding property
"vendor.qemu.vport.bluetooth"
01-24 19:57:09.548 16535 20511 W libc : Access denied finding property
"vendor.qemu.sf.fake_camera"
01-24 19:57:09.548 16535 20511 W libc : Access denied finding property
"vendor.qemu.dev.bootcomplete"
01-24 19:57:09.548 16535 20511 W libc : Access denied finding property
"vendor.qemu.vport.modem"
01-24 19:57:09.548 16535 20511 W libc : Access denied finding property
"qemu.sf.lcd_density"
01-24 19:57:10.602 16535 17392 D AudioManager: isBluetoothScoOn()=false, calling
application:com.game.loader
01-24 19:57:10.789 16535 16698 V threaded_app: New input event: type=2
01-24 19:57:10.815 16535 16698 V threaded_app: New input event: type=2
01-24 19:57:10.833 16535 16698 V threaded_app: New input event: type=2
01-24 19:57:10.849 16535 16698 V threaded_app: New input event: type=2
01-24 19:57:10.856 16535 16698 V threaded_app: New input event: type=2
01-24 19:57:10.858 16535 16698 V threaded_app: New input event: type=2
01-24 19:57:11.882 16535 17392 D AudioManager: isBluetoothScoOn()=false, calling
application:com.game.loader
01-24 19:57:13.032 16535 16698 V threaded_app: New input event: type=2
01-24 19:57:13.053 16535 16698 V threaded_app: New input event: type=2
01-24 19:57:13.087 16535 16698 V threaded_app: New input event: type=2
01-24 19:57:13.110 16535 16698 V threaded_app: New input event: type=2
01-24 19:57:13.161 16535 17392 D AudioManager: isBluetoothScoOn()=false, calling
application:com.game.loader
01-24 19:57:13.707 16535 16698 V threaded_app: New input event: type=2
01-24 19:57:13.733 16535 16698 V threaded_app: New input event: type=2
01-24 19:57:13.784 16535 16698 V threaded_app: New input event: type=2
01-24 19:57:13.799 16535 16698 V threaded_app: New input event: type=2
01-24 19:57:13.803 16535 16698 V threaded_app: New input event: type=2
01-24 19:57:14.354 16535 16698 V threaded_app: New input event: type=2
01-24 19:57:14.379 16535 16698 V threaded_app: New input event: type=2
01-24 19:57:14.432 16535 16698 V threaded_app: New input event: type=2
01-24 19:57:14.433 16535 16698 V threaded_app: New input event: type=2
01-24 19:57:14.441 16535 17392 D AudioManager: isBluetoothScoOn()=false, calling
application:com.game.loader
01-24 19:57:15.127 16535 16698 V threaded_app: New input event: type=2
01-24 19:57:15.159 16535 16698 V threaded_app: New input event: type=2
01-24 19:57:15.193 16535 16698 V threaded_app: New input event: type=2
01-24 19:57:15.225 16535 16698 V threaded_app: New input event: type=2
01-24 19:57:15.228 16535 16698 V threaded_app: New input event: type=2
01-24 19:57:15.723 16535 17392 D AudioManager: isBluetoothScoOn()=false, calling
application:com.game.loader
01-24 19:57:15.763 16535 16698 V threaded_app: New input event: type=2
01-24 19:57:15.855 16535 16698 V threaded_app: New input event: type=2
01-24 19:57:15.855 16535 16698 V threaded_app: New input event: type=2
01-24 19:57:16.832 16535 16545 E LoadedApk: performReceive() called targeting raw
IIntentReceiver for Intent { act=android.intent.action.BATTERY_CHANGED
flg=0x70000010 (has extras) }
01-24 19:57:17.003 16535 17392 D AudioManager: isBluetoothScoOn()=false, calling
application:com.game.loader
01-24 19:57:18.280 16535 17392 D AudioManager: isBluetoothScoOn()=false, calling
application:com.game.loader
01-24 19:57:19.561 16535 17392 D AudioManager: isBluetoothScoOn()=false, calling
application:com.game.loader
01-24 19:57:19.868 16535 16698 V threaded_app: New input event: type=2
01-24 19:57:19.899 16535 16698 V threaded_app: New input event: type=2
01-24 19:57:19.915 16535 16698 V threaded_app: New input event: type=2
01-24 19:57:19.921 16535 16698 V threaded_app: New input event: type=2
01-24 19:57:20.841 16535 17392 D AudioManager: isBluetoothScoOn()=false, calling
application:com.game.loader
01-24 19:57:21.077 15134 15148 W .game.loader:p0: Failed to create temp profile
file for /data/misc/profiles/cur/0/com.twitter.android/primary.prof: No such file
or directory
01-24 19:57:21.078 15134 15148 W .game.loader:p0: Could not save profiling info
to /data/misc/profiles/cur/0/com.twitter.android/primary.prof
01-24 19:57:22.102 16535 16548 W .game.loader:p1: Failed to create temp profile
file for /data/misc/profiles/cur/0/com.pubg.imobile/primary.prof: No such file or
directory
01-24 19:57:22.102 16535 16548 W .game.loader:p1: Could not save profiling info
to /data/misc/profiles/cur/0/com.pubg.imobile/primary.prof
01-24 19:57:22.123 16535 17392 D AudioManager: isBluetoothScoOn()=false, calling
application:com.game.loader
01-24 19:57:22.623 16535 16698 V threaded_app: New input event: type=2
01-24 19:57:22.695 16535 16698 V threaded_app: New input event: type=2
01-24 19:57:22.696 16535 16698 V threaded_app: New input event: type=2
01-24 19:57:23.402 16535 17392 D AudioManager: isBluetoothScoOn()=false, calling
application:com.game.loader
01-24 19:57:24.681 16535 17392 D AudioManager: isBluetoothScoOn()=false, calling
application:com.game.loader
01-24 19:57:24.694 16535 16698 V threaded_app: New input event: type=2
01-24 19:57:24.722 16535 16698 V threaded_app: New input event: type=2
01-24 19:57:24.759 16535 16698 V threaded_app: New input event: type=2
01-24 19:57:25.962 16535 17392 D AudioManager: isBluetoothScoOn()=false, calling
application:com.game.loader
01-24 19:57:26.032 16535 16698 V threaded_app: New input event: type=2
01-24 19:57:26.057 16535 16698 V threaded_app: New input event: type=2
01-24 19:57:26.699 16535 16698 V threaded_app: New input event: type=2
01-24 19:57:26.728 16535 16698 V threaded_app: New input event: type=2
01-24 19:57:26.761 16535 16698 V threaded_app: New input event: type=2
01-24 19:57:26.770 16535 16698 V threaded_app: New input event: type=2
01-24 19:57:27.242 16535 17392 D AudioManager: isBluetoothScoOn()=false, calling
application:com.game.loader
01-24 19:57:27.298 16535 16698 V threaded_app: New input event: type=2
01-24 19:57:27.324 16535 16698 V threaded_app: New input event: type=2
01-24 19:57:27.341 16535 16698 V threaded_app: New input event: type=2
01-24 19:57:27.356 16535 16698 V threaded_app: New input event: type=2
01-24 19:57:27.369 16535 16698 V threaded_app: New input event: type=2
01-24 19:57:27.369 16535 16698 V threaded_app: New input event: type=2
01-24 19:57:28.464 16535 16698 V threaded_app: New input event: type=2
01-24 19:57:28.517 16535 16698 V threaded_app: New input event: type=2
01-24 19:57:28.521 16535 17392 D AudioManager: isBluetoothScoOn()=false, calling
application:com.game.loader
01-24 19:57:28.526 16535 16698 V threaded_app: New input event: type=2
01-24 19:57:28.526 16535 16698 V threaded_app: New input event: type=2
01-24 19:57:29.791 16535 16698 V threaded_app: New input event: type=2
01-24 19:57:29.801 16535 17392 D AudioManager: isBluetoothScoOn()=false, calling
application:com.game.loader
01-24 19:57:29.809 16535 16698 V threaded_app: New input event: type=2
01-24 19:57:29.826 16535 16698 V threaded_app: New input event: type=2
01-24 19:57:29.845 16535 16698 V threaded_app: New input event: type=2
01-24 19:57:29.860 16535 16698 V threaded_app: New input event: type=2
01-24 19:57:29.876 16535 16698 V threaded_app: New input event: type=2
01-24 19:57:29.893 16535 16698 V threaded_app: New input event: type=2
01-24 19:57:29.905 16535 16698 V threaded_app: New input event: type=2
01-24 19:57:29.907 16535 16698 V threaded_app: New input event: type=2
01-24 19:57:30.296 16535 16698 V threaded_app: New input event: type=2
01-24 19:57:30.323 16535 16698 V threaded_app: New input event: type=2
01-24 19:57:30.749 16535 19226 E HDmpve : [2025-01-24 19:57:30 748] | Error |
[HDmpve] |0x7c8042e730| cu_eifs_wrapper.cpp:291|IsFileDownloadReady|
[CEifsWrapper::IsFileReady()]not download completed]
01-24 19:57:30.864 16535 19232 E HDmpve : [2025-01-24 19:57:30 864] | Error |
[HDmpve] |0x7b380ec730| HttpNetwork.cpp:1209|GetAddrInfoSysFunc| get host ip,in-
f.globh.com-> 49.44.119.82
01-24 19:57:30.912 15134 15282 I PlayCore: UID: [10001] PID: [15134]
StandardIntegrity : warmUpIntegrityToken(49625052041)
01-24 19:57:30.928 15134 15241 I PlayCore: UID: [10001] PID: [15134]
StandardIntegrity : Already connected to the service.
01-24 19:57:30.930 15134 15241 I PlayCore: UID: [10001] PID: [15134]
StandardIntegrity : Initiate binding to the service.
01-24 19:57:30.944 15134 15241 I PlayCore: UID: [10001] PID: [15134]
StandardIntegrity : Failed to bind to the service.
01-24 19:57:31.082 16535 17392 D AudioManager: isBluetoothScoOn()=false, calling
application:com.game.loader
01-24 19:57:31.545 16535 16698 V threaded_app: New input event: type=2
01-24 19:57:31.567 16535 16698 V threaded_app: New input event: type=2
01-24 19:57:31.600 16535 16698 V threaded_app: New input event: type=2
01-24 19:57:31.601 16535 16698 V threaded_app: New input event: type=2
01-24 19:57:32.288 16535 16698 V threaded_app: New input event: type=2
01-24 19:57:32.313 16535 16698 V threaded_app: New input event: type=2
01-24 19:57:32.340 16535 16698 V threaded_app: New input event: type=2
01-24 19:57:32.360 16535 17392 D AudioManager: isBluetoothScoOn()=false, calling
application:com.game.loader
01-24 19:57:33.643 16535 17392 D AudioManager: isBluetoothScoOn()=false, calling
application:com.game.loader
01-24 19:57:34.922 16535 17392 D AudioManager: isBluetoothScoOn()=false, calling
application:com.game.loader
01-24 19:57:35.897 16535 16698 V threaded_app: New input event: type=2
01-24 19:57:35.909 16535 16698 V threaded_app: New input event: type=2
01-24 19:57:35.925 16535 16698 V threaded_app: New input event: type=2
01-24 19:57:35.930 16535 16698 V threaded_app: New input event: type=2
01-24 19:57:36.202 16535 17392 D AudioManager: isBluetoothScoOn()=false, calling
application:com.game.loader
01-24 19:57:36.575 16535 16698 V threaded_app: New input event: type=2
01-24 19:57:36.643 16535 16698 V threaded_app: New input event: type=2
01-24 19:57:36.656 16535 16698 V threaded_app: New input event: type=2
01-24 19:57:36.671 16535 16698 V threaded_app: New input event: type=2
01-24 19:57:36.691 16535 16698 V threaded_app: New input event: type=2
01-24 19:57:36.692 16535 16698 V threaded_app: New input event: type=2
01-24 19:57:37.379 16535 16698 V threaded_app: New input event: type=2
01-24 19:57:37.436 16535 16698 V threaded_app: New input event: type=2
01-24 19:57:37.466 16535 16698 V threaded_app: New input event: type=2
01-24 19:57:37.475 16535 16698 V threaded_app: New input event: type=2
01-24 19:57:37.482 16535 17392 D AudioManager: isBluetoothScoOn()=false, calling
application:com.game.loader
01-24 19:57:38.763 16535 17392 D AudioManager: isBluetoothScoOn()=false, calling
application:com.game.loader
01-24 19:57:39.192 16535 16698 V threaded_app: New input event: type=2
01-24 19:57:39.217 16535 16698 V threaded_app: New input event: type=2
01-24 19:57:40.041 16535 17392 D AudioManager: isBluetoothScoOn()=false, calling
application:com.game.loader
01-24 19:57:41.322 16535 17392 D AudioManager: isBluetoothScoOn()=false, calling
application:com.game.loader
01-24 19:57:42.601 16535 17392 D AudioManager: isBluetoothScoOn()=false, calling
application:com.game.loader
01-24 19:57:42.836 16535 16698 V threaded_app: New input event: type=2
01-24 19:57:42.851 16535 16698 V threaded_app: New input event: type=2
01-24 19:57:43.883 16535 17392 D AudioManager: isBluetoothScoOn()=false, calling
application:com.game.loader
01-24 19:57:44.010 16535 16698 V threaded_app: New input event: type=2
01-24 19:57:44.030 16535 16698 V threaded_app: New input event: type=2
01-24 19:57:44.047 16535 16698 V threaded_app: New input event: type=2
01-24 19:57:44.064 16535 16698 V threaded_app: New input event: type=2
01-24 19:57:44.079 16535 16698 V threaded_app: New input event: type=2
01-24 19:57:44.095 16535 16698 V threaded_app: New input event: type=2
01-24 19:57:44.115 16535 16698 V threaded_app: New input event: type=2
01-24 19:57:44.128 16535 16698 V threaded_app: New input event: type=2
01-24 19:57:44.147 16535 16698 V threaded_app: New input event: type=2
01-24 19:57:44.154 16535 16698 V threaded_app: New input event: type=2
01-24 19:57:44.155 16535 16698 V threaded_app: New input event: type=2
01-24 19:57:44.391 16535 16698 V threaded_app: New input event: type=2
01-24 19:57:44.411 16535 16698 V threaded_app: New input event: type=2
01-24 19:57:44.462 16535 16698 V threaded_app: New input event: type=2
01-24 19:57:44.493 16535 16698 V threaded_app: New input event: type=2
01-24 19:57:44.509 16535 16698 V threaded_app: New input event: type=2
01-24 19:57:44.526 16535 16698 V threaded_app: New input event: type=2
01-24 19:57:44.543 16535 16698 V threaded_app: New input event: type=2
01-24 19:57:44.559 16535 16698 V threaded_app: New input event: type=2
01-24 19:57:44.576 16535 16698 V threaded_app: New input event: type=2
01-24 19:57:44.593 16535 16698 V threaded_app: New input event: type=2
01-24 19:57:44.609 16535 16698 V threaded_app: New input event: type=2
01-24 19:57:44.627 16535 16698 V threaded_app: New input event: type=2
01-24 19:57:44.643 16535 16698 V threaded_app: New input event: type=2
01-24 19:57:44.660 16535 16698 V threaded_app: New input event: type=2
01-24 19:57:44.676 16535 16698 V threaded_app: New input event: type=2
01-24 19:57:44.693 16535 16698 V threaded_app: New input event: type=2
01-24 19:57:44.889 16535 16698 V threaded_app: New input event: type=2
01-24 19:57:44.890 16535 16698 V threaded_app: New input event: type=2
01-24 19:57:45.141 16535 16698 V threaded_app: New input event: type=2
01-24 19:57:45.160 16535 17392 D AudioManager: isBluetoothScoOn()=false, calling
application:com.game.loader
01-24 19:57:45.174 16535 16698 V threaded_app: New input event: type=2
01-24 19:57:45.206 16535 16698 V threaded_app: New input event: type=2
01-24 19:57:45.223 16535 16698 V threaded_app: New input event: type=2
01-24 19:57:45.239 16535 16698 V threaded_app: New input event: type=2
01-24 19:57:45.255 16535 16698 V threaded_app: New input event: type=2
01-24 19:57:45.272 16535 16698 V threaded_app: New input event: type=2
01-24 19:57:45.292 16535 16698 V threaded_app: New input event: type=2
01-24 19:57:45.307 16535 16698 V threaded_app: New input event: type=2
01-24 19:57:45.322 16535 16698 V threaded_app: New input event: type=2
01-24 19:57:45.340 16535 16698 V threaded_app: New input event: type=2
01-24 19:57:45.356 16535 16698 V threaded_app: New input event: type=2
01-24 19:57:45.374 16535 16698 V threaded_app: New input event: type=2
01-24 19:57:45.389 16535 16698 V threaded_app: New input event: type=2
01-24 19:57:45.539 16535 16698 V threaded_app: New input event: type=2
01-24 19:57:45.541 16535 16698 V threaded_app: New input event: type=2
01-24 19:57:45.778 16535 16698 V threaded_app: New input event: type=2
01-24 19:57:45.804 16535 16698 V threaded_app: New input event: type=2
01-24 19:57:45.819 16535 16698 V threaded_app: New input event: type=2
01-24 19:57:45.820 16535 16698 V threaded_app: New input event: type=2
01-24 19:57:46.024 16535 16535 W BillingClient: Connection to Billing service is
blocked.
01-24 19:57:46.051 16535 16584 W c2.t : Error scheduling event Attempt to invoke
virtual method 'android.content.ComponentName android.app.job.JobInfo.getService()'
on a null object reference
01-24 19:57:46.441 16535 17392 D AudioManager: isBluetoothScoOn()=false, calling
application:com.game.loader
01-24 19:57:46.628 16535 16698 V threaded_app: New input event: type=2
01-24 19:57:46.647 16535 16698 V threaded_app: New input event: type=2
01-24 19:57:46.664 16535 16698 V threaded_app: New input event: type=2
01-24 19:57:46.698 16535 16698 V threaded_app: New input event: type=2
01-24 19:57:46.700 16535 16698 V threaded_app: New input event: type=2
01-24 19:57:47.721 16535 17392 D AudioManager: isBluetoothScoOn()=false, calling
application:com.game.loader
01-24 19:57:47.929 16535 16698 V threaded_app: New input event: type=2
01-24 19:57:47.957 16535 16698 V threaded_app: New input event: type=2
01-24 19:57:47.991 16535 16698 V threaded_app: New input event: type=2
01-24 19:57:47.998 16535 16698 V threaded_app: New input event: type=2
01-24 19:57:47.998 16535 16698 V threaded_app: New input event: type=2
01-24 19:57:48.715 16535 16698 V threaded_app: New input event: type=2
01-24 19:57:48.771 16535 16698 V threaded_app: New input event: type=2
01-24 19:57:48.786 16535 16698 V threaded_app: New input event: type=2
01-24 19:57:48.802 16535 16698 V threaded_app: New input event: type=2
01-24 19:57:48.819 16535 16698 V threaded_app: New input event: type=2
01-24 19:57:48.821 16535 16698 V threaded_app: New input event: type=2
01-24 19:57:49.001 16535 17392 D AudioManager: isBluetoothScoOn()=false, calling
application:com.game.loader
01-24 19:57:49.383 16535 16698 V threaded_app: New input event: type=2
01-24 19:57:49.432 16535 16698 V threaded_app: New input event: type=2
01-24 19:57:49.449 16535 16698 V threaded_app: New input event: type=2
01-24 19:57:49.516 16535 16698 V threaded_app: New input event: type=2
01-24 19:57:49.519 16535 16698 V threaded_app: New input event: type=2
01-24 19:57:50.282 16535 17392 D AudioManager: isBluetoothScoOn()=false, calling
application:com.game.loader
01-24 19:57:51.562 16535 17392 D AudioManager: isBluetoothScoOn()=false, calling
application:com.game.loader
01-24 19:57:52.840 16535 17392 D AudioManager: isBluetoothScoOn()=false, calling
application:com.game.loader
01-24 19:57:54.122 16535 17392 D AudioManager: isBluetoothScoOn()=false, calling
application:com.game.loader
01-24 19:57:55.401 16535 17392 D AudioManager: isBluetoothScoOn()=false, calling
application:com.game.loader
01-24 19:57:56.683 16535 17392 D AudioManager: isBluetoothScoOn()=false, calling
application:com.game.loader
01-24 19:57:56.746 16535 16698 V threaded_app: New input event: type=2
01-24 19:57:56.770 16535 16698 V threaded_app: New input event: type=2
01-24 19:57:57.595 16535 16698 V threaded_app: New input event: type=2
01-24 19:57:57.638 16535 16698 V threaded_app: New input event: type=2
01-24 19:57:57.646 16535 16698 V threaded_app: New input event: type=2
01-24 19:57:57.646 16535 16698 V threaded_app: New input event: type=2
01-24 19:57:57.961 16535 17392 D AudioManager: isBluetoothScoOn()=false, calling
application:com.game.loader
01-24 19:57:59.035 16535 16698 V threaded_app: New input event: type=2
01-24 19:57:59.062 16535 16698 V threaded_app: New input event: type=2
01-24 19:57:59.112 16535 16698 V threaded_app: New input event: type=2
01-24 19:57:59.129 16535 16698 V threaded_app: New input event: type=2
01-24 19:57:59.146 16535 16698 V threaded_app: New input event: type=2
01-24 19:57:59.165 16535 16698 V threaded_app: New input event: type=2
01-24 19:57:59.165 16535 16698 V threaded_app: New input event: type=2
01-24 19:57:59.242 16535 17392 D AudioManager: isBluetoothScoOn()=false, calling
application:com.game.loader
01-24 19:57:59.377 16535 16698 V threaded_app: New input event: type=2
01-24 19:57:59.410 16535 16698 V threaded_app: New input event: type=2
01-24 19:57:59.443 16535 16698 V threaded_app: New input event: type=2
01-24 19:57:59.477 16535 16698 V threaded_app: New input event: type=2
01-24 19:57:59.494 16535 16698 V threaded_app: New input event: type=2
01-24 19:57:59.509 16535 16698 V threaded_app: New input event: type=2
01-24 19:57:59.527 16535 16698 V threaded_app: New input event: type=2
01-24 19:57:59.543 16535 16698 V threaded_app: New input event: type=2
01-24 19:57:59.560 16535 16698 V threaded_app: New input event: type=2
01-24 19:57:59.576 16535 16698 V threaded_app: New input event: type=2
01-24 19:57:59.592 16535 16698 V threaded_app: New input event: type=2
01-24 19:57:59.610 16535 16698 V threaded_app: New input event: type=2
01-24 19:57:59.625 16535 16698 V threaded_app: New input event: type=2
01-24 19:57:59.642 16535 16698 V threaded_app: New input event: type=2
01-24 19:57:59.675 16535 16698 V threaded_app: New input event: type=2
01-24 19:57:59.692 16535 16535 I VelocityTracker: LSQ2 speed rezero
01-24 19:57:59.692 16535 16698 V threaded_app: New input event: type=2
01-24 19:57:59.692 16535 16698 V threaded_app: New input event: type=2
01-24 19:58:00.522 16535 17392 D AudioManager: isBluetoothScoOn()=false, calling
application:com.game.loader
01-24 19:58:00.530 16535 16698 V threaded_app: New input event: type=2
01-24 19:58:00.553 16535 16698 V threaded_app: New input event: type=2
01-24 19:58:00.587 16535 16698 V threaded_app: New input event: type=2
01-24 19:58:00.593 16535 16698 V threaded_app: New input event: type=2
01-24 19:58:01.111 16535 16698 V threaded_app: New input event: type=2
01-24 19:58:01.113 16535 16698 V threaded_app: New input event: type=2
01-24 19:58:01.492 15134 15148 W .game.loader:p0: Failed to create temp profile
file for /data/misc/profiles/cur/0/com.twitter.android/primary.prof: No such file
or directory
01-24 19:58:01.492 15134 15148 W .game.loader:p0: Could not save profiling info
to /data/misc/profiles/cur/0/com.twitter.android/primary.prof
01-24 19:58:01.781 16535 16698 V threaded_app: New input event: type=2
01-24 19:58:01.783 16535 16698 V threaded_app: New input event: type=2
01-24 19:58:01.801 16535 17392 D AudioManager: isBluetoothScoOn()=false, calling
application:com.game.loader
01-24 19:58:01.924 16535 16698 V threaded_app: New input event: type=2
01-24 19:58:01.968 16535 16698 V threaded_app: New input event: type=2
01-24 19:58:02.155 16535 16548 W .game.loader:p1: Failed to create temp profile
file for /data/misc/profiles/cur/0/com.pubg.imobile/primary.prof: No such file or
directory
01-24 19:58:02.155 16535 16548 W .game.loader:p1: Could not save profiling info
to /data/misc/profiles/cur/0/com.pubg.imobile/primary.prof
01-24 19:58:03.083 16535 17392 D AudioManager: isBluetoothScoOn()=false, calling
application:com.game.loader
01-24 19:58:03.572 16535 16698 V threaded_app: New input event: type=2
01-24 19:58:03.587 16535 16698 V threaded_app: New input event: type=2
01-24 19:58:03.671 16535 16698 V threaded_app: New input event: type=2
01-24 19:58:03.673 16535 16698 V threaded_app: New input event: type=2
01-24 19:58:03.864 16535 16698 V threaded_app: New input event: type=2
01-24 19:58:03.905 16535 16698 V threaded_app: New input event: type=2
01-24 19:58:03.920 16535 16698 V threaded_app: New input event: type=2
01-24 19:58:03.922 16535 16698 V threaded_app: New input event: type=2
01-24 19:58:04.360 16535 17392 D AudioManager: isBluetoothScoOn()=false, calling
application:com.game.loader
01-24 19:58:04.427 16535 16698 V threaded_app: New input event: type=2
01-24 19:58:04.451 16535 16698 V threaded_app: New input event: type=2
01-24 19:58:05.000 16535 16698 V threaded_app: New input event: type=2
01-24 19:58:05.030 16535 16698 V threaded_app: New input event: type=2
01-24 19:58:05.031 16535 16698 V threaded_app: New input event: type=2
01-24 19:58:05.640 16535 17392 D AudioManager: isBluetoothScoOn()=false, calling
application:com.game.loader
01-24 19:58:06.920 16535 17392 D AudioManager: isBluetoothScoOn()=false, calling
application:com.game.loader
01-24 19:58:07.134 16535 16698 V threaded_app: New input event: type=2
01-24 19:58:07.179 16535 16698 V threaded_app: New input event: type=2
01-24 19:58:07.878 16535 19226 E HDmpve : [2025-01-24 19:58:07 877] | Error |
[HDmpve] |0x7c8042e730| cu_eifs_wrapper.cpp:291|IsFileDownloadReady|
[CEifsWrapper::IsFileReady()]not download completed]
01-24 19:58:07.985 16535 19232 E HDmpve : [2025-01-24 19:58:07 985] | Error |
[HDmpve] |0x7b380ec730| HttpNetwork.cpp:1209|GetAddrInfoSysFunc| get host ip,in-
f.globh.com-> 49.44.50.90
01-24 19:58:08.102 16535 16697 D CTIPayService: map iter
01-24 19:58:08.102 16535 16697 D CTIPayService: map iter
01-24 19:58:08.102 16535 16697 D CTIPayService: product list:
["com.pubg.imobile.rpaelite:inapp","com.pubg.imobile.shop17:inapp"]
01-24 19:58:08.107 16535 16535 I BillingHelper: startSetup
01-24 19:58:08.113 16535 16535 W BillingClient: Connection to Billing service is
blocked.
01-24 19:58:08.116 16535 16535 D APProductInfo_New: callback:{"ret":"-
1","msg":"","productInfo":[]}
01-24 19:58:08.124 16535 16584 W c2.t : Error scheduling event Attempt to invoke
virtual method 'android.content.ComponentName android.app.job.JobInfo.getService()'
on a null object reference
01-24 19:58:08.174 16535 21476 D TrafficStats: tagSocket(293) with
statsTag=0xffffffff, statsUid=-1
01-24 19:58:08.201 16535 17392 D AudioManager: isBluetoothScoOn()=false, calling
application:com.game.loader
01-24 19:58:08.318 15134 15282 I PlayCore: UID: [10001] PID: [15134]
StandardIntegrity : warmUpIntegrityToken(49625052041)
01-24 19:58:08.325 15134 15241 I PlayCore: UID: [10001] PID: [15134]
StandardIntegrity : Already connected to the service.
01-24 19:58:08.327 15134 15241 I PlayCore: UID: [10001] PID: [15134]
StandardIntegrity : Initiate binding to the service.
01-24 19:58:08.340 15134 15241 I PlayCore: UID: [10001] PID: [15134]
StandardIntegrity : Failed to bind to the service.
01-24 19:58:08.951 16535 16698 V threaded_app: New input event: type=2
01-24 19:58:08.975 16535 16698 V threaded_app: New input event: type=2
01-24 19:58:08.975 16535 16698 V threaded_app: New input event: type=2
01-24 19:58:09.481 16535 17392 D AudioManager: isBluetoothScoOn()=false, calling
application:com.game.loader
01-24 19:58:09.627 16535 16698 V threaded_app: New input event: type=2
01-24 19:58:09.653 16535 16698 V threaded_app: New input event: type=2
01-24 19:58:10.109 16535 16698 V threaded_app: New input event: type=2
01-24 19:58:10.128 16535 16698 V threaded_app: New input event: type=2
01-24 19:58:10.761 16535 17392 D AudioManager: isBluetoothScoOn()=false, calling
application:com.game.loader
01-24 19:58:11.385 16535 16698 V threaded_app: New input event: type=2
01-24 19:58:11.388 16535 16698 V threaded_app: New input event: type=2
01-24 19:58:12.040 16535 17392 D AudioManager: isBluetoothScoOn()=false, calling
application:com.game.loader
01-24 19:58:12.924 16535 16698 V threaded_app: New input event: type=2
01-24 19:58:12.984 16535 16698 V threaded_app: New input event: type=2
01-24 19:58:12.995 16535 16698 V threaded_app: New input event: type=2
01-24 19:58:13.322 16535 17392 D AudioManager: isBluetoothScoOn()=false, calling
application:com.game.loader
01-24 19:58:13.519 16535 16698 V threaded_app: New input event: type=2
01-24 19:58:13.548 16535 16698 V threaded_app: New input event: type=2
01-24 19:58:13.564 16535 16698 V threaded_app: New input event: type=2
01-24 19:58:13.579 16535 16698 V threaded_app: New input event: type=2
01-24 19:58:13.580 16535 16698 V threaded_app: New input event: type=2
01-24 19:58:14.097 16535 16698 V threaded_app: New input event: type=2
01-24 19:58:14.122 16535 16698 V threaded_app: New input event: type=2
01-24 19:58:14.604 16535 17392 D AudioManager: isBluetoothScoOn()=false, calling
application:com.game.loader
01-24 19:58:14.814 16535 16698 V threaded_app: New input event: type=2
01-24 19:58:14.839 16535 16698 V threaded_app: New input event: type=2
01-24 19:58:15.772 16535 16698 V threaded_app: New input event: type=2
01-24 19:58:15.801 16535 16698 V threaded_app: New input event: type=2
01-24 19:58:15.843 16535 16698 V threaded_app: New input event: type=2
01-24 19:58:15.853 16535 16698 V threaded_app: New input event: type=2
01-24 19:58:15.853 16535 16698 V threaded_app: New input event: type=2
01-24 19:58:15.881 16535 17392 D AudioManager: isBluetoothScoOn()=false, calling
application:com.game.loader
01-24 19:58:16.754 16535 16698 V threaded_app: New input event: type=2
01-24 19:58:16.783 16535 16698 V threaded_app: New input event: type=2
01-24 19:58:16.815 16535 16698 V threaded_app: New input event: type=2
01-24 19:58:16.834 16535 16698 V threaded_app: New input event: type=2
01-24 19:58:16.851 16535 16698 V threaded_app: New input event: type=2
01-24 19:58:16.862 16535 16698 V threaded_app: New input event: type=2
01-24 19:58:16.879 16535 16698 V threaded_app: New input event: type=2
01-24 19:58:16.896 16535 16698 V threaded_app: New input event: type=2
01-24 19:58:16.913 16535 16698 V threaded_app: New input event: type=2
01-24 19:58:16.930 16535 16698 V threaded_app: New input event: type=2
01-24 19:58:16.946 16535 16698 V threaded_app: New input event: type=2
01-24 19:58:16.964 16535 16698 V threaded_app: New input event: type=2
01-24 19:58:16.979 16535 16698 V threaded_app: New input event: type=2
01-24 19:58:16.995 16535 16698 V threaded_app: New input event: type=2
01-24 19:58:17.011 16535 16698 V threaded_app: New input event: type=2
01-24 19:58:17.028 16535 16698 V threaded_app: New input event: type=2
01-24 19:58:17.046 16535 16698 V threaded_app: New input event: type=2
01-24 19:58:17.061 16535 16698 V threaded_app: New input event: type=2
01-24 19:58:17.077 16535 16698 V threaded_app: New input event: type=2
01-24 19:58:17.094 16535 16698 V threaded_app: New input event: type=2
01-24 19:58:17.111 16535 16698 V threaded_app: New input event: type=2
01-24 19:58:17.128 16535 16698 V threaded_app: New input event: type=2
01-24 19:58:17.144 16535 16698 V threaded_app: New input event: type=2
01-24 19:58:17.161 16535 17392 D AudioManager: isBluetoothScoOn()=false, calling
application:com.game.loader
01-24 19:58:17.161 16535 16698 V threaded_app: New input event: type=2
01-24 19:58:17.177 16535 16698 V threaded_app: New input event: type=2
01-24 19:58:17.195 16535 16698 V threaded_app: New input event: type=2
01-24 19:58:17.202 16535 16535 I VelocityTracker: LSQ2 speed rezero
01-24 19:58:17.205 16535 16698 V threaded_app: New input event: type=2
01-24 19:58:17.207 16535 16698 V threaded_app: New input event: type=2
01-24 19:58:18.285 16535 16872 E LoadedApk: performReceive() called targeting raw
IIntentReceiver for Intent { act=android.intent.action.BATTERY_CHANGED
flg=0x70000010 (has extras) }
01-24 19:58:18.442 16535 17392 D AudioManager: isBluetoothScoOn()=false, calling
application:com.game.loader
01-24 19:58:18.631 16535 16698 V threaded_app: New input event: type=2
01-24 19:58:18.652 16535 16698 V threaded_app: New input event: type=2
01-24 19:58:18.668 16535 16698 V threaded_app: New input event: type=2
01-24 19:58:18.685 16535 16698 V threaded_app: New input event: type=2
01-24 19:58:18.703 16535 16698 V threaded_app: New input event: type=2
01-24 19:58:18.716 16535 16698 V threaded_app: New input event: type=2
01-24 19:58:18.721 16535 16698 V threaded_app: New input event: type=2
01-24 19:58:19.720 16535 17392 D AudioManager: isBluetoothScoOn()=false, calling
application:com.game.loader
01-24 19:58:20.024 16535 19226 E HDmpve : [2025-01-24 19:58:20 024] | Error |
[HDmpve] |0x7c8042e730| cu_eifs_wrapper.cpp:291|IsFileDownloadReady|
[CEifsWrapper::IsFileReady()]not download completed]
01-24 19:58:20.048 16535 19226 E HDmpve : [2025-01-24 19:58:20 048] | Error |
[HDmpve] |0x7c8042e730| cu_eifs_wrapper.cpp:291|IsFileDownloadReady|
[CEifsWrapper::IsFileReady()]not download completed]
01-24 19:58:20.854 16535 16698 V threaded_app: New input event: type=2
01-24 19:58:20.873 16535 16698 V threaded_app: New input event: type=2
01-24 19:58:20.889 16535 16698 V threaded_app: New input event: type=2
01-24 19:58:20.915 16535 16698 V threaded_app: New input event: type=2
01-24 19:58:20.916 16535 16698 V threaded_app: New input event: type=2
01-24 19:58:21.001 16535 17392 D AudioManager: isBluetoothScoOn()=false, calling
application:com.game.loader
01-24 19:58:21.786 16535 16698 V threaded_app: New input event: type=2
01-24 19:58:21.818 16535 16698 V threaded_app: New input event: type=2
01-24 19:58:21.848 16535 16698 V threaded_app: New input event: type=2
01-24 19:58:21.850 16535 16698 V threaded_app: New input event: type=2
01-24 19:58:22.141 16535 16698 V threaded_app: New input event: type=2
01-24 19:58:22.166 16535 16698 V threaded_app: New input event: type=2
01-24 19:58:22.198 16535 16698 V threaded_app: New input event: type=2
01-24 19:58:22.202 16535 16698 V threaded_app: New input event: type=2
01-24 19:58:22.280 16535 17392 D AudioManager: isBluetoothScoOn()=false, calling
application:com.game.loader
01-24 19:58:22.795 16535 16698 V threaded_app: New input event: type=2
01-24 19:58:22.812 16535 16698 V threaded_app: New input event: type=2
01-24 19:58:22.880 16535 16698 V threaded_app: New input event: type=2
01-24 19:58:22.895 16535 16698 V threaded_app: New input event: type=2
01-24 19:58:22.912 16535 16698 V threaded_app: New input event: type=2
01-24 19:58:22.927 16535 16698 V threaded_app: New input event: type=2
01-24 19:58:22.945 16535 16698 V threaded_app: New input event: type=2
01-24 19:58:22.954 16535 16698 V threaded_app: New input event: type=2
01-24 19:58:22.954 16535 16698 V threaded_app: New input event: type=2
01-24 19:58:23.426 16535 16698 V threaded_app: New input event: type=2
01-24 19:58:23.459 16535 16698 V threaded_app: New input event: type=2
01-24 19:58:23.476 16535 16698 V threaded_app: New input event: type=2
01-24 19:58:23.492 16535 16698 V threaded_app: New input event: type=2
01-24 19:58:23.508 16535 16698 V threaded_app: New input event: type=2
01-24 19:58:23.522 16535 16698 V threaded_app: New input event: type=2
01-24 19:58:23.524 16535 16698 V threaded_app: New input event: type=2
01-24 19:58:23.561 16535 17392 D AudioManager: isBluetoothScoOn()=false, calling
application:com.game.loader
01-24 19:58:23.992 16535 16698 V threaded_app: New input event: type=2
01-24 19:58:24.021 16535 16698 V threaded_app: New input event: type=2
01-24 19:58:24.072 16535 16698 V threaded_app: New input event: type=2
01-24 19:58:24.096 16535 16698 V threaded_app: New input event: type=2
01-24 19:58:24.096 16535 16698 V threaded_app: New input event: type=2
01-24 19:58:24.842 16535 17392 D AudioManager: isBluetoothScoOn()=false, calling
application:com.game.loader
01-24 19:58:25.472 16535 16698 V threaded_app: New input event: type=2
01-24 19:58:25.501 16535 16698 V threaded_app: New input event: type=2
01-24 19:58:26.122 16535 17392 D AudioManager: isBluetoothScoOn()=false, calling
application:com.game.loader
01-24 19:58:26.225 9627 9627 D callGcSupression: java.lang.NullPointerException:
Attempt to invoke virtual method 'java.lang.Object
java.lang.reflect.Method.invoke(java.lang.Object, java.lang.Object[])' on a null
object reference
01-24 19:58:26.226 9627 9627 W VRI[] : handleResized abandoned!
01-24 19:58:26.229 16535 16535 D callGcSupression: java.lang.NullPointerException:
Attempt to invoke virtual method 'java.lang.Object
java.lang.reflect.Method.invoke(java.lang.Object, java.lang.Object[])' on a null
object reference
01-24 19:58:26.234 16535 16535 W VRI[GameActivity]: handleResized abandoned!
01-24 19:58:26.294 16535 16535 D VRI[GameActivity]: onFocusEvent false
01-24 19:58:26.294 16535 16535 V threaded_app: WindowFocusChanged: 0x7be4b73140 --
0
01-24 19:58:26.301 16535 16698 D UE4 : Case APP_CMD_LOST_FOCUS
01-24 19:58:27.160 16535 16535 D callGcSupression: java.lang.NullPointerException:
Attempt to invoke virtual method 'java.lang.Object
java.lang.reflect.Method.invoke(java.lang.Object, java.lang.Object[])' on a null
object reference
01-24 19:58:27.175 16535 16535 V threaded_app: Pause: 0x7be4b73140
01-24 19:58:27.175 16535 16698 V threaded_app: activityState=13
01-24 19:58:27.176 16535 16698 D UE4 : Case APP_CMD_PAUSE
01-24 19:58:27.176 16535 16535 V SystemSensorManagerExtImpl: unRegisterListener by
com.epicgames.ue4.GameActivity@5317f1b
01-24 19:58:27.181 16535 17392 D AudioTrack: stop(10086): prior state:STATE_ACTIVE
output 13 stream 3 session 54145
01-24 19:58:27.181 16535 17392 D AudioTrack: stop(10086): called with 8678784
frames delivered
01-24 19:58:27.184 16535 17392 I AudioTrack: stop(10086): 0x7be4b4fe00 stop done
01-24 19:58:27.186 16535 17392 D AudioTrack: ~AudioTrack(10086), releasing mStatus
=0 session id 54145 from 16535 on behalf of 16535
01-24 19:58:27.186 16535 17392 D AudioTrack: stop(10086): prior state:STATE_STOPPED
output 13 stream 3 session 54145
01-24 19:58:27.186 16535 17392 I AudioTrack: stopAndJoinCallbacks(10086) done
01-24 19:58:27.193 16535 16535 I : genericobserver pos:0
className:com.blue.dm.hdmpve.lifecycle.PluginReportLifecycle
01-24 19:58:27.200 16535 16535 I HDmpve : onPause
01-24 19:58:27.200 16535 16535 I : genericobserver pos:0
className:com.blue.dm.hdmpve.lifecycle.PluginReportLifecycle
01-24 19:58:27.201 16535 16535 I HDmpvePluginManger: onPause
01-24 19:58:27.237 9627 9627 D callGcSupression: java.lang.NullPointerException:
Attempt to invoke virtual method 'java.lang.Object
java.lang.reflect.Method.invoke(java.lang.Object, java.lang.Object[])' on a null
object reference
01-24 19:58:27.248 9627 9651 D BufferQueueProducer: [VRI[]#13(BLAST Consumer)13]
(id:259b0000000d,api:1,p:9627,c:9627) disconnect: api 1
01-24 19:58:27.248 9627 9651 D BufferQueueProducer: [VRI[]#13(BLAST Consumer)13]
(id:259b0000000d,api:1,p:9627,c:9627) connect: api=1 producerControlledByApp=true
01-24 19:58:27.249 9627 9627 I SurfaceControl: setExtendedRangeBrightness
sc=Surface(name=)/@0x9d0268a,currentBufferRatio=1.0,desiredRatio=1.0
01-24 19:58:27.253 9627 9651 D BLASTBufferQueue: [VRI[]#13](f:0,a:2) producer
disconnected before acquireNextBufferLocked
01-24 19:58:27.254 9627 9651 D VRI[] : Received frameCommittedCallback
lastAttemptedDrawFrameNum=6 didProduceBuffer=true syncBuffer=false
01-24 19:58:27.254 9627 9627 D VRI[] : draw finished. seqId=0
01-24 19:58:27.302 16535 16702 D OplusScrollToTopManager:
com.pubg.imobile/com.epicgames.ue4.GameActivity,This
com.android.internal.policy.DecorView{98cd802 V.E...... R....... 0,0-2780,1264
aid=1 alpha=1.0 viewInfo = }[GameActivity] change focus to false
01-24 19:58:27.313 16535 16535 I RoosterJava: call rooster pause interface
01-24 19:58:27.316 16535 16958 D VRI[GameActivity]: dispatchAppVisibility
visible:false
01-24 19:58:27.318 16535 16535 D callGcSupression: java.lang.NullPointerException:
Attempt to invoke virtual method 'java.lang.Object
java.lang.reflect.Method.invoke(java.lang.Object, java.lang.Object[])' on a null
object reference
01-24 19:58:27.322 16535 16535 D VRI[GameActivity]: visibilityChanged
oldVisibility=true newVisibility=false
01-24 19:58:27.328 16535 16535 I SurfaceView: 79757507 surfaceDestroyed
01-24 19:58:27.328 16535 16535 V threaded_app: NativeWindowDestroyed: 0x7be4b73140
-- 0x7b79c73810
01-24 19:58:27.330 16535 16698 V threaded_app: APP_CMD_TERM_WINDOW
01-24 19:58:27.330 16535 16698 D UE4 : Case APP_CMD_TERM_WINDOW, tid = 16698
01-24 19:58:27.337 8947 8947 D callGcSupression: java.lang.NullPointerException:
Attempt to invoke virtual method 'java.lang.Object
java.lang.reflect.Method.invoke(java.lang.Object, java.lang.Object[])' on a null
object reference
01-24 19:58:27.396 16535 21851 D PackageManagerProxy: 10002 , com.pubg.imobile
GetPackagesForUid: [com.pubg.imobile]
01-24 19:58:27.406 16535 16697 D BufferQueueProducer:
[SurfaceView[com.pubg.imobile/com.epicgames.ue4.GameActivity]#12(BLAST Consumer)12]
(id:40970000000c,api:1,p:16535,c:16535) disconnect: api 1
01-24 19:58:27.412 16535 16698 V threaded_app: APP_CMD_TERM_WINDOW
01-24 19:58:27.412 16535 16535 D BufferQueueProducer:
[SurfaceView[com.pubg.imobile/com.epicgames.ue4.GameActivity]#12(BLAST Consumer)12]
(id:40970000000c,api:0,p:-1,c:16535) disconnect: api -1
01-24 19:58:27.413 16535 16535 D BLASTBufferQueue:
[SurfaceView[com.pubg.imobile/com.epicgames.ue4.GameActivity]#12](f:0,a:1)
destructor()
01-24 19:58:27.413 16535 16535 D BufferQueueConsumer:
[SurfaceView[com.pubg.imobile/com.epicgames.ue4.GameActivity]#12(BLAST Consumer)12]
(id:40970000000c,api:0,p:-1,c:16535) disconnect
01-24 19:58:27.414 16535 16535 E ViewRootImplExtImpl: updateRecordSurfaceViewState
exception:
01-24 19:58:27.414 16535 16535 E ViewRootImplExtImpl: java.lang.Throwable
01-24 19:58:27.414 16535 16535 E ViewRootImplExtImpl: at
android.view.ViewRootImplExtImpl.updateRecordSurfaceViewState(ViewRootImplExtImpl.j
ava:1478)
01-24 19:58:27.414 16535 16535 E ViewRootImplExtImpl: at
android.view.SurfaceView.releaseSurfaces(SurfaceView.java:1042)
01-24 19:58:27.414 16535 16535 E ViewRootImplExtImpl: at
android.view.SurfaceView.updateSurface(SurfaceView.java:1470)
01-24 19:58:27.414 16535 16535 E ViewRootImplExtImpl: at
android.view.SurfaceView.onWindowVisibilityChanged(SurfaceView.java:494)
01-24 19:58:27.414 16535 16535 E ViewRootImplExtImpl: at
android.view.View.dispatchWindowVisibilityChanged(View.java:17080)
01-24 19:58:27.414 16535 16535 E ViewRootImplExtImpl: at
android.view.ViewGroup.dispatchWindowVisibilityChanged(ViewGroup.java:1650)
01-24 19:58:27.414 16535 16535 E ViewRootImplExtImpl: at
android.view.ViewGroup.dispatchWindowVisibilityChanged(ViewGroup.java:1650)
01-24 19:58:27.414 16535 16535 E ViewRootImplExtImpl: at
android.view.ViewGroup.dispatchWindowVisibilityChanged(ViewGroup.java:1650)
01-24 19:58:27.414 16535 16535 E ViewRootImplExtImpl: at
android.view.ViewGroup.dispatchWindowVisibilityChanged(ViewGroup.java:1650)
01-24 19:58:27.414 16535 16535 E ViewRootImplExtImpl: at
android.view.ViewRootImpl.performTraversals(ViewRootImpl.java:4033)
01-24 19:58:27.414 16535 16535 E ViewRootImplExtImpl: at
android.view.ViewRootImpl.doTraversal(ViewRootImpl.java:3395)
01-24 19:58:27.414 16535 16535 E ViewRootImplExtImpl: at
android.view.ViewRootImpl$TraversalRunnable.run(ViewRootImpl.java:11589)
01-24 19:58:27.414 16535 16535 E ViewRootImplExtImpl: at
android.view.Choreographer$CallbackRecord.run(Choreographer.java:1621)
01-24 19:58:27.414 16535 16535 E ViewRootImplExtImpl: at
android.view.Choreographer$CallbackRecord.run(Choreographer.java:1630)
01-24 19:58:27.414 16535 16535 E ViewRootImplExtImpl: at
android.view.Choreographer.doCallbacks(Choreographer.java:1154)
01-24 19:58:27.414 16535 16535 E ViewRootImplExtImpl: at
android.view.Choreographer.doFrame(Choreographer.java:1043)
01-24 19:58:27.414 16535 16535 E ViewRootImplExtImpl: at
android.view.Choreographer$FrameDisplayEventReceiver.run(Choreographer.java:1604)
01-24 19:58:27.414 16535 16535 E ViewRootImplExtImpl: at
android.os.Handler.handleCallback(Handler.java:959)
01-24 19:58:27.414 16535 16535 E ViewRootImplExtImpl: at
android.os.Handler.dispatchMessage(Handler.java:100)
01-24 19:58:27.414 16535 16535 E ViewRootImplExtImpl: at
android.os.Looper.loopOnce(Looper.java:282)
01-24 19:58:27.414 16535 16535 E ViewRootImplExtImpl: at
android.os.Looper.loop(Looper.java:387)
01-24 19:58:27.414 16535 16535 E ViewRootImplExtImpl: at
android.app.ActivityThread.main(ActivityThread.java:9505)
01-24 19:58:27.414 16535 16535 E ViewRootImplExtImpl: at
java.lang.reflect.Method.invoke(Native Method)
01-24 19:58:27.414 16535 16535 E ViewRootImplExtImpl: at
com.android.internal.os.RuntimeInit$MethodAndArgsCaller.run(RuntimeInit.java:600)
01-24 19:58:27.414 16535 16535 E ViewRootImplExtImpl: at
com.android.internal.os.ZygoteInit.main(ZygoteInit.java:1005)
01-24 19:58:27.415 16535 16645 D SurfaceView: 66292990positionLost mSurfaceControl
is null return;
01-24 19:58:27.415 16535 16535 D HWUI : RenderProxy::destroy: this=0x7be4bfd800,
mContext=0x7bb81b27c0
01-24 19:58:27.415 16535 16645 D HWUI : SkiaOpenGLPipeline::setSurface:
this=0x7bb813e680, surface=NULL
01-24 19:58:27.416 16535 16645 D BufferQueueProducer: [VRI[GameActivity]#11(BLAST
Consumer)11](id:40970000000b,api:1,p:16535,c:16535) disconnect: api 1
01-24 19:58:27.416 16535 16535 D ViewRootImplExtImpl: wrapConfigInfoIntoFlags
rotation=1, smallestScreenWidthDp=326, relayoutAsync=false, flags=0,
newFlags=21364992, residentWS=false,
title=com.pubg.imobile/com.epicgames.ue4.GameActivity
01-24 19:58:27.420 16535 16535 D VRI[GameActivity]: relayoutWindow result,
sizeChanged:false, surfaceControlChanged:true, transformHintChanged:false,
mSurfaceSize:Point(2780, 1264), mLastSurfaceSize:Point(2780, 1264), mWidth:2780,
mHeight:1264, requestedWidth:2780, requestedHeight:1264, transformHint:4,
installOrientation:0, displayRotation:1, isSurfaceValid:false, attr.flag:-
2122251904, tmpFrames:ClientWindowFrames{frame=[0,0][2780,1264] display=[0,0]
[2780,1264] parentFrame=[0,0][0,0]}, relayoutAsync:false, mSyncSeqId:0
01-24 19:58:27.421 16535 16535 D BLASTBufferQueue: [VRI[GameActivity]#11](f:0,a:1)
destructor()
01-24 19:58:27.421 16535 16535 D BufferQueueConsumer: [VRI[GameActivity]#11(BLAST
Consumer)11](id:40970000000b,api:0,p:-1,c:16535) disconnect
01-24 19:58:27.424 16535 16535 E OplusDisplayModeManager: has been initialized.
01-24 19:58:27.564 16535 21851 D PackageManagerProxy: 10002 , com.pubg.imobile
GetPackagesForUid: [com.pubg.imobile]
01-24 19:58:27.565 16535 16535 D callGcSupression: java.lang.NullPointerException:
Attempt to invoke virtual method 'java.lang.Object
java.lang.reflect.Method.invoke(java.lang.Object, java.lang.Object[])' on a null
object reference
01-24 19:58:27.570 16535 16535 D VRI[GameActivity]: setWindowStopped stopped:true
01-24 19:58:27.620 16535 16535 V threaded_app: Stop: 0x7be4b73140
