01-24 20:07:09.447 30412 30505 V threaded_app: New input event: type=2
01-24 20:07:09.473 30412 30505 V threaded_app: New input event: type=2
01-24 20:07:09.506 30412 30505 V threaded_app: New input event: type=2
01-24 20:07:09.509 30412 30505 V threaded_app: New input event: type=2
01-24 20:07:10.057 30412 30689 D AudioManager: isBluetoothScoOn()=false, calling
application:com.game.loader
01-24 20:07:10.954 30412 30505 V threaded_app: New input event: type=2
01-24 20:07:11.033 30412 30505 V threaded_app: New input event: type=2
01-24 20:07:11.336 30412 30689 D AudioManager: isBluetoothScoOn()=false, calling
application:com.game.loader
01-24 20:07:12.615 30412 30689 D AudioManager: isBluetoothScoOn()=false, calling
application:com.game.loader
01-24 20:07:12.823 30412 30505 V threaded_app: New input event: type=2
01-24 20:07:12.837 30412 30505 V threaded_app: New input event: type=2
01-24 20:07:12.854 30412 30505 V threaded_app: New input event: type=2
01-24 20:07:12.871 30412 30505 V threaded_app: New input event: type=2
01-24 20:07:12.873 30412 30505 V threaded_app: New input event: type=2
01-24 20:07:13.802 30412 30505 V threaded_app: New input event: type=2
01-24 20:07:13.828 30412 30505 V threaded_app: New input event: type=2
01-24 20:07:13.897 30412 30689 D AudioManager: isBluetoothScoOn()=false, calling
application:com.game.loader
01-24 20:07:14.705 30412 30505 V threaded_app: New input event: type=2
01-24 20:07:14.727 30412 30505 V threaded_app: New input event: type=2
01-24 20:07:14.743 30412 30505 V threaded_app: New input event: type=2
01-24 20:07:14.760 30412 30505 V threaded_app: New input event: type=2
01-24 20:07:14.766 30412 30505 V threaded_app: New input event: type=2
01-24 20:07:14.767 30412 30505 V threaded_app: New input event: type=2
01-24 20:07:15.163 30412 30504 D GameActivity: GameActivity.GetIsPlayerUsingVPN()
01-24 20:07:15.164 30412 30504 D GameActivity: GameActivity.GetIsPlayerUsingVPN()
return: false
01-24 20:07:15.165 30412 30504 D PermissionUtil: isPermissionGranted
01-24 20:07:15.165 30412 30504 D PermissionUtil: targetSdkVersion: 34
01-24 20:07:15.166 30412 30504 D PermissionUtil:
isPermissionGranted(android.permission.BLUETOOTH_CONNECT) return false
01-24 20:07:15.166 30412 30504 D GameActivity: AndroidThunkJava_GetDeivceNickName
return: -1
01-24 20:07:15.178 30412 30689 D AudioManager: isBluetoothScoOn()=false, calling
application:com.game.loader
01-24 20:07:15.566 30412 30412 W BillingClient: Connection to Billing service is
blocked.
01-24 20:07:15.584 30412 30467 W c2.t : Error scheduling event Attempt to invoke
virtual method 'android.content.ComponentName android.app.job.JobInfo.getService()'
on a null object reference
01-24 20:07:16.456 30412 30689 D AudioManager: isBluetoothScoOn()=false, calling
application:com.game.loader
01-24 20:07:17.737 30412 30689 D AudioManager: isBluetoothScoOn()=false, calling
application:com.game.loader
01-24 20:07:19.018 30412 30689 D AudioManager: isBluetoothScoOn()=false, calling
application:com.game.loader
01-24 20:07:20.301 30412 30689 D AudioManager: isBluetoothScoOn()=false, calling
application:com.game.loader
01-24 20:07:21.577 30412 30689 D AudioManager: isBluetoothScoOn()=false, calling
application:com.game.loader
01-24 20:07:22.855 30412 30689 D AudioManager: isBluetoothScoOn()=false, calling
application:com.game.loader
01-24 20:07:24.137 30412 30689 D AudioManager: isBluetoothScoOn()=false, calling
application:com.game.loader
01-24 20:07:25.415 30412 30689 D AudioManager: isBluetoothScoOn()=false, calling
application:com.game.loader
01-24 20:07:26.696 30412 30689 D AudioManager: isBluetoothScoOn()=false, calling
application:com.game.loader
01-24 20:07:27.318 30412 31080 E HDmpve : [2025-01-24 20:07:27 317] | Error |
[HDmpve] |0x7bfc8a3730| DownloadProcess.cpp:330|ThreadProcess| DLProcess
PollingTime Changed: 10000 -> 300000
01-24 20:07:27.319 30412 31087 E HDmpve : [2025-01-24 20:07:27 319] | Error |
[HDmpve] |0x7b490e8730| DownloadProcess.cpp:330|ThreadProcess| DLProcess
PollingTime Changed: 10000 -> 300000
01-24 20:07:27.354 30412 30504 E .game.loader:p0: loadExtlib: failed to dlopen lib:
libgameextimpl.so, message = dlopen failed: library "libgameextimpl.so" not found
01-24 20:07:27.354 30412 30504 E libOpenSLES: Do not support Atmos game content
01-24 20:07:27.354 30412 30504 W libOpenSLES: Leaving Engine::CreateAudioPlayer
(SL_RESULT_CONTENT_UNSUPPORTED)
01-24 20:07:27.354 30412 30504 D DA4MG : Height channels supported (0).
01-24 20:07:27.976 30412 30689 D AudioManager: isBluetoothScoOn()=false, calling
application:com.game.loader
01-24 20:07:29.255 30412 30689 D AudioManager: isBluetoothScoOn()=false, calling
application:com.game.loader
01-24 20:07:30.541 30412 30689 D AudioManager: isBluetoothScoOn()=false, calling
application:com.game.loader
01-24 20:07:31.241 30412 30582 E LoadedApk: performReceive() called targeting raw
IIntentReceiver for Intent { act=android.intent.action.BATTERY_CHANGED
flg=0x70000010 (has extras) }
01-24 20:07:31.815 30412 30689 D AudioManager: isBluetoothScoOn()=false, calling
application:com.game.loader
01-24 20:07:32.240 30412 30433 W .game.loader:p0: Failed to create temp profile
file for /data/misc/profiles/cur/0/com.pubg.imobile/primary.prof: No such file or
directory
01-24 20:07:32.240 30412 30433 W .game.loader:p0: Could not save profiling info
to /data/misc/profiles/cur/0/com.pubg.imobile/primary.prof
01-24 20:07:33.096 30412 30689 D AudioManager: isBluetoothScoOn()=false, calling
application:com.game.loader
01-24 20:07:34.377 30412 30689 D AudioManager: isBluetoothScoOn()=false, calling
application:com.game.loader
01-24 20:07:35.657 30412 30689 D AudioManager: isBluetoothScoOn()=false, calling
application:com.game.loader
01-24 20:07:36.935 30412 30689 D AudioManager: isBluetoothScoOn()=false, calling
application:com.game.loader
01-24 20:07:37.114 30412 30504 D GameActitivy: AndroidThunkJava_GetVolume START
01-24 20:07:37.116 30412 30504 D AudioManagerExtImpl: getStreamVolume
packageName=com.game.loader, index=8, streamType=0
01-24 20:07:37.116 30412 30504 D GameActitivy: AndroidThunkJava_GetVolume START
01-24 20:07:37.118 30412 30504 D AudioManagerExtImpl: getStreamVolume
packageName=com.game.loader, index=1, streamType=3
01-24 20:07:37.858 30412 30505 V threaded_app: New input event: type=2
01-24 20:07:37.881 30412 30505 V threaded_app: New input event: type=2
01-24 20:07:37.947 30412 30505 V threaded_app: New input event: type=2
01-24 20:07:37.951 30412 30505 V threaded_app: New input event: type=2
01-24 20:07:38.215 30412 30689 D AudioManager: isBluetoothScoOn()=false, calling
application:com.game.loader
01-24 20:07:38.662 30412 30505 V threaded_app: New input event: type=2
01-24 20:07:38.693 30412 30505 V threaded_app: New input event: type=2
01-24 20:07:38.711 30412 30505 V threaded_app: New input event: type=2
01-24 20:07:38.718 30412 30505 V threaded_app: New input event: type=2
01-24 20:07:38.718 30412 30505 V threaded_app: New input event: type=2
01-24 20:07:39.497 30412 30689 D AudioManager: isBluetoothScoOn()=false, calling
application:com.game.loader
01-24 20:07:39.760 30412 30505 V threaded_app: New input event: type=2
01-24 20:07:39.806 30412 30505 V threaded_app: New input event: type=2
01-24 20:07:39.819 30412 30505 V threaded_app: New input event: type=2
01-24 20:07:39.837 30412 30505 V threaded_app: New input event: type=2
01-24 20:07:39.842 30412 30505 V threaded_app: New input event: type=2
01-24 20:07:39.845 30412 30505 V threaded_app: New input event: type=2
01-24 20:07:39.882 30412 30505 V threaded_app: New input event: type=2
01-24 20:07:39.903 30412 30505 V threaded_app: New input event: type=2
01-24 20:07:39.920 30412 30505 V threaded_app: New input event: type=2
01-24 20:07:39.936 30412 30505 V threaded_app: New input event: type=2
01-24 20:07:39.954 30412 30505 V threaded_app: New input event: type=2
01-24 20:07:39.968 30412 30505 V threaded_app: New input event: type=2
01-24 20:07:39.989 30412 30505 V threaded_app: New input event: type=2
01-24 20:07:40.003 30412 30505 V threaded_app: New input event: type=2
01-24 20:07:40.004 30412 30505 V threaded_app: New input event: type=2
01-24 20:07:40.284 30412 30505 V threaded_app: New input event: type=2
01-24 20:07:40.351 30412 30505 V threaded_app: New input event: type=2
01-24 20:07:40.367 30412 30505 V threaded_app: New input event: type=2
01-24 20:07:40.385 30412 30505 V threaded_app: New input event: type=2
01-24 20:07:40.400 30412 30505 V threaded_app: New input event: type=2
01-24 20:07:40.417 30412 30505 V threaded_app: New input event: type=2
01-24 20:07:40.433 30412 30505 V threaded_app: New input event: type=2
01-24 20:07:40.451 30412 30505 V threaded_app: New input event: type=2
01-24 20:07:40.466 30412 30505 V threaded_app: New input event: type=2
01-24 20:07:40.485 30412 30505 V threaded_app: New input event: type=2
01-24 20:07:40.500 30412 30505 V threaded_app: New input event: type=2
01-24 20:07:40.517 30412 30505 V threaded_app: New input event: type=2
01-24 20:07:40.532 30412 30505 V threaded_app: New input event: type=2
01-24 20:07:40.550 30412 30505 V threaded_app: New input event: type=2
01-24 20:07:40.565 30412 30505 V threaded_app: New input event: type=2
01-24 20:07:40.583 30412 30505 V threaded_app: New input event: type=2
01-24 20:07:40.602 30412 30505 V threaded_app: New input event: type=2
01-24 20:07:40.617 30412 30505 V threaded_app: New input event: type=2
01-24 20:07:40.634 30412 30505 V threaded_app: New input event: type=2
01-24 20:07:40.650 30412 30505 V threaded_app: New input event: type=2
01-24 20:07:40.664 30412 30505 V threaded_app: New input event: type=2
01-24 20:07:40.682 30412 30505 V threaded_app: New input event: type=2
01-24 20:07:40.716 30412 30505 V threaded_app: New input event: type=2
01-24 20:07:40.731 30412 30505 V threaded_app: New input event: type=2
01-24 20:07:40.737 30412 30505 V threaded_app: New input event: type=2
01-24 20:07:40.776 30412 30689 D AudioManager: isBluetoothScoOn()=false, calling
application:com.game.loader
01-24 20:07:41.262 30412 30505 V threaded_app: New input event: type=2
01-24 20:07:41.278 30412 30505 V threaded_app: New input event: type=2
01-24 20:07:41.345 30412 30505 V threaded_app: New input event: type=2
01-24 20:07:41.361 30412 30505 V threaded_app: New input event: type=2
01-24 20:07:41.378 30412 30505 V threaded_app: New input event: type=2
01-24 20:07:41.394 30412 30505 V threaded_app: New input event: type=2
01-24 20:07:41.414 30412 30505 V threaded_app: New input event: type=2
01-24 20:07:41.429 30412 30505 V threaded_app: New input event: type=2
01-24 20:07:41.445 30412 30505 V threaded_app: New input event: type=2
01-24 20:07:41.462 30412 30505 V threaded_app: New input event: type=2
01-24 20:07:41.477 30412 30505 V threaded_app: New input event: type=2
01-24 20:07:41.494 30412 30505 V threaded_app: New input event: type=2
01-24 20:07:41.515 30412 30505 V threaded_app: New input event: type=2
01-24 20:07:41.516 30412 30505 V threaded_app: New input event: type=2
01-24 20:07:42.056 30412 30689 D AudioManager: isBluetoothScoOn()=false, calling
application:com.game.loader
01-24 20:07:42.100 30412 30505 V threaded_app: New input event: type=2
01-24 20:07:42.125 30412 30505 V threaded_app: New input event: type=2
01-24 20:07:42.139 30412 30505 V threaded_app: New input event: type=2
01-24 20:07:42.157 30412 30505 V threaded_app: New input event: type=2
01-24 20:07:42.173 30412 30505 V threaded_app: New input event: type=2
01-24 20:07:42.190 30412 30505 V threaded_app: New input event: type=2
01-24 20:07:42.206 30412 30505 V threaded_app: New input event: type=2
01-24 20:07:42.225 30412 30505 V threaded_app: New input event: type=2
01-24 20:07:42.240 30412 30505 V threaded_app: New input event: type=2
01-24 20:07:42.258 30412 30505 V threaded_app: New input event: type=2
01-24 20:07:42.274 30412 30505 V threaded_app: New input event: type=2
01-24 20:07:42.291 30412 30505 V threaded_app: New input event: type=2
01-24 20:07:42.306 30412 30505 V threaded_app: New input event: type=2
01-24 20:07:42.322 30412 30505 V threaded_app: New input event: type=2
01-24 20:07:42.339 30412 30505 V threaded_app: New input event: type=2
01-24 20:07:42.356 30412 30505 V threaded_app: New input event: type=2
01-24 20:07:42.372 30412 30505 V threaded_app: New input event: type=2
01-24 20:07:42.389 30412 30505 V threaded_app: New input event: type=2
01-24 20:07:42.412 30412 30505 V threaded_app: New input event: type=2
01-24 20:07:42.422 30412 30505 V threaded_app: New input event: type=2
01-24 20:07:42.428 30412 30505 V threaded_app: New input event: type=2
01-24 20:07:42.430 30412 30505 V threaded_app: New input event: type=2
01-24 20:07:42.975 30412 30505 V threaded_app: New input event: type=2
01-24 20:07:43.003 30412 30505 V threaded_app: New input event: type=2
01-24 20:07:43.071 30412 30505 V threaded_app: New input event: type=2
01-24 20:07:43.336 30412 30689 D AudioManager: isBluetoothScoOn()=false, calling
application:com.game.loader
01-24 20:07:43.621 30412 30505 V threaded_app: New input event: type=2
01-24 20:07:43.665 30412 30505 V threaded_app: New input event: type=2
01-24 20:07:43.674 30412 30505 V threaded_app: New input event: type=2
01-24 20:07:43.941 30412 30505 V threaded_app: New input event: type=2
01-24 20:07:43.963 30412 30505 V threaded_app: New input event: type=2
01-24 20:07:44.014 30412 30505 V threaded_app: New input event: type=2
01-24 20:07:44.031 30412 30505 V threaded_app: New input event: type=2
01-24 20:07:44.178 30412 30505 V threaded_app: New input event: type=2
01-24 20:07:44.195 30412 30505 V threaded_app: New input event: type=2
01-24 20:07:44.244 30412 30505 V threaded_app: New input event: type=2
01-24 20:07:44.271 30412 30505 V threaded_app: New input event: type=2
01-24 20:07:44.274 30412 30505 V threaded_app: New input event: type=2
01-24 20:07:44.389 30412 30505 V threaded_app: New input event: type=2
01-24 20:07:44.410 30412 30505 V threaded_app: New input event: type=2
01-24 20:07:44.445 30412 30505 V threaded_app: New input event: type=2
01-24 20:07:44.461 30412 30505 V threaded_app: New input event: type=2
01-24 20:07:44.465 30412 30505 V threaded_app: New input event: type=2
01-24 20:07:44.618 30412 30689 D AudioManager: isBluetoothScoOn()=false, calling
application:com.game.loader
01-24 20:07:44.751 30412 30505 V threaded_app: New input event: type=2
01-24 20:07:44.794 30412 30505 V threaded_app: New input event: type=2
01-24 20:07:44.809 30412 30505 V threaded_app: New input event: type=2
01-24 20:07:44.829 30412 30505 V threaded_app: New input event: type=2
01-24 20:07:44.842 30412 30505 V threaded_app: New input event: type=2
01-24 20:07:44.858 30412 30505 V threaded_app: New input event: type=2
01-24 20:07:44.876 30412 30505 V threaded_app: New input event: type=2
01-24 20:07:44.892 30412 30505 V threaded_app: New input event: type=2
01-24 20:07:44.909 30412 30505 V threaded_app: New input event: type=2
01-24 20:07:44.925 30412 30505 V threaded_app: New input event: type=2
01-24 20:07:44.941 30412 30505 V threaded_app: New input event: type=2
01-24 20:07:44.961 30412 30505 V threaded_app: New input event: type=2
01-24 20:07:44.974 30412 30505 V threaded_app: New input event: type=2
01-24 20:07:44.990 30412 30505 V threaded_app: New input event: type=2
01-24 20:07:45.008 30412 30505 V threaded_app: New input event: type=2
01-24 20:07:45.025 30412 30505 V threaded_app: New input event: type=2
01-24 20:07:45.041 30412 30505 V threaded_app: New input event: type=2
01-24 20:07:45.058 30412 30505 V threaded_app: New input event: type=2
01-24 20:07:45.074 30412 30505 V threaded_app: New input event: type=2
01-24 20:07:45.090 30412 30505 V threaded_app: New input event: type=2
01-24 20:07:45.107 30412 30505 V threaded_app: New input event: type=2
01-24 20:07:45.124 30412 30505 V threaded_app: New input event: type=2
01-24 20:07:45.148 30412 30505 V threaded_app: New input event: type=2
01-24 20:07:45.149 30412 30505 V threaded_app: New input event: type=2
01-24 20:07:45.809 30412 30505 V threaded_app: New input event: type=2
01-24 20:07:45.837 30412 30505 V threaded_app: New input event: type=2
01-24 20:07:45.885 30412 30505 V threaded_app: New input event: type=2
01-24 20:07:45.896 30412 30689 D AudioManager: isBluetoothScoOn()=false, calling
application:com.game.loader
01-24 20:07:45.919 30412 30505 V threaded_app: New input event: type=2
01-24 20:07:46.054 30412 30505 V threaded_app: New input event: type=2
01-24 20:07:46.100 30412 30505 V threaded_app: New input event: type=2
01-24 20:07:46.117 30412 30505 V threaded_app: New input event: type=2
01-24 20:07:46.134 30412 30505 V threaded_app: New input event: type=2
01-24 20:07:46.499 30412 30505 V threaded_app: New input event: type=2
01-24 20:07:46.516 30412 30505 V threaded_app: New input event: type=2
01-24 20:07:46.533 30412 30505 V threaded_app: New input event: type=2
01-24 20:07:46.549 30412 30505 V threaded_app: New input event: type=2
01-24 20:07:46.567 30412 30505 V threaded_app: New input event: type=2
01-24 20:07:46.583 30412 30505 V threaded_app: New input event: type=2
01-24 20:07:46.599 30412 30505 V threaded_app: New input event: type=2
01-24 20:07:46.615 30412 30505 V threaded_app: New input event: type=2
01-24 20:07:46.633 30412 30505 V threaded_app: New input event: type=2
01-24 20:07:46.634 30412 30505 V threaded_app: New input event: type=2
01-24 20:07:46.866 30412 30505 V threaded_app: New input event: type=2
01-24 20:07:46.896 30412 30505 V threaded_app: New input event: type=2
01-24 20:07:46.914 30412 30505 V threaded_app: New input event: type=2
01-24 20:07:46.930 30412 30505 V threaded_app: New input event: type=2
01-24 20:07:46.946 30412 30505 V threaded_app: New input event: type=2
01-24 20:07:46.964 30412 30505 V threaded_app: New input event: type=2
01-24 20:07:46.979 30412 30505 V threaded_app: New input event: type=2
01-24 20:07:46.996 30412 30505 V threaded_app: New input event: type=2
01-24 20:07:47.012 30412 30505 V threaded_app: New input event: type=2
01-24 20:07:47.029 30412 30505 V threaded_app: New input event: type=2
01-24 20:07:47.046 30412 30505 V threaded_app: New input event: type=2
01-24 20:07:47.062 30412 30505 V threaded_app: New input event: type=2
01-24 20:07:47.080 30412 30505 V threaded_app: New input event: type=2
01-24 20:07:47.097 30412 30505 V threaded_app: New input event: type=2
01-24 20:07:47.112 30412 30505 V threaded_app: New input event: type=2
01-24 20:07:47.129 30412 30505 V threaded_app: New input event: type=2
01-24 20:07:47.146 30412 30505 V threaded_app: New input event: type=2
01-24 20:07:47.166 30412 30505 V threaded_app: New input event: type=2
01-24 20:07:47.166 30412 30505 V threaded_app: New input event: type=2
01-24 20:07:47.175 30412 30689 D AudioManager: isBluetoothScoOn()=false, calling
application:com.game.loader
01-24 20:07:47.424 30412 30505 V threaded_app: New input event: type=2
01-24 20:07:47.660 30412 30505 V threaded_app: New input event: type=2
01-24 20:07:48.374 30412 30505 V threaded_app: New input event: type=2
01-24 20:07:48.388 30412 30505 V threaded_app: New input event: type=2
01-24 20:07:48.404 30412 30505 V threaded_app: New input event: type=2
01-24 20:07:48.455 30412 30505 V threaded_app: New input event: type=2
01-24 20:07:48.457 30412 30689 D AudioManager: isBluetoothScoOn()=false, calling
application:com.game.loader
01-24 20:07:48.890 30412 30505 V threaded_app: New input event: type=2
01-24 20:07:49.203 30412 30505 V threaded_app: New input event: type=2
01-24 20:07:49.217 30412 30505 V threaded_app: New input event: type=2
01-24 20:07:49.434 30412 30505 V threaded_app: New input event: type=2
01-24 20:07:49.516 30412 30505 V threaded_app: New input event: type=2
01-24 20:07:49.737 30412 30689 D AudioManager: isBluetoothScoOn()=false, calling
application:com.game.loader
01-24 20:07:49.796 30412 30505 V threaded_app: New input event: type=2
01-24 20:07:49.797 30412 30505 V threaded_app: New input event: type=2
01-24 20:07:49.983 30412 30505 V threaded_app: New input event: type=2
01-24 20:07:50.013 30412 30505 V threaded_app: New input event: type=2
01-24 20:07:50.046 30412 30505 V threaded_app: New input event: type=2
01-24 20:07:50.081 30412 30505 V threaded_app: New input event: type=2
01-24 20:07:50.097 30412 30505 V threaded_app: New input event: type=2
01-24 20:07:50.113 30412 30505 V threaded_app: New input event: type=2
01-24 20:07:50.130 30412 30505 V threaded_app: New input event: type=2
01-24 20:07:50.145 30412 30505 V threaded_app: New input event: type=2
01-24 20:07:50.163 30412 30505 V threaded_app: New input event: type=2
01-24 20:07:50.179 30412 30505 V threaded_app: New input event: type=2
01-24 20:07:50.196 30412 30505 V threaded_app: New input event: type=2
01-24 20:07:50.212 30412 30505 V threaded_app: New input event: type=2
01-24 20:07:50.229 30412 30505 V threaded_app: New input event: type=2
01-24 20:07:50.244 30412 30505 V threaded_app: New input event: type=2
01-24 20:07:50.261 30412 30505 V threaded_app: New input event: type=2
01-24 20:07:50.277 30412 30505 V threaded_app: New input event: type=2
01-24 20:07:50.295 30412 30505 V threaded_app: New input event: type=2
01-24 20:07:50.310 30412 30505 V threaded_app: New input event: type=2
01-24 20:07:50.329 30412 30505 V threaded_app: New input event: type=2
01-24 20:07:50.345 30412 30505 V threaded_app: New input event: type=2
01-24 20:07:50.361 30412 30505 V threaded_app: New input event: type=2
01-24 20:07:50.378 30412 30505 V threaded_app: New input event: type=2
01-24 20:07:50.394 30412 30505 V threaded_app: New input event: type=2
01-24 20:07:50.413 30412 30505 V threaded_app: New input event: type=2
01-24 20:07:50.427 30412 30505 V threaded_app: New input event: type=2
01-24 20:07:50.593 30412 30505 V threaded_app: New input event: type=2
01-24 20:07:50.629 30412 30505 V threaded_app: New input event: type=2
01-24 20:07:50.643 30412 30505 V threaded_app: New input event: type=2
01-24 20:07:50.743 30412 30505 V threaded_app: New input event: type=2
01-24 20:07:51.019 30412 30689 D AudioManager: isBluetoothScoOn()=false, calling
application:com.game.loader
01-24 20:07:51.024 30412 30505 V threaded_app: New input event: type=2
01-24 20:07:51.057 30412 30505 V threaded_app: New input event: type=2
01-24 20:07:51.108 30412 30505 V threaded_app: New input event: type=2
01-24 20:07:51.123 30412 30505 V threaded_app: New input event: type=2
01-24 20:07:51.140 30412 30505 V threaded_app: New input event: type=2
01-24 20:07:51.160 30412 30505 V threaded_app: New input event: type=2
01-24 20:07:51.172 30412 30505 V threaded_app: New input event: type=2
01-24 20:07:51.189 30412 30505 V threaded_app: New input event: type=2
01-24 20:07:51.206 30412 30505 V threaded_app: New input event: type=2
01-24 20:07:51.223 30412 30505 V threaded_app: New input event: type=2
01-24 20:07:51.239 30412 30505 V threaded_app: New input event: type=2
01-24 20:07:51.256 30412 30505 V threaded_app: New input event: type=2
01-24 20:07:51.273 30412 30505 V threaded_app: New input event: type=2
01-24 20:07:51.289 30412 30505 V threaded_app: New input event: type=2
01-24 20:07:51.305 30412 30505 V threaded_app: New input event: type=2
01-24 20:07:51.322 30412 30505 V threaded_app: New input event: type=2
01-24 20:07:51.341 30412 30505 V threaded_app: New input event: type=2
01-24 20:07:51.355 30412 30505 V threaded_app: New input event: type=2
01-24 20:07:51.371 30412 30505 V threaded_app: New input event: type=2
01-24 20:07:51.389 30412 30505 V threaded_app: New input event: type=2
01-24 20:07:51.405 30412 30505 V threaded_app: New input event: type=2
01-24 20:07:51.421 30412 30505 V threaded_app: New input event: type=2
01-24 20:07:51.438 30412 30505 V threaded_app: New input event: type=2
01-24 20:07:51.457 30412 30505 V threaded_app: New input event: type=2
01-24 20:07:51.473 30412 30505 V threaded_app: New input event: type=2
01-24 20:07:51.488 30412 30505 V threaded_app: New input event: type=2
01-24 20:07:51.507 30412 30505 V threaded_app: New input event: type=2
01-24 20:07:51.521 30412 30505 V threaded_app: New input event: type=2
01-24 20:07:51.538 30412 30505 V threaded_app: New input event: type=2
01-24 20:07:51.554 30412 30505 V threaded_app: New input event: type=2
01-24 20:07:51.572 30412 30505 V threaded_app: New input event: type=2
01-24 20:07:51.587 30412 30505 V threaded_app: New input event: type=2
01-24 20:07:51.604 30412 30505 V threaded_app: New input event: type=2
01-24 20:07:51.620 30412 30505 V threaded_app: New input event: type=2
01-24 20:07:51.637 30412 30505 V threaded_app: New input event: type=2
01-24 20:07:51.657 30412 30505 V threaded_app: New input event: type=2
01-24 20:07:51.669 30412 30505 V threaded_app: New input event: type=2
01-24 20:07:51.686 30412 30505 V threaded_app: New input event: type=2
01-24 20:07:51.703 30412 30505 V threaded_app: New input event: type=2
01-24 20:07:51.720 30412 30505 V threaded_app: New input event: type=2
01-24 20:07:51.737 30412 30505 V threaded_app: New input event: type=2
01-24 20:07:51.756 30412 30505 V threaded_app: New input event: type=2
01-24 20:07:51.772 30412 30505 V threaded_app: New input event: type=2
01-24 20:07:51.779 30412 30412 I VelocityTracker: LSQ2 speed rezero
01-24 20:07:51.786 30412 30505 V threaded_app: New input event: type=2
01-24 20:07:51.786 30412 30505 V threaded_app: New input event: type=2
01-24 20:07:52.214 9627 9627 V AutofillManager: requestHideFillUi(null): anchor =
null
01-24 20:07:52.214 9627 9627 V AutofillManager: No AutofillClient for
com.game.loader on context com.kgo.loader.service.FloatingService@fb34eba
01-24 20:07:52.282 9627 9627 D ViewRootImplExtImpl: the up motion event handled
by client, just return
01-24 20:07:52.296 30412 30689 D AudioManager: isBluetoothScoOn()=false, calling
application:com.game.loader
01-24 20:07:52.301 9627 9651 D BufferQueueProducer: [VRI[]#23(BLAST Consumer)23]
(id:259b00000017,api:1,p:9627,c:9627) disconnect: api 1
01-24 20:07:52.302 9627 9627 I SurfaceControl: setExtendedRangeBrightness
sc=Surface(name=)/@0xf51820,currentBufferRatio=1.0,desiredRatio=1.0
01-24 20:07:52.302 9627 9651 D BufferQueueProducer: [VRI[]#23(BLAST Consumer)23]
(id:259b00000017,api:1,p:9627,c:9627) connect: api=1 producerControlledByApp=true
01-24 20:07:52.316 9627 9627 D callGcSupression: java.lang.NullPointerException:
Attempt to invoke virtual method 'java.lang.Object
java.lang.reflect.Method.invoke(java.lang.Object, java.lang.Object[])' on a null
object reference
01-24 20:07:52.317 9627 9627 W VRI[] : handleResized abandoned!
01-24 20:07:52.324 9627 9651 D BLASTBufferQueue: [VRI[]#23](f:0,a:2) producer
disconnected before acquireNextBufferLocked
01-24 20:07:52.884 9627 9627 V AutofillManager: requestHideFillUi(null): anchor =
null
01-24 20:07:52.884 9627 9627 V AutofillManager: No AutofillClient for
com.game.loader on context com.kgo.loader.service.FloatingService@fb34eba
01-24 20:07:52.925 9627 9627 D ViewRootImplExtImpl: the up motion event handled
by client, just return
01-24 20:07:52.942 9627 9627 V AutofillManager: notifyValueChanged(34): ignoring
on state UNKNOWN
01-24 20:07:52.942 9627 9627 V TextView: notifyAutoFillManagerAfterTextChanged
01-24 20:07:52.942 9627 9627 V AutofillManager: notifyValueChanged(34): ignoring
on state UNKNOWN
01-24 20:07:52.957 9627 9627 D WindowManager: Add to mViews:
com.kgo.loader.service.ESPView{ce36a72 V.ED..... ......I. 0,0-0,0 alpha=1.0
viewInfo = },pkg= null
01-24 20:07:52.958 9627 9651 D skia : setRusSupported enable 0
01-24 20:07:52.982 9627 9627 D ViewRootImplExtImpl: onDisplayChanged -1 for VRI
android.view.ViewRootImpl@fa42279
01-24 20:07:52.987 9627 9627 E OplusBracketLog: [OplusViewMirrorManager]
updateHostViewRootIfNeeded, not support android.view.ViewRootImpl@fa42279
01-24 20:07:52.987 9627 9627 D ViewRootImplExtImpl: wrapConfigInfoIntoFlags
rotation=1, smallestScreenWidthDp=326, relayoutAsync=false, flags=0,
newFlags=21364992, residentWS=false, title=
01-24 20:07:52.992 9627 9627 W VRI[] : updateBlastSurfaceIfNeeded,
surfaceSize:Point(2780, 1264), lastSurfaceSize:Point(0, 0), format:1,
blastBufferQueue:null
01-24 20:07:52.993 9627 9627 D BufferQueueConsumer: [](id:259b00000019,api:0,p:-
1,c:9627) connect: controlledByApp=false
01-24 20:07:52.995 9627 9651 D BufferQueueProducer: [VRI[]#25(BLAST Consumer)25]
(id:259b00000019,api:1,p:9627,c:9627) connect: api=1 producerControlledByApp=true
01-24 20:07:52.997 9627 9627 I SurfaceControl: setExtendedRangeBrightness
sc=Surface(name=)/@0xa3b6d35,currentBufferRatio=1.0,desiredRatio=1.0
01-24 20:07:53.017 9627 9651 D BLASTBufferQueue: [VRI[]#25](f:0,a:1)
acquireNextBufferLocked size=2780x1264 mFrameNumber=1 applyTransaction=true
mTimestamp=517089642495032(auto) mPendingTransactions.size=0
graphicBufferId=41347650158745 transform=7
01-24 20:07:53.017 9627 9651 D VRI[] : Received frameCommittedCallback
lastAttemptedDrawFrameNum=1 didProduceBuffer=true syncBuffer=false
01-24 20:07:53.018 9627 9627 D VRI[] : draw finished. seqId=0
01-24 20:07:53.018 9627 9627 D ViewRootImplExtImpl: setMaxDequeuedBufferCount: 2
01-24 20:07:53.020 9627 9627 D callGcSupression: java.lang.NullPointerException:
Attempt to invoke virtual method 'java.lang.Object
java.lang.reflect.Method.invoke(java.lang.Object, java.lang.Object[])' on a null
object reference
01-24 20:07:53.021 9627 9627 W VRI[] : handleResized, msg:, frameChanged:false,
configChanged:false, displayChanged:false, attachedFrameChanged:false,
compatScaleChanged:false, pendingDragResizing=false
01-24 20:07:53.039 9627 9651 D VRI[] : Received frameCommittedCallback
lastAttemptedDrawFrameNum=2 didProduceBuffer=true syncBuffer=false
01-24 20:07:53.039 9627 9627 D VRI[] : draw finished. seqId=0
01-24 20:07:53.578 30412 30689 D AudioManager: isBluetoothScoOn()=false, calling
application:com.game.loader
01-24 20:07:54.281 9627 9627 V AutofillManager: requestHideFillUi(null): anchor =
null
01-24 20:07:54.281 9627 9627 V AutofillManager: No AutofillClient for
com.game.loader on context com.kgo.loader.service.FloatingService@fb34eba
01-24 20:07:54.332 9627 9627 D ViewRootImplExtImpl: the up motion event handled
by client, just return
01-24 20:07:54.352 9627 9627 V AutofillManager: notifyValueChanged(34): ignoring
on state UNKNOWN
01-24 20:07:54.352 9627 9627 V TextView: notifyAutoFillManagerAfterTextChanged
01-24 20:07:54.352 9627 9627 V AutofillManager: notifyValueChanged(34): ignoring
on state UNKNOWN
01-24 20:07:54.376 9627 9627 D HWUI : RenderProxy::destroy: this=0x7bf25dff00,
mContext=0x7c8b0ea740
01-24 20:07:54.376 9627 9651 D HWUI : SkiaOpenGLPipeline::setSurface:
this=0x7c8afdf740, surface=NULL
01-24 20:07:54.377 9627 9651 D BufferQueueProducer: [VRI[]#25(BLAST Consumer)25]
(id:259b00000019,api:1,p:9627,c:9627) disconnect: api 1
01-24 20:07:54.389 9627 9627 D OplusScrollToTopManager: ,window dying
01-24 20:07:54.389 9627 9627 D
OplusScrollToTopManager: ,unregisterSystemUIBroadcastReceiver
01-24 20:07:54.389 9627 9627 D OplusScrollToTopManager: ,
unregisterSystemUIBroadcastReceiver failed java.lang.IllegalArgumentException:
Receiver not registered: android.view.OplusScrollToTopManager$2@57e0c70
01-24 20:07:54.389 9627 9627 W WindowOnBackDispatcher: sendCancelIfRunning:
isInProgress=false callback=android.view.ViewRootImpl$
$ExternalSyntheticLambda11@d7d041f
01-24 20:07:54.392 9627 9642 D BLASTBufferQueue: [VRI[]#25](f:0,a:2) destructor()
01-24 20:07:54.392 9627 9642 D BufferQueueConsumer: [VRI[]#25(BLAST Consumer)25]
(id:259b00000019,api:0,p:-1,c:9627) disconnect
01-24 20:07:54.790 9627 9627 V AutofillManager: requestHideFillUi(null): anchor =
null
01-24 20:07:54.790 9627 9627 V AutofillManager: No AutofillClient for
com.game.loader on context com.kgo.loader.service.FloatingService@fb34eba
01-24 20:07:54.856 30412 30689 D AudioManager: isBluetoothScoOn()=false, calling
application:com.game.loader
01-24 20:07:54.863 9627 9627 D ViewRootImplExtImpl: the up motion event handled
by client, just return
01-24 20:07:54.876 9627 9627 I SurfaceControl: setExtendedRangeBrightness
sc=Surface(name=)/@0xf51820,currentBufferRatio=1.0,desiredRatio=1.0
01-24 20:07:54.876 9627 9651 D BufferQueueProducer: [VRI[]#23(BLAST Consumer)23]
(id:259b00000017,api:1,p:9627,c:9627) disconnect: api 1
01-24 20:07:54.877 9627 9651 D BufferQueueProducer: [VRI[]#23(BLAST Consumer)23]
(id:259b00000017,api:1,p:9627,c:9627) connect: api=1 producerControlledByApp=true
01-24 20:07:54.877 9627 9627 D callGcSupression: java.lang.NullPointerException:
Attempt to invoke virtual method 'java.lang.Object
java.lang.reflect.Method.invoke(java.lang.Object, java.lang.Object[])' on a null
object reference
01-24 20:07:54.877 9627 9627 W VRI[] : handleResized abandoned!
01-24 20:07:54.880 9627 9651 D BLASTBufferQueue: [VRI[]#23](f:0,a:3) producer
disconnected before acquireNextBufferLocked
01-24 20:07:55.113 30412 30505 V threaded_app: New input event: type=2
01-24 20:07:55.171 30412 30505 V threaded_app: New input event: type=2
01-24 20:07:55.183 30412 30505 V threaded_app: New input event: type=2
01-24 20:07:55.201 30412 30505 V threaded_app: New input event: type=2
01-24 20:07:55.219 30412 30505 V threaded_app: New input event: type=2
01-24 20:07:55.235 30412 30505 V threaded_app: New input event: type=2
01-24 20:07:55.250 30412 30505 V threaded_app: New input event: type=2
01-24 20:07:55.266 30412 30505 V threaded_app: New input event: type=2
01-24 20:07:55.283 30412 30505 V threaded_app: New input event: type=2
01-24 20:07:55.298 30412 30505 V threaded_app: New input event: type=2
01-24 20:07:55.302 30412 30505 V threaded_app: New input event: type=2
01-24 20:07:55.652 30412 30505 V threaded_app: New input event: type=2
01-24 20:07:55.713 30412 30505 V threaded_app: New input event: type=2
01-24 20:07:55.747 30412 30505 V threaded_app: New input event: type=2
01-24 20:07:55.764 30412 30505 V threaded_app: New input event: type=2
01-24 20:07:55.782 30412 30505 V threaded_app: New input event: type=2
01-24 20:07:55.800 30412 30505 V threaded_app: New input event: type=2
01-24 20:07:55.812 30412 30505 V threaded_app: New input event: type=2
01-24 20:07:55.830 30412 30505 V threaded_app: New input event: type=2
01-24 20:07:55.846 30412 30505 V threaded_app: New input event: type=2
01-24 20:07:55.862 30412 30505 V threaded_app: New input event: type=2
01-24 20:07:55.879 30412 30505 V threaded_app: New input event: type=2
01-24 20:07:55.896 30412 30505 V threaded_app: New input event: type=2
01-24 20:07:55.913 30412 30505 V threaded_app: New input event: type=2
01-24 20:07:55.929 30412 30505 V threaded_app: New input event: type=2
01-24 20:07:55.945 30412 30505 V threaded_app: New input event: type=2
01-24 20:07:55.962 30412 30505 V threaded_app: New input event: type=2
01-24 20:07:55.979 30412 30505 V threaded_app: New input event: type=2
01-24 20:07:55.995 30412 30505 V threaded_app: New input event: type=2
01-24 20:07:56.012 30412 30505 V threaded_app: New input event: type=2
01-24 20:07:56.030 30412 30505 V threaded_app: New input event: type=2
01-24 20:07:56.045 30412 30505 V threaded_app: New input event: type=2
01-24 20:07:56.062 30412 30505 V threaded_app: New input event: type=2
01-24 20:07:56.137 30412 30689 D AudioManager: isBluetoothScoOn()=false, calling
application:com.game.loader
01-24 20:07:56.294 30412 30505 V threaded_app: New input event: type=2
01-24 20:07:56.311 30412 30505 V threaded_app: New input event: type=2
01-24 20:07:56.329 30412 30505 V threaded_app: New input event: type=2
01-24 20:07:56.345 30412 30505 V threaded_app: New input event: type=2
01-24 20:07:56.361 30412 30505 V threaded_app: New input event: type=2
01-24 20:07:56.377 30412 30505 V threaded_app: New input event: type=2
01-24 20:07:56.393 30412 30505 V threaded_app: New input event: type=2
01-24 20:07:56.410 30412 30505 V threaded_app: New input event: type=2
01-24 20:07:56.426 30412 30505 V threaded_app: New input event: type=2
01-24 20:07:56.443 30412 30505 V threaded_app: New input event: type=2
01-24 20:07:56.459 30412 30505 V threaded_app: New input event: type=2
01-24 20:07:56.476 30412 30505 V threaded_app: New input event: type=2
01-24 20:07:56.493 30412 30505 V threaded_app: New input event: type=2
01-24 20:07:56.509 30412 30505 V threaded_app: New input event: type=2
01-24 20:07:56.525 30412 30505 V threaded_app: New input event: type=2
01-24 20:07:56.542 30412 30505 V threaded_app: New input event: type=2
01-24 20:07:56.558 30412 30505 V threaded_app: New input event: type=2
01-24 20:07:56.576 30412 30505 V threaded_app: New input event: type=2
01-24 20:07:56.592 30412 30505 V threaded_app: New input event: type=2
01-24 20:07:56.609 30412 30505 V threaded_app: New input event: type=2
01-24 20:07:56.624 30412 30505 V threaded_app: New input event: type=2
01-24 20:07:56.644 30412 30505 V threaded_app: New input event: type=2
01-24 20:07:56.658 30412 30505 V threaded_app: New input event: type=2
01-24 20:07:56.676 30412 30505 V threaded_app: New input event: type=2
01-24 20:07:56.692 30412 30505 V threaded_app: New input event: type=2
01-24 20:07:56.709 30412 30505 V threaded_app: New input event: type=2
01-24 20:07:56.724 30412 30505 V threaded_app: New input event: type=2
01-24 20:07:56.740 30412 30505 V threaded_app: New input event: type=2
01-24 20:07:56.758 30412 30505 V threaded_app: New input event: type=2
01-24 20:07:56.772 30412 30505 V threaded_app: New input event: type=2
01-24 20:07:56.772 30412 30412 I VelocityTracker: LSQ2 speed rezero
01-24 20:07:56.772 30412 30412 I VelocityTracker: LSQ2 speed rezero
01-24 20:07:56.774 30412 30505 V threaded_app: New input event: type=2
01-24 20:07:57.417 30412 30689 D AudioManager: isBluetoothScoOn()=false, calling
application:com.game.loader
01-24 20:07:57.781 30412 30505 V threaded_app: New input event: type=2
01-24 20:07:57.805 30412 30505 V threaded_app: New input event: type=2
01-24 20:07:57.818 30412 30505 V threaded_app: New input event: type=2
01-24 20:07:57.835 30412 30505 V threaded_app: New input event: type=2
01-24 20:07:57.860 30412 30505 V threaded_app: New input event: type=2
01-24 20:07:57.861 30412 30505 V threaded_app: New input event: type=2
01-24 20:07:58.183 30412 30505 V threaded_app: New input event: type=2
01-24 20:07:58.216 30412 30505 V threaded_app: New input event: type=2
01-24 20:07:58.283 30412 30505 V threaded_app: New input event: type=2
01-24 20:07:58.299 30412 30505 V threaded_app: New input event: type=2
01-24 20:07:58.316 30412 30505 V threaded_app: New input event: type=2
01-24 20:07:58.333 30412 30505 V threaded_app: New input event: type=2
01-24 20:07:58.349 30412 30505 V threaded_app: New input event: type=2
01-24 20:07:58.366 30412 30505 V threaded_app: New input event: type=2
01-24 20:07:58.383 30412 30505 V threaded_app: New input event: type=2
01-24 20:07:58.400 30412 30505 V threaded_app: New input event: type=2
01-24 20:07:58.416 30412 30505 V threaded_app: New input event: type=2
01-24 20:07:58.432 30412 30505 V threaded_app: New input event: type=2
01-24 20:07:58.449 30412 30505 V threaded_app: New input event: type=2
01-24 20:07:58.465 30412 30505 V threaded_app: New input event: type=2
01-24 20:07:58.481 30412 30505 V threaded_app: New input event: type=2
01-24 20:07:58.498 30412 30505 V threaded_app: New input event: type=2
01-24 20:07:58.516 30412 30505 V threaded_app: New input event: type=2
01-24 20:07:58.531 30412 30505 V threaded_app: New input event: type=2
01-24 20:07:58.547 30412 30505 V threaded_app: New input event: type=2
01-24 20:07:58.564 30412 30505 V threaded_app: New input event: type=2
01-24 20:07:58.580 30412 30505 V threaded_app: New input event: type=2
01-24 20:07:58.597 30412 30505 V threaded_app: New input event: type=2
01-24 20:07:58.614 30412 30505 V threaded_app: New input event: type=2
01-24 20:07:58.625 30412 30505 V threaded_app: New input event: type=2
01-24 20:07:58.627 30412 30505 V threaded_app: New input event: type=2
01-24 20:07:58.698 30412 30689 D AudioManager: isBluetoothScoOn()=false, calling
application:com.game.loader
01-24 20:07:58.958 30412 30505 V threaded_app: New input event: type=2
01-24 20:07:58.980 30412 30505 V threaded_app: New input event: type=2
01-24 20:07:58.996 30412 30505 V threaded_app: New input event: type=2
01-24 20:07:59.044 30412 30505 V threaded_app: New input event: type=2
01-24 20:07:59.061 30412 30505 V threaded_app: New input event: type=2
01-24 20:07:59.078 30412 30505 V threaded_app: New input event: type=2
01-24 20:07:59.094 30412 30505 V threaded_app: New input event: type=2
01-24 20:07:59.111 30412 30505 V threaded_app: New input event: type=2
01-24 20:07:59.127 30412 30505 V threaded_app: New input event: type=2
01-24 20:07:59.144 30412 30505 V threaded_app: New input event: type=2
01-24 20:07:59.161 30412 30505 V threaded_app: New input event: type=2
01-24 20:07:59.177 30412 30505 V threaded_app: New input event: type=2
01-24 20:07:59.194 30412 30505 V threaded_app: New input event: type=2
01-24 20:07:59.196 30412 30412 I VelocityTracker: LSQ2 speed rezero
01-24 20:07:59.196 30412 30505 V threaded_app: New input event: type=2
01-24 20:07:59.633 30412 30505 V threaded_app: New input event: type=2
01-24 20:07:59.657 30412 30505 V threaded_app: New input event: type=2
01-24 20:07:59.692 30412 30505 V threaded_app: New input event: type=2
01-24 20:07:59.704 30412 30505 V threaded_app: New input event: type=2
01-24 20:07:59.705 30412 30505 V threaded_app: New input event: type=2
01-24 20:07:59.977 30412 30689 D AudioManager: isBluetoothScoOn()=false, calling
application:com.game.loader
01-24 20:08:00.382 30412 30505 V threaded_app: New input event: type=2
01-24 20:08:00.405 30412 30505 V threaded_app: New input event: type=2
01-24 20:08:00.504 30412 30505 V threaded_app: New input event: type=2
01-24 20:08:00.520 30412 30505 V threaded_app: New input event: type=2
01-24 20:08:00.536 30412 30505 V threaded_app: New input event: type=2
01-24 20:08:00.552 30412 30505 V threaded_app: New input event: type=2
01-24 20:08:00.569 30412 30505 V threaded_app: New input event: type=2
01-24 20:08:00.585 30412 30505 V threaded_app: New input event: type=2
01-24 20:08:00.602 30412 30505 V threaded_app: New input event: type=2
01-24 20:08:00.619 30412 30505 V threaded_app: New input event: type=2
01-24 20:08:00.635 30412 30505 V threaded_app: New input event: type=2
01-24 20:08:00.653 30412 30505 V threaded_app: New input event: type=2
01-24 20:08:00.670 30412 30505 V threaded_app: New input event: type=2
01-24 20:08:00.688 30412 30505 V threaded_app: New input event: type=2
01-24 20:08:00.704 30412 30505 V threaded_app: New input event: type=2
01-24 20:08:00.718 30412 30505 V threaded_app: New input event: type=2
01-24 20:08:00.726 30412 30505 V threaded_app: New input event: type=2
01-24 20:08:00.730 30412 30505 V threaded_app: New input event: type=2
01-24 20:08:01.106 30412 30505 V threaded_app: New input event: type=2
01-24 20:08:01.117 30412 30505 V threaded_app: New input event: type=2
01-24 20:08:01.170 30412 30505 V threaded_app: New input event: type=2
01-24 20:08:01.256 30412 30689 D AudioManager: isBluetoothScoOn()=false, calling
application:com.game.loader
01-24 20:08:01.565 30412 30505 V threaded_app: New input event: type=2
01-24 20:08:01.597 30412 30505 V threaded_app: New input event: type=2
01-24 20:08:01.646 30412 30505 V threaded_app: New input event: type=2
01-24 20:08:01.663 30412 30505 V threaded_app: New input event: type=2
01-24 20:08:01.680 30412 30505 V threaded_app: New input event: type=2
01-24 20:08:01.696 30412 30505 V threaded_app: New input event: type=2
01-24 20:08:01.713 30412 30505 V threaded_app: New input event: type=2
01-24 20:08:01.730 30412 30505 V threaded_app: New input event: type=2
01-24 20:08:01.745 30412 30505 V threaded_app: New input event: type=2
01-24 20:08:01.762 30412 30505 V threaded_app: New input event: type=2
01-24 20:08:01.781 30412 30505 V threaded_app: New input event: type=2
01-24 20:08:01.796 30412 30505 V threaded_app: New input event: type=2
01-24 20:08:01.811 30412 30505 V threaded_app: New input event: type=2
01-24 20:08:01.880 30412 30505 V threaded_app: New input event: type=2
01-24 20:08:01.896 30412 30505 V threaded_app: New input event: type=2
01-24 20:08:01.912 30412 30505 V threaded_app: New input event: type=2
01-24 20:08:01.929 30412 30505 V threaded_app: New input event: type=2
01-24 20:08:01.945 30412 30505 V threaded_app: New input event: type=2
01-24 20:08:01.962 30412 30505 V threaded_app: New input event: type=2
01-24 20:08:01.978 30412 30505 V threaded_app: New input event: type=2
01-24 20:08:01.994 30412 30505 V threaded_app: New input event: type=2
01-24 20:08:02.011 30412 30505 V threaded_app: New input event: type=2
01-24 20:08:02.028 30412 30505 V threaded_app: New input event: type=2
01-24 20:08:02.045 30412 30505 V threaded_app: New input event: type=2
01-24 20:08:02.060 30412 30505 V threaded_app: New input event: type=2
01-24 20:08:02.077 30412 30505 V threaded_app: New input event: type=2
01-24 20:08:02.096 30412 30505 V threaded_app: New input event: type=2
01-24 20:08:02.110 30412 30505 V threaded_app: New input event: type=2
01-24 20:08:02.127 30412 30505 V threaded_app: New input event: type=2
01-24 20:08:02.145 30412 30505 V threaded_app: New input event: type=2
01-24 20:08:02.160 30412 30505 V threaded_app: New input event: type=2
01-24 20:08:02.178 30412 30505 V threaded_app: New input event: type=2
01-24 20:08:02.193 30412 30505 V threaded_app: New input event: type=2
01-24 20:08:02.209 30412 30505 V threaded_app: New input event: type=2
01-24 20:08:02.226 30412 30505 V threaded_app: New input event: type=2
01-24 20:08:02.243 30412 30505 V threaded_app: New input event: type=2
01-24 20:08:02.260 30412 30505 V threaded_app: New input event: type=2
01-24 20:08:02.276 30412 30505 V threaded_app: New input event: type=2
01-24 20:08:02.292 30412 30505 V threaded_app: New input event: type=2
01-24 20:08:02.309 30412 30505 V threaded_app: New input event: type=2
01-24 20:08:02.328 30412 30505 V threaded_app: New input event: type=2
01-24 20:08:02.342 30412 30505 V threaded_app: New input event: type=2
01-24 20:08:02.360 30412 30505 V threaded_app: New input event: type=2
01-24 20:08:02.377 30412 30505 V threaded_app: New input event: type=2
01-24 20:08:02.392 30412 30505 V threaded_app: New input event: type=2
01-24 20:08:02.410 30412 30505 V threaded_app: New input event: type=2
01-24 20:08:02.425 30412 30505 V threaded_app: New input event: type=2
01-24 20:08:02.442 30412 30505 V threaded_app: New input event: type=2
01-24 20:08:02.459 30412 30505 V threaded_app: New input event: type=2
01-24 20:08:02.475 30412 30505 V threaded_app: New input event: type=2
01-24 20:08:02.492 30412 30505 V threaded_app: New input event: type=2
01-24 20:08:02.509 30412 30505 V threaded_app: New input event: type=2
01-24 20:08:02.524 30412 30505 V threaded_app: New input event: type=2
01-24 20:08:02.535 30412 30689 D AudioManager: isBluetoothScoOn()=false, calling
application:com.game.loader
01-24 20:08:02.541 30412 30505 V threaded_app: New input event: type=2
01-24 20:08:02.557 30412 30505 V threaded_app: New input event: type=2
01-24 20:08:02.575 30412 30505 V threaded_app: New input event: type=2
01-24 20:08:02.592 30412 30505 V threaded_app: New input event: type=2
01-24 20:08:02.612 30412 30505 V threaded_app: New input event: type=2
01-24 20:08:02.624 30412 30505 V threaded_app: New input event: type=2
01-24 20:08:02.643 30412 30505 V threaded_app: New input event: type=2
01-24 20:08:02.657 30412 30505 V threaded_app: New input event: type=2
01-24 20:08:02.673 30412 30505 V threaded_app: New input event: type=2
01-24 20:08:02.692 30412 30505 V threaded_app: New input event: type=2
01-24 20:08:02.708 30412 30505 V threaded_app: New input event: type=2
01-24 20:08:02.725 30412 30505 V threaded_app: New input event: type=2
01-24 20:08:02.741 30412 30505 V threaded_app: New input event: type=2
01-24 20:08:02.757 30412 30505 V threaded_app: New input event: type=2
01-24 20:08:02.773 30412 30505 V threaded_app: New input event: type=2
01-24 20:08:02.790 30412 30505 V threaded_app: New input event: type=2
01-24 20:08:02.804 30412 30412 I VelocityTracker: LSQ2 speed rezero
01-24 20:08:02.804 30412 30505 V threaded_app: New input event: type=2
01-24 20:08:02.811 30412 30505 V threaded_app: New input event: type=2
01-24 20:08:03.223 30412 30505 V threaded_app: New input event: type=2
01-24 20:08:03.255 30412 30505 V threaded_app: New input event: type=2
01-24 20:08:03.304 30412 30505 V threaded_app: New input event: type=2
01-24 20:08:03.320 30412 30505 V threaded_app: New input event: type=2
01-24 20:08:03.337 30412 30505 V threaded_app: New input event: type=2
01-24 20:08:03.354 30412 30505 V threaded_app: New input event: type=2
01-24 20:08:03.369 30412 30505 V threaded_app: New input event: type=2
01-24 20:08:03.387 30412 30505 V threaded_app: New input event: type=2
01-24 20:08:03.402 30412 30505 V threaded_app: New input event: type=2
01-24 20:08:03.420 30412 30505 V threaded_app: New input event: type=2
01-24 20:08:03.437 30412 30505 V threaded_app: New input event: type=2
01-24 20:08:03.453 30412 30505 V threaded_app: New input event: type=2
01-24 20:08:03.469 30412 30505 V threaded_app: New input event: type=2
01-24 20:08:03.485 30412 30505 V threaded_app: New input event: type=2
01-24 20:08:03.502 30412 30505 V threaded_app: New input event: type=2
01-24 20:08:03.520 30412 30505 V threaded_app: New input event: type=2
01-24 20:08:03.536 30412 30505 V threaded_app: New input event: type=2
01-24 20:08:03.552 30412 30505 V threaded_app: New input event: type=2
01-24 20:08:03.569 30412 30505 V threaded_app: New input event: type=2
01-24 20:08:03.585 30412 30505 V threaded_app: New input event: type=2
01-24 20:08:03.601 30412 30505 V threaded_app: New input event: type=2
