01-26 08:04:17.323 W/SystemConfig( 1167): ro.product.name = d2que
01-26 08:04:17.323 W/SystemConfig( 1167): fname = SCG14_jp_kdi
01-26 08:04:17.323 W/SystemConfig( 1167): ro.product.name = d2que
01-26 08:04:17.323 W/SystemConfig( 1167): fname = r0sxxx
01-26 08:04:17.323 W/SystemConfig( 1167): ro.product.name = d2que
01-26 08:04:17.323 W/SystemConfig( 1167): fname = r0sxeea
01-26 08:04:17.323 W/SystemConfig( 1167): ro.product.name = d2que
01-26 08:04:17.323 W/SystemConfig( 1167): fname = r0sxtur
01-26 08:04:17.323 W/SystemConfig( 1167): ro.product.name = d2que
01-26 08:04:17.324 W/SystemConfig( 1167): fname = r0sxser
01-26 08:04:17.324 W/SystemConfig( 1167): ro.product.name = d2que
01-26 08:04:17.324 W/SystemConfig( 1167): fname = r0sksx
01-26 08:04:17.324 W/SystemConfig( 1167): ro.product.name = d2que
01-26 08:04:17.324 W/SystemConfig( 1167): fname = r0qksx
01-26 08:04:17.324 W/SystemConfig( 1167): ro.product.name = d2que
01-26 08:04:17.324 W/SystemConfig( 1167): fname = r0qxtur
01-26 08:04:17.324 W/SystemConfig( 1167): ro.product.name = d2que
01-26 08:04:17.324 W/SystemConfig( 1167): fname = r0qcsx
01-26 08:04:17.324 W/SystemConfig( 1167): ro.product.name = d2que
01-26 08:04:17.324 W/SystemConfig( 1167): fname = r0qzhx
01-26 08:04:17.324 W/SystemConfig( 1167): ro.product.name = d2que
01-26 08:04:17.324 W/SystemConfig( 1167): fname = r0quew
01-26 08:04:17.324 W/SystemConfig( 1167): ro.product.name = d2que
01-26 08:04:17.324 W/SystemConfig( 1167): fname = r0qsqw
01-26 08:04:17.324 W/SystemConfig( 1167): ro.product.name = d2que
01-26 08:04:17.324 W/SystemConfig( 1167): fname = r0qxxx
01-26 08:04:17.324 W/SystemConfig( 1167): ro.product.name = d2que
01-26 08:04:17.324 W/SystemConfig( 1167): fname = SC-51C
01-26 08:04:17.324 W/SystemConfig( 1167): ro.product.name = d2que
01-26 08:04:17.324 W/SystemConfig( 1167): fname = SCG13_jp_kdi
01-26 08:04:17.324 W/SystemConfig( 1167): ro.product.name = d2que
01-26 08:04:17.324 W/SystemConfig( 1167): fname = g0sxxx
01-26 08:04:17.324 W/SystemConfig( 1167): ro.product.name = d2que
01-26 08:04:17.324 W/SystemConfig( 1167): fname = g0sxtur
01-26 08:04:17.324 W/SystemConfig( 1167): ro.product.name = d2que
01-26 08:04:17.324 W/SystemConfig( 1167): fname = g0sxeea
01-26 08:04:17.324 W/SystemConfig( 1167): ro.product.name = d2que
01-26 08:04:17.324 I/C2SecWmaDec( 884): in CreateCodec2Factory
01-26 08:04:17.324 W/SystemConfig( 1167): fname = g0sxser
01-26 08:04:17.324 W/SystemConfig( 1167): ro.product.name = d2que
01-26 08:04:17.324 I/SEC_componentStore( 884): GetCodec2SecComponentStore+++++++++
++++
01-26 08:04:17.324 W/SystemConfig( 1167): fname = g0sksx
01-26 08:04:17.324 I/SEC_componentStore( 884):
GetCodec2SecComponentStore--------------default
01-26 08:04:17.324 W/SystemConfig( 1167): ro.product.name = d2que
01-26 08:04:17.324 W/SystemConfig( 1167): fname = g0qksx
01-26 08:04:17.324 W/SystemConfig( 1167): ro.product.name = d2que
01-26 08:04:17.324 W/SystemConfig( 1167): fname = g0quew
01-26 08:04:17.324 W/SystemConfig( 1167): ro.product.name = d2que
01-26 08:04:17.324 W/SystemConfig( 1167): fname = g0qxtur
01-26 08:04:17.324 W/SystemConfig( 1167): ro.product.name = d2que
01-26 08:04:17.324 W/SystemConfig( 1167): fname = g0qcsx
01-26 08:04:17.324 W/SystemConfig( 1167): ro.product.name = d2que
01-26 08:04:17.324 W/SystemConfig( 1167): fname = g0qxxx
01-26 08:04:17.324 W/SystemConfig( 1167): ro.product.name = d2que
01-26 08:04:17.324 W/SystemConfig( 1167): fname = g0qsqw
01-26 08:04:17.324 W/SystemConfig( 1167): ro.product.name = d2que
01-26 08:04:17.324 W/SystemConfig( 1167): fname = g0qzhx
01-26 08:04:17.324 W/SystemConfig( 1167): ro.product.name = d2que
01-26 08:04:17.324 W/SystemConfig( 1167): fname = gts8kxx
01-26 08:04:17.324 W/SystemConfig( 1167): ro.product.name = d2que
01-26 08:04:17.324 W/SystemConfig( 1167): fname = gts8keea
01-26 08:04:17.324 W/SystemConfig( 1167): ro.product.name = d2que
01-26 08:04:17.324 W/SystemConfig( 1167): fname = gts8xser
01-26 08:04:17.324 W/SystemConfig( 1167): ro.product.name = d2que
01-26 08:04:17.324 W/SystemConfig( 1167): fname = gts8xeea
01-26 08:04:17.324 W/SystemConfig( 1167): ro.product.name = d2que
01-26 08:04:17.324 W/SystemConfig( 1167): fname = gts8xxx
01-26 08:04:17.324 W/SystemConfig( 1167): ro.product.name = d2que
01-26 08:04:17.324 W/SystemConfig( 1167): fname = gts8sq
01-26 08:04:17.324 W/SystemConfig( 1167): ro.product.name = d2que
01-26 08:04:17.324 W/SystemConfig( 1167): fname = gts8wifiser
01-26 08:04:17.324 W/SystemConfig( 1167): ro.product.name = d2que
01-26 08:04:17.324 W/SystemConfig( 1167): fname = gts8wifitur
01-26 08:04:17.324 W/SystemConfig( 1167): ro.product.name = d2que
01-26 08:04:17.324 W/SystemConfig( 1167): fname = gts8wifixx
01-26 08:04:17.324 W/SystemConfig( 1167): ro.product.name = d2que
01-26 08:04:17.324 W/SystemConfig( 1167): fname = gts8wifieea
01-26 08:04:17.324 W/SystemConfig( 1167): ro.product.name = d2que
01-26 08:04:17.324 W/SystemConfig( 1167): fname = gts8pkxx
01-26 08:04:17.324 W/SystemConfig( 1167): ro.product.name = d2que
01-26 08:04:17.324 W/SystemConfig( 1167): fname = gts8psqw
01-26 08:04:17.324 W/SystemConfig( 1167): ro.product.name = d2que
01-26 08:04:17.324 W/SystemConfig( 1167): fname = gts8psqw
01-26 08:04:17.324 W/SystemConfig( 1167): ro.product.name = d2que
01-26 08:04:17.324 W/SystemConfig( 1167): fname = gts8pxser
01-26 08:04:17.324 W/SystemConfig( 1167): ro.product.name = d2que
01-26 08:04:17.324 W/SystemConfig( 1167): fname = gts8peea
01-26 08:04:17.324 W/SystemConfig( 1167): ro.product.name = d2que
01-26 08:04:17.324 W/SystemConfig( 1167): fname = gts8pxx
01-26 08:04:17.324 W/SystemConfig( 1167): ro.product.name = d2que
01-26 08:04:17.324 W/SystemConfig( 1167): fname = gts8pxeea
01-26 08:04:17.324 W/SystemConfig( 1167): ro.product.name = d2que
01-26 08:04:17.324 W/SystemConfig( 1167): fname = gts8pxxx
01-26 08:04:17.324 W/SystemConfig( 1167): ro.product.name = d2que
01-26 08:04:17.324 W/SystemConfig( 1167): fname = gts8psqwnc
01-26 08:04:17.324 W/SystemConfig( 1167): ro.product.name = d2que
01-26 08:04:17.324 W/SystemConfig( 1167): fname = gts8pwifitur
01-26 08:04:17.324 W/SystemConfig( 1167): ro.product.name = d2que
01-26 08:04:17.324 W/SystemConfig( 1167): fname = gts8pwifiser
01-26 08:04:17.324 W/SystemConfig( 1167): ro.product.name = d2que
01-26 08:04:17.324 I/Codec2InfoBuilder( 1148): adding type 'audio/x-ms-wma'
01-26 08:04:17.324 W/SystemConfig( 1167): fname = gts8pwifixx
01-26 08:04:17.324 W/SystemConfig( 1167): ro.product.name = d2que
01-26 08:04:17.324 W/SystemConfig( 1167): fname = gts8pwifieea
01-26 08:04:17.324 W/SystemConfig( 1167): ro.product.name = d2que
01-26 08:04:17.324 W/SystemConfig( 1167): fname = gts8pwifijpn
01-26 08:04:17.325 W/SystemConfig( 1167): ro.product.name = d2que
01-26 08:04:17.325 W/SystemConfig( 1167): fname = gts8ukxx
01-26 08:04:17.325 W/SystemConfig( 1167): ro.product.name = d2que
01-26 08:04:17.325 W/SystemConfig( 1167): fname = gts8uxser
01-26 08:04:17.325 W/SystemConfig( 1167): ro.product.name = d2que
01-26 08:04:17.325 W/SystemConfig( 1167): fname = gts8uxeea
01-26 08:04:17.325 W/SystemConfig( 1167): ro.product.name = d2que
01-26 08:04:17.325 W/SystemConfig( 1167): fname = gts8uxxx
01-26 08:04:17.325 W/SystemConfig( 1167): ro.product.name = d2que
01-26 08:04:17.325 W/SystemConfig( 1167): fname = gts8uwifiser
01-26 08:04:17.325 W/SystemConfig( 1167): ro.product.name = d2que
01-26 08:04:17.325 W/SystemConfig( 1167): fname = gts8uwifitur
01-26 08:04:17.325 W/SystemConfig( 1167): ro.product.name = d2que
01-26 08:04:17.325 W/SystemConfig( 1167): fname = gts8uwifieea
01-26 08:04:17.325 W/SystemConfig( 1167): ro.product.name = d2que
01-26 08:04:17.325 W/SystemConfig( 1167): fname = gts8uwifixx
01-26 08:04:17.325 W/SystemConfig( 1167): ro.product.name = d2que
01-26 08:04:17.325 W/SystemConfig( 1167): fname = a33xnndxx
01-26 08:04:17.325 W/SystemConfig( 1167): ro.product.name = d2que
01-26 08:04:17.325 W/SystemConfig( 1167): fname = a33xnsdtur
01-26 08:04:17.325 I/C2SecWmaDec( 884): in DestroyCodec2Factory
01-26 08:04:17.325 W/SystemConfig( 1167): ro.product.name = d2que
01-26 08:04:17.325 W/SystemConfig( 1167): fname = a33xnsdxx
01-26 08:04:17.325 W/SystemConfig( 1167): ro.product.name = d2que
01-26 08:04:17.325 W/SystemConfig( 1167): fname = a33xnndx
01-26 08:04:17.325 W/SystemConfig( 1167): ro.product.name = d2que
01-26 08:04:17.325 W/SystemConfig( 1167): fname = a33xnsdx
01-26 08:04:17.325 W/SystemConfig( 1167): ro.product.name = d2que
01-26 08:04:17.325 W/SystemConfig( 1167): fname = a33xub
01-26 08:04:17.325 W/SystemConfig( 1167): ro.product.name = d2que
01-26 08:04:17.325 W/SystemConfig( 1167): fname = a33xks
01-26 08:04:17.325 W/SystemConfig( 1167): ro.product.name = d2que
01-26 08:04:17.325 W/SystemConfig( 1167): fname = a33xzh
01-26 08:04:17.325 W/SystemConfig( 1167): ro.product.name = d2que
01-26 08:04:17.325 I/SEC_componentStore( 884): GetCodec2SecComponentStore+++++++++
++++
01-26 08:04:17.325 W/SystemConfig( 1167): fname = a33xnsser
01-26 08:04:17.325 I/SEC_componentStore( 884):
GetCodec2SecComponentStore--------------default
01-26 08:04:17.325 W/SystemConfig( 1167): ro.product.name = d2que
01-26 08:04:17.325 W/SystemConfig( 1167): fname = a33xnsxx
01-26 08:04:17.325 W/SystemConfig( 1167): ro.product.name = d2que
01-26 08:04:17.325 W/SystemConfig( 1167): fname = a33xnseea
01-26 08:04:17.325 W/SystemConfig( 1167): ro.product.name = d2que
01-26 08:04:17.325 W/SystemConfig( 1167): fname = a53xtfn
01-26 08:04:17.325 W/SystemConfig( 1167): ro.product.name = d2que
01-26 08:04:17.325 W/SystemConfig( 1167): fname = a53xzh
01-26 08:04:17.325 W/SystemConfig( 1167): ro.product.name = d2que
01-26 08:04:17.325 W/SystemConfig( 1167): fname = a53xcsx
01-26 08:04:17.325 W/SystemConfig( 1167): ro.product.name = d2que
01-26 08:04:17.325 W/SystemConfig( 1167): fname = a53xnaxx
01-26 08:04:17.325 W/SystemConfig( 1167): ro.product.name = d2que
01-26 08:04:17.325 W/SystemConfig( 1167): fname = a53xksx
01-26 08:04:17.325 W/SystemConfig( 1167): ro.product.name = d2que
01-26 08:04:17.325 W/SystemConfig( 1167): fname = a53xnsser
01-26 08:04:17.325 W/SystemConfig( 1167): ro.product.name = d2que
01-26 08:04:17.325 W/SystemConfig( 1167): fname = a53xnstur
01-26 08:04:17.325 W/SystemConfig( 1167): ro.product.name = d2que
01-26 08:04:17.325 W/SystemConfig( 1167): fname = a53xnsxx
01-26 08:04:17.325 W/SystemConfig( 1167): ro.product.name = d2que
01-26 08:04:17.325 W/SystemConfig( 1167): fname = a53xsqx
01-26 08:04:17.325 W/SystemConfig( 1167): ro.product.name = d2que
01-26 08:04:17.325 W/SystemConfig( 1167): fname = a53xsqw
01-26 08:04:17.325 W/SystemConfig( 1167): ro.product.name = d2que
01-26 08:04:17.325 W/SystemConfig( 1167): fname = a53xnaeea
01-26 08:04:17.325 W/SystemConfig( 1167): ro.product.name = d2que
01-26 08:04:17.325 W/SystemConfig( 1167): fname = a53xue
01-26 08:04:17.325 W/SystemConfig( 1167): ro.product.name = d2que
01-26 08:04:17.325 W/SystemConfig( 1167): fname = SC-53C
01-26 08:04:17.325 W/SystemConfig( 1167): ro.product.name = d2que
01-26 08:04:17.325 W/SystemConfig( 1167): fname = SCG15_jp_kdi
01-26 08:04:17.325 W/SystemConfig( 1167): ro.product.name = d2que
01-26 08:04:17.325 W/SystemConfig( 1167): fname = xcoverpro2cs
01-26 08:04:17.325 W/SystemConfig( 1167): ro.product.name = d2que
01-26 08:04:17.325 W/SystemConfig( 1167): fname = xcoverpro2ue
01-26 08:04:17.325 W/SystemConfig( 1167): ro.product.name = d2que
01-26 08:04:17.325 W/SystemConfig( 1167): fname = xcoverpro2tur
01-26 08:04:17.325 W/SystemConfig( 1167): ro.product.name = d2que
01-26 08:04:17.325 W/SystemConfig( 1167): fname = xcoverpro2eea
01-26 08:04:17.325 W/SystemConfig( 1167): ro.product.name = d2que
01-26 08:04:17.325 W/SystemConfig( 1167): fname = xcoverpro2xx
01-26 08:04:17.325 W/SystemConfig( 1167): ro.product.name = d2que
01-26 08:04:17.325 W/SystemConfig( 1167): fname = xcoverpro2sq
01-26 08:04:17.325 W/SystemConfig( 1167): ro.product.name = d2que
01-26 08:04:17.325 W/SystemConfig( 1167): fname = q4qsqw
01-26 08:04:17.325 W/SystemConfig( 1167): ro.product.name = d2que
01-26 08:04:17.325 W/SystemConfig( 1167): fname = q4qzhx
01-26 08:04:17.325 W/SystemConfig( 1167): ro.product.name = d2que
01-26 08:04:17.325 W/SystemConfig( 1167): fname = q4qksx
01-26 08:04:17.326 W/SystemConfig( 1167): ro.product.name = d2que
01-26 08:04:17.326 I/Codec2InfoBuilder( 1148): adding type 'video/x-ms-wmv7'
01-26 08:04:17.326 W/SystemConfig( 1167): fname = q4quew
01-26 08:04:17.326 W/SystemConfig( 1167): ro.product.name = d2que
01-26 08:04:17.326 W/SystemConfig( 1167): fname = q4qcsx
01-26 08:04:17.326 W/SystemConfig( 1167): ro.product.name = d2que
01-26 08:04:17.326 W/SystemConfig( 1167): fname = q4qxser
01-26 08:04:17.326 W/SystemConfig( 1167): ro.product.name = d2que
01-26 08:04:17.326 W/SystemConfig( 1167): fname = q4qxtur
01-26 08:04:17.326 W/SystemConfig( 1167): ro.product.name = d2que
01-26 08:04:17.326 W/SystemConfig( 1167): fname = q4qxxx
01-26 08:04:17.326 W/SystemConfig( 1167): ro.product.name = d2que
01-26 08:04:17.326 W/SystemConfig( 1167): fname = q4qxeea
01-26 08:04:17.326 W/SystemConfig( 1167): ro.product.name = d2que
01-26 08:04:17.326 W/SystemConfig( 1167): fname = SC-55C
01-26 08:04:17.326 W/SystemConfig( 1167): ro.product.name = d2que
01-26 08:04:17.326 W/SystemConfig( 1167): fname = SCG16_jp_kdi
01-26 08:04:17.326 W/SystemConfig( 1167): ro.product.name = d2que
01-26 08:04:17.326 W/SystemConfig( 1167): fname = b4qsqw
01-26 08:04:17.326 W/SystemConfig( 1167): ro.product.name = d2que
01-26 08:04:17.326 W/SystemConfig( 1167): fname = b4qzhx
01-26 08:04:17.326 W/SystemConfig( 1167): ro.product.name = d2que
01-26 08:04:17.326 W/SystemConfig( 1167): fname = b4qxeea
01-26 08:04:17.326 W/SystemConfig( 1167): ro.product.name = d2que
01-26 08:04:17.326 W/SystemConfig( 1167): fname = b4qksx
01-26 08:04:17.326 W/SystemConfig( 1167): ro.product.name = d2que
01-26 08:04:17.326 W/SystemConfig( 1167): fname = b4quew
01-26 08:04:17.326 I/servicemanager( 619): Adding 'u:r:system_server:s0' service
(file_integrity:1167)
01-26 08:04:17.326 W/SystemConfig( 1167): ro.product.name = d2que
01-26 08:04:17.326 W/SystemConfig( 1167): fname = b4qrktw
01-26 08:04:17.326 W/SystemConfig( 1167): ro.product.name = d2que
01-26 08:04:17.326 W/SystemConfig( 1167): fname = b4qcsx
01-26 08:04:17.326 W/SystemConfig( 1167): ro.product.name = d2que
01-26 08:04:17.326 W/SystemConfig( 1167): fname = b4qxser
01-26 08:04:17.326 W/SystemConfig( 1167): ro.product.name = d2que
01-26 08:04:17.326 W/SystemConfig( 1167): fname = b4qxtur
01-26 08:04:17.326 W/SystemConfig( 1167): ro.product.name = d2que
01-26 08:04:17.326 W/SystemConfig( 1167): fname = b4qxxx
01-26 08:04:17.326 W/SystemConfig( 1167): ro.product.name = d2que
01-26 08:04:17.326 W/SystemConfig( 1167): fname = SC-54C
01-26 08:04:17.326 W/SystemConfig( 1167): ro.product.name = d2que
01-26 08:04:17.326 W/SystemConfig( 1167): fname = SCG17_jp_kdi
01-26 08:04:17.326 W/SystemConfig( 1167): ro.product.name = d2que
01-26 08:04:17.326 W/SystemConfig( 1167): fname = gtact4prokxx
01-26 08:04:17.326 W/SystemConfig( 1167): ro.product.name = d2que
01-26 08:04:17.326 W/SystemConfig( 1167): fname = gtact4proxser
01-26 08:04:17.326 W/SystemConfig( 1167): ro.product.name = d2que
01-26 08:04:17.326 D/SystemServerTiming( 1167): StartFileIntegrityService took to
complete: 14ms
01-26 08:04:17.326 I/SEC_componentStore( 884): GetCodec2SecComponentStore+++++++++
++++
01-26 08:04:17.326 I/SystemServerTiming( 1167): StartInstaller
01-26 08:04:17.326 I/SEC_componentStore( 884):
GetCodec2SecComponentStore--------------default
01-26 08:04:17.326 I/SystemServiceManager( 1167): Starting
com.android.server.pm.Installer
01-26 08:04:17.326 W/SystemConfig( 1167): fname = gtact4proxeea
01-26 08:04:17.326 W/SystemConfig( 1167): ro.product.name = d2que
01-26 08:04:17.326 W/SystemConfig( 1167): fname = gtact4proxxx
01-26 08:04:17.326 W/SystemConfig( 1167): ro.product.name = d2que
01-26 08:04:17.326 W/SystemConfig( 1167): fname = gtact4proue
01-26 08:04:17.326 W/SystemConfig( 1167): ro.product.name = d2que
01-26 08:04:17.326 W/SystemConfig( 1167): fname = gtact4protur
01-26 08:04:17.326 W/SystemConfig( 1167): ro.product.name = d2que
01-26 08:04:17.326 W/SystemConfig( 1167): fname = gtact4procs
01-26 08:04:17.326 W/SystemConfig( 1167): ro.product.name = d2que
01-26 08:04:17.326 W/SystemConfig( 1167): fname = gtact4prowifieea
01-26 08:04:17.326 W/SystemConfig( 1167): ro.product.name = d2que
01-26 08:04:17.326 W/SystemConfig( 1167): fname = gtact4prowifixx
01-26 08:04:17.326 W/SystemConfig( 1167): ro.product.name = d2que
01-26 08:04:17.326 W/SystemConfig( 1167): fname = gtact4prowifiser
01-26 08:04:17.326 W/SystemConfig( 1167): ro.product.name = d2que
01-26 08:04:17.326 W/SystemConfig( 1167): fname = SC-56C
01-26 08:04:17.326 W/SystemConfig( 1167): ro.product.name = d2que
01-26 08:04:17.326 W/SystemConfig( 1167): fname = SCG18_jp_kdi
01-26 08:04:17.326 W/SystemConfig( 1167): ro.product.name = d2que
01-26 08:04:17.326 W/SystemConfig( 1167): fname = a23exrkt
01-26 08:04:17.326 W/SystemConfig( 1167): ro.product.name = d2que
01-26 08:04:17.326 W/SystemConfig( 1167): fname = a23xqzh
01-26 08:04:17.326 W/SystemConfig( 1167): ro.product.name = d2que
01-26 08:04:17.326 W/SystemConfig( 1167): fname = a23xque
01-26 08:04:17.326 W/SystemConfig( 1167): ro.product.name = d2que
01-26 08:04:17.326 W/SystemConfig( 1167): fname = a23xqub
01-26 08:04:17.326 W/SystemConfig( 1167): ro.product.name = d2que
01-26 08:04:17.326 W/SystemConfig( 1167): fname = a23xqtfn
01-26 08:04:17.326 W/SystemConfig( 1167): ro.product.name = d2que
01-26 08:04:17.326 W/SystemConfig( 1167): fname = a23xqsq
01-26 08:04:17.326 W/SystemConfig( 1167): ro.product.name = d2que
01-26 08:04:17.327 W/SystemConfig( 1167): fname = a23xqnsxx
01-26 08:04:17.327 W/SystemConfig( 1167): ro.product.name = d2que
01-26 08:04:17.327 W/SystemConfig( 1167): fname = a23xqnsser
01-26 08:04:17.327 W/SystemConfig( 1167): ro.product.name = d2que
01-26 08:04:17.327 W/SystemConfig( 1167): fname = a23xqnseea
01-26 08:04:17.327 W/SystemConfig( 1167): ro.product.name = d2que
01-26 08:04:17.327 W/SystemConfig( 1167): fname = a23xqnsdxx
01-26 08:04:17.327 W/SystemConfig( 1167): ro.product.name = d2que
01-26 08:04:17.327 W/SystemConfig( 1167): fname = a23xqnsdtur
01-26 08:04:17.327 W/SystemConfig( 1167): ro.product.name = d2que
01-26 08:04:17.327 W/SystemConfig( 1167): fname = a23xqnndxx
01-26 08:04:17.327 W/SystemConfig( 1167): ro.product.name = d2que
01-26 08:04:17.327 W/SystemConfig( 1167): fname = SCG18_jcm_jp
01-26 08:04:17.327 W/SystemConfig( 1167): ro.product.name = d2que
01-26 08:04:17.327 I/Codec2InfoBuilder( 1148): adding type 'video/x-ms-wmv8'
01-26 08:04:17.327 I/SEC_componentStore( 884): GetCodec2SecComponentStore+++++++++
++++
01-26 08:04:17.327 I/SEC_componentStore( 884):
GetCodec2SecComponentStore--------------default
01-26 08:04:17.328 D/installd( 1141): Found quota mount /dev/block/bootdevice/by-
name/userdata at /data
01-26 08:04:17.328 D/installd( 1141): Found quota mount /dev/block/bootdevice/by-
name/userdata at /data/user/0
01-26 08:04:17.328 D/SystemServerTiming( 1167): StartInstaller took to complete:
2ms
01-26 08:04:17.328 I/SystemServerTiming( 1167): DeviceIdentifiersPolicyService
01-26 08:04:17.328 I/SystemServiceManager( 1167): Starting
com.android.server.os.DeviceIdentifiersPolicyService
01-26 08:04:17.329 I/Codec2InfoBuilder( 1148): adding type 'audio/ac4'
01-26 08:04:17.329 I/SystemConfig( 1167): Reading permissions from
/system_ext/etc/sysconfig/qti_whitelist_system_ext.xml
01-26 08:04:17.329 I/servicemanager( 619): Adding 'u:r:system_server:s0' service
(device_identifiers:1167)
01-26 08:04:17.329 I/SEC_componentStore( 884): GetCodec2SecComponentStore+++++++++
++++
01-26 08:04:17.329 I/SEC_componentStore( 884):
GetCodec2SecComponentStore--------------default
01-26 08:04:17.329 D/SystemServerTiming( 1167): DeviceIdentifiersPolicyService took
to complete: 1ms
01-26 08:04:17.329 I/SystemServerTiming( 1167): UriGrantsManagerService
01-26 08:04:17.329 I/SystemServiceManager( 1167): Starting
com.android.server.uri.UriGrantsManagerService$Lifecycle
01-26 08:04:17.330 I/servicemanager( 619): Adding 'u:r:system_server:s0' service
(uri_grants:1167)
01-26 08:04:17.330 D/SystemServerTiming( 1167): UriGrantsManagerService took to
complete: 1ms
01-26 08:04:17.330 I/SystemServerTiming( 1167): StartPowerStatsService
01-26 08:04:17.330 I/SystemServiceManager( 1167): Starting
com.android.server.powerstats.PowerStatsService
01-26 08:04:17.330 I/SystemConfig( 1167): Reading permissions from
/system_ext/etc/permissions/android.software.verified_boot.xml
01-26 08:04:17.330 I/Codec2InfoBuilder( 1148): adding type 'audio/ac3'
01-26 08:04:17.330 I/Codec2InfoBuilder( 1148): adding type 'audio/eac3'
01-26 08:04:17.331 I/Codec2InfoBuilder( 1148): adding type 'audio/eac3-joc'
01-26 08:04:17.331 E/servicemanager( 619): Could not find
android.hardware.power.stats.IPowerStats/default in the VINTF manifest.
01-26 08:04:17.331 V/C2Store ( 1187): in init
01-26 08:04:17.331 V/C2Store ( 1187): loading dll
01-26 08:04:17.331 I/SystemConfig( 1167): Reading permissions from
/system_ext/etc/permissions/izat.xt.srv.xml
01-26 08:04:17.332 I/SystemConfig( 1167): Reading permissions from
/system_ext/etc/permissions/com.qualcomm.qti.imscmservice.xml
01-26 08:04:17.332 I/Codec2InfoBuilder( 1148): adding type 'audio/mp4a-latm'
01-26 08:04:17.332 D/hw-ProcessState( 1167): Binder ioctl to enable oneway spam
detection failed: Invalid argument
01-26 08:04:17.332 I/SystemConfig( 1167): Reading permissions from
/system_ext/etc/permissions/com.qualcomm.qti.imscmservice-V2.0-java.xml
01-26 08:04:17.333 I/SystemConfig( 1167): Reading permissions from
/system_ext/etc/permissions/com.qualcomm.qti.imscmservice-V2.1-java.xml
01-26 08:04:17.333 I/hwservicemanager( 620): getTransport: Cannot find entry
[email protected]::IPowerStats/default in either framework or device
VINTF manifest.
01-26 08:04:17.333 E/PowerStatsService( 1167): Unable to get power.stats HAL
service.
01-26 08:04:17.333 E/PowerStatsService( 1167): nativeInit failed to connect to
power.stats HAL
01-26 08:04:17.334 I/servicemanager( 619): Adding 'u:r:system_server:s0' service
(powerstats:1167)
01-26 08:04:17.334 I/SystemConfig( 1167): Reading permissions from
/system_ext/etc/permissions/com.android.storagemanager.xml
01-26 08:04:17.334 D/SystemServerTiming( 1167): StartPowerStatsService took to
complete: 4ms
01-26 08:04:17.334 I/SystemServerTiming( 1167): StartIStatsService
01-26 08:04:17.334 V/C2Store ( 1187): in ~ComponentModule
01-26 08:04:17.334 V/C2Store ( 1187): in init
01-26 08:04:17.334 V/C2Store ( 1187): unloading dll
01-26 08:04:17.334 V/C2Store ( 1187): loading dll
01-26 08:04:17.335 I/SystemConfig( 1167): Reading permissions from
/system_ext/etc/permissions/com.android.cellbroadcastreceiver.xml
01-26 08:04:17.335 I/HidlServiceManagement( 1167): Registered
[email protected]::IStats/default
01-26 08:04:17.336 I/Codec2InfoBuilder( 1148): adding type 'audio/mp4a-latm'
01-26 08:04:17.336 I/servicemanager( 619): Found
android.frameworks.stats.IStats/default in framework VINTF manifest.
01-26 08:04:17.336 I/SystemConfig( 1167): Reading permissions from
/system_ext/etc/permissions/privapp-permissions-google-system-ext.xml
01-26 08:04:17.336 I/servicemanager( 619): Adding 'u:r:system_server:s0' service
(android.frameworks.stats.IStats/default:1167)
01-26 08:04:17.336 D/SystemServerTiming( 1167): StartIStatsService took to
complete: 2ms
01-26 08:04:17.336 I/SystemServerTiming( 1167): MemtrackProxyService
01-26 08:04:17.337 V/C2Store ( 1187): in ~ComponentModule
01-26 08:04:17.337 V/C2Store ( 1187): unloading dll
01-26 08:04:17.337 I/SystemConfig( 1167): Reading permissions from
/system_ext/etc/permissions/com.qualcomm.qti.imscmservice-V2.2-java.xml
01-26 08:04:17.337 V/C2Store ( 1187): in init
01-26 08:04:17.337 V/C2Store ( 1187): loading dll
01-26 08:04:17.338 I/SystemConfig( 1167): Reading permissions from
/system_ext/etc/permissions/privapp-permissions-qti-system-ext.xml
01-26 08:04:17.338 I/SystemConfig( 1167): Reading permissions from
/system_ext/etc/permissions/com.android.hotwordenrollment.common.util.xml
01-26 08:04:17.338 E/servicemanager( 619): Could not find
android.hardware.memtrack.IMemtrack/default in the VINTF manifest.
01-26 08:04:17.338 I/Stability( 1167): Interface set with vintf stability wire
protocol version 1 downgraded to system stability wire protocol version 1 stability
01-26 08:04:17.339 I/Codec2InfoBuilder( 1148): adding type 'audio/3gpp'
01-26 08:04:17.339 V/C2Store ( 1187): in ~ComponentModule
01-26 08:04:17.339 I/SystemConfig( 1167): Reading permissions from
/system_ext/etc/permissions/com.android.systemui.xml
01-26 08:04:17.339 V/C2Store ( 1187): unloading dll
01-26 08:04:17.339 V/C2Store ( 1187): in init
01-26 08:04:17.339 V/C2Store ( 1187): loading dll
01-26 08:04:17.339 I/servicemanager( 619): Adding 'u:r:system_server:s0' service
(memtrack.proxy:1167)
01-26 08:04:17.339 D/SystemServerTiming( 1167): MemtrackProxyService took to
complete: 3ms
01-26 08:04:17.339 I/SystemServerTiming( 1167): StartActivityManager
01-26 08:04:17.339 I/SystemServiceManager( 1167): Starting
com.android.server.wm.ActivityTaskManagerService$Lifecycle
01-26 08:04:17.340 I/SystemConfig( 1167): Reading permissions from
/system_ext/etc/permissions/com.android.carrierconfig.xml
01-26 08:04:17.340 I/Codec2InfoBuilder( 1148): adding type 'audio/3gpp'
01-26 08:04:17.340 I/SystemConfig( 1167): Reading permissions from
/system_ext/etc/permissions/com.samsung.systemui.xml
01-26 08:04:17.340 V/C2Store ( 1187): in init
01-26 08:04:17.340 V/C2Store ( 1187): loading dll
01-26 08:04:17.341 I/Codec2InfoBuilder( 1148): adding type 'audio/amr-wb'
01-26 08:04:17.342 V/C2Store ( 1187): in ~ComponentModule
01-26 08:04:17.342 V/C2Store ( 1187): unloading dll
01-26 08:04:17.342 V/C2Store ( 1187): in init
01-26 08:04:17.342 V/C2Store ( 1187): loading dll
01-26 08:04:17.342 V/C2Store ( 1187): in ~ComponentModule
01-26 08:04:17.342 V/C2Store ( 1187): unloading dll
01-26 08:04:17.342 I/SystemConfig( 1167): Reading permissions from
/vendor/etc/carrier/XAA/permissions/android.hardware.telephony.cdma.xml
01-26 08:04:17.343 W/SystemConfig( 1167): No directory /system/carrier/sysconfig,
skipping
01-26 08:04:17.343 W/SystemConfig( 1167): No directory /system/carrier/permissions,
skipping
01-26 08:04:17.343 I/Codec2InfoBuilder( 1148): adding type 'audio/amr-wb'
01-26 08:04:17.343 V/C2Store ( 1187): in ~ComponentModule
01-26 08:04:17.343 V/C2Store ( 1187): unloading dll
01-26 08:04:17.344 V/C2Store ( 1187): in init
01-26 08:04:17.344 V/C2Store ( 1187): loading dll
01-26 08:04:17.344 I/SystemConfig( 1167): Reading permissions from
/apex/com.android.ipsec/etc/permissions/android.net.ipsec.ike.xml
01-26 08:04:17.345 D/CoreStateController( 1167): CoreStateController()
01-26 08:04:17.345 I/Codec2InfoBuilder( 1148): adding type 'video/av01'
01-26 08:04:17.346 V/C2Store ( 1187): in ~ComponentModule
01-26 08:04:17.346 V/C2Store ( 1187): unloading dll
01-26 08:04:17.346 V/C2Store ( 1187): in init
01-26 08:04:17.346 V/C2Store ( 1187): loading dll
01-26 08:04:17.347 I/Codec2InfoBuilder( 1148): adding type 'video/avc'
01-26 08:04:17.347 D/SystemConfig( 1167): readAllPermissions took to complete:
132ms
01-26 08:04:17.348 D/SystemServerTimingAsync( 1167):
InitThreadPoolExec:ReadingSystemConfig took to complete: 132ms
01-26 08:04:17.348 I/servicemanager( 619): Adding 'u:r:system_server:s0' service
(activity_task:1167)
01-26 08:04:17.348 I/SystemServiceManager( 1167): Starting
com.android.server.am.ActivityManagerService$Lifecycle
01-26 08:04:17.349 V/C2Store ( 1187): in ~ComponentModule
01-26 08:04:17.349 V/C2Store ( 1187): unloading dll
01-26 08:04:17.349 V/C2Store ( 1187): in init
01-26 08:04:17.349 V/C2Store ( 1187): loading dll
01-26 08:04:17.349 I/mediaswcodec( 1187): missing struct descriptor
#Param::CoreIndex(--004) for field values of struct #Param::CoreIndex(F-12004)
01-26 08:04:17.349 I/mediaswcodec( 1187): missing struct descriptor
#Param::CoreIndex(--1812) for field values of struct #Param::CoreIndex(F-11812)
01-26 08:04:17.350 I/mediaswcodec( 1187): missing struct descriptor
#Param::CoreIndex(--004) for field values of struct #Param::CoreIndex(F-12004)
01-26 08:04:17.350 I/mediaswcodec( 1187): missing struct descriptor
#Param::CoreIndex(--1812) for field values of struct #Param::CoreIndex(F-11812)
01-26 08:04:17.350 I/ActivityManager( 1167): Memory class: 256
01-26 08:04:17.350 I/Codec2InfoBuilder( 1148): adding type 'video/avc'
01-26 08:04:17.351 I/Binder ( 1167): Setting heavy hitter watcher config: false,
0, 0.0
01-26 08:04:17.351 V/C2Store ( 1187): in ~ComponentModule
01-26 08:04:17.351 V/C2Store ( 1187): unloading dll
01-26 08:04:17.351 V/C2Store ( 1187): in init
01-26 08:04:17.351 V/C2Store ( 1187): loading dll
01-26 08:04:17.352 I/Codec2InfoBuilder( 1148): adding type 'audio/flac'
01-26 08:04:17.352 V/C2Store ( 1187): in ~ComponentModule
01-26 08:04:17.352 V/C2Store ( 1187): unloading dll
01-26 08:04:17.354 V/C2Store ( 1187): in init
01-26 08:04:17.354 V/C2Store ( 1187): loading dll
01-26 08:04:17.355 I/Codec2InfoBuilder( 1148): adding type 'audio/flac'
01-26 08:04:17.356 V/C2Store ( 1187): in ~ComponentModule
01-26 08:04:17.356 V/C2Store ( 1187): unloading dll
01-26 08:04:17.356 V/C2Store ( 1187): in init
01-26 08:04:17.356 V/C2Store ( 1187): loading dll
01-26 08:04:17.357 I/Codec2InfoBuilder( 1148): adding type 'audio/g711-alaw'
01-26 08:04:17.357 V/C2Store ( 1187): in ~ComponentModule
01-26 08:04:17.357 V/C2Store ( 1187): unloading dll
01-26 08:04:17.357 V/C2Store ( 1187): in init
01-26 08:04:17.357 V/C2Store ( 1187): loading dll
01-26 08:04:17.358 I/Codec2InfoBuilder( 1148): adding type 'audio/g711-mlaw'
01-26 08:04:17.359 V/C2Store ( 1187): in ~ComponentModule
01-26 08:04:17.359 V/C2Store ( 1187): unloading dll
01-26 08:04:17.359 V/C2Store ( 1187): in init
01-26 08:04:17.359 V/C2Store ( 1187): loading dll
01-26 08:04:17.360 I/Codec2InfoBuilder( 1148): adding type 'audio/gsm'
01-26 08:04:17.360 V/C2Store ( 1187): in init
01-26 08:04:17.360 V/C2Store ( 1187): loading dll
01-26 08:04:17.360 V/C2Store ( 1187): in ~ComponentModule
01-26 08:04:17.360 V/C2Store ( 1187): unloading dll
01-26 08:04:17.361 I/PerProcessNandswap( 1167): Static Initialization of
PerProcessNandswap
01-26 08:04:17.361 I/PerProcessNandswap( 1167): createInstance start
01-26 08:04:17.362 I/Codec2InfoBuilder( 1148): adding type 'video/3gpp'
01-26 08:04:17.363 I/ActivityManager( 1167): Connection with lmkd established
01-26 08:04:17.363 I/lmkd ( 618): lmkd data connection established
01-26 08:04:17.363 V/C2Store ( 1187): in init
01-26 08:04:17.363 V/C2Store ( 1187): loading dll
01-26 08:04:17.365 I/DHA_PROPERTY( 1167): highRes_MaxCached : 18
normalRes_MaxCached : 22
01-26 08:04:17.365 I/DHA_PROPERTY( 1167): DHA STEP 2
01-26 08:04:17.365 I/Codec2InfoBuilder( 1148): adding type 'video/3gpp'
01-26 08:04:17.365 I/DHA_PROPERTY( 1167): DHA TH RATE 2.0
01-26 08:04:17.365 I/DHA_PROPERTY( 1167): DHA mSzDHAThreshold 33554432
01-26 08:04:17.365 I/DHA_PROPERTY( 1167): DHA DHA_INCREASE_THRESHOLD 2097152
01-26 08:04:17.365 I/CameraManagerGlobal( 1167):
unregisterCameraDeviceStateCallback
01-26 08:04:17.365 I/CameraManagerGlobal( 1167): registerCameraDeviceStateCallback
01-26 08:04:17.365 I/CameraManagerGlobal( 1167): Connecting to camera service
01-26 08:04:17.365 V/C2Store ( 1187): in ~ComponentModule
01-26 08:04:17.365 V/C2Store ( 1187): unloading dll
01-26 08:04:17.365 V/C2Store ( 1187): in ~ComponentModule
01-26 08:04:17.365 V/C2Store ( 1187): unloading dll
01-26 08:04:17.366 V/C2Store ( 1187): in init
01-26 08:04:17.366 V/C2Store ( 1187): loading dll
01-26 08:04:17.367 I/Codec2InfoBuilder( 1148): adding type 'video/hevc'
01-26 08:04:17.368 V/C2Store ( 1187): in init
01-26 08:04:17.368 V/C2Store ( 1187): loading dll
01-26 08:04:17.368 I/mediaswcodec( 1187): missing struct descriptor
#Param::CoreIndex(--004) for field values of struct #Param::CoreIndex(F-12004)
01-26 08:04:17.368 D/C2SoftHevcEnc( 1187): Given level 6000 does not cover current
configuration: adjusting to 6001
01-26 08:04:17.368 I/mediaswcodec( 1187): missing struct descriptor
#Param::CoreIndex(--004) for field values of struct #Param::CoreIndex(F-12004)
01-26 08:04:17.368 D/C2SoftHevcEnc( 1187): Given level 6000 does not cover current
configuration: adjusting to 6001
01-26 08:04:17.369 I/Codec2InfoBuilder( 1148): adding type 'video/hevc'
01-26 08:04:17.369 I/PackageWatchdog( 1167): Updated health check state for package
com.samsung.android.provider.filterprovider: INACTIVE -> PASSED
01-26 08:04:17.369 I/PackageWatchdog( 1167): Updated health check state for package
com.samsung.android.app.aodservice: INACTIVE -> PASSED
01-26 08:04:17.369 I/PackageWatchdog( 1167): Updated health check state for package
com.google.android.ext.services: INACTIVE -> PASSED
01-26 08:04:17.369 I/PackageWatchdog( 1167): Updated health check state for package
com.samsung.android.vtcamerasettings: INACTIVE -> PASSED
01-26 08:04:17.370 I/PackageWatchdog( 1167): Updated health check state for package
com.android.vending: INACTIVE -> PASSED
01-26 08:04:17.370 I/PackageWatchdog( 1167): Updated health check state for package
com.samsung.SMT: INACTIVE -> PASSED
01-26 08:04:17.370 I/PackageWatchdog( 1167): Updated health check state for package
android: INACTIVE -> PASSED
01-26 08:04:17.370 I/PackageWatchdog( 1167): Updated health check state for package
com.sec.android.app.SecSetupWizard: INACTIVE -> PASSED
01-26 08:04:17.370 I/PackageWatchdog( 1167): Updated health check state for package
com.samsung.android.app.telephonyui: INACTIVE -> PASSED
01-26 08:04:17.370 I/PackageWatchdog( 1167): Updated health check state for package
com.google.android.as: INACTIVE -> PASSED
01-26 08:04:17.370 V/C2Store ( 1187): in ~ComponentModule
01-26 08:04:17.370 I/PackageWatchdog( 1167): Updated health check state for package
com.google.android.permissioncontroller: INACTIVE -> PASSED
01-26 08:04:17.370 V/C2Store ( 1187): unloading dll
01-26 08:04:17.370 I/PackageWatchdog( 1167): Updated health check state for package
com.google.android.setupwizard: INACTIVE -> PASSED
01-26 08:04:17.370 I/PackageWatchdog( 1167): Updated health check state for package
com.samsung.accessibility: INACTIVE -> PASSED
01-26 08:04:17.370 I/PackageWatchdog( 1167): Updated health check state for package
com.sec.imsservice: INACTIVE -> PASSED
01-26 08:04:17.370 I/PackageWatchdog( 1167): Updated health check state for package
com.google.android.captiveportallogin: INACTIVE -> PASSED
01-26 08:04:17.370 I/PackageWatchdog( 1167): Updated health check state for package
com.samsung.android.mdecservice: INACTIVE -> PASSED
01-26 08:04:17.370 I/PackageWatchdog( 1167): Updated health check state for package
com.google.android.networkstack: INACTIVE -> PASSED
01-26 08:04:17.370 I/PackageWatchdog( 1167): Updated health check state for package
com.android.cellbroadcastservice: INACTIVE -> PASSED
01-26 08:04:17.370 I/PackageWatchdog( 1167): Updated health check state for package
com.samsung.android.themecenter: INACTIVE -> PASSED
01-26 08:04:17.370 I/PackageWatchdog( 1167): Updated health check state for package
com.google.android.gms: INACTIVE -> PASSED
01-26 08:04:17.370 I/PackageWatchdog( 1167): Updated health check state for package
com.google.android.gsf: INACTIVE -> PASSED
01-26 08:04:17.370 I/PackageWatchdog( 1167): Updated health check state for package
com.sec.android.diagmonagent: INACTIVE -> PASSED
01-26 08:04:17.370 V/C2Store ( 1187): in init
01-26 08:04:17.370 I/PackageWatchdog( 1167): Updated health check state for package
com.samsung.android.app.routines: INACTIVE -> PASSED
01-26 08:04:17.370 V/C2Store ( 1187): loading dll
01-26 08:04:17.370 I/PackageWatchdog( 1167): Updated health check state for package
com.sec.android.app.launcher: INACTIVE -> PASSED
01-26 08:04:17.370 I/PackageWatchdog( 1167): Updated health check state for package
com.samsung.android.dqagent: INACTIVE -> PASSED
01-26 08:04:17.370 I/PackageWatchdog( 1167): Updated health check state for package
com.samsung.android.forest: INACTIVE -> PASSED
01-26 08:04:17.370 I/PackageWatchdog( 1167): Updated health check state for package
com.samsung.android.fmm: INACTIVE -> PASSED
01-26 08:04:17.370 I/PackageWatchdog( 1167): Updated health check state for package
com.samsung.android.bixby.wakeup: INACTIVE -> PASSED
01-26 08:04:17.370 I/PackageWatchdog( 1167): Updated health check state for package
com.android.settings: INACTIVE -> PASSED
01-26 08:04:17.370 I/PackageWatchdog( 1167): Updated health check state for package
com.samsung.android.lool: INACTIVE -> PASSED
01-26 08:04:17.370 I/PackageWatchdog( 1167): Updated health check state for package
com.sec.android.app.bluetoothtest: INACTIVE -> PASSED
01-26 08:04:17.370 I/PackageWatchdog( 1167): Updated health check state for package
com.sec.android.sdhms: INACTIVE -> PASSED
01-26 08:04:17.370 I/PackageWatchdog( 1167): Updated health check state for package
com.samsung.android.bbc.bbcagent: INACTIVE -> PASSED
01-26 08:04:17.370 I/PackageWatchdog( 1167): Updated health check state for package
com.samsung.android.callbgprovider: INACTIVE -> PASSED
01-26 08:04:17.370 I/PackageWatchdog( 1167): Updated health check state for package
com.android.phone: INACTIVE -> PASSED
01-26 08:04:17.370 I/PackageWatchdog( 1167): Updated health check state for package
com.samsung.android.app.omcagent: INACTIVE -> PASSED
01-26 08:04:17.370 I/PackageWatchdog( 1167): Updated health check state for package
com.android.providers.media.module: INACTIVE -> PASSED
01-26 08:04:17.370 I/PackageWatchdog( 1167): Updated health check state for package
com.wssyncmldm: INACTIVE -> PASSED
01-26 08:04:17.370 I/PackageWatchdog( 1167): Updated health check state for package
com.sec.epdg: INACTIVE -> PASSED
01-26 08:04:17.370 I/PackageWatchdog( 1167): Updated health check state for package
com.android.systemui: INACTIVE -> PASSED
01-26 08:04:17.370 I/PackageWatchdog( 1167): Updated health check state for package
com.android.bluetooth: INACTIVE -> PASSED
01-26 08:04:17.370 I/PackageWatchdog( 1167): Updated health check state for package
com.samsung.android.app.dressroom: INACTIVE -> PASSED
01-26 08:04:17.370 I/PackageWatchdog( 1167): Updated health check state for package
com.samsung.android.bio.face.service: INACTIVE -> PASSED
01-26 08:04:17.370 I/PackageWatchdog( 1167): Updated health check state for package
com.google.mainline.telemetry: INACTIVE -> PASSED
01-26 08:04:17.371 I/Codec2InfoBuilder( 1148): adding type 'audio/mpeg'
01-26 08:04:17.371 V/C2Store ( 1187): in ~ComponentModule
01-26 08:04:17.371 V/C2Store ( 1187): unloading dll
01-26 08:04:17.371 D/ActivityManager_KPM( 1167): Current Launcher:
com.sec.android.app.launcher
01-26 08:04:17.371 V/C2Store ( 1187): in init
01-26 08:04:17.371 V/C2Store ( 1187): loading dll
01-26 08:04:17.372 I/ActivityManager( 1167): SwappinessController() - default
value: 160
01-26 08:04:17.372 I/ActivityManager_KPM( 1167): KillPolicyManager()
01-26 08:04:17.372 I/ActivityManager_KPM( 1167): initKillPolicyManager()
01-26 08:04:17.372 D/Codec2InfoBuilder( 1148): codec entry for
'c2.android.mpeg2.decoder' is disabled
01-26 08:04:17.372 V/C2Store ( 1187): in ~ComponentModule
01-26 08:04:17.372 V/C2Store ( 1187): unloading dll
01-26 08:04:17.373 V/C2Store ( 1187): in ~ComponentModule
01-26 08:04:17.373 V/C2Store ( 1187): unloading dll
01-26 08:04:17.373 V/C2Store ( 1187): in init
01-26 08:04:17.373 V/C2Store ( 1187): loading dll
01-26 08:04:17.374 I/Codec2InfoBuilder( 1148): adding type 'video/mp4v-es'
01-26 08:04:17.374 D/IAFDDBManager( 1167): mDBInitReTryCnt=1
01-26 08:04:17.375 V/C2Store ( 1187): in init
01-26 08:04:17.375 V/C2Store ( 1187): loading dll
01-26 08:04:17.376 I/Codec2InfoBuilder( 1148): adding type 'video/mp4v-es'
01-26 08:04:17.377 D/BatteryStatsImpl( 1167): Reading daily items from
/data/system/batterystats-daily.xml
01-26 08:04:17.377 V/C2Store ( 1187): in init
01-26 08:04:17.377 V/C2Store ( 1187): in ~ComponentModule
01-26 08:04:17.377 V/C2Store ( 1187): loading dll
01-26 08:04:17.377 V/C2Store ( 1187): unloading dll
01-26 08:04:17.378 I/Codec2InfoBuilder( 1148): adding type 'audio/opus'
01-26 08:04:17.378 V/C2Store ( 1187): in ~ComponentModule
01-26 08:04:17.378 V/C2Store ( 1187): unloading dll
01-26 08:04:17.378 V/C2Store ( 1187): in init
01-26 08:04:17.378 V/C2Store ( 1187): loading dll
01-26 08:04:17.379 I/Codec2InfoBuilder( 1148): adding type 'audio/opus'
01-26 08:04:17.379 V/C2Store ( 1187): in ~ComponentModule
01-26 08:04:17.380 V/C2Store ( 1187): unloading dll
01-26 08:04:17.380 V/C2Store ( 1187): in init
01-26 08:04:17.380 V/C2Store ( 1187): loading dll
01-26 08:04:17.380 I/Codec2InfoBuilder( 1148): adding type 'audio/raw'
01-26 08:04:17.381 V/C2Store ( 1187): in ~ComponentModule
01-26 08:04:17.381 V/C2Store ( 1187): unloading dll
01-26 08:04:17.381 V/C2Store ( 1187): in init
01-26 08:04:17.381 V/C2Store ( 1187): loading dll
01-26 08:04:17.381 V/C2Store ( 1187): in ~ComponentModule
01-26 08:04:17.381 V/C2Store ( 1187): unloading dll
01-26 08:04:17.382 I/Codec2InfoBuilder( 1148): adding type 'audio/vorbis'
01-26 08:04:17.382 V/C2Store ( 1187): in ~ComponentModule
01-26 08:04:17.382 V/C2Store ( 1187): unloading dll
01-26 08:04:17.382 V/C2Store ( 1187): in init
01-26 08:04:17.382 V/C2Store ( 1187): loading dll
01-26 08:04:17.383 I/Codec2InfoBuilder( 1148): adding type 'video/x-vnd.on2.vp8'
01-26 08:04:17.383 V/C2Store ( 1187): in ~ComponentModule
01-26 08:04:17.383 V/C2Store ( 1187): unloading dll
01-26 08:04:17.384 V/C2Store ( 1187): in init
01-26 08:04:17.384 V/C2Store ( 1187): loading dll
01-26 08:04:17.384 I/C2SoftVp8Enc( 1187): setting temporal layering 0 + 0
01-26 08:04:17.384 I/C2SoftVp8Enc( 1187): setting temporal layering 0 + 0
01-26 08:04:17.385 I/Codec2InfoBuilder( 1148): adding type 'video/x-vnd.on2.vp8'
01-26 08:04:17.385 V/C2Store ( 1187): in ~ComponentModule
01-26 08:04:17.385 V/C2Store ( 1187): unloading dll
01-26 08:04:17.385 V/C2Store ( 1187): in init
01-26 08:04:17.385 V/C2Store ( 1187): loading dll
01-26 08:04:17.386 I/Codec2InfoBuilder( 1148): adding type 'video/x-vnd.on2.vp9'
01-26 08:04:17.387 V/C2Store ( 1187): in ~ComponentModule
01-26 08:04:17.387 V/C2Store ( 1187): unloading dll
01-26 08:04:17.387 V/C2Store ( 1187): in init
01-26 08:04:17.387 V/C2Store ( 1187): loading dll
01-26 08:04:17.388 I/C2SoftVp9Enc( 1187): setting temporal layering 0 + 0
01-26 08:04:17.388 I/C2SoftVp9Enc( 1187): setting temporal layering 0 + 0
01-26 08:04:17.389 I/Codec2InfoBuilder( 1148): adding type 'video/x-vnd.on2.vp9'
01-26 08:04:17.389 V/C2Store ( 1187): in ~ComponentModule
01-26 08:04:17.389 V/C2Store ( 1187): unloading dll
01-26 08:04:17.390 W/BatteryNotifier( 1148): batterystats service unavailable!
01-26 08:04:17.390 I/servicemanager( 619): Adding 'u:r:mediaserver:s0' service
(media.resource_manager:1148)
01-26 08:04:17.390 I/servicemanager( 619): Adding 'u:r:mediaserver:s0' service
(media.resource_observer:1148)
01-26 08:04:17.394 I/hwservicemanager( 620): getTransport: Cannot find entry
[email protected]::IPowerStats/default in either framework or device
VINTF manifest.
01-26 08:04:17.394 E/BatteryStatsService( 1167): Unable to load Power.Stats.HAL.
Setting rail availability to false
01-26 08:04:17.395 E/BluetoothAdapter( 1167): Bluetooth binder is null
01-26 08:04:17.395 D/BatteryExternalStatsWorker( 1167): update stats : write (63)
01-26 08:04:17.395 I/KernelCpuUidFreqTimeReader( 1167):
mPerClusterTimesAvailable=true
01-26 08:04:17.398 E/system_server( 1167): Cannot read thread CPU times for PID
1167
01-26 08:04:17.416 D/BatteryExternalStatsWorker( 1167): done
updateExternalStatsLocked
01-26 08:04:17.493 I/sensors-hal( 864): discover_sensors:644, rotv
1
01-26 08:04:17.493 I/sensors-hal( 864): discover_sensors:644, game_rv
1
01-26 08:04:17.493 I/sensors-hal( 864): discover_sensors:644, smd
1
01-26 08:04:17.493 I/sensors-hal( 864): discover_sensors:644, gyro_cal
1
01-26 08:04:17.493 I/sensors-hal( 864): discover_sensors:644, gyro
1
01-26 08:04:17.493 I/sensors-hal( 864): discover_sensors:644, sar_backoff_motion
1
01-26 08:04:17.493 I/sensors-hal( 864): discover_sensors:644, psmd
1
01-26 08:04:17.494 I/sensors-hal( 864): discover_sensors:644, pocket_mode
1
01-26 08:04:17.494 I/sensors-hal( 864): discover_sensors:644, pickup
1
01-26 08:04:17.494 I/sensors-hal( 864): discover_sensors:644, led_cover_event
1
01-26 08:04:17.494 I/sensors-hal( 864): discover_sensors:644, tilt_ss
1
01-26 08:04:17.494 I/sensors-hal( 864): discover_sensors:644, call_gesture
1
01-26 08:04:17.494 I/sensors-hal( 864): discover_sensors:644, step_detector
1
01-26 08:04:17.494 I/sensors-hal( 864): discover_sensors:644, step_counter
1
01-26 08:04:17.494 I/sensors-hal( 864): discover_sensors:644, sensor_temperature
1
01-26 08:04:17.494 I/sensors-hal( 864): discover_sensors:644, mag_cal
1
01-26 08:04:17.494 I/sensors-hal( 864): discover_sensors:644, interrupt_gyro
1
01-26 08:04:17.494 I/sensors-hal( 864): discover_sensors:644, auto_rotation
1
01-26 08:04:17.494 I/sensors-hal( 864): discover_sensors:644, gravity
1
01-26 08:04:17.494 I/sensors-hal( 864): discover_sensors:644, mag
1
01-26 08:04:17.494 I/sensors-hal( 864): discover_sensors:644, proximity_iris
1
01-26 08:04:17.494 I/sensors-hal( 864): discover_sensors:644, proximity
1
01-26 08:04:17.494 I/sensors-hal( 864): discover_sensors:644, light_cct
1
01-26 08:04:17.494 I/sensors-hal( 864): discover_sensors:644, accel
1
01-26 08:04:17.494 I/sensors-hal( 864): discover_sensors:644, sensorhubs
1
01-26 08:04:17.494 I/sensors-hal( 864): discover_sensors:644, ambient_light
1
01-26 08:04:17.494 I/sensors-hal( 864): discover_sensors:644, resampler
1
01-26 08:04:17.494 I/sensors-hal( 864): discover_sensors:644, wake_up_motion
1
01-26 08:04:17.494 I/sensors-hal( 864): discover_sensors:644, pressure
1
01-26 08:04:17.495 I/sensors-hal( 864): get_qmi_debug_flag:241,
support_qmi_debug : false
01-26 08:04:17.501 I/sensors-hal( 864): discover_sensors:707, not-default suid
discovery time = 0.007406s
01-26 08:04:17.502 I/sensors-hal( 864): discover_sensors:714, suid discovery time
= 1.008029s
01-26 08:04:17.503 I/sensors-hal( 864): get_qmi_debug_flag:241,
support_qmi_debug : false
01-26 08:04:17.507 I/sensors-hal( 864): retrieve_attributes:770, requesting
attributes+ for rotv-0
01-26 08:04:17.508 I/sensors-hal( 864): retrieve_attributes:785, requesting
attributes- rotv, 1
01-26 08:04:17.508 I/sensors-hal( 864): retrieve_attributes:770, requesting
attributes+ for game_rv-0
01-26 08:04:17.508 I/sensors-hal( 864): operator():745, event[0] msg_id=128
01-26 08:04:17.508 I/sensors-hal( 864): handle_attribute_event:851, IN: -
1796516897219029940, -6855653555510543472
01-26 08:04:17.509 I/sensors-hal( 864): handle_attribute_event:858, ATTR_NAME:
Rotation Vector
01-26 08:04:17.509 I/sensors-hal( 864): handle_attribute_event:869, UID handled 1,
-1796516897219029940, -6855653555510543472
01-26 08:04:17.509 I/sensors-hal( 864): retrieve_attributes:785, requesting
attributes- game_rv, 2
01-26 08:04:17.509 I/sensors-hal( 864): retrieve_attributes:770, requesting
attributes+ for smd-0
01-26 08:04:17.509 I/sensors-hal( 864): operator():745, event[0] msg_id=128
01-26 08:04:17.509 I/sensors-hal( 864): handle_attribute_event:851, IN: -
8525230974581500687, -7467999729341807654
01-26 08:04:17.509 I/sensors-hal( 864): handle_attribute_event:858, ATTR_NAME:
Game Rotation Vector
01-26 08:04:17.509 I/sensors-hal( 864): handle_attribute_event:869, UID handled 2,
-8525230974581500687, -7467999729341807654
01-26 08:04:17.510 I/sensors-hal( 864): retrieve_attributes:785, requesting
attributes- smd, 3
01-26 08:04:17.510 I/sensors-hal( 864): retrieve_attributes:770, requesting
attributes+ for gyro_cal-0
01-26 08:04:17.510 I/sensors-hal( 864): operator():745, event[0] msg_id=128
01-26 08:04:17.510 I/sensors-hal( 864): handle_attribute_event:851, IN:
4785439677415509, 1320970896291267344
01-26 08:04:17.510 I/sensors-hal( 864): handle_attribute_event:858, ATTR_NAME: smd
01-26 08:04:17.510 I/sensors-hal( 864): handle_attribute_event:869, UID handled 3,
4785439677415509, 1320970896291267344
01-26 08:04:17.510 I/sensors-hal( 864): retrieve_attributes:785, requesting
attributes- gyro_cal, 4
01-26 08:04:17.510 I/sensors-hal( 864): retrieve_attributes:770, requesting
attributes+ for gyro-0
01-26 08:04:17.510 I/sensors-hal( 864): operator():745, event[0] msg_id=128
01-26 08:04:17.511 I/sensors-hal( 864): handle_attribute_event:851, IN: -
8412394145948186468, -5259437483197053794
01-26 08:04:17.511 I/sensors-hal( 864): handle_attribute_event:858, ATTR_NAME:
gyro_cal
01-26 08:04:17.511 I/sensors-hal( 864): handle_attribute_event:869, UID handled 4,
-8412394145948186468, -5259437483197053794
01-26 08:04:17.511 I/sensors-hal( 864): retrieve_attributes:785, requesting
attributes- gyro, 5
01-26 08:04:17.511 I/sensors-hal( 864): retrieve_attributes:770, requesting
attributes+ for sar_backoff_motion-0
01-26 08:04:17.511 I/sensors-hal( 864): operator():745, event[0] msg_id=128
01-26 08:04:17.512 I/sensors-hal( 864): handle_attribute_event:851, IN: -
5097641500656463423, -7506440059428965728
01-26 08:04:17.512 I/sensors-hal( 864): retrieve_attributes:785, requesting
attributes- sar_backoff_motion, 6
01-26 08:04:17.512 I/sensors-hal( 864): retrieve_attributes:770, requesting
attributes+ for psmd-0
01-26 08:04:17.512 I/sensors-hal( 864): handle_attribute_event:858, ATTR_NAME:
lsm6dso
01-26 08:04:17.512 I/sensors-hal( 864): handle_attribute_event:869, UID handled 5,
-5097641500656463423, -7506440059428965728
01-26 08:04:17.512 I/sensors-hal( 864): operator():745, event[0] msg_id=128
01-26 08:04:17.512 I/sensors-hal( 864): handle_attribute_event:851, IN:
4779840345476396919, 1320970896291267344
01-26 08:04:17.512 I/sensors-hal( 864): handle_attribute_event:858, ATTR_NAME: Sar
BackOff Motion
01-26 08:04:17.512 I/sensors-hal( 864): handle_attribute_event:869, UID handled 6,
4779840345476396919, 1320970896291267344
