03-05 21:13:09.250 21495 21495 W com.mbwhatsapp: Common causes for lock verification issues are non-optimized dex code
03-05 21:13:09.250 21495 21495 W com.mbwhatsapp: and incorrect proguard optimizations.
03-05 21:13:09.417 21495 21495 W com.mbwhatsapp: Method void com.mbwhatsapp.HomeActivity.A6e() failed lock verification and will run slower. --------- beginning of system
03-05 21:13:09.475 21495 21495 E OplusCustomizeRestrictionManager: sInstance is null, start a new sInstance
03-05 21:13:09.858 21495 21495 E ArmVmp : Match on catch block at 0x0a in for 0x793f249031
03-05 21:13:09.892 21495 21495 E ArmVmp : Match on catch block at 0x0a in for 0x793f24904d
03-05 21:13:09.991 21495 21495 W Activity: Can request only one set of permissions at a time
03-05 21:13:10.096 21495 21572 W com.mbwhatsapp: Accessing hidden method Lcom/android/org/conscrypt/ConscryptEngineSocket;->setUseSessionTickets(Z)V (max- target-q,core-platform-api, reflection, denied)
03-05 21:13:10.096 21495 21572 W com.mbwhatsapp: Accessing hidden method Lcom/android/org/conscrypt/OpenSSLSocketImpl;->setUseSessionTickets(Z)V (max- target-q,core-platform-api, reflection, denied)
03-05 21:13:10.097 21495 21572 W com.mbwhatsapp: Accessing hidden method Lcom/android/org/conscrypt/AbstractConscryptSocket;->setUseSessionTickets(Z)V (max- target-q, reflection, denied)
03-05 21:13:10.097 21495 21572 W com.mbwhatsapp: Accessing hidden method Lcom/android/org/conscrypt/ConscryptEngineSocket;->setHostname(Ljava/lang/String;)V (max-target-q,core-platform-api, reflection, denied)
03-05 21:13:10.097 21495 21572 W com.mbwhatsapp: Accessing hidden method Lcom/android/org/conscrypt/OpenSSLSocketImpl;->setHostname(Ljava/lang/String;)V (max-target-q,core-platform-api, reflection, denied)
03-05 21:13:10.097 21495 21572 W com.mbwhatsapp: Accessing hidden method Lcom/android/org/conscrypt/AbstractConscryptSocket;->setHostname(Ljava/lang/ String;)V (max-target-q, reflection, denied)
03-05 21:13:10.097 21495 21572 W com.mbwhatsapp: Accessing hidden method Lcom/android/org/conscrypt/OpenSSLSocketImpl;->setAlpnProtocols([B)V (max-target- q,core-platform-api, reflection, denied)
03-05 21:13:10.097 21495 21572 W com.mbwhatsapp: Accessing hidden method Lcom/android/org/conscrypt/AbstractConscryptSocket;->setAlpnProtocols([B)V (max- target-q, reflection, denied)
03-05 21:13:10.106 21495 21495 W com.mbwhatsapp: type=1400 audit(0.0:71198): avc: denied { search } for name="sched_assist" dev="proc" ino=4026532185 scontext=u:r:untrusted_app:s0:c64,c257,c512,c768 tcontext=u:object_r:oplus_scheduler_sched_assist_proc:s0 tclass=dir permissive=0 app=com.mbwhatsapp
03-05 21:13:10.109 21495 21495 E com.mbwhatsapp: ofbOpen failed with error=No such file or directory
03-05 21:13:10.109 21495 21495 E com.mbwhatsapp: sysOpen failed with error=No such file or directory
03-05 21:13:10.820 21495 21495 E RecyclerView: No adapter attached; skipping layout
03-05 21:13:10.906 21495 21568 W Parcel : Expecting binder but got null!
03-05 21:13:10.920 21495 21495 E ArmVmp : Match on catch block at 0x0a in for 0x793f249035
03-05 21:13:11.077 21495 21495 E RecyclerView: No adapter attached; skipping layout
03-05 21:13:11.502 21495 21635 W LOTTIE : Animation contains merge paths. Merge paths are only supported on KitKat+ and must be manually enabled by calling enableMergePathsForKitKatAndAbove().
03-05 21:13:11.697 21495 21495 W LOTTIE : Animation contains merge paths but they are disabled.
03-05 21:13:14.536 21495 21687 E RenderScript: Failed to find hal setup entry points: undefined symbol: rsdHalAbort
03-05 21:13:14.536 21495 21687 E RenderScript: Failed to load runtime , loading default
03-05 21:13:14.846 21495 21495 E ArmVmp : Match on catch block at 0x0a in for 0x793f249035
03-05 21:13:14.853 21495 21495 E ArmVmp : Match on catch block at 0x0a in for 0x793f249035
03-05 21:13:15.070 21495 21495 E ArmVmp : Match on catch block at 0xc3 in for 0x793f249021
03-05 21:13:15.072 21495 21495 E ArmVmp : Match on catch block at 0xc3 in for 0x793f249021
03-05 21:13:15.101 21495 21568 W Parcel : Expecting binder but got null!
03-05 21:13:15.127 21495 21495 E ArmVmp : Match on catch block at 0xc3 in for 0x793f249025
03-05 21:13:15.137 21495 21495 E ArmVmp : Match on catch block at 0xc3 in for 0x793f249025
03-05 21:13:15.202 21495 21495 E ArmVmp : Match on catch block at 0xc3 in for 0x793f249025
03-05 21:13:15.206 21495 21495 E ArmVmp : Match on catch block at 0xc3 in for 0x793f249025
03-05 21:13:15.230 21495 21495 E ArmVmp : Match on catch block at 0xc3 in for 0x793f249025
03-05 21:13:15.236 21495 21495 E ArmVmp : Match on catch block at 0xc3 in for 0x793f249025
03-05 21:13:15.262 21495 21495 E ArmVmp : Match on catch block at 0xc3 in for 0x793f249025
03-05 21:13:15.267 21495 21495 E ArmVmp : Match on catch block at 0xc3 in for 0x793f249025
03-05 21:13:15.289 21495 21495 E ArmVmp : Match on catch block at 0xc3 in for 0x793f249025
03-05 21:13:15.293 21495 21495 E ArmVmp : Match on catch block at 0xc3 in for 0x793f249025
03-05 21:13:15.330 21495 21495 E ArmVmp : Match on catch block at 0xc3 in for 0x793f249025
03-05 21:13:15.341 21495 21495 E ArmVmp : Match on catch block at 0xc3 in for 0x793f249025
03-05 21:13:15.362 21495 21495 E ArmVmp : Match on catch block at 0xc3 in for 0x793f249025
03-05 21:13:15.367 21495 21495 E ArmVmp : Match on catch block at 0xc3 in for 0x793f249025
03-05 21:13:15.378 21495 21495 E ArmVmp : Match on catch block at 0xc3 in for 0x793f249025
03-05 21:13:15.386 21495 21495 E ArmVmp : Match on catch block at 0xc3 in for 0x793f249025
03-05 21:13:15.398 21495 21495 E ArmVmp : Match on catch block at 0xc3 in for 0x793f249025
03-05 21:13:15.402 21495 21495 E ArmVmp : Match on catch block at 0xc3 in for 0x793f249025
03-05 21:13:15.411 21495 21495 E ArmVmp : Match on catch block at 0xc3 in for 0x793f249025
03-05 21:13:15.415 21495 21495 E ArmVmp : Match on catch block at 0xc3 in for 0x793f249025
03-05 21:13:15.428 21495 21495 E ArmVmp : Match on catch block at 0xc3 in for 0x793f249025
03-05 21:13:15.433 21495 21495 E ArmVmp : Match on catch block at 0xc3 in for 0x793f249025
03-05 21:13:15.444 21495 21495 E ArmVmp : Match on catch block at 0xc3 in for 0x793f249025
03-05 21:13:15.451 21495 21495 E ArmVmp : Match on catch block at 0xc3 in for 0x793f249025
03-05 21:13:15.485 21495 21495 E SpannableStringBuilder: SPAN_EXCLUSIVE_EXCLUSIVE spans cannot have a zero length
03-05 21:13:15.827 21495 21495 E ArmVmp : Match on catch block at 0xc3 in for 0x793f249025
03-05 21:13:15.832 21495 21495 E ArmVmp : Match on catch block at 0xc3 in for 0x793f249025
03-05 21:13:15.922 21495 21515 W LibraryVersion: Failed to get app version for libraryName: firebase-iid
03-05 21:13:16.326 21495 21495 E ArmVmp : Match on catch block at 0xc3 in for 0x793f249025
03-05 21:13:16.333 21495 21495 E ArmVmp : Match on catch block at 0xc3 in for 0x793f249025
03-05 21:13:16.823 21495 21495 E ArmVmp : Match on catch block at 0xc3 in for 0x793f249025
03-05 21:13:16.827 21495 21495 E ArmVmp : Match on catch block at 0xc3 in for 0x793f249025
03-05 21:13:17.321 21495 21495 E ArmVmp : Match on catch block at 0xc3 in for 0x793f249025
03-05 21:13:17.325 21495 21495 E ArmVmp : Match on catch block at 0xc3 in for 0x793f249025
03-05 21:13:17.819 21495 21495 E ArmVmp : Match on catch block at 0xc3 in for 0x793f249025
03-05 21:13:17.826 21495 21495 E ArmVmp : Match on catch block at 0xc3 in for 0x793f249025
03-05 21:13:18.333 21495 21495 E ArmVmp : Match on catch block at 0xc3 in for 0x793f249025
03-05 21:13:18.338 21495 21495 E ArmVmp : Match on catch block at 0xc3 in for 0x793f249025
03-05 21:13:18.831 21495 21495 E ArmVmp : Match on catch block at 0xc3 in for 0x793f249025
03-05 21:13:18.836 21495 21495 E ArmVmp : Match on catch block at 0xc3 in for 0x793f249025
03-05 21:13:19.329 21495 21495 E ArmVmp : Match on catch block at 0xc3 in for 0x793f249025
03-05 21:13:19.334 21495 21495 E ArmVmp : Match on catch block at 0xc3 in for 0x793f249025
03-05 21:13:19.827 21495 21495 E ArmVmp : Match on catch block at 0xc3 in for 0x793f249025
03-05 21:13:19.832 21495 21495 E ArmVmp : Match on catch block at 0xc3 in for 0x793f249025
03-05 21:13:19.905 21495 21495 E ArmVmp : Match on catch block at 0xc3 in for 0x793f249025
03-05 21:13:19.908 21495 21495 E ArmVmp : Match on catch block at 0xc3 in for 0x793f249025
03-05 21:13:19.916 21495 21495 E ArmVmp : Match on catch block at 0xc3 in for 0x793f249025
03-05 21:13:19.920 21495 21495 E ArmVmp : Match on catch block at 0xc3 in for 0x793f249025
03-05 21:13:19.927 21495 21495 E ArmVmp : Match on catch block at 0xc3 in for 0x793f249025
03-05 21:13:19.932 21495 21495 E ArmVmp : Match on catch block at 0xc3 in for 0x793f249025
03-05 21:13:19.942 21495 21495 E ArmVmp : Match on catch block at 0xc3 in for 0x793f249025
03-05 21:13:19.945 21495 21495 E ArmVmp : Match on catch block at 0xc3 in for 0x793f249025
03-05 21:13:19.959 21495 21495 E ArmVmp : Match on catch block at 0xc3 in for 0x793f249025
03-05 21:13:19.963 21495 21495 E ArmVmp : Match on catch block at 0xc3 in for 0x793f249025
03-05 21:13:19.976 21495 21495 E ArmVmp : Match on catch block at 0xc3 in for 0x793f249025
03-05 21:13:19.981 21495 21495 E ArmVmp : Match on catch block at 0xc3 in for 0x793f249025
03-05 21:13:19.992 21495 21495 E ArmVmp : Match on catch block at 0xc3 in for 0x793f249025
03-05 21:13:19.997 21495 21495 E ArmVmp : Match on catch block at 0xc3 in for 0x793f249025
03-05 21:13:20.008 21495 21495 E ArmVmp : Match on catch block at 0xc3 in for 0x793f249025
03-05 21:13:20.012 21495 21495 E ArmVmp : Match on catch block at 0xc3 in for 0x793f249025
03-05 21:13:20.025 21495 21495 E ArmVmp : Match on catch block at 0xc3 in for 0x793f249025
03-05 21:13:20.030 21495 21495 E ArmVmp : Match on catch block at 0xc3 in for 0x793f249025
03-05 21:13:20.041 21495 21495 E ArmVmp : Match on catch block at 0xc3 in for 0x793f249025
03-05 21:13:20.046 21495 21495 E ArmVmp : Match on catch block at 0xc3 in for 0x793f249025
03-05 21:13:20.055 21495 21503 W com.mbwhatsapp: Cleared Reference was only reachable from finalizer (only reported once)
03-05 21:13:20.058 21495 21495 E ArmVmp : Match on catch block at 0xc3 in for 0x793f249025
03-05 21:13:20.064 21495 21495 E ArmVmp : Match on catch block at 0xc3 in for 0x793f249025
03-05 21:13:20.076 21495 21495 E ArmVmp : Match on catch block at 0xc3 in for 0x793f249025
03-05 21:13:20.079 21495 21495 E ArmVmp : Match on catch block at 0xc3 in for 0x793f249025
03-05 21:13:20.091 21495 21495 E ArmVmp : Match on catch block at 0xc3 in for 0x793f249025
03-05 21:13:20.094 21495 21495 E ArmVmp : Match on catch block at 0xc3 in for 0x793f249025
03-05 21:13:20.108 21495 21495 E ArmVmp : Match on catch block at 0xc3 in for 0x793f249025
03-05 21:13:20.113 21495 21495 E ArmVmp : Match on catch block at 0xc3 in for 0x793f249025
03-05 21:13:20.125 21495 21495 E ArmVmp : Match on catch block at 0xc3 in for 0x793f249025
03-05 21:13:20.128 21495 21495 E ArmVmp : Match on catch block at 0xc3 in for 0x793f249025
03-05 21:13:20.141 21495 21495 E ArmVmp : Match on catch block at 0xc3 in for 0x793f249025
03-05 21:13:20.152 21495 21495 E ArmVmp : Match on catch block at 0xc3 in for 0x793f249025
03-05 21:13:20.158 21495 21495 E ArmVmp : Match on catch block at 0xc3 in for 0x793f249025
03-05 21:13:20.165 21495 21495 E ArmVmp : Match on catch block at 0xc3 in for 0x793f249025
03-05 21:13:20.174 21495 21495 E ArmVmp : Match on catch block at 0xc3 in for 0x793f249025
03-05 21:13:20.180 21495 21495 E ArmVmp : Match on catch block at 0xc3 in for 0x793f249025
03-05 21:13:20.191 21495 21495 E ArmVmp : Match on catch block at 0xc3 in for 0x793f249025
03-05 21:13:20.193 21495 21495 E ArmVmp : Match on catch block at 0xc3 in for 0x793f249025
03-05 21:13:20.208 21495 21495 E ArmVmp : Match on catch block at 0xc3 in for 0x793f249025
03-05 21:13:20.210 21495 21495 E ArmVmp : Match on catch block at 0xc3 in for 0x793f249025
03-05 21:13:20.224 21495 21495 E ArmVmp : Match on catch block at 0xc3 in for 0x793f249025
03-05 21:13:20.227 21495 21495 E ArmVmp : Match on catch block at 0xc3 in for 0x793f249025
03-05 21:13:20.324 21495 21495 E ArmVmp : Match on catch block at 0xc3 in for 0x793f249025
03-05 21:13:20.328 21495 21495 E ArmVmp : Match on catch block at 0xc3 in for 0x793f249025
03-05 21:13:20.840 21495 21495 E ArmVmp : Match on catch block at 0xc3 in for 0x793f249025
03-05 21:13:20.847 21495 21495 E ArmVmp : Match on catch block at 0xc3 in for 0x793f249025
03-05 21:13:21.338 21495 21495 E ArmVmp : Match on catch block at 0xc3 in for 0x793f249025
03-05 21:13:21.344 21495 21495 E ArmVmp : Match on catch block at 0xc3 in for 0x793f249025
03-05 21:13:21.835 21495 21495 E ArmVmp : Match on catch block at 0xc3 in for 0x793f249025
03-05 21:13:21.844 21495 21495 E ArmVmp : Match on catch block at 0xc3 in for 0x793f249025
03-05 21:13:22.327 21495 21495 E ArmVmp : Match on catch block at 0xc3 in for 0x793f249025
03-05 21:13:22.334 21495 21495 E ArmVmp : Match on catch block at 0xc3 in for 0x793f249025
03-05 21:13:22.400 21495 21495 E ArmVmp : Match on catch block at 0xc3 in for 0x793f249025
03-05 21:13:22.405 21495 21495 E ArmVmp : Match on catch block at 0xc3 in for 0x793f249025
03-05 21:13:22.421 21495 21495 E ArmVmp : Match on catch block at 0xc3 in for 0x793f249025
03-05 21:13:22.426 21495 21495 E ArmVmp : Match on catch block at 0xc3 in for 0x793f249025
03-05 21:13:22.434 21495 21495 E ArmVmp : Match on catch block at 0xc3 in for 0x793f249025
03-05 21:13:22.437 21495 21495 E ArmVmp : Match on catch block at 0xc3 in for 0x793f249025
03-05 21:13:22.473 21495 21495 E ArmVmp : Match on catch block at 0xc3 in for 0x793f249025
03-05 21:13:22.477 21495 21495 E ArmVmp : Match on catch block at 0xc3 in for 0x793f249025
03-05 21:13:22.514 21495 21495 E ArmVmp : Match on catch block at 0xc3 in for 0x793f249025
03-05 21:13:22.517 21495 21495 E ArmVmp : Match on catch block at 0xc3 in for 0x793f249025
03-05 21:13:22.540 21495 21495 E IPCThreadState: attemptIncStrongHandle(74): Not supported
03-05 21:13:22.596 21495 21495 E ArmVmp : Match on catch block at 0xc3 in for 0x793f249025
03-05 21:13:22.599 21495 21495 E ArmVmp : Match on catch block at 0xc3 in for 0x793f249025
03-05 21:13:22.614 21495 21495 E ArmVmp : Match on catch block at 0xc3 in for 0x793f249025
03-05 21:13:22.621 21495 21495 E ArmVmp : Match on catch block at 0xc3 in for 0x793f249025
03-05 21:13:22.648 21495 21495 E ArmVmp : Match on catch block at 0xc3 in for 0x793f249025
03-05 21:13:22.651 21495 21495 E ArmVmp : Match on catch block at 0xc3 in for 0x793f249025
03-05 21:13:22.672 21495 21495 E ArmVmp : Match on catch block at 0xc3 in for 0x793f249025
03-05 21:13:22.674 21495 21495 E ArmVmp : Match on catch block at 0xc3 in for 0x793f249025
03-05 21:13:22.710 21495 21495 E ArmVmp : Match on catch block at 0xc3 in for 0x793f249025
03-05 21:13:22.714 21495 21495 E ArmVmp : Match on catch block at 0xc3 in for 0x793f249025
03-05 21:13:22.734 21495 21495 E ArmVmp : Match on catch block at 0xc3 in for 0x793f249025
03-05 21:13:22.737 21495 21495 E ArmVmp : Match on catch block at 0xc3 in for 0x793f249025
03-05 21:13:22.865 21495 21495 E ArmVmp : Match on catch block at 0xc3 in for 0x793f249025
03-05 21:13:22.872 21495 21495 E ArmVmp : Match on catch block at 0xc3 in for 0x793f249025
03-05 21:13:22.891 21495 21495 E ArmVmp : Match on catch block at 0xc3 in for 0x793f249025
03-05 21:13:22.897 21495 21495 E ArmVmp : Match on catch block at 0xc3 in for 0x793f249025
03-05 21:13:23.110 21495 21495 E ArmVmp : Match on catch block at 0xc3 in for 0x793f249025
03-05 21:13:23.113 21495 21495 E ArmVmp : Match on catch block at 0xc3 in for 0x793f249025
03-05 21:13:28.304 21495 21495 E IPCThreadState: attemptIncStrongHandle(109): Not supported
03-05 21:13:28.325 21495 21568 W Parcel : Expecting binder but got null!
03-05 21:13:28.961 21495 21495 E ArmVmp : Match on catch block at 0x0a in for 0x793f249075
03-05 21:13:29.060 21495 21568 W Parcel : Expecting binder but got null!
03-05 21:13:29.309 21495 21495 E IPCThreadState: attemptIncStrongHandle(91): Not supported
03-05 21:13:29.322 21495 21568 W Parcel : Expecting binder but got null!
03-05 21:13:30.729 21495 21495 E RippleDrawable: The RippleDrawable.STYLE_PATTERNED animation is not supported for a non-hardware accelerated Canvas. Skipping animation.
03-05 21:13:30.743 21495 21495 E RippleDrawable: The RippleDrawable.STYLE_PATTERNED animation is not supported for a non-hardware accelerated Canvas. Skipping animation.
03-05 21:13:30.747 21495 21495 W Choreographer: Already have a pending vsync event. There should only be one at a time.
03-05 21:13:30.754 21495 21495 E RippleDrawable: The RippleDrawable.STYLE_PATTERNED animation is not supported for a non-hardware accelerated Canvas. Skipping animation.
03-05 21:13:30.770 21495 21495 E RippleDrawable: The RippleDrawable.STYLE_PATTERNED animation is not supported for a non-hardware accelerated Canvas. Skipping animation.
03-05 21:13:30.780 21495 21495 E RippleDrawable: The RippleDrawable.STYLE_PATTERNED animation is not supported for a non-hardware accelerated Canvas. Skipping animation.
03-05 21:13:30.790 21495 21495 E RippleDrawable: The RippleDrawable.STYLE_PATTERNED animation is not supported for a non-hardware accelerated Canvas. Skipping animation.
03-05 21:13:30.814 21495 21495 E ArmVmp : Match on catch block at 0x64 in for 0x793f249031
03-05 21:13:38.509 21495 21572 W com.mbwhatsapp: Accessing hidden method Lcom/android/org/conscrypt/ConscryptEngineSocket;->setUseSessionTickets(Z)V (max- target-q,core-platform-api, reflection, denied)
03-05 21:13:38.509 21495 21572 W com.mbwhatsapp: Accessing hidden method Lcom/android/org/conscrypt/OpenSSLSocketImpl;->setUseSessionTickets(Z)V (max- target-q,core-platform-api, reflection, denied)
03-05 21:13:38.509 21495 21572 W com.mbwhatsapp: Accessing hidden method Lcom/android/org/conscrypt/AbstractConscryptSocket;->setUseSessionTickets(Z)V (max- target-q, reflection, denied)
03-05 21:13:38.510 21495 21572 W com.mbwhatsapp: Accessing hidden method Lcom/android/org/conscrypt/ConscryptEngineSocket;->setHostname(Ljava/lang/String;)V (max-target-q,core-platform-api, reflection, denied)
03-05 21:13:38.510 21495 21572 W com.mbwhatsapp: Accessing hidden method Lcom/android/org/conscrypt/OpenSSLSocketImpl;->setHostname(Ljava/lang/String;)V (max-target-q,core-platform-api, reflection, denied)
03-05 21:13:38.510 21495 21572 W com.mbwhatsapp: Accessing hidden method Lcom/android/org/conscrypt/AbstractConscryptSocket;->setHostname(Ljava/lang/ String;)V (max-target-q, reflection, denied)
03-05 21:13:38.511 21495 21572 W com.mbwhatsapp: Accessing hidden method Lcom/android/org/conscrypt/OpenSSLSocketImpl;->setAlpnProtocols([B)V (max-target- q,core-platform-api, reflection, denied)
03-05 21:13:38.511 21495 21572 W com.mbwhatsapp: Accessing hidden method Lcom/android/org/conscrypt/AbstractConscryptSocket;->setAlpnProtocols([B)V (max- target-q, reflection, denied)
03-05 21:13:45.504 21495 21495 E IPCThreadState: attemptIncStrongHandle(114): Not supported
03-05 21:13:45.504 21495 21495 E IPCThreadState: attemptIncStrongHandle(98): Not supported
03-05 21:13:45.540 21495 21568 W Parcel : Expecting binder but got null!
03-05 21:13:48.205 21495 21495 E RippleDrawable: The RippleDrawable.STYLE_PATTERNED animation is not supported for a non-hardware accelerated Canvas. Skipping animation.
03-05 21:13:48.218 21495 21495 E RippleDrawable: The RippleDrawable.STYLE_PATTERNED animation is not supported for a non-hardware accelerated Canvas. Skipping animation.
03-05 21:13:48.228 21495 21495 E RippleDrawable: The RippleDrawable.STYLE_PATTERNED animation is not supported for a non-hardware accelerated Canvas. Skipping animation.
03-05 21:13:48.230 21495 21495 E RippleDrawable: The RippleDrawable.STYLE_PATTERNED animation is not supported for a non-hardware accelerated Canvas. Skipping animation.
03-05 21:13:48.244 21495 21495 E RippleDrawable: The RippleDrawable.STYLE_PATTERNED animation is not supported for a non-hardware accelerated Canvas. Skipping animation.
03-05 21:13:48.245 21495 21495 E RippleDrawable: The RippleDrawable.STYLE_PATTERNED animation is not supported for a non-hardware accelerated Canvas. Skipping animation.
03-05 21:13:48.261 21495 21495 E RippleDrawable: The RippleDrawable.STYLE_PATTERNED animation is not supported for a non-hardware accelerated Canvas. Skipping animation.
03-05 21:13:48.263 21495 21495 E RippleDrawable: The RippleDrawable.STYLE_PATTERNED animation is not supported for a non-hardware accelerated Canvas. Skipping animation.
03-05 21:13:48.316 21495 21495 W InputEventReceiver: Attempted to finish an input event but the input event receiver has already been disposed.
03-05 21:13:48.388 21495 21495 E IPCThreadState: attemptIncStrongHandle(82): Not supported
03-05 21:13:48.413 21495 21568 W Parcel : Expecting binder but got null!
03-05 21:14:04.167 21495 21572 W com.mbwhatsapp: Accessing hidden method Lcom/android/org/conscrypt/ConscryptEngineSocket;->setUseSessionTickets(Z)V (max- target-q,core-platform-api, reflection, denied)
03-05 21:14:04.168 21495 21572 W com.mbwhatsapp: Accessing hidden method Lcom/android/org/conscrypt/OpenSSLSocketImpl;->setUseSessionTickets(Z)V (max- target-q,core-platform-api, reflection, denied)
03-05 21:14:04.168 21495 21572 W com.mbwhatsapp: Accessing hidden method Lcom/android/org/conscrypt/AbstractConscryptSocket;->setUseSessionTickets(Z)V (max- target-q, reflection, denied)
03-05 21:14:04.168 21495 21572 W com.mbwhatsapp: Accessing hidden method Lcom/android/org/conscrypt/ConscryptEngineSocket;->setHostname(Ljava/lang/String;)V (max-target-q,core-platform-api, reflection, denied)
03-05 21:14:04.168 21495 21572 W com.mbwhatsapp: Accessing hidden method Lcom/android/org/conscrypt/OpenSSLSocketImpl;->setHostname(Ljava/lang/String;)V (max-target-q,core-platform-api, reflection, denied)
03-05 21:14:04.168 21495 21572 W com.mbwhatsapp: Accessing hidden method Lcom/android/org/conscrypt/AbstractConscryptSocket;->setHostname(Ljava/lang/ String;)V (max-target-q, reflection, denied)
03-05 21:14:04.169 21495 21572 W com.mbwhatsapp: Accessing hidden method Lcom/android/org/conscrypt/OpenSSLSocketImpl;->setAlpnProtocols([B)V (max-target- q,core-platform-api, reflection, denied)
03-05 21:14:04.169 21495 21572 W com.mbwhatsapp: Accessing hidden method Lcom/android/org/conscrypt/AbstractConscryptSocket;->setAlpnProtocols([B)V (max- target-q, reflection, denied)
03-05 21:14:34.476 21495 21572 W com.mbwhatsapp: Accessing hidden method Lcom/android/org/conscrypt/ConscryptEngineSocket;->setUseSessionTickets(Z)V (max- target-q,core-platform-api, reflection, denied)
03-05 21:14:34.477 21495 21572 W com.mbwhatsapp: Accessing hidden method Lcom/android/org/conscrypt/OpenSSLSocketImpl;->setUseSessionTickets(Z)V (max- target-q,core-platform-api, reflection, denied)
03-05 21:14:34.477 21495 21572 W com.mbwhatsapp: Accessing hidden method Lcom/android/org/conscrypt/AbstractConscryptSocket;->setUseSessionTickets(Z)V (max- target-q, reflection, denied)
03-05 21:14:34.477 21495 21572 W com.mbwhatsapp: Accessing hidden method Lcom/android/org/conscrypt/ConscryptEngineSocket;->setHostname(Ljava/lang/String;)V (max-target-q,core-platform-api, reflection, denied)
03-05 21:14:34.478 21495 21572 W com.mbwhatsapp: Accessing hidden method Lcom/android/org/conscrypt/OpenSSLSocketImpl;->setHostname(Ljava/lang/String;)V (max-target-q,core-platform-api, reflection, denied)
03-05 21:14:34.478 21495 21572 W com.mbwhatsapp: Accessing hidden method Lcom/android/org/conscrypt/AbstractConscryptSocket;->setHostname(Ljava/lang/ String;)V (max-target-q, reflection, denied)
03-05 21:14:34.478 21495 21572 W com.mbwhatsapp: Accessing hidden method Lcom/android/org/conscrypt/OpenSSLSocketImpl;->setAlpnProtocols([B)V (max-target- q,core-platform-api, reflection, denied)
03-05 21:14:34.478 21495 21572 W --------- beginning of main
03-05 21:17:28.611 24691 24691 E com.mbwhatsapp: Unknown bits set in runtime_flags: 0x40000000
03-05 21:17:28.618 24691 24691 E com.mbwhatsapp: Not starting debugger since process cannot load the jdwp agent.
03-05 21:17:28.675 24691 24691 W libc : Access denied finding property "ro.odm.prev.product.name"
03-05 21:17:28.801 24691 24691 W System.err: java.lang.ClassNotFoundException: mbmodsd.mbmodsw.ui.views.btn.BtnBK
03-05 21:17:28.802 24691 24691 W System.err: at java.lang.Runtime.nativeLoad(Native Method)
03-05 21:17:28.802 24691 24691 W System.err: at java.lang.Runtime.nativeLoad(Runtime.java:1126)
03-05 21:17:28.802 24691 24691 W System.err: at java.lang.Runtime.loadLibrary0(Runtime.java:1080)
03-05 21:17:28.802 24691 24691 W System.err: at java.lang.Runtime.loadLibrary0(Runtime.java:1003)
03-05 21:17:28.802 24691 24691 W System.err: at java.lang.System.loadLibrary(System.java:1661)
03-05 21:17:28.802 24691 24691 W System.err: at arm.EpicVm.<clinit>(Unknown Source:2)
03-05 21:17:28.802 24691 24691 W System.err: at java.lang.Class.newInstance(Native Method)
03-05 21:17:28.802 24691 24691 W System.err: at android.app.AppComponentFactory.instantiateApplication(AppComponentFactory.java:76)
03-05 21:17:28.802 24691 24691 W System.err: at androidx.core.app.CoreComponentFactory.instantiateApplication(Unknown Source:0)
03-05 21:17:28.802 24691 24691 W System.err: at android.app.Instrumentation.newApplication(Instrumentation.java:1251)
03-05 21:17:28.802 24691 24691 W System.err: at android.app.LoadedApk.makeApplicationInner(LoadedApk.java:1512)
03-05 21:17:28.802 24691 24691 W System.err: at android.app.LoadedApk.makeApplicationInner(LoadedApk.java:1444)
03-05 21:17:28.802 24691 24691 W System.err: at android.app.ActivityThread.handleBindApplication(ActivityThread.java:7187)
03-05 21:17:28.802 24691 24691 W System.err: at android.app.ActivityThread.-$ $Nest$mhandleBindApplication(Unknown Source:0)
03-05 21:17:28.802 24691 24691 W System.err: at android.app.ActivityThread$H.handleMessage(ActivityThread.java:2288)
03-05 21:17:28.802 24691 24691 W System.err: at android.os.Handler.dispatchMessage(Handler.java:106)
03-05 21:17:28.802 24691 24691 W System.err: at android.os.Looper.loopOnce(Looper.java:240)
03-05 21:17:28.802 24691 24691 W System.err: at android.os.Looper.loop(Looper.java:351)
03-05 21:17:28.802 24691 24691 W System.err: at android.app.ActivityThread.main(ActivityThread.java:8381)
03-05 21:17:28.802 24691 24691 W System.err: at java.lang.reflect.Method.invoke(Native Method)
03-05 21:17:28.802 24691 24691 W System.err: at com.android.internal.os.RuntimeInit$MethodAndArgsCaller.run(RuntimeInit.java:584)
03-05 21:17:28.802 24691 24691 W System.err: at com.android.internal.os.ZygoteInit.main(ZygoteInit.java:1013)
03-05 21:17:28.913 24691 24691 E CustomActivityOnCrash: IMPORTANT WARNING! You already have an UncaughtExceptionHandler, are you sure this is correct? If you use a custom UncaughtExceptionHandler, you must initialize it AFTER CustomActivityOnCrash! Installing anyway, but your original handler will not be called.
03-05 21:17:29.343 24691 24691 W com.mbwhatsapp: Accessing hidden method Lcom/android/org/conscrypt/OpenSSLSocketImpl;->setUseSessionTickets(Z)V (max- target-q,core-platform-api, reflection, denied)
03-05 21:17:29.343 24691 24691 W com.mbwhatsapp: Accessing hidden method Lcom/android/org/conscrypt/AbstractConscryptSocket;->setUseSessionTickets(Z)V (max- target-q, reflection, denied)
03-05 21:17:29.418 24691 24691 W com.mbwhatsapp: type=1400 audit(0.0:71649): avc: granted { execute } for path="/data/data/com.mbwhatsapp/files/decompressed/libs.spk.zst/libc++_shared.so" dev="dm-59" ino=230443 scontext=u:r:untrusted_app:s0:c64,c257,c512,c768 tcontext=u:object_r:app_data_file:s0:c64,c257,c512,c768 tclass=file app=com.mbwhatsapp
03-05 21:17:29.422 24691 24691 W com.mbwhatsapp: type=1400 audit(0.0:71650): avc: granted { execute } for path="/data/data/com.mbwhatsapp/files/decompressed/libs.spk.zst/libvlc.so" dev="dm- 59" ino=237353 scontext=u:r:untrusted_app:s0:--------- beginning of main
03-05 21:19:15.262 27838 27838 E com.mbwhatsapp: Unknown bits set in runtime_flags: 0x40000000
03-05 21:19:15.268 27838 27838 E com.mbwhatsapp: Not starting debugger since process cannot load the jdwp agent.
03-05 21:19:15.353 27838 27838 W libc : Access denied finding property "ro.odm.prev.product.name"
03-05 21:19:15.775 27838 27838 W System.err: java.lang.ClassNotFoundException: mbmodsd.mbmodsw.ui.views.btn.BtnBK
03-05 21:19:15.775 27838 27838 W System.err: at java.lang.Runtime.nativeLoad(Native Method)
03-05 21:19:15.775 27838 27838 W System.err: at java.lang.Runtime.nativeLoad(Runtime.java:1126)
03-05 21:19:15.775 27838 27838 W System.err: at java.lang.Runtime.loadLibrary0(Runtime.java:1080)
03-05 21:19:15.775 27838 27838 W System.err: at java.lang.Runtime.loadLibrary0(Runtime.java:1003)
03-05 21:19:15.775 27838 27838 W System.err: at java.lang.System.loadLibrary(System.java:1661)
03-05 21:19:15.775 27838 27838 W System.err: at arm.EpicVm.<clinit>(Unknown Source:2)
03-05 21:19:15.775 27838 27838 W System.err: at java.lang.Class.newInstance(Native Method)
03-05 21:19:15.776 27838 27838 W System.err: at android.app.AppComponentFactory.instantiateApplication(AppComponentFactory.java:76)
03-05 21:19:15.776 27838 27838 W System.err: at androidx.core.app.CoreComponentFactory.instantiateApplication(Unknown Source:0)
03-05 21:19:15.776 27838 27838 W System.err: at android.app.Instrumentation.newApplication(Instrumentation.java:1251)
03-05 21:19:15.776 27838 27838 W System.err: at android.app.LoadedApk.makeApplicationInner(LoadedApk.java:1512)
03-05 21:19:15.776 27838 27838 W System.err: at android.app.LoadedApk.makeApplicationInner(LoadedApk.java:1444)
03-05 21:19:15.776 27838 27838 W System.err: at android.app.ActivityThread.handleBindApplication(ActivityThread.java:7187)
03-05 21:19:15.776 27838 27838 W System.err: at android.app.ActivityThread.-$ $Nest$mhandleBindApplication(Unknown Source:0)
03-05 21:19:15.776 27838 27838 W System.err: at android.app.ActivityThread$H.handleMessage(ActivityThread.java:2288)
03-05 21:19:15.776 27838 27838 W System.err: at android.os.Handler.dispatchMessage(Handler.java:106)
03-05 21:19:15.776 27838 27838 W System.err: at android.os.Looper.loopOnce(Looper.java:240)
03-05 21:19:15.776 27838 27838 W System.err: at android.os.Looper.loop(Looper.java:351)
03-05 21:19:15.776 27838 27838 W System.err: at android.app.ActivityThread.main(ActivityThread.java:8381)
03-05 21:19:15.776 27838 27838 W System.err: at java.lang.reflect.Method.invoke(Native Method)
03-05 21:19:15.776 27838 27838 W System.err: at com.android.internal.os.RuntimeInit$MethodAndArgsCaller.run(RuntimeInit.java:584)
03-05 21:19:15.776 27838 27838 W System.err: at com.android.internal.os.ZygoteInit.main(ZygoteInit.java:1013)
03-05 21:19:15.825 27838 27838 E CustomActivityOnCrash: IMPORTANT WARNING! You already have an UncaughtExceptionHandler, are you sure this is correct? If you use a custom UncaughtExceptionHandler, you must initialize it AFTER CustomActivityOnCrash! Installing anyway, but your original handler will not be called.
03-05 21:19:16.955 27838 27838 W com.mbwhatsapp: Accessing hidden method Lcom/android/org/conscrypt/OpenSSLSocketImpl;->setUseSessionTickets(Z)V (max- target-q,core-platform-api, reflection, denied)
03-05 21:19:16.955 27838 27838 W com.mbwhatsapp: Accessing hidden method Lcom/android/org/conscrypt/AbstractConscryptSocket;->setUseSessionTickets(Z)V (max- target-q, reflection, denied)
03-05 21:19:17.066 27838 27838 W com.mbwhatsapp: type=1400 audit(0.0:72326): avc: granted { execute } for path="/data/data/com.mbwhatsapp/files/decompressed/libs.spk.zst/libc++_shared.so" dev="dm-59" ino=230443 scontext=u:r:untrusted_app:s0:c64,c257,c512,c768 tcontext=u:object_r:app_data_file:s0:c64,c257,c512,c768 tclass=file app=com.mbwhatsapp
03-05 21:19:17.078 27838 27838 W com.mbwhatsapp: type=1400 audit(0.0:72327): avc: granted { execute } for path="/data/data/com.mbwhatsapp/files/decompressed/libs.spk.zst/libvlc.so" dev="dm- 59" ino=237353 scontext=u:r:untrusted_app:s0:--------- beginning of main
03-05 21:19:53.724 29737 29737 E com.mbwhatsapp: Unknown bits set in runtime_flags: 0x40000000
03-05 21:19:53.730 29737 29737 E com.mbwhatsapp: Not starting debugger since process cannot load the jdwp agent.
03-05 21:19:53.782 29737 29737 W libc : Access denied finding property "ro.odm.prev.product.name"
03-05 21:19:53.953 29737 29737 W System.err: java.lang.ClassNotFoundException: mbmodsd.mbmodsw.ui.views.btn.BtnBK
03-05 21:19:53.953 29737 29737 W System.err: at java.lang.Runtime.nativeLoad(Native Method)
03-05 21:19:53.953 29737 29737 W System.err: at java.lang.Runtime.nativeLoad(Runtime.java:1126)
03-05 21:19:53.953 29737 29737 W System.err: at java.lang.Runtime.loadLibrary0(Runtime.java:1080)
03-05 21:19:53.953 29737 29737 W System.err: at java.lang.Runtime.loadLibrary0(Runtime.java:1003)
03-05 21:19:53.954 29737 29737 W System.err: at java.lang.System.loadLibrary(System.java:1661)
03-05 21:19:53.954 29737 29737 W System.err: at arm.EpicVm.<clinit>(Unknown Source:2)
03-05 21:19:53.954 29737 29737 W System.err: at java.lang.Class.newInstance(Native Method)
03-05 21:19:53.954 29737 29737 W System.err: at android.app.AppComponentFactory.instantiateApplication(AppComponentFactory.java:76)
03-05 21:19:53.954 29737 29737 W System.err: at androidx.core.app.CoreComponentFactory.instantiateApplication(Unknown Source:0)
03-05 21:19:53.954 29737 29737 W System.err: at android.app.Instrumentation.newApplication(Instrumentation.java:1251)
03-05 21:19:53.954 29737 29737 W System.err: at android.app.LoadedApk.makeApplicationInner(LoadedApk.java:1512)
03-05 21:19:53.954 29737 29737 W System.err: at android.app.LoadedApk.makeApplicationInner(LoadedApk.java:1444)
03-05 21:19:53.954 29737 29737 W System.err: at android.app.ActivityThread.handleBindApplication(ActivityThread.java:7187)
03-05 21:19:53.954 29737 29737 W System.err: at android.app.ActivityThread.-$ $Nest$mhandleBindApplication(Unknown Source:0)
03-05 21:19:53.954 29737 29737 W System.err: at android.app.ActivityThread$H.handleMessage(ActivityThread.java:2288)
03-05 21:19:53.954 29737 29737 W System.err: at android.os.Handler.dispatchMessage(Handler.java:106)
03-05 21:19:53.954 29737 29737 W System.err: at android.os.Looper.loopOnce(Looper.java:240)
03-05 21:19:53.954 29737 29737 W System.err: at android.os.Looper.loop(Looper.java:351)
03-05 21:19:53.954 29737 29737 W System.err: at android.app.ActivityThread.main(ActivityThread.java:8381)
03-05 21:19:53.954 29737 29737 W System.err: at java.lang.reflect.Method.invoke(Native Method)
03-05 21:19:53.954 29737 29737 W System.err: at com.android.internal.os.RuntimeInit$MethodAndArgsCaller.run(RuntimeInit.java:584)
03-05 21:19:53.954 29737 29737 W System.err: at com.android.internal.os.ZygoteInit.main(ZygoteInit.java:1013)
03-05 21:19:53.968 29737 29737 E CustomActivityOnCrash: IMPORTANT WARNING! You already have an UncaughtExceptionHandler, are you sure this is correct? If you use a custom UncaughtExceptionHandler, you must initialize it AFTER CustomActivityOnCrash! Installing anyway, but your original handler will not be called.
03-05 21:19:54.305 29737 29737 W com.mbwhatsapp: Accessing hidden method Lcom/android/org/conscrypt/OpenSSLSocketImpl;->setUseSessionTickets(Z)V (max- target-q,core-platform-api, reflection, denied)
03-05 21:19:54.305 29737 29737 W com.mbwhatsapp: Accessing hidden method Lcom/android/org/conscrypt/AbstractConscryptSocket;->setUseSessionTickets(Z)V (max- target-q, reflection, denied)
03-05 21:19:54.430 29737 29737 W com.mbwhatsapp: type=1400 audit(0.0:72454): avc: granted { execute } for path="/data/data/com.mbwhatsapp/files/decompressed/libs.spk.zst/libc++_shared.so" dev="dm-59" ino=230443 scontext=u:r:untrusted_app:s0:c64,c257,c512,c768 tcontext=u:object_r:app_data_file:s0:c64,c257,c512,c768 tclass=file app=com.mbwhatsapp
03-05 21:19:54.434 29737 29737 W com.mbwhatsapp: type=1400 audit(0.0:72455): avc: granted { execute } for path="/data/data/com.mbwhatsapp/files/decompressed/libs.spk.zst/libvlc.so" dev="dm- 59" ino=237353 scontext=u:r:untrusted_app:s0:--------- beginning of main
03-05 21:21:27.589 31310 31310 E com.mbwhatsapp: Unknown bits set in runtime_flags: 0x40000000
03-05 21:21:27.595 31310 31310 E com.mbwhatsapp: Not starting debugger since process cannot load the jdwp agent.
03-05 21:21:27.652 31310 31310 W libc : Access denied finding property "ro.odm.prev.product.name"
03-05 21:21:27.804 31310 31310 W System.err: java.lang.ClassNotFoundException: mbmodsd.mbmodsw.ui.views.btn.BtnBK
03-05 21:21:27.805 31310 31310 W System.err: at java.lang.Runtime.nativeLoad(Native Method)
03-05 21:21:27.805 31310 31310 W System.err: at java.lang.Runtime.nativeLoad(Runtime.java:1126)
03-05 21:21:27.805 31310 31310 W System.err: at java.lang.Runtime.loadLibrary0(Runtime.java:1080)
03-05 21:21:27.805 31310 31310 W System.err: at java.lang.Runtime.loadLibrary0(Runtime.java:1003)
03-05 21:21:27.805 31310 31310 W System.err: at java.lang.System.loadLibrary(System.java:1661)
03-05 21:21:27.805 31310 31310 W System.err: at arm.EpicVm.<clinit>(Unknown Source:2)
03-05 21:21:27.805 31310 31310 W System.err: at java.lang.Class.newInstance(Native Method)
03-05 21:21:27.805 31310 31310 W System.err: at android.app.AppComponentFactory.instantiateApplication(AppComponentFactory.java:76)
03-05 21:21:27.805 31310 31310 W System.err: at androidx.core.app.CoreComponentFactory.instantiateApplication(Unknown Source:0)
03-05 21:21:27.805 31310 31310 W System.err: at android.app.Instrumentation.newApplication(Instrumentation.java:1251)
03-05 21:21:27.805 31310 31310 W System.err: at android.app.LoadedApk.makeApplicationInner(LoadedApk.java:1512)
03-05 21:21:27.805 31310 31310 W System.err: at android.app.LoadedApk.makeApplicationInner(LoadedApk.java:1444)
03-05 21:21:27.805 31310 31310 W System.err: at android.app.ActivityThread.handleBindApplication(ActivityThread.java:7187)
03-05 21:21:27.805 31310 31310 W System.err: at android.app.ActivityThread.-$ $Nest$mhandleBindApplication(Unknown Source:0)
03-05 21:21:27.805 31310 31310 W System.err: at android.app.ActivityThread$H.handleMessage(ActivityThread.java:2288)
03-05 21:21:27.805 31310 31310 W System.err: at android.os.Handler.dispatchMessage(Handler.java:106)
03-05 21:21:27.805 31310 31310 W System.err: at android.os.Looper.loopOnce(Looper.java:240)
03-05 21:21:27.805 31310 31310 W System.err: at android.os.Looper.loop(Looper.java:351)
03-05 21:21:27.805 31310 31310 W System.err: at android.app.ActivityThread.main(ActivityThread.java:8381)
03-05 21:21:27.805 31310 31310 W System.err: at java.lang.reflect.Method.invoke(Native Method)
03-05 21:21:27.805 31310 31310 W System.err: at com.android.internal.os.RuntimeInit$MethodAndArgsCaller.run(RuntimeInit.java:584)
03-05 21:21:27.805 31310 31310 W System.err: at com.android.internal.os.ZygoteInit.main(ZygoteInit.java:1013)
03-05 21:21:27.818 31310 31310 E CustomActivityOnCrash: IMPORTANT WARNING! You already have an UncaughtExceptionHandler, are you sure this is correct? If you use a custom UncaughtExceptionHandler, you must initialize it AFTER CustomActivityOnCrash! Installing anyway, but your original handler will not be called.
03-05 21:21:28.076 31310 31310 W com.mbwhatsapp: Accessing hidden method Lcom/android/org/conscrypt/OpenSSLSocketImpl;->setUseSessionTickets(Z)V (max- target-q,core-platform-api, reflection, denied)
03-05 21:21:28.076 31310 31310 W com.mbwhatsapp: Accessing hidden method Lcom/android/org/conscrypt/AbstractConscryptSocket;->setUseSessionTickets(Z)V (max- target-q, reflection, denied)
03-05 21:21:28.106 31310 31310 W com.mbwhatsapp: type=1400 audit(0.0:72844): avc: granted { execute } for path="/data/data/com.mbwhatsapp/files/decompressed/libs.spk.zst/libc++_shared.so" dev="dm-59" ino=230443 scontext=u:r:untrusted_app:s0:c64,c257,c512,c768 tcontext=u:object_r:app_data_file:s0:c64,c257,c512,c768 tclass=file app=com.mbwhatsapp
03-05 21:21:28.110 31310 31310 W com.mbwhatsapp: type=1400 audit(0.0:72845): avc: granted { execute } for path="/data/data/com.mbwhatsapp/files/decompressed/libs.spk.zst/libvlc.so" dev="dm- 59" ino=237353 scontext=u:r:untrusted_app:s0:--------- beginning of main
03-05 21:23:36.103 646 646 E com.mbwhatsapp: Unknown bits set in runtime_flags: 0x40000000
03-05 21:23:36.112 646 646 E com.mbwhatsapp: Not starting debugger since process cannot load the jdwp agent.
03-05 21:23:36.172 646 646 W libc : Access denied finding property "ro.odm.prev.product.name"
03-05 21:23:36.350 646 646 W System.err: java.lang.ClassNotFoundException: mbmodsd.mbmodsw.ui.views.btn.BtnBK
03-05 21:23:36.350 646 646 W System.err: at java.lang.Runtime.nativeLoad(Native Method)
03-05 21:23:36.350 646 646 W System.err: at java.lang.Runtime.nativeLoad(Runtime.java:1126)
03-05 21:23:36.350 646 646 W System.err: at java.lang.Runtime.loadLibrary0(Runtime.java:1080)
03-05 21:23:36.350 646 646 W System.err: at java.lang.Runtime.loadLibrary0(Runtime.java:1003)
03-05 21:23:36.351 646 646 W System.err: at java.lang.System.loadLibrary(System.java:1661)
03-05 21:23:36.351 646 646 W System.err: at arm.EpicVm.<clinit>(Unknown Source:2)
03-05 21:23:36.351 646 646 W System.err: at java.lang.Class.newInstance(Native Method)
03-05 21:23:36.351 646 646 W System.err: at android.app.AppComponentFactory.instantiateApplication(AppComponentFactory.java:76)
03-05 21:23:36.351 646 646 W System.err: at androidx.core.app.CoreComponentFactory.instantiateApplication(Unknown Source:0)
03-05 21:23:36.351 646 646 W System.err: at android.app.Instrumentation.newApplication(Instrumentation.java:1251)
03-05 21:23:36.351 646 646 W System.err: at android.app.LoadedApk.makeApplicationInner(LoadedApk.java:1512)
03-05 21:23:36.351 646 646 W System.err: at android.app.LoadedApk.makeApplicationInner(LoadedApk.java:1444)
03-05 21:23:36.351 646 646 W System.err: at android.app.ActivityThread.handleBindApplication(ActivityThread.java:7187)
03-05 21:23:36.351 646 646 W System.err: at android.app.ActivityThread.-$ $Nest$mhandleBindApplication(Unknown Source:0)
03-05 21:23:36.351 646 646 W System.err: at android.app.ActivityThread$H.handleMessage(ActivityThread.java:2288)
03-05 21:23:36.351 646 646 W System.err: at android.os.Handler.dispatchMessage(Handler.java:106)
03-05 21:23:36.351 646 646 W System.err: at android.os.Looper.loopOnce(Looper.java:240)
03-05 21:23:36.351 646 646 W System.err: at android.os.Looper.loop(Looper.java:351)
03-05 21:23:36.351 646 646 W System.err: at android.app.ActivityThread.main(ActivityThread.java:8381)
03-05 21:23:36.351 646 646 W System.err: at java.lang.reflect.Method.invoke(Native Method)
03-05 21:23:36.351 646 646 W System.err: at com.android.internal.os.RuntimeInit$MethodAndArgsCaller.run(RuntimeInit.java:584)
03-05 21:23:36.351 646 646 W System.err: at com.android.internal.os.ZygoteInit.main(ZygoteInit.java:1013)
03-05 21:23:36.366 646 646 E CustomActivityOnCrash: IMPORTANT WARNING! You already have an UncaughtExceptionHandler, are you sure this is correct? If you use a custom UncaughtExceptionHandler, you must initialize it AFTER CustomActivityOnCrash! Installing anyway, but your original handler will not be called.
03-05 21:23:36.681 646 646 W com.mbwhatsapp: Accessing hidden method Lcom/android/org/conscrypt/OpenSSLSocketImpl;->setUseSessionTickets(Z)V (max- target-q,core-platform-api, reflection, denied)
03-05 21:23:36.681 646 646 W com.mbwhatsapp: Accessing hidden method Lcom/android/org/conscrypt/AbstractConscryptSocket;->setUseSessionTickets(Z)V (max- target-q, reflection, denied)
03-05 21:23:36.718 646 646 W com.mbwhatsapp: type=1400 audit(0.0:73244): avc: granted { execute } for path="/data/data/com.mbwhatsapp/files/decompressed/libs.spk.zst/libc++_shared.so" dev="dm-59" ino=230443 scontext=u:r:untrusted_app:s0:c64,c257,c512,c768 tcontext=u:object_r:app_data_file:s0:c64,c257,c512,c768 tclass=file app=com.mbwhatsapp
03-05 21:23:36.734 646 646 W com.mbwhatsapp: type=1400 audit(0.0:73245): avc: granted { execute } for path="/data/data/com.mbwhatsapp/files/decompressed/libs.spk.zst/libvlc.so" dev="dm- 59" ino=237353 scontext=u:r:untrusted_app:s0:--------- beginning of main
03-05 21:26:51.799 8166 8166 E com.mbwhatsapp: Unknown bits set in runtime_flags: 0x40000000
03-05 21:26:51.804 8166 8166 E com.mbwhatsapp: Not starting debugger since process cannot load the jdwp agent.
03-05 21:26:51.886 8166 8166 W libc : Access denied finding property "ro.odm.prev.product.name"
03-05 21:26:52.126 8166 8166 W System.err: java.lang.ClassNotFoundException: mbmodsd.mbmodsw.ui.views.btn.BtnBK
03-05 21:26:52.127 8166 8166 W System.err: at java.lang.Runtime.nativeLoad(Native Method)
03-05 21:26:52.127 8166 8166 W System.err: at java.lang.Runtime.nativeLoad(Runtime.java:1126)
03-05 21:26:52.127 8166 8166 W System.err: at java.lang.Runtime.loadLibrary0(Runtime.java:1080)
03-05 21:26:52.127 8166 8166 W System.err: at java.lang.Runtime.loadLibrary0(Runtime.java:1003)
03-05 21:26:52.127 8166 8166 W System.err: at java.lang.System.loadLibrary(System.java:1661)
03-05 21:26:52.127 8166 8166 W System.err: at arm.EpicVm.<clinit>(Unknown Source:2)
03-05 21:26:52.127 8166 8166 W System.err: at java.lang.Class.newInstance(Native Method)
03-05 21:26:52.127 8166 8166 W System.err: at android.app.AppComponentFactory.instantiateApplication(AppComponentFactory.java:76)
03-05 21:26:52.127 8166 8166 W System.err: at androidx.core.app.CoreComponentFactory.instantiateApplication(Unknown Source:0)
03-05 21:26:52.127 8166 8166 W System.err: at android.app.Instrumentation.newApplication(Instrumentation.java:1251)
03-05 21:26:52.127 8166 8166 W System.err: at android.app.LoadedApk.makeApplicationInner(LoadedApk.java:1512)
03-05 21:26:52.127 8166 8166 W System.err: at android.app.LoadedApk.makeApplicationInner(LoadedApk.java:1444)
03-05 21:26:52.127 8166 8166 W System.err: at android.app.ActivityThread.handleBindApplication(ActivityThread.java:7187)
03-05 21:26:52.127 8166 8166 W System.err: at android.app.ActivityThread.-$ $Nest$mhandleBindApplication(Unknown Source:0)
03-05 21:26:52.127 8166 8166 W System.err: at android.app.ActivityThread$H.handleMessage(ActivityThread.java:2288)
03-05 21:26:52.127 8166 8166 W System.err: at android.os.Handler.dispatchMessage(Handler.java:106)
03-05 21:26:52.127 8166 8166 W System.err: at android.os.Looper.loopOnce(Looper.java:240)
03-05 21:26:52.128 8166 8166 W System.err: at android.os.Looper.loop(Looper.java:351)
03-05 21:26:52.128 8166 8166 W System.err: at android.app.ActivityThread.main(ActivityThread.java:8381)
03-05 21:26:52.128 8166 8166 W System.err: at java.lang.reflect.Method.invoke(Native Method)
03-05 21:26:52.128 8166 8166 W System.err: at com.android.internal.os.RuntimeInit$MethodAndArgsCaller.run(RuntimeInit.java:584)
03-05 21:26:52.128 8166 8166 W System.err: at com.android.internal.os.ZygoteInit.main(ZygoteInit.java:1013)
03-05 21:26:52.158 8166 8166 E CustomActivityOnCrash: IMPORTANT WARNING! You already have an UncaughtExceptionHandler, are you sure this is correct? If you use a custom UncaughtExceptionHandler, you must initialize it AFTER CustomActivityOnCrash! Installing anyway, but your original handler will not be called.
03-05 21:26:52.609 8166 8166 W com.mbwhatsapp: Accessing hidden method Lcom/android/org/conscrypt/OpenSSLSocketImpl;->setUseSessionTickets(Z)V (max- target-q,core-platform-api, reflection, denied)
03-05 21:26:52.609 8166 8166 W com.mbwhatsapp: Accessing hidden method Lcom/android/org/conscrypt/AbstractConscryptSocket;->setUseSessionTickets(Z)V (max- target-q, reflection, denied)
03-05 21:26:52.870 8166 8166 W com.mbwhatsapp: type=1400 audit(0.0:74098): avc: granted { execute } for path="/data/data/com.mbwhatsapp/files/decompressed/libs.spk.zst/libwhatsapp.so" dev="dm-59" ino=233919 scontext=u:r:untrusted_app:s0:c64,c257,c512,c768 tcontext=u:object_r:app_data_file:s0:c64,c257,c512,c768 tclass=file app=com.mbwhatsapp
03-05 21:26:52.874 8166 8166 W com.mbwhatsapp: type=1400 audit(0.0:74099): avc: granted { execute } for path="/data/data/com.mbwhatsapp/files/decompressed/libs.spk.zst/libwhatsapp.so" dev="dm-59" ino=233919 scontext=u:r:untrusted_app:--------- beginning of main
03-05 21:28:36.049 9606 9606 E com.mbwhatsapp: Unknown bits set in runtime_flags: 0x40000000
03-05 21:28:36.056 9606 9606 E com.mbwhatsapp: Not starting debugger since process cannot load the jdwp agent.
03-05 21:28:36.118 9606 9606 W libc : Access denied finding property "ro.odm.prev.product.name"
03-05 21:28:36.271 9606 9606 W System.err: java.lang.ClassNotFoundException: mbmodsd.mbmodsw.ui.views.btn.BtnBK
03-05 21:28:36.272 9606 9606 W System.err: at java.lang.Runtime.nativeLoad(Native Method)
03-05 21:28:36.272 9606 9606 W System.err: at java.lang.Runtime.nativeLoad(Runtime.java:1126)
03-05 21:28:36.272 9606 9606 W System.err: at java.lang.Runtime.loadLibrary0(Runtime.java:1080)
03-05 21:28:36.272 9606 9606 W System.err: at java.lang.Runtime.loadLibrary0(Runtime.java:1003)
03-05 21:28:36.272 9606 9606 W System.err: at java.lang.System.loadLibrary(System.java:1661)
03-05 21:28:36.272 9606 9606 W System.err: at arm.EpicVm.<clinit>(Unknown Source:2)
03-05 21:28:36.272 9606 9606 W System.err: at java.lang.Class.newInstance(Native Method)
03-05 21:28:36.272 9606 9606 W System.err: at android.app.AppComponentFactory.instantiateApplication(AppComponentFactory.java:76)
03-05 21:28:36.272 9606 9606 W System.err: at androidx.core.app.CoreComponentFactory.instantiateApplication(Unknown Source:0)
03-05 21:28:36.272 9606 9606 W System.err: at android.app.Instrumentation.newApplication(Instrumentation.java:1251)
03-05 21:28:36.272 9606 9606 W System.err: at android.app.LoadedApk.makeApplicationInner(LoadedApk.java:1512)
03-05 21:28:36.272 9606 9606 W System.err: at android.app.LoadedApk.makeApplicationInner(LoadedApk.java:1444)
03-05 21:28:36.272 9606 9606 W System.err: at android.app.ActivityThread.handleBindApplication(ActivityThread.java:7187)
