02-16 09:43:24.173 24510 24510 D checklines: moveScrollView to 1 to 2739 : 2664
02-16 09:43:24.188 24510 24510 D checklines: moveScrollView to 1 to 2739 : 2665
02-16 09:43:24.192 24510 24510 D checklines: moveScrollView to 1 to 2739 : 2666
02-16 09:43:24.207 24510 24510 D checklines: moveScrollView to 1 to 2739 : 2667
02-16 09:43:24.212 24510 24510 D checklines: moveScrollView to 1 to 2739 : 2668
02-16 09:43:24.223 24510 24510 D checklines: moveScrollView to 1 to 2739 : 2669
02-16 09:43:24.240 24510 24510 D checklines: moveScrollView to 1 to 2739 : 2670
02-16 09:43:24.243 24510 24510 D checklines: moveScrollView to 1 to 2739 : 2671
02-16 09:43:24.256 24510 24510 D checklines: moveScrollView to 1 to 2739 : 2672
02-16 09:43:24.264 24510 24510 D checklines: moveScrollView to 1 to 2739 : 2673
02-16 09:43:24.275 24510 24510 D checklines: moveScrollView to 1 to 2739 : 2674
02-16 09:43:24.290 24510 24510 D checklines: moveScrollView to 1 to 2739 : 2675
02-16 09:43:24.293 24510 24510 D checklines: moveScrollView to 1 to 2739 : 2676
02-16 09:43:24.308 24510 24510 D checklines: moveScrollView to 1 to 2739 : 2677
02-16 09:43:24.313 24510 24510 D checklines: moveScrollView to 1 to 2739 : 2678
02-16 09:43:24.324 24510 24510 D checklines: moveScrollView to 1 to 2739 : 2679
02-16 09:43:24.342 24510 24510 D checklines: moveScrollView to 1 to 2739 : 2680
02-16 09:43:24.344 24510 24510 D checklines: moveScrollView to 1 to 2739 : 2681
02-16 09:43:24.357 24510 24510 D checklines: moveScrollView to 1 to 2739 : 2682
02-16 09:43:24.364 24510 24510 D checklines: moveScrollView to 1 to 2739 : 2683
02-16 09:43:24.375 24510 24510 D checklines: moveScrollView to 1 to 2739 : 2684
02-16 09:43:24.390 24510 24510 D checklines: moveScrollView to 1 to 2739 : 2685
02-16 09:43:24.395 24510 24510 D checklines: moveScrollView to 1 to 2739 : 2686
02-16 09:43:24.408 24510 24510 D checklines: moveScrollView to 1 to 2739 : 2687
02-16 09:43:24.424 24510 24510 D checklines: moveScrollView to 1 to 2739 : 2688
02-16 09:43:24.425 24510 24510 D checklines: moveScrollView to 1 to 2739 : 2689
02-16 09:43:24.441 24510 24510 D checklines: moveScrollView to 1 to 2739 : 2690
02-16 09:43:24.446 24510 24510 D checklines: moveScrollView to 1 to 2739 : 2691
02-16 09:43:24.458 24510 24510 D checklines: moveScrollView to 1 to 2739 : 2692
02-16 09:43:24.475 24510 24510 D checklines: moveScrollView to 1 to 2739 : 2693
02-16 09:43:24.476 24510 24510 D checklines: moveScrollView to 1 to 2739 : 2694
02-16 09:43:24.492 24510 24510 D checklines: moveScrollView to 1 to 2739 : 2695
02-16 09:43:24.497 24510 24510 D checklines: moveScrollView to 1 to 2739 : 2696
02-16 09:43:24.509 24510 24510 D checklines: moveScrollView to 1 to 2739 : 2697
02-16 09:43:24.526 24510 24510 D checklines: moveScrollView to 1 to 2739 : 2698
02-16 09:43:24.527 24510 24510 D checklines: moveScrollView to 1 to 2739 : 2699
02-16 09:43:24.542 24510 24510 D checklines: moveScrollView to 1 to 2739 : 2700
02-16 09:43:24.548 24510 24510 D checklines: moveScrollView to 1 to 2739 : 2701
02-16 09:43:24.559 24510 24510 D checklines: moveScrollView to 1 to 2739 : 2702
02-16 09:43:24.576 24510 24510 D checklines: moveScrollView to 1 to 2739 : 2703
02-16 09:43:24.577 24510 24510 D checklines: moveScrollView to 1 to 2739 : 2704
02-16 09:43:24.592 24510 24510 D checklines: moveScrollView to 1 to 2739 : 2705
02-16 09:43:24.598 24510 24510 D checklines: moveScrollView to 1 to 2739 : 2706
02-16 09:43:24.609 24510 24510 D checklines: moveScrollView to 1 to 2739 : 2707
02-16 09:43:24.626 24510 24510 D checklines: moveScrollView to 1 to 2739 : 2708
02-16 09:43:24.627 24510 24510 D checklines: moveScrollView to 1 to 2739 : 2709
02-16 09:43:24.643 24510 24510 D checklines: moveScrollView to 1 to 2739 : 2710
02-16 09:43:24.648 24510 24510 D checklines: moveScrollView to 1 to 2739 : 2711
02-16 09:43:24.660 24510 24510 D checklines: moveScrollView to 1 to 2739 : 2712
02-16 09:43:24.677 24510 24510 D checklines: moveScrollView to 1 to 2739 : 2713
02-16 09:43:24.678 24510 24510 D checklines: moveScrollView to 1 to 2739 : 2714
02-16 09:43:24.694 24510 24510 D checklines: moveScrollView to 1 to 2739 : 2715
02-16 09:43:24.698 24510 24510 D checklines: moveScrollView to 1 to 2739 : 2716
02-16 09:43:24.709 24510 24510 D checklines: moveScrollView to 1 to 2739 : 2717
02-16 09:43:24.727 24510 24510 D checklines: moveScrollView to 1 to 2739 : 2718
02-16 09:43:24.729 24510 24510 D checklines: moveScrollView to 1 to 2739 : 2719
02-16 09:43:24.743 24510 24510 D checklines: moveScrollView to 1 to 2739 : 2720
02-16 09:43:24.749 24510 24510 D checklines: moveScrollView to 1 to 2739 : 2721
02-16 09:43:24.760 24510 24510 D checklines: moveScrollView to 1 to 2739 : 2722
02-16 09:43:24.776 24510 24510 D checklines: moveScrollView to 1 to 2739 : 2723
02-16 09:43:24.780 24510 24510 D checklines: moveScrollView to 1 to 2739 : 2724
02-16 09:43:24.793 24510 24510 D checklines: moveScrollView to 1 to 2739 : 2725
02-16 09:43:24.801 24510 24510 D checklines: moveScrollView to 1 to 2739 : 2726
02-16 09:43:24.810 24510 24510 D checklines: moveScrollView to 1 to 2739 : 2727
02-16 09:43:24.826 24510 24510 D checklines: moveScrollView to 1 to 2739 : 2728
02-16 09:43:24.830 24510 24510 D checklines: moveScrollView to 1 to 2739 : 2729
02-16 09:43:24.844 24510 24510 D checklines: moveScrollView to 1 to 2739 : 2730
02-16 09:43:24.851 24510 24510 D checklines: moveScrollView to 1 to 2739 : 2731
02-16 09:43:24.861 24510 24510 D checklines: moveScrollView to 1 to 2739 : 2732
02-16 09:43:24.878 24510 24510 D checklines: moveScrollView to 1 to 2739 : 2733
02-16 09:43:24.881 24510 24510 D checklines: moveScrollView to 1 to 2739 : 2734
02-16 09:43:24.894 24510 24510 D checklines: moveScrollView to 1 to 2739 : 2735
02-16 09:43:24.902 24510 24510 D checklines: moveScrollView to 1 to 2739 : 2736
02-16 09:43:24.912 24510 24510 D checklines: moveScrollView to 1 to 2739 : 2737
02-16 09:43:24.928 24510 24510 D checklines: moveScrollView to 1 to 2739 : 2738
02-16 09:43:24.933 24510 24510 D yyyyy : laste pause is : 563140211
02-16 09:43:24.933 24510 24510 D checklines: moveScrollView to 1 to 2739 : 0
02-16 09:43:25.381 24510 25522 I gralloc4: register: id=21a00025b82
02-16 09:43:25.933 24510 24510 E record1233: Inside stop recording 2
02-16 09:43:25.933 24510 24510 E record1233: Inside stop recording 1
02-16 09:43:25.935 24510 24510 D yyyyy : laste pause is : 563141213
02-16 09:43:25.989 24510 24510 W System.err: java.lang.NumberFormatException: null
02-16 09:43:25.994 24510 24510 W System.err: at java.lang.Long.parseLong(Long.java:557)
02-16 09:43:25.994 24510 24510 W System.err: at java.lang.Long.parseLong(Long.java:636)
02-16 09:43:25.994 24510 24510 W System.err: at com.smartvlogger.Util.Utils.getVideomodel(Utils.java:191)
02-16 09:43:25.994 24510 24510 W System.err: at com.smartvlogger.Activity.CameraActivity.stopRecording(CameraActivity.java:1180)
02-16 09:43:25.994 24510 24510 W System.err: at com.smartvlogger.Activity.CameraActivity.access$600(CameraActivity.java:73)
02-16 09:43:25.994 24510 24510 W System.err: at com.smartvlogger.Activity.CameraActivity$10.run(CameraActivity.java:801)
02-16 09:43:25.994 24510 24510 W System.err: at android.os.Handler.handleCallback(Handler.java:938)
02-16 09:43:25.994 24510 24510 W System.err: at android.os.Handler.dispatchMessage(Handler.java:99)
02-16 09:43:25.994 24510 24510 W System.err: at android.os.Looper.loop(Looper.java:223)
02-16 09:43:25.994 24510 24510 W System.err: at android.app.ActivityThread.main(ActivityThread.java:7950)
02-16 09:43:25.994 24510 24510 W System.err: at java.lang.reflect.Method.invoke(Native Method)
02-16 09:43:25.994 24510 24510 W System.err: at com.android.internal.os.RuntimeInit$MethodAndArgsCaller.run(RuntimeInit.java:603)
02-16 09:43:25.994 24510 24510 W System.err: at com.android.internal.os.ZygoteInit.main(ZygoteInit.java:947)
02-16 09:43:26.007 24510 24510 D arraylist: [{"arrayList":[{"ASize":"37.16 MB","Date":"Feb 16, 2025 at 09:43 AM","Videopath":"/storage/emulated/0/Movies/DemoScript_094245_1.mp4","videoname":"D emoScript_094245_1.mp4"}],"id":1,"setLastRecordedVideoName":1}]
02-16 09:43:26.018 24510 24510 D record1233: End recording..
02-16 09:43:26.425 24510 25179 W MediaRecorder: mediarecorder went away with unhandled events
02-16 09:43:26.426 24510 24510 D output : onVideoTaken: /storage/emulated/0/Movies/DemoScript_094245_1.mp4
02-16 09:43:26.426 24510 25179 W MediaRecorder: mediarecorder went away with unhandled events
02-16 09:43:26.456 24510 24510 D SensorManager: unregisterListenerImpl sensor = null, listener = android.view.OrientationEventListener$SensorEventListenerImpl@653e36c
02-16 09:43:26.461 24510 25522 I gralloc4: unregister: id=21a00025b62
02-16 09:43:26.461 24510 25522 I gralloc4: unregister: id=21a00025b63
02-16 09:43:26.462 24510 25522 I gralloc4: unregister: id=21a00025b82
02-16 09:43:26.462 24510 25522 W libEGL : EGLNativeWindowType 0xb400007a5358fbd0 disconnect failed
02-16 09:43:26.465 24510 24510 D record1233: On Pause
02-16 09:43:26.467 24510 24510 D yyyyy : laste pause is : 563141745
02-16 09:43:26.472 24510 26430 D SQLiteOpenHelper: UNISOC SQLiteOpenHelper getDatabaseLocked version =1 mNewVersion =1
02-16 09:43:26.543 24510 24510 D DynamitePackage: Instantiating com.google.android.gms.ads.ChimeraAdManagerCreatorImpl
02-16 09:43:26.546 24510 24510 I Ads : Use RequestConfiguration.Builder().setTestDeviceIds(Arrays.asList("838E3423E125DEEAA7E1 DC9B4701461B")) to get test ads on this device.
02-16 09:43:26.568 24510 24510 W ConnectionStatusConfig: Dynamic lookup for intent failed for action: com.google.android.gms.ads.service.CACHE
02-16 09:43:26.576 24510 26458 W ConnectionStatusConfig: Dynamic lookup for intent failed for action: com.google.android.gms.ads.service.START
02-16 09:43:26.610 24510 25179 D Camera : app passed NULL surface
02-16 09:43:26.614 24510 25179 I gralloc4: unregister: id=21a00025b66
02-16 09:43:26.614 24510 25179 I gralloc4: unregister: id=21a00025b68
02-16 09:43:26.616 24510 25179 I gralloc4: unregister: id=21a00025b6a
02-16 09:43:26.616 24510 25179 I gralloc4: unregister: id=21a00025b6c
02-16 09:43:26.617 24510 25179 I gralloc4: unregister: id=21a00025b6e
02-16 09:43:26.689 24510 25313 E libc : Access denied finding property "vendor.camera.aux.packagelist"
02-16 09:43:26.731 24510 24510 E Dialog : show dialog view=DecorView@4a16c8c[VideoPreviewActivity]
02-16 09:43:26.734 24510 26463 D checkPATH: /storage/emulated/0/Android/media/com.corepix.videorecording/DemoScript_094245_1.jp eg
02-16 09:43:26.754 24510 24510 D RenderScript HIDL Adaptation: IRenderScriptDevice::getService()
02-16 09:43:26.839 24510 24510 D RenderScript HIDL Adaptation: IRenderScriptDevice::getService() returned 0xb40000795355c9b0
02-16 09:43:26.839 24510 24510 D RenderScript HIDL Adaptation: HIDL successfully loaded.
02-16 09:43:26.847 24510 26465 E RenderScript: Failed loading RS driver: dlopen failed: library "libRSDriverArm.so" not found
02-16 09:43:26.847 24510 26465 E RenderScript: Failed to load runtime libRSDriverArm.so, loading default
02-16 09:43:26.870 24510 24510 D .videorecordin: Successfully queried cache dir: /data/user_de/0/com.corepix.videorecording/code_cache
02-16 09:43:26.870 24510 24510 D RenderScript: Setting cache dir: /data/user_de/0/com.corepix.videorecording/code_cache
02-16 09:43:26.919 24510 24510 E Parth : File path/storage/emulated/0/Movies/DemoScript_094245_1.mp4
02-16 09:43:26.919 24510 24510 E TAG : video count 0
02-16 09:43:26.919 24510 24510 E TAG : video count 1
02-16 09:43:26.928 24510 24510 D test : OnResume
02-16 09:43:26.928 24510 24510 D play : play
02-16 09:43:26.930 24510 26430 D SQLiteOpenHelper: UNISOC SQLiteOpenHelper getDatabaseLocked version =1 mNewVersion =1
02-16 09:43:26.946 24510 24510 I ActivityThread: smart_link is not supported!!!
02-16 09:43:26.960 24510 24510 I gralloc4: register: id=21a00025b83
02-16 09:43:27.017 24510 24510 I gralloc4: register: id=21a00025b84
02-16 09:43:27.033 24510 24510 I gralloc4: unregister: id=21a00025b83
02-16 09:43:27.063 24510 24510 I gralloc4: register: id=21a00025b85
02-16 09:43:27.092 24510 24510 D MediaPlayerNative: getMetadata
02-16 09:43:27.098 24510 26430 D SQLiteOpenHelper: UNISOC SQLiteOpenHelper getDatabaseLocked version =1 mNewVersion =1
02-16 09:43:27.106 24510 26430 D SQLiteOpenHelper: UNISOC SQLiteOpenHelper getDatabaseLocked version =1 mNewVersion =1
02-16 09:43:27.124 24510 24510 I gralloc4: register: id=21a00025b86
02-16 09:43:27.458 24510 25522 I gralloc4: unregister: id=21a00025b6f
02-16 09:43:27.465 24510 24510 I gralloc4: unregister: id=21a00025b61
02-16 09:43:27.465 24510 24510 I gralloc4: unregister: id=21a00025b79
02-16 09:43:27.466 24510 24510 I gralloc4: unregister: id=21a00025b64
02-16 09:43:30.149 24510 24510 I gralloc4: register: id=21a00025b93
02-16 09:43:30.158 24510 24510 I gralloc4: register: id=21a00025b94
02-16 09:43:30.185 24510 24510 I gralloc4: register: id=21a00025b95
02-16 09:43:30.220 24510 24510 I Ads : Ad failed to load : 0
02-16 09:43:30.810 24510 25313 W MediaPlayerNative: info/warning (3, 0)
02-16 09:43:33.808 24510 24510 I gralloc4: unregister: id=21a00025b93
02-16 09:43:33.808 24510 24510 I gralloc4: unregister: id=21a00025b94
02-16 09:43:33.809 24510 24510 I gralloc4: unregister: id=21a00025b95
02-16 09:43:44.479 24510 26430 D SQLiteOpenHelper: UNISOC SQLiteOpenHelper getDatabaseLocked version =1 mNewVersion =1
02-16 09:43:44.501 24510 24510 D call : On Resume
02-16 09:43:44.502 24510 24510 E TAG : Welcome to the Teleprompter app which allows you to read a script from a teleprompter while recording yourself. The app makes use of the high definition camera and quality microphone, whilst ensuring you are word perfect and looking directly into the camera at all times. It's totally free to download and use for scripts of up to 750 characters.
02-16 09:43:44.502 24510 24510 E TAG :
02-16 09:43:44.502 24510 24510 E TAG : We hope you enjoy using it.
02-16 09:43:44.504 24510 24510 D test : 720 328
02-16 09:43:44.505 24510 24510 D test : width= 1440 height= 720
02-16 09:43:44.505 24510 24510 D SensorManager: registerListenerImpl sensor = {Sensor name="Accelerometer Sensor", vendor="Sprd Group Ltd.", version=1, type=1, maxRange=78.45375, resolution=0.01, power=0.17, minDelay=10000}, delayUs = 200000, latencyUs = 0, listener = android.view.OrientationEventListener$SensorEventListenerImpl@653e36c
02-16 09:43:44.506 24510 26430 D SQLiteOpenHelper: UNISOC SQLiteOpenHelper getDatabaseLocked version =1 mNewVersion =1
02-16 09:43:44.508 24510 24510 I ActivityThread: smart_link is not supported!!!
02-16 09:43:44.509 24510 25179 I Camera-JNI: number_of_cameras:2
02-16 09:43:44.510 24510 25179 I Camera-JNI: number_of_cameras:2
02-16 09:43:44.511 24510 25179 I Camera-JNI: number_of_cameras:2
02-16 09:43:44.516 24510 25179 I Camera-JNI: number_of_cameras:2
02-16 09:43:44.518 24510 25179 I Camera-JNI: number_of_cameras:2
02-16 09:43:44.522 24510 24991 E libc : Access denied finding property "vendor.camera.aux.packagelist"
02-16 09:43:44.545 24510 25522 I gralloc4: register: id=21a00025ba0
02-16 09:43:44.548 24510 25522 I gralloc4: unregister: id=21a00025ba0
02-16 09:43:44.549 24510 25522 W libEGL : EGLNativeWindowType 0xb400007a53552000 disconnect failed
02-16 09:43:44.550 24510 24510 I gralloc4: register: id=21a00025ba1
02-16 09:43:44.551 24510 25522 I gralloc4: register: id=21a00025ba2
02-16 09:43:44.556 24510 25522 I gralloc4: register: id=21a00025ba3
02-16 09:43:44.566 24510 24510 I gralloc4: register: id=21a00025ba4
02-16 09:43:44.584 24510 24510 I gralloc4: register: id=21a00025ba5
02-16 09:43:44.599 24510 26430 D SQLiteOpenHelper: UNISOC SQLiteOpenHelper getDatabaseLocked version =1 mNewVersion =1
02-16 09:43:44.646 24510 26430 D SQLiteOpenHelper: UNISOC SQLiteOpenHelper getDatabaseLocked version =1 mNewVersion =1
02-16 09:43:44.651 24510 25179 I Camera-JNI: number_of_cameras:2
02-16 09:43:44.652 24510 25179 I Camera-JNI: number_of_cameras:2
02-16 09:43:44.655 24510 25179 I Camera-JNI: number_of_cameras:2
02-16 09:43:44.659 24510 25179 D Camera : setFocusMode return fixed
02-16 09:43:44.662 24510 25179 I Camera-JNI: number_of_cameras:2
02-16 09:43:44.677 24510 24526 I gralloc4: register: id=21a00025ba7
02-16 09:43:44.773 24510 24526 I gralloc4: register: id=21a00025ba9
02-16 09:43:44.805 24510 24526 I gralloc4: register: id=21a00025bab
02-16 09:43:44.831 24510 24526 I gralloc4: register: id=21a00025bad
02-16 09:43:44.876 24510 24526 I gralloc4: register: id=21a00025baf
02-16 09:43:44.903 24510 25313 I gralloc4: register: id=21a00025bb0
02-16 09:43:45.094 24510 24510 V MediaPlayer: resetDrmState: mDrmInfo=null mDrmProvisioningThread=null mPrepareDrmInProgress=false mActiveDrmScheme=false
02-16 09:43:45.094 24510 24510 V MediaPlayer: cleanDrmObj: mDrmObj=null mDrmSessionId=null
02-16 09:43:45.094 24510 24510 V MediaPlayer: resetDrmState: mDrmInfo=null mDrmProvisioningThread=null mPrepareDrmInProgress=false mActiveDrmScheme=false
02-16 09:43:45.094 24510 24510 V MediaPlayer: cleanDrmObj: mDrmObj=null mDrmSessionId=null
02-16 09:43:45.101 24510 24510 I gralloc4: unregister: id=21a00025b85
02-16 09:43:45.101 24510 24510 I gralloc4: unregister: id=21a00025b86
02-16 09:43:45.102 24510 24510 I gralloc4: unregister: id=21a00025b84
02-16 09:43:46.897 24510 24510 D SensorManager: unregisterListenerImpl sensor = null, listener = android.view.OrientationEventListener$SensorEventListenerImpl@653e36c
02-16 09:43:46.908 24510 25522 I gralloc4: unregister: id=21a00025ba2
02-16 09:43:46.909 24510 25522 I gralloc4: unregister: id=21a00025ba3
02-16 09:43:46.911 24510 25522 W libEGL : EGLNativeWindowType 0xb400007a53552000 disconnect failed
02-16 09:43:46.913 24510 24510 D SensorManager: registerListenerImpl sensor = {Sensor name="Accelerometer Sensor", vendor="Sprd Group Ltd.", version=1, type=1, maxRange=78.45375, resolution=0.01, power=0.17, minDelay=10000}, delayUs = 200000, latencyUs = 0, listener = android.view.OrientationEventListener$SensorEventListenerImpl@653e36c
02-16 09:43:46.929 24510 25522 I gralloc4: register: id=21a00025bb2
02-16 09:43:46.944 24510 24510 D SensorManager: unregisterListenerImpl sensor = null, listener = android.view.OrientationEventListener$SensorEventListenerImpl@653e36c
02-16 09:43:46.950 24510 25522 I gralloc4: unregister: id=21a00025bb2
02-16 09:43:46.959 24510 25522 W libEGL : EGLNativeWindowType 0xb400007a53552000 disconnect failed
02-16 09:43:46.966 24510 24510 D record1233: On Pause
02-16 09:43:46.966 24510 24510 D yyyyy : laste pause is : 563162244
02-16 09:43:46.976 24510 24510 I gralloc4: unregister: id=21a00025ba1
02-16 09:43:46.976 24510 24510 I gralloc4: unregister: id=21a00025ba5
02-16 09:43:46.977 24510 24510 I gralloc4: unregister: id=21a00025ba4
02-16 09:43:46.978 24510 25179 D Camera : app passed NULL surface
02-16 09:43:46.980 24510 25179 I gralloc4: unregister: id=21a00025ba7
02-16 09:43:46.980 24510 26430 D SQLiteOpenHelper: UNISOC SQLiteOpenHelper getDatabaseLocked version =1 mNewVersion =1
02-16 09:43:46.981 24510 25179 I gralloc4: unregister: id=21a00025bab
02-16 09:43:46.982 24510 25179 I gralloc4: unregister: id=21a00025bad
02-16 09:43:46.982 24510 25179 I gralloc4: unregister: id=21a00025baf
02-16 09:43:46.983 24510 25179 I gralloc4: unregister: id=21a00025bb0
02-16 09:43:46.994 24510 26430 D SQLiteOpenHelper: UNISOC SQLiteOpenHelper getDatabaseLocked version =1 mNewVersion =1
02-16 09:43:47.086 24510 24526 E libc : Access denied finding property "vendor.camera.aux.packagelist"
02-16 09:43:47.094 24510 25179 I Camera-JNI: number_of_cameras:2
02-16 09:43:47.095 24510 25179 I Camera-JNI: number_of_cameras:2
02-16 09:43:47.096 24510 25179 I Camera-JNI: number_of_cameras:2
02-16 09:43:47.098 24510 25179 I Camera-JNI: number_of_cameras:2
02-16 09:43:47.100 24510 25179 I Camera-JNI: number_of_cameras:2
02-16 09:43:47.107 24510 24526 E libc : Access denied finding property "vendor.camera.aux.packagelist"
02-16 09:43:47.192 24510 25179 I Camera-JNI: number_of_cameras:2
02-16 09:43:47.192 24510 25179 I Camera-JNI: number_of_cameras:2
02-16 09:43:47.194 24510 25179 I Camera-JNI: number_of_cameras:2
02-16 09:43:47.195 24510 25179 D Camera : setFocusMode return fixed
02-16 09:43:47.197 24510 25179 I Camera-JNI: number_of_cameras:2
02-16 09:43:47.242 24510 24526 E libc : Access denied finding property "vendor.camera.aux.packagelist"
02-16 09:43:47.263 24510 24510 D call : On create
02-16 09:43:47.268 24510 24510 I Camera-JNI: number_of_cameras:2
02-16 09:43:47.269 24510 24510 I Camera-JNI: number_of_cameras:2
02-16 09:43:47.288 24510 24510 D SensorManager: registerListenerImpl sensor = {Sensor name="Accelerometer Sensor", vendor="Sprd Group Ltd.", version=1, type=1, maxRange=78.45375, resolution=0.01, power=0.17, minDelay=10000}, delayUs = 20000, latencyUs = 0, listener = com.smartvlogger.Activity.CameraActivity$8@872af5d
02-16 09:43:47.291 24510 24510 E oru : potr
02-16 09:43:47.298 24510 24510 D call : On Resume
02-16 09:43:47.298 24510 24510 E TAG : Welcome to the Teleprompter app which allows you to read a script from a teleprompter while recording yourself. The app makes use of the high definition camera and quality microphone, whilst ensuring you are word perfect and looking directly into the camera at all times. It's totally free to download and use for scripts of up to 750 characters.
02-16 09:43:47.298 24510 24510 E TAG :
02-16 09:43:47.298 24510 24510 E TAG : We hope you enjoy using it.
02-16 09:43:47.299 24510 24510 D test : 360 724
02-16 09:43:47.299 24510 24510 D test : width= 720 height= 1448
02-16 09:43:47.299 24510 24510 D SensorManager: registerListenerImpl sensor = {Sensor name="Accelerometer Sensor", vendor="Sprd Group Ltd.", version=1, type=1, maxRange=78.45375, resolution=0.01, power=0.17, minDelay=10000}, delayUs = 200000, latencyUs = 0, listener = android.view.OrientationEventListener$SensorEventListenerImpl@f16d15
02-16 09:43:47.301 24510 24510 I ActivityThread: smart_link is not supported!!!
02-16 09:43:47.301 24510 25179 I Camera-JNI: number_of_cameras:2
02-16 09:43:47.302 24510 25179 I Camera-JNI: number_of_cameras:2
02-16 09:43:47.303 24510 25179 I Camera-JNI: number_of_cameras:2
02-16 09:43:47.306 24510 25179 I Camera-JNI: number_of_cameras:2
02-16 09:43:47.310 24510 25179 I Camera-JNI: number_of_cameras:2
02-16 09:43:47.315 24510 24526 E libc : Access denied finding property "vendor.camera.aux.packagelist"
02-16 09:43:47.322 24510 24510 D checklines: main height =2363
02-16 09:43:47.322 24510 24510 D checklines: 94
02-16 09:43:47.322 24510 24510 D checklines: max= 2363
02-16 09:43:47.322 24510 24510 D checklines: lines = 25 onewordheight =94 textheight = 2350 totalheight700 scrollview geight = 3050
02-16 09:43:47.331 24510 24510 I gralloc4: register: id=21a00025bbc
02-16 09:43:47.335 24510 26741 I gralloc4: register: id=21a00025bbd
02-16 09:43:47.339 24510 24510 I gralloc4: register: id=21a00025bbe
02-16 09:43:47.427 24510 25179 I Camera-JNI: number_of_cameras:2
02-16 09:43:47.428 24510 25179 I Camera-JNI: number_of_cameras:2
02-16 09:43:47.430 24510 25179 I Camera-JNI: number_of_cameras:2
02-16 09:43:47.432 24510 25179 D Camera : setFocusMode return fixed
02-16 09:43:47.434 24510 25179 I Camera-JNI: number_of_cameras:2
02-16 09:43:47.442 24510 26741 I gralloc4: register: id=21a00025bc1
02-16 09:43:47.449 24510 25313 I gralloc4: register: id=21a00025bc3
02-16 09:43:47.527 24510 24524 I gralloc4: unregister: id=21a00025ba9
02-16 09:43:47.530 24510 24524 W System : A resource failed to call release.
02-16 09:43:47.530 24510 24524 W System : A resource failed to call release.
02-16 09:43:47.534 24510 25313 I gralloc4: register: id=21a00025bc5
02-16 09:43:47.545 24510 25313 I gralloc4: register: id=21a00025bc7
02-16 09:43:47.547 24510 24510 D moveheight: x=712
02-16 09:43:47.556 24510 25313 I gralloc4: register: id=21a00025bc9
02-16 09:43:47.645 24510 24510 D moveheight: x=155
02-16 09:43:47.840 24510 25313 I gralloc4: register: id=21a00025bcb
02-16 09:43:47.936 24510 24991 I gralloc4: register: id=21a00025bcc
02-16 09:43:48.770 24510 24510 D moveheight: x=38
02-16 09:43:48.854 24510 24510 D moveheight: x=38
02-16 09:43:48.937 24510 24510 I gralloc4: register: id=21a00025bcd
02-16 09:43:49.190 24510 24510 D moveheight: x=24
02-16 09:43:49.240 24510 24510 D moveheight: x=24
02-16 09:43:49.392 24510 24510 D moveheight: x=24
02-16 09:43:49.475 24510 24510 D moveheight: x=24
02-16 09:43:54.456 24510 24510 E Dialog : show dialog view=DecorView@26c53c4[CameraActivity]
02-16 09:43:54.470 24510 24510 I gralloc4: register: id=21a00025bd6
02-16 09:43:54.477 24510 24510 I gralloc4: register: id=21a00025bd7
02-16 09:43:55.274 24510 24510 I gralloc4: unregister: id=21a00025bd6
02-16 09:43:55.275 24510 24510 I gralloc4: unregister: id=21a00025bd7
02-16 09:43:57.554 24510 24510 D moveheight: x=40
02-16 09:43:57.587 24510 24510 D moveheight: x=40
02-16 09:43:57.609 24510 24510 E Dialog : show dialog view=DecorView@10e1219[CameraActivity]
02-16 09:43:57.631 24510 24510 I gralloc4: register: id=21a00025bd8
02-16 09:43:57.639 24510 24510 I gralloc4: register: id=21a00025bd9
02-16 09:43:58.210 24510 24510 I gralloc4: unregister: id=21a00025bd8
02-16 09:43:58.211 24510 24510 I gralloc4: unregister: id=21a00025bd9
02-16 09:43:58.244 24510 24510 D SensorManager: unregisterListenerImpl sensor = null, listener = android.view.OrientationEventListener$SensorEventListenerImpl@f16d15
02-16 09:43:58.248 24510 26741 I gralloc4: unregister: id=21a00025bbd
02-16 09:43:58.248 24510 26741 I gralloc4: unregister: id=21a00025bc1
02-16 09:43:58.249 24510 26741 W libEGL : EGLNativeWindowType 0xb400007a53578520 disconnect failed
02-16 09:43:58.254 24510 24510 D record1233: On Pause
02-16 09:43:58.255 24510 24510 D yyyyy : laste pause is : 563173533
02-16 09:43:58.256 24510 26430 D SQLiteOpenHelper: UNISOC SQLiteOpenHelper getDatabaseLocked version =1 mNewVersion =1
02-16 09:43:58.297 24510 26430 D SQLiteOpenHelper: UNISOC SQLiteOpenHelper getDatabaseLocked version =1 mNewVersion =1
02-16 09:43:58.297 24510 25179 D Camera : app passed NULL surface
02-16 09:43:58.302 24510 25179 I gralloc4: unregister: id=21a00025bc3
02-16 09:43:58.302 24510 24510 E Dialog : show dialog view=DecorView@760752b[ScriptDetailsActivity]
02-16 09:43:58.303 24510 25179 I gralloc4: unregister: id=21a00025bc9
02-16 09:43:58.305 24510 25179 I gralloc4: unregister: id=21a00025bcb
02-16 09:43:58.306 24510 25179 I gralloc4: unregister: id=21a00025bcc
02-16 09:43:58.318 24510 24510 I ActivityThread: smart_link is not supported!!!
02-16 09:43:58.329 24510 24510 I gralloc4: register: id=21a00025bdb
02-16 09:43:58.357 24510 24510 I gralloc4: register: id=21a00025bdc
02-16 09:43:58.383 24510 25313 E libc : Access denied finding property "vendor.camera.aux.packagelist"
02-16 09:43:58.391 24510 24510 I gralloc4: register: id=21a00025bdd
02-16 09:43:58.401 24510 24510 I gralloc4: register: id=21a00025bde
02-16 09:43:58.408 24510 26430 D SQLiteOpenHelper: UNISOC SQLiteOpenHelper getDatabaseLocked version =1 mNewVersion =1
02-16 09:43:58.413 24510 24510 I gralloc4: register: id=21a00025bdf
02-16 09:43:58.418 24510 26430 D SQLiteOpenHelper: UNISOC SQLiteOpenHelper getDatabaseLocked version =1 mNewVersion =1
02-16 09:43:58.434 24510 24510 I gralloc4: register: id=21a00025be0
02-16 09:43:58.637 24510 24510 I gralloc4: unregister: id=21a00025bdc
02-16 09:43:58.637 24510 24510 I gralloc4: unregister: id=21a00025bdf
02-16 09:43:58.637 24510 24510 I gralloc4: unregister: id=21a00025bde
02-16 09:43:58.760 24510 26741 I gralloc4: unregister: id=21a00025bc5
02-16 09:43:58.761 24510 26741 I gralloc4: unregister: id=21a00025bc7
02-16 09:43:58.761 24510 26741 E libEGL : call to OpenGL ES API with no current context (logged once per thread)
02-16 09:43:58.766 24510 24510 I gralloc4: unregister: id=21a00025bbc
02-16 09:43:58.766 24510 24510 I gralloc4: unregister: id=21a00025bcd
02-16 09:43:58.767 24510 24510 I gralloc4: unregister: id=21a00025bbe
02-16 09:44:00.122 24510 26430 D SQLiteOpenHelper: UNISOC SQLiteOpenHelper getDatabaseLocked version =1 mNewVersion =1
02-16 09:44:00.130 24510 26430 D SQLiteOpenHelper: UNISOC SQLiteOpenHelper getDatabaseLocked version =1 mNewVersion =1
02-16 09:44:00.160 24510 24510 D DynamitePackage: Instantiating com.google.android.gms.ads.ChimeraAdManagerCreatorImpl
02-16 09:44:00.163 24510 24510 I Ads : Use RequestConfiguration.Builder().setTestDeviceIds(Arrays.asList("838E3423E125DEEAA7E1 DC9B4701461B")) to get test ads on this device.
02-16 09:44:00.186 24510 26834 W ConnectionStatusConfig: Dynamic lookup for intent failed for action: com.google.android.gms.ads.service.START
02-16 09:44:00.304 24510 24510 E Dialog : show dialog view=DecorView@f0e8843[VideoPreviewActivity]
02-16 09:44:00.306 24510 26839 D checkPATH: /storage/emulated/0/Android/media/com.corepix.videorecording/DemoScript_094245_1.jp eg
02-16 09:44:00.335 24510 24510 E Parth : File path/storage/emulated/0/Movies/DemoScript_094245_1.mp4
02-16 09:44:00.338 24510 24510 D test : OnResume
02-16 09:44:00.338 24510 24510 D play : play
02-16 09:44:00.340 24510 26430 D SQLiteOpenHelper: UNISOC SQLiteOpenHelper getDatabaseLocked version =1 mNewVersion =1
02-16 09:44:00.348 24510 24510 I ActivityThread: smart_link is not supported!!!
02-16 09:44:00.350 24510 26430 D SQLiteOpenHelper: UNISOC SQLiteOpenHelper getDatabaseLocked version =1 mNewVersion =1
02-16 09:44:00.363 24510 24510 I gralloc4: register: id=21a00025be1
02-16 09:44:00.413 24510 24510 I gralloc4: register: id=21a00025be2
02-16 09:44:00.428 24510 24510 I gralloc4: unregister: id=21a00025be1
02-16 09:44:00.450 24510 24510 I gralloc4: register: id=21a00025be3
02-16 09:44:00.462 24510 24510 D MediaPlayerNative: getMetadata
02-16 09:44:00.848 24510 24510 I gralloc4: unregister: id=21a00025bdd
02-16 09:44:00.848 24510 24510 I gralloc4: unregister: id=21a00025be0
02-16 09:44:00.849 24510 24510 I gralloc4: unregister: id=21a00025bdb
02-16 09:44:02.002 24510 24510 I gralloc4: register: id=21a00025bf0
02-16 09:44:03.020 24510 26430 D SQLiteOpenHelper: UNISOC SQLiteOpenHelper getDatabaseLocked version =1 mNewVersion =1
02-16 09:44:03.026 24510 26430 D SQLiteOpenHelper: UNISOC SQLiteOpenHelper getDatabaseLocked version =1 mNewVersion =1
02-16 09:44:03.035 24510 26430 D SQLiteOpenHelper: UNISOC SQLiteOpenHelper getDatabaseLocked version =1 mNewVersion =1
02-16 09:44:03.042 24510 24510 E Dialog : show dialog view=DecorView@760752b[ScriptDetailsActivity]
02-16 09:44:03.046 24510 26430 D SQLiteOpenHelper: UNISOC SQLiteOpenHelper getDatabaseLocked version =1 mNewVersion =1
02-16 09:44:03.050 24510 24510 I ActivityThread: smart_link is not supported!!!
02-16 09:44:03.061 24510 24510 I gralloc4: register: id=21a00025bf2
02-16 09:44:03.094 24510 24510 I gralloc4: register: id=21a00025bf3
02-16 09:44:03.126 24510 24510 I gralloc4: register: id=21a00025bf4
02-16 09:44:03.136 24510 24510 I gralloc4: register: id=21a00025bf5
02-16 09:44:03.322 24510 24510 I gralloc4: unregister: id=21a00025bf3
02-16 09:44:03.322 24510 24510 I gralloc4: unregister: id=21a00025bf5
02-16 09:44:03.323 24510 24510 I gralloc4: unregister: id=21a00025bf4
02-16 09:44:03.339 24510 24510 I gralloc4: register: id=21a00025bf6
02-16 09:44:03.351 24510 24510 I gralloc4: register: id=21a00025bf7
02-16 09:44:03.561 24510 24510 V MediaPlayer: resetDrmState: mDrmInfo=null mDrmProvisioningThread=null mPrepareDrmInProgress=false mActiveDrmScheme=false
02-16 09:44:03.561 24510 24510 V MediaPlayer: cleanDrmObj: mDrmObj=null mDrmSessionId=null
02-16 09:44:03.561 24510 24510 V MediaPlayer: resetDrmState: mDrmInfo=null mDrmProvisioningThread=null mPrepareDrmInProgress=false mActiveDrmScheme=false
02-16 09:44:03.561 24510 24510 V MediaPlayer: cleanDrmObj: mDrmObj=null mDrmSessionId=null
02-16 09:44:03.569 24510 24510 I gralloc4: unregister: id=21a00025be3
02-16 09:44:03.569 24510 24510 I gralloc4: unregister: id=21a00025bf0
02-16 09:44:03.570 24510 24510 I gralloc4: unregister: id=21a00025be2
02-16 09:44:03.584 24510 24510 I Ads : Ad failed to load : 0
02-16 09:44:04.905 24510 26430 D SQLiteOpenHelper: UNISOC SQLiteOpenHelper getDatabaseLocked version =1 mNewVersion =1
02-16 09:44:04.914 24510 26430 D SQLiteOpenHelper: UNISOC SQLiteOpenHelper getDatabaseLocked version =1 mNewVersion =1
02-16 09:44:04.949 24510 24510 D DynamitePackage: Instantiating com.google.android.gms.ads.ChimeraAdManagerCreatorImpl
02-16 09:44:04.951 24510 24510 I Ads : Use RequestConfiguration.Builder().setTestDeviceIds(Arrays.asList("838E3423E125DEEAA7E1 DC9B4701461B")) to get test ads on this device.
02-16 09:44:04.969 24510 26824 W Ads : Not retrying to fetch app settings
02-16 09:44:05.091 24510 24510 E Dialog : show dialog view=DecorView@8d81b7b[VideoPreviewActivity]
02-16 09:44:05.093 24510 26901 D checkPATH: /storage/emulated/0/Android/media/com.corepix.videorecording/DemoScript_094245_1.jp eg
02-16 09:44:05.122 24510 24510 E Parth : File path/storage/emulated/0/Movies/DemoScript_094245_1.mp4
02-16 09:44:05.125 24510 24510 D test : OnResume
02-16 09:44:05.125 24510 24510 D play : play
02-16 09:44:05.127 24510 26430 D SQLiteOpenHelper: UNISOC SQLiteOpenHelper getDatabaseLocked version =1 mNewVersion =1
02-16 09:44:05.130 24510 26430 D SQLiteOpenHelper: UNISOC SQLiteOpenHelper getDatabaseLocked version =1 mNewVersion =1
02-16 09:44:05.133 24510 24510 I ActivityThread: smart_link is not supported!!!
02-16 09:44:05.145 24510 24510 I gralloc4: register: id=21a00025bf8
02-16 09:44:05.183 24510 24510 I gralloc4: register: id=21a00025bf9
02-16 09:44:05.196 24510 24510 I gralloc4: unregister: id=21a00025bf8
02-16 09:44:05.220 24510 24510 I gralloc4: register: id=21a00025bfa
02-16 09:44:05.231 24510 24510 D MediaPlayerNative: getMetadata
02-16 09:44:05.616 24510 24510 I gralloc4: unregister: id=21a00025bf2
02-16 09:44:05.616 24510 24510 I gralloc4: unregister: id=21a00025bf6
02-16 09:44:05.618 24510 24510 I gralloc4: unregister: id=21a00025bf7
02-16 09:44:06.095 24510 24510 E Dialog : show dialog view=DecorView@e76179c[VideoPreviewActivity]
02-16 09:44:06.111 24510 24510 I gralloc4: register: id=21a00025c07
02-16 09:44:06.119 24510 24510 I gralloc4: register: id=21a00025c08
02-16 09:44:06.642 24510 24510 I Ads : Ad failed to load : 0
02-16 09:44:06.689 24510 24510 I gralloc4: unregister: id=21a00025c07
02-16 09:44:06.689 24510 24510 I gralloc4: unregister: id=21a00025c08
02-16 09:44:06.755 24510 24510 I gralloc4: register: id=21a00025c09
02-16 09:44:09.120 24510 24510 E Dialog : show dialog view=DecorView@356f31b[VideoPreviewActivity]
02-16 09:44:09.138 24510 24510 I gralloc4: register: id=21a00025c0a
02-16 09:44:09.144 24510 24510 I gralloc4: register: id=21a00025c0b
02-16 09:44:09.173 24510 24510 I gralloc4: register: id=21a00025c0c
02-16 09:44:10.480 24510 24510 I gralloc4: unregister: id=21a00025c0a
02-16 09:44:10.481 24510 24510 I gralloc4: unregister: id=21a00025c0b
02-16 09:44:10.481 24510 24510 I gralloc4: unregister: id=21a00025c0c
02-16 09:44:10.510 24510 26430 D SQLiteOpenHelper: UNISOC SQLiteOpenHelper getDatabaseLocked version =1 mNewVersion =1
02-16 09:44:10.527 24510 26430 D SQLiteOpenHelper: UNISOC SQLiteOpenHelper getDatabaseLocked version =1 mNewVersion =1
02-16 09:44:10.535 24510 24510 E Dialog : show dialog view=DecorView@760752b[ScriptDetailsActivity]
02-16 09:44:10.540 24510 24510 I ActivityThread: smart_link is not supported!!!
02-16 09:44:10.553 24510 24510 I gralloc4: register: id=21a00025c0e
02-16 09:44:10.586 24510 24510 I gralloc4: register: id=21a00025c0f
02-16 09:44:10.592 24510 26430 D SQLiteOpenHelper: UNISOC SQLiteOpenHelper getDatabaseLocked version =1 mNewVersion =1
02-16 09:44:10.614 24510 24510 I gralloc4: register: id=21a00025c10
02-16 09:44:10.624 24510 26430 D SQLiteOpenHelper: UNISOC SQLiteOpenHelper getDatabaseLocked version =1 mNewVersion =1
02-16 09:44:10.625 24510 24510 I gralloc4: register: id=21a00025c11
02-16 09:44:10.759 24510 24510 I gralloc4: unregister: id=21a00025c10
02-16 09:44:10.759 24510 24510 I gralloc4: unregister: id=21a00025c11
02-16 09:44:10.760 24510 24510 I gralloc4: unregister: id=21a00025c0f
02-16 09:44:10.779 24510 24510 I gralloc4: register: id=21a00025c12
02-16 09:44:11.064 24510 24510 V MediaPlayer: resetDrmState: mDrmInfo=null mDrmProvisioningThread=null mPrepareDrmInProgress=false mActiveDrmScheme=false
02-16 09:44:11.064 24510 24510 V MediaPlayer: cleanDrmObj: mDrmObj=null mDrmSessionId=null
02-16 09:44:11.064 24510 24510 V MediaPlayer: resetDrmState: mDrmInfo=null mDrmProvisioningThread=null mPrepareDrmInProgress=false mActiveDrmScheme=false
02-16 09:44:11.064 24510 24510 V MediaPlayer: cleanDrmObj: mDrmObj=null mDrmSessionId=null
02-16 09:44:11.071 24510 24510 I gralloc4: unregister: id=21a00025bfa
02-16 09:44:11.071 24510 24510 I gralloc4: unregister: id=21a00025c09
02-16 09:44:11.072 24510 24510 I gralloc4: unregister: id=21a00025bf9
02-16 09:44:11.560 24510 26430 D SQLiteOpenHelper: UNISOC SQLiteOpenHelper getDatabaseLocked version =1 mNewVersion =1
02-16 09:44:11.564 24510 26430 D SQLiteOpenHelper: UNISOC SQLiteOpenHelper getDatabaseLocked version =1 mNewVersion =1
02-16 09:44:11.981 24510 24510 I gralloc4: unregister: id=21a00025c0e
02-16 09:44:11.982 24510 24510 I gralloc4: unregister: id=21a00025c12