02-16 09:42:04.127 24510 25179 I Camera-JNI: number_of_cameras:2
02-16 09:42:04.223 24510 24528 I gralloc4: register: id=21a00025b12
02-16 09:42:04.337 24510 24528 I gralloc4: register: id=21a00025b14
02-16 09:42:04.348 24510 24528 I gralloc4: register: id=21a00025b16
02-16 09:42:04.358 24510 24528 I gralloc4: register: id=21a00025b18
02-16 09:42:04.475 24510 25522 I gralloc4: unregister: id=21a00025afd
02-16 09:42:04.477 24510 24528 I gralloc4: register: id=21a00025b1a
02-16 09:42:04.501 24510 24528 I gralloc4: register: id=21a00025b1b
02-16 09:42:05.171 24510 24510 D moveheight: x=61
02-16 09:42:05.221 24510 24510 D moveheight: x=61
02-16 09:42:05.223 24510 25179 I Camera-JNI: number_of_cameras:2
02-16 09:42:05.223 24510 25179 I Camera-JNI: number_of_cameras:2
02-16 09:42:05.224 24510 25179 I Camera-JNI: number_of_cameras:2
02-16 09:42:05.226 24510 25179 I Camera-JNI: number_of_cameras:2
02-16 09:42:05.292 24510 25179 D Camera : app passed NULL surface
02-16 09:42:05.295 24510 25179 I gralloc4: unregister: id=21a00025b14
02-16 09:42:05.296 24510 25179 I gralloc4: unregister: id=21a00025b16
02-16 09:42:05.297 24510 25179 I gralloc4: unregister: id=21a00025b18
02-16 09:42:05.297 24510 25179 I gralloc4: unregister: id=21a00025b1a
02-16 09:42:05.298 24510 25179 I gralloc4: unregister: id=21a00025b1b
02-16 09:42:05.535 24510 24991 E libc : Access denied finding property "vendor.camera.aux.packagelist"
02-16 09:42:05.540 24510 25179 I Camera-JNI: number_of_cameras:2
02-16 09:42:05.541 24510 25179 I Camera-JNI: number_of_cameras:2
02-16 09:42:05.542 24510 25179 I Camera-JNI: number_of_cameras:2
02-16 09:42:05.545 24510 25179 I Camera-JNI: number_of_cameras:2
02-16 09:42:05.547 24510 25179 I Camera-JNI: number_of_cameras:2
02-16 09:42:05.551 24510 24528 E libc : Access denied finding property "vendor.camera.aux.packagelist"
02-16 09:42:05.650 24510 25179 I Camera-JNI: number_of_cameras:2
02-16 09:42:05.650 24510 25179 I Camera-JNI: number_of_cameras:2
02-16 09:42:05.652 24510 25179 I Camera-JNI: number_of_cameras:2
02-16 09:42:05.654 24510 25179 D Camera : setFocusMode return fixed
02-16 09:42:05.658 24510 25179 I Camera-JNI: number_of_cameras:2
02-16 09:42:05.676 24510 24528 I gralloc4: register: id=21a00025b1d
02-16 09:42:05.772 24510 24528 I gralloc4: register: id=21a00025b1f
02-16 09:42:05.785 24510 24528 I gralloc4: register: id=21a00025b21
02-16 09:42:05.796 24510 24528 I gralloc4: register: id=21a00025b23
02-16 09:42:05.884 24510 25522 I gralloc4: unregister: id=21a00025b12
02-16 09:42:05.885 24510 24528 I gralloc4: register: id=21a00025b25
02-16 09:42:05.910 24510 24528 I gralloc4: register: id=21a00025b26
02-16 09:42:06.414 24510 24510 D moveheight: x=68
02-16 09:42:06.421 24510 24510 D moveheight: x=68
02-16 09:42:06.466 24510 24510 E Dialog : show dialog view=DecorView@1f6df[CameraActivity]
02-16 09:42:06.494 24510 24510 I gralloc4: register: id=21a00025b27
02-16 09:42:06.508 24510 24510 I gralloc4: register: id=21a00025b28
02-16 09:42:06.547 24510 24510 I gralloc4: register: id=21a00025b29
02-16 09:42:08.315 24510 24510 I gralloc4: unregister: id=21a00025b27
02-16 09:42:08.315 24510 24510 I gralloc4: unregister: id=21a00025b28
02-16 09:42:08.315 24510 24510 I gralloc4: unregister: id=21a00025b29
02-16 09:42:09.220 24510 24510 D yyyyy : laste pause is : 563064498
02-16 09:42:09.247 24510 24510 D SensorManager: unregisterListenerImpl sensor = null, listener = android.view.OrientationEventListener$SensorEventListenerImpl@653e36c
02-16 09:42:09.250 24510 25522 I gralloc4: unregister: id=21a00025af8
02-16 09:42:09.250 24510 25522 I gralloc4: unregister: id=21a00025af7
02-16 09:42:09.250 24510 25522 I gralloc4: unregister: id=21a00025b10
02-16 09:42:09.251 24510 25522 W libEGL : EGLNativeWindowType 0xb400007a5353cb60 disconnect failed
02-16 09:42:09.252 24510 24510 D record1233: On Pause
02-16 09:42:09.253 24510 24510 D yyyyy : laste pause is : 563064531
02-16 09:42:09.255 24510 25431 D SQLiteOpenHelper: UNISOC SQLiteOpenHelper getDatabaseLocked version =1 mNewVersion =1
02-16 09:42:09.304 24510 24510 W ResourcesCompat: Failed to inflate ColorStateList, leaving it to the framework
02-16 09:42:09.304 24510 24510 W ResourcesCompat: java.lang.UnsupportedOperationException: Failed to resolve attribute at index 0: TypedValue{t=0x2/d=0x7f040116 a=-1}
02-16 09:42:09.304 24510 24510 W ResourcesCompat: at android.content.res.TypedArray.getColor(TypedArray.java:528)
02-16 09:42:09.304 24510 24510 W ResourcesCompat: at androidx.core.content.res.ColorStateListInflaterCompat.inflate(ColorStateListInflat erCompat.java:160)
02-16 09:42:09.304 24510 24510 W ResourcesCompat: at androidx.core.content.res.ColorStateListInflaterCompat.createFromXmlInner(ColorStat eListInflaterCompat.java:125)
02-16 09:42:09.304 24510 24510 W ResourcesCompat: at androidx.core.content.res.ColorStateListInflaterCompat.createFromXml(ColorStateList InflaterCompat.java:104)
02-16 09:42:09.304 24510 24510 W ResourcesCompat: at androidx.core.content.res.ResourcesCompat.inflateColorStateList(ResourcesCompat.jav a:262)
02-16 09:42:09.304 24510 24510 W ResourcesCompat: at androidx.core.content.res.ResourcesCompat.getColorStateList(ResourcesCompat.java:23 6)
02-16 09:42:09.304 24510 24510 W ResourcesCompat: at androidx.core.content.ContextCompat.getColorStateList(ContextCompat.java:558)
02-16 09:42:09.304 24510 24510 W ResourcesCompat: at androidx.appcompat.content.res.AppCompatResources.getColorStateList(AppCompatResour ces.java:48)
02-16 09:42:09.304 24510 24510 W ResourcesCompat: at com.google.android.material.resources.MaterialResources.getColorStateList(MaterialR esources.java:55)
02-16 09:42:09.304 24510 24510 W ResourcesCompat: at com.google.android.material.imageview.ShapeableImageView.<init>(ShapeableImageView. java:99)
02-16 09:42:09.304 24510 24510 W ResourcesCompat: at com.google.android.material.imageview.ShapeableImageView.<init>(ShapeableImageView. java:79)
02-16 09:42:09.304 24510 24510 W ResourcesCompat: at java.lang.reflect.Constructor.newInstance0(Native Method)
02-16 09:42:09.304 24510 24510 W ResourcesCompat: at java.lang.reflect.Constructor.newInstance(Constructor.java:343)
02-16 09:42:09.304 24510 24510 W ResourcesCompat: at android.view.LayoutInflater.createView(LayoutInflater.java:852)
02-16 09:42:09.304 24510 24510 W ResourcesCompat: at android.view.LayoutInflater.createViewFromTag(LayoutInflater.java:1004)
02-16 09:42:09.304 24510 24510 W ResourcesCompat: at android.view.LayoutInflater.createViewFromTag(LayoutInflater.java:959)
02-16 09:42:09.304 24510 24510 W ResourcesCompat: at android.view.LayoutInflater.rInflate(LayoutInflater.java:1121)
02-16 09:42:09.304 24510 24510 W ResourcesCompat: at android.view.LayoutInflater.rInflateChildren(LayoutInflater.java:1082)
02-16 09:42:09.304 24510 24510 W ResourcesCompat: at android.view.LayoutInflater.rInflate(LayoutInflater.java:1124)
02-16 09:42:09.304 24510 24510 W ResourcesCompat: at android.view.LayoutInflater.rInflateChildren(LayoutInflater.java:1082)
02-16 09:42:09.304 24510 24510 W ResourcesCompat: at android.view.LayoutInflater.rInflate(LayoutInflater.java:1124)
02-16 09:42:09.304 24510 24510 W ResourcesCompat: at android.view.LayoutInflater.rInflateChildren(LayoutInflater.java:1082)
02-16 09:42:09.304 24510 24510 W ResourcesCompat: at android.view.LayoutInflater.inflate(LayoutInflater.java:680)
02-16 09:42:09.304 24510 24510 W ResourcesCompat: at android.view.LayoutInflater.inflate(LayoutInflater.java:532)
02-16 09:42:09.304 24510 24510 W ResourcesCompat: at android.view.LayoutInflater.inflate(LayoutInflater.java:479)
02-16 09:42:09.304 24510 24510 W ResourcesCompat: at androidx.appcompat.app.AppCompatDelegateImpl.setContentView(AppCompatDelegateImpl.j ava:710)
02-16 09:42:09.304 24510 24510 W ResourcesCompat: at androidx.appcompat.app.AppCompatActivity.setContentView(AppCompatActivity.java:195)
02-16 09:42:09.304 24510 24510 W ResourcesCompat: at com.smartvlogger.Activity.SettingsActivity.onCreate(SettingsActivity.java:86)
02-16 09:42:09.304 24510 24510 W ResourcesCompat: at android.app.Activity.performCreate(Activity.java:8071)
02-16 09:42:09.304 24510 24510 W ResourcesCompat: at android.app.Activity.performCreate(Activity.java:8054)
02-16 09:42:09.304 24510 24510 W ResourcesCompat: at android.app.Instrumentation.callActivityOnCreate(Instrumentation.java:1309)
02-16 09:42:09.304 24510 24510 W ResourcesCompat: at android.app.ActivityThread.performLaunchActivity(ActivityThread.java:3472)
02-16 09:42:09.304 24510 24510 W ResourcesCompat: at android.app.ActivityThread.handleLaunchActivity(ActivityThread.java:3680)
02-16 09:42:09.304 24510 24510 W ResourcesCompat: at android.app.servertransaction.LaunchActivityItem.execute(LaunchActivityItem.java:85 )
02-16 09:42:09.304 24510 24510 W ResourcesCompat: at android.app.servertransaction.TransactionExecutor.executeCallbacks(TransactionExecu tor.java:135)
02-16 09:42:09.304 24510 24510 W ResourcesCompat: at android.app.servertransaction.TransactionExecutor.execute(TransactionExecutor.java: 95)
02-16 09:42:09.304 24510 24510 W ResourcesCompat: at android.app.ActivityThread$H.handleMessage(ActivityThread.java:2108)
02-16 09:42:09.304 24510 24510 W ResourcesCompat: at android.os.Handler.dispatchMessage(Handler.java:106)
02-16 09:42:09.304 24510 24510 W ResourcesCompat: at android.os.Looper.loop(Looper.java:223)
02-16 09:42:09.304 24510 24510 W ResourcesCompat: at android.app.ActivityThread.main(ActivityThread.java:7950)
02-16 09:42:09.304 24510 24510 W ResourcesCompat: at java.lang.reflect.Method.invoke(Native Method)
02-16 09:42:09.304 24510 24510 W ResourcesCompat: at com.android.internal.os.RuntimeInit$MethodAndArgsCaller.run(RuntimeInit.java:603)
02-16 09:42:09.304 24510 24510 W ResourcesCompat: at com.android.internal.os.ZygoteInit.main(ZygoteInit.java:947)
02-16 09:42:09.327 24510 25179 D Camera : app passed NULL surface
02-16 09:42:09.331 24510 25179 I gralloc4: unregister: id=21a00025b1d
02-16 09:42:09.332 24510 25179 I gralloc4: unregister: id=21a00025b1f
02-16 09:42:09.334 24510 25179 I gralloc4: unregister: id=21a00025b21
02-16 09:42:09.335 24510 25179 I gralloc4: unregister: id=21a00025b23
02-16 09:42:09.363 24510 24510 D DynamitePackage: Instantiating com.google.android.gms.ads.ChimeraAdManagerCreatorImpl
02-16 09:42:09.367 24510 24510 I Ads : Use RequestConfiguration.Builder().setTestDeviceIds(Arrays.asList("838E3423E125DEEAA7E1 DC9B4701461B")) to get test ads on this device.
02-16 09:42:09.394 24510 24510 D grid : OFF
02-16 09:42:09.394 24510 24510 D grid : 3*3
02-16 09:42:09.394 24510 24510 D grid : 4*4
02-16 09:42:09.396 24510 25874 W ConnectionStatusConfig: Dynamic lookup for intent failed for action: com.google.android.gms.ads.service.START
02-16 09:42:09.400 24510 25431 D SQLiteOpenHelper: UNISOC SQLiteOpenHelper getDatabaseLocked version =1 mNewVersion =1
02-16 09:42:09.401 24510 24510 I ActivityThread: smart_link is not supported!!!
02-16 09:42:09.417 24510 24526 E libc : Access denied finding property "vendor.camera.aux.packagelist"
02-16 09:42:09.438 24510 24510 I gralloc4: register: id=21a00025b2a
02-16 09:42:09.456 24510 24510 I gralloc4: register: id=21a00025b2b
02-16 09:42:09.468 24510 25431 D SQLiteOpenHelper: UNISOC SQLiteOpenHelper getDatabaseLocked version =1 mNewVersion =1
02-16 09:42:09.487 24510 24510 I gralloc4: register: id=21a00025b2c
02-16 09:42:09.499 24510 25431 D SQLiteOpenHelper: UNISOC SQLiteOpenHelper getDatabaseLocked version =1 mNewVersion =1
02-16 09:42:09.873 24510 25522 I gralloc4: unregister: id=21a00025b25
02-16 09:42:09.873 24510 25522 I gralloc4: unregister: id=21a00025b26
02-16 09:42:09.928 24510 24510 I gralloc4: unregister: id=21a00025af9
02-16 09:42:09.928 24510 24510 I gralloc4: unregister: id=21a00025b0d
02-16 09:42:09.929 24510 24510 I gralloc4: unregister: id=21a00025af6
02-16 09:42:12.684 24510 24510 I Ads : Ad failed to load : 0
02-16 09:42:16.140 24510 25431 D SQLiteOpenHelper: UNISOC SQLiteOpenHelper getDatabaseLocked version =1 mNewVersion =1
02-16 09:42:16.166 24510 24510 D test : 720 328
02-16 09:42:16.166 24510 24510 D test : width= 1440 height= 720
02-16 09:42:16.170 24510 24510 D call : On Resume
02-16 09:42:16.170 24510 24510 E TAG : Welcome to the Teleprompter app which allows you to read a script from a teleprompter while recording yourself. The app makes use of the high definition camera and quality microphone, whilst ensuring you are word perfect and looking directly into the camera at all times. It's totally free to download and use for scripts of up to 750 characters.
02-16 09:42:16.170 24510 24510 E TAG :
02-16 09:42:16.170 24510 24510 E TAG : We hope you enjoy using it.
02-16 09:42:16.171 24510 24510 D test : 720 328
02-16 09:42:16.171 24510 24510 D test : width= 1440 height= 720
02-16 09:42:16.172 24510 24510 D SensorManager: registerListenerImpl sensor = {Sensor name="Accelerometer Sensor", vendor="Sprd Group Ltd.", version=1, type=1, maxRange=78.45375, resolution=0.01, power=0.17, minDelay=10000}, delayUs = 200000, latencyUs = 0, listener = android.view.OrientationEventListener$SensorEventListenerImpl@653e36c
02-16 09:42:16.175 24510 24510 I ActivityThread: smart_link is not supported!!!
02-16 09:42:16.176 24510 25179 I Camera-JNI: number_of_cameras:2
02-16 09:42:16.177 24510 25179 I Camera-JNI: number_of_cameras:2
02-16 09:42:16.177 24510 25179 I Camera-JNI: number_of_cameras:2
02-16 09:42:16.177 24510 25431 D SQLiteOpenHelper: UNISOC SQLiteOpenHelper getDatabaseLocked version =1 mNewVersion =1
02-16 09:42:16.180 24510 25179 I Camera-JNI: number_of_cameras:2
02-16 09:42:16.182 24510 25179 I Camera-JNI: number_of_cameras:2
02-16 09:42:16.195 24510 24528 E libc : Access denied finding property "vendor.camera.aux.packagelist"
02-16 09:42:16.198 24510 25522 I gralloc4: register: id=21a00025b37
02-16 09:42:16.202 24510 25522 I gralloc4: unregister: id=21a00025b37
02-16 09:42:16.202 24510 24510 D checklines: main height2739
02-16 09:42:16.202 24510 24510 D checklines: 94
02-16 09:42:16.202 24510 24510 D checklines: max= 2739
02-16 09:42:16.202 24510 24510 D checklines: land lines = 29 onewordheight =94 textheight = 2726 totalheight720 scrollview geight = 3446
02-16 09:42:16.202 24510 25522 W libEGL : EGLNativeWindowType 0xb400007a5358fbd0 disconnect failed
02-16 09:42:16.204 24510 24510 I gralloc4: register: id=21a00025b38
02-16 09:42:16.205 24510 25522 I gralloc4: register: id=21a00025b39
02-16 09:42:16.210 24510 25522 I gralloc4: register: id=21a00025b3a
02-16 09:42:16.215 24510 24510 I gralloc4: register: id=21a00025b3b
02-16 09:42:16.236 24510 25431 D SQLiteOpenHelper: UNISOC SQLiteOpenHelper getDatabaseLocked version =1 mNewVersion =1
02-16 09:42:16.249 24510 25431 D SQLiteOpenHelper: UNISOC SQLiteOpenHelper getDatabaseLocked version =1 mNewVersion =1
02-16 09:42:16.323 24510 25179 I Camera-JNI: number_of_cameras:2
02-16 09:42:16.323 24510 25179 I Camera-JNI: number_of_cameras:2
02-16 09:42:16.325 24510 25179 I Camera-JNI: number_of_cameras:2
02-16 09:42:16.328 24510 25179 D Camera : setFocusMode return fixed
02-16 09:42:16.330 24510 25179 I Camera-JNI: number_of_cameras:2
02-16 09:42:16.383 24510 24528 I gralloc4: register: id=21a00025b3d
02-16 09:42:16.485 24510 24528 I gralloc4: register: id=21a00025b3f
02-16 09:42:16.497 24510 24991 I gralloc4: register: id=21a00025b41
02-16 09:42:16.505 24510 24991 I gralloc4: register: id=21a00025b43
02-16 09:42:16.593 24510 24991 I gralloc4: register: id=21a00025b45
02-16 09:42:16.624 24510 24991 I gralloc4: register: id=21a00025b46
02-16 09:42:16.744 24510 24510 I gralloc4: unregister: id=21a00025b2a
02-16 09:42:16.744 24510 24510 I gralloc4: unregister: id=21a00025b2c
02-16 09:42:16.746 24510 24510 I gralloc4: unregister: id=21a00025b2b
02-16 09:42:16.853 24510 25522 I gralloc4: register: id=21a00025b47
02-16 09:42:17.799 24510 24510 I gralloc4: register: id=21a00025b51
02-16 09:42:22.872 24510 24510 D moveheight: x=48
02-16 09:42:22.968 24510 24510 D moveheight: x=45
02-16 09:42:22.985 24510 24510 D moveheight: x=43
02-16 09:42:23.002 24510 24510 D moveheight: x=45
02-16 09:42:23.018 24510 24510 D moveheight: x=42
02-16 09:42:23.035 24510 24510 D moveheight: x=38
02-16 09:42:23.052 24510 24510 D moveheight: x=35
02-16 09:42:23.069 24510 24510 D moveheight: x=35
02-16 09:42:23.086 24510 24510 D moveheight: x=35
02-16 09:42:23.102 24510 24510 D moveheight: x=32
02-16 09:42:23.119 24510 24510 D moveheight: x=36
02-16 09:42:23.137 24510 24510 D moveheight: x=38
02-16 09:42:23.153 24510 24510 D moveheight: x=38
02-16 09:42:23.170 24510 24510 D moveheight: x=40
02-16 09:42:23.186 24510 24510 D moveheight: x=43
02-16 09:42:23.204 24510 24510 D moveheight: x=43
02-16 09:42:23.220 24510 24510 D moveheight: x=45
02-16 09:42:23.237 24510 24510 D moveheight: x=46
02-16 09:42:23.254 24510 24510 D moveheight: x=43
02-16 09:42:23.270 24510 24510 D moveheight: x=44
02-16 09:42:23.287 24510 24510 D moveheight: x=45
02-16 09:42:23.321 24510 24510 D moveheight: x=47
02-16 09:42:23.742 24510 24510 D moveheight: x=49
02-16 09:42:23.758 24510 24510 D moveheight: x=53
02-16 09:42:23.774 24510 24510 D moveheight: x=53
02-16 09:42:23.799 24510 24510 D moveheight: x=52
02-16 09:42:23.815 24510 24510 D moveheight: x=53
02-16 09:42:23.832 24510 24510 D moveheight: x=52
02-16 09:42:23.848 24510 24510 D moveheight: x=52
02-16 09:42:23.865 24510 24510 D moveheight: x=52
02-16 09:42:23.882 24510 24510 D moveheight: x=51
02-16 09:42:23.900 24510 24510 D moveheight: x=51
02-16 09:42:23.916 24510 24510 D moveheight: x=51
02-16 09:42:23.933 24510 24510 D moveheight: x=53
02-16 09:42:23.950 24510 24510 D moveheight: x=52
02-16 09:42:23.966 24510 24510 D moveheight: x=54
02-16 09:42:23.983 24510 24510 D moveheight: x=53
02-16 09:42:23.999 24510 24510 D moveheight: x=55
02-16 09:42:24.017 24510 24510 D moveheight: x=55
02-16 09:42:24.033 24510 24510 D moveheight: x=56
02-16 09:42:24.051 24510 24510 D moveheight: x=55
02-16 09:42:24.067 24510 24510 D moveheight: x=53
02-16 09:42:24.083 24510 24510 D moveheight: x=53
02-16 09:42:24.101 24510 24510 D moveheight: x=52
02-16 09:42:24.119 24510 24510 D moveheight: x=52
02-16 09:42:24.133 24510 24510 D moveheight: x=51
02-16 09:42:24.151 24510 24510 D moveheight: x=52
02-16 09:42:24.167 24510 24510 D moveheight: x=51
02-16 09:42:24.185 24510 24510 D moveheight: x=52
02-16 09:42:24.202 24510 24510 D moveheight: x=51
02-16 09:42:24.218 24510 24510 D moveheight: x=50
02-16 09:42:24.234 24510 24510 D moveheight: x=50
02-16 09:42:24.252 24510 24510 D moveheight: x=49
02-16 09:42:24.285 24510 24510 D moveheight: x=48
02-16 09:42:24.285 24510 24510 D checklines: main height2739
02-16 09:42:24.285 24510 24510 D checklines: 94
02-16 09:42:24.286 24510 24510 D checklines: max= 2739
02-16 09:42:24.286 24510 24510 D checklines: land lines = 29 onewordheight =94 textheight = 2726 totalheight720 scrollview geight = 3446
02-16 09:42:26.063 24510 24510 D yyyyy : laste pause is : 563081341
02-16 09:42:26.098 24510 24510 D SensorManager: unregisterListenerImpl sensor = null, listener = android.view.OrientationEventListener$SensorEventListenerImpl@653e36c
02-16 09:42:26.102 24510 25522 I gralloc4: unregister: id=21a00025b3a
02-16 09:42:26.103 24510 25522 I gralloc4: unregister: id=21a00025b47
02-16 09:42:26.103 24510 25522 I gralloc4: unregister: id=21a00025b39
02-16 09:42:26.104 24510 25522 W libEGL : EGLNativeWindowType 0xb400007a5358fbd0 disconnect failed
02-16 09:42:26.106 24510 24510 D record1233: On Pause
02-16 09:42:26.106 24510 24510 D yyyyy : laste pause is : 563081384
02-16 09:42:26.108 24510 25431 D SQLiteOpenHelper: UNISOC SQLiteOpenHelper getDatabaseLocked version =1 mNewVersion =1
02-16 09:42:26.156 24510 24510 W ResourcesCompat: Failed to inflate ColorStateList, leaving it to the framework
02-16 09:42:26.156 24510 24510 W ResourcesCompat: java.lang.UnsupportedOperationException: Failed to resolve attribute at index 0: TypedValue{t=0x2/d=0x7f040116 a=-1}
02-16 09:42:26.156 24510 24510 W ResourcesCompat: at android.content.res.TypedArray.getColor(TypedArray.java:528)
02-16 09:42:26.156 24510 24510 W ResourcesCompat: at androidx.core.content.res.ColorStateListInflaterCompat.inflate(ColorStateListInflat erCompat.java:160)
02-16 09:42:26.156 24510 24510 W ResourcesCompat: at androidx.core.content.res.ColorStateListInflaterCompat.createFromXmlInner(ColorStat eListInflaterCompat.java:125)
02-16 09:42:26.156 24510 24510 W ResourcesCompat: at androidx.core.content.res.ColorStateListInflaterCompat.createFromXml(ColorStateList InflaterCompat.java:104)
02-16 09:42:26.156 24510 24510 W ResourcesCompat: at androidx.core.content.res.ResourcesCompat.inflateColorStateList(ResourcesCompat.jav a:262)
02-16 09:42:26.156 24510 24510 W ResourcesCompat: at androidx.core.content.res.ResourcesCompat.getColorStateList(ResourcesCompat.java:23 6)
02-16 09:42:26.156 24510 24510 W ResourcesCompat: at androidx.core.content.ContextCompat.getColorStateList(ContextCompat.java:558)
02-16 09:42:26.156 24510 24510 W ResourcesCompat: at androidx.appcompat.content.res.AppCompatResources.getColorStateList(AppCompatResour ces.java:48)
02-16 09:42:26.156 24510 24510 W ResourcesCompat: at com.google.android.material.resources.MaterialResources.getColorStateList(MaterialR esources.java:55)
02-16 09:42:26.156 24510 24510 W ResourcesCompat: at com.google.android.material.imageview.ShapeableImageView.<init>(ShapeableImageView. java:99)
02-16 09:42:26.156 24510 24510 W ResourcesCompat: at com.google.android.material.imageview.ShapeableImageView.<init>(ShapeableImageView. java:79)
02-16 09:42:26.156 24510 24510 W ResourcesCompat: at java.lang.reflect.Constructor.newInstance0(Native Method)
02-16 09:42:26.156 24510 24510 W ResourcesCompat: at java.lang.reflect.Constructor.newInstance(Constructor.java:343)
02-16 09:42:26.156 24510 24510 W ResourcesCompat: at android.view.LayoutInflater.createView(LayoutInflater.java:852)
02-16 09:42:26.156 24510 24510 W ResourcesCompat: at android.view.LayoutInflater.createViewFromTag(LayoutInflater.java:1004)
02-16 09:42:26.156 24510 24510 W ResourcesCompat: at android.view.LayoutInflater.createViewFromTag(LayoutInflater.java:959)
02-16 09:42:26.156 24510 24510 W ResourcesCompat: at android.view.LayoutInflater.rInflate(LayoutInflater.java:1121)
02-16 09:42:26.156 24510 24510 W ResourcesCompat: at android.view.LayoutInflater.rInflateChildren(LayoutInflater.java:1082)
02-16 09:42:26.156 24510 24510 W ResourcesCompat: at android.view.LayoutInflater.rInflate(LayoutInflater.java:1124)
02-16 09:42:26.156 24510 24510 W ResourcesCompat: at android.view.LayoutInflater.rInflateChildren(LayoutInflater.java:1082)
02-16 09:42:26.156 24510 24510 W ResourcesCompat: at android.view.LayoutInflater.rInflate(LayoutInflater.java:1124)
02-16 09:42:26.156 24510 24510 W ResourcesCompat: at android.view.LayoutInflater.rInflateChildren(LayoutInflater.java:1082)
02-16 09:42:26.156 24510 24510 W ResourcesCompat: at android.view.LayoutInflater.inflate(LayoutInflater.java:680)
02-16 09:42:26.156 24510 24510 W ResourcesCompat: at android.view.LayoutInflater.inflate(LayoutInflater.java:532)
02-16 09:42:26.156 24510 24510 W ResourcesCompat: at android.view.LayoutInflater.inflate(LayoutInflater.java:479)
02-16 09:42:26.156 24510 24510 W ResourcesCompat: at androidx.appcompat.app.AppCompatDelegateImpl.setContentView(AppCompatDelegateImpl.j ava:710)
02-16 09:42:26.156 24510 24510 W ResourcesCompat: at androidx.appcompat.app.AppCompatActivity.setContentView(AppCompatActivity.java:195)
02-16 09:42:26.156 24510 24510 W ResourcesCompat: at com.smartvlogger.Activity.SettingsActivity.onCreate(SettingsActivity.java:86)
02-16 09:42:26.156 24510 24510 W ResourcesCompat: at android.app.Activity.performCreate(Activity.java:8071)
02-16 09:42:26.156 24510 24510 W ResourcesCompat: at android.app.Activity.performCreate(Activity.java:8054)
02-16 09:42:26.156 24510 24510 W ResourcesCompat: at android.app.Instrumentation.callActivityOnCreate(Instrumentation.java:1309)
02-16 09:42:26.156 24510 24510 W ResourcesCompat: at android.app.ActivityThread.performLaunchActivity(ActivityThread.java:3472)
02-16 09:42:26.156 24510 24510 W ResourcesCompat: at android.app.ActivityThread.handleLaunchActivity(ActivityThread.java:3680)
02-16 09:42:26.156 24510 24510 W ResourcesCompat: at android.app.servertransaction.LaunchActivityItem.execute(LaunchActivityItem.java:85 )
02-16 09:42:26.156 24510 24510 W ResourcesCompat: at android.app.servertransaction.TransactionExecutor.executeCallbacks(TransactionExecu tor.java:135)
02-16 09:42:26.156 24510 24510 W ResourcesCompat: at android.app.servertransaction.TransactionExecutor.execute(TransactionExecutor.java: 95)
02-16 09:42:26.156 24510 24510 W ResourcesCompat: at android.app.ActivityThread$H.handleMessage(ActivityThread.java:2108)
02-16 09:42:26.156 24510 24510 W ResourcesCompat: at android.os.Handler.dispatchMessage(Handler.java:106)
02-16 09:42:26.156 24510 24510 W ResourcesCompat: at android.os.Looper.loop(Looper.java:223)
02-16 09:42:26.156 24510 24510 W ResourcesCompat: at android.app.ActivityThread.main(ActivityThread.java:7950)
02-16 09:42:26.156 24510 24510 W ResourcesCompat: at java.lang.reflect.Method.invoke(Native Method)
02-16 09:42:26.156 24510 24510 W ResourcesCompat: at com.android.internal.os.RuntimeInit$MethodAndArgsCaller.run(RuntimeInit.java:603)
02-16 09:42:26.156 24510 24510 W ResourcesCompat: at com.android.internal.os.ZygoteInit.main(ZygoteInit.java:947)
02-16 09:42:26.171 24510 25179 D Camera : app passed NULL surface
02-16 09:42:26.175 24510 25179 I gralloc4: unregister: id=21a00025b3d
02-16 09:42:26.176 24510 25179 I gralloc4: unregister: id=21a00025b3f
02-16 09:42:26.177 24510 25179 I gralloc4: unregister: id=21a00025b45
02-16 09:42:26.177 24510 25179 I gralloc4: unregister: id=21a00025b46
02-16 09:42:26.205 24510 24510 D DynamitePackage: Instantiating com.google.android.gms.ads.ChimeraAdManagerCreatorImpl
02-16 09:42:26.212 24510 24510 I Ads : Use RequestConfiguration.Builder().setTestDeviceIds(Arrays.asList("838E3423E125DEEAA7E1 DC9B4701461B")) to get test ads on this device.
02-16 09:42:26.239 24510 24510 D grid : OFF
02-16 09:42:26.240 24510 24510 D grid : 3*3
02-16 09:42:26.240 24510 24510 D grid : 4*4
02-16 09:42:26.246 24510 24510 I ActivityThread: smart_link is not supported!!!
02-16 09:42:26.250 24510 25431 D SQLiteOpenHelper: UNISOC SQLiteOpenHelper getDatabaseLocked version =1 mNewVersion =1
02-16 09:42:26.252 24510 26113 W ConnectionStatusConfig: Dynamic lookup for intent failed for action: com.google.android.gms.ads.service.START
02-16 09:42:26.264 24510 24991 E libc : Access denied finding property "vendor.camera.aux.packagelist"
02-16 09:42:26.284 24510 24510 I gralloc4: register: id=21a00025b53
02-16 09:42:26.297 24510 25431 D SQLiteOpenHelper: UNISOC SQLiteOpenHelper getDatabaseLocked version =1 mNewVersion =1
02-16 09:42:26.299 24510 24510 I gralloc4: register: id=21a00025b54
02-16 09:42:26.317 24510 25431 D SQLiteOpenHelper: UNISOC SQLiteOpenHelper getDatabaseLocked version =1 mNewVersion =1
02-16 09:42:26.348 24510 24510 I gralloc4: register: id=21a00025b55
02-16 09:42:26.716 24510 25522 I gralloc4: unregister: id=21a00025b43
02-16 09:42:26.716 24510 25522 I gralloc4: unregister: id=21a00025b41
02-16 09:42:26.764 24510 24510 I gralloc4: unregister: id=21a00025b38
02-16 09:42:26.764 24510 24510 I gralloc4: unregister: id=21a00025b51
02-16 09:42:26.765 24510 24510 I gralloc4: unregister: id=21a00025b3b
02-16 09:42:29.547 24510 24510 I Ads : Ad failed to load : 0
02-16 09:42:36.247 24510 25431 D SQLiteOpenHelper: UNISOC SQLiteOpenHelper getDatabaseLocked version =1 mNewVersion =1
02-16 09:42:36.276 24510 24510 D test : 720 328
02-16 09:42:36.276 24510 24510 D test : width= 1440 height= 720
02-16 09:42:36.279 24510 24510 D call : On Resume
02-16 09:42:36.280 24510 24510 E TAG : Welcome to the Teleprompter app which allows you to read a script from a teleprompter while recording yourself. The app makes use of the high definition camera and quality microphone, whilst ensuring you are word perfect and looking directly into the camera at all times. It's totally free to download and use for scripts of up to 750 characters.
02-16 09:42:36.280 24510 24510 E TAG :
02-16 09:42:36.280 24510 24510 E TAG : We hope you enjoy using it.
02-16 09:42:36.282 24510 25431 D SQLiteOpenHelper: UNISOC SQLiteOpenHelper getDatabaseLocked version =1 mNewVersion =1
02-16 09:42:36.283 24510 24510 D test : 720 328
02-16 09:42:36.283 24510 24510 D test : width= 1440 height= 720
02-16 09:42:36.284 24510 24510 D SensorManager: registerListenerImpl sensor = {Sensor name="Accelerometer Sensor", vendor="Sprd Group Ltd.", version=1, type=1, maxRange=78.45375, resolution=0.01, power=0.17, minDelay=10000}, delayUs = 200000, latencyUs = 0, listener = android.view.OrientationEventListener$SensorEventListenerImpl@653e36c
02-16 09:42:36.287 24510 24510 I ActivityThread: smart_link is not supported!!!
02-16 09:42:36.288 24510 25179 I Camera-JNI: number_of_cameras:2
02-16 09:42:36.289 24510 25179 I Camera-JNI: number_of_cameras:2
02-16 09:42:36.290 24510 25179 I Camera-JNI: number_of_cameras:2
02-16 09:42:36.292 24510 25179 I Camera-JNI: number_of_cameras:2
02-16 09:42:36.295 24510 25179 I Camera-JNI: number_of_cameras:2
02-16 09:42:36.301 24510 24991 E libc : Access denied finding property "vendor.camera.aux.packagelist"
02-16 09:42:36.309 24510 25522 I gralloc4: register: id=21a00025b60
02-16 09:42:36.313 24510 24510 D checklines: main height2739
02-16 09:42:36.313 24510 24510 D checklines: 94
02-16 09:42:36.313 24510 24510 D checklines: max= 2739
02-16 09:42:36.313 24510 24510 D checklines: land lines = 29 onewordheight =94 textheight = 2726 totalheight720 scrollview geight = 3446
02-16 09:42:36.314 24510 25522 I gralloc4: unregister: id=21a00025b60
02-16 09:42:36.314 24510 25522 W libEGL : EGLNativeWindowType 0xb400007a5358fbd0 disconnect failed
02-16 09:42:36.315 24510 24510 I gralloc4: register: id=21a00025b61
02-16 09:42:36.317 24510 25522 I gralloc4: register: id=21a00025b62
02-16 09:42:36.323 24510 25431 D SQLiteOpenHelper: UNISOC SQLiteOpenHelper getDatabaseLocked version =1 mNewVersion =1
02-16 09:42:36.324 24510 25522 I gralloc4: register: id=21a00025b63
02-16 09:42:36.324 24510 24510 I gralloc4: register: id=21a00025b64
02-16 09:42:36.340 24510 25431 D SQLiteOpenHelper: UNISOC SQLiteOpenHelper getDatabaseLocked version =1 mNewVersion =1
02-16 09:42:36.400 24510 25179 I Camera-JNI: number_of_cameras:2
02-16 09:42:36.401 24510 25179 I Camera-JNI: number_of_cameras:2
02-16 09:42:36.404 24510 25179 I Camera-JNI: number_of_cameras:2
02-16 09:42:36.407 24510 25179 D Camera : setFocusMode return fixed
02-16 09:42:36.410 24510 25179 I Camera-JNI: number_of_cameras:2
02-16 09:42:36.423 24510 24991 I gralloc4: register: id=21a00025b66
02-16 09:42:36.519 24510 24991 I gralloc4: register: id=21a00025b68
02-16 09:42:36.531 24510 24991 I gralloc4: register: id=21a00025b6a
02-16 09:42:36.538 24510 24991 I gralloc4: register: id=21a00025b6c
02-16 09:42:36.621 24510 24991 I gralloc4: register: id=21a00025b6e
02-16 09:42:36.652 24510 25313 I gralloc4: register: id=21a00025b6f
02-16 09:42:36.857 24510 24510 I gralloc4: unregister: id=21a00025b53
02-16 09:42:36.857 24510 24510 I gralloc4: unregister: id=21a00025b55
02-16 09:42:36.858 24510 24510 I gralloc4: unregister: id=21a00025b54
02-16 09:42:37.901 24510 24510 I gralloc4: register: id=21a00025b79
02-16 09:42:40.624 24510 24510 E TAG : start record preSec 5 afterSec 0
02-16 09:42:40.624 24510 24510 E oru : land
02-16 09:42:45.689 24510 24510 E oru : land
02-16 09:42:45.838 24510 26227 I OMXClient: IOmx service obtained
02-16 09:42:46.007 24510 26226 D MediaCodec: flushMediametrics
02-16 09:42:46.014 24510 26227 W OMXUtils: do not know color format 0x7f000789 = 2130708361
02-16 09:42:46.015 24510 26227 I ACodec : setupAVCEncoderParameters with [profile: Baseline] [level: Level2]
02-16 09:42:46.016 24510 26227 I ACodec : [OMX.sprd.h264.encoder] cannot encode HDR static metadata. Ignoring.
02-16 09:42:46.016 24510 26227 I ACodec : setupVideoEncoder succeeded
02-16 09:42:46.017 24510 26227 W OMXUtils: do not know color format 0x7f000789 = 2130708361
02-16 09:42:46.021 24510 26226 D MediaCodec: flushMediametrics
02-16 09:42:46.022 24510 26226 D MediaCodec: flushMediametrics
02-16 09:42:46.023 24510 26231 D CCodec : allocate(c2.android.aac.encoder)
02-16 09:42:46.025 24510 26231 I Codec2Client: Available Codec2 services: "software"
02-16 09:42:46.174 24510 26231 I CCodec : Created component [c2.android.aac.encoder]
02-16 09:42:46.175 24510 26231 D CCodecConfig: read media type: audio/mp4a-latm
02-16 09:42:46.178 24510 26231 D ReflectedParamUpdater: extent() != 1 for single value type: algo.buffers.max-count.values
02-16 09:42:46.178 24510 26231 D ReflectedParamUpdater: extent() != 1 for single value type: output.subscribed-indices.values
02-16 09:42:46.178 24510 26231 D ReflectedParamUpdater: extent() != 1 for single value type: input.buffers.allocator-ids.values
02-16 09:42:46.179 24510 26231 D ReflectedParamUpdater: extent() != 1 for single value type: output.buffers.allocator-ids.values
02-16 09:42:46.179 24510 26231 D ReflectedParamUpdater: extent() != 1 for single value type: algo.buffers.allocator-ids.values
02-16 09:42:46.179 24510 26231 D ReflectedParamUpdater: extent() != 1 for single value type: output.buffers.pool-ids.values
02-16 09:42:46.179 24510 26231 D ReflectedParamUpdater: extent() != 1 for single value type: algo.buffers.pool-ids.values
02-16 09:42:46.185 24510 26231 I CCodecConfig: query failed after returning 9 values (BAD_INDEX)
02-16 09:42:46.185 24510 26231 D CCodecConfig: c2 config diff is Dict {
02-16 09:42:46.185 24510 26231 D CCodecConfig: c2::u32 coded.bitrate.value = 64000
02-16 09:42:46.185 24510 26231 D CCodecConfig: c2::u32 coded.pl.level = 0
02-16 09:42:46.185 24510 26231 D CCodecConfig: c2::u32 coded.pl.profile = 8192
02-16 09:42:46.185 24510 26231 D CCodecConfig: c2::u32 coding.aac-sbr-mode.value = 3
02-16 09:42:46.185 24510 26231 D CCodecConfig: c2::u32 input.buffers.max- size.value = 2048
02-16 09:42:46.185 24510 26231 D CCodecConfig: c2::u32 input.delay.value = 0
02-16 09:42:46.185 24510 26231 D CCodecConfig: string input.media-type.value = "audio/raw"
02-16 09:42:46.185 24510 26231 D CCodecConfig: string output.media-type.value = "audio/mp4a-latm"
02-16 09:42:46.185 24510 26231 D CCodecConfig: c2::u32 raw.channel-count.value = 1
02-16 09:42:46.185 24510 26231 D CCodecConfig: c2::u32 raw.sample-rate.value = 44100
02-16 09:42:46.185 24510 26231 D CCodecConfig: }
02-16 09:42:46.186 24510 26231 D MediaCodec: flushMediametrics
02-16 09:42:46.186 24510 26231 D CCodec : [c2.android.aac.encoder] buffers are bound to CCodec for this session
02-16 09:42:46.186 24510 26231 D CCodecConfig: no c2 equivalents for channel-mask
02-16 09:42:46.186 24510 26231 D CCodecConfig: no c2 equivalents for flags
02-16 09:42:46.186 24510 26231 D CCodecConfig: no c2 equivalents for encoder
02-16 09:42:46.187 24510 26231 D CCodecConfig: c2 config diff is c2::u32 coded.bitrate.value = 96000
02-16 09:42:46.188 24510 26231 W Codec2Client: query -- param skipped: index = 1107298332.
02-16 09:42:46.188 24510 26231 D CCodec : setup formats input: AMessage(what = 0x00000000) = {
02-16 09:42:46.188 24510 26231 D CCodec : int32_t aac-sbr-mode = 3
02-16 09:42:46.188 24510 26231 D CCodec : int32_t channel-count = 1
02-16 09:42:46.188 24510 26231 D CCodec : int32_t max-input-size = 2048
02-16 09:42:46.188 24510 26231 D CCodec : string mime = "audio/raw"
02-16 09:42:46.188 24510 26231 D CCodec : int32_t sample-rate = 44100
02-16 09:42:46.188 24510 26231 D CCodec : int32_t channel-mask = 16
02-16 09:42:46.188 24510 26231 D CCodec : } and output: AMessage(what = 0x00000000) = {
02-16 09:42:46.188 24510 26231 D CCodec : int32_t aac-sbr-mode = 3
02-16 09:42:46.188 24510 26231 D CCodec : int32_t bitrate = 96000
02-16 09:42:46.188 24510 26231 D CCodec : int32_t channel-count = 1
02-16 09:42:46.188 24510 26231 D CCodec : int32_t level = 0
02-16 09:42:46.188 24510 26231 D CCodec : int32_t max-bitrate = 96000
02-16 09:42:46.188 24510 26231 D CCodec : string mime = "audio/mp4a-latm"
02-16 09:42:46.188 24510 26231 D CCodec : int32_t profile = 2
02-16 09:42:46.188 24510 26231 D CCodec : int32_t sample-rate = 44100
02-16 09:42:46.188 24510 26231 D CCodec : }
02-16 09:42:46.190 24510 26231 I hw-BpHwBinder: onLastStrongRef automatically unlinking death recipients
02-16 09:42:46.190 24510 26231 D MediaCodec: flushMediametrics
02-16 09:42:46.191 24510 26231 D MediaCodec: flushMediametrics
02-16 09:42:46.906 24510 24510 D record1233: start recording..
02-16 09:42:47.190 24510 24510 D recording: Recording con....
02-16 09:42:47.190 24510 24510 D checklines: max= 2739
02-16 09:42:47.191 24510 24510 D speedScrollViw: delay =26
02-16 09:42:47.191 24510 24510 D speedScrollViw: period =26
02-16 09:42:47.192 24510 24510 D speedScrollViw: delay =26
02-16 09:42:47.192 24510 24510 D speedScrollViw: period =26
02-16 09:42:47.219 24510 24510 D checklines: moveScrollView to 1 to 2739 : 1
02-16 09:42:47.244 24510 24510 D checklines: moveScrollView to 1 to 2739 : 2
02-16 09:42:47.271 24510 24510 D checklines: moveScrollView to 1 to 2739 : 3
02-16 09:42:47.296 24510 24510 D checklines: moveScrollView to 1 to 2739 : 4
02-16 09:42:47.322 24510 24510 D checklines: moveScrollView to 1 to 2739 : 5
02-16 09:42:47.348 24510 24510 D checklines: moveScrollView to 1 to 2739 : 6
02-16 09:42:47.374 24510 24510 D checklines: moveScrollView to 1 to 2739 : 7
02-16 09:42:47.400 24510 24510 D checklines: moveScrollView to 1 to 2739 : 8
02-16 09:42:47.427 24510 24510 D checklines: moveScrollView to 1 to 2739 : 9
02-16 09:42:47.452 24510 24510 D checklines: moveScrollView to 1 to 2739 : 10
02-16 09:42:47.479 24510 24510 D checklines: moveScrollView to 1 to 2739 : 11
02-16 09:42:47.504 24510 24510 D checklines: moveScrollView to 1 to 2739 : 12
02-16 09:42:47.530 24510 24510 D checklines: moveScrollView to 1 to 2739 : 13
02-16 09:42:47.556 24510 24510 D checklines: moveScrollView to 1 to 2739 : 14
02-16 09:42:47.583 24510 24510 D checklines: moveScrollView to 1 to 2739 : 15
02-16 09:42:47.608 24510 24510 D checklines: moveScrollView to 1 to 2739 : 16
02-16 09:42:47.634 24510 24510 D checklines: moveScrollView to 1 to 2739 : 17
02-16 09:42:47.660 24510 24510 D checklines: moveScrollView to 1 to 2739 : 18
02-16 09:42:47.687 24510 24510 D checklines: moveScrollView to 1 to 2739 : 19
02-16 09:42:47.713 24510 24510 D checklines: moveScrollView to 1 to 2739 : 20
02-16 09:42:47.739 24510 24510 D checklines: moveScrollView to 1 to 2739 : 21
02-16 09:42:47.765 24510 24510 D checklines: moveScrollView to 1 to 2739 : 22
02-16 09:42:47.791 24510 24510 D checklines: moveScrollView to 1 to 2739 : 23
02-16 09:42:47.818 24510 24510 D checklines: moveScrollView to 1 to 2739 : 24
02-16 09:42:47.844 24510 24510 D checklines: moveScrollView to 1 to 2739 : 25
02-16 09:42:47.870 24510 24510 D checklines: moveScrollView to 1 to 2739 : 26
02-16 09:42:47.897 24510 24510 D checklines: moveScrollView to 1 to 2739 : 27
02-16 09:42:47.922 24510 24510 D checklines: moveScrollView to 1 to 2739 : 28
02-16 09:42:47.949 24510 24510 D checklines: moveScrollView to 1 to 2739 : 29
02-16 09:42:47.974 24510 24510 D checklines: moveScrollView to 1 to 2739 : 30
02-16 09:42:48.000 24510 24510 D checklines: moveScrollView to 1 to 2739 : 31
02-16 09:42:48.026 24510 24510 D checklines: moveScrollView to 1 to 2739 : 32
02-16 09:42:48.053 24510 24510 D checklines: moveScrollView to 1 to 2739 : 33
02-16 09:42:48.079 24510 24510 D checklines: moveScrollView to 1 to 2739 : 34
02-16 09:42:48.105 24510 24510 D checklines: moveScrollView to 1 to 2739 : 35
02-16 09:42:48.131 24510 24510 D checklines: moveScrollView to 1 to 2739 : 36
02-16 09:42:48.157 24510 24510 D checklines: moveScrollView to 1 to 2739 : 37
02-16 09:42:48.183 24510 24510 D checklines: moveScrollView to 1 to 2739 : 38
02-16 09:42:48.215 24510 24510 D checklines: moveScrollView to 1 to 2739 : 39
02-16 09:42:48.235 24510 24510 D checklines: moveScrollView to 1 to 2739 : 40
02-16 09:42:48.261 24510 24510 D checklines: moveScrollView to 1 to 2739 : 41
02-16 09:42:48.287 24510 24510 D checklines: moveScrollView to 1 to 2739 : 42
02-16 09:42:48.314 24510 24510 D checklines: moveScrollView to 1 to 2739 : 43
02-16 09:42:48.340 24510 24510 D checklines: moveScrollView to 1 to 2739 : 44
02-16 09:42:48.366 24510 24510 D checklines: moveScrollView to 1 to 2739 : 45
02-16 09:42:48.393 24510 24510 D checklines: moveScrollView to 1 to 2739 : 46
02-16 09:42:48.419 24510 24510 D checklines: moveScrollView to 1 to 2739 : 47
02-16 09:42:48.445 24510 24510 D checklines: moveScrollView to 1 to 2739 : 48
02-16 09:42:48.472 24510 24510 D checklines: moveScrollView to 1 to 2739 : 49
02-16 09:42:48.497 24510 24510 D checklines: moveScrollView to 1 to 2739 : 50
02-16 09:42:48.523 24510 24510 D checklines: moveScrollView to 1 to 2739 : 51
02-16 09:42:48.551 24510 24510 D checklines: moveScrollView to 1 to 2739 : 52
02-16 09:42:48.577 24510 24510 D checklines: moveScrollView to 1 to 2739 : 53
02-16 09:42:48.603 24510 24510 D checklines: moveScrollView to 1 to 2739 : 54
02-16 09:42:48.629 24510 24510 D checklines: moveScrollView to 1 to 2739 : 55
02-16 09:42:48.656 24510 24510 D checklines: moveScrollView to 1 to 2739 : 56
02-16 09:42:48.681 24510 24510 D checklines: moveScrollView to 1 to 2739 : 57
02-16 09:42:48.707 24510 24510 D checklines: moveScrollView to 1 to 2739 : 58
02-16 09:42:48.734 24510 24510 D checklines: moveScrollView to 1 to 2739 : 59
02-16 09:42:48.759 24510 24510 D checklines: moveScrollView to 1 to 2739 : 60
02-16 09:42:48.785 24510 24510 D checklines: moveScrollView to 1 to 2739 : 61
02-16 09:42:48.812 24510 24510 D checklines: moveScrollView to 1 to 2739 : 62
02-16 09:42:48.837 24510 24510 D checklines: moveScrollView to 1 to 2739 : 63
02-16 09:42:48.864 24510 24510 D checklines: moveScrollView to 1 to 2739 : 64
02-16 09:42:48.889 24510 24510 D checklines: moveScrollView to 1 to 2739 : 65
02-16 09:42:48.915 24510 24510 D checklines: moveScrollView to 1 to 2739 : 66
02-16 09:42:48.942 24510 24510 D checklines: moveScrollView to 1 to 2739 : 67
02-16 09:42:48.968 24510 24510 D checklines: moveScrollView to 1 to 2739 : 68
02-16 09:42:48.994 24510 24510 D checklines: moveScrollView to 1 to 2739 : 69
02-16 09:42:49.020 24510 24510 D checklines: moveScrollView to 1 to 2739 : 70
02-16 09:42:49.047 24510 24510 D checklines: moveScrollView to 1 to 2739 : 71
02-16 09:42:49.072 24510 24510 D checklines: moveScrollView to 1 to 2739 : 72
02-16 09:42:49.099 24510 24510 D checklines: moveScrollView to 1 to 2739 : 73
02-16 09:42:49.125 24510 24510 D checklines: moveScrollView to 1 to 2739 : 74
02-16 09:42:49.150 24510 24510 D checklines: moveScrollView to 1 to 2739 : 75
02-16 09:42:49.176 24510 24510 D checklines: moveScrollView to 1 to 2739 : 76
02-16 09:42:49.225 24510 24510 D checklines: moveScrollView to 1 to 2739 : 77
02-16 09:42:49.229 24510 24510 D checklines: moveScrollView to 1 to 2739 : 78
02-16 09:42:49.255 24510 24510 D checklines: moveScrollView to 1 to 2739 : 79
02-16 09:42:49.281 24510 24510 D checklines: moveScrollView to 1 to 2739 : 80
02-16 09:42:49.308 24510 24510 D checklines: moveScrollView to 1 to 2739 : 81
02-16 09:42:49.334 24510 24510 D checklines: moveScrollView to 1 to 2739 : 82
02-16 09:42:49.361 24510 24510 D checklines: moveScrollView to 1 to 2739 : 83
02-16 09:42:49.387 24510 24510 D checklines: moveScrollView to 1 to 2739 : 84
02-16 09:42:49.413 24510 24510 D checklines: moveScrollView to 1 to 2739 : 85
02-16 09:42:49.439 24510 24510 D checklines: moveScrollView to 1 to 2739 : 86
02-16 09:42:49.466 24510 24510 D checklines: moveScrollView to 1 to 2739 : 87
02-16 09:42:49.491 24510 24510 D checklines: moveScrollView to 1 to 2739 : 88
02-16 09:42:49.517 24510 24510 D checklines: moveScrollView to 1 to 2739 : 89
02-16 09:42:49.544 24510 24510 D checklines: moveScrollView to 1 to 2739 : 90
02-16 09:42:49.570 24510 24510 D checklines: moveScrollView to 1 to 2739 : 91
02-16 09:42:49.596 24510 24510 D checklines: moveScrollView to 1 to 2739 : 92
02-16 09:42:49.623 24510 24510 D checklines: moveScrollView to 1 to 2739 : 93
02-16 09:42:49.649 24510 24510 D checklines: moveScrollView to 1 to 2739 : 94
02-16 09:42:49.675 24510 24510 D checklines: moveScrollView to 1 to 2739 : 95
02-16 09:42:49.701 24510 24510 D checklines: moveScrollView to 1 to 2739 : 96
02-16 09:42:49.728 24510 24510 D checklines: moveScrollView to 1 to 2739 : 97
02-16 09:42:49.753 24510 24510 D checklines: moveScrollView to 1 to 2739 : 98
02-16 09:42:49.779 24510 24510 D checklines: moveScrollView to 1 to 2739 : 99
02-16 09:42:49.805 24510 24510 D checklines: moveScrollView to 1 to 2739 : 100
02-16 09:42:49.832 24510 24510 D checklines: moveScrollView to 1 to 2739 : 101
02-16 09:42:49.858 24510 24510 D checklines: moveScrollView to 1 to 2739 : 102
02-16 09:42:49.885 24510 24510 D checklines: moveScrollView to 1 to 2739 : 103
02-16 09:42:49.911 24510 24510 D checklines: moveScrollView to 1 to 2739 : 104
02-16 09:42:49.937 24510 24510 D checklines: moveScrollView to 1 to 2739 : 105
02-16 09:42:49.963 24510 24510 D checklines: moveScrollView to 1 to 2739 : 106
02-16 09:42:49.990 24510 24510 D checklines: moveScrollView to 1 to 2739 : 107
02-16 09:42:50.016 24510 24510 D checklines: moveScrollView to 1 to 2739 : 108
02-16 09:42:50.042 24510 24510 D checklines: moveScrollView to 1 to 2739 : 109
02-16 09:42:50.069 24510 24510 D checklines: moveScrollView to 1 to 2739 : 110
02-16 09:42:50.095 24510 24510 D checklines: moveScrollView to 1 to 2739 : 111
02-16 09:42:50.122 24510 24510 D checklines: moveScrollView to 1 to 2739 : 112
02-16 09:42:50.148 24510 24510 D checklines: moveScrollView to 1 to 2739 : 113
02-16 09:42:50.174 24510 24510 D checklines: moveScrollView to 1 to 2739 : 114
02-16 09:42:50.201 24510 24510 D checklines: moveScrollView to 1 to 2739 : 115
02-16 09:42:50.227 24510 24510 D checklines: moveScrollView to 1 to 2739 : 116
02-16 09:42:50.252 24510 24510 D checklines: moveScrollView to 1 to 2739 : 117
02-16 09:42:50.278 24510 24510 D checklines: moveScrollView to 1 to 2739 : 118
02-16 09:42:50.305 24510 24510 D checklines: moveScrollView to 1 to 2739 : 119
02-16 09:42:50.331 24510 24510 D checklines: moveScrollView to 1 to 2739 : 120
02-16 09:42:50.358 24510 24510 D checklines: moveScrollView to 1 to 2739 : 121
02-16 09:42:50.383 24510 24510 D checklines: moveScrollView to 1 to 2739 : 122
02-16 09:42:50.409 24510 24510 D checklines: moveScrollView to 1 to 2739 : 123
02-16 09:42:50.436 24510 24510 D checklines: moveScrollView to 1 to 2739 : 124
02-16 09:42:50.462 24510 24510 D checklines: moveScrollView to 1 to 2739 : 125
02-16 09:42:50.489 24510 24510 D checklines: moveScrollView to 1 to 2739 : 126
02-16 09:42:50.515 24510 24510 D checklines: moveScrollView to 1 to 2739 : 127
02-16 09:42:50.540 24510 24510 D checklines: moveScrollView to 1 to 2739 : 128
02-16 09:42:50.567 24510 24510 D checklines: moveScrollView to 1 to 2739 : 129
02-16 09:42:50.592 24510 24510 D checklines: moveScrollView to 1 to 2739 : 130
02-16 09:42:50.618 24510 24510 D checklines: moveScrollView to 1 to 2739 : 131
02-16 09:42:50.645 24510 24510 D checklines: moveScrollView to 1 to 2739 : 132
02-16 09:42:50.671 24510 24510 D checklines: moveScrollView to 1 to 2739 : 133
02-16 09:42:50.697 24510 24510 D checklines: moveScrollView to 1 to 2739 : 134
02-16 09:42:50.722 24510 24510 D checklines: moveScrollView to 1 to 2739 : 135
02-16 09:42:50.749 24510 24510 D checklines: moveScrollView to 1 to 2739 : 136
02-16 09:42:50.775 24510 24510 D checklines: moveScrollView to 1 to 2739 : 137
02-16 09:42:50.802 24510 24510 D checklines: moveScrollView to 1 to 2739 : 138
02-16 09:42:50.827 24510 24510 D checklines: moveScrollView to 1 to 2739 : 139
02-16 09:42:50.853 24510 24510 D checklines: moveScrollView to 1 to 2739 : 140
02-16 09:42:50.879 24510 24510 D checklines: moveScrollView to 1 to 2739 : 141
02-16 09:42:50.906 24510 24510 D checklines: moveScrollView to 1 to 2739 : 142
02-16 09:42:50.931 24510 24510 D checklines: moveScrollView to 1 to 2739 : 143
02-16 09:42:50.957 24510 24510 D checklines: moveScrollView to 1 to 2739 : 144
02-16 09:42:50.984 24510 24510 D checklines: moveScrollView to 1 to 2739 : 145
02-16 09:42:51.009 24510 24510 D checklines: moveScrollView to 1 to 2739 : 146
02-16 09:42:51.035 24510 24510 D checklines: moveScrollView to 1 to 2739 : 147
02-16 09:42:51.061 24510 24510 D checklines: moveScrollView to 1 to 2739 : 148
02-16 09:42:51.088 24510 24510 D checklines: moveScrollView to 1 to 2739 : 149
02-16 09:42:51.114 24510 24510 D checklines: moveScrollView to 1 to 2739 : 150
02-16 09:42:51.142 24510 24510 D checklines: moveScrollView to 1 to 2739 : 151
02-16 09:42:51.167 24510 24510 D checklines: moveScrollView to 1 to 2739 : 152
02-16 09:42:51.192 24510 24510 D checklines: moveScrollView to 1 to 2739 : 153
02-16 09:42:51.222 24510 24510 D checklines: moveScrollView to 1 to 2739 : 154
02-16 09:42:51.245 24510 24510 D checklines: moveScrollView to 1 to 2739 : 155
02-16 09:42:51.270 24510 24510 D checklines: moveScrollView to 1 to 2739 : 156
02-16 09:42:51.296 24510 24510 D checklines: moveScrollView to 1 to 2739 : 157
02-16 09:42:51.323 24510 24510 D checklines: moveScrollView to 1 to 2739 : 158
02-16 09:42:51.348 24510 24510 D checklines: moveScrollView to 1 to 2739 : 159
02-16 09:42:51.374 24510 24510 D checklines: moveScrollView to 1 to 2739 : 160
02-16 09:42:51.400 24510 24510 D checklines: moveScrollView to 1 to 2739 : 161
02-16 09:42:51.427 24510 24510 D checklines: moveScrollView to 1 to 2739 : 162
02-16 09:42:51.452 24510 24510 D checklines: moveScrollView to 1 to 2739 : 163
02-16 09:42:51.478 24510 24510 D checklines: moveScrollView to 1 to 2739 : 164
02-16 09:42:51.505 24510 24510 D checklines: moveScrollView to 1 to 2739 : 165
