The document contains log entries from an application, detailing various events such as access denials for certain properties, database operations, and sensor registrations. It also includes warnings about missing permissions and unsupported features, as well as messages related to the camera and teleprompter functionality. Overall, the logs indicate issues with permissions and configuration in the application's environment.
We take content rights seriously. If you suspect this is your content, claim it here.
Available Formats
Download as TXT, PDF, TXT or read online on Scribd
0 ratings0% found this document useful (0 votes)
2 views80 pages
Logcat 1739670020750
The document contains log entries from an application, detailing various events such as access denials for certain properties, database operations, and sensor registrations. It also includes warnings about missing permissions and unsupported features, as well as messages related to the camera and teleprompter functionality. Overall, the logs indicate issues with permissions and configuration in the application's environment.
"vendor.camera.aux.packagelist"
02-16 09:40:20.878 24510 24768 I chatty : uid=10313(com.corepix.videorecording) ThreadPoolSingl identical 1 line
02-16 09:40:20.878 24510 24768 E libc : Access denied finding property "vendor.camera.aux.packagelist"
02-16 09:40:20.878 24510 24768 W CameraManagerGlobal: [soar.cts] ignore the status update of camera: 2
02-16 09:40:20.878 24510 24768 E libc : Access denied finding property "vendor.camera.aux.packagelist"
02-16 09:40:20.878 24510 24768 W CameraManagerGlobal: [soar.cts] ignore the status update of camera: 3
02-16 09:40:21.068 24510 24510 D SQLiteOpenHelper: UNISOC SQLiteOpenHelper getDatabaseLocked version =0 mNewVersion =1
02-16 09:40:21.075 24510 24510 E DB : Default script added
02-16 09:40:21.099 24510 24510 D arraylist: [{"arrayList": [],"id":1,"setLastRecordedVideoName":0}]
02-16 09:40:21.270 24510 24510 D establishConnection::: true --------- beginning of system
02-16 09:40:21.298 24510 24510 I ActivityThread: smart_link is not supported!!!
02-16 09:40:21.305 24510 24556 D SQLiteOpenHelper: UNISOC SQLiteOpenHelper getDatabaseLocked version =1 mNewVersion =1
02-16 09:40:21.362 24510 24670 W cr_media: getBluetoothAdapter() requires BLUETOOTH permission
02-16 09:40:21.363 24510 24670 W cr_media: registerBluetoothIntentsIfNeeded: Requires BLUETOOTH permission
02-16 09:40:21.374 24799 24799 E .videorecordin: Not starting debugger since process cannot load the jdwp agent.
02-16 09:40:21.397 24799 24799 D ActivityThread: prefork-Process start for :com.corepix.videorecording
02-16 09:40:21.478 24510 24805 W chromium: [WARNING:viz_main_impl.cc(85)] VizNullHypothesis is disabled (not a warning)
02-16 09:40:21.511 24510 24522 I .videorecordin: Background young concurrent copying GC freed 380773(19MB) AllocSpace objects, 46(1840KB) LOS objects, 88% free, 6124KB/53MB, paused 455us total 163.821ms
02-16 09:40:21.714 24510 24510 W Glide : Failed to find GeneratedAppGlideModule. You should include an annotationProcessor compile dependency on com.github.bumptech.glide:compiler in your application and a @GlideModule annotated AppGlideModule implementation or LibraryGlideModules will be silently ignored
02-16 09:40:21.792 24510 24510 I gralloc4: register: id=21a00025a80
02-16 09:40:21.792 24510 24510 E libc : Access denied finding property "persist.vendor.sf.fbc"
02-16 09:40:21.792 24510 24510 E libc : Access denied finding property "persist.vendor.gpu.fbc"
02-16 09:40:21.792 24510 24510 E libc : Access denied finding property "persist.vendor.vsp.fbc"
02-16 09:40:21.792 24510 24510 E ion : ioctl c0044901 failed with code -1: Inappropriate ioctl for device
02-16 09:40:21.819 24510 24886 I GraphicsJNI: GraphicsJNI::isHardwareConfig qemu gles is 1.
02-16 09:40:21.966 24510 24707 W AudioCapabilities: Unsupported mime audio/mpeg-L1
02-16 09:40:21.967 24510 24707 W AudioCapabilities: Unsupported mime audio/mpeg-L2
02-16 09:40:21.982 24510 24707 W VideoCapabilities: Unrecognized profile/level 32768/2 for video/mp4v-es
02-16 09:40:21.982 24510 24707 W VideoCapabilities: Unrecognized profile/level 32768/64 for video/mp4v-es
02-16 09:40:21.990 24510 24556 D SQLiteOpenHelper: UNISOC SQLiteOpenHelper getDatabaseLocked version =1 mNewVersion =1
02-16 09:40:22.011 24510 24556 D SQLiteOpenHelper: UNISOC SQLiteOpenHelper getDatabaseLocked version =1 mNewVersion =1
02-16 09:40:22.081 24510 24556 D SQLiteOpenHelper: UNISOC SQLiteOpenHelper getDatabaseLocked version =1 mNewVersion =1
02-16 09:40:22.136 24510 24556 D SQLiteOpenHelper: UNISOC SQLiteOpenHelper getDatabaseLocked version =1 mNewVersion =1
02-16 09:40:22.200 24510 24510 I gralloc4: register: id=21a00025a85
02-16 09:40:22.343 24510 24556 D SQLiteOpenHelper: UNISOC SQLiteOpenHelper getDatabaseLocked version =1 mNewVersion =1
02-16 09:40:22.722 24510 24510 I Ads : JS: The jsLoaded GMSG has been sent (https://googleads.g.doubleclick.net/mads/static/mad/sdk/native/production/sdk- core-v40-impl.html:881)
02-16 09:40:23.483 24510 24556 I FA : Application backgrounded at: timestamp_millis: 1739670021481
02-16 09:40:25.978 24510 24510 I ActivityThread: smart_link is not supported!!!
02-16 09:40:27.672 24510 24510 I gralloc4: register: id=21a00025a8e
02-16 09:40:29.875 24510 24556 D SQLiteOpenHelper: UNISOC SQLiteOpenHelper getDatabaseLocked version =1 mNewVersion =1
02-16 09:40:29.896 24510 24556 D SQLiteOpenHelper: UNISOC SQLiteOpenHelper getDatabaseLocked version =1 mNewVersion =1
02-16 09:40:29.983 24510 24510 D SQLiteOpenHelper: UNISOC SQLiteOpenHelper getDatabaseLocked version =1 mNewVersion =1
02-16 09:40:29.988 24510 24556 D SQLiteOpenHelper: UNISOC SQLiteOpenHelper getDatabaseLocked version =1 mNewVersion =1
02-16 09:40:29.992 24510 24510 E Adapter : Size of list 1
02-16 09:40:29.995 24510 24510 I ActivityThread: smart_link is not supported!!!
02-16 09:40:30.001 24510 24556 D SQLiteOpenHelper: UNISOC SQLiteOpenHelper getDatabaseLocked version =1 mNewVersion =1
02-16 09:40:30.054 24510 24510 I gralloc4: register: id=21a00025a8f
02-16 09:40:30.063 24510 24510 I gralloc4: register: id=21a00025a90
02-16 09:40:30.491 24510 24510 I gralloc4: unregister: id=21a00025a85
02-16 09:40:30.491 24510 24510 I gralloc4: unregister: id=21a00025a8e
02-16 09:40:30.492 24510 24510 I gralloc4: unregister: id=21a00025a80
02-16 09:40:32.879 24510 24556 D SQLiteOpenHelper: UNISOC SQLiteOpenHelper getDatabaseLocked version =1 mNewVersion =1
02-16 09:40:32.887 24510 24556 D SQLiteOpenHelper: UNISOC SQLiteOpenHelper getDatabaseLocked version =1 mNewVersion =1
02-16 09:40:32.927 24510 24510 D checkwidth: 720
02-16 09:40:32.935 24510 24556 D SQLiteOpenHelper: UNISOC SQLiteOpenHelper getDatabaseLocked version =1 mNewVersion =1
02-16 09:40:32.941 24510 24556 D SQLiteOpenHelper: UNISOC SQLiteOpenHelper getDatabaseLocked version =1 mNewVersion =1
02-16 09:40:32.960 24510 24510 E Dialog : show dialog view=DecorView@760752b[ScriptDetailsActivity]
02-16 09:40:32.974 24510 24510 I ActivityThread: smart_link is not supported!!!
02-16 09:40:32.989 24510 24510 I gralloc4: register: id=21a00025a91
02-16 09:40:33.003 24510 24510 W RecyclerView: No adapter attached; skipping layout
02-16 09:40:33.006 24510 24510 I gralloc4: register: id=21a00025a92
02-16 09:40:33.037 24510 24510 I gralloc4: register: id=21a00025a93
02-16 09:40:33.048 24510 24510 I gralloc4: register: id=21a00025a94
02-16 09:40:33.053 24510 24510 I gralloc4: register: id=21a00025a95
02-16 09:40:33.200 24510 24510 I gralloc4: unregister: id=21a00025a91
02-16 09:40:33.200 24510 24510 I gralloc4: unregister: id=21a00025a94
02-16 09:40:33.202 24510 24510 I gralloc4: unregister: id=21a00025a93
02-16 09:40:33.220 24510 24510 I gralloc4: register: id=21a00025a96
02-16 09:40:33.445 24510 24510 I gralloc4: unregister: id=21a00025a90
02-16 09:40:33.445 24510 24510 I gralloc4: unregister: id=21a00025a95
02-16 09:40:33.446 24510 24510 I gralloc4: unregister: id=21a00025a8f
02-16 09:40:34.947 24510 24556 D SQLiteOpenHelper: UNISOC SQLiteOpenHelper getDatabaseLocked version =1 mNewVersion =1
02-16 09:40:34.955 24510 24556 D SQLiteOpenHelper: UNISOC SQLiteOpenHelper getDatabaseLocked version =1 mNewVersion =1
02-16 09:40:34.955 24510 24510 D call : On create
02-16 09:40:34.964 24510 24510 I Camera-JNI: number_of_cameras:2
02-16 09:40:34.965 24510 24510 I Camera-JNI: number_of_cameras:2
02-16 09:40:34.998 24510 24510 D SensorManager: registerListenerImpl sensor = {Sensor name="Accelerometer Sensor", vendor="Sprd Group Ltd.", version=1, type=1, maxRange=78.45375, resolution=0.01, power=0.17, minDelay=10000}, delayUs = 20000, latencyUs = 0, listener = com.smartvlogger.Activity.CameraActivity$8@62b5243
02-16 09:40:35.001 24510 24510 E oru : potr
02-16 09:40:35.009 24510 24510 D call : On Resume
02-16 09:40:35.010 24510 24510 E TAG : Welcome to the Teleprompter app which allows you to read a script from a teleprompter while recording yourself. The app makes use of the high definition camera and quality microphone, whilst ensuring you are word perfect and looking directly into the camera at all times. It's totally free to download and use for scripts of up to 750 characters.
02-16 09:40:35.010 24510 24510 E TAG :
02-16 09:40:35.010 24510 24510 E TAG : We hope you enjoy using it.
02-16 09:40:35.011 24510 24510 D test : 360 724
02-16 09:40:35.011 24510 24510 D test : width= 720 height= 1448
02-16 09:40:35.013 24510 24556 D SQLiteOpenHelper: UNISOC SQLiteOpenHelper getDatabaseLocked version =1 mNewVersion =1
02-16 09:40:35.020 24510 24556 D SQLiteOpenHelper: UNISOC SQLiteOpenHelper getDatabaseLocked version =1 mNewVersion =1
02-16 09:40:35.030 24510 24510 D SensorManager: registerListenerImpl sensor = {Sensor name="Accelerometer Sensor", vendor="Sprd Group Ltd.", version=1, type=1, maxRange=78.45375, resolution=0.01, power=0.17, minDelay=10000}, delayUs = 200000, latencyUs = 0, listener = android.view.OrientationEventListener$SensorEventListenerImpl@bed86fa
02-16 09:40:35.032 24510 24510 I ActivityThread: smart_link is not supported!!!
02-16 09:40:35.032 24510 25179 I Camera-JNI: number_of_cameras:2
02-16 09:40:35.033 24510 25179 I Camera-JNI: number_of_cameras:2
02-16 09:40:35.034 24510 25179 I Camera-JNI: number_of_cameras:2
02-16 09:40:35.037 24510 25179 I Camera-JNI: number_of_cameras:2
02-16 09:40:35.041 24510 25179 I Camera-JNI: number_of_cameras:2
02-16 09:40:35.059 24510 24527 E libc : Access denied finding property "vendor.camera.aux.packagelist"
02-16 09:40:35.060 24510 24510 D checklines: main height =1511
02-16 09:40:35.060 24510 24510 D checklines: 75
02-16 09:40:35.060 24510 24510 D checklines: max= 1511
02-16 09:40:35.060 24510 24510 D checklines: lines = 20 onewordheight =75 textheight = 1500 totalheight700 scrollview geight = 2200
02-16 09:40:35.075 24510 24510 I gralloc4: register: id=21a00025a97
02-16 09:40:35.093 24510 25181 I gralloc4: register: id=21a00025a98
02-16 09:40:35.096 24510 24510 I gralloc4: register: id=21a00025a99
02-16 09:40:35.106 24510 25181 I gralloc4: register: id=21a00025a9a
02-16 09:40:35.112 24510 24510 I gralloc4: register: id=21a00025a9b
02-16 09:40:35.128 24510 24510 I gralloc4: register: id=21a00025a9c
02-16 09:40:35.561 24510 24510 I gralloc4: unregister: id=21a00025a92
02-16 09:40:35.561 24510 24510 I gralloc4: unregister: id=21a00025a9c
02-16 09:40:35.561 24510 24510 I gralloc4: unregister: id=21a00025a96
02-16 09:40:35.586 24510 25179 I Camera-JNI: number_of_cameras:2
02-16 09:40:35.587 24510 25179 I Camera-JNI: number_of_cameras:2
02-16 09:40:35.588 24510 25179 I Camera-JNI: number_of_cameras:2
02-16 09:40:35.599 24510 25179 D Camera : setFocusMode return fixed
02-16 09:40:35.605 24510 25179 I Camera-JNI: number_of_cameras:2
02-16 09:40:35.650 24510 24527 I gralloc4: register: id=21a00025a9e
02-16 09:40:35.897 24510 24527 I gralloc4: register: id=21a00025aa0
02-16 09:40:35.921 24510 24527 I gralloc4: register: id=21a00025aa2
02-16 09:40:35.948 24510 24527 I gralloc4: register: id=21a00025aa4
02-16 09:40:35.978 24510 24528 I gralloc4: register: id=21a00025aa6
02-16 09:40:35.997 24510 24527 I gralloc4: register: id=21a00025aa7
02-16 09:40:36.577 24510 24510 D yyyyy : laste pause is : 562971855
02-16 09:40:36.600 24510 24510 D SensorManager: unregisterListenerImpl sensor = null, listener = android.view.OrientationEventListener$SensorEventListenerImpl@bed86fa
02-16 09:40:36.604 24510 25181 I gralloc4: unregister: id=21a00025a9a
02-16 09:40:36.605 24510 25181 I gralloc4: unregister: id=21a00025a98
02-16 09:40:36.605 24510 25181 W libEGL : EGLNativeWindowType 0xb400007a5352dcf0 disconnect failed
02-16 09:40:36.607 24510 24510 D record1233: On Pause
02-16 09:40:36.607 24510 24510 D yyyyy : laste pause is : 562971886
02-16 09:40:36.612 24510 24556 D SQLiteOpenHelper: UNISOC SQLiteOpenHelper getDatabaseLocked version =1 mNewVersion =1
02-16 09:40:36.625 24510 24556 D SQLiteOpenHelper: UNISOC SQLiteOpenHelper getDatabaseLocked version =1 mNewVersion =1
02-16 09:40:36.673 24510 24510 W ResourcesCompat: Failed to inflate ColorStateList, leaving it to the framework
02-16 09:40:36.673 24510 24510 W ResourcesCompat: java.lang.UnsupportedOperationException: Failed to resolve attribute at index 0: TypedValue{t=0x2/d=0x7f040116 a=-1}
02-16 09:40:36.673 24510 24510 W ResourcesCompat: at android.content.res.TypedArray.getColor(TypedArray.java:528)
02-16 09:40:36.673 24510 24510 W ResourcesCompat: at androidx.core.content.res.ColorStateListInflaterCompat.inflate(ColorStateListInflat erCompat.java:160)
02-16 09:40:36.673 24510 24510 W ResourcesCompat: at androidx.core.content.res.ColorStateListInflaterCompat.createFromXmlInner(ColorStat eListInflaterCompat.java:125)
02-16 09:40:36.673 24510 24510 W ResourcesCompat: at androidx.core.content.res.ColorStateListInflaterCompat.createFromXml(ColorStateList InflaterCompat.java:104)
02-16 09:40:36.673 24510 24510 W ResourcesCompat: at androidx.core.content.res.ResourcesCompat.inflateColorStateList(ResourcesCompat.jav a:262)
02-16 09:40:36.673 24510 24510 W ResourcesCompat: at androidx.core.content.res.ResourcesCompat.getColorStateList(ResourcesCompat.java:23 6)
02-16 09:40:36.673 24510 24510 W ResourcesCompat: at androidx.core.content.ContextCompat.getColorStateList(ContextCompat.java:558)
02-16 09:40:36.673 24510 24510 W ResourcesCompat: at androidx.appcompat.content.res.AppCompatResources.getColorStateList(AppCompatResour ces.java:48)
02-16 09:40:36.673 24510 24510 W ResourcesCompat: at com.google.android.material.resources.MaterialResources.getColorStateList(MaterialR esources.java:55)
02-16 09:40:36.673 24510 24510 W ResourcesCompat: at com.google.android.material.imageview.ShapeableImageView.<init>(ShapeableImageView. java:99)
02-16 09:40:36.673 24510 24510 W ResourcesCompat: at com.google.android.material.imageview.ShapeableImageView.<init>(ShapeableImageView. java:79)
02-16 09:40:36.673 24510 24510 W ResourcesCompat: at java.lang.reflect.Constructor.newInstance0(Native Method)
02-16 09:40:36.673 24510 24510 W ResourcesCompat: at java.lang.reflect.Constructor.newInstance(Constructor.java:343)
02-16 09:40:36.673 24510 24510 W ResourcesCompat: at android.view.LayoutInflater.createView(LayoutInflater.java:852)
02-16 09:40:36.673 24510 24510 W ResourcesCompat: at android.view.LayoutInflater.createViewFromTag(LayoutInflater.java:1004)
02-16 09:40:36.673 24510 24510 W ResourcesCompat: at android.view.LayoutInflater.createViewFromTag(LayoutInflater.java:959)
02-16 09:40:36.673 24510 24510 W ResourcesCompat: at android.view.LayoutInflater.rInflate(LayoutInflater.java:1121)
02-16 09:40:36.673 24510 24510 W ResourcesCompat: at android.view.LayoutInflater.rInflateChildren(LayoutInflater.java:1082)
02-16 09:40:36.673 24510 24510 W ResourcesCompat: at android.view.LayoutInflater.rInflate(LayoutInflater.java:1124)
02-16 09:40:36.673 24510 24510 W ResourcesCompat: at android.view.LayoutInflater.rInflateChildren(LayoutInflater.java:1082)
02-16 09:40:36.673 24510 24510 W ResourcesCompat: at android.view.LayoutInflater.rInflate(LayoutInflater.java:1124)
02-16 09:40:36.673 24510 24510 W ResourcesCompat: at android.view.LayoutInflater.rInflateChildren(LayoutInflater.java:1082)
02-16 09:40:36.673 24510 24510 W ResourcesCompat: at android.view.LayoutInflater.inflate(LayoutInflater.java:680)
02-16 09:40:36.673 24510 24510 W ResourcesCompat: at android.view.LayoutInflater.inflate(LayoutInflater.java:532)
02-16 09:40:36.673 24510 24510 W ResourcesCompat: at android.view.LayoutInflater.inflate(LayoutInflater.java:479)
02-16 09:40:36.673 24510 24510 W ResourcesCompat: at androidx.appcompat.app.AppCompatDelegateImpl.setContentView(AppCompatDelegateImpl.j ava:710)
02-16 09:40:36.673 24510 24510 W ResourcesCompat: at androidx.appcompat.app.AppCompatActivity.setContentView(AppCompatActivity.java:195)
02-16 09:40:36.673 24510 24510 W ResourcesCompat: at com.smartvlogger.Activity.SettingsActivity.onCreate(SettingsActivity.java:86)
02-16 09:40:36.673 24510 24510 W ResourcesCompat: at android.app.Activity.performCreate(Activity.java:8071)
02-16 09:40:36.673 24510 24510 W ResourcesCompat: at android.app.Activity.performCreate(Activity.java:8054)
02-16 09:40:36.673 24510 24510 W ResourcesCompat: at android.app.Instrumentation.callActivityOnCreate(Instrumentation.java:1309)
02-16 09:40:36.673 24510 24510 W ResourcesCompat: at android.app.ActivityThread.performLaunchActivity(ActivityThread.java:3472)
02-16 09:40:36.673 24510 24510 W ResourcesCompat: at android.app.ActivityThread.handleLaunchActivity(ActivityThread.java:3680)
02-16 09:40:36.673 24510 24510 W ResourcesCompat: at android.app.servertransaction.LaunchActivityItem.execute(LaunchActivityItem.java:85 )
02-16 09:40:36.673 24510 24510 W ResourcesCompat: at android.app.servertransaction.TransactionExecutor.executeCallbacks(TransactionExecu tor.java:135)
02-16 09:40:36.673 24510 24510 W ResourcesCompat: at android.app.servertransaction.TransactionExecutor.execute(TransactionExecutor.java: 95)
02-16 09:40:36.673 24510 24510 W ResourcesCompat: at android.app.ActivityThread$H.handleMessage(ActivityThread.java:2108)
02-16 09:40:36.673 24510 24510 W ResourcesCompat: at android.os.Handler.dispatchMessage(Handler.java:106)
02-16 09:40:36.673 24510 24510 W ResourcesCompat: at android.os.Looper.loop(Looper.java:223)
02-16 09:40:36.673 24510 24510 W ResourcesCompat: at android.app.ActivityThread.main(ActivityThread.java:7950)
02-16 09:40:36.673 24510 24510 W ResourcesCompat: at java.lang.reflect.Method.invoke(Native Method)
02-16 09:40:36.673 24510 24510 W ResourcesCompat: at com.android.internal.os.RuntimeInit$MethodAndArgsCaller.run(RuntimeInit.java:603)
02-16 09:40:36.673 24510 24510 W ResourcesCompat: at com.android.internal.os.ZygoteInit.main(ZygoteInit.java:947)
02-16 09:40:36.741 24510 25179 D Camera : app passed NULL surface
02-16 09:40:36.745 24510 25179 I gralloc4: unregister: id=21a00025a9e
02-16 09:40:36.746 24510 25179 I gralloc4: unregister: id=21a00025aa4
02-16 09:40:36.747 24510 25179 I gralloc4: unregister: id=21a00025aa6
02-16 09:40:36.748 24510 25179 I gralloc4: unregister: id=21a00025aa7
02-16 09:40:36.768 24510 24510 D DynamitePackage: Instantiating com.google.android.gms.ads.ChimeraAdManagerCreatorImpl
02-16 09:40:36.809 24510 24510 I Ads : Use RequestConfiguration.Builder().setTestDeviceIds(Arrays.asList("838E3423E125DEEAA7E1 DC9B4701461B")) to get test ads on this device.
02-16 09:40:36.810 24510 24527 E libc : Access denied finding property "vendor.camera.aux.packagelist"
02-16 09:40:36.930 24510 24532 E .videorecordin: No package ID 76 found for ID 0x760b000f.
02-16 09:40:36.944 24510 24510 W ConnectionStatusConfig: Dynamic lookup for intent failed for action: com.google.android.gms.ads.service.CACHE
02-16 09:40:37.005 24510 24510 D grid : OFF
02-16 09:40:37.008 24510 24510 D grid : 3*3
02-16 09:40:37.008 24510 24510 D grid : 4*4
02-16 09:40:37.012 24510 24510 I ActivityThread: smart_link is not supported!!!
02-16 09:40:37.016 24510 24556 D SQLiteOpenHelper: UNISOC SQLiteOpenHelper getDatabaseLocked version =1 mNewVersion =1
02-16 09:40:37.032 24510 24556 D SQLiteOpenHelper: UNISOC SQLiteOpenHelper getDatabaseLocked version =1 mNewVersion =1
02-16 09:40:37.053 24510 24510 I gralloc4: register: id=21a00025aa8
02-16 09:40:37.100 24510 24510 I gralloc4: register: id=21a00025aa9
02-16 09:40:37.121 24510 24510 I gralloc4: register: id=21a00025aaa
02-16 09:40:37.168 24510 24542 E FirebaseMessaging: Failed to sync topics. Won't retry sync. java.util.concurrent.ExecutionException: java.io.IOException: SERVICE_NOT_AVAILABLE
02-16 09:40:37.168 24510 24546 E FirebaseMessaging: Topic sync or token retrieval failed on hard failure exceptions: java.util.concurrent.ExecutionException: java.io.IOException: SERVICE_NOT_AVAILABLE. Won't retry the operation.
02-16 09:40:37.365 24510 24510 W pool-23-thread-: type=1400 audit(0.0:1083414): avc: granted { execute } for path="/data/data/com.corepix.videorecording/app_pccache/5/D869EFC21404B1E2C497850AB 0C4E3B82B9ED46B/pcam.jar" dev="dm-11" ino=817936 scontext=u:r:untrusted_app:s0:c57,c257,c512,c768 tcontext=u:object_r:app_data_file:s0:c57,c257,c512,c768 tclass=file app=com.corepix.videorecording
02-16 09:40:37.417 24510 25311 W ConnectionStatusConfig: Dynamic lookup for intent failed for action: com.google.android.gms.ads.service.START
02-16 09:40:37.503 24510 25181 I gralloc4: unregister: id=21a00025aa0
02-16 09:40:37.504 24510 24510 I gralloc4: unregister: id=21a00025a97
02-16 09:40:37.504 24510 25181 I gralloc4: unregister: id=21a00025aa2
02-16 09:40:37.504 24510 24510 I gralloc4: unregister: id=21a00025a99
02-16 09:40:37.504 24510 24510 I gralloc4: unregister: id=21a00025a9b
02-16 09:40:37.504 24510 25181 E libEGL : call to OpenGL ES API with no current context (logged once per thread)
02-16 09:40:41.367 24510 24510 I Ads : Ad failed to load : 0
02-16 09:40:51.681 24510 24510 E Settings: position color 1
02-16 09:40:52.498 24510 24510 E Settings: position color 0
02-16 09:40:53.777 24510 24510 E Dialog : show dialog view=DecorView@d3dc05a[SettingsActivity]
02-16 09:40:53.873 24510 24510 I gralloc4: register: id=21a00025aab
02-16 09:40:55.553 24510 24510 I gralloc4: unregister: id=21a00025aab
02-16 09:41:13.352 24510 25431 D SQLiteOpenHelper: UNISOC SQLiteOpenHelper getDatabaseLocked version =1 mNewVersion =1
02-16 09:41:13.358 24510 24510 D test : 360 724
02-16 09:41:13.358 24510 24510 D test : width= 720 height= 1448
02-16 09:41:13.363 24510 24510 D call : On Resume
02-16 09:41:13.363 24510 24510 E TAG : Welcome to the Teleprompter app which allows you to read a script from a teleprompter while recording yourself. The app makes use of the high definition camera and quality microphone, whilst ensuring you are word perfect and looking directly into the camera at all times. It's totally free to download and use for scripts of up to 750 characters.
02-16 09:41:13.363 24510 24510 E TAG :
02-16 09:41:13.363 24510 24510 E TAG : We hope you enjoy using it.
02-16 09:41:13.364 24510 24510 D test : 360 724
02-16 09:41:13.364 24510 24510 D test : width= 720 height= 1448
02-16 09:41:13.366 24510 25431 D SQLiteOpenHelper: UNISOC SQLiteOpenHelper getDatabaseLocked version =1 mNewVersion =1
02-16 09:41:13.367 24510 24510 D SensorManager: registerListenerImpl sensor = {Sensor name="Accelerometer Sensor", vendor="Sprd Group Ltd.", version=1, type=1, maxRange=78.45375, resolution=0.01, power=0.17, minDelay=10000}, delayUs = 200000, latencyUs = 0, listener = android.view.OrientationEventListener$SensorEventListenerImpl@bed86fa
02-16 09:41:13.370 24510 24510 I ActivityThread: smart_link is not supported!!!
02-16 09:41:13.371 24510 25179 I Camera-JNI: number_of_cameras:2
02-16 09:41:13.372 24510 25179 I Camera-JNI: number_of_cameras:2
02-16 09:41:13.372 24510 25179 I Camera-JNI: number_of_cameras:2
02-16 09:41:13.375 24510 25179 I Camera-JNI: number_of_cameras:2
02-16 09:41:13.379 24510 25179 I Camera-JNI: number_of_cameras:2
02-16 09:41:13.383 24510 24991 E libc : Access denied finding property "vendor.camera.aux.packagelist"
02-16 09:41:13.399 24510 25181 I gralloc4: register: id=21a00025aad
02-16 09:41:13.402 24510 24510 D checklines: main height =2363
02-16 09:41:13.402 24510 24510 D checklines: 94
02-16 09:41:13.402 24510 24510 D checklines: max= 2363
02-16 09:41:13.402 24510 24510 D checklines: lines = 25 onewordheight =94 textheight = 2350 totalheight482 scrollview geight = 2832
02-16 09:41:13.403 24510 25181 I gralloc4: unregister: id=21a00025aad
02-16 09:41:13.403 24510 25181 W libEGL : EGLNativeWindowType 0xb400007a535475b0 disconnect failed
02-16 09:41:13.405 24510 24510 I gralloc4: register: id=21a00025aae
02-16 09:41:13.406 24510 25181 I gralloc4: register: id=21a00025aaf
02-16 09:41:13.421 24510 25181 I gralloc4: register: id=21a00025ab0
02-16 09:41:13.426 24510 24510 I gralloc4: register: id=21a00025ab1
02-16 09:41:13.480 24510 24510 I gralloc4: register: id=21a00025ab2
02-16 09:41:13.481 24510 25431 D SQLiteOpenHelper: UNISOC SQLiteOpenHelper getDatabaseLocked version =1 mNewVersion =1
02-16 09:41:13.488 24510 25179 I Camera-JNI: number_of_cameras:2
02-16 09:41:13.490 24510 25179 I Camera-JNI: number_of_cameras:2
02-16 09:41:13.492 24510 25431 D SQLiteOpenHelper: UNISOC SQLiteOpenHelper getDatabaseLocked version =1 mNewVersion =1
02-16 09:41:13.518 24510 25179 I Camera-JNI: number_of_cameras:2
02-16 09:41:13.521 24510 25179 D Camera : setFocusMode return fixed
02-16 09:41:13.523 24510 25179 I Camera-JNI: number_of_cameras:2
02-16 09:41:13.546 24510 24991 I gralloc4: register: id=21a00025ab4
02-16 09:41:13.664 24510 24991 I gralloc4: register: id=21a00025ab6
02-16 09:41:13.674 24510 24991 I gralloc4: register: id=21a00025ab8
02-16 09:41:13.689 24510 24991 I gralloc4: register: id=21a00025aba
02-16 09:41:13.914 24510 24510 I gralloc4: unregister: id=21a00025aa8
02-16 09:41:13.914 24510 24510 I gralloc4: unregister: id=21a00025aaa
02-16 09:41:13.917 24510 24510 I gralloc4: unregister: id=21a00025aa9
02-16 09:41:13.967 24510 24991 I gralloc4: register: id=21a00025abc
02-16 09:41:14.064 24510 24991 I gralloc4: register: id=21a00025abd
02-16 09:41:26.933 24510 24510 D moveheight: x=38
02-16 09:41:27.034 24510 24510 D moveheight: x=38
02-16 09:41:27.571 24510 24510 D moveheight: x=40
02-16 09:41:27.640 24510 24510 D moveheight: x=40
02-16 09:41:28.259 24510 24510 D moveheight: x=31
02-16 09:41:28.326 24510 24510 D moveheight: x=31
02-16 09:41:28.797 24510 24510 D moveheight: x=42
02-16 09:41:28.880 24510 24510 D moveheight: x=42
02-16 09:41:29.267 24510 24510 D moveheight: x=42
02-16 09:41:29.351 24510 24510 D moveheight: x=42
02-16 09:41:36.522 24510 24510 D SensorManager: unregisterListenerImpl sensor = null, listener = android.view.OrientationEventListener$SensorEventListenerImpl@bed86fa
02-16 09:41:36.530 24510 25181 I gralloc4: unregister: id=21a00025ab0
02-16 09:41:36.530 24510 25181 I gralloc4: unregister: id=21a00025aaf
02-16 09:41:36.532 24510 25181 W libEGL : EGLNativeWindowType 0xb400007a535475b0 disconnect failed
02-16 09:41:36.536 24510 24510 D record1233: On Pause
02-16 09:41:36.536 24510 24510 D yyyyy : laste pause is : 563031815
02-16 09:41:36.548 24510 25431 D SQLiteOpenHelper: UNISOC SQLiteOpenHelper getDatabaseLocked version =1 mNewVersion =1
02-16 09:41:36.563 24510 24510 I gralloc4: unregister: id=21a00025aae
02-16 09:41:36.564 24510 24510 I gralloc4: unregister: id=21a00025ab1
02-16 09:41:36.566 24510 24510 I gralloc4: unregister: id=21a00025ab2
02-16 09:41:36.567 24510 25181 I gralloc4: unregister: id=21a00025abc
02-16 09:41:36.567 24510 25181 I gralloc4: unregister: id=21a00025ab4
02-16 09:41:36.567 24510 25181 I gralloc4: unregister: id=21a00025ab6
02-16 09:41:36.567 24510 25181 I gralloc4: unregister: id=21a00025ab8
02-16 09:41:36.567 24510 25181 I gralloc4: unregister: id=21a00025aba
02-16 09:41:36.568 24510 25181 I gralloc4: unregister: id=21a00025abd
02-16 09:41:36.616 24510 25179 E BufferQueueProducer: [SurfaceTexture-1-24510-1] (id:5fbe00000001,api:4,p:707,c:24510) cancelBuffer: BufferQueue has been abandoned
02-16 09:41:36.621 24510 25179 E BufferQueueProducer: [SurfaceTexture-1-24510-1] (id:5fbe00000001,api:4,p:707,c:24510) cancelBuffer: BufferQueue has been abandoned
02-16 09:41:36.624 24510 25179 E BufferQueueProducer: [SurfaceTexture-1-24510-1] (id:5fbe00000001,api:4,p:707,c:24510) cancelBuffer: BufferQueue has been abandoned
02-16 09:41:36.633 24510 25179 D Camera : app passed NULL surface
02-16 09:41:36.741 24510 24526 E libc : Access denied finding property "vendor.camera.aux.packagelist"
02-16 09:41:36.781 24510 24510 D call : On create
02-16 09:41:36.786 24510 24510 I Camera-JNI: number_of_cameras:2
02-16 09:41:36.787 24510 24510 I Camera-JNI: number_of_cameras:2
02-16 09:41:36.809 24510 24510 D SensorManager: registerListenerImpl sensor = {Sensor name="Accelerometer Sensor", vendor="Sprd Group Ltd.", version=1, type=1, maxRange=78.45375, resolution=0.01, power=0.17, minDelay=10000}, delayUs = 20000, latencyUs = 0, listener = com.smartvlogger.Activity.CameraActivity$8@fb0add4
02-16 09:41:36.811 24510 24510 E oru : land
02-16 09:41:36.817 24510 24510 D call : On Resume
02-16 09:41:36.818 24510 24510 E TAG : Welcome to the Teleprompter app which allows you to read a script from a teleprompter while recording yourself. The app makes use of the high definition camera and quality microphone, whilst ensuring you are word perfect and looking directly into the camera at all times. It's totally free to download and use for scripts of up to 750 characters.
02-16 09:41:36.818 24510 24510 E TAG :
02-16 09:41:36.818 24510 24510 E TAG : We hope you enjoy using it.
02-16 09:41:36.818 24510 24510 D test : 720 328
02-16 09:41:36.818 24510 24510 D test : width= 1440 height= 720
02-16 09:41:36.819 24510 24510 D SensorManager: registerListenerImpl sensor = {Sensor name="Accelerometer Sensor", vendor="Sprd Group Ltd.", version=1, type=1, maxRange=78.45375, resolution=0.01, power=0.17, minDelay=10000}, delayUs = 200000, latencyUs = 0, listener = android.view.OrientationEventListener$SensorEventListenerImpl@653e36c
02-16 09:41:36.821 24510 24510 I ActivityThread: smart_link is not supported!!!
02-16 09:41:36.822 24510 25179 I Camera-JNI: number_of_cameras:2
02-16 09:41:36.822 24510 25179 I Camera-JNI: number_of_cameras:2
02-16 09:41:36.823 24510 25179 I Camera-JNI: number_of_cameras:2
02-16 09:41:36.827 24510 25179 I Camera-JNI: number_of_cameras:2
02-16 09:41:36.831 24510 25179 I Camera-JNI: number_of_cameras:2
02-16 09:41:36.836 24510 24526 E libc : Access denied finding property "vendor.camera.aux.packagelist"
02-16 09:41:36.862 24510 24510 D checklines: main height2551
02-16 09:41:36.862 24510 24510 D checklines: 94
02-16 09:41:36.862 24510 24510 D checklines: max= 2551
02-16 09:41:36.862 24510 24510 D checklines: land lines = 27 onewordheight =94 textheight = 2538 totalheight720 scrollview geight = 3258
02-16 09:41:36.866 24510 24510 I gralloc4: register: id=21a00025ac8
02-16 09:41:36.869 24510 25522 I gralloc4: register: id=21a00025ac9
02-16 09:41:36.878 24510 25522 I gralloc4: register: id=21a00025aca
02-16 09:41:36.889 24510 24510 I gralloc4: register: id=21a00025acb
02-16 09:41:36.936 24510 24510 I gralloc4: register: id=21a00025acc
02-16 09:41:36.962 24510 25179 I Camera-JNI: number_of_cameras:2
02-16 09:41:36.962 24510 25179 I Camera-JNI: number_of_cameras:2
02-16 09:41:36.964 24510 25179 I Camera-JNI: number_of_cameras:2
02-16 09:41:36.967 24510 25179 D Camera : setFocusMode return fixed
02-16 09:41:36.969 24510 25179 I Camera-JNI: number_of_cameras:2
02-16 09:41:36.985 24510 24526 I gralloc4: register: id=21a00025ace
02-16 09:41:37.093 24510 25431 D SQLiteOpenHelper: UNISOC SQLiteOpenHelper getDatabaseLocked version =1 mNewVersion =1
02-16 09:41:37.095 24510 24526 I gralloc4: register: id=21a00025ad0
02-16 09:41:37.131 24510 24991 I gralloc4: register: id=21a00025ad2
02-16 09:41:37.149 24510 24991 I gralloc4: register: id=21a00025ad4
02-16 09:41:37.392 24510 24991 I gralloc4: register: id=21a00025ad6
02-16 09:41:37.693 24510 24526 I gralloc4: register: id=21a00025ad7
02-16 09:41:47.307 24510 24510 D yyyyy : laste pause is : 563042585
02-16 09:41:47.341 24510 24510 D SensorManager: unregisterListenerImpl sensor = null, listener = android.view.OrientationEventListener$SensorEventListenerImpl@653e36c
02-16 09:41:47.343 24510 25522 I gralloc4: unregister: id=21a00025aca
02-16 09:41:47.343 24510 25522 I gralloc4: unregister: id=21a00025ac9
02-16 09:41:47.344 24510 25522 W libEGL : EGLNativeWindowType 0xb400007a5359a620 disconnect failed
02-16 09:41:47.346 24510 24510 D record1233: On Pause
02-16 09:41:47.346 24510 24510 D yyyyy : laste pause is : 563042624
02-16 09:41:47.347 24510 25431 D SQLiteOpenHelper: UNISOC SQLiteOpenHelper getDatabaseLocked version =1 mNewVersion =1
02-16 09:41:47.391 24510 24510 W ResourcesCompat: Failed to inflate ColorStateList, leaving it to the framework
02-16 09:41:47.391 24510 24510 W ResourcesCompat: java.lang.UnsupportedOperationException: Failed to resolve attribute at index 0: TypedValue{t=0x2/d=0x7f040116 a=-1}
02-16 09:41:47.391 24510 24510 W ResourcesCompat: at android.content.res.TypedArray.getColor(TypedArray.java:528)
02-16 09:41:47.391 24510 24510 W ResourcesCompat: at androidx.core.content.res.ColorStateListInflaterCompat.inflate(ColorStateListInflat erCompat.java:160)
02-16 09:41:47.391 24510 24510 W ResourcesCompat: at androidx.core.content.res.ColorStateListInflaterCompat.createFromXmlInner(ColorStat eListInflaterCompat.java:125)
02-16 09:41:47.391 24510 24510 W ResourcesCompat: at androidx.core.content.res.ColorStateListInflaterCompat.createFromXml(ColorStateList InflaterCompat.java:104)
02-16 09:41:47.391 24510 24510 W ResourcesCompat: at androidx.core.content.res.ResourcesCompat.inflateColorStateList(ResourcesCompat.jav a:262)
02-16 09:41:47.391 24510 24510 W ResourcesCompat: at androidx.core.content.res.ResourcesCompat.getColorStateList(ResourcesCompat.java:23 6)
02-16 09:41:47.391 24510 24510 W ResourcesCompat: at androidx.core.content.ContextCompat.getColorStateList(ContextCompat.java:558)
02-16 09:41:47.391 24510 24510 W ResourcesCompat: at androidx.appcompat.content.res.AppCompatResources.getColorStateList(AppCompatResour ces.java:48)
02-16 09:41:47.391 24510 24510 W ResourcesCompat: at com.google.android.material.resources.MaterialResources.getColorStateList(MaterialR esources.java:55)
02-16 09:41:47.391 24510 24510 W ResourcesCompat: at com.google.android.material.imageview.ShapeableImageView.<init>(ShapeableImageView. java:99)
02-16 09:41:47.391 24510 24510 W ResourcesCompat: at com.google.android.material.imageview.ShapeableImageView.<init>(ShapeableImageView. java:79)
02-16 09:41:47.391 24510 24510 W ResourcesCompat: at java.lang.reflect.Constructor.newInstance0(Native Method)
02-16 09:41:47.391 24510 24510 W ResourcesCompat: at java.lang.reflect.Constructor.newInstance(Constructor.java:343)
02-16 09:41:47.391 24510 24510 W ResourcesCompat: at android.view.LayoutInflater.createView(LayoutInflater.java:852)
02-16 09:41:47.391 24510 24510 W ResourcesCompat: at android.view.LayoutInflater.createViewFromTag(LayoutInflater.java:1004)
02-16 09:41:47.391 24510 24510 W ResourcesCompat: at android.view.LayoutInflater.createViewFromTag(LayoutInflater.java:959)
02-16 09:41:47.391 24510 24510 W ResourcesCompat: at android.view.LayoutInflater.rInflate(LayoutInflater.java:1121)
02-16 09:41:47.391 24510 24510 W ResourcesCompat: at android.view.LayoutInflater.rInflateChildren(LayoutInflater.java:1082)
02-16 09:41:47.391 24510 24510 W ResourcesCompat: at android.view.LayoutInflater.rInflate(LayoutInflater.java:1124)
02-16 09:41:47.391 24510 24510 W ResourcesCompat: at android.view.LayoutInflater.rInflateChildren(LayoutInflater.java:1082)
02-16 09:41:47.391 24510 24510 W ResourcesCompat: at android.view.LayoutInflater.rInflate(LayoutInflater.java:1124)
02-16 09:41:47.391 24510 24510 W ResourcesCompat: at android.view.LayoutInflater.rInflateChildren(LayoutInflater.java:1082)
02-16 09:41:47.391 24510 24510 W ResourcesCompat: at android.view.LayoutInflater.inflate(LayoutInflater.java:680)
02-16 09:41:47.391 24510 24510 W ResourcesCompat: at android.view.LayoutInflater.inflate(LayoutInflater.java:532)
02-16 09:41:47.391 24510 24510 W ResourcesCompat: at android.view.LayoutInflater.inflate(LayoutInflater.java:479)
02-16 09:41:47.391 24510 24510 W ResourcesCompat: at androidx.appcompat.app.AppCompatDelegateImpl.setContentView(AppCompatDelegateImpl.j ava:710)
02-16 09:41:47.391 24510 24510 W ResourcesCompat: at androidx.appcompat.app.AppCompatActivity.setContentView(AppCompatActivity.java:195)
02-16 09:41:47.391 24510 24510 W ResourcesCompat: at com.smartvlogger.Activity.SettingsActivity.onCreate(SettingsActivity.java:86)
02-16 09:41:47.391 24510 24510 W ResourcesCompat: at android.app.Activity.performCreate(Activity.java:8071)
02-16 09:41:47.391 24510 24510 W ResourcesCompat: at android.app.Activity.performCreate(Activity.java:8054)
02-16 09:41:47.391 24510 24510 W ResourcesCompat: at android.app.Instrumentation.callActivityOnCreate(Instrumentation.java:1309)
02-16 09:41:47.391 24510 24510 W ResourcesCompat: at android.app.ActivityThread.performLaunchActivity(ActivityThread.java:3472)
02-16 09:41:47.391 24510 24510 W ResourcesCompat: at android.app.ActivityThread.handleLaunchActivity(ActivityThread.java:3680)
02-16 09:41:47.391 24510 24510 W ResourcesCompat: at android.app.servertransaction.LaunchActivityItem.execute(LaunchActivityItem.java:85 )
02-16 09:41:47.391 24510 24510 W ResourcesCompat: at android.app.servertransaction.TransactionExecutor.executeCallbacks(TransactionExecu tor.java:135)
02-16 09:41:47.391 24510 24510 W ResourcesCompat: at android.app.servertransaction.TransactionExecutor.execute(TransactionExecutor.java: 95)
02-16 09:41:47.391 24510 24510 W ResourcesCompat: at android.app.ActivityThread$H.handleMessage(ActivityThread.java:2108)
02-16 09:41:47.391 24510 24510 W ResourcesCompat: at android.os.Handler.dispatchMessage(Handler.java:106)
02-16 09:41:47.391 24510 24510 W ResourcesCompat: at android.os.Looper.loop(Looper.java:223)
02-16 09:41:47.391 24510 24510 W ResourcesCompat: at android.app.ActivityThread.main(ActivityThread.java:7950)
02-16 09:41:47.391 24510 24510 W ResourcesCompat: at java.lang.reflect.Method.invoke(Native Method)
02-16 09:41:47.391 24510 24510 W ResourcesCompat: at com.android.internal.os.RuntimeInit$MethodAndArgsCaller.run(RuntimeInit.java:603)
02-16 09:41:47.391 24510 24510 W ResourcesCompat: at com.android.internal.os.ZygoteInit.main(ZygoteInit.java:947)
02-16 09:41:47.407 24510 25179 D Camera : app passed NULL surface
02-16 09:41:47.411 24510 25179 I gralloc4: unregister: id=21a00025ace
02-16 09:41:47.412 24510 25179 I gralloc4: unregister: id=21a00025ad0
02-16 09:41:47.413 24510 25179 I gralloc4: unregister: id=21a00025ad2
02-16 09:41:47.413 24510 25179 I gralloc4: unregister: id=21a00025ad6
02-16 09:41:47.414 24510 25179 I gralloc4: unregister: id=21a00025ad7
02-16 09:41:47.441 24510 24510 D DynamitePackage: Instantiating com.google.android.gms.ads.ChimeraAdManagerCreatorImpl
02-16 09:41:47.444 24510 24510 I Ads : Use RequestConfiguration.Builder().setTestDeviceIds(Arrays.asList("838E3423E125DEEAA7E1 DC9B4701461B")) to get test ads on this device.
02-16 09:41:47.466 24510 24510 W ConnectionStatusConfig: Dynamic lookup for intent failed for action: com.google.android.gms.ads.service.CACHE
02-16 09:41:47.478 24510 24510 D grid : OFF
02-16 09:41:47.478 24510 24510 D grid : 3*3
02-16 09:41:47.478 24510 24510 D grid : 4*4
02-16 09:41:47.479 24510 25617 W ConnectionStatusConfig: Dynamic lookup for intent failed for action: com.google.android.gms.ads.service.START
02-16 09:41:47.485 24510 24510 I ActivityThread: smart_link is not supported!!!
02-16 09:41:47.486 24510 25431 D SQLiteOpenHelper: UNISOC SQLiteOpenHelper getDatabaseLocked version =1 mNewVersion =1
02-16 09:41:47.492 24510 24991 E libc : Access denied finding property "vendor.camera.aux.packagelist"
02-16 09:41:47.515 24510 24510 I gralloc4: register: id=21a00025ae8
02-16 09:41:47.530 24510 24510 I gralloc4: register: id=21a00025ae9
02-16 09:41:47.542 24510 25431 D SQLiteOpenHelper: UNISOC SQLiteOpenHelper getDatabaseLocked version =1 mNewVersion =1
02-16 09:41:47.560 24510 24510 I gralloc4: register: id=21a00025aea
02-16 09:41:47.569 24510 25431 D SQLiteOpenHelper: UNISOC SQLiteOpenHelper getDatabaseLocked version =1 mNewVersion =1
02-16 09:41:47.939 24510 25522 I gralloc4: unregister: id=21a00025ad4
02-16 09:41:47.940 24510 25522 E libEGL : call to OpenGL ES API with no current context (logged once per thread)
02-16 09:41:47.990 24510 24510 I gralloc4: unregister: id=21a00025ac8
02-16 09:41:47.990 24510 24510 I gralloc4: unregister: id=21a00025acc
02-16 09:41:47.993 24510 24510 I gralloc4: unregister: id=21a00025acb
02-16 09:41:50.635 24510 25431 D SQLiteOpenHelper: UNISOC SQLiteOpenHelper getDatabaseLocked version =1 mNewVersion =1
02-16 09:41:50.640 24510 25431 D SQLiteOpenHelper: UNISOC SQLiteOpenHelper getDatabaseLocked version =1 mNewVersion =1
02-16 09:41:50.662 24510 24510 D test : 720 328
02-16 09:41:50.662 24510 24510 D test : width= 1440 height= 720
02-16 09:41:50.665 24510 24510 D call : On Resume
02-16 09:41:50.665 24510 24510 E TAG : Welcome to the Teleprompter app which allows you to read a script from a teleprompter while recording yourself. The app makes use of the high definition camera and quality microphone, whilst ensuring you are word perfect and looking directly into the camera at all times. It's totally free to download and use for scripts of up to 750 characters.
02-16 09:41:50.665 24510 24510 E TAG :
02-16 09:41:50.665 24510 24510 E TAG : We hope you enjoy using it.
02-16 09:41:50.666 24510 25431 D SQLiteOpenHelper: UNISOC SQLiteOpenHelper getDatabaseLocked version =1 mNewVersion =1
02-16 09:41:50.667 24510 24510 D test : 720 328
02-16 09:41:50.667 24510 24510 D test : width= 1440 height= 720
02-16 09:41:50.668 24510 24510 D SensorManager: registerListenerImpl sensor = {Sensor name="Accelerometer Sensor", vendor="Sprd Group Ltd.", version=1, type=1, maxRange=78.45375, resolution=0.01, power=0.17, minDelay=10000}, delayUs = 200000, latencyUs = 0, listener = android.view.OrientationEventListener$SensorEventListenerImpl@653e36c
02-16 09:41:50.670 24510 24510 I ActivityThread: smart_link is not supported!!!
02-16 09:41:50.671 24510 25179 I Camera-JNI: number_of_cameras:2
02-16 09:41:50.671 24510 25179 I Camera-JNI: number_of_cameras:2
02-16 09:41:50.672 24510 25431 D SQLiteOpenHelper: UNISOC SQLiteOpenHelper getDatabaseLocked version =1 mNewVersion =1
02-16 09:41:50.672 24510 25179 I Camera-JNI: number_of_cameras:2
02-16 09:41:50.676 24510 25179 I Camera-JNI: number_of_cameras:2
02-16 09:41:50.679 24510 25179 I Camera-JNI: number_of_cameras:2
02-16 09:41:50.691 24510 24991 E libc : Access denied finding property "vendor.camera.aux.packagelist"
02-16 09:41:50.696 24510 25522 I gralloc4: register: id=21a00025af5
02-16 09:41:50.704 24510 24510 D checklines: main height3679
02-16 09:41:50.704 24510 24510 D checklines: 94
02-16 09:41:50.704 24510 24510 D checklines: max= 3679
02-16 09:41:50.705 24510 24510 D checklines: land lines = 39 onewordheight =94 textheight = 3666 totalheight720 scrollview geight = 4386
02-16 09:41:50.705 24510 25522 I gralloc4: unregister: id=21a00025af5
02-16 09:41:50.705 24510 25522 W libEGL : EGLNativeWindowType 0xb400007a5353cb60 disconnect failed
02-16 09:41:50.706 24510 24510 I gralloc4: register: id=21a00025af6
02-16 09:41:50.713 24510 25522 I gralloc4: register: id=21a00025af7
02-16 09:41:50.722 24510 25522 I gralloc4: register: id=21a00025af8
02-16 09:41:50.722 24510 24510 I gralloc4: register: id=21a00025af9
02-16 09:41:50.806 24510 24510 I Ads : Ad failed to load : 0
02-16 09:41:50.847 24510 25179 I Camera-JNI: number_of_cameras:2
02-16 09:41:50.847 24510 25179 I Camera-JNI: number_of_cameras:2
02-16 09:41:50.850 24510 25179 I Camera-JNI: number_of_cameras:2
02-16 09:41:50.853 24510 25179 D Camera : setFocusMode return fixed
02-16 09:41:50.856 24510 25179 I Camera-JNI: number_of_cameras:2
02-16 09:41:50.874 24510 24526 I gralloc4: register: id=21a00025afb
02-16 09:41:50.961 24510 24524 I BpBinder: onLastStrongRef automatically unlinking death recipients: <uncached descriptor>
02-16 09:41:50.966 24510 24526 I gralloc4: register: id=21a00025afd
02-16 09:41:50.969 24510 24524 W System : A resource failed to call release.
02-16 09:41:50.975 24510 24526 I gralloc4: register: id=21a00025aff
02-16 09:41:50.982 24510 24526 I gralloc4: register: id=21a00025b01
02-16 09:41:51.096 24510 24526 I gralloc4: register: id=21a00025b03
02-16 09:41:51.133 24510 24991 I gralloc4: register: id=21a00025b04
02-16 09:41:51.182 24510 24510 I gralloc4: unregister: id=21a00025ae8
02-16 09:41:51.183 24510 24510 I gralloc4: unregister: id=21a00025ae9
02-16 09:41:51.183 24510 24510 I gralloc4: unregister: id=21a00025aea
02-16 09:41:51.560 24510 24510 D moveheight: x=37
02-16 09:41:51.599 24510 24510 D moveheight: x=37
02-16 09:41:51.615 24510 24510 D moveheight: x=37
02-16 09:41:51.618 24510 24510 I gralloc4: register: id=21a00025b0d
02-16 09:41:51.631 24510 24510 D moveheight: x=37
02-16 09:41:51.648 24510 24510 D moveheight: x=37
02-16 09:41:51.665 24510 24510 D moveheight: x=37
02-16 09:41:51.682 24510 24510 D moveheight: x=37
02-16 09:41:51.698 24510 24510 D moveheight: x=37
02-16 09:41:51.715 24510 24510 D moveheight: x=37
02-16 09:41:51.732 24510 24510 D moveheight: x=37
02-16 09:41:51.749 24510 24510 D moveheight: x=37
02-16 09:41:51.766 24510 24510 D moveheight: x=31
02-16 09:41:51.783 24510 24510 D moveheight: x=27
02-16 09:41:51.799 24510 24510 D moveheight: x=22
02-16 09:41:51.816 24510 24510 D moveheight: x=17
02-16 09:41:51.833 24510 24510 D moveheight: x=11
02-16 09:41:51.850 24510 24510 D moveheight: x=7
02-16 09:41:51.866 24510 24510 D moveheight: x=2
02-16 09:41:51.883 24510 24510 D moveheight: x=-1
02-16 09:41:51.900 24510 24510 D moveheight: x=-4
02-16 09:41:51.917 24510 24510 D moveheight: x=-8
02-16 09:41:51.934 24510 24510 D moveheight: x=-10
02-16 09:41:51.950 24510 24510 D moveheight: x=-12
02-16 09:41:51.967 24510 24510 D moveheight: x=-13
02-16 09:41:51.984 24510 24510 D moveheight: x=-13
02-16 09:41:52.001 24510 24510 D moveheight: x=-13
02-16 09:41:52.018 24510 24510 D moveheight: x=-13
02-16 09:41:52.034 24510 24510 D moveheight: x=-11
02-16 09:41:52.051 24510 24510 D moveheight: x=-6
02-16 09:41:52.060 24510 24510 D moveheight: x=-7
02-16 09:41:52.063 24510 24510 D moveheight: x=-7
02-16 09:41:52.063 24510 24510 D moveheight: x=-7
02-16 09:41:52.063 24510 24510 D checklines: main height3679
02-16 09:41:52.063 24510 24510 D checklines: 94
02-16 09:41:52.063 24510 24510 D checklines: max= 3679
02-16 09:41:52.063 24510 24510 D checklines: land lines = 39 onewordheight =94 textheight = 3666 totalheight720 scrollview geight = 4386
02-16 09:41:52.345 24510 24510 D moveheight: x=72
02-16 09:41:52.454 24510 24510 D moveheight: x=74
02-16 09:41:52.471 24510 24510 D moveheight: x=81
02-16 09:41:52.488 24510 24510 D moveheight: x=82
02-16 09:41:52.504 24510 24510 D moveheight: x=83
02-16 09:41:52.521 24510 24510 D moveheight: x=85
02-16 09:41:52.538 24510 24510 D moveheight: x=83
02-16 09:41:52.555 24510 24510 D moveheight: x=84
02-16 09:41:52.572 24510 24510 D moveheight: x=85
02-16 09:41:52.589 24510 24510 D moveheight: x=84
02-16 09:41:52.605 24510 24510 D moveheight: x=85
02-16 09:41:52.622 24510 24510 D moveheight: x=81
02-16 09:41:52.639 24510 24510 D moveheight: x=80
02-16 09:41:52.656 24510 24510 D moveheight: x=78
02-16 09:41:52.672 24510 24510 D moveheight: x=80
02-16 09:41:52.689 24510 24510 D moveheight: x=76
02-16 09:41:52.706 24510 24510 D moveheight: x=76
02-16 09:41:52.723 24510 24510 D moveheight: x=75
02-16 09:41:52.740 24510 24510 D moveheight: x=75
02-16 09:41:52.757 24510 24510 D moveheight: x=73
02-16 09:41:52.773 24510 24510 D moveheight: x=73
02-16 09:41:52.807 24510 24510 D moveheight: x=73
02-16 09:41:52.824 24510 24510 D moveheight: x=73
02-16 09:41:52.841 24510 24510 D moveheight: x=73
02-16 09:41:53.055 24510 24510 D moveheight: x=72
02-16 09:41:53.055 24510 24510 D checklines: main height2739
02-16 09:41:53.055 24510 24510 D checklines: 94
02-16 09:41:53.055 24510 24510 D checklines: max= 2739
02-16 09:41:53.055 24510 24510 D checklines: land lines = 29 onewordheight =94 textheight = 2726 totalheight720 scrollview geight = 3446
02-16 09:42:03.761 24510 24510 D moveheight: x=61
02-16 09:42:03.817 24510 25522 I gralloc4: register: id=21a00025b10
02-16 09:42:03.845 24510 24510 D moveheight: x=61
02-16 09:42:03.859 24510 25179 I Camera-JNI: number_of_cameras:2
02-16 09:42:03.860 24510 25179 I Camera-JNI: number_of_cameras:2
02-16 09:42:03.860 24510 25179 I Camera-JNI: number_of_cameras:2
02-16 09:42:03.927 24510 25179 D Camera : app passed NULL surface
02-16 09:42:03.932 24510 25179 I gralloc4: unregister: id=21a00025afb
02-16 09:42:03.933 24510 25179 I gralloc4: unregister: id=21a00025aff
02-16 09:42:03.933 24510 25179 I gralloc4: unregister: id=21a00025b01
02-16 09:42:03.934 24510 25179 I gralloc4: unregister: id=21a00025b03
02-16 09:42:03.935 24510 25179 I gralloc4: unregister: id=21a00025b04
02-16 09:42:04.005 24510 24991 E libc : Access denied finding property "vendor.camera.aux.packagelist"
02-16 09:42:04.009 24510 25179 I Camera-JNI: number_of_cameras:2
02-16 09:42:04.010 24510 25179 I Camera-JNI: number_of_cameras:2
02-16 09:42:04.011 24510 25179 I Camera-JNI: number_of_cameras:2
02-16 09:42:04.014 24510 25179 I Camera-JNI: number_of_cameras:2
02-16 09:42:04.018 24510 24991 E libc : Access denied finding property "vendor.camera.aux.packagelist"
02-16 09:42:04.117 24510 25179 I Camera-JNI: number_of_cameras:2
02-16 09:42:04.118 24510 25179 I Camera-JNI: number_of_cameras:2
02-16 09:42:04.119 24510 25179 I Camera-JNI: number_of_cameras:2
