08-12 19:15:23.118 25963 25981 I OpenGLRenderer: Davey! duration=9223284522446ms; Flags=0, FrameTimelineVsyncId=6690321, IntendedVsync=87514407993542, Vsync=87514407993542, InputEventId=0, HandleInputStart=87514408908436, AnimationStart=87514408909373, PerformTraversalsStart=87514415218280, DrawStart=87514415302603, FrameDeadline=87514427993541, FrameInterval=87514408897967, FrameStartTime=8333333, SyncQueued=87514415376613, SyncStart=87514415621821, IssueDrawCommandsStart=87514418013540, SwapBuffers=87514418530780, FrameCompleted=9223372036854775807, DequeueBufferDuration=10156, QueueBufferDuration=1017813, GpuCompleted=9223372036854775807, SwapBuffersCompleted=87514419809269, DisplayPresentTime=87512044815989,
08-12 19:15:23.120 25963 25963 D InsetsController: show(ime(), fromIme=true)
08-12 19:15:23.439 25963 25963 E MethodChannel#jojoy.app_resource_plugin: Failed to handle method call
08-12 19:15:23.439 25963 25963 E MethodChannel#jojoy.app_resource_plugin: android.content.res.Resources$NotFoundException: Drawable apkdone.com:mipmap/ic_launcher_foreground with resource ID #0x7f0f0001
08-12 19:15:23.439 25963 25963 E MethodChannel#jojoy.app_resource_plugin: Caused by: android.content.res.Resources$NotFoundException: File res/mipmap/ic_launcher_foreground.xml from drawable resource ID #0x7f0f0001
08-12 19:15:23.439 25963 25963 E MethodChannel#jojoy.app_resource_plugin: at android.content.res.ResourcesImpl.loadDrawableForCookie(ResourcesImpl.java:900)
08-12 19:15:23.439 25963 25963 E MethodChannel#jojoy.app_resource_plugin: at android.content.res.ResourcesImpl.loadDrawable(ResourcesImpl.java:691)
08-12 19:15:23.439 25963 25963 E MethodChannel#jojoy.app_resource_plugin: at android.content.res.MiuiResourcesImpl.loadDrawable(MiuiResourcesImpl.java:307)
08-12 19:15:23.439 25963 25963 E MethodChannel#jojoy.app_resource_plugin: at android.content.res.Resources.loadDrawable(Resources.java:1017)
08-12 19:15:23.439 25963 25963 E MethodChannel#jojoy.app_resource_plugin: at android.content.res.Resources.getDrawableForDensity(Resources.java:1005)
08-12 19:15:23.439 25963 25963 E MethodChannel#jojoy.app_resource_plugin: at android.content.res.Resources.getDrawable(Resources.java:944)
08-12 19:15:23.439 25963 25963 E MethodChannel#jojoy.app_resource_plugin: at android.content.Context.getDrawable(Context.java:763)
08-12 19:15:23.439 25963 25963 E MethodChannel#jojoy.app_resource_plugin: at androidx.core.content.ContextCompat$Api21Impl.getDrawable(Unknown Source:0)
08-12 19:15:23.439 25963 25963 E MethodChannel#jojoy.app_resource_plugin: at androidx.core.content.ContextCompat.getDrawable(Unknown Source:0)
08-12 19:15:23.439 25963 25963 E MethodChannel#jojoy.app_resource_plugin: at com.example.plugin.AppResourcePlugin.a(AppResourcePlugin.kt:4)
08-12 19:15:23.439 25963 25963 E MethodChannel#jojoy.app_resource_plugin: at com.example.plugin.AppResourcePlugin.onMethodCall(AppResourcePlugin.kt:22)
08-12 19:15:23.439 25963 25963 E MethodChannel#jojoy.app_resource_plugin: at io.flutter.plugin.common.MethodChannel$IncomingMethodCallHandler.onMessage(MethodCh annel.java:2)
08-12 19:15:23.439 25963 25963 E MethodChannel#jojoy.app_resource_plugin: at io.flutter.embedding.engine.dart.DartMessenger.invokeHandler(DartMessenger.java:2)
08-12 19:15:23.439 25963 25963 E MethodChannel#jojoy.app_resource_plugin: at io.flutter.embedding.engine.dart.DartMessenger.lambda$dispatchMessageToQueue$0(Dart Messenger.java:2)
08-12 19:15:23.439 25963 25963 E MethodChannel#jojoy.app_resource_plugin: at io.flutter.embedding.engine.dart.DartMessenger.a(Unknown Source:0)
08-12 19:15:23.439 25963 25963 E MethodChannel#jojoy.app_resource_plugin: at io.flutter.embedding.engine.dart.a.run(Unknown Source:12)
08-12 19:15:23.439 25963 25963 E MethodChannel#jojoy.app_resource_plugin: at android.os.Handler.handleCallback(Handler.java:938)
08-12 19:15:23.439 25963 25963 E MethodChannel#jojoy.app_resource_plugin: at android.os.Handler.dispatchMessage(Handler.java:99)
08-12 19:15:23.439 25963 25963 E MethodChannel#jojoy.app_resource_plugin: at android.os.Looper.loopOnce(Looper.java:210)
08-12 19:15:23.439 25963 25963 E MethodChannel#jojoy.app_resource_plugin: at android.os.Looper.loop(Looper.java:299)
08-12 19:15:23.439 25963 25963 E MethodChannel#jojoy.app_resource_plugin: at android.app.ActivityThread.main(ActivityThread.java:8205)
08-12 19:15:23.439 25963 25963 E MethodChannel#jojoy.app_resource_plugin: at java.lang.reflect.Method.invoke(Native Method)
08-12 19:15:23.439 25963 25963 E MethodChannel#jojoy.app_resource_plugin: at com.android.internal.os.RuntimeInit$MethodAndArgsCaller.run(RuntimeInit.java:556)
08-12 19:15:23.439 25963 25963 E MethodChannel#jojoy.app_resource_plugin: at com.android.internal.os.ZygoteInit.main(ZygoteInit.java:1045)
08-12 19:15:23.439 25963 25963 E MethodChannel#jojoy.app_resource_plugin: Caused by: android.view.InflateException: Class not found x
08-12 19:15:23.439 25963 25963 E MethodChannel#jojoy.app_resource_plugin: at android.graphics.drawable.DrawableInflater.inflateFromClass(DrawableInflater.java:2 25)
08-12 19:15:23.439 25963 25963 E MethodChannel#jojoy.app_resource_plugin: at android.graphics.drawable.DrawableInflater.inflateFromXmlForDensity(DrawableInflate r.java:142)
08-12 19:15:23.439 25963 25963 E MethodChannel#jojoy.app_resource_plugin: at android.graphics.drawable.Drawable.createFromXmlInnerForDensity(Drawable.java:1414)
08-12 19:15:23.439 25963 25963 E MethodChannel#jojoy.app_resource_plugin: at android.graphics.drawable.Drawable.createFromXmlForDensity(Drawable.java:1373)
08-12 19:15:23.439 25963 25963 E MethodChannel#jojoy.app_resource_plugin: at android.content.res.ResourcesImpl.createFromXmlForDensity(ResourcesImpl.java:1516)
08-12 19:15:23.439 25963 25963 E MethodChannel#jojoy.app_resource_plugin: at android.content.res.ResourcesImpl.loadXmlDrawable(ResourcesImpl.java:934)
08-12 19:15:23.439 25963 25963 E MethodChannel#jojoy.app_resource_plugin: at android.content.res.ResourcesImpl.loadDrawableForCookie(ResourcesImpl.java:883)
08-12 19:15:23.439 25963 25963 E MethodChannel#jojoy.app_resource_plugin: ... 23 more
08-12 19:15:23.439 25963 25963 E MethodChannel#jojoy.app_resource_plugin: Caused by: java.lang.ClassNotFoundException: Didn't find class "x" on path: DexPathList[[zip file "/data/app/~~RlqRSICE4iIplcPnDnZeBQ==/apkdone.com- sw2xb0k3UZHPPmHA8vw-0A==/base.apk"],nativeLibraryDirectories=[/data/app/ ~~RlqRSICE4iIplcPnDnZeBQ==/apkdone.com-sw2xb0k3UZHPPmHA8vw-0A==/lib/arm, /data/app/~~RlqRSICE4iIplcPnDnZeBQ==/apkdone.com-sw2xb0k3UZHPPmHA8vw-0A==/ base.apk!/lib/armeabi-v7a, /system/lib, /system_ext/lib]]
08-12 19:15:23.439 25963 25963 E MethodChannel#jojoy.app_resource_plugin: at dalvik.system.BaseDexClassLoader.findClass(BaseDexClassLoader.java:218)
08-12 19:15:23.439 25963 25963 E MethodChannel#jojoy.app_resource_plugin: at java.lang.ClassLoader.loadClass(ClassLoader.java:379)
08-12 19:15:23.439 25963 25963 E MethodChannel#jojoy.app_resource_plugin: at java.lang.ClassLoader.loadClass(ClassLoader.java:312)
08-12 19:15:23.439 25963 25963 E MethodChannel#jojoy.app_resource_plugin: at android.graphics.drawable.DrawableInflater.inflateFromClass(DrawableInflater.java:2 06)
08-12 19:15:23.439 25963 25963 E MethodChannel#jojoy.app_resource_plugin: ... 29 more
08-12 19:15:23.448 25963 25963 D Installations: Installation ID: eJru81uYRZC9HuGDo5YQMX
08-12 19:15:23.531 25963 25976 I apkdone.com: Background concurrent copying GC freed 189400(9955KB) AllocSpace objects, 111(17MB) LOS objects, 64% free, 13MB/37MB, paused 280us total 119.869ms
08-12 19:15:23.538 25963 25978 W System : A resource failed to call end.
08-12 19:15:23.713 25963 26315 I OpenGLRenderer: Davey! duration=9223284521850ms; Flags=0, FrameTimelineVsyncId=6690440, IntendedVsync=87515002525826, Vsync=87515002525826, InputEventId=0, HandleInputStart=87515003795259, AnimationStart=87515003798488, PerformTraversalsStart=87515004903019, DrawStart=87515005039321, FrameDeadline=87515022525825, FrameInterval=87515003730102, FrameStartTime=8333333, SyncQueued=87515005181821, SyncStart=87515007017029, IssueDrawCommandsStart=87515007204634, SwapBuffers=87515012992342, FrameCompleted=9223372036854775807, DequeueBufferDuration=2382292, QueueBufferDuration=2405885, GpuCompleted=9223372036854775807, SwapBuffersCompleted=87515016046092, DisplayPresentTime=87513374792134,
08-12 19:15:23.732 25963 25963 D InputMethodManager: showSoftInput() view=io.flutter.embedding.android.FlutterView{4dd5e15 VFE...... .F...... 0,0- 1080,2270 #1 aid=1073741824} flags=0 reason=SHOW_SOFT_INPUT
08-12 19:15:23.758 25963 25963 D InsetsController: show(ime(), fromIme=true)
08-12 19:15:24.097 25963 25963 E MethodChannel#jojoy.app_resource_plugin: Failed to handle method call
08-12 19:15:24.097 25963 25963 E MethodChannel#jojoy.app_resource_plugin: android.content.res.Resources$NotFoundException: Drawable apkdone.com:mipmap/ic_launcher_foreground with resource ID #0x7f0f0001
08-12 19:15:24.097 25963 25963 E MethodChannel#jojoy.app_resource_plugin: Caused by: android.content.res.Resources$NotFoundException: File res/mipmap/ic_launcher_foreground.xml from drawable resource ID #0x7f0f0001
08-12 19:15:24.097 25963 25963 E MethodChannel#jojoy.app_resource_plugin: at android.content.res.ResourcesImpl.loadDrawableForCookie(ResourcesImpl.java:900)
08-12 19:15:24.097 25963 25963 E MethodChannel#jojoy.app_resource_plugin: at android.content.res.ResourcesImpl.loadDrawable(ResourcesImpl.java:691)
08-12 19:15:24.097 25963 25963 E MethodChannel#jojoy.app_resource_plugin: at android.content.res.MiuiResourcesImpl.loadDrawable(MiuiResourcesImpl.java:307)
08-12 19:15:24.097 25963 25963 E MethodChannel#jojoy.app_resource_plugin: at android.content.res.Resources.loadDrawable(Resources.java:1017)
08-12 19:15:24.097 25963 25963 E MethodChannel#jojoy.app_resource_plugin: at android.content.res.Resources.getDrawableForDensity(Resources.java:1005)
08-12 19:15:24.097 25963 25963 E MethodChannel#jojoy.app_resource_plugin: at android.content.res.Resources.getDrawable(Resources.java:944)
08-12 19:15:24.097 25963 25963 E MethodChannel#jojoy.app_resource_plugin: at android.content.Context.getDrawable(Context.java:763)
08-12 19:15:24.097 25963 25963 E MethodChannel#jojoy.app_resource_plugin: at androidx.core.content.ContextCompat$Api21Impl.getDrawable(Unknown Source:0)
08-12 19:15:24.097 25963 25963 E MethodChannel#jojoy.app_resource_plugin: at androidx.core.content.ContextCompat.getDrawable(Unknown Source:0)
08-12 19:15:24.097 25963 25963 E MethodChannel#jojoy.app_resource_plugin: at com.example.plugin.AppResourcePlugin.a(AppResourcePlugin.kt:4)
08-12 19:15:24.097 25963 25963 E MethodChannel#jojoy.app_resource_plugin: at com.example.plugin.AppResourcePlugin.onMethodCall(AppResourcePlugin.kt:22)
08-12 19:15:24.097 25963 25963 E MethodChannel#jojoy.app_resource_plugin: at io.flutter.plugin.common.MethodChannel$IncomingMethodCallHandler.onMessage(MethodCh annel.java:2)
08-12 19:15:24.097 25963 25963 E MethodChannel#jojoy.app_resource_plugin: at io.flutter.embedding.engine.dart.DartMessenger.invokeHandler(DartMessenger.java:2)
08-12 19:15:24.097 25963 25963 E MethodChannel#jojoy.app_resource_plugin: at io.flutter.embedding.engine.dart.DartMessenger.lambda$dispatchMessageToQueue$0(Dart Messenger.java:2)
08-12 19:15:24.097 25963 25963 E MethodChannel#jojoy.app_resource_plugin: at io.flutter.embedding.engine.dart.DartMessenger.a(Unknown Source:0)
08-12 19:15:24.097 25963 25963 E MethodChannel#jojoy.app_resource_plugin: at io.flutter.embedding.engine.dart.a.run(Unknown Source:12)
08-12 19:15:24.097 25963 25963 E MethodChannel#jojoy.app_resource_plugin: at android.os.Handler.handleCallback(Handler.java:938)
08-12 19:15:24.097 25963 25963 E MethodChannel#jojoy.app_resource_plugin: at android.os.Handler.dispatchMessage(Handler.java:99)
08-12 19:15:24.097 25963 25963 E MethodChannel#jojoy.app_resource_plugin: at android.os.Looper.loopOnce(Looper.java:210)
08-12 19:15:24.097 25963 25963 E MethodChannel#jojoy.app_resource_plugin: at android.os.Looper.loop(Looper.java:299)
08-12 19:15:24.097 25963 25963 E MethodChannel#jojoy.app_resource_plugin: at android.app.ActivityThread.main(ActivityThread.java:8205)
08-12 19:15:24.097 25963 25963 E MethodChannel#jojoy.app_resource_plugin: at java.lang.reflect.Method.invoke(Native Method)
08-12 19:15:24.097 25963 25963 E MethodChannel#jojoy.app_resource_plugin: at com.android.internal.os.RuntimeInit$MethodAndArgsCaller.run(RuntimeInit.java:556)
08-12 19:15:24.097 25963 25963 E MethodChannel#jojoy.app_resource_plugin: at com.android.internal.os.ZygoteInit.main(ZygoteInit.java:1045)
08-12 19:15:24.097 25963 25963 E MethodChannel#jojoy.app_resource_plugin: Caused by: android.view.InflateException: Class not found x
08-12 19:15:24.097 25963 25963 E MethodChannel#jojoy.app_resource_plugin: at android.graphics.drawable.DrawableInflater.inflateFromClass(DrawableInflater.java:2 25)
08-12 19:15:24.097 25963 25963 E MethodChannel#jojoy.app_resource_plugin: at android.graphics.drawable.DrawableInflater.inflateFromXmlForDensity(DrawableInflate r.java:142)
08-12 19:15:24.097 25963 25963 E MethodChannel#jojoy.app_resource_plugin: at android.graphics.drawable.Drawable.createFromXmlInnerForDensity(Drawable.java:1414)
08-12 19:15:24.097 25963 25963 E MethodChannel#jojoy.app_resource_plugin: at android.graphics.drawable.Drawable.createFromXmlForDensity(Drawable.java:1373)
08-12 19:15:24.097 25963 25963 E MethodChannel#jojoy.app_resource_plugin: at android.content.res.ResourcesImpl.createFromXmlForDensity(ResourcesImpl.java:1516)
08-12 19:15:24.097 25963 25963 E MethodChannel#jojoy.app_resource_plugin: at android.content.res.ResourcesImpl.loadXmlDrawable(ResourcesImpl.java:934)
08-12 19:15:24.097 25963 25963 E MethodChannel#jojoy.app_resource_plugin: at android.content.res.ResourcesImpl.loadDrawableForCookie(ResourcesImpl.java:883)
08-12 19:15:24.097 25963 25963 E MethodChannel#jojoy.app_resource_plugin: ... 23 more
08-12 19:15:24.097 25963 25963 E MethodChannel#jojoy.app_resource_plugin: Caused by: java.lang.ClassNotFoundException: Didn't find class "x" on path: DexPathList[[zip file "/data/app/~~RlqRSICE4iIplcPnDnZeBQ==/apkdone.com- sw2xb0k3UZHPPmHA8vw-0A==/base.apk"],nativeLibraryDirectories=[/data/app/ ~~RlqRSICE4iIplcPnDnZeBQ==/apkdone.com-sw2xb0k3UZHPPmHA8vw-0A==/lib/arm, /data/app/~~RlqRSICE4iIplcPnDnZeBQ==/apkdone.com-sw2xb0k3UZHPPmHA8vw-0A==/ base.apk!/lib/armeabi-v7a, /system/lib, /system_ext/lib]]
08-12 19:15:24.097 25963 25963 E MethodChannel#jojoy.app_resource_plugin: at dalvik.system.BaseDexClassLoader.findClass(BaseDexClassLoader.java:218)
08-12 19:15:24.097 25963 25963 E MethodChannel#jojoy.app_resource_plugin: at java.lang.ClassLoader.loadClass(ClassLoader.java:379)
08-12 19:15:24.097 25963 25963 E MethodChannel#jojoy.app_resource_plugin: at java.lang.ClassLoader.loadClass(ClassLoader.java:312)
08-12 19:15:24.097 25963 25963 E MethodChannel#jojoy.app_resource_plugin: at android.graphics.drawable.DrawableInflater.inflateFromClass(DrawableInflater.java:2 06)
08-12 19:15:24.097 25963 25963 E MethodChannel#jojoy.app_resource_plugin: ... 29 more
08-12 19:15:24.113 25963 25963 D Installations: Installation ID: eJru81uYRZC9HuGDo5YQMX
08-12 19:15:24.116 25963 26315 I OpenGLRenderer: Davey! duration=9223284521463ms; Flags=0, FrameTimelineVsyncId=6690506, IntendedVsync=87515390633793, Vsync=87515407300459, InputEventId=0, HandleInputStart=87515413911509, AnimationStart=87515413914686, PerformTraversalsStart=87515416881300, DrawStart=87515417028279, FrameDeadline=87515402300459, FrameInterval=87515413882238, FrameStartTime=8333333, SyncQueued=87515417368748, SyncStart=87515417584321, IssueDrawCommandsStart=87515417612446, SwapBuffers=87515417864894, FrameCompleted=9223372036854775807, DequeueBufferDuration=12448, QueueBufferDuration=367187, GpuCompleted=9223372036854775807, SwapBuffersCompleted=87515418512602, DisplayPresentTime=87513482058645,
08-12 19:15:24.525 25963 25963 D DynamitePackage: Instantiating com.google.android.gms.ads.ChimeraNativeAdViewDelegateCreatorImpl
08-12 19:15:24.606 25963 25963 D InputMethodManager: showSoftInput() view=io.flutter.embedding.android.FlutterView{4dd5e15 VFE...... .F...... 0,0- 1080,2270 #1 aid=1073741824} flags=0 reason=SHOW_SOFT_INPUT
08-12 19:15:24.622 25963 25963 D InsetsController: show(ime(), fromIme=true)
08-12 19:15:24.845 25963 25963 D InputMethodManager: showSoftInput() view=io.flutter.embedding.android.FlutterView{4dd5e15 VFE...... .F...... 0,0- 1080,2270 #1 aid=1073741824} flags=0 reason=SHOW_SOFT_INPUT
08-12 19:15:24.856 25963 25963 D InsetsController: show(ime(), fromIme=true)
08-12 19:15:25.057 25963 25963 D InputMethodManager: showSoftInput() view=io.flutter.embedding.android.FlutterView{4dd5e15 VFE...... .F...... 0,0- 1080,2270 #1 aid=1073741824} flags=0 reason=SHOW_SOFT_INPUT
08-12 19:15:25.066 25963 26348 W System : Ignoring header If-None-Match because its value was null.
08-12 19:15:25.070 25963 25963 D InsetsController: show(ime(), fromIme=true)
08-12 19:15:25.283 25963 25963 I ExoPlayerImpl: Init ExoPlayerLib/2.4.2 [munch, 22021211RC, Xiaomi, 31]
08-12 19:15:25.380 25963 25963 D DynamitePackage: Instantiating com.google.android.gms.ads.ChimeraAdManagerCreatorImpl
08-12 19:15:25.383 25963 25963 I Ads : Use RequestConfiguration.Builder().setTestDeviceIds(Arrays.asList("960FA59A29CA1A010171 A2FD3EC14BEE")) to get test ads on this device.
08-12 19:15:25.397 25963 25963 E MethodChannel#jojoy.app_resource_plugin: Failed to handle method call
08-12 19:15:25.397 25963 25963 E MethodChannel#jojoy.app_resource_plugin: android.content.res.Resources$NotFoundException: Drawable apkdone.com:mipmap/ic_launcher_foreground with resource ID #0x7f0f0001
08-12 19:15:25.397 25963 25963 E MethodChannel#jojoy.app_resource_plugin: Caused by: android.content.res.Resources$NotFoundException: File res/mipmap/ic_launcher_foreground.xml from drawable resource ID #0x7f0f0001
08-12 19:15:25.397 25963 25963 E MethodChannel#jojoy.app_resource_plugin: at android.content.res.ResourcesImpl.loadDrawableForCookie(ResourcesImpl.java:900)
08-12 19:15:25.397 25963 25963 E MethodChannel#jojoy.app_resource_plugin: at android.content.res.ResourcesImpl.loadDrawable(ResourcesImpl.java:691)
08-12 19:15:25.397 25963 25963 E MethodChannel#jojoy.app_resource_plugin: at android.content.res.MiuiResourcesImpl.loadDrawable(MiuiResourcesImpl.java:307)
08-12 19:15:25.397 25963 25963 E MethodChannel#jojoy.app_resource_plugin: at android.content.res.Resources.loadDrawable(Resources.java:1017)
08-12 19:15:25.397 25963 25963 E MethodChannel#jojoy.app_resource_plugin: at android.content.res.Resources.getDrawableForDensity(Resources.java:1005)
08-12 19:15:25.397 25963 25963 E MethodChannel#jojoy.app_resource_plugin: at android.content.res.Resources.getDrawable(Resources.java:944)
08-12 19:15:25.397 25963 25963 E MethodChannel#jojoy.app_resource_plugin: at android.content.Context.getDrawable(Context.java:763)
08-12 19:15:25.397 25963 25963 E MethodChannel#jojoy.app_resource_plugin: at androidx.core.content.ContextCompat$Api21Impl.getDrawable(Unknown Source:0)
08-12 19:15:25.397 25963 25963 E MethodChannel#jojoy.app_resource_plugin: at androidx.core.content.ContextCompat.getDrawable(Unknown Source:0)
08-12 19:15:25.397 25963 25963 E MethodChannel#jojoy.app_resource_plugin: at com.example.plugin.AppResourcePlugin.a(AppResourcePlugin.kt:4)
08-12 19:15:25.397 25963 25963 E MethodChannel#jojoy.app_resource_plugin: at com.example.plugin.AppResourcePlugin.onMethodCall(AppResourcePlugin.kt:22)
08-12 19:15:25.397 25963 25963 E MethodChannel#jojoy.app_resource_plugin: at io.flutter.plugin.common.MethodChannel$IncomingMethodCallHandler.onMessage(MethodCh annel.java:2)
08-12 19:15:25.397 25963 25963 E MethodChannel#jojoy.app_resource_plugin: at io.flutter.embedding.engine.dart.DartMessenger.invokeHandler(DartMessenger.java:2)
08-12 19:15:25.397 25963 25963 E MethodChannel#jojoy.app_resource_plugin: at io.flutter.embedding.engine.dart.DartMessenger.lambda$dispatchMessageToQueue$0(Dart Messenger.java:2)
08-12 19:15:25.397 25963 25963 E MethodChannel#jojoy.app_resource_plugin: at io.flutter.embedding.engine.dart.DartMessenger.a(Unknown Source:0)
08-12 19:15:25.397 25963 25963 E MethodChannel#jojoy.app_resource_plugin: at io.flutter.embedding.engine.dart.a.run(Unknown Source:12)
08-12 19:15:25.397 25963 25963 E MethodChannel#jojoy.app_resource_plugin: at android.os.Handler.handleCallback(Handler.java:938)
08-12 19:15:25.397 25963 25963 E MethodChannel#jojoy.app_resource_plugin: at android.os.Handler.dispatchMessage(Handler.java:99)
08-12 19:15:25.397 25963 25963 E MethodChannel#jojoy.app_resource_plugin: at android.os.Looper.loopOnce(Looper.java:210)
08-12 19:15:25.397 25963 25963 E MethodChannel#jojoy.app_resource_plugin: at android.os.Looper.loop(Looper.java:299)
08-12 19:15:25.397 25963 25963 E MethodChannel#jojoy.app_resource_plugin: at android.app.ActivityThread.main(ActivityThread.java:8205)
08-12 19:15:25.397 25963 25963 E MethodChannel#jojoy.app_resource_plugin: at java.lang.reflect.Method.invoke(Native Method)
08-12 19:15:25.397 25963 25963 E MethodChannel#jojoy.app_resource_plugin: at com.android.internal.os.RuntimeInit$MethodAndArgsCaller.run(RuntimeInit.java:556)
08-12 19:15:25.397 25963 25963 E MethodChannel#jojoy.app_resource_plugin: at com.android.internal.os.ZygoteInit.main(ZygoteInit.java:1045)
08-12 19:15:25.397 25963 25963 E MethodChannel#jojoy.app_resource_plugin: Caused by: android.view.InflateException: Class not found x
08-12 19:15:25.397 25963 25963 E MethodChannel#jojoy.app_resource_plugin: at android.graphics.drawable.DrawableInflater.inflateFromClass(DrawableInflater.java:2 25)
08-12 19:15:25.397 25963 25963 E MethodChannel#jojoy.app_resource_plugin: at android.graphics.drawable.DrawableInflater.inflateFromXmlForDensity(DrawableInflate r.java:142)
08-12 19:15:25.397 25963 25963 E MethodChannel#jojoy.app_resource_plugin: at android.graphics.drawable.Drawable.createFromXmlInnerForDensity(Drawable.java:1414)
08-12 19:15:25.397 25963 25963 E MethodChannel#jojoy.app_resource_plugin: at android.graphics.drawable.Drawable.createFromXmlForDensity(Drawable.java:1373)
08-12 19:15:25.397 25963 25963 E MethodChannel#jojoy.app_resource_plugin: at android.content.res.ResourcesImpl.createFromXmlForDensity(ResourcesImpl.java:1516)
08-12 19:15:25.397 25963 25963 E MethodChannel#jojoy.app_resource_plugin: at android.content.res.ResourcesImpl.loadXmlDrawable(ResourcesImpl.java:934)
08-12 19:15:25.397 25963 25963 E MethodChannel#jojoy.app_resource_plugin: at android.content.res.ResourcesImpl.loadDrawableForCookie(ResourcesImpl.java:883)
08-12 19:15:25.397 25963 25963 E MethodChannel#jojoy.app_resource_plugin: ... 23 more
08-12 19:15:25.397 25963 25963 E MethodChannel#jojoy.app_resource_plugin: Caused by: java.lang.ClassNotFoundException: Didn't find class "x" on path: DexPathList[[zip file "/data/app/~~RlqRSICE4iIplcPnDnZeBQ==/apkdone.com- sw2xb0k3UZHPPmHA8vw-0A==/base.apk"],nativeLibraryDirectories=[/data/app/ ~~RlqRSICE4iIplcPnDnZeBQ==/apkdone.com-sw2xb0k3UZHPPmHA8vw-0A==/lib/arm, /data/app/~~RlqRSICE4iIplcPnDnZeBQ==/apkdone.com-sw2xb0k3UZHPPmHA8vw-0A==/ base.apk!/lib/armeabi-v7a, /system/lib, /system_ext/lib]]
08-12 19:15:25.397 25963 25963 E MethodChannel#jojoy.app_resource_plugin: at dalvik.system.BaseDexClassLoader.findClass(BaseDexClassLoader.java:218)
08-12 19:15:25.397 25963 25963 E MethodChannel#jojoy.app_resource_plugin: at java.lang.ClassLoader.loadClass(ClassLoader.java:379)
08-12 19:15:25.397 25963 25963 E MethodChannel#jojoy.app_resource_plugin: at java.lang.ClassLoader.loadClass(ClassLoader.java:312)
08-12 19:15:25.397 25963 25963 E MethodChannel#jojoy.app_resource_plugin: at android.graphics.drawable.DrawableInflater.inflateFromClass(DrawableInflater.java:2 06)
08-12 19:15:25.397 25963 25963 E MethodChannel#jojoy.app_resource_plugin: ... 29 more
08-12 19:15:25.407 25963 26106 E FrameEvents: updateAcquireFence: Did not find frame.
08-12 19:15:25.428 25963 25963 I PlayCore: UID: [10403] PID: [25963] PrewarmService : prewarm(apkdone.com)
08-12 19:15:25.429 25963 26674 I PlayCore: UID: [10403] PID: [25963] PrewarmService : Initiate binding to the service.
08-12 19:15:25.430 25963 25963 D Installations: Installation ID: eJru81uYRZC9HuGDo5YQMX
08-12 19:15:25.432 25963 26674 I PlayCore: UID: [10403] PID: [25963] PrewarmService : Failed to bind to the service.
08-12 19:15:25.475 25963 26106 E FrameEvents: updateAcquireFence: Did not find frame.
08-12 19:15:25.483 25963 26106 E FrameEvents: updateAcquireFence: Did not find frame.
08-12 19:15:25.500 25963 26667 W VideoCapabilities: Unsupported mime image/vnd.android.heic
08-12 19:15:25.500 25963 26667 W VideoCapabilities: Unrecognized profile/level 0/3 for video/mpeg2
08-12 19:15:25.500 25963 26667 W VideoCapabilities: Unrecognized profile/level 0/3 for video/mpeg2
08-12 19:15:25.503 25963 26667 W VideoCapabilities: Unsupported mime video/dolby- vision
08-12 19:15:25.504 25963 26667 W VideoCapabilities: Unsupported mime video/dolby- vision
08-12 19:15:25.504 25963 26667 W VideoCapabilities: Unsupported mime video/dolby- vision
08-12 19:15:25.504 25963 26667 W VideoCapabilities: Unsupported mime video/dolby- vision
08-12 19:15:25.521 25963 26667 I MediaCodec: video box enabled in settings
08-12 19:15:25.521 25963 26667 I MediaCodec: init video box disabled for codec not supported
08-12 19:15:25.522 25963 26676 D CCodec : allocate(c2.android.aac.decoder)
08-12 19:15:25.524 25963 26106 E FrameEvents: updateAcquireFence: Did not find frame.
08-12 19:15:25.527 25963 26676 I Codec2Client: Available Codec2 services: "default" "software"
08-12 19:15:25.532 25963 26676 I CCodec : setting up 'default' as default (vendor) store
08-12 19:15:25.556 25963 26676 I CCodec : Created component [c2.android.aac.decoder]
08-12 19:15:25.556 25963 26676 D CCodecConfig: read media type: audio/mp4a-latm
08-12 19:15:25.557 25963 26676 D ReflectedParamUpdater: extent() != 1 for single value type: algo.buffers.max-count.values
08-12 19:15:25.557 25963 26676 D ReflectedParamUpdater: extent() != 1 for single value type: output.subscribed-indices.values
08-12 19:15:25.558 25963 26676 D ReflectedParamUpdater: extent() != 1 for single value type: input.buffers.allocator-ids.values
08-12 19:15:25.558 25963 26676 D ReflectedParamUpdater: extent() != 1 for single value type: output.buffers.allocator-ids.values
08-12 19:15:25.558 25963 26676 D ReflectedParamUpdater: extent() != 1 for single value type: algo.buffers.allocator-ids.values
08-12 19:15:25.558 25963 26676 D ReflectedParamUpdater: extent() != 1 for single value type: output.buffers.pool-ids.values
08-12 19:15:25.558 25963 26676 D ReflectedParamUpdater: extent() != 1 for single value type: algo.buffers.pool-ids.values
08-12 19:15:25.562 25963 26676 I CCodecConfig: query failed after returning 19 values (BAD_INDEX)
08-12 19:15:25.562 25963 26676 D CCodecConfig: c2 config diff is Dict {
08-12 19:15:25.562 25963 26676 D CCodecConfig: c2::u32 coded.aac-packaging.value = 0
08-12 19:15:25.562 25963 26676 D CCodecConfig: c2::u32 coded.bitrate.value = 64000
08-12 19:15:25.562 25963 26676 D CCodecConfig: c2::u32 coded.pl.level = 0
08-12 19:15:25.562 25963 26676 D CCodecConfig: c2::u32 coded.pl.profile = 8192
08-12 19:15:25.562 25963 26676 D CCodecConfig: c2::i32 coding.drc.album- mode.value = 0
08-12 19:15:25.562 25963 26676 D CCodecConfig: c2::float coding.drc.attenuation- factor.value = 1
08-12 19:15:25.562 25963 26676 D CCodecConfig: c2::float coding.drc.boost- factor.value = 1
08-12 19:15:25.562 25963 26676 D CCodecConfig: c2::i32 coding.drc.compression- mode.value = 3
08-12 19:15:25.562 25963 26676 D CCodecConfig: c2::i32 coding.drc.effect- type.value = 3
08-12 19:15:25.562 25963 26676 D CCodecConfig: c2::float coding.drc.encoded- level.value = 0.25
08-12 19:15:25.562 25963 26676 D CCodecConfig: c2::float coding.drc.reference- level.value = -16
08-12 19:15:25.562 25963 26676 D CCodecConfig: c2::u32 input.buffers.max- size.value = 8192
08-12 19:15:25.562 25963 26676 D CCodecConfig: c2::u32 input.delay.value = 0
08-12 19:15:25.562 25963 26676 D CCodecConfig: string input.media-type.value = "audio/mp4a-latm"
08-12 19:15:25.562 25963 26676 D CCodecConfig: c2::u32 output.delay.value = 2
08-12 19:15:25.562 25963 26676 D CCodecConfig: c2::float output.drc.output- loudness.value = 0.25
08-12 19:15:25.562 25963 26676 D CCodecConfig: string output.media-type.value = "audio/raw"
08-12 19:15:25.562 25963 26676 D CCodecConfig: c2::u32 raw.channel-count.value = 1
08-12 19:15:25.562 25963 26676 D CCodecConfig: c2::u32 raw.max-channel- count.value = 8
08-12 19:15:25.562 25963 26676 D CCodecConfig: c2::u32 raw.sample-rate.value = 44100
08-12 19:15:25.562 25963 26676 D CCodecConfig: }
08-12 19:15:25.623 25963 26667 V MediaStub: MediaStub::GetImplInstance for debug create,0x97ff31d1
08-12 19:15:25.623 25963 26667 E MediaStub: MediaStub::GetImplInstance dlerror (null)
08-12 19:15:25.624 25963 26676 D CCodec : [c2.android.aac.decoder] buffers are bound to CCodec for this session
08-12 19:15:25.624 25963 26676 D CCodecConfig: no c2 equivalents for language
08-12 19:15:25.624 25963 26676 D CCodecConfig: no c2 equivalents for flags
08-12 19:15:25.625 25963 26676 D CCodecConfig: c2 config diff is c2::u32 raw.channel-count.value = 2
08-12 19:15:25.625 25963 26676 W Codec2Client: query -- param skipped: index = 1107298332.
08-12 19:15:25.626 25963 26676 D CCodec : setup formats input: AMessage(what = 0x00000000) = {
08-12 19:15:25.626 25963 26676 D CCodec : int32_t aac-drc-album-mode = 0
08-12 19:15:25.626 25963 26676 D CCodec : int32_t aac-drc-boost-level = 127
08-12 19:15:25.626 25963 26676 D CCodec : int32_t aac-drc-cut-level = 127
08-12 19:15:25.626 25963 26676 D CCodec : int32_t aac-drc-effect-type = 3
08-12 19:15:25.626 25963 26676 D CCodec : int32_t aac-drc-heavy-compression = 3
08-12 19:15:25.626 25963 26676 D CCodec : int32_t aac-encoded-target-level = -1
08-12 19:15:25.626 25963 26676 D CCodec : int32_t aac-max-output-channel_count = 8
08-12 19:15:25.626 25963 26676 D CCodec : int32_t aac-target-ref-level = 64
08-12 19:15:25.626 25963 26676 D CCodec : int32_t bitrate = 64000
08-12 19:15:25.626 25963 26676 D CCodec : int32_t channel-count = 2
08-12 19:15:25.626 25963 26676 D CCodec : int32_t level = 0
08-12 19:15:25.626 25963 26676 D CCodec : int32_t max-input-size = 8192
08-12 19:15:25.626 25963 26676 D CCodec : string mime = "audio/mp4a-latm"
08-12 19:15:25.626 25963 26676 D CCodec : int32_t profile = 2
08-12 19:15:25.626 25963 26676 D CCodec : int32_t sample-rate = 44100
08-12 19:15:25.626 25963 26676 D CCodec : }
08-12 19:15:25.626 25963 26676 D CCodec : setup formats output: AMessage(what = 0x00000000) = {
08-12 19:15:25.626 25963 26676 D CCodec : int32_t aac-drc-album-mode = 0
08-12 19:15:25.626 25963 26676 D CCodec : int32_t aac-drc-boost-level = 127
08-12 19:15:25.626 25963 26676 D CCodec : int32_t aac-drc-cut-level = 127
08-12 19:15:25.626 25963 26676 D CCodec : int32_t aac-drc-effect-type = 3
08-12 19:15:25.626 25963 26676 D CCodec : int32_t aac-drc-heavy-compression = 3
08-12 19:15:25.626 25963 26676 D CCodec : int32_t aac-drc-output-loudness = -1
08-12 19:15:25.626 25963 26676 D CCodec : int32_t aac-encoded-target-level = -1
08-12 19:15:25.626 25963 26676 D CCodec : int32_t aac-max-output-channel_count = 8
08-12 19:15:25.626 25963 26676 D CCodec : int32_t aac-target-ref-level = 64
08-12 19:15:25.626 25963 26676 D CCodec : int32_t channel-count = 2
08-12 19:15:25.626 25963 26676 D CCodec : string mime = "audio/raw"
08-12 19:15:25.626 25963 26676 D CCodec : int32_t sample-rate = 44100
08-12 19:15:25.626 25963 26676 D CCodec : int32_t android._config-pcm-encoding = 2
08-12 19:15:25.626 25963 26676 D CCodec : }
08-12 19:15:25.626 25963 26676 I CCodecConfig: query failed after returning 19 values (BAD_INDEX)
08-12 19:15:25.627 25963 26676 V MediaStub: MediaStub::GetImplInstance for debug create,0x97ff31d1
08-12 19:15:25.627 25963 26676 D MediaImpl: MediaImpl::sendMine: audio/mp4a-latm
08-12 19:15:25.627 25963 26676 D MediaStub: MediaStub::sendMine audio/mp4a-latm
08-12 19:15:25.628 25963 26676 W Codec2Client: query -- param skipped: index = 1342179345.
08-12 19:15:25.628 25963 26676 W Codec2Client: query -- param skipped: index = 2415921170.
08-12 19:15:25.628 25963 26676 W Codec2Client: query -- param skipped: index = 1610614798.
08-12 19:15:25.628 25963 26106 E FrameEvents: updateAcquireFence: Did not find frame.
08-12 19:15:25.629 25963 26676 D C2Store : Using ION
08-12 19:15:25.634 25963 26676 D CCodecBufferChannel: [c2.android.aac.decoder#129] Created input block pool with allocatorID 16 => poolID 17 - OK (0)
08-12 19:15:25.636 25963 26676 I CCodecBufferChannel: [c2.android.aac.decoder#129] Created output block pool with allocatorID 16 => poolID 251 - OK
08-12 19:15:25.636 25963 26676 D CCodecBufferChannel: [c2.android.aac.decoder#129] Configured output block pool ids 251 => OK
08-12 19:15:25.637 25963 26676 D CCodecBufferChannel: [c2.android.aac.decoder#129] start: updating output delay 2
08-12 19:15:25.641 25963 26676 E ion : ioctl c0044901 failed with code -1: Inappropriate ioctl for device
08-12 19:15:25.648 25963 26667 I MediaCodec: video box enabled in settings
08-12 19:15:25.648 25963 26667 I VideoBoxStub: VideoBoxStub::initVideobox
08-12 19:15:25.651 25963 26667 I VideoBox: VideoBox::VideoBox
08-12 19:15:25.651 25963 26667 I VideoBox: initVideobox
08-12 19:15:25.651 25963 26667 I VideoBox: initVideobox going OMX.qcom.video.decoder.vp9
08-12 19:15:25.651 25963 26667 I VideoBox: initVideobox return false for platform is not support vpp
08-12 19:15:25.651 25963 26667 I VideoBoxStub: VideoBoxStub::releaseVideoBox
08-12 19:15:25.651 25963 26667 I VideoBox: VideoBox::~VideoBox
08-12 19:15:25.652 25963 26667 I MediaCodec: init video box disabled for init not supported
08-12 19:15:25.654 25963 26682 I OMXClient: IOmx service obtained
08-12 19:15:25.668 25963 26667 D VideoInfo: apkdone.com create OMX.qcom.video.decoder.vp9 in MediaCodec
08-12 19:15:25.673 25963 26667 I MediaCodec: configure : init video box disabled
08-12 19:15:25.673 25963 26667 I MediaCodec: fps video to display enabled
08-12 19:15:25.673 25963 26667 I MediaCodec: The Fps from player is 0.000000 frameRateFloat -1.000000 frameRateInt -1
08-12 19:15:25.674 25963 26667 D MediaImpl: MediaImpl::sendFrameRate: -1
08-12 19:15:25.674 25963 26667 D MediaImpl: MediaImpl::sendPackageName: apkdone.com
08-12 19:15:25.674 25963 26667 D MediaStub: MediaStub::sendPackageName apkdone.com
08-12 19:15:25.674 25963 26667 W libc : Access denied finding property "ro.vendor.audio.dolby.vision.support"
08-12 19:15:25.674 25963 26681 D SurfaceUtils: connecting to surface 0xb0fc8008, reason connectToSurface
08-12 19:15:25.674 25963 26681 I MediaCodec: [OMX.qcom.video.decoder.vp9] setting surface generation to 26586113
08-12 19:15:25.674 25963 26681 D SurfaceUtils: disconnecting from surface 0xb0fc8008, reason connectToSurface(reconnect)
08-12 19:15:25.674 25963 26681 D SurfaceUtils: connecting to surface 0xb0fc8008, reason connectToSurface(reconnect)
08-12 19:15:25.677 25963 26682 I ExtendedACodec: setupVideoDecoder()
08-12 19:15:25.679 25963 26682 I ExtendedACodec: Decoder will be in frame by frame mode
08-12 19:15:25.679 25963 26682 W ExtendedACodec: Failed to set frame packing format on component
08-12 19:15:25.682 25963 26681 D MediaImpl: MediaImpl::sendMine: video/x- vnd.on2.vp9
08-12 19:15:25.682 25963 26681 D MediaStub: MediaStub::sendMine video/x-vnd.on2.vp9
08-12 19:15:25.726 25963 26682 D SurfaceUtils: set up nativeWindow 0xb0fc8008 for 576x720, color 0x7fa30c06, rotation 0, usage 0x20402900
08-12 19:15:25.753 25963 26667 D AudioTrack: set(sessionId=0)
08-12 19:15:25.753 25963 26667 D AudioTrack: set(): streamType -1, sampleRate 44100, format 0x1, channelMask 0x3, frameCount 14144, flags #0, notificationFrames 0, sessionId 0, transferType 3, uid -1, pid -1
08-12 19:15:25.770 25963 26667 W libc : Access denied finding property "vendor.audio.lowpower"
08-12 19:15:25.786 25963 26667 D AudioTrack: isWhiteListPackage() Uid 10403, package name apkdone.com
08-12 19:15:25.789 25963 26667 W AudioTrack: Use of stream types is deprecated for operations other than volume control
08-12 19:15:25.789 25963 26667 W AudioTrack: See the documentation of AudioTrack() for what to use instead with android.media.AudioAttributes to qualify your playback use case
08-12 19:15:25.790 25963 26667 I AudioTrack: AudioTrack::setVolume L:1.000000 R:1.000000 and the pakage is apkdone.com
08-12 19:15:25.790 25963 26667 W libc : Access denied finding property "ro.vendor.audio.shortvideo.index"
08-12 19:15:25.793 25963 26388 I CCodecBufferChannel: pipelineRoom(2) is <= numClientBuffers(2). Not signalling any more buffers to client
08-12 19:15:25.795 25963 26388 I CCodecBufferChannel: pipelineRoom(2) is <= numClientBuffers(3). Not signalling any more buffers to client
08-12 19:15:25.796 25963 26676 I CCodecBufferChannel: pipelineRoom(2) is <= numClientBuffers(2). Not signalling any more buffers to client
08-12 19:15:25.797 25963 26388 I CCodecBufferChannel: pipelineRoom(3) is <= numClientBuffers(3). Not signalling any more buffers to client
08-12 19:15:25.797 25963 26676 I CCodecBufferChannel: pipelineRoom(3) is <= numClientBuffers(3). Not signalling any more buffers to client
08-12 19:15:25.799 25963 26388 I CCodecBufferChannel: pipelineRoom(2) is <= numClientBuffers(3). Not signalling any more buffers to client
08-12 19:15:25.799 25963 26676 I CCodecBufferChannel: pipelineRoom(2) is <= numClientBuffers(2). Not signalling any more buffers to client
08-12 19:15:25.803 25963 26681 W MediaCodec: mapFormat: no mediaType information
08-12 19:15:26.759 25963 26388 I CCodecBufferChannel: pipelineRoom(2) is <= numClientBuffers(2). Not signalling any more buffers to client
08-12 19:15:26.760 25963 26388 I CCodecBufferChannel: pipelineRoom(2) is <= numClientBuffers(3). Not signalling any more buffers to client
08-12 19:15:26.761 25963 26676 I CCodecBufferChannel: pipelineRoom(2) is <= numClientBuffers(2). Not signalling any more buffers to client
08-12 19:15:26.762 25963 26388 I CCodecBufferChannel: pipelineRoom(3) is <= numClientBuffers(3). Not signalling any more buffers to client
08-12 19:15:26.762 25963 26676 I CCodecBufferChannel: pipelineRoom(3) is <= numClientBuffers(3). Not signalling any more buffers to client
08-12 19:15:26.763 25963 26388 I CCodecBufferChannel: pipelineRoom(2) is <= numClientBuffers(3). Not signalling any more buffers to client
08-12 19:15:26.763 25963 26676 I CCodecBufferChannel: pipelineRoom(2) is <= numClientBuffers(2). Not signalling any more buffers to client
08-12 19:15:26.764 25963 26388 I CCodecBufferChannel: pipelineRoom(2) is <= numClientBuffers(3). Not signalling any more buffers to client
08-12 19:15:26.765 25963 26676 I CCodecBufferChannel: pipelineRoom(2) is <= numClientBuffers(2). Not signalling any more buffers to client
08-12 19:15:26.766 25963 26388 I CCodecBufferChannel: pipelineRoom(2) is <= numClientBuffers(3). Not signalling any more buffers to client
08-12 19:15:26.766 25963 26676 I CCodecBufferChannel: pipelineRoom(2) is <= numClientBuffers(2). Not signalling any more buffers to client
08-12 19:15:27.031 25963 26106 E FrameEvents: updateAcquireFence: Did not find frame.
08-12 19:15:27.036 25963 26106 E FrameEvents: updateAcquireFence: Did not find frame.
08-12 19:15:27.047 25963 26106 E FrameEvents: updateAcquireFence: Did not find frame.
08-12 19:15:27.056 25963 26106 E FrameEvents: updateAcquireFence: Did not find frame.
08-12 19:15:27.063 25963 26106 E FrameEvents: updateAcquireFence: Did not find frame.
08-12 19:15:27.070 25963 26106 E FrameEvents: updateAcquireFence: Did not find frame.
08-12 19:15:27.080 25963 26106 E FrameEvents: updateAcquireFence: Did not find frame.
08-12 19:15:27.085 25963 26106 E FrameEvents: updateAcquireFence: Did not find frame.
08-12 19:15:27.094 25963 26106 E FrameEvents: updateAcquireFence: Did not find frame.
08-12 19:15:27.103 25963 26106 E FrameEvents: updateAcquireFence: Did not find frame.
08-12 19:15:27.112 25963 26106 E FrameEvents: updateAcquireFence: Did not find frame.
08-12 19:15:27.120 25963 26106 E FrameEvents: updateAcquireFence: Did not find frame.
08-12 19:15:27.126 25963 26106 E FrameEvents: updateAcquireFence: Did not find frame.
08-12 19:15:27.134 25963 26106 E FrameEvents: updateAcquireFence: Did not find frame.
08-12 19:15:27.144 25963 26106 E FrameEvents: updateAcquireFence: Did not find frame.
08-12 19:15:27.154 25963 26106 E FrameEvents: updateAcquireFence: Did not find frame.
08-12 19:15:27.164 25963 26106 E FrameEvents: updateAcquireFence: Did not find frame.
08-12 19:15:27.169 25963 26106 E FrameEvents: updateAcquireFence: Did not find frame.
08-12 19:15:27.175 25963 26106 E FrameEvents: updateAcquireFence: Did not find frame.
08-12 19:15:27.184 25963 26106 E FrameEvents: updateAcquireFence: Did not find frame.
08-12 19:15:27.192 25963 26106 E FrameEvents: updateAcquireFence: Did not find frame.
08-12 19:15:27.202 25963 26106 E FrameEvents: updateAcquireFence: Did not find frame.
08-12 19:15:27.210 25963 26106 E FrameEvents: updateAcquireFence: Did not find frame.
08-12 19:15:27.219 25963 26106 E FrameEvents: updateAcquireFence: Did not find frame.
08-12 19:15:27.226 25963 26106 E FrameEvents: updateAcquireFence: Did not find frame.
08-12 19:15:27.234 25963 26106 E FrameEvents: updateAcquireFence: Did not find frame.
08-12 19:15:27.243 25963 26106 E FrameEvents: updateAcquireFence: Did not find frame.
08-12 19:15:27.253 25963 26106 E FrameEvents: updateAcquireFence: Did not find frame.
08-12 19:15:27.259 25963 26106 E FrameEvents: updateAcquireFence: Did not find frame.
08-12 19:15:27.268 25963 26106 E FrameEvents: updateAcquireFence: Did not find frame.
08-12 19:15:27.277 25963 26106 E FrameEvents: updateAcquireFence: Did not find frame.
08-12 19:15:27.285 25963 26106 E FrameEvents: updateAcquireFence: Did not find frame.
08-12 19:15:27.510 25963 25963 I ExoPlayerImpl: Init ExoPlayerLib/2.4.2 [munch, 22021211RC, Xiaomi, 31]
08-12 19:15:28.555 25963 26698 I MediaCodec: video box enabled in settings
08-12 19:15:28.556 25963 26698 I MediaCodec: init video box disabled for codec not supported
08-12 19:15:28.557 25963 26711 D CCodec : allocate(c2.android.aac.decoder)
08-12 19:15:28.563 25963 26711 I CCodec : setting up 'default' as default (vendor) store
08-12 19:15:28.568 25963 26711 I CCodec : Created component [c2.android.aac.decoder]
08-12 19:15:28.568 25963 26711 D CCodecConfig: read media type: audio/mp4a-latm
08-12 19:15:28.572 25963 26711 D ReflectedParamUpdater: extent() != 1 for single value type: algo.buffers.max-count.values
08-12 19:15:28.573 25963 26711 D ReflectedParamUpdater: extent() != 1 for single value type: output.subscribed-indices.values
08-12 19:15:28.573 25963 26711 D ReflectedParamUpdater: extent() != 1 for single value type: input.buffers.allocator-ids.values
08-12 19:15:28.573 25963 26711 D ReflectedParamUpdater: extent() != 1 for single value type: output.buffers.allocator-ids.values
08-12 19:15:28.573 25963 26711 D ReflectedParamUpdater: extent() != 1 for single value type: algo.buffers.allocator-ids.values
08-12 19:15:28.574 25963 26711 D ReflectedParamUpdater: extent() != 1 for single value type: output.buffers.pool-ids.values
08-12 19:15:28.574 25963 26711 D ReflectedParamUpdater: extent() != 1 for single value type: algo.buffers.pool-ids.values
08-12 19:15:28.578 25963 26711 I CCodecConfig: query failed after returning 19 values (BAD_INDEX)
08-12 19:15:28.579 25963 26711 D CCodecConfig: c2 config diff is Dict {
08-12 19:15:28.579 25963 26711 D CCodecConfig: c2::u32 coded.aac-packaging.value = 0
08-12 19:15:28.579 25963 26711 D CCodecConfig: c2::u32 coded.bitrate.value = 64000
08-12 19:15:28.579 25963 26711 D CCodecConfig: c2::u32 coded.pl.level = 0
08-12 19:15:28.579 25963 26711 D CCodecConfig: c2::u32 coded.pl.profile = 8192
08-12 19:15:28.579 25963 26711 D CCodecConfig: c2::i32 coding.drc.album- mode.value = 0
08-12 19:15:28.579 25963 26711 D CCodecConfig: c2::float coding.drc.attenuation- factor.value = 1
08-12 19:15:28.579 25963 26711 D CCodecConfig: c2::float coding.drc.boost- factor.value = 1
08-12 19:15:28.579 25963 26711 D CCodecConfig: c2::i32 coding.drc.compression- mode.value = 3
08-12 19:15:28.579 25963 26711 D CCodecConfig: c2::i32 coding.drc.effect- type.value = 3
08-12 19:15:28.579 25963 26711 D CCodecConfig: c2::float coding.drc.encoded- level.value = 0.25
08-12 19:15:28.579 25963 26711 D CCodecConfig: c2::float coding.drc.reference- level.value = -16
08-12 19:15:28.579 25963 26711 D CCodecConfig: c2::u32 input.buffers.max- size.value = 8192
08-12 19:15:28.579 25963 26711 D CCodecConfig: c2::u32 input.delay.value = 0
08-12 19:15:28.579 25963 26711 D CCodecConfig: string input.media-type.value = "audio/mp4a-latm"
08-12 19:15:28.579 25963 26711 D CCodecConfig: c2::u32 output.delay.value = 2
08-12 19:15:28.579 25963 26711 D CCodecConfig: c2::float output.drc.output- loudness.value = 0.25
08-12 19:15:28.579 25963 26711 D CCodecConfig: string output.media-type.value = "audio/raw"
08-12 19:15:28.579 25963 26711 D CCodecConfig: c2::u32 raw.channel-count.value = 1
08-12 19:15:28.579 25963 26711 D CCodecConfig: c2::u32 raw.max-channel- count.value = 8
08-12 19:15:28.579 25963 26711 D CCodecConfig: c2::u32 raw.sample-rate.value = 44100
08-12 19:15:28.579 25963 26711 D CCodecConfig: }
08-12 19:15:28.581 25963 26698 W libc : Access denied finding property "ro.vendor.audio.dolby.vision.support"
08-12 19:15:28.581 25963 26711 D CCodec : [c2.android.aac.decoder] buffers are bound to CCodec for this session
08-12 19:15:28.581 25963 26711 D CCodecConfig: no c2 equivalents for language
08-12 19:15:28.581 25963 26711 D CCodecConfig: no c2 equivalents for flags
08-12 19:15:28.582 25963 26711 D CCodecConfig: c2 config diff is c2::u32 raw.channel-count.value = 2
08-12 19:15:28.583 25963 26711 W Codec2Client: query -- param skipped: index = 1107298332.
08-12 19:15:28.583 25963 26711 D CCodec : setup formats input: AMessage(what = 0x00000000) = {
08-12 19:15:28.583 25963 26711 D CCodec : int32_t aac-drc-album-mode = 0
08-12 19:15:28.583 25963 26711 D CCodec : int32_t aac-drc-boost-level = 127
08-12 19:15:28.583 25963 26711 D CCodec : int32_t aac-drc-cut-level = 127
08-12 19:15:28.583 25963 26711 D CCodec : int32_t aac-drc-effect-type = 3
08-12 19:15:28.583 25963 26711 D CCodec : int32_t aac-drc-heavy-compression = 3
08-12 19:15:28.583 25963 26711 D CCodec : int32_t aac-encoded-target-level = -1
08-12 19:15:28.583 25963 26711 D CCodec : int32_t aac-max-output-channel_count = 8
08-12 19:15:28.583 25963 26711 D CCodec : int32_t aac-target-ref-level = 64
08-12 19:15:28.583 25963 26711 D CCodec : int32_t bitrate = 64000
08-12 19:15:28.583 25963 26711 D CCodec : int32_t channel-count = 2
08-12 19:15:28.583 25963 26711 D CCodec : int32_t level = 0
08-12 19:15:28.583 25963 26711 D CCodec : int32_t max-input-size = 8192
08-12 19:15:28.583 25963 26711 D CCodec : string mime = "audio/mp4a-latm"
08-12 19:15:28.583 25963 26711 D CCodec : int32_t profile = 2
08-12 19:15:28.583 25963 26711 D CCodec : int32_t sample-rate = 44100
08-12 19:15:28.583 25963 26711 D CCodec : }
08-12 19:15:28.584 25963 26711 D CCodec : setup formats output: AMessage(what = 0x00000000) = {
08-12 19:15:28.584 25963 26711 D CCodec : int32_t aac-drc-album-mode = 0
08-12 19:15:28.584 25963 26711 D CCodec : int32_t aac-drc-boost-level = 127
08-12 19:15:28.584 25963 26711 D CCodec : int32_t aac-drc-cut-level = 127
08-12 19:15:28.584 25963 26711 D CCodec : int32_t aac-drc-effect-type = 3
08-12 19:15:28.584 25963 26711 D CCodec : int32_t aac-drc-heavy-compression = 3
08-12 19:15:28.584 25963 26711 D CCodec : int32_t aac-drc-output-loudness = -1
08-12 19:15:28.584 25963 26711 D CCodec : int32_t aac-encoded-target-level = -1
08-12 19:15:28.584 25963 26711 D CCodec : int32_t aac-max-output-channel_count = 8
08-12 19:15:28.584 25963 26711 D CCodec : int32_t aac-target-ref-level = 64
08-12 19:15:28.584 25963 26711 D CCodec : int32_t channel-count = 2
08-12 19:15:28.584 25963 26711 D CCodec : string mime = "audio/raw"
08-12 19:15:28.584 25963 26711 D CCodec : int32_t sample-rate = 44100
08-12 19:15:28.584 25963 26711 D CCodec : int32_t android._config-pcm-encoding = 2
08-12 19:15:28.584 25963 26711 D CCodec : }
08-12 19:15:28.584 25963 26711 I CCodecConfig: query failed after returning 19 values (BAD_INDEX)
08-12 19:15:28.584 25963 26711 D MediaImpl: MediaImpl::sendMine: audio/mp4a-latm
08-12 19:15:28.584 25963 26711 D MediaStub: MediaStub::sendMine audio/mp4a-latm
08-12 19:15:28.588 25963 26711 W Codec2Client: query -- param skipped: index = 1342179345.
08-12 19:15:28.588 25963 26711 W Codec2Client: query -- param skipped: index = 2415921170.
08-12 19:15:28.588 25963 26711 W Codec2Client: query -- param skipped: index = 1610614798.
08-12 19:15:28.589 25963 26711 D CCodecBufferChannel: [c2.android.aac.decoder#5] Created input block pool with allocatorID 16 => poolID 18 - OK (0)
08-12 19:15:28.592 25963 26711 I CCodecBufferChannel: [c2.android.aac.decoder#5] Created output block pool with allocatorID 16 => poolID 252 - OK
08-12 19:15:28.592 25963 26711 D CCodecBufferChannel: [c2.android.aac.decoder#5] Configured output block pool ids 252 => OK
08-12 19:15:28.593 25963 26711 D CCodecBufferChannel: [c2.android.aac.decoder#5] start: updating output delay 2
08-12 19:15:28.603 25963 26388 I CCodecBufferChannel: pipelineRoom(2) is <= numClientBuffers(2). Not signalling any more buffers to client
08-12 19:15:28.608 25963 26698 I MediaCodec: video box enabled in settings
08-12 19:15:28.608 25963 26698 I VideoBoxStub: VideoBoxStub::initVideobox
08-12 19:15:28.611 25963 26698 I VideoBox: VideoBox::VideoBox
08-12 19:15:28.611 25963 26698 I VideoBox: initVideobox
08-12 19:15:28.611 25963 26698 I VideoBox: initVideobox going OMX.qcom.video.decoder.vp9
