08-12 19:15:19.784 25963 25963 E MethodChannel#jojoy.app_resource_plugin: at android.graphics.drawable.Drawable.createFromXmlInnerForDensity(Drawable.java:1414)
08-12 19:15:19.784 25963 25963 E MethodChannel#jojoy.app_resource_plugin: at android.graphics.drawable.Drawable.createFromXmlForDensity(Drawable.java:1373)
08-12 19:15:19.784 25963 25963 E MethodChannel#jojoy.app_resource_plugin: at android.content.res.ResourcesImpl.createFromXmlForDensity(ResourcesImpl.java:1516)
08-12 19:15:19.784 25963 25963 E MethodChannel#jojoy.app_resource_plugin: at android.content.res.ResourcesImpl.loadXmlDrawable(ResourcesImpl.java:934)
08-12 19:15:19.784 25963 25963 E MethodChannel#jojoy.app_resource_plugin: at android.content.res.ResourcesImpl.loadDrawableForCookie(ResourcesImpl.java:883)
08-12 19:15:19.784 25963 25963 E MethodChannel#jojoy.app_resource_plugin: ... 23 more
08-12 19:15:19.784 25963 25963 E MethodChannel#jojoy.app_resource_plugin: Caused by: java.lang.ClassNotFoundException: Didn't find class "x" on path: DexPathList[[zip file "/data/app/~~RlqRSICE4iIplcPnDnZeBQ==/apkdone.com- sw2xb0k3UZHPPmHA8vw-0A==/base.apk"],nativeLibraryDirectories=[/data/app/ ~~RlqRSICE4iIplcPnDnZeBQ==/apkdone.com-sw2xb0k3UZHPPmHA8vw-0A==/lib/arm, /data/app/~~RlqRSICE4iIplcPnDnZeBQ==/apkdone.com-sw2xb0k3UZHPPmHA8vw-0A==/ base.apk!/lib/armeabi-v7a, /system/lib, /system_ext/lib]]
08-12 19:15:19.784 25963 25963 E MethodChannel#jojoy.app_resource_plugin: at dalvik.system.BaseDexClassLoader.findClass(BaseDexClassLoader.java:218)
08-12 19:15:19.784 25963 25963 E MethodChannel#jojoy.app_resource_plugin: at java.lang.ClassLoader.loadClass(ClassLoader.java:379)
08-12 19:15:19.784 25963 25963 E MethodChannel#jojoy.app_resource_plugin: at java.lang.ClassLoader.loadClass(ClassLoader.java:312)
08-12 19:15:19.784 25963 25963 E MethodChannel#jojoy.app_resource_plugin: at android.graphics.drawable.DrawableInflater.inflateFromClass(DrawableInflater.java:2 06)
08-12 19:15:19.784 25963 25963 E MethodChannel#jojoy.app_resource_plugin: ... 29 more
08-12 19:15:19.785 25963 25963 E MethodChannel#jojoy.app_resource_plugin: Failed to handle method call
08-12 19:15:19.785 25963 25963 E MethodChannel#jojoy.app_resource_plugin: android.content.res.Resources$NotFoundException: Drawable apkdone.com:mipmap/ic_launcher_foreground with resource ID #0x7f0f0001
08-12 19:15:19.785 25963 25963 E MethodChannel#jojoy.app_resource_plugin: Caused by: android.content.res.Resources$NotFoundException: File res/mipmap/ic_launcher_foreground.xml from drawable resource ID #0x7f0f0001
08-12 19:15:19.785 25963 25963 E MethodChannel#jojoy.app_resource_plugin: at android.content.res.ResourcesImpl.loadDrawableForCookie(ResourcesImpl.java:900)
08-12 19:15:19.785 25963 25963 E MethodChannel#jojoy.app_resource_plugin: at android.content.res.ResourcesImpl.loadDrawable(ResourcesImpl.java:691)
08-12 19:15:19.785 25963 25963 E MethodChannel#jojoy.app_resource_plugin: at android.content.res.MiuiResourcesImpl.loadDrawable(MiuiResourcesImpl.java:307)
08-12 19:15:19.785 25963 25963 E MethodChannel#jojoy.app_resource_plugin: at android.content.res.Resources.loadDrawable(Resources.java:1017)
08-12 19:15:19.785 25963 25963 E MethodChannel#jojoy.app_resource_plugin: at android.content.res.Resources.getDrawableForDensity(Resources.java:1005)
08-12 19:15:19.785 25963 25963 E MethodChannel#jojoy.app_resource_plugin: at android.content.res.Resources.getDrawable(Resources.java:944)
08-12 19:15:19.785 25963 25963 E MethodChannel#jojoy.app_resource_plugin: at android.content.Context.getDrawable(Context.java:763)
08-12 19:15:19.785 25963 25963 E MethodChannel#jojoy.app_resource_plugin: at androidx.core.content.ContextCompat$Api21Impl.getDrawable(Unknown Source:0)
08-12 19:15:19.785 25963 25963 E MethodChannel#jojoy.app_resource_plugin: at androidx.core.content.ContextCompat.getDrawable(Unknown Source:0)
08-12 19:15:19.785 25963 25963 E MethodChannel#jojoy.app_resource_plugin: at com.example.plugin.AppResourcePlugin.a(AppResourcePlugin.kt:4)
08-12 19:15:19.785 25963 25963 E MethodChannel#jojoy.app_resource_plugin: at com.example.plugin.AppResourcePlugin.onMethodCall(AppResourcePlugin.kt:22)
08-12 19:15:19.785 25963 25963 E MethodChannel#jojoy.app_resource_plugin: at io.flutter.plugin.common.MethodChannel$IncomingMethodCallHandler.onMessage(MethodCh annel.java:2)
08-12 19:15:19.785 25963 25963 E MethodChannel#jojoy.app_resource_plugin: at io.flutter.embedding.engine.dart.DartMessenger.invokeHandler(DartMessenger.java:2)
08-12 19:15:19.785 25963 25963 E MethodChannel#jojoy.app_resource_plugin: at io.flutter.embedding.engine.dart.DartMessenger.lambda$dispatchMessageToQueue$0(Dart Messenger.java:2)
08-12 19:15:19.785 25963 25963 E MethodChannel#jojoy.app_resource_plugin: at io.flutter.embedding.engine.dart.DartMessenger.a(Unknown Source:0)
08-12 19:15:19.785 25963 25963 E MethodChannel#jojoy.app_resource_plugin: at io.flutter.embedding.engine.dart.a.run(Unknown Source:12)
08-12 19:15:19.785 25963 25963 E MethodChannel#jojoy.app_resource_plugin: at android.os.Handler.handleCallback(Handler.java:938)
08-12 19:15:19.785 25963 25963 E MethodChannel#jojoy.app_resource_plugin: at android.os.Handler.dispatchMessage(Handler.java:99)
08-12 19:15:19.785 25963 25963 E MethodChannel#jojoy.app_resource_plugin: at android.os.Looper.loopOnce(Looper.java:210)
08-12 19:15:19.785 25963 25963 E MethodChannel#jojoy.app_resource_plugin: at android.os.Looper.loop(Looper.java:299)
08-12 19:15:19.785 25963 25963 E MethodChannel#jojoy.app_resource_plugin: at android.app.ActivityThread.main(ActivityThread.java:8205)
08-12 19:15:19.785 25963 25963 E MethodChannel#jojoy.app_resource_plugin: at java.lang.reflect.Method.invoke(Native Method)
08-12 19:15:19.785 25963 25963 E MethodChannel#jojoy.app_resource_plugin: at com.android.internal.os.RuntimeInit$MethodAndArgsCaller.run(RuntimeInit.java:556)
08-12 19:15:19.785 25963 25963 E MethodChannel#jojoy.app_resource_plugin: at com.android.internal.os.ZygoteInit.main(ZygoteInit.java:1045)
08-12 19:15:19.785 25963 25963 E MethodChannel#jojoy.app_resource_plugin: Caused by: android.view.InflateException: Class not found x
08-12 19:15:19.785 25963 25963 E MethodChannel#jojoy.app_resource_plugin: at android.graphics.drawable.DrawableInflater.inflateFromClass(DrawableInflater.java:2 25)
08-12 19:15:19.785 25963 25963 E MethodChannel#jojoy.app_resource_plugin: at android.graphics.drawable.DrawableInflater.inflateFromXmlForDensity(DrawableInflate r.java:142)
08-12 19:15:19.785 25963 25963 E MethodChannel#jojoy.app_resource_plugin: at android.graphics.drawable.Drawable.createFromXmlInnerForDensity(Drawable.java:1414)
08-12 19:15:19.785 25963 25963 E MethodChannel#jojoy.app_resource_plugin: at android.graphics.drawable.Drawable.createFromXmlForDensity(Drawable.java:1373)
08-12 19:15:19.785 25963 25963 E MethodChannel#jojoy.app_resource_plugin: at android.content.res.ResourcesImpl.createFromXmlForDensity(ResourcesImpl.java:1516)
08-12 19:15:19.785 25963 25963 E MethodChannel#jojoy.app_resource_plugin: at android.content.res.ResourcesImpl.loadXmlDrawable(ResourcesImpl.java:934)
08-12 19:15:19.785 25963 25963 E MethodChannel#jojoy.app_resource_plugin: at android.content.res.ResourcesImpl.loadDrawableForCookie(ResourcesImpl.java:883)
08-12 19:15:19.785 25963 25963 E MethodChannel#jojoy.app_resource_plugin: ... 23 more
08-12 19:15:19.785 25963 25963 E MethodChannel#jojoy.app_resource_plugin: Caused by: java.lang.ClassNotFoundException: Didn't find class "x" on path: DexPathList[[zip file "/data/app/~~RlqRSICE4iIplcPnDnZeBQ==/apkdone.com- sw2xb0k3UZHPPmHA8vw-0A==/base.apk"],nativeLibraryDirectories=[/data/app/ ~~RlqRSICE4iIplcPnDnZeBQ==/apkdone.com-sw2xb0k3UZHPPmHA8vw-0A==/lib/arm, /data/app/~~RlqRSICE4iIplcPnDnZeBQ==/apkdone.com-sw2xb0k3UZHPPmHA8vw-0A==/ base.apk!/lib/armeabi-v7a, /system/lib, /system_ext/lib]]
08-12 19:15:19.785 25963 25963 E MethodChannel#jojoy.app_resource_plugin: at dalvik.system.BaseDexClassLoader.findClass(BaseDexClassLoader.java:218)
08-12 19:15:19.785 25963 25963 E MethodChannel#jojoy.app_resource_plugin: at java.lang.ClassLoader.loadClass(ClassLoader.java:379)
08-12 19:15:19.785 25963 25963 E MethodChannel#jojoy.app_resource_plugin: at java.lang.ClassLoader.loadClass(ClassLoader.java:312)
08-12 19:15:19.785 25963 25963 E MethodChannel#jojoy.app_resource_plugin: at android.graphics.drawable.DrawableInflater.inflateFromClass(DrawableInflater.java:2 06)
08-12 19:15:19.785 25963 25963 E MethodChannel#jojoy.app_resource_plugin: ... 29 more
08-12 19:15:19.791 25963 25963 D Installations: Installation ID: eJru81uYRZC9HuGDo5YQMX
08-12 19:15:19.832 25963 25978 W System : A resource failed to call end.
08-12 19:15:19.833 25963 25978 V MediaPlayer: resetDrmState: mDrmInfo=null mDrmProvisioningThread=null mPrepareDrmInProgress=false mActiveDrmScheme=false
08-12 19:15:19.833 25963 25978 V MediaPlayer: cleanDrmObj: mDrmObj=null mDrmSessionId=null
08-12 19:15:19.836 25963 25978 W System : A resource failed to call end.
08-12 19:15:19.836 25963 25978 W System : A resource failed to call end.
08-12 19:15:19.845 25963 26385 V com.vungle.warren.d: [ttDownloadContext] Request ad got response, request = AdRequest{placementId='APP_OPEN_BIDDING-3723667', adMarkup=null, type=2, adCount=1}, elapsed time = 602ms
08-12 19:15:19.848 25963 26245 D com.vungle.warren.d: Ads Response: {"ads": [{"placement_reference_id":"APP_OPEN_BIDDING-3723667","ad_markup": {"id":"","campaign":null,"app_id":null,"sleep":905,"info":"impression auctioned but unsold","delay":0,"showClose":0,"showCloseIncentivized":0,"countdown":0,"url":"","v ideoWidth":0,"videoHeight":0,"requires_sideloading":false}}]}
08-12 19:15:19.854 25963 26249 I b : Searching for valid advertisement for placement with GAME_PAGE_DETAIL_INTER_BIDDING-6482773event ID null
08-12 19:15:19.854 25963 26245 I com.vungle.warren.d: didn't find cached adv for AdRequest{placementId='GAME_PAGE_DETAIL_INTER_BIDDING-6482773', adMarkup=null, type=2, adCount=1} downloading
08-12 19:15:19.855 25963 26245 D com.vungle.warren.d: No adv for placement GAME_PAGE_DETAIL_INTER_BIDDING-6482773 getting new data
08-12 19:15:19.855 25963 26245 V com.vungle.warren.d: [ttDownloadContext] Start to request ad, request = AdRequest{placementId='GAME_PAGE_DETAIL_INTER_BIDDING- 6482773', adMarkup=null, type=2, adCount=1}, at: 1660308319855
08-12 19:15:20.372 25963 26448 I Ads : Ad failed to load : 3
08-12 19:15:20.445 25963 26385 V com.vungle.warren.d: [ttDownloadContext] Request ad got response, request = AdRequest{placementId='GAME_PAGE_DETAIL_INTER_BIDDING- 6482773', adMarkup=null, type=2, adCount=1}, elapsed time = 590ms
08-12 19:15:20.447 25963 26245 D com.vungle.warren.d: Ads Response: {"ads": [{"placement_reference_id":"GAME_PAGE_DETAIL_INTER_BIDDING-6482773","ad_markup": {"id":"","campaign":null,"app_id":null,"sleep":1025,"info":"impression auctioned but unsold","delay":0,"showClose":0,"showCloseIncentivized":0,"countdown":0,"url":"","v ideoWidth":0,"videoHeight":0,"requires_sideloading":false}}]}
08-12 19:15:20.452 25963 26249 I b : Searching for valid advertisement for placement with GAME_DOWNLOAD_REWARD_BIDDING-7168597event ID null
08-12 19:15:20.453 25963 26245 I com.vungle.warren.d: didn't find cached adv for AdRequest{placementId='GAME_DOWNLOAD_REWARD_BIDDING-7168597', adMarkup=null, type=2, adCount=1} downloading
08-12 19:15:20.454 25963 26245 D com.vungle.warren.d: No adv for placement GAME_DOWNLOAD_REWARD_BIDDING-7168597 getting new data
08-12 19:15:20.454 25963 26245 V com.vungle.warren.d: [ttDownloadContext] Start to request ad, request = AdRequest{placementId='GAME_DOWNLOAD_REWARD_BIDDING-7168597', adMarkup=null, type=2, adCount=1}, at: 1660308320454
08-12 19:15:20.652 25963 25963 D InputMethodManager: showSoftInput() view=io.flutter.embedding.android.FlutterView{4dd5e15 VFE...... .F...... 0,0- 1080,2270 #1 aid=1073741824} flags=0 reason=SHOW_SOFT_INPUT
08-12 19:15:20.685 25963 25963 D InsetsController: show(ime(), fromIme=true)
08-12 19:15:21.195 25963 25963 E MethodChannel#jojoy.app_resource_plugin: Failed to handle method call
08-12 19:15:21.195 25963 25963 E MethodChannel#jojoy.app_resource_plugin: android.content.res.Resources$NotFoundException: Drawable apkdone.com:mipmap/ic_launcher_foreground with resource ID #0x7f0f0001
08-12 19:15:21.195 25963 25963 E MethodChannel#jojoy.app_resource_plugin: Caused by: android.content.res.Resources$NotFoundException: File res/mipmap/ic_launcher_foreground.xml from drawable resource ID #0x7f0f0001
08-12 19:15:21.195 25963 25963 E MethodChannel#jojoy.app_resource_plugin: at android.content.res.ResourcesImpl.loadDrawableForCookie(ResourcesImpl.java:900)
08-12 19:15:21.195 25963 25963 E MethodChannel#jojoy.app_resource_plugin: at android.content.res.ResourcesImpl.loadDrawable(ResourcesImpl.java:691)
08-12 19:15:21.195 25963 25963 E MethodChannel#jojoy.app_resource_plugin: at android.content.res.MiuiResourcesImpl.loadDrawable(MiuiResourcesImpl.java:307)
08-12 19:15:21.195 25963 25963 E MethodChannel#jojoy.app_resource_plugin: at android.content.res.Resources.loadDrawable(Resources.java:1017)
08-12 19:15:21.195 25963 25963 E MethodChannel#jojoy.app_resource_plugin: at android.content.res.Resources.getDrawableForDensity(Resources.java:1005)
08-12 19:15:21.195 25963 25963 E MethodChannel#jojoy.app_resource_plugin: at android.content.res.Resources.getDrawable(Resources.java:944)
08-12 19:15:21.195 25963 25963 E MethodChannel#jojoy.app_resource_plugin: at android.content.Context.getDrawable(Context.java:763)
08-12 19:15:21.195 25963 25963 E MethodChannel#jojoy.app_resource_plugin: at androidx.core.content.ContextCompat$Api21Impl.getDrawable(Unknown Source:0)
08-12 19:15:21.195 25963 25963 E MethodChannel#jojoy.app_resource_plugin: at androidx.core.content.ContextCompat.getDrawable(Unknown Source:0)
08-12 19:15:21.195 25963 25963 E MethodChannel#jojoy.app_resource_plugin: at com.example.plugin.AppResourcePlugin.a(AppResourcePlugin.kt:4)
08-12 19:15:21.195 25963 25963 E MethodChannel#jojoy.app_resource_plugin: at com.example.plugin.AppResourcePlugin.onMethodCall(AppResourcePlugin.kt:22)
08-12 19:15:21.195 25963 25963 E MethodChannel#jojoy.app_resource_plugin: at io.flutter.plugin.common.MethodChannel$IncomingMethodCallHandler.onMessage(MethodCh annel.java:2)
08-12 19:15:21.195 25963 25963 E MethodChannel#jojoy.app_resource_plugin: at io.flutter.embedding.engine.dart.DartMessenger.invokeHandler(DartMessenger.java:2)
08-12 19:15:21.195 25963 25963 E MethodChannel#jojoy.app_resource_plugin: at io.flutter.embedding.engine.dart.DartMessenger.lambda$dispatchMessageToQueue$0(Dart Messenger.java:2)
08-12 19:15:21.195 25963 25963 E MethodChannel#jojoy.app_resource_plugin: at io.flutter.embedding.engine.dart.DartMessenger.a(Unknown Source:0)
08-12 19:15:21.195 25963 25963 E MethodChannel#jojoy.app_resource_plugin: at io.flutter.embedding.engine.dart.a.run(Unknown Source:12)
08-12 19:15:21.195 25963 25963 E MethodChannel#jojoy.app_resource_plugin: at android.os.Handler.handleCallback(Handler.java:938)
08-12 19:15:21.195 25963 25963 E MethodChannel#jojoy.app_resource_plugin: at android.os.Handler.dispatchMessage(Handler.java:99)
08-12 19:15:21.195 25963 25963 E MethodChannel#jojoy.app_resource_plugin: at android.os.Looper.loopOnce(Looper.java:210)
08-12 19:15:21.195 25963 25963 E MethodChannel#jojoy.app_resource_plugin: at android.os.Looper.loop(Looper.java:299)
08-12 19:15:21.195 25963 25963 E MethodChannel#jojoy.app_resource_plugin: at android.app.ActivityThread.main(ActivityThread.java:8205)
08-12 19:15:21.195 25963 25963 E MethodChannel#jojoy.app_resource_plugin: at java.lang.reflect.Method.invoke(Native Method)
08-12 19:15:21.195 25963 25963 E MethodChannel#jojoy.app_resource_plugin: at com.android.internal.os.RuntimeInit$MethodAndArgsCaller.run(RuntimeInit.java:556)
08-12 19:15:21.195 25963 25963 E MethodChannel#jojoy.app_resource_plugin: at com.android.internal.os.ZygoteInit.main(ZygoteInit.java:1045)
08-12 19:15:21.195 25963 25963 E MethodChannel#jojoy.app_resource_plugin: Caused by: android.view.InflateException: Class not found x
08-12 19:15:21.195 25963 25963 E MethodChannel#jojoy.app_resource_plugin: at android.graphics.drawable.DrawableInflater.inflateFromClass(DrawableInflater.java:2 25)
08-12 19:15:21.195 25963 25963 E MethodChannel#jojoy.app_resource_plugin: at android.graphics.drawable.DrawableInflater.inflateFromXmlForDensity(DrawableInflate r.java:142)
08-12 19:15:21.195 25963 25963 E MethodChannel#jojoy.app_resource_plugin: at android.graphics.drawable.Drawable.createFromXmlInnerForDensity(Drawable.java:1414)
08-12 19:15:21.195 25963 25963 E MethodChannel#jojoy.app_resource_plugin: at android.graphics.drawable.Drawable.createFromXmlForDensity(Drawable.java:1373)
08-12 19:15:21.195 25963 25963 E MethodChannel#jojoy.app_resource_plugin: at android.content.res.ResourcesImpl.createFromXmlForDensity(ResourcesImpl.java:1516)
08-12 19:15:21.195 25963 25963 E MethodChannel#jojoy.app_resource_plugin: at android.content.res.ResourcesImpl.loadXmlDrawable(ResourcesImpl.java:934)
08-12 19:15:21.195 25963 25963 E MethodChannel#jojoy.app_resource_plugin: at android.content.res.ResourcesImpl.loadDrawableForCookie(ResourcesImpl.java:883)
08-12 19:15:21.195 25963 25963 E MethodChannel#jojoy.app_resource_plugin: ... 23 more
08-12 19:15:21.195 25963 25963 E MethodChannel#jojoy.app_resource_plugin: Caused by: java.lang.ClassNotFoundException: Didn't find class "x" on path: DexPathList[[zip file "/data/app/~~RlqRSICE4iIplcPnDnZeBQ==/apkdone.com- sw2xb0k3UZHPPmHA8vw-0A==/base.apk"],nativeLibraryDirectories=[/data/app/ ~~RlqRSICE4iIplcPnDnZeBQ==/apkdone.com-sw2xb0k3UZHPPmHA8vw-0A==/lib/arm, /data/app/~~RlqRSICE4iIplcPnDnZeBQ==/apkdone.com-sw2xb0k3UZHPPmHA8vw-0A==/ base.apk!/lib/armeabi-v7a, /system/lib, /system_ext/lib]]
08-12 19:15:21.195 25963 25963 E MethodChannel#jojoy.app_resource_plugin: at dalvik.system.BaseDexClassLoader.findClass(BaseDexClassLoader.java:218)
08-12 19:15:21.195 25963 25963 E MethodChannel#jojoy.app_resource_plugin: at java.lang.ClassLoader.loadClass(ClassLoader.java:379)
08-12 19:15:21.195 25963 25963 E MethodChannel#jojoy.app_resource_plugin: at java.lang.ClassLoader.loadClass(ClassLoader.java:312)
08-12 19:15:21.195 25963 25963 E MethodChannel#jojoy.app_resource_plugin: at android.graphics.drawable.DrawableInflater.inflateFromClass(DrawableInflater.java:2 06)
08-12 19:15:21.195 25963 25963 E MethodChannel#jojoy.app_resource_plugin: ... 29 more
08-12 19:15:21.207 25963 25963 D Installations: Installation ID: eJru81uYRZC9HuGDo5YQMX
08-12 19:15:21.230 25963 25963 E MethodChannel#jojoy.app_resource_plugin: Failed to handle method call
08-12 19:15:21.230 25963 25963 E MethodChannel#jojoy.app_resource_plugin: android.content.res.Resources$NotFoundException: Drawable apkdone.com:mipmap/ic_launcher_foreground with resource ID #0x7f0f0001
08-12 19:15:21.230 25963 25963 E MethodChannel#jojoy.app_resource_plugin: Caused by: android.content.res.Resources$NotFoundException: File res/mipmap/ic_launcher_foreground.xml from drawable resource ID #0x7f0f0001
08-12 19:15:21.230 25963 25963 E MethodChannel#jojoy.app_resource_plugin: at android.content.res.ResourcesImpl.loadDrawableForCookie(ResourcesImpl.java:900)
08-12 19:15:21.230 25963 25963 E MethodChannel#jojoy.app_resource_plugin: at android.content.res.ResourcesImpl.loadDrawable(ResourcesImpl.java:691)
08-12 19:15:21.230 25963 25963 E MethodChannel#jojoy.app_resource_plugin: at android.content.res.MiuiResourcesImpl.loadDrawable(MiuiResourcesImpl.java:307)
08-12 19:15:21.230 25963 25963 E MethodChannel#jojoy.app_resource_plugin: at android.content.res.Resources.loadDrawable(Resources.java:1017)
08-12 19:15:21.230 25963 25963 E MethodChannel#jojoy.app_resource_plugin: at android.content.res.Resources.getDrawableForDensity(Resources.java:1005)
08-12 19:15:21.230 25963 25963 E MethodChannel#jojoy.app_resource_plugin: at android.content.res.Resources.getDrawable(Resources.java:944)
08-12 19:15:21.230 25963 25963 E MethodChannel#jojoy.app_resource_plugin: at android.content.Context.getDrawable(Context.java:763)
08-12 19:15:21.230 25963 25963 E MethodChannel#jojoy.app_resource_plugin: at androidx.core.content.ContextCompat$Api21Impl.getDrawable(Unknown Source:0)
08-12 19:15:21.230 25963 25963 E MethodChannel#jojoy.app_resource_plugin: at androidx.core.content.ContextCompat.getDrawable(Unknown Source:0)
08-12 19:15:21.230 25963 25963 E MethodChannel#jojoy.app_resource_plugin: at com.example.plugin.AppResourcePlugin.a(AppResourcePlugin.kt:4)
08-12 19:15:21.230 25963 25963 E MethodChannel#jojoy.app_resource_plugin: at com.example.plugin.AppResourcePlugin.onMethodCall(AppResourcePlugin.kt:22)
08-12 19:15:21.230 25963 25963 E MethodChannel#jojoy.app_resource_plugin: at io.flutter.plugin.common.MethodChannel$IncomingMethodCallHandler.onMessage(MethodCh annel.java:2)
08-12 19:15:21.230 25963 25963 E MethodChannel#jojoy.app_resource_plugin: at io.flutter.embedding.engine.dart.DartMessenger.invokeHandler(DartMessenger.java:2)
08-12 19:15:21.230 25963 25963 E MethodChannel#jojoy.app_resource_plugin: at io.flutter.embedding.engine.dart.DartMessenger.lambda$dispatchMessageToQueue$0(Dart Messenger.java:2)
08-12 19:15:21.230 25963 25963 E MethodChannel#jojoy.app_resource_plugin: at io.flutter.embedding.engine.dart.DartMessenger.a(Unknown Source:0)
08-12 19:15:21.230 25963 25963 E MethodChannel#jojoy.app_resource_plugin: at io.flutter.embedding.engine.dart.a.run(Unknown Source:12)
08-12 19:15:21.230 25963 25963 E MethodChannel#jojoy.app_resource_plugin: at android.os.Handler.handleCallback(Handler.java:938)
08-12 19:15:21.230 25963 25963 E MethodChannel#jojoy.app_resource_plugin: at android.os.Handler.dispatchMessage(Handler.java:99)
08-12 19:15:21.230 25963 25963 E MethodChannel#jojoy.app_resource_plugin: at android.os.Looper.loopOnce(Looper.java:210)
08-12 19:15:21.230 25963 25963 E MethodChannel#jojoy.app_resource_plugin: at android.os.Looper.loop(Looper.java:299)
08-12 19:15:21.230 25963 25963 E MethodChannel#jojoy.app_resource_plugin: at android.app.ActivityThread.main(ActivityThread.java:8205)
08-12 19:15:21.230 25963 25963 E MethodChannel#jojoy.app_resource_plugin: at java.lang.reflect.Method.invoke(Native Method)
08-12 19:15:21.230 25963 25963 E MethodChannel#jojoy.app_resource_plugin: at com.android.internal.os.RuntimeInit$MethodAndArgsCaller.run(RuntimeInit.java:556)
08-12 19:15:21.230 25963 25963 E MethodChannel#jojoy.app_resource_plugin: at com.android.internal.os.ZygoteInit.main(ZygoteInit.java:1045)
08-12 19:15:21.230 25963 25963 E MethodChannel#jojoy.app_resource_plugin: Caused by: android.view.InflateException: Class not found x
08-12 19:15:21.230 25963 25963 E MethodChannel#jojoy.app_resource_plugin: at android.graphics.drawable.DrawableInflater.inflateFromClass(DrawableInflater.java:2 25)
08-12 19:15:21.230 25963 25963 E MethodChannel#jojoy.app_resource_plugin: at android.graphics.drawable.DrawableInflater.inflateFromXmlForDensity(DrawableInflate r.java:142)
08-12 19:15:21.230 25963 25963 E MethodChannel#jojoy.app_resource_plugin: at android.graphics.drawable.Drawable.createFromXmlInnerForDensity(Drawable.java:1414)
08-12 19:15:21.230 25963 25963 E MethodChannel#jojoy.app_resource_plugin: at android.graphics.drawable.Drawable.createFromXmlForDensity(Drawable.java:1373)
08-12 19:15:21.230 25963 25963 E MethodChannel#jojoy.app_resource_plugin: at android.content.res.ResourcesImpl.createFromXmlForDensity(ResourcesImpl.java:1516)
08-12 19:15:21.230 25963 25963 E MethodChannel#jojoy.app_resource_plugin: at android.content.res.ResourcesImpl.loadXmlDrawable(ResourcesImpl.java:934)
08-12 19:15:21.230 25963 25963 E MethodChannel#jojoy.app_resource_plugin: at android.content.res.ResourcesImpl.loadDrawableForCookie(ResourcesImpl.java:883)
08-12 19:15:21.230 25963 25963 E MethodChannel#jojoy.app_resource_plugin: ... 23 more
08-12 19:15:21.230 25963 25963 E MethodChannel#jojoy.app_resource_plugin: Caused by: java.lang.ClassNotFoundException: Didn't find class "x" on path: DexPathList[[zip file "/data/app/~~RlqRSICE4iIplcPnDnZeBQ==/apkdone.com- sw2xb0k3UZHPPmHA8vw-0A==/base.apk"],nativeLibraryDirectories=[/data/app/ ~~RlqRSICE4iIplcPnDnZeBQ==/apkdone.com-sw2xb0k3UZHPPmHA8vw-0A==/lib/arm, /data/app/~~RlqRSICE4iIplcPnDnZeBQ==/apkdone.com-sw2xb0k3UZHPPmHA8vw-0A==/ base.apk!/lib/armeabi-v7a, /system/lib, /system_ext/lib]]
08-12 19:15:21.230 25963 25963 E MethodChannel#jojoy.app_resource_plugin: at dalvik.system.BaseDexClassLoader.findClass(BaseDexClassLoader.java:218)
08-12 19:15:21.230 25963 25963 E MethodChannel#jojoy.app_resource_plugin: at java.lang.ClassLoader.loadClass(ClassLoader.java:379)
08-12 19:15:21.230 25963 25963 E MethodChannel#jojoy.app_resource_plugin: at java.lang.ClassLoader.loadClass(ClassLoader.java:312)
08-12 19:15:21.230 25963 25963 E MethodChannel#jojoy.app_resource_plugin: at android.graphics.drawable.DrawableInflater.inflateFromClass(DrawableInflater.java:2 06)
08-12 19:15:21.230 25963 25963 E MethodChannel#jojoy.app_resource_plugin: ... 29 more
08-12 19:15:21.232 25963 25963 E MethodChannel#jojoy.app_resource_plugin: Failed to handle method call
08-12 19:15:21.232 25963 25963 E MethodChannel#jojoy.app_resource_plugin: android.content.res.Resources$NotFoundException: Drawable apkdone.com:mipmap/ic_launcher_foreground with resource ID #0x7f0f0001
08-12 19:15:21.232 25963 25963 E MethodChannel#jojoy.app_resource_plugin: Caused by: android.content.res.Resources$NotFoundException: File res/mipmap/ic_launcher_foreground.xml from drawable resource ID #0x7f0f0001
08-12 19:15:21.232 25963 25963 E MethodChannel#jojoy.app_resource_plugin: at android.content.res.ResourcesImpl.loadDrawableForCookie(ResourcesImpl.java:900)
08-12 19:15:21.232 25963 25963 E MethodChannel#jojoy.app_resource_plugin: at android.content.res.ResourcesImpl.loadDrawable(ResourcesImpl.java:691)
08-12 19:15:21.232 25963 25963 E MethodChannel#jojoy.app_resource_plugin: at android.content.res.MiuiResourcesImpl.loadDrawable(MiuiResourcesImpl.java:307)
08-12 19:15:21.232 25963 25963 E MethodChannel#jojoy.app_resource_plugin: at android.content.res.Resources.loadDrawable(Resources.java:1017)
08-12 19:15:21.232 25963 25963 E MethodChannel#jojoy.app_resource_plugin: at android.content.res.Resources.getDrawableForDensity(Resources.java:1005)
08-12 19:15:21.232 25963 25963 E MethodChannel#jojoy.app_resource_plugin: at android.content.res.Resources.getDrawable(Resources.java:944)
08-12 19:15:21.232 25963 25963 E MethodChannel#jojoy.app_resource_plugin: at android.content.Context.getDrawable(Context.java:763)
08-12 19:15:21.232 25963 25963 E MethodChannel#jojoy.app_resource_plugin: at androidx.core.content.ContextCompat$Api21Impl.getDrawable(Unknown Source:0)
08-12 19:15:21.232 25963 25963 E MethodChannel#jojoy.app_resource_plugin: at androidx.core.content.ContextCompat.getDrawable(Unknown Source:0)
08-12 19:15:21.232 25963 25963 E MethodChannel#jojoy.app_resource_plugin: at com.example.plugin.AppResourcePlugin.a(AppResourcePlugin.kt:4)
08-12 19:15:21.232 25963 25963 E MethodChannel#jojoy.app_resource_plugin: at com.example.plugin.AppResourcePlugin.onMethodCall(AppResourcePlugin.kt:22)
08-12 19:15:21.232 25963 25963 E MethodChannel#jojoy.app_resource_plugin: at io.flutter.plugin.common.MethodChannel$IncomingMethodCallHandler.onMessage(MethodCh annel.java:2)
08-12 19:15:21.232 25963 25963 E MethodChannel#jojoy.app_resource_plugin: at io.flutter.embedding.engine.dart.DartMessenger.invokeHandler(DartMessenger.java:2)
08-12 19:15:21.232 25963 25963 E MethodChannel#jojoy.app_resource_plugin: at io.flutter.embedding.engine.dart.DartMessenger.lambda$dispatchMessageToQueue$0(Dart Messenger.java:2)
08-12 19:15:21.232 25963 25963 E MethodChannel#jojoy.app_resource_plugin: at io.flutter.embedding.engine.dart.DartMessenger.a(Unknown Source:0)
08-12 19:15:21.232 25963 25963 E MethodChannel#jojoy.app_resource_plugin: at io.flutter.embedding.engine.dart.a.run(Unknown Source:12)
08-12 19:15:21.232 25963 25963 E MethodChannel#jojoy.app_resource_plugin: at android.os.Handler.handleCallback(Handler.java:938)
08-12 19:15:21.232 25963 25963 E MethodChannel#jojoy.app_resource_plugin: at android.os.Handler.dispatchMessage(Handler.java:99)
08-12 19:15:21.232 25963 25963 E MethodChannel#jojoy.app_resource_plugin: at android.os.Looper.loopOnce(Looper.java:210)
08-12 19:15:21.232 25963 25963 E MethodChannel#jojoy.app_resource_plugin: at android.os.Looper.loop(Looper.java:299)
08-12 19:15:21.232 25963 25963 E MethodChannel#jojoy.app_resource_plugin: at android.app.ActivityThread.main(ActivityThread.java:8205)
08-12 19:15:21.232 25963 25963 E MethodChannel#jojoy.app_resource_plugin: at java.lang.reflect.Method.invoke(Native Method)
08-12 19:15:21.232 25963 25963 E MethodChannel#jojoy.app_resource_plugin: at com.android.internal.os.RuntimeInit$MethodAndArgsCaller.run(RuntimeInit.java:556)
08-12 19:15:21.232 25963 25963 E MethodChannel#jojoy.app_resource_plugin: at com.android.internal.os.ZygoteInit.main(ZygoteInit.java:1045)
08-12 19:15:21.232 25963 25963 E MethodChannel#jojoy.app_resource_plugin: Caused by: android.view.InflateException: Class not found x
08-12 19:15:21.232 25963 25963 E MethodChannel#jojoy.app_resource_plugin: at android.graphics.drawable.DrawableInflater.inflateFromClass(DrawableInflater.java:2 25)
08-12 19:15:21.232 25963 25963 E MethodChannel#jojoy.app_resource_plugin: at android.graphics.drawable.DrawableInflater.inflateFromXmlForDensity(DrawableInflate r.java:142)
08-12 19:15:21.232 25963 25963 E MethodChannel#jojoy.app_resource_plugin: at android.graphics.drawable.Drawable.createFromXmlInnerForDensity(Drawable.java:1414)
08-12 19:15:21.232 25963 25963 E MethodChannel#jojoy.app_resource_plugin: at android.graphics.drawable.Drawable.createFromXmlForDensity(Drawable.java:1373)
08-12 19:15:21.232 25963 25963 E MethodChannel#jojoy.app_resource_plugin: at android.content.res.ResourcesImpl.createFromXmlForDensity(ResourcesImpl.java:1516)
08-12 19:15:21.232 25963 25963 E MethodChannel#jojoy.app_resource_plugin: at android.content.res.ResourcesImpl.loadXmlDrawable(ResourcesImpl.java:934)
08-12 19:15:21.232 25963 25963 E MethodChannel#jojoy.app_resource_plugin: at android.content.res.ResourcesImpl.loadDrawableForCookie(ResourcesImpl.java:883)
08-12 19:15:21.232 25963 25963 E MethodChannel#jojoy.app_resource_plugin: ... 23 more
08-12 19:15:21.232 25963 25963 E MethodChannel#jojoy.app_resource_plugin: Caused by: java.lang.ClassNotFoundException: Didn't find class "x" on path: DexPathList[[zip file "/data/app/~~RlqRSICE4iIplcPnDnZeBQ==/apkdone.com- sw2xb0k3UZHPPmHA8vw-0A==/base.apk"],nativeLibraryDirectories=[/data/app/ ~~RlqRSICE4iIplcPnDnZeBQ==/apkdone.com-sw2xb0k3UZHPPmHA8vw-0A==/lib/arm, /data/app/~~RlqRSICE4iIplcPnDnZeBQ==/apkdone.com-sw2xb0k3UZHPPmHA8vw-0A==/ base.apk!/lib/armeabi-v7a, /system/lib, /system_ext/lib]]
08-12 19:15:21.232 25963 25963 E MethodChannel#jojoy.app_resource_plugin: at dalvik.system.BaseDexClassLoader.findClass(BaseDexClassLoader.java:218)
08-12 19:15:21.232 25963 25963 E MethodChannel#jojoy.app_resource_plugin: at java.lang.ClassLoader.loadClass(ClassLoader.java:379)
08-12 19:15:21.232 25963 25963 E MethodChannel#jojoy.app_resource_plugin: at java.lang.ClassLoader.loadClass(ClassLoader.java:312)
08-12 19:15:21.232 25963 25963 E MethodChannel#jojoy.app_resource_plugin: at android.graphics.drawable.DrawableInflater.inflateFromClass(DrawableInflater.java:2 06)
08-12 19:15:21.232 25963 25963 E MethodChannel#jojoy.app_resource_plugin: ... 29 more
08-12 19:15:21.594 25963 26385 V com.vungle.warren.d: [ttDownloadContext] Request ad got response, request = AdRequest{placementId='GAME_DOWNLOAD_REWARD_BIDDING- 7168597', adMarkup=null, type=2, adCount=1}, elapsed time = 1140ms
08-12 19:15:21.596 25963 26245 D com.vungle.warren.d: Ads Response: {"ads": [{"placement_reference_id":"GAME_DOWNLOAD_REWARD_BIDDING-7168597","ad_markup": {"id":"","campaign":null,"app_id":null,"sleep":665,"info":"impression auctioned but unsold","delay":0,"showClose":0,"showCloseIncentivized":0,"countdown":0,"url":"","v ideoWidth":0,"videoHeight":0,"requires_sideloading":false}}]}
08-12 19:15:21.603 25963 26249 I b : Searching for valid advertisement for placement with DEFAULT-6045176event ID null
08-12 19:15:21.604 25963 26245 I com.vungle.warren.d: didn't find cached adv for AdRequest{placementId='DEFAULT-6045176', adMarkup=null, type=0, adCount=1} downloading
08-12 19:15:21.604 25963 26245 D com.vungle.warren.d: No adv for placement DEFAULT- 6045176 getting new data
08-12 19:15:21.604 25963 26245 V com.vungle.warren.d: [ttDownloadContext] Start to request ad, request = AdRequest{placementId='DEFAULT-6045176', adMarkup=null, type=0, adCount=1}, at: 1660308321604
08-12 19:15:21.841 25963 26339 I UnityAds: com.unity3d.services.core.api.Sdk.logInfo() (line:1) :: Webview started using the latest version
08-12 19:15:22.026 25963 25963 D InputMethodManager: showSoftInput() view=io.flutter.embedding.android.FlutterView{4dd5e15 VFE...... .F...... 0,0- 1080,2270 #1 aid=1073741824} flags=0 reason=SHOW_SOFT_INPUT
08-12 19:15:22.033 25963 25963 D InsetsController: show(ime(), fromIme=true)
08-12 19:15:22.221 25963 26385 V com.vungle.warren.d: [ttDownloadContext] Request ad got response, request = AdRequest{placementId='DEFAULT-6045176', adMarkup=null, type=0, adCount=1}, elapsed time = 616ms
08-12 19:15:22.223 25963 26245 D com.vungle.warren.d: Ads Response: {"ads": [{"placement_reference_id":"DEFAULT-6045176","ad_markup": {"id":"","campaign":null,"app_id":null,"sleep":1325,"info":"impression auctioned but unsold","delay":0,"showClose":0,"showCloseIncentivized":0,"countdown":0,"url":"","v ideoWidth":0,"videoHeight":0,"requires_sideloading":false}}]}
08-12 19:15:22.232 25963 26249 I b : Searching for valid advertisement for placement with APP_OPEN_HIGH_PRICE-9667104event ID null
08-12 19:15:22.232 25963 26245 I com.vungle.warren.d: didn't find cached adv for AdRequest{placementId='APP_OPEN_HIGH_PRICE-9667104', adMarkup=null, type=0, adCount=1} downloading
08-12 19:15:22.233 25963 26245 D com.vungle.warren.d: No adv for placement APP_OPEN_HIGH_PRICE-9667104 getting new data
08-12 19:15:22.233 25963 26245 V com.vungle.warren.d: [ttDownloadContext] Start to request ad, request = AdRequest{placementId='APP_OPEN_HIGH_PRICE-9667104', adMarkup=null, type=0, adCount=1}, at: 1660308322233
08-12 19:15:22.335 25963 25963 E MethodChannel#jojoy.app_resource_plugin: Failed to handle method call
08-12 19:15:22.335 25963 25963 E MethodChannel#jojoy.app_resource_plugin: android.content.res.Resources$NotFoundException: Drawable apkdone.com:mipmap/ic_launcher_foreground with resource ID #0x7f0f0001
08-12 19:15:22.335 25963 25963 E MethodChannel#jojoy.app_resource_plugin: Caused by: android.content.res.Resources$NotFoundException: File res/mipmap/ic_launcher_foreground.xml from drawable resource ID #0x7f0f0001
08-12 19:15:22.335 25963 25963 E MethodChannel#jojoy.app_resource_plugin: at android.content.res.ResourcesImpl.loadDrawableForCookie(ResourcesImpl.java:900)
08-12 19:15:22.335 25963 25963 E MethodChannel#jojoy.app_resource_plugin: at android.content.res.ResourcesImpl.loadDrawable(ResourcesImpl.java:691)
08-12 19:15:22.335 25963 25963 E MethodChannel#jojoy.app_resource_plugin: at android.content.res.MiuiResourcesImpl.loadDrawable(MiuiResourcesImpl.java:307)
08-12 19:15:22.335 25963 25963 E MethodChannel#jojoy.app_resource_plugin: at android.content.res.Resources.loadDrawable(Resources.java:1017)
08-12 19:15:22.335 25963 25963 E MethodChannel#jojoy.app_resource_plugin: at android.content.res.Resources.getDrawableForDensity(Resources.java:1005)
08-12 19:15:22.335 25963 25963 E MethodChannel#jojoy.app_resource_plugin: at android.content.res.Resources.getDrawable(Resources.java:944)
08-12 19:15:22.335 25963 25963 E MethodChannel#jojoy.app_resource_plugin: at android.content.Context.getDrawable(Context.java:763)
08-12 19:15:22.335 25963 25963 E MethodChannel#jojoy.app_resource_plugin: at androidx.core.content.ContextCompat$Api21Impl.getDrawable(Unknown Source:0)
08-12 19:15:22.335 25963 25963 E MethodChannel#jojoy.app_resource_plugin: at androidx.core.content.ContextCompat.getDrawable(Unknown Source:0)
08-12 19:15:22.335 25963 25963 E MethodChannel#jojoy.app_resource_plugin: at com.example.plugin.AppResourcePlugin.a(AppResourcePlugin.kt:4)
08-12 19:15:22.335 25963 25963 E MethodChannel#jojoy.app_resource_plugin: at com.example.plugin.AppResourcePlugin.onMethodCall(AppResourcePlugin.kt:22)
08-12 19:15:22.335 25963 25963 E MethodChannel#jojoy.app_resource_plugin: at io.flutter.plugin.common.MethodChannel$IncomingMethodCallHandler.onMessage(MethodCh annel.java:2)
08-12 19:15:22.335 25963 25963 E MethodChannel#jojoy.app_resource_plugin: at io.flutter.embedding.engine.dart.DartMessenger.invokeHandler(DartMessenger.java:2)
08-12 19:15:22.335 25963 25963 E MethodChannel#jojoy.app_resource_plugin: at io.flutter.embedding.engine.dart.DartMessenger.lambda$dispatchMessageToQueue$0(Dart Messenger.java:2)
08-12 19:15:22.335 25963 25963 E MethodChannel#jojoy.app_resource_plugin: at io.flutter.embedding.engine.dart.DartMessenger.a(Unknown Source:0)
08-12 19:15:22.335 25963 25963 E MethodChannel#jojoy.app_resource_plugin: at io.flutter.embedding.engine.dart.a.run(Unknown Source:12)
08-12 19:15:22.335 25963 25963 E MethodChannel#jojoy.app_resource_plugin: at android.os.Handler.handleCallback(Handler.java:938)
08-12 19:15:22.335 25963 25963 E MethodChannel#jojoy.app_resource_plugin: at android.os.Handler.dispatchMessage(Handler.java:99)
08-12 19:15:22.335 25963 25963 E MethodChannel#jojoy.app_resource_plugin: at android.os.Looper.loopOnce(Looper.java:210)
08-12 19:15:22.335 25963 25963 E MethodChannel#jojoy.app_resource_plugin: at android.os.Looper.loop(Looper.java:299)
08-12 19:15:22.335 25963 25963 E MethodChannel#jojoy.app_resource_plugin: at android.app.ActivityThread.main(ActivityThread.java:8205)
08-12 19:15:22.335 25963 25963 E MethodChannel#jojoy.app_resource_plugin: at java.lang.reflect.Method.invoke(Native Method)
08-12 19:15:22.335 25963 25963 E MethodChannel#jojoy.app_resource_plugin: at com.android.internal.os.RuntimeInit$MethodAndArgsCaller.run(RuntimeInit.java:556)
08-12 19:15:22.335 25963 25963 E MethodChannel#jojoy.app_resource_plugin: at com.android.internal.os.ZygoteInit.main(ZygoteInit.java:1045)
08-12 19:15:22.335 25963 25963 E MethodChannel#jojoy.app_resource_plugin: Caused by: android.view.InflateException: Class not found x
08-12 19:15:22.335 25963 25963 E MethodChannel#jojoy.app_resource_plugin: at android.graphics.drawable.DrawableInflater.inflateFromClass(DrawableInflater.java:2 25)
08-12 19:15:22.335 25963 25963 E MethodChannel#jojoy.app_resource_plugin: at android.graphics.drawable.DrawableInflater.inflateFromXmlForDensity(DrawableInflate r.java:142)
08-12 19:15:22.335 25963 25963 E MethodChannel#jojoy.app_resource_plugin: at android.graphics.drawable.Drawable.createFromXmlInnerForDensity(Drawable.java:1414)
08-12 19:15:22.335 25963 25963 E MethodChannel#jojoy.app_resource_plugin: at android.graphics.drawable.Drawable.createFromXmlForDensity(Drawable.java:1373)
08-12 19:15:22.335 25963 25963 E MethodChannel#jojoy.app_resource_plugin: at android.content.res.ResourcesImpl.createFromXmlForDensity(ResourcesImpl.java:1516)
08-12 19:15:22.335 25963 25963 E MethodChannel#jojoy.app_resource_plugin: at android.content.res.ResourcesImpl.loadXmlDrawable(ResourcesImpl.java:934)
08-12 19:15:22.335 25963 25963 E MethodChannel#jojoy.app_resource_plugin: at android.content.res.ResourcesImpl.loadDrawableForCookie(ResourcesImpl.java:883)
08-12 19:15:22.335 25963 25963 E MethodChannel#jojoy.app_resource_plugin: ... 23 more
08-12 19:15:22.335 25963 25963 E MethodChannel#jojoy.app_resource_plugin: Caused by: java.lang.ClassNotFoundException: Didn't find class "x" on path: DexPathList[[zip file "/data/app/~~RlqRSICE4iIplcPnDnZeBQ==/apkdone.com- sw2xb0k3UZHPPmHA8vw-0A==/base.apk"],nativeLibraryDirectories=[/data/app/ ~~RlqRSICE4iIplcPnDnZeBQ==/apkdone.com-sw2xb0k3UZHPPmHA8vw-0A==/lib/arm, /data/app/~~RlqRSICE4iIplcPnDnZeBQ==/apkdone.com-sw2xb0k3UZHPPmHA8vw-0A==/ base.apk!/lib/armeabi-v7a, /system/lib, /system_ext/lib]]
08-12 19:15:22.335 25963 25963 E MethodChannel#jojoy.app_resource_plugin: at dalvik.system.BaseDexClassLoader.findClass(BaseDexClassLoader.java:218)
08-12 19:15:22.335 25963 25963 E MethodChannel#jojoy.app_resource_plugin: at java.lang.ClassLoader.loadClass(ClassLoader.java:379)
08-12 19:15:22.335 25963 25963 E MethodChannel#jojoy.app_resource_plugin: at java.lang.ClassLoader.loadClass(ClassLoader.java:312)
08-12 19:15:22.335 25963 25963 E MethodChannel#jojoy.app_resource_plugin: at android.graphics.drawable.DrawableInflater.inflateFromClass(DrawableInflater.java:2 06)
08-12 19:15:22.335 25963 25963 E MethodChannel#jojoy.app_resource_plugin: ... 29 more
08-12 19:15:22.339 25963 25963 D Installations: Installation ID: eJru81uYRZC9HuGDo5YQMX
08-12 19:15:22.439 25963 25963 D InputMethodManager: showSoftInput() view=io.flutter.embedding.android.FlutterView{4dd5e15 VFE...... .F.....D 0,0- 1080,2270 #1 aid=1073741824} flags=0 reason=SHOW_SOFT_INPUT
08-12 19:15:22.443 25963 25963 D InsetsController: show(ime(), fromIme=true)
08-12 19:15:22.761 25963 25963 E MethodChannel#jojoy.app_resource_plugin: Failed to handle method call
08-12 19:15:22.761 25963 25963 E MethodChannel#jojoy.app_resource_plugin: android.content.res.Resources$NotFoundException: Drawable apkdone.com:mipmap/ic_launcher_foreground with resource ID #0x7f0f0001
08-12 19:15:22.761 25963 25963 E MethodChannel#jojoy.app_resource_plugin: Caused by: android.content.res.Resources$NotFoundException: File res/mipmap/ic_launcher_foreground.xml from drawable resource ID #0x7f0f0001
08-12 19:15:22.761 25963 25963 E MethodChannel#jojoy.app_resource_plugin: at android.content.res.ResourcesImpl.loadDrawableForCookie(ResourcesImpl.java:900)
08-12 19:15:22.761 25963 25963 E MethodChannel#jojoy.app_resource_plugin: at android.content.res.ResourcesImpl.loadDrawable(ResourcesImpl.java:691)
08-12 19:15:22.761 25963 25963 E MethodChannel#jojoy.app_resource_plugin: at android.content.res.MiuiResourcesImpl.loadDrawable(MiuiResourcesImpl.java:307)
08-12 19:15:22.761 25963 25963 E MethodChannel#jojoy.app_resource_plugin: at android.content.res.Resources.loadDrawable(Resources.java:1017)
08-12 19:15:22.761 25963 25963 E MethodChannel#jojoy.app_resource_plugin: at android.content.res.Resources.getDrawableForDensity(Resources.java:1005)
08-12 19:15:22.761 25963 25963 E MethodChannel#jojoy.app_resource_plugin: at android.content.res.Resources.getDrawable(Resources.java:944)
08-12 19:15:22.761 25963 25963 E MethodChannel#jojoy.app_resource_plugin: at android.content.Context.getDrawable(Context.java:763)
08-12 19:15:22.761 25963 25963 E MethodChannel#jojoy.app_resource_plugin: at androidx.core.content.ContextCompat$Api21Impl.getDrawable(Unknown Source:0)
08-12 19:15:22.761 25963 25963 E MethodChannel#jojoy.app_resource_plugin: at androidx.core.content.ContextCompat.getDrawable(Unknown Source:0)
08-12 19:15:22.761 25963 25963 E MethodChannel#jojoy.app_resource_plugin: at com.example.plugin.AppResourcePlugin.a(AppResourcePlugin.kt:4)
08-12 19:15:22.761 25963 25963 E MethodChannel#jojoy.app_resource_plugin: at com.example.plugin.AppResourcePlugin.onMethodCall(AppResourcePlugin.kt:22)
08-12 19:15:22.761 25963 25963 E MethodChannel#jojoy.app_resource_plugin: at io.flutter.plugin.common.MethodChannel$IncomingMethodCallHandler.onMessage(MethodCh annel.java:2)
08-12 19:15:22.761 25963 25963 E MethodChannel#jojoy.app_resource_plugin: at io.flutter.embedding.engine.dart.DartMessenger.invokeHandler(DartMessenger.java:2)
08-12 19:15:22.761 25963 25963 E MethodChannel#jojoy.app_resource_plugin: at io.flutter.embedding.engine.dart.DartMessenger.lambda$dispatchMessageToQueue$0(Dart Messenger.java:2)
08-12 19:15:22.761 25963 25963 E MethodChannel#jojoy.app_resource_plugin: at io.flutter.embedding.engine.dart.DartMessenger.a(Unknown Source:0)
08-12 19:15:22.761 25963 25963 E MethodChannel#jojoy.app_resource_plugin: at io.flutter.embedding.engine.dart.a.run(Unknown Source:12)
08-12 19:15:22.761 25963 25963 E MethodChannel#jojoy.app_resource_plugin: at android.os.Handler.handleCallback(Handler.java:938)
08-12 19:15:22.761 25963 25963 E MethodChannel#jojoy.app_resource_plugin: at android.os.Handler.dispatchMessage(Handler.java:99)
08-12 19:15:22.761 25963 25963 E MethodChannel#jojoy.app_resource_plugin: at android.os.Looper.loopOnce(Looper.java:210)
08-12 19:15:22.761 25963 25963 E MethodChannel#jojoy.app_resource_plugin: at android.os.Looper.loop(Looper.java:299)
08-12 19:15:22.761 25963 25963 E MethodChannel#jojoy.app_resource_plugin: at android.app.ActivityThread.main(ActivityThread.java:8205)
08-12 19:15:22.761 25963 25963 E MethodChannel#jojoy.app_resource_plugin: at java.lang.reflect.Method.invoke(Native Method)
08-12 19:15:22.761 25963 25963 E MethodChannel#jojoy.app_resource_plugin: at com.android.internal.os.RuntimeInit$MethodAndArgsCaller.run(RuntimeInit.java:556)
08-12 19:15:22.761 25963 25963 E MethodChannel#jojoy.app_resource_plugin: at com.android.internal.os.ZygoteInit.main(ZygoteInit.java:1045)
08-12 19:15:22.761 25963 25963 E MethodChannel#jojoy.app_resource_plugin: Caused by: android.view.InflateException: Class not found x
08-12 19:15:22.761 25963 25963 E MethodChannel#jojoy.app_resource_plugin: at android.graphics.drawable.DrawableInflater.inflateFromClass(DrawableInflater.java:2 25)
08-12 19:15:22.761 25963 25963 E MethodChannel#jojoy.app_resource_plugin: at android.graphics.drawable.DrawableInflater.inflateFromXmlForDensity(DrawableInflate r.java:142)
08-12 19:15:22.761 25963 25963 E MethodChannel#jojoy.app_resource_plugin: at android.graphics.drawable.Drawable.createFromXmlInnerForDensity(Drawable.java:1414)
08-12 19:15:22.761 25963 25963 E MethodChannel#jojoy.app_resource_plugin: at android.graphics.drawable.Drawable.createFromXmlForDensity(Drawable.java:1373)
08-12 19:15:22.761 25963 25963 E MethodChannel#jojoy.app_resource_plugin: at android.content.res.ResourcesImpl.createFromXmlForDensity(ResourcesImpl.java:1516)
08-12 19:15:22.761 25963 25963 E MethodChannel#jojoy.app_resource_plugin: at android.content.res.ResourcesImpl.loadXmlDrawable(ResourcesImpl.java:934)
08-12 19:15:22.761 25963 25963 E MethodChannel#jojoy.app_resource_plugin: at android.content.res.ResourcesImpl.loadDrawableForCookie(ResourcesImpl.java:883)
08-12 19:15:22.761 25963 25963 E MethodChannel#jojoy.app_resource_plugin: ... 23 more
08-12 19:15:22.761 25963 25963 E MethodChannel#jojoy.app_resource_plugin: Caused by: java.lang.ClassNotFoundException: Didn't find class "x" on path: DexPathList[[zip file "/data/app/~~RlqRSICE4iIplcPnDnZeBQ==/apkdone.com- sw2xb0k3UZHPPmHA8vw-0A==/base.apk"],nativeLibraryDirectories=[/data/app/ ~~RlqRSICE4iIplcPnDnZeBQ==/apkdone.com-sw2xb0k3UZHPPmHA8vw-0A==/lib/arm, /data/app/~~RlqRSICE4iIplcPnDnZeBQ==/apkdone.com-sw2xb0k3UZHPPmHA8vw-0A==/ base.apk!/lib/armeabi-v7a, /system/lib, /system_ext/lib]]
08-12 19:15:22.761 25963 25963 E MethodChannel#jojoy.app_resource_plugin: at dalvik.system.BaseDexClassLoader.findClass(BaseDexClassLoader.java:218)
08-12 19:15:22.761 25963 25963 E MethodChannel#jojoy.app_resource_plugin: at java.lang.ClassLoader.loadClass(ClassLoader.java:379)
08-12 19:15:22.761 25963 25963 E MethodChannel#jojoy.app_resource_plugin: at java.lang.ClassLoader.loadClass(ClassLoader.java:312)
08-12 19:15:22.761 25963 25963 E MethodChannel#jojoy.app_resource_plugin: at android.graphics.drawable.DrawableInflater.inflateFromClass(DrawableInflater.java:2 06)
08-12 19:15:22.761 25963 25963 E MethodChannel#jojoy.app_resource_plugin: ... 29 more
08-12 19:15:22.770 25963 25963 D Installations: Installation ID: eJru81uYRZC9HuGDo5YQMX
08-12 19:15:22.771 25963 26316 I OpenGLRenderer: Davey! duration=9223284522801ms; Flags=0, FrameTimelineVsyncId=6690246, IntendedVsync=87514052815473, Vsync=87514069482139, InputEventId=0, HandleInputStart=87514071029374, AnimationStart=87514071030728, PerformTraversalsStart=87514071151769, DrawStart=87514071205832, FrameDeadline=87514064482139, FrameInterval=87514071012967, FrameStartTime=8333333, SyncQueued=87514071325467, SyncStart=87514071543749, IssueDrawCommandsStart=87514071579374, SwapBuffers=87514071871509, FrameCompleted=9223372036854775807, DequeueBufferDuration=14063, QueueBufferDuration=1198750, GpuCompleted=9223372036854775807, SwapBuffersCompleted=87514073439738, DisplayPresentTime=87511772136770,
08-12 19:15:22.855 25963 25963 D InputMethodManager: showSoftInput() view=io.flutter.embedding.android.FlutterView{4dd5e15 VFE...... .F...... 0,0- 1080,2270 #1 aid=1073741824} flags=0 reason=SHOW_SOFT_INPUT
08-12 19:15:22.864 25963 25963 D InsetsController: show(ime(), fromIme=true)
08-12 19:15:22.888 25963 26385 V com.vungle.warren.d: [ttDownloadContext] Request ad got response, request = AdRequest{placementId='APP_OPEN_HIGH_PRICE-9667104', adMarkup=null, type=0, adCount=1}, elapsed time = 655ms
08-12 19:15:22.889 25963 26245 D com.vungle.warren.d: Ads Response: {"ads": [{"placement_reference_id":"APP_OPEN_HIGH_PRICE-9667104","ad_markup": {"id":"","campaign":null,"app_id":null,"sleep":1085,"info":"impression auctioned but unsold","delay":0,"showClose":0,"showCloseIncentivized":0,"countdown":0,"url":"","v ideoWidth":0,"videoHeight":0,"requires_sideloading":false}}]}
08-12 19:15:23.109 25963 25963 D InputMethodManager: showSoftInput() view=io.flutter.embedding.android.FlutterView{4dd5e15 VFE...... .F...... 0,0- 1080,2270 #1 aid=1073741824} flags=0 reason=SHOW_SOFT_INPUT
