08-12 19:16:24.431 25963 25963 E MethodChannel#jojoy.app_resource_plugin: at io.flutter.embedding.engine.dart.DartMessenger.lambda$dispatchMessageToQueue$0(Dart Messenger.java:2)
08-12 19:16:24.431 25963 25963 E MethodChannel#jojoy.app_resource_plugin: at io.flutter.embedding.engine.dart.DartMessenger.a(Unknown Source:0)
08-12 19:16:24.431 25963 25963 E MethodChannel#jojoy.app_resource_plugin: at io.flutter.embedding.engine.dart.a.run(Unknown Source:12)
08-12 19:16:24.431 25963 25963 E MethodChannel#jojoy.app_resource_plugin: at android.os.Handler.handleCallback(Handler.java:938)
08-12 19:16:24.431 25963 25963 E MethodChannel#jojoy.app_resource_plugin: at android.os.Handler.dispatchMessage(Handler.java:99)
08-12 19:16:24.431 25963 25963 E MethodChannel#jojoy.app_resource_plugin: at android.os.Looper.loopOnce(Looper.java:210)
08-12 19:16:24.431 25963 25963 E MethodChannel#jojoy.app_resource_plugin: at android.os.Looper.loop(Looper.java:299)
08-12 19:16:24.431 25963 25963 E MethodChannel#jojoy.app_resource_plugin: at android.app.ActivityThread.main(ActivityThread.java:8205)
08-12 19:16:24.431 25963 25963 E MethodChannel#jojoy.app_resource_plugin: at java.lang.reflect.Method.invoke(Native Method)
08-12 19:16:24.431 25963 25963 E MethodChannel#jojoy.app_resource_plugin: at com.android.internal.os.RuntimeInit$MethodAndArgsCaller.run(RuntimeInit.java:556)
08-12 19:16:24.431 25963 25963 E MethodChannel#jojoy.app_resource_plugin: at com.android.internal.os.ZygoteInit.main(ZygoteInit.java:1045)
08-12 19:16:24.431 25963 25963 E MethodChannel#jojoy.app_resource_plugin: Caused by: android.view.InflateException: Class not found x
08-12 19:16:24.431 25963 25963 E MethodChannel#jojoy.app_resource_plugin: at android.graphics.drawable.DrawableInflater.inflateFromClass(DrawableInflater.java:2 25)
08-12 19:16:24.431 25963 25963 E MethodChannel#jojoy.app_resource_plugin: at android.graphics.drawable.DrawableInflater.inflateFromXmlForDensity(DrawableInflate r.java:142)
08-12 19:16:24.431 25963 25963 E MethodChannel#jojoy.app_resource_plugin: at android.graphics.drawable.Drawable.createFromXmlInnerForDensity(Drawable.java:1414)
08-12 19:16:24.431 25963 25963 E MethodChannel#jojoy.app_resource_plugin: at android.graphics.drawable.Drawable.createFromXmlForDensity(Drawable.java:1373)
08-12 19:16:24.431 25963 25963 E MethodChannel#jojoy.app_resource_plugin: at android.content.res.ResourcesImpl.createFromXmlForDensity(ResourcesImpl.java:1516)
08-12 19:16:24.431 25963 25963 E MethodChannel#jojoy.app_resource_plugin: at android.content.res.ResourcesImpl.loadXmlDrawable(ResourcesImpl.java:934)
08-12 19:16:24.431 25963 25963 E MethodChannel#jojoy.app_resource_plugin: at android.content.res.ResourcesImpl.loadDrawableForCookie(ResourcesImpl.java:883)
08-12 19:16:24.431 25963 25963 E MethodChannel#jojoy.app_resource_plugin: ... 23 more
08-12 19:16:24.431 25963 25963 E MethodChannel#jojoy.app_resource_plugin: Caused by: java.lang.ClassNotFoundException: Didn't find class "x" on path: DexPathList[[zip file "/data/app/~~RlqRSICE4iIplcPnDnZeBQ==/apkdone.com- sw2xb0k3UZHPPmHA8vw-0A==/base.apk"],nativeLibraryDirectories=[/data/app/ ~~RlqRSICE4iIplcPnDnZeBQ==/apkdone.com-sw2xb0k3UZHPPmHA8vw-0A==/lib/arm, /data/app/~~RlqRSICE4iIplcPnDnZeBQ==/apkdone.com-sw2xb0k3UZHPPmHA8vw-0A==/ base.apk!/lib/armeabi-v7a, /system/lib, /system_ext/lib]]
08-12 19:16:24.431 25963 25963 E MethodChannel#jojoy.app_resource_plugin: at dalvik.system.BaseDexClassLoader.findClass(BaseDexClassLoader.java:218)
08-12 19:16:24.431 25963 25963 E MethodChannel#jojoy.app_resource_plugin: at java.lang.ClassLoader.loadClass(ClassLoader.java:379)
08-12 19:16:24.431 25963 25963 E MethodChannel#jojoy.app_resource_plugin: at java.lang.ClassLoader.loadClass(ClassLoader.java:312)
08-12 19:16:24.431 25963 25963 E MethodChannel#jojoy.app_resource_plugin: at android.graphics.drawable.DrawableInflater.inflateFromClass(DrawableInflater.java:2 06)
08-12 19:16:24.431 25963 25963 E MethodChannel#jojoy.app_resource_plugin: ... 29 more
08-12 19:16:24.433 25963 25963 E MethodChannel#jojoy.app_resource_plugin: Failed to handle method call
08-12 19:16:24.433 25963 25963 E MethodChannel#jojoy.app_resource_plugin: android.content.res.Resources$NotFoundException: Drawable apkdone.com:mipmap/ic_launcher_foreground with resource ID #0x7f0f0001
08-12 19:16:24.433 25963 25963 E MethodChannel#jojoy.app_resource_plugin: Caused by: android.content.res.Resources$NotFoundException: File res/mipmap/ic_launcher_foreground.xml from drawable resource ID #0x7f0f0001
08-12 19:16:24.433 25963 25963 E MethodChannel#jojoy.app_resource_plugin: at android.content.res.ResourcesImpl.loadDrawableForCookie(ResourcesImpl.java:900)
08-12 19:16:24.433 25963 25963 E MethodChannel#jojoy.app_resource_plugin: at android.content.res.ResourcesImpl.loadDrawable(ResourcesImpl.java:691)
08-12 19:16:24.433 25963 25963 E MethodChannel#jojoy.app_resource_plugin: at android.content.res.MiuiResourcesImpl.loadDrawable(MiuiResourcesImpl.java:307)
08-12 19:16:24.433 25963 25963 E MethodChannel#jojoy.app_resource_plugin: at android.content.res.Resources.loadDrawable(Resources.java:1017)
08-12 19:16:24.433 25963 25963 E MethodChannel#jojoy.app_resource_plugin: at android.content.res.Resources.getDrawableForDensity(Resources.java:1005)
08-12 19:16:24.433 25963 25963 E MethodChannel#jojoy.app_resource_plugin: at android.content.res.Resources.getDrawable(Resources.java:944)
08-12 19:16:24.433 25963 25963 E MethodChannel#jojoy.app_resource_plugin: at android.content.Context.getDrawable(Context.java:763)
08-12 19:16:24.433 25963 25963 E MethodChannel#jojoy.app_resource_plugin: at androidx.core.content.ContextCompat$Api21Impl.getDrawable(Unknown Source:0)
08-12 19:16:24.433 25963 25963 E MethodChannel#jojoy.app_resource_plugin: at androidx.core.content.ContextCompat.getDrawable(Unknown Source:0)
08-12 19:16:24.433 25963 25963 E MethodChannel#jojoy.app_resource_plugin: at com.example.plugin.AppResourcePlugin.a(AppResourcePlugin.kt:4)
08-12 19:16:24.433 25963 25963 E MethodChannel#jojoy.app_resource_plugin: at com.example.plugin.AppResourcePlugin.onMethodCall(AppResourcePlugin.kt:22)
08-12 19:16:24.433 25963 25963 E MethodChannel#jojoy.app_resource_plugin: at io.flutter.plugin.common.MethodChannel$IncomingMethodCallHandler.onMessage(MethodCh annel.java:2)
08-12 19:16:24.433 25963 25963 E MethodChannel#jojoy.app_resource_plugin: at io.flutter.embedding.engine.dart.DartMessenger.invokeHandler(DartMessenger.java:2)
08-12 19:16:24.433 25963 25963 E MethodChannel#jojoy.app_resource_plugin: at io.flutter.embedding.engine.dart.DartMessenger.lambda$dispatchMessageToQueue$0(Dart Messenger.java:2)
08-12 19:16:24.433 25963 25963 E MethodChannel#jojoy.app_resource_plugin: at io.flutter.embedding.engine.dart.DartMessenger.a(Unknown Source:0)
08-12 19:16:24.433 25963 25963 E MethodChannel#jojoy.app_resource_plugin: at io.flutter.embedding.engine.dart.a.run(Unknown Source:12)
08-12 19:16:24.433 25963 25963 E MethodChannel#jojoy.app_resource_plugin: at android.os.Handler.handleCallback(Handler.java:938)
08-12 19:16:24.433 25963 25963 E MethodChannel#jojoy.app_resource_plugin: at android.os.Handler.dispatchMessage(Handler.java:99)
08-12 19:16:24.433 25963 25963 E MethodChannel#jojoy.app_resource_plugin: at android.os.Looper.loopOnce(Looper.java:210)
08-12 19:16:24.433 25963 25963 E MethodChannel#jojoy.app_resource_plugin: at android.os.Looper.loop(Looper.java:299)
08-12 19:16:24.433 25963 25963 E MethodChannel#jojoy.app_resource_plugin: at android.app.ActivityThread.main(ActivityThread.java:8205)
08-12 19:16:24.433 25963 25963 E MethodChannel#jojoy.app_resource_plugin: at java.lang.reflect.Method.invoke(Native Method)
08-12 19:16:24.433 25963 25963 E MethodChannel#jojoy.app_resource_plugin: at com.android.internal.os.RuntimeInit$MethodAndArgsCaller.run(RuntimeInit.java:556)
08-12 19:16:24.433 25963 25963 E MethodChannel#jojoy.app_resource_plugin: at com.android.internal.os.ZygoteInit.main(ZygoteInit.java:1045)
08-12 19:16:24.433 25963 25963 E MethodChannel#jojoy.app_resource_plugin: Caused by: android.view.InflateException: Class not found x
08-12 19:16:24.433 25963 25963 E MethodChannel#jojoy.app_resource_plugin: at android.graphics.drawable.DrawableInflater.inflateFromClass(DrawableInflater.java:2 25)
08-12 19:16:24.433 25963 25963 E MethodChannel#jojoy.app_resource_plugin: at android.graphics.drawable.DrawableInflater.inflateFromXmlForDensity(DrawableInflate r.java:142)
08-12 19:16:24.433 25963 25963 E MethodChannel#jojoy.app_resource_plugin: at android.graphics.drawable.Drawable.createFromXmlInnerForDensity(Drawable.java:1414)
08-12 19:16:24.433 25963 25963 E MethodChannel#jojoy.app_resource_plugin: at android.graphics.drawable.Drawable.createFromXmlForDensity(Drawable.java:1373)
08-12 19:16:24.433 25963 25963 E MethodChannel#jojoy.app_resource_plugin: at android.content.res.ResourcesImpl.createFromXmlForDensity(ResourcesImpl.java:1516)
08-12 19:16:24.433 25963 25963 E MethodChannel#jojoy.app_resource_plugin: at android.content.res.ResourcesImpl.loadXmlDrawable(ResourcesImpl.java:934)
08-12 19:16:24.433 25963 25963 E MethodChannel#jojoy.app_resource_plugin: at android.content.res.ResourcesImpl.loadDrawableForCookie(ResourcesImpl.java:883)
08-12 19:16:24.433 25963 25963 E MethodChannel#jojoy.app_resource_plugin: ... 23 more
08-12 19:16:24.433 25963 25963 E MethodChannel#jojoy.app_resource_plugin: Caused by: java.lang.ClassNotFoundException: Didn't find class "x" on path: DexPathList[[zip file "/data/app/~~RlqRSICE4iIplcPnDnZeBQ==/apkdone.com- sw2xb0k3UZHPPmHA8vw-0A==/base.apk"],nativeLibraryDirectories=[/data/app/ ~~RlqRSICE4iIplcPnDnZeBQ==/apkdone.com-sw2xb0k3UZHPPmHA8vw-0A==/lib/arm, /data/app/~~RlqRSICE4iIplcPnDnZeBQ==/apkdone.com-sw2xb0k3UZHPPmHA8vw-0A==/ base.apk!/lib/armeabi-v7a, /system/lib, /system_ext/lib]]
08-12 19:16:24.433 25963 25963 E MethodChannel#jojoy.app_resource_plugin: at dalvik.system.BaseDexClassLoader.findClass(BaseDexClassLoader.java:218)
08-12 19:16:24.433 25963 25963 E MethodChannel#jojoy.app_resource_plugin: at java.lang.ClassLoader.loadClass(ClassLoader.java:379)
08-12 19:16:24.433 25963 25963 E MethodChannel#jojoy.app_resource_plugin: at java.lang.ClassLoader.loadClass(ClassLoader.java:312)
08-12 19:16:24.433 25963 25963 E MethodChannel#jojoy.app_resource_plugin: at android.graphics.drawable.DrawableInflater.inflateFromClass(DrawableInflater.java:2 06)
08-12 19:16:24.433 25963 25963 E MethodChannel#jojoy.app_resource_plugin: ... 29 more
08-12 19:16:24.452 25963 25963 D DynamitePackage: Instantiating com.google.android.gms.ads.ChimeraAdManagerCreatorImpl
08-12 19:16:24.454 25963 25963 I Ads : Use RequestConfiguration.Builder().setTestDeviceIds(Arrays.asList("960FA59A29CA1A010171 A2FD3EC14BEE")) to get test ads on this device.
08-12 19:16:24.473 25963 27136 W Ads : Not retrying to fetch app settings
08-12 19:16:24.488 25963 26106 E FrameEvents: updateAcquireFence: Did not find frame.
08-12 19:16:24.491 25963 25963 D Installations: Installation ID: eJru81uYRZC9HuGDo5YQMX
08-12 19:16:24.491 25963 25963 D Installations: Installation ID: eJru81uYRZC9HuGDo5YQMX
08-12 19:16:24.491 25963 25963 D Installations: Installation ID: eJru81uYRZC9HuGDo5YQMX
08-12 19:16:24.491 25963 25963 D Installations: Installation ID: eJru81uYRZC9HuGDo5YQMX
08-12 19:16:24.491 25963 25963 D Installations: Installation ID: eJru81uYRZC9HuGDo5YQMX
08-12 19:16:24.491 25963 25963 D Installations: Installation ID: eJru81uYRZC9HuGDo5YQMX
08-12 19:16:24.515 25963 26106 E FrameEvents: updateAcquireFence: Did not find frame.
08-12 19:16:24.530 25963 26106 E FrameEvents: updateAcquireFence: Did not find frame.
08-12 19:16:24.538 25963 26113 D ViewContentFactory: initViewContentFetcherClass
08-12 19:16:24.538 25963 26113 I ContentCatcher: ViewContentFetcher : ViewContentFetcher
08-12 19:16:24.538 25963 26113 D ViewContentFactory: createInterceptor took 0ms
08-12 19:16:24.542 25963 25963 D DynamitePackage: Instantiating com.google.android.gms.ads.ChimeraAdOverlayCreatorImpl
08-12 19:16:24.546 25963 25963 D IS_CTS_MODE: false
08-12 19:16:24.546 25963 25963 D MULTI_WINDOW_SWITCH_ENABLED: false
08-12 19:16:24.547 25963 25963 D DecorView[]: getWindowModeFromSystem windowmode is 1
08-12 19:16:24.575 25963 26106 E FrameEvents: updateAcquireFence: Did not find frame.
08-12 19:16:24.577 25963 26106 E FrameEvents: updateAcquireFence: Did not find frame.
08-12 19:16:24.618 25963 25963 I ExoPlayerImpl: Init 21243a7 [ExoPlayerLib/2.17.1] [munch, 22021211RC, Xiaomi, 31]
08-12 19:16:24.644 25963 26106 E FrameEvents: updateAcquireFence: Did not find frame.
08-12 19:16:24.652 25963 26106 E FrameEvents: updateAcquireFence: Did not find frame.
08-12 19:16:24.658 25963 25982 I OpenGLRenderer: Davey! duration=9223284460964ms; Flags=0, FrameTimelineVsyncId=6703129, IntendedVsync=87575882870914, Vsync=87575941204245, InputEventId=0, HandleInputStart=87575941419975, AnimationStart=87575941423100, PerformTraversalsStart=87575945297787, DrawStart=87575947436590, FrameDeadline=87575902870913, FrameInterval=87575941397110, FrameStartTime=8333333, SyncQueued=87575951685965, SyncStart=87575959346954, IssueDrawCommandsStart=87575959507840, SwapBuffers=87575959780235, FrameCompleted=9223372036854775807, DequeueBufferDuration=14740, QueueBufferDuration=305990, GpuCompleted=9223372036854775807, SwapBuffersCompleted=87575960685965, DisplayPresentTime=87574205318830,
08-12 19:16:24.660 25963 25963 D DecorView[]: onWindowFocusChanged hasWindowFocus false
08-12 19:16:24.667 25963 25963 D DecorView[]: onWindowFocusChanged hasWindowFocus true
08-12 19:16:24.676 25963 25963 W AudioManager: Use of stream types is deprecated for operations other than volume control
08-12 19:16:24.676 25963 25963 W AudioManager: See the documentation of requestAudioFocus() for what to use instead with android.media.AudioAttributes to qualify your playback use case
08-12 19:16:24.678 25963 26871 D SurfaceUtils: connecting to surface 0x77154408, reason connectToSurface
08-12 19:16:24.678 25963 26871 I MediaCodec: [OMX.qcom.video.decoder.vp9] setting surface generation to 26586121
08-12 19:16:24.678 25963 26871 D SurfaceUtils: disconnecting from surface 0x77154408, reason connectToSurface(reconnect)
08-12 19:16:24.678 25963 26871 D SurfaceUtils: connecting to surface 0x77154408, reason connectToSurface(reconnect)
08-12 19:16:24.679 25963 26872 D SurfaceUtils: set up nativeWindow 0x77154408 for 720x1280, color 0x7fa30c06, rotation 0, usage 0x20402900
08-12 19:16:24.679 25963 26871 D SurfaceUtils: disconnecting from surface 0x77152808, reason disconnectFromSurface
08-12 19:16:24.679 25963 26871 E Surface : freeAllBuffers: 15 buffers were freed while being dequeued!
08-12 19:16:24.681 25963 26861 I AudioTrack: AudioTrack::setVolume L:0.000000 R:0.000000 and the pakage is apkdone.com
08-12 19:16:24.682 25963 26861 W libc : Access denied finding property "ro.vendor.audio.shortvideo.index"
08-12 19:16:24.687 25963 26106 E FrameEvents: updateAcquireFence: Did not find frame.
08-12 19:16:24.689 25963 26106 E FrameEvents: updateAcquireFence: Did not find frame.
08-12 19:16:24.698 25963 26861 I AudioTrack: AudioTrack::setVolume L:1.000000 R:1.000000 and the pakage is apkdone.com
08-12 19:16:24.698 25963 26861 W libc : Access denied finding property "ro.vendor.audio.shortvideo.index"
08-12 19:16:24.713 25963 26106 E FrameEvents: updateAcquireFence: Did not find frame.
08-12 19:16:24.715 25963 26106 E FrameEvents: updateAcquireFence: Did not find frame.
08-12 19:16:24.736 25963 26106 E FrameEvents: updateAcquireFence: Did not find frame.
08-12 19:16:24.737 25963 26106 E FrameEvents: updateAcquireFence: Did not find frame.
08-12 19:16:24.801 25963 26388 D BufferPoolAccessor2.0: bufferpool2 0xdaf68658 : 4(32768 size) total buffers - 4(32768 size) used buffers - 1/6 (recycle/alloc) - 5/26 (fetch/transfer)
08-12 19:16:24.802 25963 26388 D BufferPoolAccessor2.0: bufferpool2 0x99022918 : 4(32768 size) total buffers - 4(32768 size) used buffers - 1/6 (recycle/alloc) - 5/26 (fetch/transfer)
08-12 19:16:24.803 25963 26388 I CCodecBufferChannel: pipelineRoom(2) is <= numClientBuffers(3). Not signalling any more buffers to client
08-12 19:16:24.804 25963 26868 I CCodecBufferChannel: pipelineRoom(2) is <= numClientBuffers(2). Not signalling any more buffers to client
08-12 19:16:24.940 25963 26679 D BufferPoolAccessor2.0: evictor expired: 2, evicted: 1
08-12 19:16:24.976 25963 26388 I CCodecBufferChannel: pipelineRoom(1) is <= numClientBuffers(2). Not signalling any more buffers to client
08-12 19:16:24.977 25963 26868 I CCodecBufferChannel: pipelineRoom(1) is <= numClientBuffers(1). Not signalling any more buffers to client
08-12 19:16:25.170 25963 26388 I CCodecBufferChannel: pipelineRoom(2) is <= numClientBuffers(3). Not signalling any more buffers to client
08-12 19:16:25.172 25963 26388 D CCodecBuffers: [c2.android.aac.decoder#411:1D- Input.Impl[N]] codec released a buffer owned by client (index 1)
08-12 19:16:25.173 25963 26388 I CCodecBufferChannel: pipelineRoom(2) is <= numClientBuffers(3). Not signalling any more buffers to client
08-12 19:16:25.173 25963 26868 I CCodecBufferChannel: pipelineRoom(2) is <= numClientBuffers(2). Not signalling any more buffers to client
08-12 19:16:25.173 25963 26868 I CCodecBufferChannel: pipelineRoom(3) is <= numClientBuffers(3). Not signalling any more buffers to client
08-12 19:16:25.301 25963 26388 I CCodecBufferChannel: pipelineRoom(3) is <= numClientBuffers(3). Not signalling any more buffers to client
08-12 19:16:25.303 25963 26388 I CCodecBufferChannel: pipelineRoom(3) is <= numClientBuffers(3). Not signalling any more buffers to client
08-12 19:16:25.321 25963 26106 E FrameEvents: updateAcquireFence: Did not find frame.
08-12 19:16:25.333 25963 26106 E FrameEvents: updateAcquireFence: Did not find frame.
08-12 19:16:25.394 25963 26106 E FrameEvents: updateAcquireFence: Did not find frame.
08-12 19:16:25.409 25963 26106 E FrameEvents: updateAcquireFence: Did not find frame.
08-12 19:16:25.410 25963 26388 I CCodecBufferChannel: pipelineRoom(2) is <= numClientBuffers(3). Not signalling any more buffers to client
08-12 19:16:25.411 25963 26868 I CCodecBufferChannel: pipelineRoom(2) is <= numClientBuffers(2). Not signalling any more buffers to client
08-12 19:16:25.526 25963 26316 I OpenGLRenderer: Davey! duration=9223284460034ms; Flags=0, FrameTimelineVsyncId=6703365, IntendedVsync=87576816254292, Vsync=87576816254292, InputEventId=0, HandleInputStart=87576817917527, AnimationStart=87576817919923, PerformTraversalsStart=87576817923048, DrawStart=87576819466120, FrameDeadline=87576827920958, FrameInterval=87576817902579, FrameStartTime=8333333, SyncQueued=87576819693360, SyncStart=87576823472318, IssueDrawCommandsStart=87576823558516, SwapBuffers=87576826869089, FrameCompleted=9223372036854775807, DequeueBufferDuration=24375, QueueBufferDuration=965573, GpuCompleted=9223372036854775807, SwapBuffersCompleted=87576828307006, DisplayPresentTime=-28540311089265444,
08-12 19:16:25.532 25963 26388 I CCodecBufferChannel: pipelineRoom(1) is <= numClientBuffers(1). Not signalling any more buffers to client
08-12 19:16:25.616 25963 26388 I CCodecBufferChannel: pipelineRoom(2) is <= numClientBuffers(3). Not signalling any more buffers to client
08-12 19:16:25.618 25963 26868 I CCodecBufferChannel: pipelineRoom(2) is <= numClientBuffers(2). Not signalling any more buffers to client
08-12 19:16:25.666 25963 26316 I OpenGLRenderer: Davey! duration=9223284459897ms; Flags=0, FrameTimelineVsyncId=6703399, IntendedVsync=87576956695789, Vsync=87576965029122, InputEventId=0, HandleInputStart=87576966704141, AnimationStart=87576966705548, PerformTraversalsStart=87576966711745, DrawStart=87576966754298, FrameDeadline=87576968362455, FrameInterval=87576966692995, FrameStartTime=8333333, SyncQueued=87576966816277, SyncStart=87576967031173, IssueDrawCommandsStart=87576967061485, SwapBuffers=87576967352683, FrameCompleted=9223372036854775807, DequeueBufferDuration=11093, QueueBufferDuration=1296197, GpuCompleted=9223372036854775807, SwapBuffersCompleted=87576968951277, DisplayPresentTime=87575403032631,
08-12 19:16:25.832 25963 25982 I OpenGLRenderer: Davey! duration=9223284459731ms; Flags=0, FrameTimelineVsyncId=6703439, IntendedVsync=87577121907174, Vsync=87577121907174, InputEventId=0, HandleInputStart=87577122653725, AnimationStart=87577122657631, PerformTraversalsStart=87577125392110, DrawStart=87577126739402, FrameDeadline=87577141907173, FrameInterval=87577122635964, FrameStartTime=8333333, SyncQueued=87577126967422, SyncStart=87577128730391, IssueDrawCommandsStart=87577128814454, SwapBuffers=87577132302475, FrameCompleted=9223372036854775807, DequeueBufferDuration=18334, QueueBufferDuration=494479, GpuCompleted=9223372036854775807, SwapBuffersCompleted=87577133377579, DisplayPresentTime=-42356847224061014,
08-12 19:16:25.856 25963 26388 I CCodecBufferChannel: pipelineRoom(2) is <= numClientBuffers(2). Not signalling any more buffers to client
08-12 19:16:25.979 25963 26388 I CCodecBufferChannel: pipelineRoom(2) is <= numClientBuffers(2). Not signalling any more buffers to client
08-12 19:16:25.981 25963 26388 I CCodecBufferChannel: pipelineRoom(1) is <= numClientBuffers(2). Not signalling any more buffers to client
08-12 19:16:25.982 25963 26388 I CCodecBufferChannel: pipelineRoom(1) is <= numClientBuffers(2). Not signalling any more buffers to client
08-12 19:16:25.982 25963 26868 I CCodecBufferChannel: pipelineRoom(1) is <= numClientBuffers(1). Not signalling any more buffers to client
08-12 19:16:26.102 25963 26106 E FrameEvents: updateAcquireFence: Did not find frame.
08-12 19:16:26.107 25963 26106 E FrameEvents: updateAcquireFence: Did not find frame.
08-12 19:16:26.118 25963 26106 E FrameEvents: updateAcquireFence: Did not find frame.
08-12 19:16:26.126 25963 26106 E FrameEvents: updateAcquireFence: Did not find frame.
08-12 19:16:26.137 25963 26106 E FrameEvents: updateAcquireFence: Did not find frame.
08-12 19:16:26.149 25963 26106 E FrameEvents: updateAcquireFence: Did not find frame.
08-12 19:16:26.155 25963 26106 E FrameEvents: updateAcquireFence: Did not find frame.
08-12 19:16:26.176 25963 26106 E FrameEvents: updateAcquireFence: Did not find frame.
08-12 19:16:26.182 25963 26388 D CCodecBuffers: [c2.android.aac.decoder#411:1D- Input.Impl[N]] codec released a buffer owned by client (index 2)
08-12 19:16:26.188 25963 26106 E FrameEvents: updateAcquireFence: Did not find frame.
08-12 19:16:26.198 25963 26106 E FrameEvents: updateAcquireFence: Did not find frame.
08-12 19:16:26.210 25963 26106 E FrameEvents: updateAcquireFence: Did not find frame.
08-12 19:16:26.223 25963 26106 E FrameEvents: updateAcquireFence: Did not find frame.
08-12 19:16:26.232 25963 26106 E FrameEvents: updateAcquireFence: Did not find frame.
08-12 19:16:26.241 25963 26106 E FrameEvents: updateAcquireFence: Did not find frame.
08-12 19:16:26.252 25963 26106 E FrameEvents: updateAcquireFence: Did not find frame.
08-12 19:16:26.256 25963 27158 I DMCodecAdapterFactory: Creating an asynchronous MediaCodec adapter for track type video
08-12 19:16:26.259 25963 27158 I MediaCodec: video box enabled in settings
08-12 19:16:26.259 25963 27158 I VideoBoxStub: VideoBoxStub::initVideobox
08-12 19:16:26.260 25963 26106 E FrameEvents: updateAcquireFence: Did not find frame.
08-12 19:16:26.262 25963 27158 I VideoBox: VideoBox::VideoBox
08-12 19:16:26.262 25963 27158 I VideoBox: initVideobox
08-12 19:16:26.262 25963 27158 I VideoBox: initVideobox going OMX.qcom.video.decoder.vp9
08-12 19:16:26.262 25963 27158 I VideoBox: initVideobox return false for platform is not support vpp
08-12 19:16:26.262 25963 27158 I VideoBoxStub: VideoBoxStub::releaseVideoBox
08-12 19:16:26.262 25963 27158 I VideoBox: VideoBox::~VideoBox
08-12 19:16:26.263 25963 27158 I MediaCodec: init video box disabled for init not supported
08-12 19:16:26.266 25963 27198 I OMXClient: IOmx service obtained
08-12 19:16:26.269 25963 26106 E FrameEvents: updateAcquireFence: Did not find frame.
08-12 19:16:26.278 25963 27158 D VideoInfo: apkdone.com create OMX.qcom.video.decoder.vp9 in MediaCodec
08-12 19:16:26.280 25963 27196 I MediaCodec: MediaCodec will operate in async mode
08-12 19:16:26.281 25963 27158 I MediaCodec: configure : init video box disabled
08-12 19:16:26.281 25963 27158 I MediaCodec: fps video to display enabled
08-12 19:16:26.281 25963 27158 I MediaCodec: The Fps from player is 20.000000 frameRateFloat 20.000000 frameRateInt -1
08-12 19:16:26.282 25963 27158 D MediaImpl: MediaImpl::sendFrameRate: 20
08-12 19:16:26.282 25963 27158 D MediaImpl: MediaImpl::sendPackageName: apkdone.com
08-12 19:16:26.282 25963 25963 I ExoPlayerImpl: Init ExoPlayerLib/2.4.2 [munch, 22021211RC, Xiaomi, 31]
08-12 19:16:26.283 25963 27158 D MediaStub: MediaStub::sendPackageName apkdone.com
08-12 19:16:26.283 25963 27158 W libc : Access denied finding property "ro.vendor.audio.dolby.vision.support"
08-12 19:16:26.284 25963 27196 D SurfaceUtils: connecting to surface 0xb5a64408, reason connectToSurface
08-12 19:16:26.284 25963 27196 I MediaCodec: [OMX.qcom.video.decoder.vp9] setting surface generation to 26586122
08-12 19:16:26.284 25963 27196 D SurfaceUtils: disconnecting from surface 0xb5a64408, reason connectToSurface(reconnect)
08-12 19:16:26.284 25963 27196 D SurfaceUtils: connecting to surface 0xb5a64408, reason connectToSurface(reconnect)
08-12 19:16:26.289 25963 26106 E FrameEvents: updateAcquireFence: Did not find frame.
08-12 19:16:26.291 25963 27198 I ExtendedACodec: setupVideoDecoder()
08-12 19:16:26.292 25963 27198 E ExtendedACodec: [OMX.qcom.video.decoder.vp9] configureCodec returning error -12
08-12 19:16:26.292 25963 27198 E ACodec : signalError(omxError 0x80001001, internalError -12)
08-12 19:16:26.292 25963 27196 E MediaCodec: Codec reported err 0xfffffff4, actionCode 0, while in state 3/CONFIGURING
08-12 19:16:26.292 25963 27196 D SurfaceUtils: disconnecting from surface 0xb5a64408, reason disconnectFromSurface
08-12 19:16:26.293 25963 27198 E ACodec : [OMX.qcom.video.decoder.vp9] configureCodec returning error -12
08-12 19:16:26.293 25963 27198 E ACodec : signalError(omxError 0x80001001, internalError -12)
08-12 19:16:26.293 25963 27196 E MediaCodec: Codec reported err 0xfffffff4, actionCode 0, while in state 0/UNINITIALIZED
08-12 19:16:26.298 25963 26106 E FrameEvents: updateAcquireFence: Did not find frame.
08-12 19:16:26.302 25963 26868 I CCodecBufferChannel: pipelineRoom(1) is <= numClientBuffers(1). Not signalling any more buffers to client
08-12 19:16:26.302 25963 26388 I CCodecBufferChannel: pipelineRoom(1) is <= numClientBuffers(1). Not signalling any more buffers to client
08-12 19:16:26.316 25963 26106 E FrameEvents: updateAcquireFence: Did not find frame.
08-12 19:16:26.326 25963 26106 E FrameEvents: updateAcquireFence: Did not find frame.
08-12 19:16:26.333 25963 26106 E FrameEvents: updateAcquireFence: Did not find frame.
08-12 19:16:26.335 25963 26314 I OpenGLRenderer: Davey! duration=9223284459228ms; Flags=0, FrameTimelineVsyncId=6703561, IntendedVsync=87577625875574, Vsync=87577625875574, InputEventId=0, HandleInputStart=87577629218099, AnimationStart=87577629219766, PerformTraversalsStart=87577630212474, DrawStart=87577633267110, FrameDeadline=87577637542240, FrameInterval=87577629207526, FrameStartTime=8333333, SyncQueued=87577633541381, SyncStart=87577634399662, IssueDrawCommandsStart=87577634443881, SwapBuffers=87577636135026, FrameCompleted=9223372036854775807, DequeueBufferDuration=8281, QueueBufferDuration=446927, GpuCompleted=9223372036854775807, SwapBuffersCompleted=87577636892943, DisplayPresentTime=-54511054918954634,
08-12 19:16:26.342 25963 26106 E FrameEvents: updateAcquireFence: Did not find frame.
08-12 19:16:26.345 25963 25982 I OpenGLRenderer: Davey! duration=9223284459220ms; Flags=0, FrameTimelineVsyncId=6703563, IntendedVsync=87577634129818, Vsync=87577634129818, InputEventId=0, HandleInputStart=87577635772266, AnimationStart=87577635773620, PerformTraversalsStart=87577637221797, DrawStart=87577640853099, FrameDeadline=87577654129817, FrameInterval=87577635762526, FrameStartTime=8333333, SyncQueued=87577641122631, SyncStart=87577641673985, IssueDrawCommandsStart=87577641722214, SwapBuffers=87577645158568, FrameCompleted=9223372036854775807, DequeueBufferDuration=11250, QueueBufferDuration=897135, GpuCompleted=9223372036854775807, SwapBuffersCompleted=87577646308829, DisplayPresentTime=-39528864661991501,
08-12 19:16:26.348 25963 26106 E FrameEvents: updateAcquireFence: Did not find frame.
08-12 19:16:26.352 25963 26314 I OpenGLRenderer: Davey! duration=9223284459211ms; Flags=0, FrameTimelineVsyncId=6703565, IntendedVsync=87577642392363, Vsync=87577642392363, InputEventId=0, HandleInputStart=87577644716433, AnimationStart=87577644717839, PerformTraversalsStart=87577646573412, DrawStart=87577649203047, FrameDeadline=87577662392362, FrameInterval=87577644706849, FrameStartTime=8333333, SyncQueued=87577649453881, SyncStart=87577650083776, IssueDrawCommandsStart=87577650493308, SwapBuffers=87577653421016, FrameCompleted=9223372036854775807, DequeueBufferDuration=10833, QueueBufferDuration=380469, GpuCompleted=9223372036854775807, SwapBuffersCompleted=87577654011329, DisplayPresentTime=-36721858719739473,
08-12 19:16:26.356 25963 26106 E FrameEvents: updateAcquireFence: Did not find frame.
08-12 19:16:26.414 25963 26388 I CCodecBufferChannel: pipelineRoom(2) is <= numClientBuffers(3). Not signalling any more buffers to client
08-12 19:16:26.414 25963 26868 I CCodecBufferChannel: pipelineRoom(2) is <= numClientBuffers(2). Not signalling any more buffers to client
08-12 19:16:26.438 25963 27213 I MediaCodec: video box enabled in settings
08-12 19:16:26.438 25963 27213 I MediaCodec: init video box disabled for codec not supported
08-12 19:16:26.438 25963 27229 D CCodec : allocate(c2.android.aac.decoder)
08-12 19:16:26.444 25963 27229 I CCodec : setting up 'default' as default (vendor) store
08-12 19:16:26.445 25963 27229 I CCodec : Created component [c2.android.aac.decoder]
08-12 19:16:26.445 25963 27229 D CCodecConfig: read media type: audio/mp4a-latm
08-12 19:16:26.447 25963 27229 D ReflectedParamUpdater: extent() != 1 for single value type: algo.buffers.max-count.values
08-12 19:16:26.447 25963 27229 D ReflectedParamUpdater: extent() != 1 for single value type: output.subscribed-indices.values
08-12 19:16:26.447 25963 27229 D ReflectedParamUpdater: extent() != 1 for single value type: input.buffers.allocator-ids.values
08-12 19:16:26.447 25963 27229 D ReflectedParamUpdater: extent() != 1 for single value type: output.buffers.allocator-ids.values
08-12 19:16:26.447 25963 27229 D ReflectedParamUpdater: extent() != 1 for single value type: algo.buffers.allocator-ids.values
08-12 19:16:26.448 25963 27229 D ReflectedParamUpdater: extent() != 1 for single value type: output.buffers.pool-ids.values
08-12 19:16:26.448 25963 27229 D ReflectedParamUpdater: extent() != 1 for single value type: algo.buffers.pool-ids.values
08-12 19:16:26.450 25963 27229 I CCodecConfig: query failed after returning 19 values (BAD_INDEX)
08-12 19:16:26.450 25963 27229 D CCodecConfig: c2 config diff is Dict {
08-12 19:16:26.450 25963 27229 D CCodecConfig: c2::u32 coded.aac-packaging.value = 0
08-12 19:16:26.450 25963 27229 D CCodecConfig: c2::u32 coded.bitrate.value = 64000
08-12 19:16:26.450 25963 27229 D CCodecConfig: c2::u32 coded.pl.level = 0
08-12 19:16:26.450 25963 27229 D CCodecConfig: c2::u32 coded.pl.profile = 8192
08-12 19:16:26.450 25963 27229 D CCodecConfig: c2::i32 coding.drc.album- mode.value = 0
08-12 19:16:26.450 25963 27229 D CCodecConfig: c2::float coding.drc.attenuation- factor.value = 1
08-12 19:16:26.450 25963 27229 D CCodecConfig: c2::float coding.drc.boost- factor.value = 1
08-12 19:16:26.450 25963 27229 D CCodecConfig: c2::i32 coding.drc.compression- mode.value = 3
08-12 19:16:26.450 25963 27229 D CCodecConfig: c2::i32 coding.drc.effect- type.value = 3
08-12 19:16:26.450 25963 27229 D CCodecConfig: c2::float coding.drc.encoded- level.value = 0.25
08-12 19:16:26.450 25963 27229 D CCodecConfig: c2::float coding.drc.reference- level.value = -16
08-12 19:16:26.450 25963 27229 D CCodecConfig: c2::u32 input.buffers.max- size.value = 8192
08-12 19:16:26.450 25963 27229 D CCodecConfig: c2::u32 input.delay.value = 0
08-12 19:16:26.450 25963 27229 D CCodecConfig: string input.media-type.value = "audio/mp4a-latm"
08-12 19:16:26.450 25963 27229 D CCodecConfig: c2::u32 output.delay.value = 2
08-12 19:16:26.450 25963 27229 D CCodecConfig: c2::float output.drc.output- loudness.value = 0.25
08-12 19:16:26.450 25963 27229 D CCodecConfig: string output.media-type.value = "audio/raw"
08-12 19:16:26.450 25963 27229 D CCodecConfig: c2::u32 raw.channel-count.value = 1
08-12 19:16:26.450 25963 27229 D CCodecConfig: c2::u32 raw.max-channel- count.value = 8
08-12 19:16:26.450 25963 27229 D CCodecConfig: c2::u32 raw.sample-rate.value = 44100
08-12 19:16:26.450 25963 27229 D CCodecConfig: }
08-12 19:16:26.451 25963 27213 W libc : Access denied finding property "ro.vendor.audio.dolby.vision.support"
08-12 19:16:26.451 25963 27229 D CCodec : [c2.android.aac.decoder] buffers are bound to CCodec for this session
08-12 19:16:26.451 25963 27229 D CCodecConfig: no c2 equivalents for language
08-12 19:16:26.451 25963 27229 D CCodecConfig: no c2 equivalents for flags
08-12 19:16:26.452 25963 27229 W Codec2Client: query -- param skipped: index = 1107298332.
08-12 19:16:26.452 25963 27229 D CCodec : setup formats input: AMessage(what = 0x00000000) = {
08-12 19:16:26.452 25963 27229 D CCodec : int32_t aac-drc-album-mode = 0
08-12 19:16:26.452 25963 27229 D CCodec : int32_t aac-drc-boost-level = 127
08-12 19:16:26.452 25963 27229 D CCodec : int32_t aac-drc-cut-level = 127
08-12 19:16:26.452 25963 27229 D CCodec : int32_t aac-drc-effect-type = 3
08-12 19:16:26.452 25963 27229 D CCodec : int32_t aac-drc-heavy-compression = 3
08-12 19:16:26.452 25963 27229 D CCodec : int32_t aac-encoded-target-level = -1
08-12 19:16:26.452 25963 27229 D CCodec : int32_t aac-max-output-channel_count = 8
08-12 19:16:26.452 25963 27229 D CCodec : int32_t aac-target-ref-level = 64
08-12 19:16:26.452 25963 27229 D CCodec : int32_t bitrate = 64000
08-12 19:16:26.452 25963 27229 D CCodec : int32_t channel-count = 2
08-12 19:16:26.452 25963 27229 D CCodec : int32_t level = 0
08-12 19:16:26.452 25963 27229 D CCodec : int32_t max-input-size = 8192
08-12 19:16:26.452 25963 27229 D CCodec : string mime = "audio/mp4a-latm"
08-12 19:16:26.452 25963 27229 D CCodec : int32_t profile = 2
08-12 19:16:26.452 25963 27229 D CCodec : int32_t sample-rate = 44100
08-12 19:16:26.452 25963 27229 D CCodec : }
08-12 19:16:26.452 25963 27229 D CCodec : setup formats output: AMessage(what = 0x00000000) = {
08-12 19:16:26.452 25963 27229 D CCodec : int32_t aac-drc-album-mode = 0
08-12 19:16:26.452 25963 27229 D CCodec : int32_t aac-drc-boost-level = 127
08-12 19:16:26.452 25963 27229 D CCodec : int32_t aac-drc-cut-level = 127
08-12 19:16:26.452 25963 27229 D CCodec : int32_t aac-drc-effect-type = 3
08-12 19:16:26.452 25963 27229 D CCodec : int32_t aac-drc-heavy-compression = 3
08-12 19:16:26.452 25963 27229 D CCodec : int32_t aac-drc-output-loudness = -1
08-12 19:16:26.452 25963 27229 D CCodec : int32_t aac-encoded-target-level = -1
08-12 19:16:26.452 25963 27229 D CCodec : int32_t aac-max-output-channel_count = 8
08-12 19:16:26.452 25963 27229 D CCodec : int32_t aac-target-ref-level = 64
08-12 19:16:26.452 25963 27229 D CCodec : int32_t channel-count = 2
08-12 19:16:26.452 25963 27229 D CCodec : string mime = "audio/raw"
08-12 19:16:26.452 25963 27229 D CCodec : int32_t sample-rate = 44100
08-12 19:16:26.452 25963 27229 D CCodec : int32_t android._config-pcm-encoding = 2
08-12 19:16:26.452 25963 27229 D CCodec : }
08-12 19:16:26.452 25963 27229 I CCodecConfig: query failed after returning 19 values (BAD_INDEX)
08-12 19:16:26.452 25963 27229 D MediaImpl: MediaImpl::sendMine: audio/mp4a-latm
08-12 19:16:26.452 25963 27229 D MediaStub: MediaStub::sendMine audio/mp4a-latm
08-12 19:16:26.454 25963 27229 W Codec2Client: query -- param skipped: index = 1342179345.
08-12 19:16:26.454 25963 27229 W Codec2Client: query -- param skipped: index = 2415921170.
08-12 19:16:26.454 25963 27229 W Codec2Client: query -- param skipped: index = 1610614798.
08-12 19:16:26.454 25963 27229 D CCodecBufferChannel: [c2.android.aac.decoder#344] Created input block pool with allocatorID 16 => poolID 21 - OK (0)
08-12 19:16:26.455 25963 27229 I CCodecBufferChannel: [c2.android.aac.decoder#344] Created output block pool with allocatorID 16 => poolID 255 - OK
08-12 19:16:26.455 25963 27229 D CCodecBufferChannel: [c2.android.aac.decoder#344] Configured output block pool ids 255 => OK
08-12 19:16:26.455 25963 27229 D CCodecBufferChannel: [c2.android.aac.decoder#344] start: updating output delay 2
08-12 19:16:26.463 25963 26388 I CCodecBufferChannel: pipelineRoom(1) is <= numClientBuffers(1). Not signalling any more buffers to client
08-12 19:16:26.464 25963 26388 I CCodecBufferChannel: pipelineRoom(2) is <= numClientBuffers(2). Not signalling any more buffers to client
08-12 19:16:26.465 25963 27213 I MediaCodec: video box enabled in settings
08-12 19:16:26.465 25963 27213 I VideoBoxStub: VideoBoxStub::initVideobox
08-12 19:16:26.468 25963 27213 I VideoBox: VideoBox::VideoBox
08-12 19:16:26.468 25963 27213 I VideoBox: initVideobox
08-12 19:16:26.468 25963 27213 I VideoBox: initVideobox going OMX.qcom.video.decoder.vp9
08-12 19:16:26.468 25963 27213 I VideoBox: initVideobox return false for platform is not support vpp
08-12 19:16:26.468 25963 27213 I VideoBoxStub: VideoBoxStub::releaseVideoBox
08-12 19:16:26.468 25963 27213 I VideoBox: VideoBox::~VideoBox
08-12 19:16:26.468 25963 27213 I MediaCodec: init video box disabled for init not supported
08-12 19:16:26.471 25963 27241 I OMXClient: IOmx service obtained
08-12 19:16:26.481 25963 27213 D VideoInfo: apkdone.com create OMX.qcom.video.decoder.vp9 in MediaCodec
08-12 19:16:26.485 25963 27213 I MediaCodec: configure : init video box disabled
08-12 19:16:26.485 25963 27213 I MediaCodec: fps video to display enabled
08-12 19:16:26.485 25963 27213 I MediaCodec: The Fps from player is 0.000000 frameRateFloat -1.000000 frameRateInt -1
08-12 19:16:26.487 25963 27213 D MediaImpl: MediaImpl::sendFrameRate: -1
08-12 19:16:26.487 25963 27213 D MediaImpl: MediaImpl::sendPackageName: apkdone.com
08-12 19:16:26.487 25963 27213 D MediaStub: MediaStub::sendPackageName apkdone.com
08-12 19:16:26.487 25963 27213 W libc : Access denied finding property "ro.vendor.audio.dolby.vision.support"
08-12 19:16:26.487 25963 27239 D SurfaceUtils: connecting to surface 0xaa55e808, reason connectToSurface
08-12 19:16:26.487 25963 27239 I MediaCodec: [OMX.qcom.video.decoder.vp9] setting surface generation to 26586123
08-12 19:16:26.487 25963 27239 D SurfaceUtils: disconnecting from surface 0xaa55e808, reason connectToSurface(reconnect)
08-12 19:16:26.487 25963 27239 D SurfaceUtils: connecting to surface 0xaa55e808, reason connectToSurface(reconnect)
08-12 19:16:26.489 25963 27241 I ExtendedACodec: setupVideoDecoder()
08-12 19:16:26.490 25963 27241 E ExtendedACodec: [OMX.qcom.video.decoder.vp9] configureCodec returning error -12
08-12 19:16:26.490 25963 27241 E ACodec : signalError(omxError 0x80001001, internalError -12)
08-12 19:16:26.490 25963 27241 E ACodec : [OMX.qcom.video.decoder.vp9] configureCodec returning error -12
08-12 19:16:26.490 25963 27241 E ACodec : signalError(omxError 0x80001001, internalError -12)
08-12 19:16:26.490 25963 27239 E MediaCodec: Codec reported err 0xfffffff4, actionCode 0, while in state 3/CONFIGURING
08-12 19:16:26.490 25963 27239 D SurfaceUtils: disconnecting from surface 0xaa55e808, reason disconnectFromSurface
08-12 19:16:26.491 25963 27239 E MediaCodec: Codec reported err 0xfffffff4, actionCode 0, while in state 0/UNINITIALIZED
08-12 19:16:26.621 25963 26388 I CCodecBufferChannel: pipelineRoom(2) is <= numClientBuffers(2). Not signalling any more buffers to client
08-12 19:16:26.732 25963 26388 I CCodecBufferChannel: pipelineRoom(1) is <= numClientBuffers(2). Not signalling any more buffers to client
08-12 19:16:26.732 25963 26388 I CCodecBufferChannel: pipelineRoom(1) is <= numClientBuffers(2). Not signalling any more buffers to client
08-12 19:16:26.734 25963 26868 I CCodecBufferChannel: pipelineRoom(1) is <= numClientBuffers(1). Not signalling any more buffers to client
08-12 19:16:26.734 25963 26388 I CCodecBufferChannel: pipelineRoom(1) is <= numClientBuffers(1). Not signalling any more buffers to client
08-12 19:16:26.734 25963 26868 I CCodecBufferChannel: pipelineRoom(2) is <= numClientBuffers(2). Not signalling any more buffers to client
08-12 19:16:26.778 25963 26106 E FrameEvents: updateAcquireFence: Did not find frame.
08-12 19:16:26.839 25963 27158 W BpBinder: Slow Binder: BpBinder transact took 546 ms, interface=android.media.IResourceManagerService, code=5 oneway=false
08-12 19:16:26.840 25963 27158 E MediaCodec: configure failed with err 0xfffffff4, resetting...
08-12 19:16:26.844 25963 27196 D MediaCodec: kWhatReleaseCompleted
08-12 19:16:26.845 25963 27196 D MediaImpl: FRC not support: valueSupport :
08-12 19:16:26.845 25963 27196 D MediaImpl: AIE not support: valueSupport :
08-12 19:16:26.845 25963 27196 D MediaImpl: AIS not support: valueSupport :
08-12 19:16:26.845 25963 27196 D MediaImpl: sendVideoPlayData, start
08-12 19:16:26.845 25963 27196 D MediaImpl: MediaImpl::sendVideoPlayData::mediacodec_mime : audio/mp4a-latm
08-12 19:16:26.845 25963 27196 D MediaImpl: MediaImpl::sendVideoPlayData::mediacodec_packgeName : apkdone.com
08-12 19:16:26.845 25963 27196 D MediaImpl: MediaImpl::sendVideoPlayData::mine : audio/mp4a-latm
08-12 19:16:26.845 25963 27196 D MediaImpl: MediaImpl::sendVideoPlayData::packgeName : apkdone.com
08-12 19:16:26.845 25963 27196 E send_data_to_xlog: send_video_play_to_xlog, start
08-12 19:16:26.845 25963 27196 D send_data_to_xlog: send_video_play_to_xlog::mine : audio/mp4a-latm
08-12 19:16:26.845 25963 27196 D send_data_to_xlog: send_video_play_to_xlog::packgeName : apkdone.com
08-12 19:16:26.845 25963 27196 V xlog_client: xlog_send msg_id: 13
08-12 19:16:26.845 25963 27196 V xlog_client: xlog_send
08-12 19:16:26.846 25963 27196 E xlog_client: xlog_open: Error in open xlog
08-12 19:16:26.846 25963 27196 E xlog_client: xlog open fail
08-12 19:16:26.847 25963 27158 I MediaCodec: video box enabled in settings
08-12 19:16:26.847 25963 27158 I VideoBoxStub: VideoBoxStub::initVideobox
08-12 19:16:26.851 25963 27158 I VideoBox: VideoBox::VideoBox
08-12 19:16:26.851 25963 27158 I VideoBox: initVideobox
08-12 19:16:26.851 25963 27158 I VideoBox: initVideobox going OMX.qcom.video.decoder.vp9
08-12 19:16:26.851 25963 27158 I VideoBox: initVideobox return false for platform is not support vpp
08-12 19:16:26.851 25963 27158 I VideoBoxStub: VideoBoxStub::releaseVideoBox
08-12 19:16:26.851 25963 27158 I VideoBox: VideoBox::~VideoBox
08-12 19:16:26.852 25963 27158 I MediaCodec: init video box disabled for init not supported
08-12 19:16:26.854 25963 27198 I OMXClient: IOmx service obtained
08-12 19:16:26.863 25963 27158 D VideoInfo: apkdone.com create OMX.qcom.video.decoder.vp9 in MediaCodec
08-12 19:16:26.863 25963 27196 I MediaCodec: MediaCodec will operate in async mode
08-12 19:16:26.863 25963 27196 D SurfaceUtils: connecting to surface 0xb5a64408, reason connectToSurface
08-12 19:16:26.863 25963 27196 I MediaCodec: [OMX.qcom.video.decoder.vp9] setting surface generation to 26586124
08-12 19:16:26.863 25963 27196 D SurfaceUtils: disconnecting from surface 0xb5a64408, reason connectToSurface(reconnect)
08-12 19:16:26.863 25963 27196 D SurfaceUtils: connecting to surface 0xb5a64408, reason connectToSurface(reconnect)
08-12 19:16:26.866 25963 27198 I ExtendedACodec: setupVideoDecoder()
08-12 19:16:26.868 25963 27198 E ExtendedACodec: [OMX.qcom.video.decoder.vp9] configureCodec returning error -12
08-12 19:16:26.868 25963 27198 E ACodec : signalError(omxError 0x80001001, internalError -12)
08-12 19:16:26.868 25963 27198 E ACodec : [OMX.qcom.video.decoder.vp9] configureCodec returning error -12
08-12 19:16:26.868 25963 27196 E MediaCodec: Codec reported err 0xfffffff4, actionCode 0, while in state 3/CONFIGURING
08-12 19:16:26.868 25963 27198 E ACodec : signalError(omxError 0x80001001, internalError -12)
08-12 19:16:26.868 25963 27196 D SurfaceUtils: disconnecting from surface 0xb5a64408, reason disconnectFromSurface
08-12 19:16:26.868 25963 27196 E MediaCodec: Codec reported err 0xfffffff4, actionCode 0, while in state 0/UNINITIALIZED
08-12 19:16:26.901 25963 26106 E FrameEvents: updateAcquireFence: Did not find frame.
08-12 19:16:26.909 25963 26106 E FrameEvents: updateAcquireFence: Did not find frame.
08-12 19:16:26.918 25963 26106 E FrameEvents: updateAcquireFence: Did not find frame.
08-12 19:16:26.926 25963 26106 E FrameEvents: updateAcquireFence: Did not find frame.
08-12 19:16:26.939 25963 26106 E FrameEvents: updateAcquireFence: Did not find frame.
08-12 19:16:26.951 25963 26106 E FrameEvents: updateAcquireFence: Did not find frame.
08-12 19:16:26.968 25963 25963 I PlayCore: UID: [10403] PID: [25963] PrewarmService : prewarm(apkdone.com)
08-12 19:16:26.968 25963 26674 I PlayCore: UID: [10403] PID: [25963] PrewarmService : Initiate binding to the service.
08-12 19:16:26.972 25963 26674 I PlayCore: UID: [10403] PID: [25963] PrewarmService : Failed to bind to the service.
08-12 19:16:26.973 25963 26106 E FrameEvents: updateAcquireFence: Did not find frame.
08-12 19:16:26.981 25963 26106 E FrameEvents: updateAcquireFence: Did not find frame.
08-12 19:16:26.992 25963 26106 E FrameEvents: updateAcquireFence: Did not find frame.
08-12 19:16:27.008 25963 26106 E FrameEvents: updateAcquireFence: Did not find frame.
08-12 19:16:27.011 25963 26106 E FrameEvents: updateAcquireFence: Did not find frame.
08-12 19:16:27.015 25963 26106 E FrameEvents: updateAcquireFence: Did not find frame.
08-12 19:16:27.029 25963 26106 E FrameEvents: updateAcquireFence: Did not find frame.
08-12 19:16:27.036 25963 26106 E FrameEvents: updateAcquireFence: Did not find frame.
08-12 19:16:27.047 25963 26106 E FrameEvents: updateAcquireFence: Did not find frame.
08-12 19:16:27.056 25963 26106 E FrameEvents: updateAcquireFence: Did not find frame.
08-12 19:16:27.066 25963 26388 I CCodecBufferChannel: pipelineRoom(2) is <= numClientBuffers(2). Not signalling any more buffers to client
08-12 19:16:27.066 25963 26388 I CCodecBufferChannel: pipelineRoom(2) is <= numClientBuffers(2). Not signalling any more buffers to client
08-12 19:16:27.066 25963 26868 I CCodecBufferChannel: pipelineRoom(2) is <= numClientBuffers(2). Not signalling any more buffers to client
08-12 19:16:27.068 25963 26106 E FrameEvents: updateAcquireFence: Did not find frame.
08-12 19:16:27.075 25963 26106 E FrameEvents: updateAcquireFence: Did not find frame.
08-12 19:16:27.078 25963 27213 W BpBinder: Slow Binder: BpBinder transact took 587 ms, interface=android.media.IResourceManagerService, code=5 oneway=false
08-12 19:16:27.078 25963 27213 E MediaCodec: configure failed with err 0xfffffff4, resetting...
08-12 19:16:27.079 25963 25984 I OpenGLRenderer: Davey! duration=9223284458493ms; Flags=0, FrameTimelineVsyncId=6703729, IntendedVsync=87578361086243, Vsync=87578361086243, InputEventId=0, HandleInputStart=87578365903099, AnimationStart=87578365906641, PerformTraversalsStart=87578365928412, DrawStart=87578375967422, FrameDeadline=87578372752909, FrameInterval=87578365871120, FrameStartTime=8333333, SyncQueued=87578377483776, SyncStart=87578377864505, IssueDrawCommandsStart=87578377927734, SwapBuffers=87578379544453, FrameCompleted=9223372036854775807, DequeueBufferDuration=8594, QueueBufferDuration=502292, GpuCompleted=9223372036854775807, SwapBuffersCompleted=87578380369662, DisplayPresentTime=-58204533520648630,
08-12 19:16:27.080 25963 27239 D MediaCodec: kWhatReleaseCompleted
08-12 19:16:27.081 25963 27239 D MediaImpl: FRC not support: valueSupport :
08-12 19:16:27.081 25963 27239 D MediaImpl: AIE not support: valueSupport :
08-12 19:16:27.081 25963 27239 D MediaImpl: AIS not support: valueSupport :
08-12 19:16:27.081 25963 27239 D MediaImpl: sendVideoPlayData, start
08-12 19:16:27.081 25963 27239 D MediaImpl: MediaImpl::sendVideoPlayData::mediacodec_mime : audio/mp4a-latm
08-12 19:16:27.081 25963 27239 D MediaImpl: MediaImpl::sendVideoPlayData::mediacodec_packgeName : apkdone.com
08-12 19:16:27.081 25963 27239 D MediaImpl: MediaImpl::sendVideoPlayData::mine : audio/mp4a-latm
08-12 19:16:27.081 25963 27239 D MediaImpl: MediaImpl::sendVideoPlayData::packgeName : apkdone.com
08-12 19:16:27.082 25963 27239 E send_data_to_xlog: send_video_play_to_xlog, start
08-12 19:16:27.082 25963 27239 D send_data_to_xlog: send_video_play_to_xlog::mine : audio/mp4a-latm
08-12 19:16:27.082 25963 27239 D send_data_to_xlog: send_video_play_to_xlog::packgeName : apkdone.com
08-12 19:16:27.082 25963 27239 V xlog_client: xlog_send msg_id: 13
08-12 19:16:27.082 25963 27239 V xlog_client: xlog_send
08-12 19:16:27.082 25963 27213 I MediaCodec: video box enabled in settings
08-12 19:16:27.082 25963 27213 I VideoBoxStub: VideoBoxStub::initVideobox
08-12 19:16:27.082 25963 26106 E FrameEvents: updateAcquireFence: Did not find frame.
08-12 19:16:27.083 25963 27239 E xlog_client: xlog_open: Error in open xlog
08-12 19:16:27.083 25963 27239 E xlog_client: xlog open fail
08-12 19:16:27.085 25963 27213 I VideoBox: VideoBox::VideoBox
08-12 19:16:27.085 25963 27213 I VideoBox: initVideobox
08-12 19:16:27.085 25963 27213 I VideoBox: initVideobox going OMX.qcom.video.decoder.vp9
08-12 19:16:27.085 25963 27213 I VideoBox: initVideobox return false for platform is not support vpp
08-12 19:16:27.085 25963 27213 I VideoBoxStub: VideoBoxStub::releaseVideoBox
08-12 19:16:27.086 25963 27213 I VideoBox: VideoBox::~VideoBox
