08-12 19:15:37.207 25963 26681 D SurfaceUtils: disconnecting from surface 0xb0fc8008, reason disconnectFromSurface
08-12 19:15:37.207 25963 26681 E Surface : freeAllBuffers: 15 buffers were freed while being dequeued!
08-12 19:15:37.208 25963 26667 I AudioTrack: AudioTrack::setVolume L:0.000000 R:0.000000 and the pakage is apkdone.com
08-12 19:15:37.209 25963 26667 W libc : Access denied finding property "ro.vendor.audio.shortvideo.index"
08-12 19:15:37.215 25963 26106 E FrameEvents: updateAcquireFence: Did not find frame.
08-12 19:15:37.220 25963 26106 E FrameEvents: updateAcquireFence: Did not find frame.
08-12 19:15:37.224 25963 25963 D DecorView[]: onWindowFocusChanged hasWindowFocus false
08-12 19:15:37.225 25963 25963 D DecorView[]: onWindowFocusChanged hasWindowFocus true
08-12 19:15:37.227 25963 25982 I OpenGLRenderer: Davey! duration=9223284508415ms; Flags=0, FrameTimelineVsyncId=6693480, IntendedVsync=87528434563084, Vsync=87528501229748, InputEventId=0, HandleInputStart=87528509199889, AnimationStart=87528509201399, PerformTraversalsStart=87528510669004, DrawStart=87528517051347, FrameDeadline=87528454563083, FrameInterval=87528509185201, FrameStartTime=8333333, SyncQueued=87528523027754, SyncStart=87528527860306, IssueDrawCommandsStart=87528527964316, SwapBuffers=87528528349889, FrameCompleted=9223372036854775807, DequeueBufferDuration=9271, QueueBufferDuration=990834, GpuCompleted=9223372036854775807, SwapBuffersCompleted=87528529588379, DisplayPresentTime=87527111979629,
08-12 19:15:37.240 25963 26667 I AudioTrack: AudioTrack::setVolume L:1.000000 R:1.000000 and the pakage is apkdone.com
08-12 19:15:37.240 25963 26667 W libc : Access denied finding property "ro.vendor.audio.shortvideo.index"
08-12 19:15:37.245 25963 26388 D BufferPoolAccessor2.0: bufferpool2 0x9387ee18 : 4(32768 size) total buffers - 4(32768 size) used buffers - 1/6 (recycle/alloc) - 5/24 (fetch/transfer)
08-12 19:15:37.247 25963 26388 I CCodecBufferChannel: pipelineRoom(2) is <= numClientBuffers(3). Not signalling any more buffers to client
08-12 19:15:37.248 25963 26676 I CCodecBufferChannel: pipelineRoom(2) is <= numClientBuffers(2). Not signalling any more buffers to client
08-12 19:15:37.371 25963 26388 I CCodecBufferChannel: pipelineRoom(2) is <= numClientBuffers(2). Not signalling any more buffers to client
08-12 19:15:37.384 25963 26106 E FrameEvents: updateAcquireFence: Did not find frame.
08-12 19:15:37.385 25963 26106 E FrameEvents: updateAcquireFence: Did not find frame.
08-12 19:15:37.436 25963 26388 I CCodecBufferChannel: pipelineRoom(2) is <= numClientBuffers(3). Not signalling any more buffers to client
08-12 19:15:37.439 25963 26676 I CCodecBufferChannel: pipelineRoom(2) is <= numClientBuffers(2). Not signalling any more buffers to client
08-12 19:15:37.550 25963 26676 I CCodecBufferChannel: pipelineRoom(2) is <= numClientBuffers(2). Not signalling any more buffers to client
08-12 19:15:37.550 25963 26388 I CCodecBufferChannel: pipelineRoom(2) is <= numClientBuffers(2). Not signalling any more buffers to client
08-12 19:15:37.671 25963 26388 I CCodecBufferChannel: pipelineRoom(2) is <= numClientBuffers(3). Not signalling any more buffers to client
08-12 19:15:37.671 25963 26676 I CCodecBufferChannel: pipelineRoom(2) is <= numClientBuffers(2). Not signalling any more buffers to client
08-12 19:15:37.672 25963 26388 I CCodecBufferChannel: pipelineRoom(3) is <= numClientBuffers(3). Not signalling any more buffers to client
08-12 19:15:37.795 25963 26388 I CCodecBufferChannel: pipelineRoom(1) is <= numClientBuffers(1). Not signalling any more buffers to client
08-12 19:15:37.796 25963 26388 I CCodecBufferChannel: pipelineRoom(2) is <= numClientBuffers(2). Not signalling any more buffers to client
08-12 19:15:37.876 25963 26388 I CCodecBufferChannel: pipelineRoom(2) is <= numClientBuffers(3). Not signalling any more buffers to client
08-12 19:15:37.878 25963 26388 D CCodecBuffers: [c2.android.aac.decoder#129:1D- Input.Impl[N]] codec released a buffer owned by client (index 1)
08-12 19:15:37.878 25963 26388 I CCodecBufferChannel: pipelineRoom(2) is <= numClientBuffers(3). Not signalling any more buffers to client
08-12 19:15:37.878 25963 26676 I CCodecBufferChannel: pipelineRoom(2) is <= numClientBuffers(2). Not signalling any more buffers to client
08-12 19:15:37.990 25963 26388 I CCodecBufferChannel: pipelineRoom(1) is <= numClientBuffers(2). Not signalling any more buffers to client
08-12 19:15:37.990 25963 26676 I CCodecBufferChannel: pipelineRoom(1) is <= numClientBuffers(1). Not signalling any more buffers to client
08-12 19:15:38.111 25963 26388 I CCodecBufferChannel: pipelineRoom(1) is <= numClientBuffers(1). Not signalling any more buffers to client
08-12 19:15:38.112 25963 26388 I CCodecBufferChannel: pipelineRoom(1) is <= numClientBuffers(1). Not signalling any more buffers to client
08-12 19:15:38.210 25963 26633 I OpenGLRenderer: Davey! duration=9223284507352ms; Flags=0, FrameTimelineVsyncId=6693730, IntendedVsync=87529500328042, Vsync=87529500328042, InputEventId=0, HandleInputStart=87529501745930, AnimationStart=87529501748274, PerformTraversalsStart=87529501751034, DrawStart=87529502796659, FrameDeadline=87529511994708, FrameInterval=87529501720930, FrameStartTime=8333333, SyncQueued=87529503037024, SyncStart=87529505336711, IssueDrawCommandsStart=87529505878795, SwapBuffers=87529510965409, FrameCompleted=9223372036854775807, DequeueBufferDuration=23020, QueueBufferDuration=1741093, GpuCompleted=9223372036854775807, SwapBuffersCompleted=87529513161607, DisplayPresentTime=0,
08-12 19:15:38.230 25963 26388 I CCodecBufferChannel: pipelineRoom(2) is <= numClientBuffers(2). Not signalling any more buffers to client
08-12 19:15:38.334 25963 25982 I OpenGLRenderer: Davey! duration=9223284507228ms; Flags=0, FrameTimelineVsyncId=6693759, IntendedVsync=87529624287146, Vsync=87529624287146, InputEventId=0, HandleInputStart=87529626097909, AnimationStart=87529626100878, PerformTraversalsStart=87529626103586, DrawStart=87529628691295, FrameDeadline=87529644287145, FrameInterval=87529626068066, FrameStartTime=8333333, SyncQueued=87529629105670, SyncStart=87529631312545, IssueDrawCommandsStart=87529631450461, SwapBuffers=87529634408274, FrameCompleted=9223372036854775807, DequeueBufferDuration=23281, QueueBufferDuration=604687, GpuCompleted=9223372036854775807, SwapBuffersCompleted=87529635544993, DisplayPresentTime=0,
08-12 19:15:38.402 25963 25963 E MethodChannel#jojoy.app_resource_plugin: Failed to handle method call
08-12 19:15:38.402 25963 25963 E MethodChannel#jojoy.app_resource_plugin: android.content.res.Resources$NotFoundException: Drawable apkdone.com:mipmap/ic_launcher_foreground with resource ID #0x7f0f0001
08-12 19:15:38.402 25963 25963 E MethodChannel#jojoy.app_resource_plugin: Caused by: android.content.res.Resources$NotFoundException: File res/mipmap/ic_launcher_foreground.xml from drawable resource ID #0x7f0f0001
08-12 19:15:38.402 25963 25963 E MethodChannel#jojoy.app_resource_plugin: at android.content.res.ResourcesImpl.loadDrawableForCookie(ResourcesImpl.java:900)
08-12 19:15:38.402 25963 25963 E MethodChannel#jojoy.app_resource_plugin: at android.content.res.ResourcesImpl.loadDrawable(ResourcesImpl.java:691)
08-12 19:15:38.402 25963 25963 E MethodChannel#jojoy.app_resource_plugin: at android.content.res.MiuiResourcesImpl.loadDrawable(MiuiResourcesImpl.java:307)
08-12 19:15:38.402 25963 25963 E MethodChannel#jojoy.app_resource_plugin: at android.content.res.Resources.loadDrawable(Resources.java:1017)
08-12 19:15:38.402 25963 25963 E MethodChannel#jojoy.app_resource_plugin: at android.content.res.Resources.getDrawableForDensity(Resources.java:1005)
08-12 19:15:38.402 25963 25963 E MethodChannel#jojoy.app_resource_plugin: at android.content.res.Resources.getDrawable(Resources.java:944)
08-12 19:15:38.402 25963 25963 E MethodChannel#jojoy.app_resource_plugin: at android.content.Context.getDrawable(Context.java:763)
08-12 19:15:38.402 25963 25963 E MethodChannel#jojoy.app_resource_plugin: at androidx.core.content.ContextCompat$Api21Impl.getDrawable(Unknown Source:0)
08-12 19:15:38.402 25963 25963 E MethodChannel#jojoy.app_resource_plugin: at androidx.core.content.ContextCompat.getDrawable(Unknown Source:0)
08-12 19:15:38.402 25963 25963 E MethodChannel#jojoy.app_resource_plugin: at com.example.plugin.AppResourcePlugin.a(AppResourcePlugin.kt:4)
08-12 19:15:38.402 25963 25963 E MethodChannel#jojoy.app_resource_plugin: at com.example.plugin.AppResourcePlugin.onMethodCall(AppResourcePlugin.kt:22)
08-12 19:15:38.402 25963 25963 E MethodChannel#jojoy.app_resource_plugin: at io.flutter.plugin.common.MethodChannel$IncomingMethodCallHandler.onMessage(MethodCh annel.java:2)
08-12 19:15:38.402 25963 25963 E MethodChannel#jojoy.app_resource_plugin: at io.flutter.embedding.engine.dart.DartMessenger.invokeHandler(DartMessenger.java:2)
08-12 19:15:38.402 25963 25963 E MethodChannel#jojoy.app_resource_plugin: at io.flutter.embedding.engine.dart.DartMessenger.lambda$dispatchMessageToQueue$0(Dart Messenger.java:2)
08-12 19:15:38.402 25963 25963 E MethodChannel#jojoy.app_resource_plugin: at io.flutter.embedding.engine.dart.DartMessenger.a(Unknown Source:0)
08-12 19:15:38.402 25963 25963 E MethodChannel#jojoy.app_resource_plugin: at io.flutter.embedding.engine.dart.a.run(Unknown Source:12)
08-12 19:15:38.402 25963 25963 E MethodChannel#jojoy.app_resource_plugin: at android.os.Handler.handleCallback(Handler.java:938)
08-12 19:15:38.402 25963 25963 E MethodChannel#jojoy.app_resource_plugin: at android.os.Handler.dispatchMessage(Handler.java:99)
08-12 19:15:38.402 25963 25963 E MethodChannel#jojoy.app_resource_plugin: at android.os.Looper.loopOnce(Looper.java:210)
08-12 19:15:38.402 25963 25963 E MethodChannel#jojoy.app_resource_plugin: at android.os.Looper.loop(Looper.java:299)
08-12 19:15:38.402 25963 25963 E MethodChannel#jojoy.app_resource_plugin: at android.app.ActivityThread.main(ActivityThread.java:8205)
08-12 19:15:38.402 25963 25963 E MethodChannel#jojoy.app_resource_plugin: at java.lang.reflect.Method.invoke(Native Method)
08-12 19:15:38.402 25963 25963 E MethodChannel#jojoy.app_resource_plugin: at com.android.internal.os.RuntimeInit$MethodAndArgsCaller.run(RuntimeInit.java:556)
08-12 19:15:38.402 25963 25963 E MethodChannel#jojoy.app_resource_plugin: at com.android.internal.os.ZygoteInit.main(ZygoteInit.java:1045)
08-12 19:15:38.402 25963 25963 E MethodChannel#jojoy.app_resource_plugin: Caused by: android.view.InflateException: Class not found x
08-12 19:15:38.402 25963 25963 E MethodChannel#jojoy.app_resource_plugin: at android.graphics.drawable.DrawableInflater.inflateFromClass(DrawableInflater.java:2 25)
08-12 19:15:38.402 25963 25963 E MethodChannel#jojoy.app_resource_plugin: at android.graphics.drawable.DrawableInflater.inflateFromXmlForDensity(DrawableInflate r.java:142)
08-12 19:15:38.402 25963 25963 E MethodChannel#jojoy.app_resource_plugin: at android.graphics.drawable.Drawable.createFromXmlInnerForDensity(Drawable.java:1414)
08-12 19:15:38.402 25963 25963 E MethodChannel#jojoy.app_resource_plugin: at android.graphics.drawable.Drawable.createFromXmlForDensity(Drawable.java:1373)
08-12 19:15:38.402 25963 25963 E MethodChannel#jojoy.app_resource_plugin: at android.content.res.ResourcesImpl.createFromXmlForDensity(ResourcesImpl.java:1516)
08-12 19:15:38.402 25963 25963 E MethodChannel#jojoy.app_resource_plugin: at android.content.res.ResourcesImpl.loadXmlDrawable(ResourcesImpl.java:934)
08-12 19:15:38.402 25963 25963 E MethodChannel#jojoy.app_resource_plugin: at android.content.res.ResourcesImpl.loadDrawableForCookie(ResourcesImpl.java:883)
08-12 19:15:38.402 25963 25963 E MethodChannel#jojoy.app_resource_plugin: ... 23 more
08-12 19:15:38.402 25963 25963 E MethodChannel#jojoy.app_resource_plugin: Caused by: java.lang.ClassNotFoundException: Didn't find class "x" on path: DexPathList[[zip file "/data/app/~~RlqRSICE4iIplcPnDnZeBQ==/apkdone.com- sw2xb0k3UZHPPmHA8vw-0A==/base.apk"],nativeLibraryDirectories=[/data/app/ ~~RlqRSICE4iIplcPnDnZeBQ==/apkdone.com-sw2xb0k3UZHPPmHA8vw-0A==/lib/arm, /data/app/~~RlqRSICE4iIplcPnDnZeBQ==/apkdone.com-sw2xb0k3UZHPPmHA8vw-0A==/ base.apk!/lib/armeabi-v7a, /system/lib, /system_ext/lib]]
08-12 19:15:38.402 25963 25963 E MethodChannel#jojoy.app_resource_plugin: at dalvik.system.BaseDexClassLoader.findClass(BaseDexClassLoader.java:218)
08-12 19:15:38.402 25963 25963 E MethodChannel#jojoy.app_resource_plugin: at java.lang.ClassLoader.loadClass(ClassLoader.java:379)
08-12 19:15:38.402 25963 25963 E MethodChannel#jojoy.app_resource_plugin: at java.lang.ClassLoader.loadClass(ClassLoader.java:312)
08-12 19:15:38.402 25963 25963 E MethodChannel#jojoy.app_resource_plugin: at android.graphics.drawable.DrawableInflater.inflateFromClass(DrawableInflater.java:2 06)
08-12 19:15:38.402 25963 25963 E MethodChannel#jojoy.app_resource_plugin: ... 29 more
08-12 19:15:38.435 25963 26388 I CCodecBufferChannel: pipelineRoom(2) is <= numClientBuffers(2). Not signalling any more buffers to client
08-12 19:15:38.467 25963 25963 E MethodChannel#jojoy.app_resource_plugin: Failed to handle method call
08-12 19:15:38.467 25963 25963 E MethodChannel#jojoy.app_resource_plugin: android.content.res.Resources$NotFoundException: Drawable apkdone.com:mipmap/ic_launcher_foreground with resource ID #0x7f0f0001
08-12 19:15:38.467 25963 25963 E MethodChannel#jojoy.app_resource_plugin: Caused by: android.content.res.Resources$NotFoundException: File res/mipmap/ic_launcher_foreground.xml from drawable resource ID #0x7f0f0001
08-12 19:15:38.467 25963 25963 E MethodChannel#jojoy.app_resource_plugin: at android.content.res.ResourcesImpl.loadDrawableForCookie(ResourcesImpl.java:900)
08-12 19:15:38.467 25963 25963 E MethodChannel#jojoy.app_resource_plugin: at android.content.res.ResourcesImpl.loadDrawable(ResourcesImpl.java:691)
08-12 19:15:38.467 25963 25963 E MethodChannel#jojoy.app_resource_plugin: at android.content.res.MiuiResourcesImpl.loadDrawable(MiuiResourcesImpl.java:307)
08-12 19:15:38.467 25963 25963 E MethodChannel#jojoy.app_resource_plugin: at android.content.res.Resources.loadDrawable(Resources.java:1017)
08-12 19:15:38.467 25963 25963 E MethodChannel#jojoy.app_resource_plugin: at android.content.res.Resources.getDrawableForDensity(Resources.java:1005)
08-12 19:15:38.467 25963 25963 E MethodChannel#jojoy.app_resource_plugin: at android.content.res.Resources.getDrawable(Resources.java:944)
08-12 19:15:38.467 25963 25963 E MethodChannel#jojoy.app_resource_plugin: at android.content.Context.getDrawable(Context.java:763)
08-12 19:15:38.467 25963 25963 E MethodChannel#jojoy.app_resource_plugin: at androidx.core.content.ContextCompat$Api21Impl.getDrawable(Unknown Source:0)
08-12 19:15:38.467 25963 25963 E MethodChannel#jojoy.app_resource_plugin: at androidx.core.content.ContextCompat.getDrawable(Unknown Source:0)
08-12 19:15:38.467 25963 25963 E MethodChannel#jojoy.app_resource_plugin: at com.example.plugin.AppResourcePlugin.a(AppResourcePlugin.kt:4)
08-12 19:15:38.467 25963 25963 E MethodChannel#jojoy.app_resource_plugin: at com.example.plugin.AppResourcePlugin.onMethodCall(AppResourcePlugin.kt:22)
08-12 19:15:38.467 25963 25963 E MethodChannel#jojoy.app_resource_plugin: at io.flutter.plugin.common.MethodChannel$IncomingMethodCallHandler.onMessage(MethodCh annel.java:2)
08-12 19:15:38.467 25963 25963 E MethodChannel#jojoy.app_resource_plugin: at io.flutter.embedding.engine.dart.DartMessenger.invokeHandler(DartMessenger.java:2)
08-12 19:15:38.467 25963 25963 E MethodChannel#jojoy.app_resource_plugin: at io.flutter.embedding.engine.dart.DartMessenger.lambda$dispatchMessageToQueue$0(Dart Messenger.java:2)
08-12 19:15:38.467 25963 25963 E MethodChannel#jojoy.app_resource_plugin: at io.flutter.embedding.engine.dart.DartMessenger.a(Unknown Source:0)
08-12 19:15:38.467 25963 25963 E MethodChannel#jojoy.app_resource_plugin: at io.flutter.embedding.engine.dart.a.run(Unknown Source:12)
08-12 19:15:38.467 25963 25963 E MethodChannel#jojoy.app_resource_plugin: at android.os.Handler.handleCallback(Handler.java:938)
08-12 19:15:38.467 25963 25963 E MethodChannel#jojoy.app_resource_plugin: at android.os.Handler.dispatchMessage(Handler.java:99)
08-12 19:15:38.467 25963 25963 E MethodChannel#jojoy.app_resource_plugin: at android.os.Looper.loopOnce(Looper.java:210)
08-12 19:15:38.467 25963 25963 E MethodChannel#jojoy.app_resource_plugin: at android.os.Looper.loop(Looper.java:299)
08-12 19:15:38.467 25963 25963 E MethodChannel#jojoy.app_resource_plugin: at android.app.ActivityThread.main(ActivityThread.java:8205)
08-12 19:15:38.467 25963 25963 E MethodChannel#jojoy.app_resource_plugin: at java.lang.reflect.Method.invoke(Native Method)
08-12 19:15:38.467 25963 25963 E MethodChannel#jojoy.app_resource_plugin: at com.android.internal.os.RuntimeInit$MethodAndArgsCaller.run(RuntimeInit.java:556)
08-12 19:15:38.467 25963 25963 E MethodChannel#jojoy.app_resource_plugin: at com.android.internal.os.ZygoteInit.main(ZygoteInit.java:1045)
08-12 19:15:38.467 25963 25963 E MethodChannel#jojoy.app_resource_plugin: Caused by: android.view.InflateException: Class not found x
08-12 19:15:38.467 25963 25963 E MethodChannel#jojoy.app_resource_plugin: at android.graphics.drawable.DrawableInflater.inflateFromClass(DrawableInflater.java:2 25)
08-12 19:15:38.467 25963 25963 E MethodChannel#jojoy.app_resource_plugin: at android.graphics.drawable.DrawableInflater.inflateFromXmlForDensity(DrawableInflate r.java:142)
08-12 19:15:38.467 25963 25963 E MethodChannel#jojoy.app_resource_plugin: at android.graphics.drawable.Drawable.createFromXmlInnerForDensity(Drawable.java:1414)
08-12 19:15:38.467 25963 25963 E MethodChannel#jojoy.app_resource_plugin: at android.graphics.drawable.Drawable.createFromXmlForDensity(Drawable.java:1373)
08-12 19:15:38.467 25963 25963 E MethodChannel#jojoy.app_resource_plugin: at android.content.res.ResourcesImpl.createFromXmlForDensity(ResourcesImpl.java:1516)
08-12 19:15:38.467 25963 25963 E MethodChannel#jojoy.app_resource_plugin: at android.content.res.ResourcesImpl.loadXmlDrawable(ResourcesImpl.java:934)
08-12 19:15:38.467 25963 25963 E MethodChannel#jojoy.app_resource_plugin: at android.content.res.ResourcesImpl.loadDrawableForCookie(ResourcesImpl.java:883)
08-12 19:15:38.467 25963 25963 E MethodChannel#jojoy.app_resource_plugin: ... 23 more
08-12 19:15:38.467 25963 25963 E MethodChannel#jojoy.app_resource_plugin: Caused by: java.lang.ClassNotFoundException: Didn't find class "x" on path: DexPathList[[zip file "/data/app/~~RlqRSICE4iIplcPnDnZeBQ==/apkdone.com- sw2xb0k3UZHPPmHA8vw-0A==/base.apk"],nativeLibraryDirectories=[/data/app/ ~~RlqRSICE4iIplcPnDnZeBQ==/apkdone.com-sw2xb0k3UZHPPmHA8vw-0A==/lib/arm, /data/app/~~RlqRSICE4iIplcPnDnZeBQ==/apkdone.com-sw2xb0k3UZHPPmHA8vw-0A==/ base.apk!/lib/armeabi-v7a, /system/lib, /system_ext/lib]]
08-12 19:15:38.467 25963 25963 E MethodChannel#jojoy.app_resource_plugin: at dalvik.system.BaseDexClassLoader.findClass(BaseDexClassLoader.java:218)
08-12 19:15:38.467 25963 25963 E MethodChannel#jojoy.app_resource_plugin: at java.lang.ClassLoader.loadClass(ClassLoader.java:379)
08-12 19:15:38.467 25963 25963 E MethodChannel#jojoy.app_resource_plugin: at java.lang.ClassLoader.loadClass(ClassLoader.java:312)
08-12 19:15:38.467 25963 25963 E MethodChannel#jojoy.app_resource_plugin: at android.graphics.drawable.DrawableInflater.inflateFromClass(DrawableInflater.java:2 06)
08-12 19:15:38.467 25963 25963 E MethodChannel#jojoy.app_resource_plugin: ... 29 more
08-12 19:15:38.549 25963 26388 I CCodecBufferChannel: pipelineRoom(1) is <= numClientBuffers(1). Not signalling any more buffers to client
08-12 19:15:38.550 25963 26388 I CCodecBufferChannel: pipelineRoom(1) is <= numClientBuffers(1). Not signalling any more buffers to client
08-12 19:15:38.596 25963 26106 E FrameEvents: updateAcquireFence: Did not find frame.
08-12 19:15:38.605 25963 26106 E FrameEvents: updateAcquireFence: Did not find frame.
08-12 19:15:38.612 25963 26106 E FrameEvents: updateAcquireFence: Did not find frame.
08-12 19:15:38.615 25963 25982 I OpenGLRenderer: Davey! duration=9223284506948ms; Flags=0, FrameTimelineVsyncId=6693818, IntendedVsync=87529905154167, Vsync=87529905154167, InputEventId=0, HandleInputStart=87529908797440, AnimationStart=87529908799680, PerformTraversalsStart=87529909487284, DrawStart=87529912585565, FrameDeadline=87529925154166, FrameInterval=87529908775305, FrameStartTime=8333333, SyncQueued=87529913012545, SyncStart=87529914400565, IssueDrawCommandsStart=87529914465357, SwapBuffers=87529916714368, FrameCompleted=9223372036854775807, DequeueBufferDuration=16093, QueueBufferDuration=471510, GpuCompleted=9223372036854775807, SwapBuffersCompleted=87529917538274, DisplayPresentTime=0,
08-12 19:15:38.620 25963 26106 E FrameEvents: updateAcquireFence: Did not find frame.
08-12 19:15:38.627 25963 26106 E FrameEvents: updateAcquireFence: Did not find frame.
08-12 19:15:38.636 25963 26106 E FrameEvents: updateAcquireFence: Did not find frame.
08-12 19:15:38.648 25963 26106 E FrameEvents: updateAcquireFence: Did not find frame.
08-12 19:15:38.658 25963 26106 E FrameEvents: updateAcquireFence: Did not find frame.
08-12 19:15:38.664 25963 26106 E FrameEvents: updateAcquireFence: Did not find frame.
08-12 19:15:38.674 25963 26388 I CCodecBufferChannel: pipelineRoom(2) is <= numClientBuffers(3). Not signalling any more buffers to client
08-12 19:15:38.675 25963 26676 I CCodecBufferChannel: pipelineRoom(2) is <= numClientBuffers(2). Not signalling any more buffers to client
08-12 19:15:38.678 25963 26106 E FrameEvents: updateAcquireFence: Did not find frame.
08-12 19:15:38.685 25963 26106 E FrameEvents: updateAcquireFence: Did not find frame.
08-12 19:15:38.694 25963 26106 E FrameEvents: updateAcquireFence: Did not find frame.
08-12 19:15:38.702 25963 26106 E FrameEvents: updateAcquireFence: Did not find frame.
08-12 19:15:38.710 25963 26106 E FrameEvents: updateAcquireFence: Did not find frame.
08-12 19:15:38.718 25963 26106 E FrameEvents: updateAcquireFence: Did not find frame.
08-12 19:15:38.727 25963 26106 E FrameEvents: updateAcquireFence: Did not find frame.
08-12 19:15:38.735 25963 26106 E FrameEvents: updateAcquireFence: Did not find frame.
08-12 19:15:38.744 25963 26106 E FrameEvents: updateAcquireFence: Did not find frame.
08-12 19:15:38.752 25963 26106 E FrameEvents: updateAcquireFence: Did not find frame.
08-12 19:15:38.759 25963 26106 E FrameEvents: updateAcquireFence: Did not find frame.
08-12 19:15:38.767 25963 26106 E FrameEvents: updateAcquireFence: Did not find frame.
08-12 19:15:38.777 25963 26106 E FrameEvents: updateAcquireFence: Did not find frame.
08-12 19:15:38.788 25963 26106 E FrameEvents: updateAcquireFence: Did not find frame.
08-12 19:15:38.792 25963 26388 I CCodecBufferChannel: pipelineRoom(3) is <= numClientBuffers(3). Not signalling any more buffers to client
08-12 19:15:38.794 25963 26388 I CCodecBufferChannel: pipelineRoom(1) is <= numClientBuffers(2). Not signalling any more buffers to client
08-12 19:15:38.794 25963 26676 I CCodecBufferChannel: pipelineRoom(1) is <= numClientBuffers(1). Not signalling any more buffers to client
08-12 19:15:38.794 25963 26388 I CCodecBufferChannel: pipelineRoom(1) is <= numClientBuffers(1). Not signalling any more buffers to client
08-12 19:15:38.802 25963 26106 E FrameEvents: updateAcquireFence: Did not find frame.
08-12 19:15:38.810 25963 26106 E FrameEvents: updateAcquireFence: Did not find frame.
08-12 19:15:38.814 25963 26314 I OpenGLRenderer: Davey! duration=9223284506758ms; Flags=0, FrameTimelineVsyncId=6693864, IntendedVsync=87530095204834, Vsync=87530103538167, InputEventId=0, HandleInputStart=87530103831763, AnimationStart=87530103834732, PerformTraversalsStart=87530105633795, DrawStart=87530109662232, FrameDeadline=87530115204833, FrameInterval=87530103801190, FrameStartTime=8333333, SyncQueued=87530110089680, SyncStart=87530111149159, IssueDrawCommandsStart=87530111233482, SwapBuffers=87530113594211, FrameCompleted=9223372036854775807, DequeueBufferDuration=16719, QueueBufferDuration=468802, GpuCompleted=9223372036854775807, SwapBuffersCompleted=87530114344992, DisplayPresentTime=0,
08-12 19:15:38.817 25963 26106 E FrameEvents: updateAcquireFence: Did not find frame.
08-12 19:15:38.826 25963 26106 E FrameEvents: updateAcquireFence: Did not find frame.
08-12 19:15:38.833 25963 26106 E FrameEvents: updateAcquireFence: Did not find frame.
08-12 19:15:38.844 25963 26106 E FrameEvents: updateAcquireFence: Did not find frame.
08-12 19:15:38.856 25963 26106 E FrameEvents: updateAcquireFence: Did not find frame.
08-12 19:15:38.876 25963 26388 I CCodecBufferChannel: pipelineRoom(1) is <= numClientBuffers(1). Not signalling any more buffers to client
08-12 19:15:38.993 25963 26388 I CCodecBufferChannel: pipelineRoom(2) is <= numClientBuffers(2). Not signalling any more buffers to client
08-12 19:15:39.110 25963 26388 I CCodecBufferChannel: pipelineRoom(2) is <= numClientBuffers(3). Not signalling any more buffers to client
08-12 19:15:39.110 25963 26676 I CCodecBufferChannel: pipelineRoom(2) is <= numClientBuffers(2). Not signalling any more buffers to client
08-12 19:15:39.168 25963 25982 I OpenGLRenderer: Davey! duration=9223284506395ms; Flags=0, FrameTimelineVsyncId=6693947, IntendedVsync=87530458740487, Vsync=87530458740487, InputEventId=0, HandleInputStart=87530459643326, AnimationStart=87530459646555, PerformTraversalsStart=87530461904888, DrawStart=87530462026242, FrameDeadline=87530478740486, FrameInterval=87530459616294, FrameStartTime=8333333, SyncQueued=87530462374003, SyncStart=87530462735461, IssueDrawCommandsStart=87530462818586, SwapBuffers=87530468861607, FrameCompleted=9223372036854775807, DequeueBufferDuration=29896, QueueBufferDuration=752969, GpuCompleted=9223372036854775807, SwapBuffersCompleted=87530470315982, DisplayPresentTime=0,
08-12 19:15:39.233 25963 26388 I CCodecBufferChannel: pipelineRoom(2) is <= numClientBuffers(3). Not signalling any more buffers to client
08-12 19:15:39.234 25963 26676 I CCodecBufferChannel: pipelineRoom(2) is <= numClientBuffers(2). Not signalling any more buffers to client
08-12 19:15:39.300 25963 25984 I OpenGLRenderer: Davey! duration=9223284506260ms; Flags=0, FrameTimelineVsyncId=6693978, IntendedVsync=87530590958337, Vsync=87530590958337, InputEventId=0, HandleInputStart=87530592220096, AnimationStart=87530592222753, PerformTraversalsStart=87530593601919, DrawStart=87530594819055, FrameDeadline=87530610958336, FrameInterval=87530592199576, FrameStartTime=8333333, SyncQueued=87530595138378, SyncStart=87530598017388, IssueDrawCommandsStart=87530598103274, SwapBuffers=87530601720044, FrameCompleted=9223372036854775807, DequeueBufferDuration=23750, QueueBufferDuration=795625, GpuCompleted=9223372036854775807, SwapBuffersCompleted=87530603202336, DisplayPresentTime=0,
08-12 19:15:39.308 25963 26388 I CCodecBufferChannel: pipelineRoom(2) is <= numClientBuffers(3). Not signalling any more buffers to client
08-12 19:15:39.309 25963 26676 I CCodecBufferChannel: pipelineRoom(2) is <= numClientBuffers(2). Not signalling any more buffers to client
08-12 19:15:39.429 25963 26388 I CCodecBufferChannel: pipelineRoom(3) is <= numClientBuffers(3). Not signalling any more buffers to client
08-12 19:15:39.550 25963 26388 I CCodecBufferChannel: pipelineRoom(3) is <= numClientBuffers(3). Not signalling any more buffers to client
08-12 19:15:39.552 25963 26388 I CCodecBufferChannel: pipelineRoom(3) is <= numClientBuffers(3). Not signalling any more buffers to client
08-12 19:15:39.675 25963 25963 I ExoPlayerImpl: Init ExoPlayerLib/2.4.2 [munch, 22021211RC, Xiaomi, 31]
08-12 19:15:39.745 25963 25963 I PlayCore: UID: [10403] PID: [25963] PrewarmService : prewarm(apkdone.com)
08-12 19:15:39.745 25963 26674 I PlayCore: UID: [10403] PID: [25963] PrewarmService : Initiate binding to the service.
08-12 19:15:39.747 25963 26674 I PlayCore: UID: [10403] PID: [25963] PrewarmService : Failed to bind to the service.
08-12 19:15:39.755 25963 26388 I CCodecBufferChannel: pipelineRoom(2) is <= numClientBuffers(3). Not signalling any more buffers to client
08-12 19:15:39.755 25963 26676 I CCodecBufferChannel: pipelineRoom(2) is <= numClientBuffers(2). Not signalling any more buffers to client
08-12 19:15:39.803 25963 26861 I MediaCodec: video box enabled in settings
08-12 19:15:39.803 25963 26861 I MediaCodec: init video box disabled for codec not supported
08-12 19:15:39.804 25963 26868 D CCodec : allocate(c2.android.aac.decoder)
08-12 19:15:39.808 25963 26868 I CCodec : setting up 'default' as default (vendor) store
08-12 19:15:39.815 25963 26868 I CCodec : Created component [c2.android.aac.decoder]
08-12 19:15:39.815 25963 26868 D CCodecConfig: read media type: audio/mp4a-latm
08-12 19:15:39.820 25963 26868 D ReflectedParamUpdater: extent() != 1 for single value type: algo.buffers.max-count.values
08-12 19:15:39.821 25963 26868 D ReflectedParamUpdater: extent() != 1 for single value type: output.subscribed-indices.values
08-12 19:15:39.822 25963 26868 D ReflectedParamUpdater: extent() != 1 for single value type: input.buffers.allocator-ids.values
08-12 19:15:39.822 25963 26868 D ReflectedParamUpdater: extent() != 1 for single value type: output.buffers.allocator-ids.values
08-12 19:15:39.823 25963 26868 D ReflectedParamUpdater: extent() != 1 for single value type: algo.buffers.allocator-ids.values
08-12 19:15:39.823 25963 26868 D ReflectedParamUpdater: extent() != 1 for single value type: output.buffers.pool-ids.values
08-12 19:15:39.823 25963 26868 D ReflectedParamUpdater: extent() != 1 for single value type: algo.buffers.pool-ids.values
08-12 19:15:39.827 25963 26868 I CCodecConfig: query failed after returning 19 values (BAD_INDEX)
08-12 19:15:39.827 25963 26868 D CCodecConfig: c2 config diff is Dict {
08-12 19:15:39.827 25963 26868 D CCodecConfig: c2::u32 coded.aac-packaging.value = 0
08-12 19:15:39.827 25963 26868 D CCodecConfig: c2::u32 coded.bitrate.value = 64000
08-12 19:15:39.827 25963 26868 D CCodecConfig: c2::u32 coded.pl.level = 0
08-12 19:15:39.827 25963 26868 D CCodecConfig: c2::u32 coded.pl.profile = 8192
08-12 19:15:39.827 25963 26868 D CCodecConfig: c2::i32 coding.drc.album- mode.value = 0
08-12 19:15:39.827 25963 26868 D CCodecConfig: c2::float coding.drc.attenuation- factor.value = 1
08-12 19:15:39.827 25963 26868 D CCodecConfig: c2::float coding.drc.boost- factor.value = 1
08-12 19:15:39.827 25963 26868 D CCodecConfig: c2::i32 coding.drc.compression- mode.value = 3
08-12 19:15:39.827 25963 26868 D CCodecConfig: c2::i32 coding.drc.effect- type.value = 3
08-12 19:15:39.827 25963 26868 D CCodecConfig: c2::float coding.drc.encoded- level.value = 0.25
08-12 19:15:39.827 25963 26868 D CCodecConfig: c2::float coding.drc.reference- level.value = -16
08-12 19:15:39.827 25963 26868 D CCodecConfig: c2::u32 input.buffers.max- size.value = 8192
08-12 19:15:39.827 25963 26868 D CCodecConfig: c2::u32 input.delay.value = 0
08-12 19:15:39.827 25963 26868 D CCodecConfig: string input.media-type.value = "audio/mp4a-latm"
08-12 19:15:39.827 25963 26868 D CCodecConfig: c2::u32 output.delay.value = 2
08-12 19:15:39.827 25963 26868 D CCodecConfig: c2::float output.drc.output- loudness.value = 0.25
08-12 19:15:39.827 25963 26868 D CCodecConfig: string output.media-type.value = "audio/raw"
08-12 19:15:39.827 25963 26868 D CCodecConfig: c2::u32 raw.channel-count.value = 1
08-12 19:15:39.827 25963 26868 D CCodecConfig: c2::u32 raw.max-channel- count.value = 8
08-12 19:15:39.827 25963 26868 D CCodecConfig: c2::u32 raw.sample-rate.value = 44100
08-12 19:15:39.827 25963 26868 D CCodecConfig: }
08-12 19:15:39.829 25963 26861 W libc : Access denied finding property "ro.vendor.audio.dolby.vision.support"
08-12 19:15:39.829 25963 26868 D CCodec : [c2.android.aac.decoder] buffers are bound to CCodec for this session
08-12 19:15:39.829 25963 26868 D CCodecConfig: no c2 equivalents for language
08-12 19:15:39.829 25963 26868 D CCodecConfig: no c2 equivalents for flags
08-12 19:15:39.830 25963 26868 D CCodecConfig: c2 config diff is c2::u32 raw.channel-count.value = 2
08-12 19:15:39.830 25963 26868 W Codec2Client: query -- param skipped: index = 1107298332.
08-12 19:15:39.830 25963 26868 D CCodec : setup formats input: AMessage(what = 0x00000000) = {
08-12 19:15:39.830 25963 26868 D CCodec : int32_t aac-drc-album-mode = 0
08-12 19:15:39.830 25963 26868 D CCodec : int32_t aac-drc-boost-level = 127
08-12 19:15:39.830 25963 26868 D CCodec : int32_t aac-drc-cut-level = 127
08-12 19:15:39.830 25963 26868 D CCodec : int32_t aac-drc-effect-type = 3
08-12 19:15:39.830 25963 26868 D CCodec : int32_t aac-drc-heavy-compression = 3
08-12 19:15:39.830 25963 26868 D CCodec : int32_t aac-encoded-target-level = -1
08-12 19:15:39.830 25963 26868 D CCodec : int32_t aac-max-output-channel_count = 8
08-12 19:15:39.830 25963 26868 D CCodec : int32_t aac-target-ref-level = 64
08-12 19:15:39.830 25963 26868 D CCodec : int32_t bitrate = 64000
08-12 19:15:39.830 25963 26868 D CCodec : int32_t channel-count = 2
08-12 19:15:39.830 25963 26868 D CCodec : int32_t level = 0
08-12 19:15:39.830 25963 26868 D CCodec : int32_t max-input-size = 8192
08-12 19:15:39.830 25963 26868 D CCodec : string mime = "audio/mp4a-latm"
08-12 19:15:39.830 25963 26868 D CCodec : int32_t profile = 2
08-12 19:15:39.830 25963 26868 D CCodec : int32_t sample-rate = 44100
08-12 19:15:39.830 25963 26868 D CCodec : }
08-12 19:15:39.830 25963 26868 D CCodec : setup formats output: AMessage(what = 0x00000000) = {
08-12 19:15:39.830 25963 26868 D CCodec : int32_t aac-drc-album-mode = 0
08-12 19:15:39.830 25963 26868 D CCodec : int32_t aac-drc-boost-level = 127
08-12 19:15:39.830 25963 26868 D CCodec : int32_t aac-drc-cut-level = 127
08-12 19:15:39.830 25963 26868 D CCodec : int32_t aac-drc-effect-type = 3
08-12 19:15:39.830 25963 26868 D CCodec : int32_t aac-drc-heavy-compression = 3
08-12 19:15:39.830 25963 26868 D CCodec : int32_t aac-drc-output-loudness = -1
08-12 19:15:39.830 25963 26868 D CCodec : int32_t aac-encoded-target-level = -1
08-12 19:15:39.830 25963 26868 D CCodec : int32_t aac-max-output-channel_count = 8
08-12 19:15:39.830 25963 26868 D CCodec : int32_t aac-target-ref-level = 64
08-12 19:15:39.830 25963 26868 D CCodec : int32_t channel-count = 2
08-12 19:15:39.830 25963 26868 D CCodec : string mime = "audio/raw"
08-12 19:15:39.830 25963 26868 D CCodec : int32_t sample-rate = 44100
08-12 19:15:39.830 25963 26868 D CCodec : int32_t android._config-pcm-encoding = 2
08-12 19:15:39.830 25963 26868 D CCodec : }
08-12 19:15:39.830 25963 26868 I CCodecConfig: query failed after returning 19 values (BAD_INDEX)
08-12 19:15:39.830 25963 26868 D MediaImpl: MediaImpl::sendMine: audio/mp4a-latm
08-12 19:15:39.830 25963 26868 D MediaStub: MediaStub::sendMine audio/mp4a-latm
08-12 19:15:39.833 25963 26868 W Codec2Client: query -- param skipped: index = 1342179345.
08-12 19:15:39.833 25963 26868 W Codec2Client: query -- param skipped: index = 2415921170.
08-12 19:15:39.833 25963 26868 W Codec2Client: query -- param skipped: index = 1610614798.
08-12 19:15:39.834 25963 26868 D BufferPoolAccessor2.0: bufferpool2 0x99022918 : 4(32768 size) total buffers - 4(32768 size) used buffers - 1/6 (recycle/alloc) - 5/26 (fetch/transfer)
08-12 19:15:39.834 25963 26868 D CCodecBufferChannel: [c2.android.aac.decoder#411] Created input block pool with allocatorID 16 => poolID 19 - OK (0)
08-12 19:15:39.834 25963 26868 I CCodecBufferChannel: [c2.android.aac.decoder#411] Created output block pool with allocatorID 16 => poolID 253 - OK
08-12 19:15:39.834 25963 26868 D CCodecBufferChannel: [c2.android.aac.decoder#411] Configured output block pool ids 253 => OK
08-12 19:15:39.835 25963 26868 D CCodecBufferChannel: [c2.android.aac.decoder#411] start: updating output delay 2
08-12 19:15:39.844 25963 26388 I CCodecBufferChannel: pipelineRoom(1) is <= numClientBuffers(1). Not signalling any more buffers to client
08-12 19:15:39.844 25963 26388 I CCodecBufferChannel: pipelineRoom(1) is <= numClientBuffers(1). Not signalling any more buffers to client
08-12 19:15:39.844 25963 26388 I CCodecBufferChannel: pipelineRoom(1) is <= numClientBuffers(1). Not signalling any more buffers to client
08-12 19:15:39.845 25963 26868 I CCodecBufferChannel: pipelineRoom(2) is <= numClientBuffers(2). Not signalling any more buffers to client
08-12 19:15:39.845 25963 26868 I CCodecBufferChannel: pipelineRoom(3) is <= numClientBuffers(3). Not signalling any more buffers to client
08-12 19:15:39.846 25963 26861 I MediaCodec: video box enabled in settings
08-12 19:15:39.846 25963 26861 I VideoBoxStub: VideoBoxStub::initVideobox
08-12 19:15:39.849 25963 26861 I VideoBox: VideoBox::VideoBox
08-12 19:15:39.850 25963 26861 I VideoBox: initVideobox
08-12 19:15:39.850 25963 26861 I VideoBox: initVideobox going OMX.qcom.video.decoder.vp9
08-12 19:15:39.850 25963 26861 I VideoBox: initVideobox return false for platform is not support vpp
08-12 19:15:39.850 25963 26861 I VideoBoxStub: VideoBoxStub::releaseVideoBox
08-12 19:15:39.850 25963 26861 I VideoBox: VideoBox::~VideoBox
08-12 19:15:39.850 25963 26861 I MediaCodec: init video box disabled for init not supported
08-12 19:15:39.853 25963 26872 I OMXClient: IOmx service obtained
08-12 19:15:39.864 25963 26861 D VideoInfo: apkdone.com create OMX.qcom.video.decoder.vp9 in MediaCodec
08-12 19:15:39.869 25963 26861 I MediaCodec: configure : init video box disabled
08-12 19:15:39.869 25963 26861 I MediaCodec: fps video to display enabled
08-12 19:15:39.869 25963 26861 I MediaCodec: The Fps from player is 0.000000 frameRateFloat -1.000000 frameRateInt -1
08-12 19:15:39.871 25963 26861 D MediaImpl: MediaImpl::sendFrameRate: -1
08-12 19:15:39.871 25963 26861 D MediaImpl: MediaImpl::sendPackageName: apkdone.com
08-12 19:15:39.871 25963 26861 D MediaStub: MediaStub::sendPackageName apkdone.com
08-12 19:15:39.872 25963 26861 W libc : Access denied finding property "ro.vendor.audio.dolby.vision.support"
08-12 19:15:39.872 25963 26388 D CCodecBuffers: [c2.android.aac.decoder#129:1D- Input.Impl[N]] codec released a buffer owned by client (index 0)
08-12 19:15:39.873 25963 26676 I CCodecBufferChannel: pipelineRoom(3) is <= numClientBuffers(3). Not signalling any more buffers to client
08-12 19:15:39.875 25963 26871 D SurfaceUtils: connecting to surface 0x77152808, reason connectToSurface
08-12 19:15:39.875 25963 26871 I MediaCodec: [OMX.qcom.video.decoder.vp9] setting surface generation to 26586116
08-12 19:15:39.875 25963 26871 D SurfaceUtils: disconnecting from surface 0x77152808, reason connectToSurface(reconnect)
08-12 19:15:39.875 25963 26871 D SurfaceUtils: connecting to surface 0x77152808, reason connectToSurface(reconnect)
08-12 19:15:39.876 25963 26388 I CCodecBufferChannel: pipelineRoom(2) is <= numClientBuffers(2). Not signalling any more buffers to client
08-12 19:15:39.877 25963 26872 I ExtendedACodec: setupVideoDecoder()
08-12 19:15:39.878 25963 26872 I ExtendedACodec: Decoder will be in frame by frame mode
08-12 19:15:39.878 25963 26872 W ExtendedACodec: Failed to set frame packing format on component
08-12 19:15:39.882 25963 26871 D MediaImpl: MediaImpl::sendMine: video/x- vnd.on2.vp9
08-12 19:15:39.882 25963 26871 D MediaStub: MediaStub::sendMine video/x-vnd.on2.vp9
08-12 19:15:39.932 25963 26872 D SurfaceUtils: set up nativeWindow 0x77152808 for 720x1280, color 0x7fa30c06, rotation 0, usage 0x20402900
08-12 19:15:39.946 25963 26861 D AudioTrack: set(sessionId=0)
08-12 19:15:39.946 25963 26861 D AudioTrack: set(): streamType -1, sampleRate 44100, format 0x1, channelMask 0x3, frameCount 14144, flags #0, notificationFrames 0, sessionId 0, transferType 3, uid -1, pid -1
08-12 19:15:39.948 25963 26861 W libc : Access denied finding property "vendor.audio.lowpower"
08-12 19:15:39.963 25963 26861 D AudioTrack: isWhiteListPackage() Uid 10403, package name apkdone.com
08-12 19:15:39.966 25963 26861 W AudioTrack: Use of stream types is deprecated for operations other than volume control
08-12 19:15:39.967 25963 26861 W AudioTrack: See the documentation of AudioTrack() for what to use instead with android.media.AudioAttributes to qualify your playback use case
08-12 19:15:39.968 25963 26861 I AudioTrack: AudioTrack::setVolume L:1.000000 R:1.000000 and the pakage is apkdone.com
08-12 19:15:39.968 25963 26861 W libc : Access denied finding property "ro.vendor.audio.shortvideo.index"
08-12 19:15:39.973 25963 26388 I CCodecBufferChannel: pipelineRoom(3) is <= numClientBuffers(3). Not signalling any more buffers to client
08-12 19:15:39.997 25963 26388 I CCodecBufferChannel: pipelineRoom(2) is <= numClientBuffers(3). Not signalling any more buffers to client
08-12 19:15:39.998 25963 26388 D CCodecBuffers: [c2.android.aac.decoder#129:1D- Input.Impl[N]] codec released a buffer owned by client (index 1)
08-12 19:15:39.998 25963 26676 I CCodecBufferChannel: pipelineRoom(2) is <= numClientBuffers(2). Not signalling any more buffers to client
08-12 19:15:39.998 25963 26388 I CCodecBufferChannel: pipelineRoom(2) is <= numClientBuffers(2). Not signalling any more buffers to client
08-12 19:15:39.998 25963 26676 I CCodecBufferChannel: pipelineRoom(3) is <= numClientBuffers(3). Not signalling any more buffers to client
08-12 19:15:40.114 25963 26388 I CCodecBufferChannel: pipelineRoom(1) is <= numClientBuffers(1). Not signalling any more buffers to client
08-12 19:15:40.193 25963 26388 I CCodecBufferChannel: pipelineRoom(2) is <= numClientBuffers(2). Not signalling any more buffers to client
08-12 19:15:40.314 25963 26388 I CCodecBufferChannel: pipelineRoom(1) is <= numClientBuffers(2). Not signalling any more buffers to client
08-12 19:15:40.314 25963 26676 I CCodecBufferChannel: pipelineRoom(1) is <= numClientBuffers(1). Not signalling any more buffers to client
08-12 19:15:40.434 25963 26388 I CCodecBufferChannel: pipelineRoom(3) is <= numClientBuffers(3). Not signalling any more buffers to client
08-12 19:15:40.435 25963 26388 I CCodecBufferChannel: pipelineRoom(3) is <= numClientBuffers(3). Not signalling any more buffers to client
08-12 19:15:40.436 25963 26676 I CCodecBufferChannel: pipelineRoom(2) is <= numClientBuffers(2). Not signalling any more buffers to client
08-12 19:15:40.439 25963 26388 D CCodecBuffers: [c2.android.aac.decoder#129:1D- Input.Impl[N]] codec released a buffer owned by client (index 3)
08-12 19:15:40.445 25963 26388 D CCodecBuffers: [c2.android.aac.decoder#129:1D- Input.Impl[N]] codec released a buffer owned by client (index 0)
08-12 19:15:40.548 25963 26677 D CCodecBufferChannel: [c2.android.aac.decoder#129] DEBUG: elapsed: n=6 [in=0 pipeline=0 out=2]
08-12 19:15:40.548 25963 26677 D PipelineWatcher: DEBUG: elapsed 2 / 6
08-12 19:15:40.548 25963 26677 D CCodecBufferChannel: [c2.android.aac.decoder#411] DEBUG: elapsed: n=6 [in=0 pipeline=0 out=2]
08-12 19:15:40.548 25963 26677 D PipelineWatcher: DEBUG: elapsed 2 / 6
08-12 19:15:40.675 25963 26388 D CCodecBuffers: [c2.android.aac.decoder#129:1D- Input.Impl[N]] codec released a buffer owned by client (index 0)
08-12 19:15:40.675 25963 26676 I CCodecBufferChannel: pipelineRoom(3) is <= numClientBuffers(3). Not signalling any more buffers to client
08-12 19:15:40.677 25963 26388 I CCodecBufferChannel: pipelineRoom(2) is <= numClientBuffers(2). Not signalling any more buffers to client
08-12 19:15:40.749 25963 26388 I CCodecBufferChannel: pipelineRoom(2) is <= numClientBuffers(3). Not signalling any more buffers to client
08-12 19:15:40.750 25963 26676 I CCodecBufferChannel: pipelineRoom(2) is <= numClientBuffers(2). Not signalling any more buffers to client
08-12 19:15:40.875 25963 26388 I CCodecBufferChannel: pipelineRoom(1) is <= numClientBuffers(1). Not signalling any more buffers to client
08-12 19:15:40.949 25963 26868 I CCodecBufferChannel: pipelineRoom(1) is <= numClientBuffers(1). Not signalling any more buffers to client
08-12 19:15:40.952 25963 26871 W MediaCodec: mapFormat: no mediaType information
08-12 19:15:40.953 25963 26388 I CCodecBufferChannel: pipelineRoom(3) is <= numClientBuffers(3). Not signalling any more buffers to client
08-12 19:15:40.995 25963 26388 I CCodecBufferChannel: pipelineRoom(2) is <= numClientBuffers(3). Not signalling any more buffers to client
08-12 19:15:40.997 25963 26388 D CCodecBuffers: [c2.android.aac.decoder#129:1D- Input.Impl[N]] codec released a buffer owned by client (index 1)
08-12 19:15:40.997 25963 26676 I CCodecBufferChannel: pipelineRoom(2) is <= numClientBuffers(2). Not signalling any more buffers to client
08-12 19:15:40.997 25963 26388 I CCodecBufferChannel: pipelineRoom(2) is <= numClientBuffers(2). Not signalling any more buffers to client
08-12 19:15:40.997 25963 26676 I CCodecBufferChannel: pipelineRoom(3) is <= numClientBuffers(3). Not signalling any more buffers to client
08-12 19:15:41.112 25963 26388 I CCodecBufferChannel: pipelineRoom(1) is <= numClientBuffers(1). Not signalling any more buffers to client
08-12 19:15:41.196 25963 26388 I CCodecBufferChannel: pipelineRoom(1) is <= numClientBuffers(2). Not signalling any more buffers to client
08-12 19:15:41.197 25963 26676 I CCodecBufferChannel: pipelineRoom(1) is <= numClientBuffers(1). Not signalling any more buffers to client
08-12 19:15:41.310 25963 26388 I CCodecBufferChannel: pipelineRoom(2) is <= numClientBuffers(3). Not signalling any more buffers to client
08-12 19:15:41.311 25963 26676 I CCodecBufferChannel: pipelineRoom(2) is <= numClientBuffers(2). Not signalling any more buffers to client
08-12 19:15:41.311 25963 26388 I CCodecBufferChannel: pipelineRoom(2) is <= numClientBuffers(2). Not signalling any more buffers to client
08-12 19:15:41.436 25963 26388 I CCodecBufferChannel: pipelineRoom(2) is <= numClientBuffers(3). Not signalling any more buffers to client
08-12 19:15:41.437 25963 26676 I CCodecBufferChannel: pipelineRoom(2) is <= numClientBuffers(2). Not signalling any more buffers to client
08-12 19:15:41.438 25963 26388 I CCodecBufferChannel: pipelineRoom(3) is <= numClientBuffers(3). Not signalling any more buffers to client
08-12 19:15:41.438 25963 26676 I CCodecBufferChannel: pipelineRoom(3) is <= numClientBuffers(3). Not signalling any more buffers to client
08-12 19:15:41.474 25963 25982 I OpenGLRenderer: Davey! duration=9223284504082ms; Flags=0, FrameTimelineVsyncId=6694484, IntendedVsync=87532763823952, Vsync=87532763823952, InputEventId=0, HandleInputStart=87532764346866, AnimationStart=87532764350096, PerformTraversalsStart=87532764353429, DrawStart=87532765721710, FrameDeadline=87532775490618, FrameInterval=87532764324627, FrameStartTime=8333333, SyncQueued=87532765861398, SyncStart=87532773897856, IssueDrawCommandsStart=87532774057700, SwapBuffers=87532774626450, FrameCompleted=9223372036854775807, DequeueBufferDuration=18542, QueueBufferDuration=505365, GpuCompleted=9223372036854775807, SwapBuffersCompleted=87532775623273, DisplayPresentTime=87531573434888,
08-12 19:15:41.557 25963 26676 I CCodecBufferChannel: pipelineRoom(1) is <= numClientBuffers(1). Not signalling any more buffers to client
08-12 19:15:41.636 25963 26388 I CCodecBufferChannel: pipelineRoom(1) is <= numClientBuffers(2). Not signalling any more buffers to client
08-12 19:15:41.636 25963 26676 I CCodecBufferChannel: pipelineRoom(1) is <= numClientBuffers(1). Not signalling any more buffers to client
08-12 19:15:41.729 25963 26804 I DMCodecAdapterFactory: Creating an asynchronous MediaCodec adapter for track type video
08-12 19:15:41.731 25963 26804 I MediaCodec: video box enabled in settings
08-12 19:15:41.731 25963 26804 I VideoBoxStub: VideoBoxStub::initVideobox
08-12 19:15:41.732 25963 26804 I VideoBox: VideoBox::VideoBox
08-12 19:15:41.732 25963 26804 I VideoBox: initVideobox
08-12 19:15:41.732 25963 26804 I VideoBox: initVideobox going OMX.qcom.video.decoder.vp9
08-12 19:15:41.732 25963 26804 I VideoBox: initVideobox return false for platform is not support vpp
08-12 19:15:41.732 25963 26804 I VideoBoxStub: VideoBoxStub::releaseVideoBox
08-12 19:15:41.732 25963 26804 I VideoBox: VideoBox::~VideoBox
08-12 19:15:41.733 25963 26804 I MediaCodec: init video box disabled for init not supported
08-12 19:15:41.735 25963 26881 I OMXClient: IOmx service obtained
08-12 19:15:41.746 25963 26804 D VideoInfo: apkdone.com create OMX.qcom.video.decoder.vp9 in MediaCodec
08-12 19:15:41.749 25963 26388 I CCodecBufferChannel: pipelineRoom(2) is <= numClientBuffers(2). Not signalling any more buffers to client
08-12 19:15:41.751 25963 26388 I CCodecBufferChannel: pipelineRoom(2) is <= numClientBuffers(3). Not signalling any more buffers to client
08-12 19:15:41.751 25963 26676 I CCodecBufferChannel: pipelineRoom(2) is <= numClientBuffers(2). Not signalling any more buffers to client
08-12 19:15:41.751 25963 26880 I MediaCodec: MediaCodec will operate in async mode
08-12 19:15:41.751 25963 26804 I MediaCodec: configure : init video box disabled
08-12 19:15:41.751 25963 26804 I MediaCodec: fps video to display enabled
08-12 19:15:41.751 25963 26804 I MediaCodec: The Fps from player is 20.000000 frameRateFloat 20.000000 frameRateInt -1
08-12 19:15:41.753 25963 26804 D MediaImpl: MediaImpl::sendFrameRate: 20
08-12 19:15:41.753 25963 26804 D MediaImpl: MediaImpl::sendPackageName: apkdone.com
08-12 19:15:41.753 25963 26804 D MediaStub: MediaStub::sendPackageName apkdone.com
08-12 19:15:41.753 25963 26804 W libc : Access denied finding property "ro.vendor.audio.dolby.vision.support"
08-12 19:15:41.753 25963 26880 D SurfaceUtils: connecting to surface 0xb5a08808, reason connectToSurface
08-12 19:15:41.754 25963 26880 I MediaCodec: [OMX.qcom.video.decoder.vp9] setting surface generation to 26586117
08-12 19:15:41.754 25963 26880 D SurfaceUtils: disconnecting from surface 0xb5a08808, reason connectToSurface(reconnect)
08-12 19:15:41.754 25963 26880 D SurfaceUtils: connecting to surface 0xb5a08808, reason connectToSurface(reconnect)
