08-12 19:15:28.612 25963 26698 I VideoBox: initVideobox return false for platform is not support vpp
08-12 19:15:28.612 25963 26698 I VideoBoxStub: VideoBoxStub::releaseVideoBox
08-12 19:15:28.612 25963 26698 I VideoBox: VideoBox::~VideoBox
08-12 19:15:28.612 25963 26698 I MediaCodec: init video box disabled for init not supported
08-12 19:15:28.614 25963 26714 I OMXClient: IOmx service obtained
08-12 19:15:28.629 25963 26698 D VideoInfo: apkdone.com create OMX.qcom.video.decoder.vp9 in MediaCodec
08-12 19:15:28.634 25963 26698 I MediaCodec: configure : init video box disabled
08-12 19:15:28.634 25963 26698 I MediaCodec: fps video to display enabled
08-12 19:15:28.634 25963 26698 I MediaCodec: The Fps from player is 0.000000 frameRateFloat -1.000000 frameRateInt -1
08-12 19:15:28.636 25963 26698 D MediaImpl: MediaImpl::sendFrameRate: -1
08-12 19:15:28.636 25963 26698 D MediaImpl: MediaImpl::sendPackageName: apkdone.com
08-12 19:15:28.636 25963 26698 D MediaStub: MediaStub::sendPackageName apkdone.com
08-12 19:15:28.637 25963 26713 D SurfaceUtils: connecting to surface 0x973eb408, reason connectToSurface
08-12 19:15:28.637 25963 26713 I MediaCodec: [OMX.qcom.video.decoder.vp9] setting surface generation to 26586114
08-12 19:15:28.637 25963 26713 D SurfaceUtils: disconnecting from surface 0x973eb408, reason connectToSurface(reconnect)
08-12 19:15:28.637 25963 26713 D SurfaceUtils: connecting to surface 0x973eb408, reason connectToSurface(reconnect)
08-12 19:15:28.640 25963 26714 I ExtendedACodec: setupVideoDecoder()
08-12 19:15:28.642 25963 26714 I ExtendedACodec: Decoder will be in frame by frame mode
08-12 19:15:28.642 25963 26714 W ExtendedACodec: Failed to set frame packing format on component
08-12 19:15:28.650 25963 26713 D MediaImpl: MediaImpl::sendMine: video/x- vnd.on2.vp9
08-12 19:15:28.650 25963 26713 D MediaStub: MediaStub::sendMine video/x-vnd.on2.vp9
08-12 19:15:28.694 25963 26714 D SurfaceUtils: set up nativeWindow 0x973eb408 for 720x1280, color 0x7fa30c06, rotation 0, usage 0x20402900
08-12 19:15:28.718 25963 26698 D AudioTrack: set(sessionId=0)
08-12 19:15:28.718 25963 26698 D AudioTrack: set(): streamType -1, sampleRate 44100, format 0x1, channelMask 0x3, frameCount 14144, flags #0, notificationFrames 0, sessionId 0, transferType 3, uid -1, pid -1
08-12 19:15:28.721 25963 26698 W libc : Access denied finding property "vendor.audio.lowpower"
08-12 19:15:28.735 25963 26698 D AudioTrack: isWhiteListPackage() Uid 10403, package name apkdone.com
08-12 19:15:28.738 25963 26698 W AudioTrack: Use of stream types is deprecated for operations other than volume control
08-12 19:15:28.738 25963 26698 W AudioTrack: See the documentation of AudioTrack() for what to use instead with android.media.AudioAttributes to qualify your playback use case
08-12 19:15:28.739 25963 26698 I AudioTrack: AudioTrack::setVolume L:1.000000 R:1.000000 and the pakage is apkdone.com
08-12 19:15:28.740 25963 26698 W libc : Access denied finding property "ro.vendor.audio.shortvideo.index"
08-12 19:15:28.746 25963 26711 I CCodecBufferChannel: pipelineRoom(1) is <= numClientBuffers(1). Not signalling any more buffers to client
08-12 19:15:28.746 25963 26388 I CCodecBufferChannel: pipelineRoom(2) is <= numClientBuffers(2). Not signalling any more buffers to client
08-12 19:15:28.746 25963 26388 I CCodecBufferChannel: pipelineRoom(3) is <= numClientBuffers(3). Not signalling any more buffers to client
08-12 19:15:28.746 25963 26711 I CCodecBufferChannel: pipelineRoom(3) is <= numClientBuffers(3). Not signalling any more buffers to client
08-12 19:15:28.747 25963 26713 W MediaCodec: mapFormat: no mediaType information
08-12 19:15:28.773 25963 25963 D MIUIInput: [KeyEvent] ViewRootImpl KeyEvent { action=ACTION_DOWN, keyCode=KEYCODE_BACK, scanCode=0, metaState=0, flags=0x48, repeatCount=0, eventTime=87520072, downTime=87520072, deviceId=-1, source=0x101, displayId=0 }
08-12 19:15:28.822 25963 26677 D CCodecBufferChannel: [c2.android.aac.decoder#5] DEBUG: elapsed: n=6 [in=0 pipeline=0 out=2]
08-12 19:15:28.822 25963 26677 D PipelineWatcher: DEBUG: elapsed 2 / 6
08-12 19:15:28.822 25963 26677 D CCodecBufferChannel: [c2.android.aac.decoder#129] DEBUG: elapsed: n=6 [in=0 pipeline=0 out=2]
08-12 19:15:28.822 25963 26677 D PipelineWatcher: DEBUG: elapsed 2 / 6
08-12 19:15:28.828 25963 25963 I PlayCore: UID: [10403] PID: [25963] PrewarmService : prewarm(apkdone.com)
08-12 19:15:28.828 25963 26674 I PlayCore: UID: [10403] PID: [25963] PrewarmService : Initiate binding to the service.
08-12 19:15:28.832 25963 26674 I PlayCore: UID: [10403] PID: [25963] PrewarmService : Failed to bind to the service.
08-12 19:15:28.864 25963 25963 D MIUIInput: [KeyEvent] ViewRootImpl KeyEvent { action=ACTION_UP, keyCode=KEYCODE_BACK, scanCode=0, metaState=0, flags=0x48, repeatCount=0, eventTime=87520167, downTime=87520072, deviceId=-1, source=0x101, displayId=0 }
08-12 19:15:29.720 25963 26388 I CCodecBufferChannel: pipelineRoom(2) is <= numClientBuffers(2). Not signalling any more buffers to client
08-12 19:15:29.721 25963 26711 I CCodecBufferChannel: pipelineRoom(1) is <= numClientBuffers(1). Not signalling any more buffers to client
08-12 19:15:29.722 25963 26711 I CCodecBufferChannel: pipelineRoom(2) is <= numClientBuffers(2). Not signalling any more buffers to client
08-12 19:15:29.722 25963 26388 I CCodecBufferChannel: pipelineRoom(2) is <= numClientBuffers(2). Not signalling any more buffers to client
08-12 19:15:29.724 25963 26388 I CCodecBufferChannel: pipelineRoom(2) is <= numClientBuffers(3). Not signalling any more buffers to client
08-12 19:15:29.724 25963 26711 I CCodecBufferChannel: pipelineRoom(2) is <= numClientBuffers(2). Not signalling any more buffers to client
08-12 19:15:29.725 25963 26388 I CCodecBufferChannel: pipelineRoom(3) is <= numClientBuffers(3). Not signalling any more buffers to client
08-12 19:15:29.727 25963 26388 I CCodecBufferChannel: pipelineRoom(2) is <= numClientBuffers(3). Not signalling any more buffers to client
08-12 19:15:29.728 25963 26711 I CCodecBufferChannel: pipelineRoom(2) is <= numClientBuffers(2). Not signalling any more buffers to client
08-12 19:15:30.635 25963 26679 D BufferPoolAccessor2.0: bufferpool2 0x9387ee18 : 4(32768 size) total buffers - 4(32768 size) used buffers - 1/6 (recycle/alloc) - 5/24 (fetch/transfer)
08-12 19:15:30.635 25963 26679 D BufferPoolAccessor2.0: evictor expired: 1, evicted: 1
08-12 19:15:30.723 25963 26388 I CCodecBufferChannel: pipelineRoom(1) is <= numClientBuffers(2). Not signalling any more buffers to client
08-12 19:15:30.724 25963 26711 I CCodecBufferChannel: pipelineRoom(1) is <= numClientBuffers(1). Not signalling any more buffers to client
08-12 19:15:30.724 25963 26388 I CCodecBufferChannel: pipelineRoom(1) is <= numClientBuffers(1). Not signalling any more buffers to client
08-12 19:15:30.724 25963 26388 I CCodecBufferChannel: pipelineRoom(1) is <= numClientBuffers(1). Not signalling any more buffers to client
08-12 19:15:30.725 25963 26711 I CCodecBufferChannel: pipelineRoom(2) is <= numClientBuffers(2). Not signalling any more buffers to client
08-12 19:15:30.727 25963 26388 D CCodecBuffers: [c2.android.aac.decoder#5:1D- Input.Impl[N]] codec released a buffer owned by client (index 3)
08-12 19:15:33.022 25963 26677 D CCodecBufferChannel: [c2.android.aac.decoder#5] DEBUG: elapsed: n=6 [in=0 pipeline=0 out=2]
08-12 19:15:33.022 25963 26677 D PipelineWatcher: DEBUG: elapsed 2 / 6
08-12 19:15:33.636 25963 26679 D BufferPoolAccessor2.0: bufferpool2 0x99022918 : 5(40960 size) total buffers - 4(32768 size) used buffers - 1/6 (recycle/alloc) - 5/26 (fetch/transfer)
08-12 19:15:33.636 25963 26679 D BufferPoolAccessor2.0: evictor expired: 1, evicted: 1
08-12 19:15:36.886 25963 25963 D DynamitePackage: Instantiating com.google.android.gms.ads.ChimeraAdManagerCreatorImpl
08-12 19:15:36.888 25963 25963 I Ads : Use RequestConfiguration.Builder().setTestDeviceIds(Arrays.asList("960FA59A29CA1A010171 A2FD3EC14BEE")) to get test ads on this device.
08-12 19:15:36.899 25963 25963 E MethodChannel#jojoy.app_resource_plugin: Failed to handle method call
08-12 19:15:36.899 25963 25963 E MethodChannel#jojoy.app_resource_plugin: android.content.res.Resources$NotFoundException: Drawable apkdone.com:mipmap/ic_launcher_foreground with resource ID #0x7f0f0001
08-12 19:15:36.899 25963 25963 E MethodChannel#jojoy.app_resource_plugin: Caused by: android.content.res.Resources$NotFoundException: File res/mipmap/ic_launcher_foreground.xml from drawable resource ID #0x7f0f0001
08-12 19:15:36.899 25963 25963 E MethodChannel#jojoy.app_resource_plugin: at android.content.res.ResourcesImpl.loadDrawableForCookie(ResourcesImpl.java:900)
08-12 19:15:36.899 25963 25963 E MethodChannel#jojoy.app_resource_plugin: at android.content.res.ResourcesImpl.loadDrawable(ResourcesImpl.java:691)
08-12 19:15:36.899 25963 25963 E MethodChannel#jojoy.app_resource_plugin: at android.content.res.MiuiResourcesImpl.loadDrawable(MiuiResourcesImpl.java:307)
08-12 19:15:36.899 25963 25963 E MethodChannel#jojoy.app_resource_plugin: at android.content.res.Resources.loadDrawable(Resources.java:1017)
08-12 19:15:36.899 25963 25963 E MethodChannel#jojoy.app_resource_plugin: at android.content.res.Resources.getDrawableForDensity(Resources.java:1005)
08-12 19:15:36.899 25963 25963 E MethodChannel#jojoy.app_resource_plugin: at android.content.res.Resources.getDrawable(Resources.java:944)
08-12 19:15:36.899 25963 25963 E MethodChannel#jojoy.app_resource_plugin: at android.content.Context.getDrawable(Context.java:763)
08-12 19:15:36.899 25963 25963 E MethodChannel#jojoy.app_resource_plugin: at androidx.core.content.ContextCompat$Api21Impl.getDrawable(Unknown Source:0)
08-12 19:15:36.899 25963 25963 E MethodChannel#jojoy.app_resource_plugin: at androidx.core.content.ContextCompat.getDrawable(Unknown Source:0)
08-12 19:15:36.899 25963 25963 E MethodChannel#jojoy.app_resource_plugin: at com.example.plugin.AppResourcePlugin.a(AppResourcePlugin.kt:4)
08-12 19:15:36.899 25963 25963 E MethodChannel#jojoy.app_resource_plugin: at com.example.plugin.AppResourcePlugin.onMethodCall(AppResourcePlugin.kt:22)
08-12 19:15:36.899 25963 25963 E MethodChannel#jojoy.app_resource_plugin: at io.flutter.plugin.common.MethodChannel$IncomingMethodCallHandler.onMessage(MethodCh annel.java:2)
08-12 19:15:36.899 25963 25963 E MethodChannel#jojoy.app_resource_plugin: at io.flutter.embedding.engine.dart.DartMessenger.invokeHandler(DartMessenger.java:2)
08-12 19:15:36.899 25963 25963 E MethodChannel#jojoy.app_resource_plugin: at io.flutter.embedding.engine.dart.DartMessenger.lambda$dispatchMessageToQueue$0(Dart Messenger.java:2)
08-12 19:15:36.899 25963 25963 E MethodChannel#jojoy.app_resource_plugin: at io.flutter.embedding.engine.dart.DartMessenger.a(Unknown Source:0)
08-12 19:15:36.899 25963 25963 E MethodChannel#jojoy.app_resource_plugin: at io.flutter.embedding.engine.dart.a.run(Unknown Source:12)
08-12 19:15:36.899 25963 25963 E MethodChannel#jojoy.app_resource_plugin: at android.os.Handler.handleCallback(Handler.java:938)
08-12 19:15:36.899 25963 25963 E MethodChannel#jojoy.app_resource_plugin: at android.os.Handler.dispatchMessage(Handler.java:99)
08-12 19:15:36.899 25963 25963 E MethodChannel#jojoy.app_resource_plugin: at android.os.Looper.loopOnce(Looper.java:210)
08-12 19:15:36.899 25963 25963 E MethodChannel#jojoy.app_resource_plugin: at android.os.Looper.loop(Looper.java:299)
08-12 19:15:36.899 25963 25963 E MethodChannel#jojoy.app_resource_plugin: at android.app.ActivityThread.main(ActivityThread.java:8205)
08-12 19:15:36.899 25963 25963 E MethodChannel#jojoy.app_resource_plugin: at java.lang.reflect.Method.invoke(Native Method)
08-12 19:15:36.899 25963 25963 E MethodChannel#jojoy.app_resource_plugin: at com.android.internal.os.RuntimeInit$MethodAndArgsCaller.run(RuntimeInit.java:556)
08-12 19:15:36.899 25963 25963 E MethodChannel#jojoy.app_resource_plugin: at com.android.internal.os.ZygoteInit.main(ZygoteInit.java:1045)
08-12 19:15:36.899 25963 25963 E MethodChannel#jojoy.app_resource_plugin: Caused by: android.view.InflateException: Class not found x
08-12 19:15:36.899 25963 25963 E MethodChannel#jojoy.app_resource_plugin: at android.graphics.drawable.DrawableInflater.inflateFromClass(DrawableInflater.java:2 25)
08-12 19:15:36.899 25963 25963 E MethodChannel#jojoy.app_resource_plugin: at android.graphics.drawable.DrawableInflater.inflateFromXmlForDensity(DrawableInflate r.java:142)
08-12 19:15:36.899 25963 25963 E MethodChannel#jojoy.app_resource_plugin: at android.graphics.drawable.Drawable.createFromXmlInnerForDensity(Drawable.java:1414)
08-12 19:15:36.899 25963 25963 E MethodChannel#jojoy.app_resource_plugin: at android.graphics.drawable.Drawable.createFromXmlForDensity(Drawable.java:1373)
08-12 19:15:36.899 25963 25963 E MethodChannel#jojoy.app_resource_plugin: at android.content.res.ResourcesImpl.createFromXmlForDensity(ResourcesImpl.java:1516)
08-12 19:15:36.899 25963 25963 E MethodChannel#jojoy.app_resource_plugin: at android.content.res.ResourcesImpl.loadXmlDrawable(ResourcesImpl.java:934)
08-12 19:15:36.899 25963 25963 E MethodChannel#jojoy.app_resource_plugin: at android.content.res.ResourcesImpl.loadDrawableForCookie(ResourcesImpl.java:883)
08-12 19:15:36.899 25963 25963 E MethodChannel#jojoy.app_resource_plugin: ... 23 more
08-12 19:15:36.899 25963 25963 E MethodChannel#jojoy.app_resource_plugin: Caused by: java.lang.ClassNotFoundException: Didn't find class "x" on path: DexPathList[[zip file "/data/app/~~RlqRSICE4iIplcPnDnZeBQ==/apkdone.com- sw2xb0k3UZHPPmHA8vw-0A==/base.apk"],nativeLibraryDirectories=[/data/app/ ~~RlqRSICE4iIplcPnDnZeBQ==/apkdone.com-sw2xb0k3UZHPPmHA8vw-0A==/lib/arm, /data/app/~~RlqRSICE4iIplcPnDnZeBQ==/apkdone.com-sw2xb0k3UZHPPmHA8vw-0A==/ base.apk!/lib/armeabi-v7a, /system/lib, /system_ext/lib]]
08-12 19:15:36.899 25963 25963 E MethodChannel#jojoy.app_resource_plugin: at dalvik.system.BaseDexClassLoader.findClass(BaseDexClassLoader.java:218)
08-12 19:15:36.899 25963 25963 E MethodChannel#jojoy.app_resource_plugin: at java.lang.ClassLoader.loadClass(ClassLoader.java:379)
08-12 19:15:36.899 25963 25963 E MethodChannel#jojoy.app_resource_plugin: at java.lang.ClassLoader.loadClass(ClassLoader.java:312)
08-12 19:15:36.899 25963 25963 E MethodChannel#jojoy.app_resource_plugin: at android.graphics.drawable.DrawableInflater.inflateFromClass(DrawableInflater.java:2 06)
08-12 19:15:36.899 25963 25963 E MethodChannel#jojoy.app_resource_plugin: ... 29 more
08-12 19:15:36.900 25963 25963 E MethodChannel#jojoy.app_resource_plugin: Failed to handle method call
08-12 19:15:36.900 25963 25963 E MethodChannel#jojoy.app_resource_plugin: android.content.res.Resources$NotFoundException: Drawable apkdone.com:mipmap/ic_launcher_foreground with resource ID #0x7f0f0001
08-12 19:15:36.900 25963 25963 E MethodChannel#jojoy.app_resource_plugin: Caused by: android.content.res.Resources$NotFoundException: File res/mipmap/ic_launcher_foreground.xml from drawable resource ID #0x7f0f0001
08-12 19:15:36.900 25963 25963 E MethodChannel#jojoy.app_resource_plugin: at android.content.res.ResourcesImpl.loadDrawableForCookie(ResourcesImpl.java:900)
08-12 19:15:36.900 25963 25963 E MethodChannel#jojoy.app_resource_plugin: at android.content.res.ResourcesImpl.loadDrawable(ResourcesImpl.java:691)
08-12 19:15:36.900 25963 25963 E MethodChannel#jojoy.app_resource_plugin: at android.content.res.MiuiResourcesImpl.loadDrawable(MiuiResourcesImpl.java:307)
08-12 19:15:36.900 25963 25963 E MethodChannel#jojoy.app_resource_plugin: at android.content.res.Resources.loadDrawable(Resources.java:1017)
08-12 19:15:36.900 25963 25963 E MethodChannel#jojoy.app_resource_plugin: at android.content.res.Resources.getDrawableForDensity(Resources.java:1005)
08-12 19:15:36.900 25963 25963 E MethodChannel#jojoy.app_resource_plugin: at android.content.res.Resources.getDrawable(Resources.java:944)
08-12 19:15:36.900 25963 25963 E MethodChannel#jojoy.app_resource_plugin: at android.content.Context.getDrawable(Context.java:763)
08-12 19:15:36.900 25963 25963 E MethodChannel#jojoy.app_resource_plugin: at androidx.core.content.ContextCompat$Api21Impl.getDrawable(Unknown Source:0)
08-12 19:15:36.900 25963 25963 E MethodChannel#jojoy.app_resource_plugin: at androidx.core.content.ContextCompat.getDrawable(Unknown Source:0)
08-12 19:15:36.900 25963 25963 E MethodChannel#jojoy.app_resource_plugin: at com.example.plugin.AppResourcePlugin.a(AppResourcePlugin.kt:4)
08-12 19:15:36.900 25963 25963 E MethodChannel#jojoy.app_resource_plugin: at com.example.plugin.AppResourcePlugin.onMethodCall(AppResourcePlugin.kt:22)
08-12 19:15:36.900 25963 25963 E MethodChannel#jojoy.app_resource_plugin: at io.flutter.plugin.common.MethodChannel$IncomingMethodCallHandler.onMessage(MethodCh annel.java:2)
08-12 19:15:36.900 25963 25963 E MethodChannel#jojoy.app_resource_plugin: at io.flutter.embedding.engine.dart.DartMessenger.invokeHandler(DartMessenger.java:2)
08-12 19:15:36.900 25963 25963 E MethodChannel#jojoy.app_resource_plugin: at io.flutter.embedding.engine.dart.DartMessenger.lambda$dispatchMessageToQueue$0(Dart Messenger.java:2)
08-12 19:15:36.900 25963 25963 E MethodChannel#jojoy.app_resource_plugin: at io.flutter.embedding.engine.dart.DartMessenger.a(Unknown Source:0)
08-12 19:15:36.900 25963 25963 E MethodChannel#jojoy.app_resource_plugin: at io.flutter.embedding.engine.dart.a.run(Unknown Source:12)
08-12 19:15:36.900 25963 25963 E MethodChannel#jojoy.app_resource_plugin: at android.os.Handler.handleCallback(Handler.java:938)
08-12 19:15:36.900 25963 25963 E MethodChannel#jojoy.app_resource_plugin: at android.os.Handler.dispatchMessage(Handler.java:99)
08-12 19:15:36.900 25963 25963 E MethodChannel#jojoy.app_resource_plugin: at android.os.Looper.loopOnce(Looper.java:210)
08-12 19:15:36.900 25963 25963 E MethodChannel#jojoy.app_resource_plugin: at android.os.Looper.loop(Looper.java:299)
08-12 19:15:36.900 25963 25963 E MethodChannel#jojoy.app_resource_plugin: at android.app.ActivityThread.main(ActivityThread.java:8205)
08-12 19:15:36.900 25963 25963 E MethodChannel#jojoy.app_resource_plugin: at java.lang.reflect.Method.invoke(Native Method)
08-12 19:15:36.900 25963 25963 E MethodChannel#jojoy.app_resource_plugin: at com.android.internal.os.RuntimeInit$MethodAndArgsCaller.run(RuntimeInit.java:556)
08-12 19:15:36.900 25963 25963 E MethodChannel#jojoy.app_resource_plugin: at com.android.internal.os.ZygoteInit.main(ZygoteInit.java:1045)
08-12 19:15:36.900 25963 25963 E MethodChannel#jojoy.app_resource_plugin: Caused by: android.view.InflateException: Class not found x
08-12 19:15:36.900 25963 25963 E MethodChannel#jojoy.app_resource_plugin: at android.graphics.drawable.DrawableInflater.inflateFromClass(DrawableInflater.java:2 25)
08-12 19:15:36.900 25963 25963 E MethodChannel#jojoy.app_resource_plugin: at android.graphics.drawable.DrawableInflater.inflateFromXmlForDensity(DrawableInflate r.java:142)
08-12 19:15:36.900 25963 25963 E MethodChannel#jojoy.app_resource_plugin: at android.graphics.drawable.Drawable.createFromXmlInnerForDensity(Drawable.java:1414)
08-12 19:15:36.900 25963 25963 E MethodChannel#jojoy.app_resource_plugin: at android.graphics.drawable.Drawable.createFromXmlForDensity(Drawable.java:1373)
08-12 19:15:36.900 25963 25963 E MethodChannel#jojoy.app_resource_plugin: at android.content.res.ResourcesImpl.createFromXmlForDensity(ResourcesImpl.java:1516)
08-12 19:15:36.900 25963 25963 E MethodChannel#jojoy.app_resource_plugin: at android.content.res.ResourcesImpl.loadXmlDrawable(ResourcesImpl.java:934)
08-12 19:15:36.900 25963 25963 E MethodChannel#jojoy.app_resource_plugin: at android.content.res.ResourcesImpl.loadDrawableForCookie(ResourcesImpl.java:883)
08-12 19:15:36.900 25963 25963 E MethodChannel#jojoy.app_resource_plugin: ... 23 more
08-12 19:15:36.900 25963 25963 E MethodChannel#jojoy.app_resource_plugin: Caused by: java.lang.ClassNotFoundException: Didn't find class "x" on path: DexPathList[[zip file "/data/app/~~RlqRSICE4iIplcPnDnZeBQ==/apkdone.com- sw2xb0k3UZHPPmHA8vw-0A==/base.apk"],nativeLibraryDirectories=[/data/app/ ~~RlqRSICE4iIplcPnDnZeBQ==/apkdone.com-sw2xb0k3UZHPPmHA8vw-0A==/lib/arm, /data/app/~~RlqRSICE4iIplcPnDnZeBQ==/apkdone.com-sw2xb0k3UZHPPmHA8vw-0A==/ base.apk!/lib/armeabi-v7a, /system/lib, /system_ext/lib]]
08-12 19:15:36.900 25963 25963 E MethodChannel#jojoy.app_resource_plugin: at dalvik.system.BaseDexClassLoader.findClass(BaseDexClassLoader.java:218)
08-12 19:15:36.900 25963 25963 E MethodChannel#jojoy.app_resource_plugin: at java.lang.ClassLoader.loadClass(ClassLoader.java:379)
08-12 19:15:36.900 25963 25963 E MethodChannel#jojoy.app_resource_plugin: at java.lang.ClassLoader.loadClass(ClassLoader.java:312)
08-12 19:15:36.900 25963 25963 E MethodChannel#jojoy.app_resource_plugin: at android.graphics.drawable.DrawableInflater.inflateFromClass(DrawableInflater.java:2 06)
08-12 19:15:36.900 25963 25963 E MethodChannel#jojoy.app_resource_plugin: ... 29 more
08-12 19:15:36.902 25963 25963 E MethodChannel#jojoy.app_resource_plugin: Failed to handle method call
08-12 19:15:36.902 25963 25963 E MethodChannel#jojoy.app_resource_plugin: android.content.res.Resources$NotFoundException: Drawable apkdone.com:mipmap/ic_launcher_foreground with resource ID #0x7f0f0001
08-12 19:15:36.902 25963 25963 E MethodChannel#jojoy.app_resource_plugin: Caused by: android.content.res.Resources$NotFoundException: File res/mipmap/ic_launcher_foreground.xml from drawable resource ID #0x7f0f0001
08-12 19:15:36.902 25963 25963 E MethodChannel#jojoy.app_resource_plugin: at android.content.res.ResourcesImpl.loadDrawableForCookie(ResourcesImpl.java:900)
08-12 19:15:36.902 25963 25963 E MethodChannel#jojoy.app_resource_plugin: at android.content.res.ResourcesImpl.loadDrawable(ResourcesImpl.java:691)
08-12 19:15:36.902 25963 25963 E MethodChannel#jojoy.app_resource_plugin: at android.content.res.MiuiResourcesImpl.loadDrawable(MiuiResourcesImpl.java:307)
08-12 19:15:36.902 25963 25963 E MethodChannel#jojoy.app_resource_plugin: at android.content.res.Resources.loadDrawable(Resources.java:1017)
08-12 19:15:36.902 25963 25963 E MethodChannel#jojoy.app_resource_plugin: at android.content.res.Resources.getDrawableForDensity(Resources.java:1005)
08-12 19:15:36.902 25963 25963 E MethodChannel#jojoy.app_resource_plugin: at android.content.res.Resources.getDrawable(Resources.java:944)
08-12 19:15:36.902 25963 25963 E MethodChannel#jojoy.app_resource_plugin: at android.content.Context.getDrawable(Context.java:763)
08-12 19:15:36.902 25963 25963 E MethodChannel#jojoy.app_resource_plugin: at androidx.core.content.ContextCompat$Api21Impl.getDrawable(Unknown Source:0)
08-12 19:15:36.902 25963 25963 E MethodChannel#jojoy.app_resource_plugin: at androidx.core.content.ContextCompat.getDrawable(Unknown Source:0)
08-12 19:15:36.902 25963 25963 E MethodChannel#jojoy.app_resource_plugin: at com.example.plugin.AppResourcePlugin.a(AppResourcePlugin.kt:4)
08-12 19:15:36.902 25963 25963 E MethodChannel#jojoy.app_resource_plugin: at com.example.plugin.AppResourcePlugin.onMethodCall(AppResourcePlugin.kt:22)
08-12 19:15:36.902 25963 25963 E MethodChannel#jojoy.app_resource_plugin: at io.flutter.plugin.common.MethodChannel$IncomingMethodCallHandler.onMessage(MethodCh annel.java:2)
08-12 19:15:36.902 25963 25963 E MethodChannel#jojoy.app_resource_plugin: at io.flutter.embedding.engine.dart.DartMessenger.invokeHandler(DartMessenger.java:2)
08-12 19:15:36.902 25963 25963 E MethodChannel#jojoy.app_resource_plugin: at io.flutter.embedding.engine.dart.DartMessenger.lambda$dispatchMessageToQueue$0(Dart Messenger.java:2)
08-12 19:15:36.902 25963 25963 E MethodChannel#jojoy.app_resource_plugin: at io.flutter.embedding.engine.dart.DartMessenger.a(Unknown Source:0)
08-12 19:15:36.902 25963 25963 E MethodChannel#jojoy.app_resource_plugin: at io.flutter.embedding.engine.dart.a.run(Unknown Source:12)
08-12 19:15:36.902 25963 25963 E MethodChannel#jojoy.app_resource_plugin: at android.os.Handler.handleCallback(Handler.java:938)
08-12 19:15:36.902 25963 25963 E MethodChannel#jojoy.app_resource_plugin: at android.os.Handler.dispatchMessage(Handler.java:99)
08-12 19:15:36.902 25963 25963 E MethodChannel#jojoy.app_resource_plugin: at android.os.Looper.loopOnce(Looper.java:210)
08-12 19:15:36.902 25963 25963 E MethodChannel#jojoy.app_resource_plugin: at android.os.Looper.loop(Looper.java:299)
08-12 19:15:36.902 25963 25963 E MethodChannel#jojoy.app_resource_plugin: at android.app.ActivityThread.main(ActivityThread.java:8205)
08-12 19:15:36.902 25963 25963 E MethodChannel#jojoy.app_resource_plugin: at java.lang.reflect.Method.invoke(Native Method)
08-12 19:15:36.902 25963 25963 E MethodChannel#jojoy.app_resource_plugin: at com.android.internal.os.RuntimeInit$MethodAndArgsCaller.run(RuntimeInit.java:556)
08-12 19:15:36.902 25963 25963 E MethodChannel#jojoy.app_resource_plugin: at com.android.internal.os.ZygoteInit.main(ZygoteInit.java:1045)
08-12 19:15:36.902 25963 25963 E MethodChannel#jojoy.app_resource_plugin: Caused by: android.view.InflateException: Class not found x
08-12 19:15:36.902 25963 25963 E MethodChannel#jojoy.app_resource_plugin: at android.graphics.drawable.DrawableInflater.inflateFromClass(DrawableInflater.java:2 25)
08-12 19:15:36.902 25963 25963 E MethodChannel#jojoy.app_resource_plugin: at android.graphics.drawable.DrawableInflater.inflateFromXmlForDensity(DrawableInflate r.java:142)
08-12 19:15:36.902 25963 25963 E MethodChannel#jojoy.app_resource_plugin: at android.graphics.drawable.Drawable.createFromXmlInnerForDensity(Drawable.java:1414)
08-12 19:15:36.902 25963 25963 E MethodChannel#jojoy.app_resource_plugin: at android.graphics.drawable.Drawable.createFromXmlForDensity(Drawable.java:1373)
08-12 19:15:36.902 25963 25963 E MethodChannel#jojoy.app_resource_plugin: at android.content.res.ResourcesImpl.createFromXmlForDensity(ResourcesImpl.java:1516)
08-12 19:15:36.902 25963 25963 E MethodChannel#jojoy.app_resource_plugin: at android.content.res.ResourcesImpl.loadXmlDrawable(ResourcesImpl.java:934)
08-12 19:15:36.902 25963 25963 E MethodChannel#jojoy.app_resource_plugin: at android.content.res.ResourcesImpl.loadDrawableForCookie(ResourcesImpl.java:883)
08-12 19:15:36.902 25963 25963 E MethodChannel#jojoy.app_resource_plugin: ... 23 more
08-12 19:15:36.902 25963 25963 E MethodChannel#jojoy.app_resource_plugin: Caused by: java.lang.ClassNotFoundException: Didn't find class "x" on path: DexPathList[[zip file "/data/app/~~RlqRSICE4iIplcPnDnZeBQ==/apkdone.com- sw2xb0k3UZHPPmHA8vw-0A==/base.apk"],nativeLibraryDirectories=[/data/app/ ~~RlqRSICE4iIplcPnDnZeBQ==/apkdone.com-sw2xb0k3UZHPPmHA8vw-0A==/lib/arm, /data/app/~~RlqRSICE4iIplcPnDnZeBQ==/apkdone.com-sw2xb0k3UZHPPmHA8vw-0A==/ base.apk!/lib/armeabi-v7a, /system/lib, /system_ext/lib]]
08-12 19:15:36.902 25963 25963 E MethodChannel#jojoy.app_resource_plugin: at dalvik.system.BaseDexClassLoader.findClass(BaseDexClassLoader.java:218)
08-12 19:15:36.902 25963 25963 E MethodChannel#jojoy.app_resource_plugin: at java.lang.ClassLoader.loadClass(ClassLoader.java:379)
08-12 19:15:36.902 25963 25963 E MethodChannel#jojoy.app_resource_plugin: at java.lang.ClassLoader.loadClass(ClassLoader.java:312)
08-12 19:15:36.902 25963 25963 E MethodChannel#jojoy.app_resource_plugin: at android.graphics.drawable.DrawableInflater.inflateFromClass(DrawableInflater.java:2 06)
08-12 19:15:36.902 25963 25963 E MethodChannel#jojoy.app_resource_plugin: ... 29 more
08-12 19:15:36.902 25963 26755 W ConnectionStatusConfig: Dynamic lookup for intent failed for action: com.google.android.gms.ads.service.START
08-12 19:15:36.903 25963 25963 E MethodChannel#jojoy.app_resource_plugin: Failed to handle method call
08-12 19:15:36.903 25963 25963 E MethodChannel#jojoy.app_resource_plugin: android.content.res.Resources$NotFoundException: Drawable apkdone.com:mipmap/ic_launcher_foreground with resource ID #0x7f0f0001
08-12 19:15:36.903 25963 25963 E MethodChannel#jojoy.app_resource_plugin: Caused by: android.content.res.Resources$NotFoundException: File res/mipmap/ic_launcher_foreground.xml from drawable resource ID #0x7f0f0001
08-12 19:15:36.903 25963 25963 E MethodChannel#jojoy.app_resource_plugin: at android.content.res.ResourcesImpl.loadDrawableForCookie(ResourcesImpl.java:900)
08-12 19:15:36.903 25963 25963 E MethodChannel#jojoy.app_resource_plugin: at android.content.res.ResourcesImpl.loadDrawable(ResourcesImpl.java:691)
08-12 19:15:36.903 25963 25963 E MethodChannel#jojoy.app_resource_plugin: at android.content.res.MiuiResourcesImpl.loadDrawable(MiuiResourcesImpl.java:307)
08-12 19:15:36.903 25963 25963 E MethodChannel#jojoy.app_resource_plugin: at android.content.res.Resources.loadDrawable(Resources.java:1017)
08-12 19:15:36.903 25963 25963 E MethodChannel#jojoy.app_resource_plugin: at android.content.res.Resources.getDrawableForDensity(Resources.java:1005)
08-12 19:15:36.903 25963 25963 E MethodChannel#jojoy.app_resource_plugin: at android.content.res.Resources.getDrawable(Resources.java:944)
08-12 19:15:36.903 25963 25963 E MethodChannel#jojoy.app_resource_plugin: at android.content.Context.getDrawable(Context.java:763)
08-12 19:15:36.903 25963 25963 E MethodChannel#jojoy.app_resource_plugin: at androidx.core.content.ContextCompat$Api21Impl.getDrawable(Unknown Source:0)
08-12 19:15:36.903 25963 25963 E MethodChannel#jojoy.app_resource_plugin: at androidx.core.content.ContextCompat.getDrawable(Unknown Source:0)
08-12 19:15:36.903 25963 25963 E MethodChannel#jojoy.app_resource_plugin: at com.example.plugin.AppResourcePlugin.a(AppResourcePlugin.kt:4)
08-12 19:15:36.903 25963 25963 E MethodChannel#jojoy.app_resource_plugin: at com.example.plugin.AppResourcePlugin.onMethodCall(AppResourcePlugin.kt:22)
08-12 19:15:36.903 25963 25963 E MethodChannel#jojoy.app_resource_plugin: at io.flutter.plugin.common.MethodChannel$IncomingMethodCallHandler.onMessage(MethodCh annel.java:2)
08-12 19:15:36.903 25963 25963 E MethodChannel#jojoy.app_resource_plugin: at io.flutter.embedding.engine.dart.DartMessenger.invokeHandler(DartMessenger.java:2)
08-12 19:15:36.903 25963 25963 E MethodChannel#jojoy.app_resource_plugin: at io.flutter.embedding.engine.dart.DartMessenger.lambda$dispatchMessageToQueue$0(Dart Messenger.java:2)
08-12 19:15:36.903 25963 25963 E MethodChannel#jojoy.app_resource_plugin: at io.flutter.embedding.engine.dart.DartMessenger.a(Unknown Source:0)
08-12 19:15:36.903 25963 25963 E MethodChannel#jojoy.app_resource_plugin: at io.flutter.embedding.engine.dart.a.run(Unknown Source:12)
08-12 19:15:36.903 25963 25963 E MethodChannel#jojoy.app_resource_plugin: at android.os.Handler.handleCallback(Handler.java:938)
08-12 19:15:36.903 25963 25963 E MethodChannel#jojoy.app_resource_plugin: at android.os.Handler.dispatchMessage(Handler.java:99)
08-12 19:15:36.903 25963 25963 E MethodChannel#jojoy.app_resource_plugin: at android.os.Looper.loopOnce(Looper.java:210)
08-12 19:15:36.903 25963 25963 E MethodChannel#jojoy.app_resource_plugin: at android.os.Looper.loop(Looper.java:299)
08-12 19:15:36.903 25963 25963 E MethodChannel#jojoy.app_resource_plugin: at android.app.ActivityThread.main(ActivityThread.java:8205)
08-12 19:15:36.903 25963 25963 E MethodChannel#jojoy.app_resource_plugin: at java.lang.reflect.Method.invoke(Native Method)
08-12 19:15:36.903 25963 25963 E MethodChannel#jojoy.app_resource_plugin: at com.android.internal.os.RuntimeInit$MethodAndArgsCaller.run(RuntimeInit.java:556)
08-12 19:15:36.903 25963 25963 E MethodChannel#jojoy.app_resource_plugin: at com.android.internal.os.ZygoteInit.main(ZygoteInit.java:1045)
08-12 19:15:36.903 25963 25963 E MethodChannel#jojoy.app_resource_plugin: Caused by: android.view.InflateException: Class not found x
08-12 19:15:36.903 25963 25963 E MethodChannel#jojoy.app_resource_plugin: at android.graphics.drawable.DrawableInflater.inflateFromClass(DrawableInflater.java:2 25)
08-12 19:15:36.903 25963 25963 E MethodChannel#jojoy.app_resource_plugin: at android.graphics.drawable.DrawableInflater.inflateFromXmlForDensity(DrawableInflate r.java:142)
08-12 19:15:36.903 25963 25963 E MethodChannel#jojoy.app_resource_plugin: at android.graphics.drawable.Drawable.createFromXmlInnerForDensity(Drawable.java:1414)
08-12 19:15:36.903 25963 25963 E MethodChannel#jojoy.app_resource_plugin: at android.graphics.drawable.Drawable.createFromXmlForDensity(Drawable.java:1373)
08-12 19:15:36.903 25963 25963 E MethodChannel#jojoy.app_resource_plugin: at android.content.res.ResourcesImpl.createFromXmlForDensity(ResourcesImpl.java:1516)
08-12 19:15:36.903 25963 25963 E MethodChannel#jojoy.app_resource_plugin: at android.content.res.ResourcesImpl.loadXmlDrawable(ResourcesImpl.java:934)
08-12 19:15:36.903 25963 25963 E MethodChannel#jojoy.app_resource_plugin: at android.content.res.ResourcesImpl.loadDrawableForCookie(ResourcesImpl.java:883)
08-12 19:15:36.903 25963 25963 E MethodChannel#jojoy.app_resource_plugin: ... 23 more
08-12 19:15:36.903 25963 25963 E MethodChannel#jojoy.app_resource_plugin: Caused by: java.lang.ClassNotFoundException: Didn't find class "x" on path: DexPathList[[zip file "/data/app/~~RlqRSICE4iIplcPnDnZeBQ==/apkdone.com- sw2xb0k3UZHPPmHA8vw-0A==/base.apk"],nativeLibraryDirectories=[/data/app/ ~~RlqRSICE4iIplcPnDnZeBQ==/apkdone.com-sw2xb0k3UZHPPmHA8vw-0A==/lib/arm, /data/app/~~RlqRSICE4iIplcPnDnZeBQ==/apkdone.com-sw2xb0k3UZHPPmHA8vw-0A==/ base.apk!/lib/armeabi-v7a, /system/lib, /system_ext/lib]]
08-12 19:15:36.903 25963 25963 E MethodChannel#jojoy.app_resource_plugin: at dalvik.system.BaseDexClassLoader.findClass(BaseDexClassLoader.java:218)
08-12 19:15:36.903 25963 25963 E MethodChannel#jojoy.app_resource_plugin: at java.lang.ClassLoader.loadClass(ClassLoader.java:379)
08-12 19:15:36.903 25963 25963 E MethodChannel#jojoy.app_resource_plugin: at java.lang.ClassLoader.loadClass(ClassLoader.java:312)
08-12 19:15:36.903 25963 25963 E MethodChannel#jojoy.app_resource_plugin: at android.graphics.drawable.DrawableInflater.inflateFromClass(DrawableInflater.java:2 06)
08-12 19:15:36.903 25963 25963 E MethodChannel#jojoy.app_resource_plugin: ... 29 more
08-12 19:15:36.904 25963 25963 E MethodChannel#jojoy.app_resource_plugin: Failed to handle method call
08-12 19:15:36.904 25963 25963 E MethodChannel#jojoy.app_resource_plugin: android.content.res.Resources$NotFoundException: Drawable apkdone.com:mipmap/ic_launcher_foreground with resource ID #0x7f0f0001
08-12 19:15:36.904 25963 25963 E MethodChannel#jojoy.app_resource_plugin: Caused by: android.content.res.Resources$NotFoundException: File res/mipmap/ic_launcher_foreground.xml from drawable resource ID #0x7f0f0001
08-12 19:15:36.904 25963 25963 E MethodChannel#jojoy.app_resource_plugin: at android.content.res.ResourcesImpl.loadDrawableForCookie(ResourcesImpl.java:900)
08-12 19:15:36.904 25963 25963 E MethodChannel#jojoy.app_resource_plugin: at android.content.res.ResourcesImpl.loadDrawable(ResourcesImpl.java:691)
08-12 19:15:36.904 25963 25963 E MethodChannel#jojoy.app_resource_plugin: at android.content.res.MiuiResourcesImpl.loadDrawable(MiuiResourcesImpl.java:307)
08-12 19:15:36.904 25963 25963 E MethodChannel#jojoy.app_resource_plugin: at android.content.res.Resources.loadDrawable(Resources.java:1017)
08-12 19:15:36.904 25963 25963 E MethodChannel#jojoy.app_resource_plugin: at android.content.res.Resources.getDrawableForDensity(Resources.java:1005)
08-12 19:15:36.904 25963 25963 E MethodChannel#jojoy.app_resource_plugin: at android.content.res.Resources.getDrawable(Resources.java:944)
08-12 19:15:36.904 25963 25963 E MethodChannel#jojoy.app_resource_plugin: at android.content.Context.getDrawable(Context.java:763)
08-12 19:15:36.904 25963 25963 E MethodChannel#jojoy.app_resource_plugin: at androidx.core.content.ContextCompat$Api21Impl.getDrawable(Unknown Source:0)
08-12 19:15:36.904 25963 25963 E MethodChannel#jojoy.app_resource_plugin: at androidx.core.content.ContextCompat.getDrawable(Unknown Source:0)
08-12 19:15:36.904 25963 25963 E MethodChannel#jojoy.app_resource_plugin: at com.example.plugin.AppResourcePlugin.a(AppResourcePlugin.kt:4)
08-12 19:15:36.904 25963 25963 E MethodChannel#jojoy.app_resource_plugin: at com.example.plugin.AppResourcePlugin.onMethodCall(AppResourcePlugin.kt:22)
08-12 19:15:36.904 25963 25963 E MethodChannel#jojoy.app_resource_plugin: at io.flutter.plugin.common.MethodChannel$IncomingMethodCallHandler.onMessage(MethodCh annel.java:2)
08-12 19:15:36.904 25963 25963 E MethodChannel#jojoy.app_resource_plugin: at io.flutter.embedding.engine.dart.DartMessenger.invokeHandler(DartMessenger.java:2)
08-12 19:15:36.904 25963 25963 E MethodChannel#jojoy.app_resource_plugin: at io.flutter.embedding.engine.dart.DartMessenger.lambda$dispatchMessageToQueue$0(Dart Messenger.java:2)
08-12 19:15:36.904 25963 25963 E MethodChannel#jojoy.app_resource_plugin: at io.flutter.embedding.engine.dart.DartMessenger.a(Unknown Source:0)
08-12 19:15:36.904 25963 25963 E MethodChannel#jojoy.app_resource_plugin: at io.flutter.embedding.engine.dart.a.run(Unknown Source:12)
08-12 19:15:36.904 25963 25963 E MethodChannel#jojoy.app_resource_plugin: at android.os.Handler.handleCallback(Handler.java:938)
08-12 19:15:36.904 25963 25963 E MethodChannel#jojoy.app_resource_plugin: at android.os.Handler.dispatchMessage(Handler.java:99)
08-12 19:15:36.904 25963 25963 E MethodChannel#jojoy.app_resource_plugin: at android.os.Looper.loopOnce(Looper.java:210)
08-12 19:15:36.904 25963 25963 E MethodChannel#jojoy.app_resource_plugin: at android.os.Looper.loop(Looper.java:299)
08-12 19:15:36.904 25963 25963 E MethodChannel#jojoy.app_resource_plugin: at android.app.ActivityThread.main(ActivityThread.java:8205)
08-12 19:15:36.904 25963 25963 E MethodChannel#jojoy.app_resource_plugin: at java.lang.reflect.Method.invoke(Native Method)
08-12 19:15:36.904 25963 25963 E MethodChannel#jojoy.app_resource_plugin: at com.android.internal.os.RuntimeInit$MethodAndArgsCaller.run(RuntimeInit.java:556)
08-12 19:15:36.904 25963 25963 E MethodChannel#jojoy.app_resource_plugin: at com.android.internal.os.ZygoteInit.main(ZygoteInit.java:1045)
08-12 19:15:36.904 25963 25963 E MethodChannel#jojoy.app_resource_plugin: Caused by: android.view.InflateException: Class not found x
08-12 19:15:36.904 25963 25963 E MethodChannel#jojoy.app_resource_plugin: at android.graphics.drawable.DrawableInflater.inflateFromClass(DrawableInflater.java:2 25)
08-12 19:15:36.904 25963 25963 E MethodChannel#jojoy.app_resource_plugin: at android.graphics.drawable.DrawableInflater.inflateFromXmlForDensity(DrawableInflate r.java:142)
08-12 19:15:36.904 25963 25963 E MethodChannel#jojoy.app_resource_plugin: at android.graphics.drawable.Drawable.createFromXmlInnerForDensity(Drawable.java:1414)
08-12 19:15:36.904 25963 25963 E MethodChannel#jojoy.app_resource_plugin: at android.graphics.drawable.Drawable.createFromXmlForDensity(Drawable.java:1373)
08-12 19:15:36.904 25963 25963 E MethodChannel#jojoy.app_resource_plugin: at android.content.res.ResourcesImpl.createFromXmlForDensity(ResourcesImpl.java:1516)
08-12 19:15:36.904 25963 25963 E MethodChannel#jojoy.app_resource_plugin: at android.content.res.ResourcesImpl.loadXmlDrawable(ResourcesImpl.java:934)
08-12 19:15:36.904 25963 25963 E MethodChannel#jojoy.app_resource_plugin: at android.content.res.ResourcesImpl.loadDrawableForCookie(ResourcesImpl.java:883)
08-12 19:15:36.904 25963 25963 E MethodChannel#jojoy.app_resource_plugin: ... 23 more
08-12 19:15:36.904 25963 25963 E MethodChannel#jojoy.app_resource_plugin: Caused by: java.lang.ClassNotFoundException: Didn't find class "x" on path: DexPathList[[zip file "/data/app/~~RlqRSICE4iIplcPnDnZeBQ==/apkdone.com- sw2xb0k3UZHPPmHA8vw-0A==/base.apk"],nativeLibraryDirectories=[/data/app/ ~~RlqRSICE4iIplcPnDnZeBQ==/apkdone.com-sw2xb0k3UZHPPmHA8vw-0A==/lib/arm, /data/app/~~RlqRSICE4iIplcPnDnZeBQ==/apkdone.com-sw2xb0k3UZHPPmHA8vw-0A==/ base.apk!/lib/armeabi-v7a, /system/lib, /system_ext/lib]]
08-12 19:15:36.904 25963 25963 E MethodChannel#jojoy.app_resource_plugin: at dalvik.system.BaseDexClassLoader.findClass(BaseDexClassLoader.java:218)
08-12 19:15:36.904 25963 25963 E MethodChannel#jojoy.app_resource_plugin: at java.lang.ClassLoader.loadClass(ClassLoader.java:379)
08-12 19:15:36.904 25963 25963 E MethodChannel#jojoy.app_resource_plugin: at java.lang.ClassLoader.loadClass(ClassLoader.java:312)
08-12 19:15:36.904 25963 25963 E MethodChannel#jojoy.app_resource_plugin: at android.graphics.drawable.DrawableInflater.inflateFromClass(DrawableInflater.java:2 06)
08-12 19:15:36.904 25963 25963 E MethodChannel#jojoy.app_resource_plugin: ... 29 more
08-12 19:15:36.905 25963 25963 E MethodChannel#jojoy.app_resource_plugin: Failed to handle method call
08-12 19:15:36.905 25963 25963 E MethodChannel#jojoy.app_resource_plugin: android.content.res.Resources$NotFoundException: Drawable apkdone.com:mipmap/ic_launcher_foreground with resource ID #0x7f0f0001
08-12 19:15:36.905 25963 25963 E MethodChannel#jojoy.app_resource_plugin: Caused by: android.content.res.Resources$NotFoundException: File res/mipmap/ic_launcher_foreground.xml from drawable resource ID #0x7f0f0001
08-12 19:15:36.905 25963 25963 E MethodChannel#jojoy.app_resource_plugin: at android.content.res.ResourcesImpl.loadDrawableForCookie(ResourcesImpl.java:900)
08-12 19:15:36.905 25963 25963 E MethodChannel#jojoy.app_resource_plugin: at android.content.res.ResourcesImpl.loadDrawable(ResourcesImpl.java:691)
08-12 19:15:36.905 25963 25963 E MethodChannel#jojoy.app_resource_plugin: at android.content.res.MiuiResourcesImpl.loadDrawable(MiuiResourcesImpl.java:307)
08-12 19:15:36.905 25963 25963 E MethodChannel#jojoy.app_resource_plugin: at android.content.res.Resources.loadDrawable(Resources.java:1017)
08-12 19:15:36.905 25963 25963 E MethodChannel#jojoy.app_resource_plugin: at android.content.res.Resources.getDrawableForDensity(Resources.java:1005)
08-12 19:15:36.905 25963 25963 E MethodChannel#jojoy.app_resource_plugin: at android.content.res.Resources.getDrawable(Resources.java:944)
08-12 19:15:36.905 25963 25963 E MethodChannel#jojoy.app_resource_plugin: at android.content.Context.getDrawable(Context.java:763)
08-12 19:15:36.905 25963 25963 E MethodChannel#jojoy.app_resource_plugin: at androidx.core.content.ContextCompat$Api21Impl.getDrawable(Unknown Source:0)
08-12 19:15:36.905 25963 25963 E MethodChannel#jojoy.app_resource_plugin: at androidx.core.content.ContextCompat.getDrawable(Unknown Source:0)
08-12 19:15:36.905 25963 25963 E MethodChannel#jojoy.app_resource_plugin: at com.example.plugin.AppResourcePlugin.a(AppResourcePlugin.kt:4)
08-12 19:15:36.905 25963 25963 E MethodChannel#jojoy.app_resource_plugin: at com.example.plugin.AppResourcePlugin.onMethodCall(AppResourcePlugin.kt:22)
08-12 19:15:36.905 25963 25963 E MethodChannel#jojoy.app_resource_plugin: at io.flutter.plugin.common.MethodChannel$IncomingMethodCallHandler.onMessage(MethodCh annel.java:2)
08-12 19:15:36.905 25963 25963 E MethodChannel#jojoy.app_resource_plugin: at io.flutter.embedding.engine.dart.DartMessenger.invokeHandler(DartMessenger.java:2)
08-12 19:15:36.905 25963 25963 E MethodChannel#jojoy.app_resource_plugin: at io.flutter.embedding.engine.dart.DartMessenger.lambda$dispatchMessageToQueue$0(Dart Messenger.java:2)
08-12 19:15:36.905 25963 25963 E MethodChannel#jojoy.app_resource_plugin: at io.flutter.embedding.engine.dart.DartMessenger.a(Unknown Source:0)
08-12 19:15:36.905 25963 25963 E MethodChannel#jojoy.app_resource_plugin: at io.flutter.embedding.engine.dart.a.run(Unknown Source:12)
08-12 19:15:36.905 25963 25963 E MethodChannel#jojoy.app_resource_plugin: at android.os.Handler.handleCallback(Handler.java:938)
08-12 19:15:36.905 25963 25963 E MethodChannel#jojoy.app_resource_plugin: at android.os.Handler.dispatchMessage(Handler.java:99)
08-12 19:15:36.905 25963 25963 E MethodChannel#jojoy.app_resource_plugin: at android.os.Looper.loopOnce(Looper.java:210)
08-12 19:15:36.905 25963 25963 E MethodChannel#jojoy.app_resource_plugin: at android.os.Looper.loop(Looper.java:299)
08-12 19:15:36.905 25963 25963 E MethodChannel#jojoy.app_resource_plugin: at android.app.ActivityThread.main(ActivityThread.java:8205)
08-12 19:15:36.905 25963 25963 E MethodChannel#jojoy.app_resource_plugin: at java.lang.reflect.Method.invoke(Native Method)
08-12 19:15:36.905 25963 25963 E MethodChannel#jojoy.app_resource_plugin: at com.android.internal.os.RuntimeInit$MethodAndArgsCaller.run(RuntimeInit.java:556)
08-12 19:15:36.905 25963 25963 E MethodChannel#jojoy.app_resource_plugin: at com.android.internal.os.ZygoteInit.main(ZygoteInit.java:1045)
08-12 19:15:36.905 25963 25963 E MethodChannel#jojoy.app_resource_plugin: Caused by: android.view.InflateException: Class not found x
08-12 19:15:36.905 25963 25963 E MethodChannel#jojoy.app_resource_plugin: at android.graphics.drawable.DrawableInflater.inflateFromClass(DrawableInflater.java:2 25)
08-12 19:15:36.905 25963 25963 E MethodChannel#jojoy.app_resource_plugin: at android.graphics.drawable.DrawableInflater.inflateFromXmlForDensity(DrawableInflate r.java:142)
08-12 19:15:36.905 25963 25963 E MethodChannel#jojoy.app_resource_plugin: at android.graphics.drawable.Drawable.createFromXmlInnerForDensity(Drawable.java:1414)
08-12 19:15:36.905 25963 25963 E MethodChannel#jojoy.app_resource_plugin: at android.graphics.drawable.Drawable.createFromXmlForDensity(Drawable.java:1373)
08-12 19:15:36.905 25963 25963 E MethodChannel#jojoy.app_resource_plugin: at android.content.res.ResourcesImpl.createFromXmlForDensity(ResourcesImpl.java:1516)
08-12 19:15:36.905 25963 25963 E MethodChannel#jojoy.app_resource_plugin: at android.content.res.ResourcesImpl.loadXmlDrawable(ResourcesImpl.java:934)
08-12 19:15:36.905 25963 25963 E MethodChannel#jojoy.app_resource_plugin: at android.content.res.ResourcesImpl.loadDrawableForCookie(ResourcesImpl.java:883)
08-12 19:15:36.905 25963 25963 E MethodChannel#jojoy.app_resource_plugin: ... 23 more
08-12 19:15:36.905 25963 25963 E MethodChannel#jojoy.app_resource_plugin: Caused by: java.lang.ClassNotFoundException: Didn't find class "x" on path: DexPathList[[zip file "/data/app/~~RlqRSICE4iIplcPnDnZeBQ==/apkdone.com- sw2xb0k3UZHPPmHA8vw-0A==/base.apk"],nativeLibraryDirectories=[/data/app/ ~~RlqRSICE4iIplcPnDnZeBQ==/apkdone.com-sw2xb0k3UZHPPmHA8vw-0A==/lib/arm, /data/app/~~RlqRSICE4iIplcPnDnZeBQ==/apkdone.com-sw2xb0k3UZHPPmHA8vw-0A==/ base.apk!/lib/armeabi-v7a, /system/lib, /system_ext/lib]]
08-12 19:15:36.905 25963 25963 E MethodChannel#jojoy.app_resource_plugin: at dalvik.system.BaseDexClassLoader.findClass(BaseDexClassLoader.java:218)
08-12 19:15:36.905 25963 25963 E MethodChannel#jojoy.app_resource_plugin: at java.lang.ClassLoader.loadClass(ClassLoader.java:379)
08-12 19:15:36.905 25963 25963 E MethodChannel#jojoy.app_resource_plugin: at java.lang.ClassLoader.loadClass(ClassLoader.java:312)
08-12 19:15:36.905 25963 25963 E MethodChannel#jojoy.app_resource_plugin: at android.graphics.drawable.DrawableInflater.inflateFromClass(DrawableInflater.java:2 06)
08-12 19:15:36.905 25963 25963 E MethodChannel#jojoy.app_resource_plugin: ... 29 more
08-12 19:15:36.911 25963 25963 D DynamitePackage: Instantiating com.google.android.gms.ads.ChimeraAdManagerCreatorImpl
08-12 19:15:36.912 25963 25963 I Ads : Use RequestConfiguration.Builder().setTestDeviceIds(Arrays.asList("960FA59A29CA1A010171 A2FD3EC14BEE")) to get test ads on this device.
08-12 19:15:36.926 25963 26751 W Ads : Not retrying to fetch app settings
08-12 19:15:36.975 25963 26106 E FrameEvents: updateAcquireFence: Did not find frame.
08-12 19:15:36.983 25963 26106 E FrameEvents: updateAcquireFence: Did not find frame.
08-12 19:15:37.004 25963 25963 D Installations: Installation ID: eJru81uYRZC9HuGDo5YQMX
08-12 19:15:37.004 25963 25963 D Installations: Installation ID: eJru81uYRZC9HuGDo5YQMX
08-12 19:15:37.004 25963 25963 D Installations: Installation ID: eJru81uYRZC9HuGDo5YQMX
08-12 19:15:37.004 25963 25963 D Installations: Installation ID: eJru81uYRZC9HuGDo5YQMX
08-12 19:15:37.004 25963 25963 D Installations: Installation ID: eJru81uYRZC9HuGDo5YQMX
08-12 19:15:37.022 25963 26106 E FrameEvents: updateAcquireFence: Did not find frame.
08-12 19:15:37.044 25963 25963 I ExoPlayerImpl: Init 4f48d51 [ExoPlayerLib/2.17.1] [munch, 22021211RC, Xiaomi, 31]
08-12 19:15:37.075 25963 26113 D ViewContentFactory: initViewContentFetcherClass
08-12 19:15:37.075 25963 26113 I ContentCatcher: ViewContentFetcher : ViewContentFetcher
08-12 19:15:37.075 25963 26113 D ViewContentFactory: createInterceptor took 0ms
08-12 19:15:37.082 25963 25963 D DynamitePackage: Instantiating com.google.android.gms.ads.ChimeraAdOverlayCreatorImpl
08-12 19:15:37.091 25963 25963 D IS_CTS_MODE: false
08-12 19:15:37.091 25963 25963 D MULTI_WINDOW_SWITCH_ENABLED: false
08-12 19:15:37.091 25963 25963 D DecorView[]: getWindowModeFromSystem windowmode is 1
08-12 19:15:37.126 25963 26106 E FrameEvents: updateAcquireFence: Did not find frame.
08-12 19:15:37.140 25963 26106 E FrameEvents: updateAcquireFence: Did not find frame.
08-12 19:15:37.205 25963 26681 D SurfaceUtils: connecting to surface 0xb0fcb808, reason connectToSurface
08-12 19:15:37.205 25963 25963 W AudioManager: Use of stream types is deprecated for operations other than volume control
08-12 19:15:37.205 25963 25963 W AudioManager: See the documentation of requestAudioFocus() for what to use instead with android.media.AudioAttributes to qualify your playback use case
08-12 19:15:37.205 25963 26681 I MediaCodec: [OMX.qcom.video.decoder.vp9] setting surface generation to 26586115
08-12 19:15:37.205 25963 26681 D SurfaceUtils: disconnecting from surface 0xb0fcb808, reason connectToSurface(reconnect)
08-12 19:15:37.205 25963 26681 D SurfaceUtils: connecting to surface 0xb0fcb808, reason connectToSurface(reconnect)
08-12 19:15:37.207 25963 26682 D SurfaceUtils: set up nativeWindow 0xb0fcb808 for 576x720, color 0x7fa30c06, rotation 0, usage 0x20402900
