The log details the initialization process of an Android application, including the selection of remote modules for Google services and Firebase. It also highlights warnings related to Facebook SDK configuration and issues with accessing certain methods due to API restrictions. Additionally, there are multiple hooks and errors related to service proxies and compatibility changes during the application's startup sequence.
We take content rights seriously. If you suspect this is your content, claim it here.
Available Formats
Download as TXT, PDF, TXT or read online on Scribd
0 ratings0% found this document useful (0 votes)
5 views
Apkdone.com Logcat
The log details the initialization process of an Android application, including the selection of remote modules for Google services and Firebase. It also highlights warnings related to Facebook SDK configuration and issues with accessing certain methods due to API restrictions. Additionally, there are multiple hooks and errors related to service proxies and compatibility changes during the application's startup sequence.
We take content rights seriously. If you suspect this is your content, claim it here.
Available Formats
Download as TXT, PDF, TXT or read online on Scribd
You are on page 1/ 164
--------- beginning of main
08-12 19:15:12.411 25963 26005 I DynamiteModule: Considering local module
com.google.android.gms.measurement.dynamite:73 and remote module com.google.android.gms.measurement.dynamite:75
08-12 19:15:12.411 25963 26005 I DynamiteModule: Selected remote version of com.google.android.gms.measurement.dynamite, version >= 75
08-12 19:15:12.411 25963 26005 V DynamiteModule: Dynamite loader version >= 2, using loadModule2NoCrashUtils
08-12 19:15:12.422 25963 25963 I FirebaseInitProvider: FirebaseApp initialization successful
08-12 19:15:12.429 25963 25963 D FLTFireContextHolder: received application context.
08-12 19:15:12.447 25963 26005 W System : ClassLoader referenced unknown path:
08-12 19:15:12.461 25963 25963 D CompatibilityChangeReporter: Compat change id reported: 147600208; UID 10403; state: ENABLED
08-12 19:15:12.470 25963 25963 D DownloaderInitializer: MAX_CONCURRENT_TASKS = 10
08-12 19:15:12.493 25963 25963 W com.facebook.J: Please set a value for AutoLogAppEventsEnabled. Set the flag to TRUE if you want to collect app install, app launch and in-app purchase events automatically. To request user consent before collecting data, set the flag value to FALSE, then change to TRUE once user consent is received. Learn more: https://developers.facebook.com/docs/app-events/getting- started-app-events-android#disable-auto-events.
08-12 19:15:12.493 25963 25963 W com.facebook.J: You haven't set a value for AdvertiserIDCollectionEnabled. Set the flag to TRUE if you want to collect Advertiser ID for better advertising and analytics results. To request user consent before collecting data, set the flag value to FALSE, then change to TRUE once user consent is received. Learn more: https://developers.facebook.com/docs/app-events/getting-started-app-events- android#disable-auto-events.
08-12 19:15:12.500 25963 26037 D CompatibilityChangeReporter: Compat change id reported: 160794467; UID 10403; state: DISABLED --------- beginning of system
08-12 19:15:12.521 25963 26051 E ActivityThread: Failed to find provider info for com.facebook.katana.provider.PlatformProvider
08-12 19:15:12.521 25963 26051 W com.facebook.internal.G: Apps that target Android API 30+ (Android 11+) cannot call Facebook native apps unless the package visibility needs are declared. Please follow https://developers.facebook.com/docs/android/troubleshooting/#faq_267321845055988 to make the declaration.
08-12 19:15:12.605 25963 26027 I DynamiteModule: Considering local module com.google.android.gms.ads.dynamite:0 and remote module com.google.android.gms.ads.dynamite:221908400
08-12 19:15:12.605 25963 26027 I DynamiteModule: Selected remote version of com.google.android.gms.ads.dynamite, version >= 221908400
08-12 19:15:12.605 25963 26027 V DynamiteModule: Dynamite loader version >= 2, using loadModule2NoCrashUtils
08-12 19:15:12.646 26070 26070 E kdone.com:blac: Not starting debugger since process cannot load the jdwp agent.
08-12 19:15:12.650 26070 26070 D ProcessState: Binder ioctl to enable oneway spam detection failed: Invalid argument
08-12 19:15:12.664 26070 26070 D CompatibilityChangeReporter: Compat change id reported: 171979766; UID 10403; state: DISABLED
08-12 19:15:12.693 25963 26059 I FA : App measurement initialized, version: 66000
08-12 19:15:12.693 25963 26059 I FA : To enable debug logging run: adb shell setprop log.tag.FA VERBOSE
08-12 19:15:12.693 25963 26059 I FA : To enable faster debug mode event logging run:
08-12 19:15:12.693 25963 26059 I FA : adb shell setprop debug.firebase.analytics.app apkdone.com
08-12 19:15:12.703 26070 26070 V GraphicsEnvironment: ANGLE Developer option for 'apkdone.com' set to: 'default'
08-12 19:15:12.703 26070 26070 V GraphicsEnvironment: Updatable production driver is not supported on the device.
08-12 19:15:12.705 26070 26070 I ForceDarkHelperStubImpl: initialize for apkdone.com , ForceDarkOrigin
08-12 19:15:12.707 26070 26070 D OpenGLRenderer: JNI_OnLoad success
08-12 19:15:12.707 26070 26070 I MiuiForceDarkConfig: setConfig density:2.750000, mainRule:0, secondaryRule:0, tertiaryRule:0
08-12 19:15:12.707 26070 26070 D NetworkSecurityConfig: Using Network Security Config from resource network_security_config debugBuild: false
08-12 19:15:12.708 26070 26070 D NetworkSecurityConfig: Using Network Security Config from resource network_security_config debugBuild: false
08-12 19:15:12.711 26070 26070 W kdone.com:blac: Accessing hidden method Ldalvik/system/VMRuntime;->setHiddenApiExemptions([Ljava/lang/String;)V (blocked,core-platform-api, reflection, denied)
08-12 19:15:12.712 26070 26070 W BootstrapClass: reflect bootstrap failed:
08-12 19:15:12.712 26070 26070 W BootstrapClass: java.lang.reflect.InvocationTargetException
08-12 19:15:12.712 26070 26070 W BootstrapClass: at java.lang.reflect.Method.invoke(Native Method)
08-12 19:15:12.712 26070 26070 W BootstrapClass: at me.weishu.reflection.BootstrapClass.<clinit>(BootstrapClass.java:6)
08-12 19:15:12.712 26070 26070 W BootstrapClass: at me.weishu.reflection.BootstrapClass.exemptAll(Unknown Source:0)
08-12 19:15:12.712 26070 26070 W BootstrapClass: at me.weishu.reflection.Reflection.unseal(Reflection.java:2)
08-12 19:15:12.712 26070 26070 W BootstrapClass: at top.niunaijun.blackbox.BlackBoxCore.doAttachBaseContext(BlackBoxCore.java:1)
08-12 19:15:12.712 26070 26070 W BootstrapClass: at com.example.Application.attachBaseContext(Application.kt:2)
08-12 19:15:12.712 26070 26070 W BootstrapClass: at android.app.Application.attach(Application.java:333)
08-12 19:15:12.712 26070 26070 W BootstrapClass: at android.app.Instrumentation.newApplication(Instrumentation.java:1178)
08-12 19:15:12.712 26070 26070 W BootstrapClass: at android.app.LoadedApk.makeApplication(LoadedApk.java:1371)
08-12 19:15:12.712 26070 26070 W BootstrapClass: at android.app.ActivityThread.handleBindApplication(ActivityThread.java:6995)
08-12 19:15:12.712 26070 26070 W BootstrapClass: at android.app.ActivityThread.access$1600(ActivityThread.java:274)
08-12 19:15:12.712 26070 26070 W BootstrapClass: at android.app.ActivityThread$H.handleMessage(ActivityThread.java:2116)
08-12 19:15:12.712 26070 26070 W BootstrapClass: at android.os.Handler.dispatchMessage(Handler.java:106)
08-12 19:15:12.712 26070 26070 W BootstrapClass: at android.os.Looper.loopOnce(Looper.java:210)
08-12 19:15:12.712 26070 26070 W BootstrapClass: at android.os.Looper.loop(Looper.java:299)
08-12 19:15:12.712 26070 26070 W BootstrapClass: at android.app.ActivityThread.main(ActivityThread.java:8205)
08-12 19:15:12.712 26070 26070 W BootstrapClass: at java.lang.reflect.Method.invoke(Native Method)
08-12 19:15:12.712 26070 26070 W BootstrapClass: at com.android.internal.os.RuntimeInit$MethodAndArgsCaller.run(RuntimeInit.java:556)
08-12 19:15:12.712 26070 26070 W BootstrapClass: at com.android.internal.os.ZygoteInit.main(ZygoteInit.java:1045)
08-12 19:15:12.712 26070 26070 W BootstrapClass: Caused by: java.lang.NoSuchMethodException: dalvik.system.VMRuntime.setHiddenApiExemptions [class [Ljava.lang.String;]
08-12 19:15:12.712 26070 26070 W BootstrapClass: at java.lang.Class.getMethod(Class.java:2103)
08-12 19:15:12.712 26070 26070 W BootstrapClass: at java.lang.Class.getDeclaredMethod(Class.java:2081)
08-12 19:15:12.712 26070 26070 W BootstrapClass: ... 19 more
08-12 19:15:12.712 26070 26070 W kdone.com:blac: Opening an oat file without a class loader. Are you using the deprecated DexFile APIs?
08-12 19:15:12.712 26070 26070 W kdone.com:blac: DexFile /data/user/0/apkdone.com/code_cache/1660308312712.dex is in boot class path but is not in a known location
08-12 19:15:12.728 25963 26059 I FA : Tag Manager is not found and thus will not be used
08-12 19:15:12.732 26070 26070 D HookManager: hook: top.niunaijun.blackbox.fake.service.IContextHubServiceProxy@8c67959
08-12 19:15:12.733 26070 26070 D HookManager: hook error: top.niunaijun.blackbox.fake.service.IContextHubServiceProxy@8c67959
08-12 19:15:12.733 26070 26070 D HookManager: hook: top.niunaijun.blackbox.fake.service.IWindowManagerProxy@cea4fcc
08-12 19:15:12.736 26070 26070 D HookManager: hook: top.niunaijun.blackbox.fake.service.IShortcutManagerProxy@325aecd
08-12 19:15:12.737 26070 26070 D HookManager: hook: top.niunaijun.blackbox.fake.service.IAppWidgetManagerProxy@4bbe5ce
08-12 19:15:12.738 26070 26070 D HookManager: hook: top.niunaijun.blackbox.fake.service.ILauncherAppsProxy@7a0490b
08-12 19:15:12.739 26070 26070 D HookManager: hook: top.niunaijun.blackbox.fake.service.IMediaSessionManagerProxy@c521694
08-12 19:15:12.740 26070 26070 D HookManager: hook: top.niunaijun.blackbox.fake.service.IAccessibilityManagerProxy@2a79839
08-12 19:15:12.741 26070 26070 D HookManager: hook: top.niunaijun.blackbox.fake.service.IWifiScannerProxy@91ad718
08-12 19:15:12.742 26070 26070 D HookManager: hook error: top.niunaijun.blackbox.fake.service.IWifiScannerProxy@91ad718
08-12 19:15:12.742 26070 26070 D HookManager: hook: top.niunaijun.blackbox.fake.service.ILocationManagerProxy@3abdbd7
08-12 19:15:12.744 26070 26070 D HookManager: hook: top.niunaijun.blackbox.fake.service.IStorageStatsManagerProxy@2a97130
08-12 19:15:12.745 26070 26070 D HookManager: hook: top.niunaijun.blackbox.fake.service.IActivityManagerProxy@7100f65
08-12 19:15:12.748 26070 26070 D HookManager: hook: top.niunaijun.blackbox.fake.service.IPowerManagerProxy@825ca63
08-12 19:15:12.751 26070 26070 D HookManager: hook: top.niunaijun.blackbox.fake.service.IPackageManagerProxy@8daa88c
08-12 19:15:12.754 26070 26070 D HookManager: hook: top.niunaijun.blackbox.fake.service.IVpnManagerProxy@f0d708d
08-12 19:15:12.757 26070 26070 D HookManager: hook: top.niunaijun.blackbox.fake.service.IDisplayManagerProxy@333108e
08-12 19:15:12.759 26070 26070 D HookManager: hook: top.niunaijun.blackbox.fake.service.IPersistentDataBlockServiceProxy@eb4a366
08-12 19:15:12.760 26070 26070 D HookManager: hook error: top.niunaijun.blackbox.fake.service.IPersistentDataBlockServiceProxy@eb4a366
08-12 19:15:12.760 26070 26070 D HookManager: hook: top.niunaijun.blackbox.fake.service.IPhoneSubInfoProxy@d8896fd
08-12 19:15:12.760 26070 26070 D HookManager: hook: top.niunaijun.blackbox.fake.service.IGraphicsStatsProxy@101b4c0
08-12 19:15:12.761 26070 26070 D HookManager: hook: top.niunaijun.blackbox.fake.service.IStorageManagerProxy@2a8a8b5
08-12 19:15:12.762 26070 26070 D HookManager: hook: top.niunaijun.blackbox.fake.service.IWifiManagerProxy@22b216
08-12 19:15:12.765 26070 26070 D HookManager: hook: top.niunaijun.blackbox.fake.service.IDevicePolicyManagerProxy@f12396d
08-12 19:15:12.769 26070 26070 D HookManager: hook: top.niunaijun.blackbox.fake.service.ITelephonyManagerProxy@1b5edee
08-12 19:15:12.769 26092 26092 W libprocessgroup: JoinCgroup: controller schedtune is not found
08-12 19:15:12.774 26070 26070 D HookManager: hook: top.niunaijun.blackbox.fake.service.HCallbackProxy@d9d38ab
08-12 19:15:12.775 26070 26070 D HookManager: hook: top.niunaijun.blackbox.fake.service.INotificationManagerProxy@af4b487
08-12 19:15:12.777 26070 26070 D HookManager: hook: top.niunaijun.blackbox.fake.service.IAutofillManagerProxy@85ef52
08-12 19:15:12.778 26070 26070 D HookManager: hook: top.niunaijun.blackbox.fake.service.IDeviceIdentifiersPolicyProxy@175ad7f
08-12 19:15:12.779 26070 26070 D HookManager: hook: top.niunaijun.blackbox.fake.service.ITelephonyRegistryProxy@15fa638
08-12 19:15:12.780 26070 26070 D HookManager: hook: top.niunaijun.blackbox.fake.service.IVibratorServiceProxy@96cf24d
08-12 19:15:12.781 26070 26070 D HookManager: hook: top.niunaijun.blackbox.fake.service.IAccountManagerProxy@232fb4e
08-12 19:15:12.782 26070 26070 D HookManager: hook: top.niunaijun.blackbox.fake.service.IJobServiceProxy@8c688b
08-12 19:15:12.782 26070 26070 D HookManager: hook: top.niunaijun.blackbox.fake.service.IActivityTaskManagerProxy@4f19814
08-12 19:15:12.784 26070 26070 D HookManager: hook: top.niunaijun.blackbox.fake.service.context.ContentServiceStub@8ffd5ac
08-12 19:15:12.785 26070 26070 D HookManager: hook: top.niunaijun.blackbox.fake.service.IConnectivityManagerProxy@be4e0f1
08-12 19:15:12.786 26070 26070 D HookManager: hook: top.niunaijun.blackbox.fake.service.ISystemUpdateProxy@508f862
08-12 19:15:12.786 26070 26070 D HookManager: hook error: top.niunaijun.blackbox.fake.service.ISystemUpdateProxy@508f862
08-12 19:15:12.786 26070 26070 D HookManager: hook: top.niunaijun.blackbox.fake.service.libcore.OsStub@e4bcdf3
08-12 19:15:12.788 26070 26070 D HookManager: hook: top.niunaijun.blackbox.fake.service.IAppOpsManagerProxy@d8238ae
08-12 19:15:12.790 26070 26070 D HookManager: hook: top.niunaijun.blackbox.fake.service.IFingerprintManagerProxy@a7caf86
08-12 19:15:12.791 26070 26070 D HookManager: hook: top.niunaijun.blackbox.fake.service.IAlarmManagerProxy@c35c047
08-12 19:15:12.792 26070 26070 D HookManager: hook: top.niunaijun.blackbox.fake.delegate.AppInstrumentation@e345fe0
08-12 19:15:12.793 26070 26070 D HookManager: hook: top.niunaijun.blackbox.fake.service.IActivityClientProxy@8c34299
08-12 19:15:12.797 26070 26070 D HookManager: hook: top.niunaijun.blackbox.fake.service.IUserManagerProxy@2960636
08-12 19:15:12.799 26070 26070 D HookManager: hook: top.niunaijun.blackbox.fake.service.IPermissionManagerProxy@1539e3c
08-12 19:15:12.802 26070 26070 D HookManager: hook: top.niunaijun.blackbox.fake.service.INetworkManagementServiceProxy@ad42b41
08-12 19:15:12.803 26070 26070 D HookManager: hook: top.niunaijun.blackbox.fake.service.IMediaRouterServiceProxy@d442d72
08-12 19:15:12.830 26070 26070 D ActivityThread: Loading provider apkdone.com.blackbox.SystemCallProvider: top.niunaijun.blackbox.core.system.SystemCallProvider
08-12 19:15:12.830 26070 26070 D SystemCallProvider: call: VM, Bundle[{_B_| _server_name_=package_manager}]
08-12 19:15:12.831 26070 26070 D BlackBoxCore: getService: package_manager, top.niunaijun.blackbox.core.system.pm.BPackageManagerService@9ceaa3b
08-12 19:15:12.835 26070 26085 D SystemCallProvider: call: VM, Bundle[mParcelledData.dataSize=88]
08-12 19:15:12.835 25963 25963 D BlackBoxCore: getService: activity_manager, android.os.BinderProxy@61fbfec
08-12 19:15:12.836 26070 26083 D SystemCallProvider: call: VM, Bundle[mParcelledData.dataSize=76]
08-12 19:15:12.836 25963 25963 D BlackBoxCore: getService: job_manager, android.os.BinderProxy@486cfb5
08-12 19:15:12.836 26070 26084 D SystemCallProvider: call: VM, Bundle[mParcelledData.dataSize=84]
08-12 19:15:12.836 25963 25963 D BlackBoxCore: getService: package_manager, android.os.BinderProxy@badc64a
08-12 19:15:12.836 26070 26103 D SystemCallProvider: call: VM, Bundle[mParcelledData.dataSize=84]
08-12 19:15:12.836 25963 25963 D BlackBoxCore: getService: storage_manager, android.os.BinderProxy@2a429bb
08-12 19:15:12.836 26070 26105 D SystemCallProvider: call: VM, Bundle[mParcelledData.dataSize=80]
08-12 19:15:12.836 25963 25963 D BlackBoxCore: getService: user_manager, android.os.BinderProxy@63eeed8
08-12 19:15:12.836 26070 26084 D SystemCallProvider: call: VM, Bundle[mParcelledData.dataSize=84]
08-12 19:15:12.837 25963 25963 D BlackBoxCore: getService: xposed_manager, android.os.BinderProxy@8a1b231
08-12 19:15:12.837 26070 26083 D SystemCallProvider: call: VM, Bundle[mParcelledData.dataSize=84]
08-12 19:15:12.837 25963 25963 D BlackBoxCore: getService: account_manager, android.os.BinderProxy@409fd16
08-12 19:15:12.837 26070 26084 D SystemCallProvider: call: VM, Bundle[mParcelledData.dataSize=88]
08-12 19:15:12.837 25963 25963 D BlackBoxCore: getService: location_manager, android.os.BinderProxy@861a697
08-12 19:15:12.837 26070 26105 D SystemCallProvider: call: VM, Bundle[mParcelledData.dataSize=96]
08-12 19:15:12.837 25963 25963 D BlackBoxCore: getService: notification_manager, android.os.BinderProxy@2202084
08-12 19:15:12.845 26070 26070 I DaemonService: DaemonInnerService -> onCreate
08-12 19:15:12.846 26070 26070 I DaemonService: DaemonInnerService -> onStartCommand
08-12 19:15:12.847 26070 26070 I DaemonService: DaemonInnerService -> onDestroy
08-12 19:15:12.888 25963 25963 I AdrenoGLES-0: QUALCOMM build : db3d445dbc, Ia06b22fa1a
08-12 19:15:12.888 25963 25963 I AdrenoGLES-0: Build Date : 10/04/21
08-12 19:15:12.888 25963 25963 I AdrenoGLES-0: OpenGL ES Shader Compiler Version: EV031.32.02.16
08-12 19:15:12.888 25963 25963 I AdrenoGLES-0: Local Branch :
08-12 19:15:12.888 25963 25963 I AdrenoGLES-0: Remote Branch :
08-12 19:15:12.888 25963 25963 I AdrenoGLES-0: Remote Branch :
08-12 19:15:12.888 25963 25963 I AdrenoGLES-0: Reconstruct Branch :
08-12 19:15:12.888 25963 25963 I AdrenoGLES-0: Build Config : S P 10.0.7 AArch32
08-12 19:15:12.888 25963 25963 I AdrenoGLES-0: Driver Path : /vendor/lib/egl/libGLESv2_adreno.so
08-12 19:15:12.905 25963 25963 I AdrenoGLES-0: PFP: 0x016dd093, ME: 0x00000000
08-12 19:15:12.936 25963 26113 D ViewContentFactory: initViewContentFetcherClass
08-12 19:15:12.936 25963 26113 D ViewContentFactory: getInterceptorPackageInfo
08-12 19:15:12.936 25963 26113 D ViewContentFactory: getInitialApplication took 0ms
08-12 19:15:12.936 25963 26113 D ViewContentFactory: packageInfo.packageName: com.miui.catcherpatch
08-12 19:15:12.937 25963 25963 D com.llfbandit.app_links: handleIntent: (Action) android.intent.action.MAIN
08-12 19:15:12.937 25963 25963 D com.llfbandit.app_links: handleIntent: (Data) null
08-12 19:15:12.938 25963 25963 D FlutterArchivePlugin: onAttachedToEngine - IN
08-12 19:15:12.938 25963 25963 D FlutterArchivePlugin: doOnAttachedToEngine - IN
08-12 19:15:12.939 25963 25963 D FlutterArchivePlugin: doOnAttachedToEngine - OUT
08-12 19:15:12.939 25963 25963 D FlutterArchivePlugin: onAttachedToEngine - OUT
08-12 19:15:12.941 25963 26113 D ViewContentFactory: initViewContentFetcherClass took 5ms
08-12 19:15:12.941 25963 26113 I ContentCatcher: ViewContentFetcher : ViewContentFetcher
08-12 19:15:12.941 25963 26113 D ViewContentFactory: createInterceptor took 5ms
08-12 19:15:12.961 25963 25963 I WebViewFactory: Loading com.google.android.webview version 103.0.5060.129 (code 506012934)
08-12 19:15:12.985 25963 25963 I cr_WVCFactoryProvider: Loaded version=103.0.5060.129 minSdkVersion=29 isBundle=true multiprocess=true packageId=2
08-12 19:15:12.992 25963 25963 I cr_LibraryLoader: Successfully loaded native library
08-12 19:15:12.992 25963 25963 I cr_CachingUmaRecorder: Flushed 8 samples from 8 histograms.
08-12 19:15:13.003 25963 25963 D ViewScrollStubImpl: the value of mScrollFrictionRes is: 0.015
08-12 19:15:13.126 25963 25963 W FlutterEngineCxnRegstry: Attempted to register plugin (O0.c@207d54) but it was already registered with this FlutterEngine (io.flutter.embedding.engine.FlutterEngine@6fd24fd).
08-12 19:15:13.126 25963 25963 W FlutterEngineCxnRegstry: Attempted to register plugin (N0.a@3bc05f2) but it was already registered with this FlutterEngine (io.flutter.embedding.engine.FlutterEngine@6fd24fd).
08-12 19:15:13.126 25963 25963 W FlutterEngineCxnRegstry: Attempted to register plugin (L0.a@c0a7443) but it was already registered with this FlutterEngine (io.flutter.embedding.engine.FlutterEngine@6fd24fd).
08-12 19:15:13.126 25963 25963 W FlutterEngineCxnRegstry: Attempted to register plugin (J0.g@eb21ac0) but it was already registered with this FlutterEngine (io.flutter.embedding.engine.FlutterEngine@6fd24fd).
08-12 19:15:13.126 25963 25963 W FlutterEngineCxnRegstry: Attempted to register plugin (io.flutter.plugins.camera.CameraPlugin@67c13f9) but it was already registered with this FlutterEngine (io.flutter.embedding.engine.FlutterEngine@6fd24fd).
08-12 19:15:13.126 25963 25963 W FlutterEngineCxnRegstry: Attempted to register plugin (C1.d@c808f3e) but it was already registered with this FlutterEngine (io.flutter.embedding.engine.FlutterEngine@6fd24fd).
08-12 19:15:13.126 25963 25963 W FlutterEngineCxnRegstry: Attempted to register plugin (H1.c@656119f) but it was already registered with this FlutterEngine (io.flutter.embedding.engine.FlutterEngine@6fd24fd).
08-12 19:15:13.126 25963 25963 W FlutterEngineCxnRegstry: Attempted to register plugin (D1.a@bfe22ec) but it was already registered with this FlutterEngine (io.flutter.embedding.engine.FlutterEngine@6fd24fd).
08-12 19:15:13.126 25963 25963 W FlutterEngineCxnRegstry: Attempted to register plugin (B1.a@860f6b5) but it was already registered with this FlutterEngine (io.flutter.embedding.engine.FlutterEngine@6fd24fd).
08-12 19:15:13.126 25963 25963 W FlutterEngineCxnRegstry: Attempted to register plugin (R0.a@172614a) but it was already registered with this FlutterEngine (io.flutter.embedding.engine.FlutterEngine@6fd24fd).
08-12 19:15:13.126 25963 25963 W FlutterEngineCxnRegstry: Attempted to register plugin (io.flutter.plugins.firebase.analytics.FlutterFirebaseAnalyticsPlugin@9428bb) but it was already registered with this FlutterEngine (io.flutter.embedding.engine.FlutterEngine@6fd24fd).
08-12 19:15:13.126 25963 25963 W FlutterEngineCxnRegstry: Attempted to register plugin (io.flutter.plugins.firebase.core.FlutterFirebaseCorePlugin@f2081d8) but it was already registered with this FlutterEngine (io.flutter.embedding.engine.FlutterEngine@6fd24fd).
08-12 19:15:13.126 25963 25963 W FlutterEngineCxnRegstry: Attempted to register plugin (io.flutter.plugins.firebase.crashlytics.FlutterFirebaseCrashlyticsPlugin@d774931) but it was already registered with this FlutterEngine (io.flutter.embedding.engine.FlutterEngine@6fd24fd).
08-12 19:15:13.126 25963 25963 W FlutterEngineCxnRegstry: Attempted to register plugin (K1.a@fd4816) but it was already registered with this FlutterEngine (io.flutter.embedding.engine.FlutterEngine@6fd24fd).
08-12 19:15:13.126 25963 25963 W FlutterEngineCxnRegstry: Attempted to register plugin (io.flutter.plugins.firebase.messaging.FlutterFirebaseMessagingPlugin@ed29597) but it was already registered with this FlutterEngine (io.flutter.embedding.engine.FlutterEngine@6fd24fd).
08-12 19:15:13.126 25963 25963 W FlutterEngineCxnRegstry: Attempted to register plugin (io.flutter.plugins.firebase.performance.FlutterFirebasePerformancePlugin@307e384) but it was already registered with this FlutterEngine (io.flutter.embedding.engine.FlutterEngine@6fd24fd).
08-12 19:15:13.126 25963 25963 W FlutterEngineCxnRegstry: Attempted to register plugin (io.flutter.plugins.firebase.firebaseremoteconfig.FirebaseRemoteConfigPlugin@dc6476 d) but it was already registered with this FlutterEngine (io.flutter.embedding.engine.FlutterEngine@6fd24fd).
08-12 19:15:13.126 25963 25963 W FlutterEngineCxnRegstry: Attempted to register plugin (K0.a@27dcfa2) but it was already registered with this FlutterEngine (io.flutter.embedding.engine.FlutterEngine@6fd24fd).
08-12 19:15:13.126 25963 25963 W FlutterEngineCxnRegstry: Attempted to register plugin (vn.hunghd.flutterdownloader.d@e20f433) but it was already registered with this FlutterEngine (io.flutter.embedding.engine.FlutterEngine@6fd24fd).
08-12 19:15:13.126 25963 25963 W FlutterEngineCxnRegstry: Attempted to register plugin (S0.a@e1b3f0) but it was already registered with this FlutterEngine (io.flutter.embedding.engine.FlutterEngine@6fd24fd).
08-12 19:15:13.126 25963 25963 W FlutterEngineCxnRegstry: Attempted to register plugin (d.f@8ced69) but it was already registered with this FlutterEngine (io.flutter.embedding.engine.FlutterEngine@6fd24fd).
08-12 19:15:13.126 25963 25963 W FlutterEngineCxnRegstry: Attempted to register plugin (F.a@48d43ee) but it was already registered with this FlutterEngine (io.flutter.embedding.engine.FlutterEngine@6fd24fd).
08-12 19:15:13.127 25963 25963 W FlutterEngineCxnRegstry: Attempted to register plugin (com.pichillilorenzo.flutter_inappwebview.InAppWebViewFlutterPlugin@2eca08f) but it was already registered with this FlutterEngine (io.flutter.embedding.engine.FlutterEngine@6fd24fd).
08-12 19:15:13.127 25963 25963 W FlutterEngineCxnRegstry: Attempted to register plugin (f.a@5461f1c) but it was already registered with this FlutterEngine (io.flutter.embedding.engine.FlutterEngine@6fd24fd).
08-12 19:15:13.127 25963 25963 W FlutterEngineCxnRegstry: Attempted to register plugin (com.dexterous.flutterlocalnotifications.FlutterLocalNotificationsPlugin@7fdf725) but it was already registered with this FlutterEngine (io.flutter.embedding.engine.FlutterEngine@6fd24fd).
08-12 19:15:13.127 25963 25963 W FlutterEngineCxnRegstry: Attempted to register plugin (M0.i@40db0fa) but it was already registered with this FlutterEngine (io.flutter.embedding.engine.FlutterEngine@6fd24fd).
08-12 19:15:13.127 25963 25963 W FlutterEngineCxnRegstry: Attempted to register plugin (io.flutter.plugins.flutter_plugin_android_lifecycle.FlutterAndroidLifecyclePlugin@ 11cb6ab) but it was already registered with this FlutterEngine (io.flutter.embedding.engine.FlutterEngine@6fd24fd).
08-12 19:15:13.127 25963 25963 W FlutterEngineCxnRegstry: Attempted to register plugin (J1.a@c241108) but it was already registered with this FlutterEngine (io.flutter.embedding.engine.FlutterEngine@6fd24fd).
08-12 19:15:13.127 25963 25963 W FlutterEngineCxnRegstry: Attempted to register plugin (io.flutter.plugins.googlemobileads.GoogleMobileAdsPlugin@cbbe0a1) but it was already registered with this FlutterEngine (io.flutter.embedding.engine.FlutterEngine@6fd24fd).
08-12 19:15:13.127 25963 25963 W FlutterEngineCxnRegstry: Attempted to register plugin (io.flutter.plugins.googlesignin.GoogleSignInPlugin@9ee1287) but it was already registered with this FlutterEngine (io.flutter.embedding.engine.FlutterEngine@6fd24fd).
08-12 19:15:13.127 25963 25963 W FlutterEngineCxnRegstry: Attempted to register plugin (F2.c@f6d35b4) but it was already registered with this FlutterEngine (io.flutter.embedding.engine.FlutterEngine@6fd24fd).
08-12 19:15:13.127 25963 25963 W FlutterEngineCxnRegstry: Attempted to register plugin (N.a@514e5dd) but it was already registered with this FlutterEngine (io.flutter.embedding.engine.FlutterEngine@6fd24fd).
08-12 19:15:13.127 25963 25963 W FlutterEngineCxnRegstry: Attempted to register plugin (io.flutter.plugins.packageinfo.PackageInfoPlugin@ddd6552) but it was already registered with this FlutterEngine (io.flutter.embedding.engine.FlutterEngine@6fd24fd).
08-12 19:15:13.127 25963 25963 W FlutterEngineCxnRegstry: Attempted to register plugin (io.flutter.plugins.pathprovider.PathProviderPlugin@b8f5023) but it was already registered with this FlutterEngine (io.flutter.embedding.engine.FlutterEngine@6fd24fd).
08-12 19:15:13.127 25963 25963 W FlutterEngineCxnRegstry: Attempted to register plugin (e.f@481f920) but it was already registered with this FlutterEngine (io.flutter.embedding.engine.FlutterEngine@6fd24fd).
08-12 19:15:13.127 25963 25963 W FlutterEngineCxnRegstry: Attempted to register plugin (o0.b@3ff02d9) but it was already registered with this FlutterEngine (io.flutter.embedding.engine.FlutterEngine@6fd24fd).
08-12 19:15:13.127 25963 25963 W FlutterEngineCxnRegstry: Attempted to register plugin (E1.f@348849e) but it was already registered with this FlutterEngine (io.flutter.embedding.engine.FlutterEngine@6fd24fd).
08-12 19:15:13.127 25963 25963 W FlutterEngineCxnRegstry: Attempted to register plugin (io.flutter.plugins.sharedpreferences.SharedPreferencesPlugin@e7ccb7f) but it was already registered with this FlutterEngine (io.flutter.embedding.engine.FlutterEngine@6fd24fd).
08-12 19:15:13.127 25963 25963 W FlutterEngineCxnRegstry: Attempted to register plugin (I0.b@45d874c) but it was already registered with this FlutterEngine (io.flutter.embedding.engine.FlutterEngine@6fd24fd).
08-12 19:15:13.127 25963 25963 W FlutterEngineCxnRegstry: Attempted to register plugin (V0.l@bd3f395) but it was already registered with this FlutterEngine (io.flutter.embedding.engine.FlutterEngine@6fd24fd).
08-12 19:15:13.127 25963 25963 W FlutterEngineCxnRegstry: Attempted to register plugin (P0.l@7b44caa) but it was already registered with this FlutterEngine (io.flutter.embedding.engine.FlutterEngine@6fd24fd).
08-12 19:15:13.127 25963 25963 W FlutterEngineCxnRegstry: Attempted to register plugin (io.flutter.plugins.urllauncher.UrlLauncherPlugin@a81cc38) but it was already registered with this FlutterEngine (io.flutter.embedding.engine.FlutterEngine@6fd24fd).
08-12 19:15:13.127 25963 25963 W FlutterEngineCxnRegstry: Attempted to register plugin (io.flutter.plugins.videoplayer.VideoPlayerPlugin@cd3411) but it was already registered with this FlutterEngine (io.flutter.embedding.engine.FlutterEngine@6fd24fd).
08-12 19:15:13.127 25963 25963 W FlutterEngineCxnRegstry: Attempted to register plugin (G2.a@3628976) but it was already registered with this FlutterEngine (io.flutter.embedding.engine.FlutterEngine@6fd24fd).
08-12 19:15:13.127 25963 25963 W FlutterEngineCxnRegstry: Attempted to register plugin (i1.n@e1aab77) but it was already registered with this FlutterEngine (io.flutter.embedding.engine.FlutterEngine@6fd24fd).
08-12 19:15:13.127 25963 25963 W FlutterEngineCxnRegstry: Attempted to register plugin (z1.d@6a373e4) but it was already registered with this FlutterEngine (io.flutter.embedding.engine.FlutterEngine@6fd24fd).
08-12 19:15:13.150 25963 25963 W FlutterActivityAndFragmentDelegate: A splash screen was provided to Flutter, but this is deprecated. See flutter.dev/go/android- splash-migration for migration steps.
08-12 19:15:13.153 25963 25963 D IS_CTS_MODE: false
08-12 19:15:13.153 25963 25963 D MULTI_WINDOW_SWITCH_ENABLED: false
08-12 19:15:13.153 25963 25963 D IS_CTS_MODE: false
08-12 19:15:13.153 25963 25963 D MULTI_WINDOW_SWITCH_ENABLED: false
08-12 19:15:13.154 25963 25963 D DecorView[]: getWindowModeFromSystem windowmode is 1
08-12 19:15:13.181 25963 25963 D DecorView[]: getWindowModeFromSystem windowmode is 1
08-12 19:15:13.181 25963 25963 D DecorView[]: updateDecorCaptionStatus displayWindowDecor is false
08-12 19:15:13.186 25963 25963 W Looper : PerfMonitor looperActivity : package=apkdone.com/com.example.MainActivity time=348ms latency=585ms running=179ms procState=-1 historyMsgCount=1 (msgIndex=1 wall=588ms seq=2 running=134ms runnable=50ms io=42ms swapin=27ms binder=96ms late=1ms h=android.app.ActivityThread$H w=110)
08-12 19:15:13.188 25963 25963 W Looper : PerfMonitor looperActivity : package=apkdone.com/com.example.MainActivity time=0ms latency=934ms running=0ms procState=-1 historyMsgCount=2 (msgIndex=1 wall=588ms seq=2 running=134ms runnable=50ms io=42ms swapin=27ms binder=96ms late=1ms h=android.app.ActivityThread$H w=110) (msgIndex=2 wall=348ms seq=3 running=179ms runnable=22ms io=79ms swapin=12ms binder=46ms late=585ms h=android.app.ActivityThread$H w=159)
08-12 19:15:13.207 25963 26048 E ActivityThread: Failed to find provider info for com.facebook.katana.provider.AttributionIdProvider
08-12 19:15:13.212 25963 26042 E ActivityThread: Failed to find provider info for com.facebook.katana.provider.AttributionIdProvider
08-12 19:15:13.232 25963 26106 D hw-ProcessState: Binder ioctl to enable oneway spam detection failed: Invalid argument
08-12 19:15:13.315 25963 25963 D DecorView[]: onWindowFocusChanged hasWindowFocus true
08-12 19:15:13.360 25963 25963 D Installations: Installation ID: eJru81uYRZC9HuGDo5YQMX
08-12 19:15:13.364 25963 26075 W FlutterJNI: FlutterJNI.loadLibrary called more than once
08-12 19:15:13.370 25963 26214 W FlutterJNI: FlutterJNI.prefetchDefaultFontManager called more than once
08-12 19:15:13.409 25963 25963 I DynamiteModule: Considering local module com.google.android.gms.ads.dynamite:0 and remote module com.google.android.gms.ads.dynamite:221908400
08-12 19:15:13.409 25963 25963 I DynamiteModule: Selected remote version of com.google.android.gms.ads.dynamite, version >= 221908400
08-12 19:15:13.411 25963 25963 D DynamitePackage: Instantiated singleton DynamitePackage.
08-12 19:15:13.411 25963 25963 D DynamitePackage: Instantiating com.google.android.gms.ads.ChimeraMobileAdsSettingManagerCreatorImpl
08-12 19:15:13.442 25963 25963 I Ads : Updating ad debug logging enablement.
08-12 19:15:13.456 25963 26229 W ConnectionStatusConfig: Dynamic lookup for intent failed for action: com.google.android.gms.leibniz.events.service.START
08-12 19:15:13.458 25963 26229 W GmsClient: unable to connect to service: com.google.android.gms.leibniz.events.service.START on com.google.android.gms
08-12 19:15:13.494 25963 25963 D CompatibilityChangeReporter: Compat change id reported: 171228096; UID 10403; state: ENABLED
08-12 19:15:13.541 25963 25963 D UnityAds: com.unity3d.services.ads.UnityAdsImplementation.initialize() (line:3) :: ENTERED METHOD
08-12 19:15:13.541 25963 25963 D UnityAds: com.unity3d.services.UnityServices.initialize() (line:1) :: ENTERED METHOD
08-12 19:15:13.542 25963 25963 I UnityAds: com.unity3d.services.UnityServices.initialize() (line:39) :: Initializing Unity Services 4.2.1 (4210) with game id 4557173 in production mode
08-12 19:15:13.554 25963 25963 I UnityAds: com.unity3d.services.UnityServices.initialize() (line:46) :: Unity Services environment check OK
08-12 19:15:13.562 25963 25963 D VungleLogger: Please setup Logger first.
08-12 19:15:13.579 25963 25963 W FlutterJNI: FlutterJNI.init called more than once
08-12 19:15:13.618 25963 26245 D c : crash report is disabled.
08-12 19:15:13.710 25963 25963 I Choreographer: Skipped 40 frames! The application may be doing too much work on its main thread.
08-12 19:15:13.715 25963 25963 W Looper : PerfMonitor doFrame : time=5ms vsyncFrame=0 latency=340ms procState=-1 historyMsgCount=11 (msgIndex=3 wall=156ms seq=92 running=108ms runnable=14ms io=9ms swapin=1ms binder=26ms late=19ms h=android.os.Handler c=io.flutter.embedding.engine.dart.a)
08-12 19:15:13.728 25963 26245 D m : on network changed: 0->1
08-12 19:15:13.747 25963 26224 W Ads : Update ad debug logging enablement as false
08-12 19:15:13.768 25963 25963 I FLTFireBGExecutor: Creating background FlutterEngine instance, with args: []
08-12 19:15:13.788 25963 25963 D FlutterArchivePlugin: onAttachedToEngine - IN
08-12 19:15:13.788 25963 25963 D FlutterArchivePlugin: doOnAttachedToEngine - IN
08-12 19:15:13.788 25963 25963 D FlutterArchivePlugin: doOnAttachedToEngine - OUT
08-12 19:15:13.788 25963 25963 D FlutterArchivePlugin: onAttachedToEngine - OUT
08-12 19:15:13.819 25963 26240 I UnityAds: com.unity3d.services.core.configuration.InitializeThread$InitializeStateConfig.exec ute() (line:2) :: Unity Ads init: load configuration from https://configv2.unityads.unity3d.com/webview/4.2.1/release/config.json
08-12 19:15:13.828 25963 25963 I FLTFireMsgService: FlutterFirebaseMessagingBackgroundService started!
08-12 19:15:13.967 25963 25963 D CompatibilityChangeReporter: Compat change id reported: 150939131; UID 10403; state: ENABLED
08-12 19:15:13.968 25963 25963 D Installations: Installation ID: eJru81uYRZC9HuGDo5YQMX
08-12 19:15:14.092 25963 25998 W System : Ignoring header If-None-Match because its value was null.
08-12 19:15:14.282 25963 25963 D Installations: Installation ID: eJru81uYRZC9HuGDo5YQMX
08-12 19:15:14.282 25963 25963 D Installations: Installation ID: eJru81uYRZC9HuGDo5YQMX
08-12 19:15:14.367 25963 26195 W FlurryAgent: Analytics report sent to https://data.flurry.com/v1/flr.do
08-12 19:15:15.359 25963 26218 I incfs : Initial API level of the device: 31
08-12 19:15:15.359 25963 26218 W libc : Access denied finding property "ro.incremental.enable"
08-12 19:15:15.359 25963 26218 I incfs : ro.incremental.enable: on
08-12 19:15:15.359 25963 26218 I incfs : IncFs_Features: v1
08-12 19:15:15.490 25963 25963 D Installations: Installation ID: eJru81uYRZC9HuGDo5YQMX
08-12 19:15:15.512 25963 26240 I UnityAds: com.unity3d.services.core.configuration.InitializeThread$InitializeStateLoadWeb.exe cute() (line:2) :: Unity Ads init: loading webapp from https://config.unityads.unity3d.com/webview/4.0.0/6abdf3112c6b411b39002c220256a9715 0cef31c/release/index.html
08-12 19:15:16.136 25963 25963 D Installations: Installation ID: eJru81uYRZC9HuGDo5YQMX
08-12 19:15:16.137 25963 25963 D Installations: Installation ID: eJru81uYRZC9HuGDo5YQMX
08-12 19:15:16.228 25963 25978 W System : A resource failed to call end.
08-12 19:15:16.229 25963 25978 W System : A resource failed to call end.
08-12 19:15:16.481 25963 26339 W UnityAds: com.unity3d.services.core.api.Sdk.logWarning() (line:1) :: {"message":"model: DeviceInfo key: openAdvertisingTrackingId with value: null: null is not in: string,undefined","name":"CheckValueError"}
08-12 19:15:16.540 25963 25963 E MethodChannel#jojoy.app_resource_plugin: Failed to handle method call
08-12 19:15:16.540 25963 25963 E MethodChannel#jojoy.app_resource_plugin: android.content.res.Resources$NotFoundException: Drawable apkdone.com:mipmap/ic_launcher_foreground with resource ID #0x7f0f0001
08-12 19:15:16.540 25963 25963 E MethodChannel#jojoy.app_resource_plugin: Caused by: android.content.res.Resources$NotFoundException: File res/mipmap/ic_launcher_foreground.xml from drawable resource ID #0x7f0f0001
08-12 19:15:16.540 25963 25963 E MethodChannel#jojoy.app_resource_plugin: at android.content.res.ResourcesImpl.loadDrawableForCookie(ResourcesImpl.java:900)
08-12 19:15:16.540 25963 25963 E MethodChannel#jojoy.app_resource_plugin: at android.content.res.ResourcesImpl.loadDrawable(ResourcesImpl.java:691)
08-12 19:15:16.540 25963 25963 E MethodChannel#jojoy.app_resource_plugin: at android.content.res.MiuiResourcesImpl.loadDrawable(MiuiResourcesImpl.java:307)
08-12 19:15:16.540 25963 25963 E MethodChannel#jojoy.app_resource_plugin: at android.content.res.Resources.loadDrawable(Resources.java:1017)
08-12 19:15:16.540 25963 25963 E MethodChannel#jojoy.app_resource_plugin: at android.content.res.Resources.getDrawableForDensity(Resources.java:1005)
08-12 19:15:16.540 25963 25963 E MethodChannel#jojoy.app_resource_plugin: at android.content.res.Resources.getDrawable(Resources.java:944)
08-12 19:15:16.540 25963 25963 E MethodChannel#jojoy.app_resource_plugin: at android.content.Context.getDrawable(Context.java:763)
08-12 19:15:16.540 25963 25963 E MethodChannel#jojoy.app_resource_plugin: at androidx.core.content.ContextCompat$Api21Impl.getDrawable(Unknown Source:0)
08-12 19:15:16.540 25963 25963 E MethodChannel#jojoy.app_resource_plugin: at androidx.core.content.ContextCompat.getDrawable(Unknown Source:0)
08-12 19:15:16.540 25963 25963 E MethodChannel#jojoy.app_resource_plugin: at com.example.plugin.AppResourcePlugin.a(AppResourcePlugin.kt:4)
08-12 19:15:16.540 25963 25963 E MethodChannel#jojoy.app_resource_plugin: at com.example.plugin.AppResourcePlugin.onMethodCall(AppResourcePlugin.kt:22)
08-12 19:15:16.540 25963 25963 E MethodChannel#jojoy.app_resource_plugin: at io.flutter.plugin.common.MethodChannel$IncomingMethodCallHandler.onMessage(MethodCh annel.java:2)
08-12 19:15:16.540 25963 25963 E MethodChannel#jojoy.app_resource_plugin: at io.flutter.embedding.engine.dart.DartMessenger.invokeHandler(DartMessenger.java:2)
08-12 19:15:16.540 25963 25963 E MethodChannel#jojoy.app_resource_plugin: at io.flutter.embedding.engine.dart.DartMessenger.lambda$dispatchMessageToQueue$0(Dart Messenger.java:2)
08-12 19:15:16.540 25963 25963 E MethodChannel#jojoy.app_resource_plugin: at io.flutter.embedding.engine.dart.DartMessenger.a(Unknown Source:0)
08-12 19:15:16.540 25963 25963 E MethodChannel#jojoy.app_resource_plugin: at io.flutter.embedding.engine.dart.a.run(Unknown Source:12)
08-12 19:15:16.540 25963 25963 E MethodChannel#jojoy.app_resource_plugin: at android.os.Handler.handleCallback(Handler.java:938)
08-12 19:15:16.540 25963 25963 E MethodChannel#jojoy.app_resource_plugin: at android.os.Handler.dispatchMessage(Handler.java:99)
08-12 19:15:16.540 25963 25963 E MethodChannel#jojoy.app_resource_plugin: at android.os.Looper.loopOnce(Looper.java:210)
08-12 19:15:16.540 25963 25963 E MethodChannel#jojoy.app_resource_plugin: at android.os.Looper.loop(Looper.java:299)
08-12 19:15:16.540 25963 25963 E MethodChannel#jojoy.app_resource_plugin: at android.app.ActivityThread.main(ActivityThread.java:8205)
08-12 19:15:16.540 25963 25963 E MethodChannel#jojoy.app_resource_plugin: at java.lang.reflect.Method.invoke(Native Method)
08-12 19:15:16.540 25963 25963 E MethodChannel#jojoy.app_resource_plugin: at com.android.internal.os.RuntimeInit$MethodAndArgsCaller.run(RuntimeInit.java:556)
08-12 19:15:16.540 25963 25963 E MethodChannel#jojoy.app_resource_plugin: at com.android.internal.os.ZygoteInit.main(ZygoteInit.java:1045)
08-12 19:15:16.540 25963 25963 E MethodChannel#jojoy.app_resource_plugin: Caused by: android.view.InflateException: Class not found x
08-12 19:15:16.540 25963 25963 E MethodChannel#jojoy.app_resource_plugin: at android.graphics.drawable.DrawableInflater.inflateFromClass(DrawableInflater.java:2 25)
08-12 19:15:16.540 25963 25963 E MethodChannel#jojoy.app_resource_plugin: at android.graphics.drawable.DrawableInflater.inflateFromXmlForDensity(DrawableInflate r.java:142)
08-12 19:15:16.540 25963 25963 E MethodChannel#jojoy.app_resource_plugin: at android.graphics.drawable.Drawable.createFromXmlInnerForDensity(Drawable.java:1414)
08-12 19:15:16.540 25963 25963 E MethodChannel#jojoy.app_resource_plugin: at android.graphics.drawable.Drawable.createFromXmlForDensity(Drawable.java:1373)
08-12 19:15:16.540 25963 25963 E MethodChannel#jojoy.app_resource_plugin: at android.content.res.ResourcesImpl.createFromXmlForDensity(ResourcesImpl.java:1516)
08-12 19:15:16.540 25963 25963 E MethodChannel#jojoy.app_resource_plugin: at android.content.res.ResourcesImpl.loadXmlDrawable(ResourcesImpl.java:934)
08-12 19:15:16.540 25963 25963 E MethodChannel#jojoy.app_resource_plugin: at android.content.res.ResourcesImpl.loadDrawableForCookie(ResourcesImpl.java:883)
08-12 19:15:16.540 25963 25963 E MethodChannel#jojoy.app_resource_plugin: ... 23 more
08-12 19:15:16.540 25963 25963 E MethodChannel#jojoy.app_resource_plugin: Caused by: java.lang.ClassNotFoundException: Didn't find class "x" on path: DexPathList[[zip file "/data/app/~~RlqRSICE4iIplcPnDnZeBQ==/apkdone.com- sw2xb0k3UZHPPmHA8vw-0A==/base.apk"],nativeLibraryDirectories=[/data/app/ ~~RlqRSICE4iIplcPnDnZeBQ==/apkdone.com-sw2xb0k3UZHPPmHA8vw-0A==/lib/arm, /data/app/~~RlqRSICE4iIplcPnDnZeBQ==/apkdone.com-sw2xb0k3UZHPPmHA8vw-0A==/ base.apk!/lib/armeabi-v7a, /system/lib, /system_ext/lib]]
08-12 19:15:16.540 25963 25963 E MethodChannel#jojoy.app_resource_plugin: at dalvik.system.BaseDexClassLoader.findClass(BaseDexClassLoader.java:218)
08-12 19:15:16.540 25963 25963 E MethodChannel#jojoy.app_resource_plugin: at java.lang.ClassLoader.loadClass(ClassLoader.java:379)
08-12 19:15:16.540 25963 25963 E MethodChannel#jojoy.app_resource_plugin: at java.lang.ClassLoader.loadClass(ClassLoader.java:312)
08-12 19:15:16.540 25963 25963 E MethodChannel#jojoy.app_resource_plugin: at android.graphics.drawable.DrawableInflater.inflateFromClass(DrawableInflater.java:2 06)
08-12 19:15:16.540 25963 25963 E MethodChannel#jojoy.app_resource_plugin: ... 29 more
08-12 19:15:16.576 25963 25963 D Installations: Installation ID: eJru81uYRZC9HuGDo5YQMX
08-12 19:15:16.901 25963 26339 I UnityAds: com.unity3d.services.core.api.Sdk.logInfo() (line:1) :: Requesting configuration from https://publisher-config.unityads.unity3d.com/games/4557173/configuration? deviceMake=Xiaomi&screenDensity=440&screenSize=268435810&idfi=6ce0ac7e-91b0-49a2- 9656-cf991b8748da&advertisingTrackingId=cf5ee4fa-5d4b-4f02-bd65- acf2dce3d968&limitAdTracking=false&installationId=6ce0ac7e-91b0-49a2-9656- cf991b8748da&connectionType=wifi&screenHeight=2190&screenWidth=1080&bundleId=apkdon e.com&encrypted=true&rooted=false&platform=android&sdkVersion=4210&osVersion=12&dev iceModel=22021211RC&language=en_US&test=false&first=true&userLevelFlagDetected=fals e
08-12 19:15:16.940 25963 25963 D Installations: Installation ID: eJru81uYRZC9HuGDo5YQMX
08-12 19:15:16.960 25963 25963 E MethodChannel#jojoy.app_resource_plugin: Failed to handle method call
08-12 19:15:16.960 25963 25963 E MethodChannel#jojoy.app_resource_plugin: android.content.res.Resources$NotFoundException: Drawable apkdone.com:mipmap/ic_launcher_foreground with resource ID #0x7f0f0001
08-12 19:15:16.960 25963 25963 E MethodChannel#jojoy.app_resource_plugin: Caused by: android.content.res.Resources$NotFoundException: File res/mipmap/ic_launcher_foreground.xml from drawable resource ID #0x7f0f0001
08-12 19:15:16.960 25963 25963 E MethodChannel#jojoy.app_resource_plugin: at android.content.res.ResourcesImpl.loadDrawableForCookie(ResourcesImpl.java:900)
08-12 19:15:16.960 25963 25963 E MethodChannel#jojoy.app_resource_plugin: at android.content.res.ResourcesImpl.loadDrawable(ResourcesImpl.java:691)
08-12 19:15:16.960 25963 25963 E MethodChannel#jojoy.app_resource_plugin: at android.content.res.MiuiResourcesImpl.loadDrawable(MiuiResourcesImpl.java:307)
08-12 19:15:16.960 25963 25963 E MethodChannel#jojoy.app_resource_plugin: at android.content.res.Resources.loadDrawable(Resources.java:1017)
08-12 19:15:16.960 25963 25963 E MethodChannel#jojoy.app_resource_plugin: at android.content.res.Resources.getDrawableForDensity(Resources.java:1005)
08-12 19:15:16.960 25963 25963 E MethodChannel#jojoy.app_resource_plugin: at android.content.res.Resources.getDrawable(Resources.java:944)
08-12 19:15:16.960 25963 25963 E MethodChannel#jojoy.app_resource_plugin: at android.content.Context.getDrawable(Context.java:763)
08-12 19:15:16.960 25963 25963 E MethodChannel#jojoy.app_resource_plugin: at androidx.core.content.ContextCompat$Api21Impl.getDrawable(Unknown Source:0)
08-12 19:15:16.960 25963 25963 E MethodChannel#jojoy.app_resource_plugin: at androidx.core.content.ContextCompat.getDrawable(Unknown Source:0)
08-12 19:15:16.960 25963 25963 E MethodChannel#jojoy.app_resource_plugin: at com.example.plugin.AppResourcePlugin.a(AppResourcePlugin.kt:4)
08-12 19:15:16.960 25963 25963 E MethodChannel#jojoy.app_resource_plugin: at com.example.plugin.AppResourcePlugin.onMethodCall(AppResourcePlugin.kt:22)
08-12 19:15:16.960 25963 25963 E MethodChannel#jojoy.app_resource_plugin: at io.flutter.plugin.common.MethodChannel$IncomingMethodCallHandler.onMessage(MethodCh annel.java:2)
08-12 19:15:16.960 25963 25963 E MethodChannel#jojoy.app_resource_plugin: at io.flutter.embedding.engine.dart.DartMessenger.invokeHandler(DartMessenger.java:2)
08-12 19:15:16.960 25963 25963 E MethodChannel#jojoy.app_resource_plugin: at io.flutter.embedding.engine.dart.DartMessenger.lambda$dispatchMessageToQueue$0(Dart Messenger.java:2)
08-12 19:15:16.960 25963 25963 E MethodChannel#jojoy.app_resource_plugin: at io.flutter.embedding.engine.dart.DartMessenger.a(Unknown Source:0)
08-12 19:15:16.960 25963 25963 E MethodChannel#jojoy.app_resource_plugin: at io.flutter.embedding.engine.dart.a.run(Unknown Source:12)
08-12 19:15:16.960 25963 25963 E MethodChannel#jojoy.app_resource_plugin: at android.os.Handler.handleCallback(Handler.java:938)
08-12 19:15:16.960 25963 25963 E MethodChannel#jojoy.app_resource_plugin: at android.os.Handler.dispatchMessage(Handler.java:99)
08-12 19:15:16.960 25963 25963 E MethodChannel#jojoy.app_resource_plugin: at android.os.Looper.loopOnce(Looper.java:210)
08-12 19:15:16.960 25963 25963 E MethodChannel#jojoy.app_resource_plugin: at android.os.Looper.loop(Looper.java:299)
08-12 19:15:16.960 25963 25963 E MethodChannel#jojoy.app_resource_plugin: at android.app.ActivityThread.main(ActivityThread.java:8205)
08-12 19:15:16.960 25963 25963 E MethodChannel#jojoy.app_resource_plugin: at java.lang.reflect.Method.invoke(Native Method)
08-12 19:15:16.960 25963 25963 E MethodChannel#jojoy.app_resource_plugin: at com.android.internal.os.RuntimeInit$MethodAndArgsCaller.run(RuntimeInit.java:556)
08-12 19:15:16.960 25963 25963 E MethodChannel#jojoy.app_resource_plugin: at com.android.internal.os.ZygoteInit.main(ZygoteInit.java:1045)
08-12 19:15:16.960 25963 25963 E MethodChannel#jojoy.app_resource_plugin: Caused by: android.view.InflateException: Class not found x
08-12 19:15:16.960 25963 25963 E MethodChannel#jojoy.app_resource_plugin: at android.graphics.drawable.DrawableInflater.inflateFromClass(DrawableInflater.java:2 25)
08-12 19:15:16.960 25963 25963 E MethodChannel#jojoy.app_resource_plugin: at android.graphics.drawable.DrawableInflater.inflateFromXmlForDensity(DrawableInflate r.java:142)
08-12 19:15:16.960 25963 25963 E MethodChannel#jojoy.app_resource_plugin: at android.graphics.drawable.Drawable.createFromXmlInnerForDensity(Drawable.java:1414)
08-12 19:15:16.960 25963 25963 E MethodChannel#jojoy.app_resource_plugin: at android.graphics.drawable.Drawable.createFromXmlForDensity(Drawable.java:1373)
