08-12 19:15:41.757 25963 26881 I ExtendedACodec: setupVideoDecoder()
08-12 19:15:41.758 25963 26881 E ExtendedACodec: [OMX.qcom.video.decoder.vp9] configureCodec returning error -12
08-12 19:15:41.758 25963 26881 E ACodec : signalError(omxError 0x80001001, internalError -12)
08-12 19:15:41.758 25963 26880 E MediaCodec: Codec reported err 0xfffffff4, actionCode 0, while in state 3/CONFIGURING
08-12 19:15:41.759 25963 26881 E ACodec : [OMX.qcom.video.decoder.vp9] configureCodec returning error -12
08-12 19:15:41.759 25963 26881 E ACodec : signalError(omxError 0x80001001, internalError -12)
08-12 19:15:41.759 25963 26880 D SurfaceUtils: disconnecting from surface 0xb5a08808, reason disconnectFromSurface
08-12 19:15:41.760 25963 26880 E MediaCodec: Codec reported err 0xfffffff4, actionCode 0, while in state 0/UNINITIALIZED
08-12 19:15:41.871 25963 26388 I CCodecBufferChannel: pipelineRoom(2) is <= numClientBuffers(3). Not signalling any more buffers to client
08-12 19:15:41.871 25963 26676 I CCodecBufferChannel: pipelineRoom(2) is <= numClientBuffers(2). Not signalling any more buffers to client
08-12 19:15:41.946 25963 26388 I CCodecBufferChannel: pipelineRoom(1) is <= numClientBuffers(1). Not signalling any more buffers to client
08-12 19:15:41.990 25963 26388 I CCodecBufferChannel: pipelineRoom(1) is <= numClientBuffers(2). Not signalling any more buffers to client
08-12 19:15:41.991 25963 26676 I CCodecBufferChannel: pipelineRoom(1) is <= numClientBuffers(1). Not signalling any more buffers to client
08-12 19:15:42.003 25963 25984 I OpenGLRenderer: Davey! duration=9223284503554ms; Flags=0, FrameTimelineVsyncId=6694610, IntendedVsync=87533292559205, Vsync=87533292559205, InputEventId=0, HandleInputStart=87533293038793, AnimationStart=87533293041606, PerformTraversalsStart=87533293044314, DrawStart=87533293966658, FrameDeadline=87533312559204, FrameInterval=87533293018585, FrameStartTime=8333333, SyncQueued=87533294071293, SyncStart=87533301312283, IssueDrawCommandsStart=87533301389887, SwapBuffers=87533302478116, FrameCompleted=9223372036854775807, DequeueBufferDuration=17761, QueueBufferDuration=1010052, GpuCompleted=9223372036854775807, SwapBuffersCompleted=87533304384627, DisplayPresentTime=87532126903273,
08-12 19:15:42.117 25963 26388 I CCodecBufferChannel: pipelineRoom(1) is <= numClientBuffers(2). Not signalling any more buffers to client
08-12 19:15:42.117 25963 26676 I CCodecBufferChannel: pipelineRoom(1) is <= numClientBuffers(1). Not signalling any more buffers to client
08-12 19:15:42.196 25963 26388 I CCodecBufferChannel: pipelineRoom(2) is <= numClientBuffers(2). Not signalling any more buffers to client
08-12 19:15:42.246 25963 26679 D BufferPoolAccessor2.0: bufferpool2 0x9387ee18 : 4(32768 size) total buffers - 4(32768 size) used buffers - 1/6 (recycle/alloc) - 13/242 (fetch/transfer)
08-12 19:15:42.246 25963 26679 D BufferPoolAccessor2.0: evictor expired: 1, evicted: 1
08-12 19:15:42.315 25963 26804 W BpBinder: Slow Binder: BpBinder transact took 555 ms, interface=android.media.IResourceManagerService, code=5 oneway=false
08-12 19:15:42.315 25963 26804 E MediaCodec: configure failed with err 0xfffffff4, resetting...
08-12 19:15:42.317 25963 26388 D CCodecBuffers: [c2.android.aac.decoder#129:1D- Input.Impl[N]] codec released a buffer owned by client (index 0)
08-12 19:15:42.318 25963 26676 I CCodecBufferChannel: pipelineRoom(3) is <= numClientBuffers(3). Not signalling any more buffers to client
08-12 19:15:42.321 25963 26880 D MediaCodec: kWhatReleaseCompleted
08-12 19:15:42.322 25963 26880 D MediaImpl: FRC not support: valueSupport :
08-12 19:15:42.322 25963 26880 D MediaImpl: AIE not support: valueSupport :
08-12 19:15:42.322 25963 26880 D MediaImpl: AIS not support: valueSupport :
08-12 19:15:42.322 25963 26880 D MediaImpl: sendVideoPlayData, start
08-12 19:15:42.322 25963 26880 D MediaImpl: MediaImpl::sendVideoPlayData::mediacodec_mime : video/x-vnd.on2.vp9
08-12 19:15:42.322 25963 26880 D MediaImpl: MediaImpl::sendVideoPlayData::mediacodec_packgeName : apkdone.com
08-12 19:15:42.323 25963 26880 D MediaImpl: MediaImpl::sendVideoPlayData::mine : video/x-vnd.on2.vp9
08-12 19:15:42.323 25963 26880 D MediaImpl: MediaImpl::sendVideoPlayData::packgeName : apkdone.com
08-12 19:15:42.323 25963 26880 E send_data_to_xlog: send_video_play_to_xlog, start
08-12 19:15:42.323 25963 26880 D send_data_to_xlog: send_video_play_to_xlog::mine : video/x-vnd.on2.vp9
08-12 19:15:42.323 25963 26880 D send_data_to_xlog: send_video_play_to_xlog::packgeName : apkdone.com
08-12 19:15:42.323 25963 26804 I MediaCodec: video box enabled in settings
08-12 19:15:42.323 25963 26804 I VideoBoxStub: VideoBoxStub::initVideobox
08-12 19:15:42.324 25963 26880 V xlog_client: xlog_send msg_id: 13
08-12 19:15:42.324 25963 26880 V xlog_client: xlog_send
08-12 19:15:42.324 25963 26880 E xlog_client: xlog_open: Error in open xlog
08-12 19:15:42.324 25963 26880 E xlog_client: xlog open fail
08-12 19:15:42.329 25963 26804 I VideoBox: VideoBox::VideoBox
08-12 19:15:42.329 25963 26804 I VideoBox: initVideobox
08-12 19:15:42.329 25963 26804 I VideoBox: initVideobox going OMX.qcom.video.decoder.vp9
08-12 19:15:42.329 25963 26804 I VideoBox: initVideobox return false for platform is not support vpp
08-12 19:15:42.329 25963 26804 I VideoBoxStub: VideoBoxStub::releaseVideoBox
08-12 19:15:42.329 25963 26804 I VideoBox: VideoBox::~VideoBox
08-12 19:15:42.330 25963 26804 I MediaCodec: init video box disabled for init not supported
08-12 19:15:42.332 25963 26881 I OMXClient: IOmx service obtained
08-12 19:15:42.346 25963 26804 D VideoInfo: apkdone.com create OMX.qcom.video.decoder.vp9 in MediaCodec
08-12 19:15:42.346 25963 26880 I MediaCodec: MediaCodec will operate in async mode
08-12 19:15:42.347 25963 26880 D SurfaceUtils: connecting to surface 0xb5a08808, reason connectToSurface
08-12 19:15:42.347 25963 26880 I MediaCodec: [OMX.qcom.video.decoder.vp9] setting surface generation to 26586118
08-12 19:15:42.347 25963 26880 D SurfaceUtils: disconnecting from surface 0xb5a08808, reason connectToSurface(reconnect)
08-12 19:15:42.348 25963 26880 D SurfaceUtils: connecting to surface 0xb5a08808, reason connectToSurface(reconnect)
08-12 19:15:42.349 25963 26881 I ExtendedACodec: setupVideoDecoder()
08-12 19:15:42.352 25963 26881 I ExtendedACodec: Decoder will be in frame by frame mode
08-12 19:15:42.352 25963 26881 W ExtendedACodec: Failed to set frame packing format on component
08-12 19:15:42.362 25963 26880 D MediaImpl: MediaImpl::sendMine: video/x- vnd.on2.vp9
08-12 19:15:42.362 25963 26880 D MediaStub: MediaStub::sendMine video/x-vnd.on2.vp9
08-12 19:15:42.364 25963 26804 D MediaCodec: keep callback message for reclaim
08-12 19:15:42.379 25963 26881 D SurfaceUtils: set up nativeWindow 0xb5a08808 for 1280x720, color 0x7fa30c06, rotation 0, usage 0x20402900
08-12 19:15:42.429 25963 26388 I CCodecBufferChannel: pipelineRoom(2) is <= numClientBuffers(3). Not signalling any more buffers to client
08-12 19:15:42.429 25963 26676 I CCodecBufferChannel: pipelineRoom(2) is <= numClientBuffers(2). Not signalling any more buffers to client
08-12 19:15:42.430 25963 26388 I CCodecBufferChannel: pipelineRoom(3) is <= numClientBuffers(3). Not signalling any more buffers to client
08-12 19:15:42.430 25963 26676 I CCodecBufferChannel: pipelineRoom(3) is <= numClientBuffers(3). Not signalling any more buffers to client
08-12 19:15:42.549 25963 26388 I CCodecBufferChannel: pipelineRoom(2) is <= numClientBuffers(3). Not signalling any more buffers to client
08-12 19:15:42.550 25963 26676 I CCodecBufferChannel: pipelineRoom(2) is <= numClientBuffers(2). Not signalling any more buffers to client
08-12 19:15:42.553 25963 26388 I CCodecBufferChannel: pipelineRoom(2) is <= numClientBuffers(3). Not signalling any more buffers to client
08-12 19:15:42.553 25963 26676 I CCodecBufferChannel: pipelineRoom(2) is <= numClientBuffers(2). Not signalling any more buffers to client
08-12 19:15:42.702 25963 26880 W MediaCodec: mapFormat: no mediaType information
08-12 19:15:42.753 25963 26388 I CCodecBufferChannel: pipelineRoom(1) is <= numClientBuffers(2). Not signalling any more buffers to client
08-12 19:15:42.754 25963 26676 I CCodecBufferChannel: pipelineRoom(1) is <= numClientBuffers(1). Not signalling any more buffers to client
08-12 19:15:42.754 25963 26676 I CCodecBufferChannel: pipelineRoom(2) is <= numClientBuffers(2). Not signalling any more buffers to client
08-12 19:15:42.755 25963 26388 I CCodecBufferChannel: pipelineRoom(2) is <= numClientBuffers(2). Not signalling any more buffers to client
08-12 19:15:42.876 25963 26388 I CCodecBufferChannel: pipelineRoom(1) is <= numClientBuffers(2). Not signalling any more buffers to client
08-12 19:15:42.876 25963 26676 I CCodecBufferChannel: pipelineRoom(1) is <= numClientBuffers(1). Not signalling any more buffers to client
08-12 19:15:42.877 25963 26388 I CCodecBufferChannel: pipelineRoom(2) is <= numClientBuffers(2). Not signalling any more buffers to client
08-12 19:15:42.877 25963 26676 I CCodecBufferChannel: pipelineRoom(2) is <= numClientBuffers(2). Not signalling any more buffers to client
08-12 19:15:42.882 25963 26388 D CCodecBuffers: [c2.android.aac.decoder#129:1D- Input.Impl[N]] codec released a buffer owned by client (index 0)
08-12 19:15:43.191 25963 26388 I CCodecBufferChannel: pipelineRoom(1) is <= numClientBuffers(1). Not signalling any more buffers to client
08-12 19:15:43.314 25963 26388 I CCodecBufferChannel: pipelineRoom(1) is <= numClientBuffers(2). Not signalling any more buffers to client
08-12 19:15:43.315 25963 26676 I CCodecBufferChannel: pipelineRoom(1) is <= numClientBuffers(1). Not signalling any more buffers to client
08-12 19:15:43.551 25963 26388 I CCodecBufferChannel: pipelineRoom(3) is <= numClientBuffers(3). Not signalling any more buffers to client
08-12 19:15:43.555 25963 26388 I CCodecBufferChannel: pipelineRoom(2) is <= numClientBuffers(3). Not signalling any more buffers to client
08-12 19:15:43.555 25963 26676 I CCodecBufferChannel: pipelineRoom(2) is <= numClientBuffers(2). Not signalling any more buffers to client
08-12 19:15:43.635 25963 26388 D CCodecBuffers: [c2.android.aac.decoder#129:1D- Input.Impl[N]] codec released a buffer owned by client (index 0)
08-12 19:15:43.636 25963 26676 I CCodecBufferChannel: pipelineRoom(3) is <= numClientBuffers(3). Not signalling any more buffers to client
08-12 19:15:43.755 25963 26388 I CCodecBufferChannel: pipelineRoom(1) is <= numClientBuffers(1). Not signalling any more buffers to client
08-12 19:15:43.854 25963 26677 D CCodecBufferChannel: [c2.android.aac.decoder#129] DEBUG: elapsed: n=6 [in=0 pipeline=0 out=2]
08-12 19:15:43.855 25963 26677 D PipelineWatcher: DEBUG: elapsed 2 / 6
08-12 19:15:43.855 25963 26677 D CCodecBufferChannel: [c2.android.aac.decoder#411] DEBUG: elapsed: n=6 [in=0 pipeline=0 out=2]
08-12 19:15:43.855 25963 26677 D PipelineWatcher: DEBUG: elapsed 2 / 6
08-12 19:15:43.879 25963 26388 I CCodecBufferChannel: pipelineRoom(2) is <= numClientBuffers(2). Not signalling any more buffers to client
08-12 19:15:43.881 25963 26388 I CCodecBufferChannel: pipelineRoom(2) is <= numClientBuffers(3). Not signalling any more buffers to client
08-12 19:15:43.881 25963 26676 I CCodecBufferChannel: pipelineRoom(2) is <= numClientBuffers(2). Not signalling any more buffers to client
08-12 19:15:43.996 25963 26388 I CCodecBufferChannel: pipelineRoom(1) is <= numClientBuffers(2). Not signalling any more buffers to client
08-12 19:15:43.997 25963 26388 I CCodecBufferChannel: pipelineRoom(1) is <= numClientBuffers(2). Not signalling any more buffers to client
08-12 19:15:43.998 25963 26676 I CCodecBufferChannel: pipelineRoom(1) is <= numClientBuffers(1). Not signalling any more buffers to client
08-12 19:15:43.998 25963 26676 I CCodecBufferChannel: pipelineRoom(2) is <= numClientBuffers(2). Not signalling any more buffers to client
08-12 19:15:43.999 25963 26388 I CCodecBufferChannel: pipelineRoom(2) is <= numClientBuffers(2). Not signalling any more buffers to client
08-12 19:15:44.077 25963 26388 I CCodecBufferChannel: pipelineRoom(2) is <= numClientBuffers(2). Not signalling any more buffers to client
08-12 19:15:44.197 25963 26388 I CCodecBufferChannel: pipelineRoom(2) is <= numClientBuffers(2). Not signalling any more buffers to client
08-12 19:15:44.198 25963 26388 I CCodecBufferChannel: pipelineRoom(1) is <= numClientBuffers(2). Not signalling any more buffers to client
08-12 19:15:44.198 25963 26676 I CCodecBufferChannel: pipelineRoom(1) is <= numClientBuffers(1). Not signalling any more buffers to client
08-12 19:15:44.199 25963 26388 I CCodecBufferChannel: pipelineRoom(2) is <= numClientBuffers(2). Not signalling any more buffers to client
08-12 19:15:44.200 25963 26676 I CCodecBufferChannel: pipelineRoom(2) is <= numClientBuffers(2). Not signalling any more buffers to client
08-12 19:15:44.316 25963 26388 I CCodecBufferChannel: pipelineRoom(2) is <= numClientBuffers(2). Not signalling any more buffers to client
08-12 19:15:44.319 25963 26388 I CCodecBufferChannel: pipelineRoom(2) is <= numClientBuffers(3). Not signalling any more buffers to client
08-12 19:15:44.319 25963 26676 I CCodecBufferChannel: pipelineRoom(2) is <= numClientBuffers(2). Not signalling any more buffers to client
08-12 19:15:44.429 25963 26388 I CCodecBufferChannel: pipelineRoom(2) is <= numClientBuffers(2). Not signalling any more buffers to client
08-12 19:15:44.430 25963 26388 I CCodecBufferChannel: pipelineRoom(2) is <= numClientBuffers(2). Not signalling any more buffers to client
08-12 19:15:44.431 25963 26676 I CCodecBufferChannel: pipelineRoom(1) is <= numClientBuffers(1). Not signalling any more buffers to client
08-12 19:15:44.431 25963 26676 I CCodecBufferChannel: pipelineRoom(2) is <= numClientBuffers(2). Not signalling any more buffers to client
08-12 19:15:44.439 25963 25984 I OpenGLRenderer: Davey! duration=9223284501123ms; Flags=0, FrameTimelineVsyncId=6695109, IntendedVsync=87535729875036, Vsync=87535729875036, InputEventId=0, HandleInputStart=87535730875199, AnimationStart=87535730878949, PerformTraversalsStart=87535730881865, DrawStart=87535731054313, FrameDeadline=87535741541702, FrameInterval=87535730844105, FrameStartTime=8333333, SyncQueued=87535731604001, SyncStart=87535732965459, IssueDrawCommandsStart=87535733072699, SwapBuffers=87535738059001, FrameCompleted=9223372036854775807, DequeueBufferDuration=30937, QueueBufferDuration=1173907, GpuCompleted=9223372036854775807, SwapBuffersCompleted=87535741881605, DisplayPresentTime=87531779957231,
08-12 19:15:44.639 25963 26388 I CCodecBufferChannel: pipelineRoom(3) is <= numClientBuffers(3). Not signalling any more buffers to client
08-12 19:15:44.871 25963 26388 I CCodecBufferChannel: pipelineRoom(2) is <= numClientBuffers(3). Not signalling any more buffers to client
08-12 19:15:44.872 25963 26676 I CCodecBufferChannel: pipelineRoom(2) is <= numClientBuffers(2). Not signalling any more buffers to client
08-12 19:15:44.873 25963 26676 I CCodecBufferChannel: pipelineRoom(3) is <= numClientBuffers(3). Not signalling any more buffers to client
08-12 19:15:44.874 25963 26388 I CCodecBufferChannel: pipelineRoom(3) is <= numClientBuffers(3). Not signalling any more buffers to client
08-12 19:15:45.072 25963 26388 I CCodecBufferChannel: pipelineRoom(2) is <= numClientBuffers(3). Not signalling any more buffers to client
08-12 19:15:45.073 25963 26676 I CCodecBufferChannel: pipelineRoom(2) is <= numClientBuffers(2). Not signalling any more buffers to client
08-12 19:15:45.074 25963 26388 I CCodecBufferChannel: pipelineRoom(3) is <= numClientBuffers(3). Not signalling any more buffers to client
08-12 19:15:45.074 25963 26676 I CCodecBufferChannel: pipelineRoom(3) is <= numClientBuffers(3). Not signalling any more buffers to client
08-12 19:15:45.198 25963 26388 I CCodecBufferChannel: pipelineRoom(1) is <= numClientBuffers(1). Not signalling any more buffers to client
08-12 19:15:45.247 25963 26679 D BufferPoolAccessor2.0: bufferpool2 0xdaf68658 : 5(40960 size) total buffers - 4(32768 size) used buffers - 1/6 (recycle/alloc) - 5/26 (fetch/transfer)
08-12 19:15:45.247 25963 26679 D BufferPoolAccessor2.0: evictor expired: 1, evicted: 1
08-12 19:15:45.316 25963 26881 W AMessage: failed to deliver message as target handler 20 is gone.
08-12 19:15:45.514 25963 26388 I CCodecBufferChannel: pipelineRoom(1) is <= numClientBuffers(2). Not signalling any more buffers to client
08-12 19:15:45.514 25963 26676 I CCodecBufferChannel: pipelineRoom(1) is <= numClientBuffers(1). Not signalling any more buffers to client
08-12 19:15:45.638 25963 26388 I CCodecBufferChannel: pipelineRoom(1) is <= numClientBuffers(2). Not signalling any more buffers to client
08-12 19:15:45.639 25963 26388 I CCodecBufferChannel: pipelineRoom(1) is <= numClientBuffers(2). Not signalling any more buffers to client
08-12 19:15:45.639 25963 26676 I CCodecBufferChannel: pipelineRoom(1) is <= numClientBuffers(1). Not signalling any more buffers to client
08-12 19:15:45.641 25963 26676 I CCodecBufferChannel: pipelineRoom(2) is <= numClientBuffers(2). Not signalling any more buffers to client
08-12 19:15:45.756 25963 26388 I CCodecBufferChannel: pipelineRoom(2) is <= numClientBuffers(2). Not signalling any more buffers to client
08-12 19:15:45.873 25963 26388 I CCodecBufferChannel: pipelineRoom(3) is <= numClientBuffers(3). Not signalling any more buffers to client
08-12 19:15:46.002 25963 26314 I OpenGLRenderer: Davey! duration=9223284499558ms; Flags=0, FrameTimelineVsyncId=6695377, IntendedVsync=87537291195618, Vsync=87537291195618, InputEventId=0, HandleInputStart=87537295223583, AnimationStart=87537295228427, PerformTraversalsStart=87537295232438, DrawStart=87537296877906, FrameDeadline=87537302862284, FrameInterval=87537294740979, FrameStartTime=8333333, SyncQueued=87537296999521, SyncStart=87537302389104, IssueDrawCommandsStart=87537302472958, SwapBuffers=87537302968740, FrameCompleted=9223372036854775807, DequeueBufferDuration=22188, QueueBufferDuration=541927, GpuCompleted=9223372036854775807, SwapBuffersCompleted=87537303940250, DisplayPresentTime=87534051836241,
08-12 19:15:46.074 25963 26667 D AudioTrack: stop(sessionID=75673)
08-12 19:15:46.075 25963 26667 D AudioTrack: stop(9939): prior state:STATE_ACTIVE
08-12 19:15:46.075 25963 26667 D AudioTrack: stop(9939): called with 404480 frames delivered
08-12 19:15:46.415 25963 26667 I AudioTrack: AudioTrack::setVolume L:0.000000 R:0.000000 and the pakage is apkdone.com
08-12 19:15:46.416 25963 26667 W libc : Access denied finding property "ro.vendor.audio.shortvideo.index"
08-12 19:15:46.472 25963 26142 I Ads : HTTP timeout: 60000 milliseconds.
08-12 19:15:47.146 25963 26020 I TRuntime.CctTransportBackend: Making request to: https://firebaselogging-pa.googleapis.com/v1/firelog/legacy/batchlog
08-12 19:15:47.179 25963 26677 D PipelineWatcher: DEBUG: elapsed 0 / 0
08-12 19:15:47.927 25963 26676 D CCodecBufferChannel: [c2.android.aac.decoder#129] MediaCodec discarded an unknown buffer
08-12 19:15:47.927 25963 26676 D CCodecBufferChannel: [c2.android.aac.decoder#129] MediaCodec discarded an unknown buffer
08-12 19:15:47.927 25963 26676 D CCodecBufferChannel: [c2.android.aac.decoder#129] MediaCodec discarded an unknown buffer
08-12 19:15:47.928 25963 26917 D AudioTrack: stop(sessionID=75673)
08-12 19:15:47.928 25963 26917 D AudioTrack: stop(9939): prior state:STATE_FLUSHED
08-12 19:15:47.928 25963 26917 D AudioTrack: ~AudioTrack(sessionID=75673)
08-12 19:15:47.928 25963 26917 D AudioTrack: stop(sessionID=75673)
08-12 19:15:47.928 25963 26917 D AudioTrack: stop(9939): prior state:STATE_FLUSHED
08-12 19:15:47.937 25963 26676 I hw-BpHwBinder: onLastStrongRef automatically unlinking death recipients
08-12 19:15:47.937 25963 26676 D BufferPoolAccessor2.0: bufferpool2 0x9387ee18 : 0(0 size) total buffers - 0(0 size) used buffers - 1/6 (recycle/alloc) - 13/397 (fetch/transfer)
08-12 19:15:47.937 25963 26676 D MediaCodec: kWhatReleaseCompleted
08-12 19:15:47.937 25963 26676 D MediaImpl: FRC not support: valueSupport :
08-12 19:15:47.938 25963 26676 D MediaImpl: AIE not support: valueSupport :
08-12 19:15:47.938 25963 26676 D MediaImpl: AIS not support: valueSupport :
08-12 19:15:47.938 25963 26676 D MediaCodec: ~MediaCodec
08-12 19:15:47.952 25963 26681 D SurfaceUtils: disconnecting from surface 0xb0fcb808, reason disconnectFromSurface
08-12 19:15:47.958 25963 26681 D MediaCodec: kWhatReleaseCompleted
08-12 19:15:47.959 25963 26681 D MediaImpl: FRC not support: valueSupport :
08-12 19:15:47.959 25963 26681 D MediaImpl: AIE not support: valueSupport :
08-12 19:15:47.959 25963 26681 D MediaImpl: AIS not support: valueSupport :
08-12 19:15:47.959 25963 26681 D MediaImpl: sendVideoPlayData, start
08-12 19:15:47.959 25963 26681 D MediaImpl: MediaImpl::sendVideoPlayData::mediacodec_mime : video/x-vnd.on2.vp9
08-12 19:15:47.959 25963 26681 D MediaImpl: MediaImpl::sendVideoPlayData::mediacodec_packgeName : apkdone.com
08-12 19:15:47.960 25963 26681 D MediaImpl: MediaImpl::sendVideoPlayData::mine : video/x-vnd.on2.vp9
08-12 19:15:47.960 25963 26681 D MediaImpl: MediaImpl::sendVideoPlayData::packgeName : apkdone.com
08-12 19:15:47.960 25963 26681 E send_data_to_xlog: send_video_play_to_xlog, start
08-12 19:15:47.960 25963 26681 D send_data_to_xlog: send_video_play_to_xlog::mine : video/x-vnd.on2.vp9
08-12 19:15:47.960 25963 26681 D send_data_to_xlog: send_video_play_to_xlog::packgeName : apkdone.com
08-12 19:15:47.960 25963 26681 V xlog_client: xlog_send msg_id: 13
08-12 19:15:47.960 25963 26681 V xlog_client: xlog_send
08-12 19:15:47.960 25963 26681 E xlog_client: xlog_open: Error in open xlog
08-12 19:15:47.960 25963 26681 E xlog_client: xlog open fail
08-12 19:15:47.961 25963 26681 D MediaCodec: ~MediaCodec
08-12 19:15:47.962 25963 26681 D VideoInfo: apkdone.com destroy OMX.qcom.video.decoder.vp9 in MediaCodec, input buffer num 273 output buffer num 273
08-12 19:15:47.962 25963 26681 D VideoInfo: max input intervel 10498ms, max output intervel 11429ms max render interval 117ms
08-12 19:15:47.967 25963 25963 I PlayCore: UID: [10403] PID: [25963] PrewarmService : detach
08-12 19:15:48.003 25963 25963 D DecorView[]: onWindowFocusChanged hasWindowFocus false
08-12 19:15:48.015 25963 25963 D DecorView[]: onWindowFocusChanged hasWindowFocus true
08-12 19:15:50.178 25963 26880 W MediaCodec: mapFormat: no mediaType information
08-12 19:15:50.914 25963 26020 I TRuntime.CctTransportBackend: Status Code: 200
08-12 19:15:51.050 25963 26804 D MediaCodec: keep callback message for reclaim
08-12 19:15:51.072 25963 26804 D MediaCodec: keep callback message for reclaim
08-12 19:15:51.096 25963 26880 W MediaCodec: mapFormat: no mediaType information
08-12 19:15:51.555 25963 26804 D MediaCodec: keep callback message for reclaim
08-12 19:15:51.581 25963 26804 D MediaCodec: keep callback message for reclaim
08-12 19:15:51.604 25963 26880 W MediaCodec: mapFormat: no mediaType information
08-12 19:15:51.738 25963 25963 E MethodChannel#jojoy.app_resource_plugin: Failed to handle method call
08-12 19:15:51.738 25963 25963 E MethodChannel#jojoy.app_resource_plugin: android.content.res.Resources$NotFoundException: Drawable apkdone.com:mipmap/ic_launcher_foreground with resource ID #0x7f0f0001
08-12 19:15:51.738 25963 25963 E MethodChannel#jojoy.app_resource_plugin: Caused by: android.content.res.Resources$NotFoundException: File res/mipmap/ic_launcher_foreground.xml from drawable resource ID #0x7f0f0001
08-12 19:15:51.738 25963 25963 E MethodChannel#jojoy.app_resource_plugin: at android.content.res.ResourcesImpl.loadDrawableForCookie(ResourcesImpl.java:900)
08-12 19:15:51.738 25963 25963 E MethodChannel#jojoy.app_resource_plugin: at android.content.res.ResourcesImpl.loadDrawable(ResourcesImpl.java:691)
08-12 19:15:51.738 25963 25963 E MethodChannel#jojoy.app_resource_plugin: at android.content.res.MiuiResourcesImpl.loadDrawable(MiuiResourcesImpl.java:307)
08-12 19:15:51.738 25963 25963 E MethodChannel#jojoy.app_resource_plugin: at android.content.res.Resources.loadDrawable(Resources.java:1017)
08-12 19:15:51.738 25963 25963 E MethodChannel#jojoy.app_resource_plugin: at android.content.res.Resources.getDrawableForDensity(Resources.java:1005)
08-12 19:15:51.738 25963 25963 E MethodChannel#jojoy.app_resource_plugin: at android.content.res.Resources.getDrawable(Resources.java:944)
08-12 19:15:51.738 25963 25963 E MethodChannel#jojoy.app_resource_plugin: at android.content.Context.getDrawable(Context.java:763)
08-12 19:15:51.738 25963 25963 E MethodChannel#jojoy.app_resource_plugin: at androidx.core.content.ContextCompat$Api21Impl.getDrawable(Unknown Source:0)
08-12 19:15:51.738 25963 25963 E MethodChannel#jojoy.app_resource_plugin: at androidx.core.content.ContextCompat.getDrawable(Unknown Source:0)
08-12 19:15:51.738 25963 25963 E MethodChannel#jojoy.app_resource_plugin: at com.example.plugin.AppResourcePlugin.a(AppResourcePlugin.kt:4)
08-12 19:15:51.738 25963 25963 E MethodChannel#jojoy.app_resource_plugin: at com.example.plugin.AppResourcePlugin.onMethodCall(AppResourcePlugin.kt:22)
08-12 19:15:51.738 25963 25963 E MethodChannel#jojoy.app_resource_plugin: at io.flutter.plugin.common.MethodChannel$IncomingMethodCallHandler.onMessage(MethodCh annel.java:2)
08-12 19:15:51.738 25963 25963 E MethodChannel#jojoy.app_resource_plugin: at io.flutter.embedding.engine.dart.DartMessenger.invokeHandler(DartMessenger.java:2)
08-12 19:15:51.738 25963 25963 E MethodChannel#jojoy.app_resource_plugin: at io.flutter.embedding.engine.dart.DartMessenger.lambda$dispatchMessageToQueue$0(Dart Messenger.java:2)
08-12 19:15:51.738 25963 25963 E MethodChannel#jojoy.app_resource_plugin: at io.flutter.embedding.engine.dart.DartMessenger.a(Unknown Source:0)
08-12 19:15:51.738 25963 25963 E MethodChannel#jojoy.app_resource_plugin: at io.flutter.embedding.engine.dart.a.run(Unknown Source:12)
08-12 19:15:51.738 25963 25963 E MethodChannel#jojoy.app_resource_plugin: at android.os.Handler.handleCallback(Handler.java:938)
08-12 19:15:51.738 25963 25963 E MethodChannel#jojoy.app_resource_plugin: at android.os.Handler.dispatchMessage(Handler.java:99)
08-12 19:15:51.738 25963 25963 E MethodChannel#jojoy.app_resource_plugin: at android.os.Looper.loopOnce(Looper.java:210)
08-12 19:15:51.738 25963 25963 E MethodChannel#jojoy.app_resource_plugin: at android.os.Looper.loop(Looper.java:299)
08-12 19:15:51.738 25963 25963 E MethodChannel#jojoy.app_resource_plugin: at android.app.ActivityThread.main(ActivityThread.java:8205)
08-12 19:15:51.738 25963 25963 E MethodChannel#jojoy.app_resource_plugin: at java.lang.reflect.Method.invoke(Native Method)
08-12 19:15:51.738 25963 25963 E MethodChannel#jojoy.app_resource_plugin: at com.android.internal.os.RuntimeInit$MethodAndArgsCaller.run(RuntimeInit.java:556)
08-12 19:15:51.738 25963 25963 E MethodChannel#jojoy.app_resource_plugin: at com.android.internal.os.ZygoteInit.main(ZygoteInit.java:1045)
08-12 19:15:51.738 25963 25963 E MethodChannel#jojoy.app_resource_plugin: Caused by: android.view.InflateException: Class not found x
08-12 19:15:51.738 25963 25963 E MethodChannel#jojoy.app_resource_plugin: at android.graphics.drawable.DrawableInflater.inflateFromClass(DrawableInflater.java:2 25)
08-12 19:15:51.738 25963 25963 E MethodChannel#jojoy.app_resource_plugin: at android.graphics.drawable.DrawableInflater.inflateFromXmlForDensity(DrawableInflate r.java:142)
08-12 19:15:51.738 25963 25963 E MethodChannel#jojoy.app_resource_plugin: at android.graphics.drawable.Drawable.createFromXmlInnerForDensity(Drawable.java:1414)
08-12 19:15:51.738 25963 25963 E MethodChannel#jojoy.app_resource_plugin: at android.graphics.drawable.Drawable.createFromXmlForDensity(Drawable.java:1373)
08-12 19:15:51.738 25963 25963 E MethodChannel#jojoy.app_resource_plugin: at android.content.res.ResourcesImpl.createFromXmlForDensity(ResourcesImpl.java:1516)
08-12 19:15:51.738 25963 25963 E MethodChannel#jojoy.app_resource_plugin: at android.content.res.ResourcesImpl.loadXmlDrawable(ResourcesImpl.java:934)
08-12 19:15:51.738 25963 25963 E MethodChannel#jojoy.app_resource_plugin: at android.content.res.ResourcesImpl.loadDrawableForCookie(ResourcesImpl.java:883)
08-12 19:15:51.738 25963 25963 E MethodChannel#jojoy.app_resource_plugin: ... 23 more
08-12 19:15:51.738 25963 25963 E MethodChannel#jojoy.app_resource_plugin: Caused by: java.lang.ClassNotFoundException: Didn't find class "x" on path: DexPathList[[zip file "/data/app/~~RlqRSICE4iIplcPnDnZeBQ==/apkdone.com- sw2xb0k3UZHPPmHA8vw-0A==/base.apk"],nativeLibraryDirectories=[/data/app/ ~~RlqRSICE4iIplcPnDnZeBQ==/apkdone.com-sw2xb0k3UZHPPmHA8vw-0A==/lib/arm, /data/app/~~RlqRSICE4iIplcPnDnZeBQ==/apkdone.com-sw2xb0k3UZHPPmHA8vw-0A==/ base.apk!/lib/armeabi-v7a, /system/lib, /system_ext/lib]]
08-12 19:15:51.738 25963 25963 E MethodChannel#jojoy.app_resource_plugin: at dalvik.system.BaseDexClassLoader.findClass(BaseDexClassLoader.java:218)
08-12 19:15:51.738 25963 25963 E MethodChannel#jojoy.app_resource_plugin: at java.lang.ClassLoader.loadClass(ClassLoader.java:379)
08-12 19:15:51.738 25963 25963 E MethodChannel#jojoy.app_resource_plugin: at java.lang.ClassLoader.loadClass(ClassLoader.java:312)
08-12 19:15:51.738 25963 25963 E MethodChannel#jojoy.app_resource_plugin: at android.graphics.drawable.DrawableInflater.inflateFromClass(DrawableInflater.java:2 06)
08-12 19:15:51.738 25963 25963 E MethodChannel#jojoy.app_resource_plugin: ... 29 more
08-12 19:15:52.938 25963 26679 D BufferPoolAccessor2.0: bufferpool2 0x9387ee18 : 0(0 size) total buffers - 0(0 size) used buffers - 1/6 (recycle/alloc) - 13/397 (fetch/transfer)
08-12 19:15:52.938 25963 26679 D BufferPoolAccessor2.0: evictor expired: 1, evicted: 1
08-12 19:15:53.068 25963 26804 D MediaCodec: keep callback message for reclaim
08-12 19:15:53.083 25963 26804 D MediaCodec: keep callback message for reclaim
08-12 19:15:53.105 25963 26880 W MediaCodec: mapFormat: no mediaType information
08-12 19:15:53.174 25963 25963 E MethodChannel#jojoy.app_resource_plugin: Failed to handle method call
08-12 19:15:53.174 25963 25963 E MethodChannel#jojoy.app_resource_plugin: android.content.res.Resources$NotFoundException: Drawable apkdone.com:mipmap/ic_launcher_foreground with resource ID #0x7f0f0001
08-12 19:15:53.174 25963 25963 E MethodChannel#jojoy.app_resource_plugin: Caused by: android.content.res.Resources$NotFoundException: File res/mipmap/ic_launcher_foreground.xml from drawable resource ID #0x7f0f0001
08-12 19:15:53.174 25963 25963 E MethodChannel#jojoy.app_resource_plugin: at android.content.res.ResourcesImpl.loadDrawableForCookie(ResourcesImpl.java:900)
08-12 19:15:53.174 25963 25963 E MethodChannel#jojoy.app_resource_plugin: at android.content.res.ResourcesImpl.loadDrawable(ResourcesImpl.java:691)
08-12 19:15:53.174 25963 25963 E MethodChannel#jojoy.app_resource_plugin: at android.content.res.MiuiResourcesImpl.loadDrawable(MiuiResourcesImpl.java:307)
08-12 19:15:53.174 25963 25963 E MethodChannel#jojoy.app_resource_plugin: at android.content.res.Resources.loadDrawable(Resources.java:1017)
08-12 19:15:53.174 25963 25963 E MethodChannel#jojoy.app_resource_plugin: at android.content.res.Resources.getDrawableForDensity(Resources.java:1005)
08-12 19:15:53.174 25963 25963 E MethodChannel#jojoy.app_resource_plugin: at android.content.res.Resources.getDrawable(Resources.java:944)
08-12 19:15:53.174 25963 25963 E MethodChannel#jojoy.app_resource_plugin: at android.content.Context.getDrawable(Context.java:763)
08-12 19:15:53.174 25963 25963 E MethodChannel#jojoy.app_resource_plugin: at androidx.core.content.ContextCompat$Api21Impl.getDrawable(Unknown Source:0)
08-12 19:15:53.174 25963 25963 E MethodChannel#jojoy.app_resource_plugin: at androidx.core.content.ContextCompat.getDrawable(Unknown Source:0)
08-12 19:15:53.174 25963 25963 E MethodChannel#jojoy.app_resource_plugin: at com.example.plugin.AppResourcePlugin.a(AppResourcePlugin.kt:4)
08-12 19:15:53.174 25963 25963 E MethodChannel#jojoy.app_resource_plugin: at com.example.plugin.AppResourcePlugin.onMethodCall(AppResourcePlugin.kt:22)
08-12 19:15:53.174 25963 25963 E MethodChannel#jojoy.app_resource_plugin: at io.flutter.plugin.common.MethodChannel$IncomingMethodCallHandler.onMessage(MethodCh annel.java:2)
08-12 19:15:53.174 25963 25963 E MethodChannel#jojoy.app_resource_plugin: at io.flutter.embedding.engine.dart.DartMessenger.invokeHandler(DartMessenger.java:2)
08-12 19:15:53.174 25963 25963 E MethodChannel#jojoy.app_resource_plugin: at io.flutter.embedding.engine.dart.DartMessenger.lambda$dispatchMessageToQueue$0(Dart Messenger.java:2)
08-12 19:15:53.174 25963 25963 E MethodChannel#jojoy.app_resource_plugin: at io.flutter.embedding.engine.dart.DartMessenger.a(Unknown Source:0)
08-12 19:15:53.174 25963 25963 E MethodChannel#jojoy.app_resource_plugin: at io.flutter.embedding.engine.dart.a.run(Unknown Source:12)
08-12 19:15:53.174 25963 25963 E MethodChannel#jojoy.app_resource_plugin: at android.os.Handler.handleCallback(Handler.java:938)
08-12 19:15:53.174 25963 25963 E MethodChannel#jojoy.app_resource_plugin: at android.os.Handler.dispatchMessage(Handler.java:99)
08-12 19:15:53.174 25963 25963 E MethodChannel#jojoy.app_resource_plugin: at android.os.Looper.loopOnce(Looper.java:210)
08-12 19:15:53.174 25963 25963 E MethodChannel#jojoy.app_resource_plugin: at android.os.Looper.loop(Looper.java:299)
08-12 19:15:53.174 25963 25963 E MethodChannel#jojoy.app_resource_plugin: at android.app.ActivityThread.main(ActivityThread.java:8205)
08-12 19:15:53.174 25963 25963 E MethodChannel#jojoy.app_resource_plugin: at java.lang.reflect.Method.invoke(Native Method)
08-12 19:15:53.174 25963 25963 E MethodChannel#jojoy.app_resource_plugin: at com.android.internal.os.RuntimeInit$MethodAndArgsCaller.run(RuntimeInit.java:556)
08-12 19:15:53.174 25963 25963 E MethodChannel#jojoy.app_resource_plugin: at com.android.internal.os.ZygoteInit.main(ZygoteInit.java:1045)
08-12 19:15:53.174 25963 25963 E MethodChannel#jojoy.app_resource_plugin: Caused by: android.view.InflateException: Class not found x
08-12 19:15:53.174 25963 25963 E MethodChannel#jojoy.app_resource_plugin: at android.graphics.drawable.DrawableInflater.inflateFromClass(DrawableInflater.java:2 25)
08-12 19:15:53.174 25963 25963 E MethodChannel#jojoy.app_resource_plugin: at android.graphics.drawable.DrawableInflater.inflateFromXmlForDensity(DrawableInflate r.java:142)
08-12 19:15:53.174 25963 25963 E MethodChannel#jojoy.app_resource_plugin: at android.graphics.drawable.Drawable.createFromXmlInnerForDensity(Drawable.java:1414)
08-12 19:15:53.174 25963 25963 E MethodChannel#jojoy.app_resource_plugin: at android.graphics.drawable.Drawable.createFromXmlForDensity(Drawable.java:1373)
08-12 19:15:53.174 25963 25963 E MethodChannel#jojoy.app_resource_plugin: at android.content.res.ResourcesImpl.createFromXmlForDensity(ResourcesImpl.java:1516)
08-12 19:15:53.174 25963 25963 E MethodChannel#jojoy.app_resource_plugin: at android.content.res.ResourcesImpl.loadXmlDrawable(ResourcesImpl.java:934)
08-12 19:15:53.174 25963 25963 E MethodChannel#jojoy.app_resource_plugin: at android.content.res.ResourcesImpl.loadDrawableForCookie(ResourcesImpl.java:883)
08-12 19:15:53.174 25963 25963 E MethodChannel#jojoy.app_resource_plugin: ... 23 more
08-12 19:15:53.174 25963 25963 E MethodChannel#jojoy.app_resource_plugin: Caused by: java.lang.ClassNotFoundException: Didn't find class "x" on path: DexPathList[[zip file "/data/app/~~RlqRSICE4iIplcPnDnZeBQ==/apkdone.com- sw2xb0k3UZHPPmHA8vw-0A==/base.apk"],nativeLibraryDirectories=[/data/app/ ~~RlqRSICE4iIplcPnDnZeBQ==/apkdone.com-sw2xb0k3UZHPPmHA8vw-0A==/lib/arm, /data/app/~~RlqRSICE4iIplcPnDnZeBQ==/apkdone.com-sw2xb0k3UZHPPmHA8vw-0A==/ base.apk!/lib/armeabi-v7a, /system/lib, /system_ext/lib]]
08-12 19:15:53.174 25963 25963 E MethodChannel#jojoy.app_resource_plugin: at dalvik.system.BaseDexClassLoader.findClass(BaseDexClassLoader.java:218)
08-12 19:15:53.174 25963 25963 E MethodChannel#jojoy.app_resource_plugin: at java.lang.ClassLoader.loadClass(ClassLoader.java:379)
08-12 19:15:53.174 25963 25963 E MethodChannel#jojoy.app_resource_plugin: at java.lang.ClassLoader.loadClass(ClassLoader.java:312)
08-12 19:15:53.174 25963 25963 E MethodChannel#jojoy.app_resource_plugin: at android.graphics.drawable.DrawableInflater.inflateFromClass(DrawableInflater.java:2 06)
08-12 19:15:53.174 25963 25963 E MethodChannel#jojoy.app_resource_plugin: ... 29 more
08-12 19:15:55.623 25963 26804 D MediaCodec: keep callback message for reclaim
08-12 19:15:55.645 25963 26804 D MediaCodec: keep callback message for reclaim
08-12 19:15:55.667 25963 26880 W MediaCodec: mapFormat: no mediaType information
08-12 19:16:02.255 25963 26804 D MediaCodec: keep callback message for reclaim
08-12 19:16:02.276 25963 26804 D MediaCodec: keep callback message for reclaim
08-12 19:16:02.298 25963 26880 W MediaCodec: mapFormat: no mediaType information
08-12 19:16:02.467 25963 25963 E MethodChannel#jojoy.app_resource_plugin: Failed to handle method call
08-12 19:16:02.467 25963 25963 E MethodChannel#jojoy.app_resource_plugin: android.content.res.Resources$NotFoundException: Drawable apkdone.com:mipmap/ic_launcher_foreground with resource ID #0x7f0f0001
08-12 19:16:02.467 25963 25963 E MethodChannel#jojoy.app_resource_plugin: Caused by: android.content.res.Resources$NotFoundException: File res/mipmap/ic_launcher_foreground.xml from drawable resource ID #0x7f0f0001
08-12 19:16:02.467 25963 25963 E MethodChannel#jojoy.app_resource_plugin: at android.content.res.ResourcesImpl.loadDrawableForCookie(ResourcesImpl.java:900)
08-12 19:16:02.467 25963 25963 E MethodChannel#jojoy.app_resource_plugin: at android.content.res.ResourcesImpl.loadDrawable(ResourcesImpl.java:691)
08-12 19:16:02.467 25963 25963 E MethodChannel#jojoy.app_resource_plugin: at android.content.res.MiuiResourcesImpl.loadDrawable(MiuiResourcesImpl.java:307)
08-12 19:16:02.467 25963 25963 E MethodChannel#jojoy.app_resource_plugin: at android.content.res.Resources.loadDrawable(Resources.java:1017)
08-12 19:16:02.467 25963 25963 E MethodChannel#jojoy.app_resource_plugin: at android.content.res.Resources.getDrawableForDensity(Resources.java:1005)
08-12 19:16:02.467 25963 25963 E MethodChannel#jojoy.app_resource_plugin: at android.content.res.Resources.getDrawable(Resources.java:944)
08-12 19:16:02.467 25963 25963 E MethodChannel#jojoy.app_resource_plugin: at android.content.Context.getDrawable(Context.java:763)
08-12 19:16:02.467 25963 25963 E MethodChannel#jojoy.app_resource_plugin: at androidx.core.content.ContextCompat$Api21Impl.getDrawable(Unknown Source:0)
08-12 19:16:02.467 25963 25963 E MethodChannel#jojoy.app_resource_plugin: at androidx.core.content.ContextCompat.getDrawable(Unknown Source:0)
08-12 19:16:02.467 25963 25963 E MethodChannel#jojoy.app_resource_plugin: at com.example.plugin.AppResourcePlugin.a(AppResourcePlugin.kt:4)
08-12 19:16:02.467 25963 25963 E MethodChannel#jojoy.app_resource_plugin: at com.example.plugin.AppResourcePlugin.onMethodCall(AppResourcePlugin.kt:22)
08-12 19:16:02.467 25963 25963 E MethodChannel#jojoy.app_resource_plugin: at io.flutter.plugin.common.MethodChannel$IncomingMethodCallHandler.onMessage(MethodCh annel.java:2)
08-12 19:16:02.467 25963 25963 E MethodChannel#jojoy.app_resource_plugin: at io.flutter.embedding.engine.dart.DartMessenger.invokeHandler(DartMessenger.java:2)
08-12 19:16:02.467 25963 25963 E MethodChannel#jojoy.app_resource_plugin: at io.flutter.embedding.engine.dart.DartMessenger.lambda$dispatchMessageToQueue$0(Dart Messenger.java:2)
08-12 19:16:02.467 25963 25963 E MethodChannel#jojoy.app_resource_plugin: at io.flutter.embedding.engine.dart.DartMessenger.a(Unknown Source:0)
08-12 19:16:02.467 25963 25963 E MethodChannel#jojoy.app_resource_plugin: at io.flutter.embedding.engine.dart.a.run(Unknown Source:12)
08-12 19:16:02.467 25963 25963 E MethodChannel#jojoy.app_resource_plugin: at android.os.Handler.handleCallback(Handler.java:938)
08-12 19:16:02.467 25963 25963 E MethodChannel#jojoy.app_resource_plugin: at android.os.Handler.dispatchMessage(Handler.java:99)
08-12 19:16:02.467 25963 25963 E MethodChannel#jojoy.app_resource_plugin: at android.os.Looper.loopOnce(Looper.java:210)
08-12 19:16:02.467 25963 25963 E MethodChannel#jojoy.app_resource_plugin: at android.os.Looper.loop(Looper.java:299)
08-12 19:16:02.467 25963 25963 E MethodChannel#jojoy.app_resource_plugin: at android.app.ActivityThread.main(ActivityThread.java:8205)
08-12 19:16:02.467 25963 25963 E MethodChannel#jojoy.app_resource_plugin: at java.lang.reflect.Method.invoke(Native Method)
08-12 19:16:02.467 25963 25963 E MethodChannel#jojoy.app_resource_plugin: at com.android.internal.os.RuntimeInit$MethodAndArgsCaller.run(RuntimeInit.java:556)
08-12 19:16:02.467 25963 25963 E MethodChannel#jojoy.app_resource_plugin: at com.android.internal.os.ZygoteInit.main(ZygoteInit.java:1045)
08-12 19:16:02.467 25963 25963 E MethodChannel#jojoy.app_resource_plugin: Caused by: android.view.InflateException: Class not found x
08-12 19:16:02.467 25963 25963 E MethodChannel#jojoy.app_resource_plugin: at android.graphics.drawable.DrawableInflater.inflateFromClass(DrawableInflater.java:2 25)
08-12 19:16:02.467 25963 25963 E MethodChannel#jojoy.app_resource_plugin: at android.graphics.drawable.DrawableInflater.inflateFromXmlForDensity(DrawableInflate r.java:142)
08-12 19:16:02.467 25963 25963 E MethodChannel#jojoy.app_resource_plugin: at android.graphics.drawable.Drawable.createFromXmlInnerForDensity(Drawable.java:1414)
08-12 19:16:02.467 25963 25963 E MethodChannel#jojoy.app_resource_plugin: at android.graphics.drawable.Drawable.createFromXmlForDensity(Drawable.java:1373)
08-12 19:16:02.467 25963 25963 E MethodChannel#jojoy.app_resource_plugin: at android.content.res.ResourcesImpl.createFromXmlForDensity(ResourcesImpl.java:1516)
08-12 19:16:02.467 25963 25963 E MethodChannel#jojoy.app_resource_plugin: at android.content.res.ResourcesImpl.loadXmlDrawable(ResourcesImpl.java:934)
08-12 19:16:02.467 25963 25963 E MethodChannel#jojoy.app_resource_plugin: at android.content.res.ResourcesImpl.loadDrawableForCookie(ResourcesImpl.java:883)
08-12 19:16:02.467 25963 25963 E MethodChannel#jojoy.app_resource_plugin: ... 23 more
08-12 19:16:02.467 25963 25963 E MethodChannel#jojoy.app_resource_plugin: Caused by: java.lang.ClassNotFoundException: Didn't find class "x" on path: DexPathList[[zip file "/data/app/~~RlqRSICE4iIplcPnDnZeBQ==/apkdone.com- sw2xb0k3UZHPPmHA8vw-0A==/base.apk"],nativeLibraryDirectories=[/data/app/ ~~RlqRSICE4iIplcPnDnZeBQ==/apkdone.com-sw2xb0k3UZHPPmHA8vw-0A==/lib/arm, /data/app/~~RlqRSICE4iIplcPnDnZeBQ==/apkdone.com-sw2xb0k3UZHPPmHA8vw-0A==/ base.apk!/lib/armeabi-v7a, /system/lib, /system_ext/lib]]
08-12 19:16:02.467 25963 25963 E MethodChannel#jojoy.app_resource_plugin: at dalvik.system.BaseDexClassLoader.findClass(BaseDexClassLoader.java:218)
08-12 19:16:02.467 25963 25963 E MethodChannel#jojoy.app_resource_plugin: at java.lang.ClassLoader.loadClass(ClassLoader.java:379)
08-12 19:16:02.467 25963 25963 E MethodChannel#jojoy.app_resource_plugin: at java.lang.ClassLoader.loadClass(ClassLoader.java:312)
08-12 19:16:02.467 25963 25963 E MethodChannel#jojoy.app_resource_plugin: at android.graphics.drawable.DrawableInflater.inflateFromClass(DrawableInflater.java:2 06)
08-12 19:16:02.467 25963 25963 E MethodChannel#jojoy.app_resource_plugin: ... 29 more
08-12 19:16:02.472 25963 25963 D Installations: Installation ID: eJru81uYRZC9HuGDo5YQMX
08-12 19:16:09.152 25963 26880 W MediaCodec: mapFormat: no mediaType information
08-12 19:16:11.680 25963 25963 D MIUIInput: [KeyEvent] ViewRootImpl KeyEvent { action=ACTION_DOWN, keyCode=KEYCODE_BACK, scanCode=0, metaState=0, flags=0x48, repeatCount=0, eventTime=87562978, downTime=87562978, deviceId=-1, source=0x101, displayId=0 }
08-12 19:16:11.795 25963 25963 D MIUIInput: [KeyEvent] ViewRootImpl KeyEvent { action=ACTION_UP, keyCode=KEYCODE_BACK, scanCode=0, metaState=0, flags=0x48, repeatCount=0, eventTime=87563095, downTime=87562978, deviceId=-1, source=0x101, displayId=0 }
08-12 19:16:12.032 25963 25963 D DynamitePackage: Instantiating com.google.android.gms.ads.ChimeraAdLoaderBuilderCreatorImpl
08-12 19:16:12.035 25963 25963 I Ads : Use RequestConfiguration.Builder().setTestDeviceIds(Arrays.asList("960FA59A29CA1A010171 A2FD3EC14BEE")) to get test ads on this device.
08-12 19:16:12.049 25963 25963 W ConnectionStatusConfig: Dynamic lookup for intent failed for action: com.google.android.gms.ads.service.CACHE
08-12 19:16:12.055 25963 27039 W ConnectionStatusConfig: Dynamic lookup for intent failed for action: com.google.android.gms.ads.service.START
08-12 19:16:15.407 25963 25963 E MethodChannel#jojoy.app_resource_plugin: Failed to handle method call
08-12 19:16:15.407 25963 25963 E MethodChannel#jojoy.app_resource_plugin: android.content.res.Resources$NotFoundException: Drawable apkdone.com:mipmap/ic_launcher_foreground with resource ID #0x7f0f0001
08-12 19:16:15.407 25963 25963 E MethodChannel#jojoy.app_resource_plugin: Caused by: android.content.res.Resources$NotFoundException: File res/mipmap/ic_launcher_foreground.xml from drawable resource ID #0x7f0f0001
08-12 19:16:15.407 25963 25963 E MethodChannel#jojoy.app_resource_plugin: at android.content.res.ResourcesImpl.loadDrawableForCookie(ResourcesImpl.java:900)
08-12 19:16:15.407 25963 25963 E MethodChannel#jojoy.app_resource_plugin: at android.content.res.ResourcesImpl.loadDrawable(ResourcesImpl.java:691)
08-12 19:16:15.407 25963 25963 E MethodChannel#jojoy.app_resource_plugin: at android.content.res.MiuiResourcesImpl.loadDrawable(MiuiResourcesImpl.java:307)
08-12 19:16:15.407 25963 25963 E MethodChannel#jojoy.app_resource_plugin: at android.content.res.Resources.loadDrawable(Resources.java:1017)
08-12 19:16:15.407 25963 25963 E MethodChannel#jojoy.app_resource_plugin: at android.content.res.Resources.getDrawableForDensity(Resources.java:1005)
08-12 19:16:15.407 25963 25963 E MethodChannel#jojoy.app_resource_plugin: at android.content.res.Resources.getDrawable(Resources.java:944)
08-12 19:16:15.407 25963 25963 E MethodChannel#jojoy.app_resource_plugin: at android.content.Context.getDrawable(Context.java:763)
08-12 19:16:15.407 25963 25963 E MethodChannel#jojoy.app_resource_plugin: at androidx.core.content.ContextCompat$Api21Impl.getDrawable(Unknown Source:0)
08-12 19:16:15.407 25963 25963 E MethodChannel#jojoy.app_resource_plugin: at androidx.core.content.ContextCompat.getDrawable(Unknown Source:0)
08-12 19:16:15.407 25963 25963 E MethodChannel#jojoy.app_resource_plugin: at com.example.plugin.AppResourcePlugin.a(AppResourcePlugin.kt:4)
08-12 19:16:15.407 25963 25963 E MethodChannel#jojoy.app_resource_plugin: at com.example.plugin.AppResourcePlugin.onMethodCall(AppResourcePlugin.kt:22)
08-12 19:16:15.407 25963 25963 E MethodChannel#jojoy.app_resource_plugin: at io.flutter.plugin.common.MethodChannel$IncomingMethodCallHandler.onMessage(MethodCh annel.java:2)
08-12 19:16:15.407 25963 25963 E MethodChannel#jojoy.app_resource_plugin: at io.flutter.embedding.engine.dart.DartMessenger.invokeHandler(DartMessenger.java:2)
08-12 19:16:15.407 25963 25963 E MethodChannel#jojoy.app_resource_plugin: at io.flutter.embedding.engine.dart.DartMessenger.lambda$dispatchMessageToQueue$0(Dart Messenger.java:2)
08-12 19:16:15.407 25963 25963 E MethodChannel#jojoy.app_resource_plugin: at io.flutter.embedding.engine.dart.DartMessenger.a(Unknown Source:0)
08-12 19:16:15.407 25963 25963 E MethodChannel#jojoy.app_resource_plugin: at io.flutter.embedding.engine.dart.a.run(Unknown Source:12)
08-12 19:16:15.407 25963 25963 E MethodChannel#jojoy.app_resource_plugin: at android.os.Handler.handleCallback(Handler.java:938)
08-12 19:16:15.407 25963 25963 E MethodChannel#jojoy.app_resource_plugin: at android.os.Handler.dispatchMessage(Handler.java:99)
08-12 19:16:15.407 25963 25963 E MethodChannel#jojoy.app_resource_plugin: at android.os.Looper.loopOnce(Looper.java:210)
08-12 19:16:15.407 25963 25963 E MethodChannel#jojoy.app_resource_plugin: at android.os.Looper.loop(Looper.java:299)
08-12 19:16:15.407 25963 25963 E MethodChannel#jojoy.app_resource_plugin: at android.app.ActivityThread.main(ActivityThread.java:8205)
08-12 19:16:15.407 25963 25963 E MethodChannel#jojoy.app_resource_plugin: at java.lang.reflect.Method.invoke(Native Method)
08-12 19:16:15.407 25963 25963 E MethodChannel#jojoy.app_resource_plugin: at com.android.internal.os.RuntimeInit$MethodAndArgsCaller.run(RuntimeInit.java:556)
08-12 19:16:15.407 25963 25963 E MethodChannel#jojoy.app_resource_plugin: at com.android.internal.os.ZygoteInit.main(ZygoteInit.java:1045)
08-12 19:16:15.407 25963 25963 E MethodChannel#jojoy.app_resource_plugin: Caused by: android.view.InflateException: Class not found x
08-12 19:16:15.407 25963 25963 E MethodChannel#jojoy.app_resource_plugin: at android.graphics.drawable.DrawableInflater.inflateFromClass(DrawableInflater.java:2 25)
08-12 19:16:15.407 25963 25963 E MethodChannel#jojoy.app_resource_plugin: at android.graphics.drawable.DrawableInflater.inflateFromXmlForDensity(DrawableInflate r.java:142)
08-12 19:16:15.407 25963 25963 E MethodChannel#jojoy.app_resource_plugin: at android.graphics.drawable.Drawable.createFromXmlInnerForDensity(Drawable.java:1414)
08-12 19:16:15.407 25963 25963 E MethodChannel#jojoy.app_resource_plugin: at android.graphics.drawable.Drawable.createFromXmlForDensity(Drawable.java:1373)
08-12 19:16:15.407 25963 25963 E MethodChannel#jojoy.app_resource_plugin: at android.content.res.ResourcesImpl.createFromXmlForDensity(ResourcesImpl.java:1516)
08-12 19:16:15.407 25963 25963 E MethodChannel#jojoy.app_resource_plugin: at android.content.res.ResourcesImpl.loadXmlDrawable(ResourcesImpl.java:934)
08-12 19:16:15.407 25963 25963 E MethodChannel#jojoy.app_resource_plugin: at android.content.res.ResourcesImpl.loadDrawableForCookie(ResourcesImpl.java:883)
