08-12 19:16:15.407 25963 25963 E MethodChannel#jojoy.app_resource_plugin: ... 23 more
08-12 19:16:15.407 25963 25963 E MethodChannel#jojoy.app_resource_plugin: Caused by: java.lang.ClassNotFoundException: Didn't find class "x" on path: DexPathList[[zip file "/data/app/~~RlqRSICE4iIplcPnDnZeBQ==/apkdone.com- sw2xb0k3UZHPPmHA8vw-0A==/base.apk"],nativeLibraryDirectories=[/data/app/ ~~RlqRSICE4iIplcPnDnZeBQ==/apkdone.com-sw2xb0k3UZHPPmHA8vw-0A==/lib/arm, /data/app/~~RlqRSICE4iIplcPnDnZeBQ==/apkdone.com-sw2xb0k3UZHPPmHA8vw-0A==/ base.apk!/lib/armeabi-v7a, /system/lib, /system_ext/lib]]
08-12 19:16:15.407 25963 25963 E MethodChannel#jojoy.app_resource_plugin: at dalvik.system.BaseDexClassLoader.findClass(BaseDexClassLoader.java:218)
08-12 19:16:15.407 25963 25963 E MethodChannel#jojoy.app_resource_plugin: at java.lang.ClassLoader.loadClass(ClassLoader.java:379)
08-12 19:16:15.407 25963 25963 E MethodChannel#jojoy.app_resource_plugin: at java.lang.ClassLoader.loadClass(ClassLoader.java:312)
08-12 19:16:15.407 25963 25963 E MethodChannel#jojoy.app_resource_plugin: at android.graphics.drawable.DrawableInflater.inflateFromClass(DrawableInflater.java:2 06)
08-12 19:16:15.407 25963 25963 E MethodChannel#jojoy.app_resource_plugin: ... 29 more
08-12 19:16:15.650 25963 26804 D MediaCodec: keep callback message for reclaim
08-12 19:16:15.671 25963 26804 D MediaCodec: keep callback message for reclaim
08-12 19:16:15.695 25963 26880 W MediaCodec: mapFormat: no mediaType information
08-12 19:16:16.781 25963 25963 D DynamitePackage: Instantiating com.google.android.gms.ads.ChimeraNativeAdViewDelegateCreatorImpl
08-12 19:16:17.715 25963 25963 E MethodChannel#jojoy.app_resource_plugin: Failed to handle method call
08-12 19:16:17.715 25963 25963 E MethodChannel#jojoy.app_resource_plugin: android.content.res.Resources$NotFoundException: Drawable apkdone.com:mipmap/ic_launcher_foreground with resource ID #0x7f0f0001
08-12 19:16:17.715 25963 25963 E MethodChannel#jojoy.app_resource_plugin: Caused by: android.content.res.Resources$NotFoundException: File res/mipmap/ic_launcher_foreground.xml from drawable resource ID #0x7f0f0001
08-12 19:16:17.715 25963 25963 E MethodChannel#jojoy.app_resource_plugin: at android.content.res.ResourcesImpl.loadDrawableForCookie(ResourcesImpl.java:900)
08-12 19:16:17.715 25963 25963 E MethodChannel#jojoy.app_resource_plugin: at android.content.res.ResourcesImpl.loadDrawable(ResourcesImpl.java:691)
08-12 19:16:17.715 25963 25963 E MethodChannel#jojoy.app_resource_plugin: at android.content.res.MiuiResourcesImpl.loadDrawable(MiuiResourcesImpl.java:307)
08-12 19:16:17.715 25963 25963 E MethodChannel#jojoy.app_resource_plugin: at android.content.res.Resources.loadDrawable(Resources.java:1017)
08-12 19:16:17.715 25963 25963 E MethodChannel#jojoy.app_resource_plugin: at android.content.res.Resources.getDrawableForDensity(Resources.java:1005)
08-12 19:16:17.715 25963 25963 E MethodChannel#jojoy.app_resource_plugin: at android.content.res.Resources.getDrawable(Resources.java:944)
08-12 19:16:17.715 25963 25963 E MethodChannel#jojoy.app_resource_plugin: at android.content.Context.getDrawable(Context.java:763)
08-12 19:16:17.715 25963 25963 E MethodChannel#jojoy.app_resource_plugin: at androidx.core.content.ContextCompat$Api21Impl.getDrawable(Unknown Source:0)
08-12 19:16:17.715 25963 25963 E MethodChannel#jojoy.app_resource_plugin: at androidx.core.content.ContextCompat.getDrawable(Unknown Source:0)
08-12 19:16:17.715 25963 25963 E MethodChannel#jojoy.app_resource_plugin: at com.example.plugin.AppResourcePlugin.a(AppResourcePlugin.kt:4)
08-12 19:16:17.715 25963 25963 E MethodChannel#jojoy.app_resource_plugin: at com.example.plugin.AppResourcePlugin.onMethodCall(AppResourcePlugin.kt:22)
08-12 19:16:17.715 25963 25963 E MethodChannel#jojoy.app_resource_plugin: at io.flutter.plugin.common.MethodChannel$IncomingMethodCallHandler.onMessage(MethodCh annel.java:2)
08-12 19:16:17.715 25963 25963 E MethodChannel#jojoy.app_resource_plugin: at io.flutter.embedding.engine.dart.DartMessenger.invokeHandler(DartMessenger.java:2)
08-12 19:16:17.715 25963 25963 E MethodChannel#jojoy.app_resource_plugin: at io.flutter.embedding.engine.dart.DartMessenger.lambda$dispatchMessageToQueue$0(Dart Messenger.java:2)
08-12 19:16:17.715 25963 25963 E MethodChannel#jojoy.app_resource_plugin: at io.flutter.embedding.engine.dart.DartMessenger.a(Unknown Source:0)
08-12 19:16:17.715 25963 25963 E MethodChannel#jojoy.app_resource_plugin: at io.flutter.embedding.engine.dart.a.run(Unknown Source:12)
08-12 19:16:17.715 25963 25963 E MethodChannel#jojoy.app_resource_plugin: at android.os.Handler.handleCallback(Handler.java:938)
08-12 19:16:17.715 25963 25963 E MethodChannel#jojoy.app_resource_plugin: at android.os.Handler.dispatchMessage(Handler.java:99)
08-12 19:16:17.715 25963 25963 E MethodChannel#jojoy.app_resource_plugin: at android.os.Looper.loopOnce(Looper.java:210)
08-12 19:16:17.715 25963 25963 E MethodChannel#jojoy.app_resource_plugin: at android.os.Looper.loop(Looper.java:299)
08-12 19:16:17.715 25963 25963 E MethodChannel#jojoy.app_resource_plugin: at android.app.ActivityThread.main(ActivityThread.java:8205)
08-12 19:16:17.715 25963 25963 E MethodChannel#jojoy.app_resource_plugin: at java.lang.reflect.Method.invoke(Native Method)
08-12 19:16:17.715 25963 25963 E MethodChannel#jojoy.app_resource_plugin: at com.android.internal.os.RuntimeInit$MethodAndArgsCaller.run(RuntimeInit.java:556)
08-12 19:16:17.715 25963 25963 E MethodChannel#jojoy.app_resource_plugin: at com.android.internal.os.ZygoteInit.main(ZygoteInit.java:1045)
08-12 19:16:17.715 25963 25963 E MethodChannel#jojoy.app_resource_plugin: Caused by: android.view.InflateException: Class not found x
08-12 19:16:17.715 25963 25963 E MethodChannel#jojoy.app_resource_plugin: at android.graphics.drawable.DrawableInflater.inflateFromClass(DrawableInflater.java:2 25)
08-12 19:16:17.715 25963 25963 E MethodChannel#jojoy.app_resource_plugin: at android.graphics.drawable.DrawableInflater.inflateFromXmlForDensity(DrawableInflate r.java:142)
08-12 19:16:17.715 25963 25963 E MethodChannel#jojoy.app_resource_plugin: at android.graphics.drawable.Drawable.createFromXmlInnerForDensity(Drawable.java:1414)
08-12 19:16:17.715 25963 25963 E MethodChannel#jojoy.app_resource_plugin: at android.graphics.drawable.Drawable.createFromXmlForDensity(Drawable.java:1373)
08-12 19:16:17.715 25963 25963 E MethodChannel#jojoy.app_resource_plugin: at android.content.res.ResourcesImpl.createFromXmlForDensity(ResourcesImpl.java:1516)
08-12 19:16:17.715 25963 25963 E MethodChannel#jojoy.app_resource_plugin: at android.content.res.ResourcesImpl.loadXmlDrawable(ResourcesImpl.java:934)
08-12 19:16:17.715 25963 25963 E MethodChannel#jojoy.app_resource_plugin: at android.content.res.ResourcesImpl.loadDrawableForCookie(ResourcesImpl.java:883)
08-12 19:16:17.715 25963 25963 E MethodChannel#jojoy.app_resource_plugin: ... 23 more
08-12 19:16:17.715 25963 25963 E MethodChannel#jojoy.app_resource_plugin: Caused by: java.lang.ClassNotFoundException: Didn't find class "x" on path: DexPathList[[zip file "/data/app/~~RlqRSICE4iIplcPnDnZeBQ==/apkdone.com- sw2xb0k3UZHPPmHA8vw-0A==/base.apk"],nativeLibraryDirectories=[/data/app/ ~~RlqRSICE4iIplcPnDnZeBQ==/apkdone.com-sw2xb0k3UZHPPmHA8vw-0A==/lib/arm, /data/app/~~RlqRSICE4iIplcPnDnZeBQ==/apkdone.com-sw2xb0k3UZHPPmHA8vw-0A==/ base.apk!/lib/armeabi-v7a, /system/lib, /system_ext/lib]]
08-12 19:16:17.715 25963 25963 E MethodChannel#jojoy.app_resource_plugin: at dalvik.system.BaseDexClassLoader.findClass(BaseDexClassLoader.java:218)
08-12 19:16:17.715 25963 25963 E MethodChannel#jojoy.app_resource_plugin: at java.lang.ClassLoader.loadClass(ClassLoader.java:379)
08-12 19:16:17.715 25963 25963 E MethodChannel#jojoy.app_resource_plugin: at java.lang.ClassLoader.loadClass(ClassLoader.java:312)
08-12 19:16:17.715 25963 25963 E MethodChannel#jojoy.app_resource_plugin: at android.graphics.drawable.DrawableInflater.inflateFromClass(DrawableInflater.java:2 06)
08-12 19:16:17.715 25963 25963 E MethodChannel#jojoy.app_resource_plugin: ... 29 more
08-12 19:16:18.272 25963 25984 I OpenGLRenderer: Davey! duration=9223284467290ms; Flags=0, FrameTimelineVsyncId=6701643, IntendedVsync=87569563232939, Vsync=87569563232939, InputEventId=0, HandleInputStart=87569563833623, AnimationStart=87569563836540, PerformTraversalsStart=87569570241748, DrawStart=87569570398155, FrameDeadline=87569583232938, FrameInterval=87569563813727, FrameStartTime=8333333, SyncQueued=87569570550550, SyncStart=87569571822946, IssueDrawCommandsStart=87569571935967, SwapBuffers=87569573129352, FrameCompleted=9223372036854775807, DequeueBufferDuration=24427, QueueBufferDuration=1019062, GpuCompleted=9223372036854775807, SwapBuffersCompleted=87569574794405, DisplayPresentTime=87567340845916,
08-12 19:16:18.723 25963 25963 E MethodChannel#jojoy.app_resource_plugin: Failed to handle method call
08-12 19:16:18.723 25963 25963 E MethodChannel#jojoy.app_resource_plugin: android.content.res.Resources$NotFoundException: Drawable apkdone.com:mipmap/ic_launcher_foreground with resource ID #0x7f0f0001
08-12 19:16:18.723 25963 25963 E MethodChannel#jojoy.app_resource_plugin: Caused by: android.content.res.Resources$NotFoundException: File res/mipmap/ic_launcher_foreground.xml from drawable resource ID #0x7f0f0001
08-12 19:16:18.723 25963 25963 E MethodChannel#jojoy.app_resource_plugin: at android.content.res.ResourcesImpl.loadDrawableForCookie(ResourcesImpl.java:900)
08-12 19:16:18.723 25963 25963 E MethodChannel#jojoy.app_resource_plugin: at android.content.res.ResourcesImpl.loadDrawable(ResourcesImpl.java:691)
08-12 19:16:18.723 25963 25963 E MethodChannel#jojoy.app_resource_plugin: at android.content.res.MiuiResourcesImpl.loadDrawable(MiuiResourcesImpl.java:307)
08-12 19:16:18.723 25963 25963 E MethodChannel#jojoy.app_resource_plugin: at android.content.res.Resources.loadDrawable(Resources.java:1017)
08-12 19:16:18.723 25963 25963 E MethodChannel#jojoy.app_resource_plugin: at android.content.res.Resources.getDrawableForDensity(Resources.java:1005)
08-12 19:16:18.723 25963 25963 E MethodChannel#jojoy.app_resource_plugin: at android.content.res.Resources.getDrawable(Resources.java:944)
08-12 19:16:18.723 25963 25963 E MethodChannel#jojoy.app_resource_plugin: at android.content.Context.getDrawable(Context.java:763)
08-12 19:16:18.723 25963 25963 E MethodChannel#jojoy.app_resource_plugin: at androidx.core.content.ContextCompat$Api21Impl.getDrawable(Unknown Source:0)
08-12 19:16:18.723 25963 25963 E MethodChannel#jojoy.app_resource_plugin: at androidx.core.content.ContextCompat.getDrawable(Unknown Source:0)
08-12 19:16:18.723 25963 25963 E MethodChannel#jojoy.app_resource_plugin: at com.example.plugin.AppResourcePlugin.a(AppResourcePlugin.kt:4)
08-12 19:16:18.723 25963 25963 E MethodChannel#jojoy.app_resource_plugin: at com.example.plugin.AppResourcePlugin.onMethodCall(AppResourcePlugin.kt:22)
08-12 19:16:18.723 25963 25963 E MethodChannel#jojoy.app_resource_plugin: at io.flutter.plugin.common.MethodChannel$IncomingMethodCallHandler.onMessage(MethodCh annel.java:2)
08-12 19:16:18.723 25963 25963 E MethodChannel#jojoy.app_resource_plugin: at io.flutter.embedding.engine.dart.DartMessenger.invokeHandler(DartMessenger.java:2)
08-12 19:16:18.723 25963 25963 E MethodChannel#jojoy.app_resource_plugin: at io.flutter.embedding.engine.dart.DartMessenger.lambda$dispatchMessageToQueue$0(Dart Messenger.java:2)
08-12 19:16:18.723 25963 25963 E MethodChannel#jojoy.app_resource_plugin: at io.flutter.embedding.engine.dart.DartMessenger.a(Unknown Source:0)
08-12 19:16:18.723 25963 25963 E MethodChannel#jojoy.app_resource_plugin: at io.flutter.embedding.engine.dart.a.run(Unknown Source:12)
08-12 19:16:18.723 25963 25963 E MethodChannel#jojoy.app_resource_plugin: at android.os.Handler.handleCallback(Handler.java:938)
08-12 19:16:18.723 25963 25963 E MethodChannel#jojoy.app_resource_plugin: at android.os.Handler.dispatchMessage(Handler.java:99)
08-12 19:16:18.723 25963 25963 E MethodChannel#jojoy.app_resource_plugin: at android.os.Looper.loopOnce(Looper.java:210)
08-12 19:16:18.723 25963 25963 E MethodChannel#jojoy.app_resource_plugin: at android.os.Looper.loop(Looper.java:299)
08-12 19:16:18.723 25963 25963 E MethodChannel#jojoy.app_resource_plugin: at android.app.ActivityThread.main(ActivityThread.java:8205)
08-12 19:16:18.723 25963 25963 E MethodChannel#jojoy.app_resource_plugin: at java.lang.reflect.Method.invoke(Native Method)
08-12 19:16:18.723 25963 25963 E MethodChannel#jojoy.app_resource_plugin: at com.android.internal.os.RuntimeInit$MethodAndArgsCaller.run(RuntimeInit.java:556)
08-12 19:16:18.723 25963 25963 E MethodChannel#jojoy.app_resource_plugin: at com.android.internal.os.ZygoteInit.main(ZygoteInit.java:1045)
08-12 19:16:18.723 25963 25963 E MethodChannel#jojoy.app_resource_plugin: Caused by: android.view.InflateException: Class not found x
08-12 19:16:18.723 25963 25963 E MethodChannel#jojoy.app_resource_plugin: at android.graphics.drawable.DrawableInflater.inflateFromClass(DrawableInflater.java:2 25)
08-12 19:16:18.723 25963 25963 E MethodChannel#jojoy.app_resource_plugin: at android.graphics.drawable.DrawableInflater.inflateFromXmlForDensity(DrawableInflate r.java:142)
08-12 19:16:18.723 25963 25963 E MethodChannel#jojoy.app_resource_plugin: at android.graphics.drawable.Drawable.createFromXmlInnerForDensity(Drawable.java:1414)
08-12 19:16:18.723 25963 25963 E MethodChannel#jojoy.app_resource_plugin: at android.graphics.drawable.Drawable.createFromXmlForDensity(Drawable.java:1373)
08-12 19:16:18.723 25963 25963 E MethodChannel#jojoy.app_resource_plugin: at android.content.res.ResourcesImpl.createFromXmlForDensity(ResourcesImpl.java:1516)
08-12 19:16:18.723 25963 25963 E MethodChannel#jojoy.app_resource_plugin: at android.content.res.ResourcesImpl.loadXmlDrawable(ResourcesImpl.java:934)
08-12 19:16:18.723 25963 25963 E MethodChannel#jojoy.app_resource_plugin: at android.content.res.ResourcesImpl.loadDrawableForCookie(ResourcesImpl.java:883)
08-12 19:16:18.723 25963 25963 E MethodChannel#jojoy.app_resource_plugin: ... 23 more
08-12 19:16:18.723 25963 25963 E MethodChannel#jojoy.app_resource_plugin: Caused by: java.lang.ClassNotFoundException: Didn't find class "x" on path: DexPathList[[zip file "/data/app/~~RlqRSICE4iIplcPnDnZeBQ==/apkdone.com- sw2xb0k3UZHPPmHA8vw-0A==/base.apk"],nativeLibraryDirectories=[/data/app/ ~~RlqRSICE4iIplcPnDnZeBQ==/apkdone.com-sw2xb0k3UZHPPmHA8vw-0A==/lib/arm, /data/app/~~RlqRSICE4iIplcPnDnZeBQ==/apkdone.com-sw2xb0k3UZHPPmHA8vw-0A==/ base.apk!/lib/armeabi-v7a, /system/lib, /system_ext/lib]]
08-12 19:16:18.723 25963 25963 E MethodChannel#jojoy.app_resource_plugin: at dalvik.system.BaseDexClassLoader.findClass(BaseDexClassLoader.java:218)
08-12 19:16:18.723 25963 25963 E MethodChannel#jojoy.app_resource_plugin: at java.lang.ClassLoader.loadClass(ClassLoader.java:379)
08-12 19:16:18.723 25963 25963 E MethodChannel#jojoy.app_resource_plugin: at java.lang.ClassLoader.loadClass(ClassLoader.java:312)
08-12 19:16:18.723 25963 25963 E MethodChannel#jojoy.app_resource_plugin: at android.graphics.drawable.DrawableInflater.inflateFromClass(DrawableInflater.java:2 06)
08-12 19:16:18.723 25963 25963 E MethodChannel#jojoy.app_resource_plugin: ... 29 more
08-12 19:16:18.790 25963 25963 I ExoPlayerImpl: Init ExoPlayerLib/2.4.2 [munch, 22021211RC, Xiaomi, 31]
08-12 19:16:18.901 25963 27077 D MetadataUtil: Skipped unknown metadata entry: gsst
08-12 19:16:18.901 25963 27077 D MetadataUtil: Skipped unknown metadata entry: gstd
08-12 19:16:18.920 25963 27076 I MediaCodec: video box enabled in settings
08-12 19:16:18.921 25963 27076 I MediaCodec: init video box disabled for codec not supported
08-12 19:16:18.921 25963 27080 D CCodec : allocate(c2.android.aac.decoder)
08-12 19:16:18.923 25963 27080 I CCodec : setting up 'default' as default (vendor) store
08-12 19:16:18.929 25963 27080 I CCodec : Created component [c2.android.aac.decoder]
08-12 19:16:18.930 25963 27080 D CCodecConfig: read media type: audio/mp4a-latm
08-12 19:16:18.931 25963 27080 D ReflectedParamUpdater: extent() != 1 for single value type: algo.buffers.max-count.values
08-12 19:16:18.932 25963 27080 D ReflectedParamUpdater: extent() != 1 for single value type: output.subscribed-indices.values
08-12 19:16:18.932 25963 27080 D ReflectedParamUpdater: extent() != 1 for single value type: input.buffers.allocator-ids.values
08-12 19:16:18.932 25963 27080 D ReflectedParamUpdater: extent() != 1 for single value type: output.buffers.allocator-ids.values
08-12 19:16:18.932 25963 27080 D ReflectedParamUpdater: extent() != 1 for single value type: algo.buffers.allocator-ids.values
08-12 19:16:18.932 25963 27080 D ReflectedParamUpdater: extent() != 1 for single value type: output.buffers.pool-ids.values
08-12 19:16:18.932 25963 27080 D ReflectedParamUpdater: extent() != 1 for single value type: algo.buffers.pool-ids.values
08-12 19:16:18.934 25963 27080 I CCodecConfig: query failed after returning 19 values (BAD_INDEX)
08-12 19:16:18.934 25963 27080 D CCodecConfig: c2 config diff is Dict {
08-12 19:16:18.934 25963 27080 D CCodecConfig: c2::u32 coded.aac-packaging.value = 0
08-12 19:16:18.934 25963 27080 D CCodecConfig: c2::u32 coded.bitrate.value = 64000
08-12 19:16:18.934 25963 27080 D CCodecConfig: c2::u32 coded.pl.level = 0
08-12 19:16:18.934 25963 27080 D CCodecConfig: c2::u32 coded.pl.profile = 8192
08-12 19:16:18.934 25963 27080 D CCodecConfig: c2::i32 coding.drc.album- mode.value = 0
08-12 19:16:18.934 25963 27080 D CCodecConfig: c2::float coding.drc.attenuation- factor.value = 1
08-12 19:16:18.934 25963 27080 D CCodecConfig: c2::float coding.drc.boost- factor.value = 1
08-12 19:16:18.934 25963 27080 D CCodecConfig: c2::i32 coding.drc.compression- mode.value = 3
08-12 19:16:18.934 25963 27080 D CCodecConfig: c2::i32 coding.drc.effect- type.value = 3
08-12 19:16:18.934 25963 27080 D CCodecConfig: c2::float coding.drc.encoded- level.value = 0.25
08-12 19:16:18.934 25963 27080 D CCodecConfig: c2::float coding.drc.reference- level.value = -16
08-12 19:16:18.934 25963 27080 D CCodecConfig: c2::u32 input.buffers.max- size.value = 8192
08-12 19:16:18.934 25963 27080 D CCodecConfig: c2::u32 input.delay.value = 0
08-12 19:16:18.934 25963 27080 D CCodecConfig: string input.media-type.value = "audio/mp4a-latm"
08-12 19:16:18.934 25963 27080 D CCodecConfig: c2::u32 output.delay.value = 2
08-12 19:16:18.934 25963 27080 D CCodecConfig: c2::float output.drc.output- loudness.value = 0.25
08-12 19:16:18.934 25963 27080 D CCodecConfig: string output.media-type.value = "audio/raw"
08-12 19:16:18.934 25963 27080 D CCodecConfig: c2::u32 raw.channel-count.value = 1
08-12 19:16:18.934 25963 27080 D CCodecConfig: c2::u32 raw.max-channel- count.value = 8
08-12 19:16:18.934 25963 27080 D CCodecConfig: c2::u32 raw.sample-rate.value = 44100
08-12 19:16:18.934 25963 27080 D CCodecConfig: }
08-12 19:16:18.936 25963 27076 W libc : Access denied finding property "ro.vendor.audio.dolby.vision.support"
08-12 19:16:18.936 25963 27080 D CCodec : [c2.android.aac.decoder] buffers are bound to CCodec for this session
08-12 19:16:18.936 25963 27080 D CCodecConfig: no c2 equivalents for language
08-12 19:16:18.936 25963 27080 D CCodecConfig: no c2 equivalents for flags
08-12 19:16:18.936 25963 27080 D CCodecConfig: config failed => CORRUPTED
08-12 19:16:18.936 25963 27080 D CCodecConfig: c2 config diff is c2::u32 raw.channel-count.value = 2
08-12 19:16:18.937 25963 27080 W Codec2Client: query -- param skipped: index = 1107298332.
08-12 19:16:18.937 25963 27080 D CCodec : client requested max input size 613, which is smaller than what component recommended (8192); overriding with component recommendation.
08-12 19:16:18.937 25963 27080 W CCodec : This behavior is subject to change. It is recommended that app developers double check whether the requested max input size is in reasonable range.
08-12 19:16:18.937 25963 27080 D CCodec : setup formats input: AMessage(what = 0x00000000) = {
08-12 19:16:18.937 25963 27080 D CCodec : int32_t aac-drc-album-mode = 0
08-12 19:16:18.937 25963 27080 D CCodec : int32_t aac-drc-boost-level = 127
08-12 19:16:18.937 25963 27080 D CCodec : int32_t aac-drc-cut-level = 127
08-12 19:16:18.937 25963 27080 D CCodec : int32_t aac-drc-effect-type = 3
08-12 19:16:18.937 25963 27080 D CCodec : int32_t aac-drc-heavy-compression = 3
08-12 19:16:18.937 25963 27080 D CCodec : int32_t aac-encoded-target-level = -1
08-12 19:16:18.937 25963 27080 D CCodec : int32_t aac-max-output-channel_count = 8
08-12 19:16:18.937 25963 27080 D CCodec : int32_t aac-target-ref-level = 64
08-12 19:16:18.937 25963 27080 D CCodec : int32_t bitrate = 64000
08-12 19:16:18.937 25963 27080 D CCodec : int32_t channel-count = 2
08-12 19:16:18.937 25963 27080 D CCodec : int32_t level = 0
08-12 19:16:18.937 25963 27080 D CCodec : int32_t max-input-size = 8192
08-12 19:16:18.937 25963 27080 D CCodec : string mime = "audio/mp4a-latm"
08-12 19:16:18.937 25963 27080 D CCodec : int32_t profile = 2
08-12 19:16:18.937 25963 27080 D CCodec : int32_t sample-rate = 44100
08-12 19:16:18.937 25963 27080 D CCodec : }
08-12 19:16:18.937 25963 27080 D CCodec : setup formats output: AMessage(what = 0x00000000) = {
08-12 19:16:18.937 25963 27080 D CCodec : int32_t aac-drc-album-mode = 0
08-12 19:16:18.937 25963 27080 D CCodec : int32_t aac-drc-boost-level = 127
08-12 19:16:18.937 25963 27080 D CCodec : int32_t aac-drc-cut-level = 127
08-12 19:16:18.937 25963 27080 D CCodec : int32_t aac-drc-effect-type = 3
08-12 19:16:18.937 25963 27080 D CCodec : int32_t aac-drc-heavy-compression = 3
08-12 19:16:18.937 25963 27080 D CCodec : int32_t aac-drc-output-loudness = -1
08-12 19:16:18.937 25963 27080 D CCodec : int32_t aac-encoded-target-level = -1
08-12 19:16:18.937 25963 27080 D CCodec : int32_t aac-max-output-channel_count = 8
08-12 19:16:18.937 25963 27080 D CCodec : int32_t aac-target-ref-level = 64
08-12 19:16:18.937 25963 27080 D CCodec : int32_t channel-count = 2
08-12 19:16:18.937 25963 27080 D CCodec : string mime = "audio/raw"
08-12 19:16:18.937 25963 27080 D CCodec : int32_t sample-rate = 44100
08-12 19:16:18.937 25963 27080 D CCodec : int32_t android._config-pcm-encoding = 2
08-12 19:16:18.937 25963 27080 D CCodec : }
08-12 19:16:18.937 25963 27080 I CCodecConfig: query failed after returning 19 values (BAD_INDEX)
08-12 19:16:18.938 25963 27080 D MediaImpl: MediaImpl::sendMine: audio/mp4a-latm
08-12 19:16:18.938 25963 27080 D MediaStub: MediaStub::sendMine audio/mp4a-latm
08-12 19:16:18.938 25963 27080 W Codec2Client: query -- param skipped: index = 1342179345.
08-12 19:16:18.938 25963 27080 W Codec2Client: query -- param skipped: index = 2415921170.
08-12 19:16:18.938 25963 27080 W Codec2Client: query -- param skipped: index = 1610614798.
08-12 19:16:18.939 25963 27080 D BufferPoolAccessor2.0: bufferpool2 0x99022918 : 4(32768 size) total buffers - 4(32768 size) used buffers - 1/6 (recycle/alloc) - 5/26 (fetch/transfer)
08-12 19:16:18.939 25963 27080 D BufferPoolAccessor2.0: bufferpool2 0xdaf68658 : 4(32768 size) total buffers - 4(32768 size) used buffers - 1/6 (recycle/alloc) - 5/26 (fetch/transfer)
08-12 19:16:18.939 25963 27080 D CCodecBufferChannel: [c2.android.aac.decoder#788] Created input block pool with allocatorID 16 => poolID 20 - OK (0)
08-12 19:16:18.940 25963 27080 I CCodecBufferChannel: [c2.android.aac.decoder#788] Created output block pool with allocatorID 16 => poolID 254 - OK
08-12 19:16:18.940 25963 26388 D BufferPoolAccessor2.0: bufferpool2 0x9387ee18 : 0(0 size) total buffers - 0(0 size) used buffers - 1/6 (recycle/alloc) - 13/397 (fetch/transfer)
08-12 19:16:18.940 25963 26388 D BufferPoolAccessor2.0: Destruction - bufferpool2 0x9387ee18 cached: 0/0M, 0/0% in use; allocs: 6, 17% recycled; transfers: 397, 97% unfetched
08-12 19:16:18.940 25963 27080 D CCodecBufferChannel: [c2.android.aac.decoder#788] Configured output block pool ids 254 => OK
08-12 19:16:18.941 25963 27080 D CCodecBufferChannel: [c2.android.aac.decoder#788] start: updating output delay 2
08-12 19:16:18.953 25963 27076 I MediaCodec: video box enabled in settings
08-12 19:16:18.953 25963 27076 I VideoBoxStub: VideoBoxStub::initVideobox
08-12 19:16:18.954 25963 26388 I CCodecBufferChannel: pipelineRoom(1) is <= numClientBuffers(1). Not signalling any more buffers to client
08-12 19:16:18.954 25963 26388 I CCodecBufferChannel: pipelineRoom(2) is <= numClientBuffers(2). Not signalling any more buffers to client
08-12 19:16:18.955 25963 26388 I CCodecBufferChannel: pipelineRoom(3) is <= numClientBuffers(3). Not signalling any more buffers to client
08-12 19:16:18.955 25963 27080 I CCodecBufferChannel: pipelineRoom(3) is <= numClientBuffers(3). Not signalling any more buffers to client
08-12 19:16:18.957 25963 27076 I VideoBox: VideoBox::VideoBox
08-12 19:16:18.957 25963 27076 I VideoBox: initVideobox
08-12 19:16:18.957 25963 27076 I VideoBox: initVideobox going OMX.qcom.video.decoder.avc
08-12 19:16:18.957 25963 27076 I VideoBox: initVideobox return false for platform is not support vpp
08-12 19:16:18.957 25963 27076 I VideoBoxStub: VideoBoxStub::releaseVideoBox
08-12 19:16:18.957 25963 27076 I VideoBox: VideoBox::~VideoBox
08-12 19:16:18.958 25963 27076 I MediaCodec: init video box disabled for init not supported
08-12 19:16:18.960 25963 27083 I OMXClient: IOmx service obtained
08-12 19:16:18.990 25963 27076 D VideoInfo: apkdone.com create OMX.qcom.video.decoder.avc in MediaCodec
08-12 19:16:18.996 25963 27076 I MediaCodec: configure : init video box disabled
08-12 19:16:18.996 25963 27076 I MediaCodec: fps video to display enabled
08-12 19:16:18.996 25963 27076 I MediaCodec: The Fps from player is 0.000000 frameRateFloat -1.000000 frameRateInt -1
08-12 19:16:18.998 25963 27076 D MediaImpl: MediaImpl::sendFrameRate: -1
08-12 19:16:18.998 25963 27076 D MediaImpl: MediaImpl::sendPackageName: apkdone.com
08-12 19:16:18.998 25963 27076 D MediaStub: MediaStub::sendPackageName apkdone.com
08-12 19:16:18.999 25963 27076 W libc : Access denied finding property "ro.vendor.audio.dolby.vision.support"
08-12 19:16:18.999 25963 27082 D SurfaceUtils: connecting to surface 0xf3d5a408, reason connectToSurface
08-12 19:16:18.999 25963 27082 I MediaCodec: [OMX.qcom.video.decoder.avc] setting surface generation to 26586119
08-12 19:16:18.999 25963 27082 D SurfaceUtils: disconnecting from surface 0xf3d5a408, reason connectToSurface(reconnect)
08-12 19:16:18.999 25963 27082 D SurfaceUtils: connecting to surface 0xf3d5a408, reason connectToSurface(reconnect)
08-12 19:16:19.002 25963 27083 I ExtendedACodec: setupVideoDecoder()
08-12 19:16:19.004 25963 27083 I ExtendedACodec: Decoder will be in frame by frame mode
08-12 19:16:19.004 25963 27083 W ExtendedACodec: Failed to set frame packing format on component
08-12 19:16:19.012 25963 27082 D MediaImpl: MediaImpl::sendMine: video/avc
08-12 19:16:19.012 25963 27082 D MediaStub: MediaStub::sendMine video/avc
08-12 19:16:19.022 25963 27083 D SurfaceUtils: set up nativeWindow 0xf3d5a408 for 640x360, color 0x7fa30c06, rotation 0, usage 0x20402900
08-12 19:16:19.040 25963 27076 D AudioTrack: set(sessionId=0)
08-12 19:16:19.040 25963 27076 D AudioTrack: set(): streamType -1, sampleRate 44100, format 0x1, channelMask 0x3, frameCount 14144, flags #0, notificationFrames 0, sessionId 0, transferType 3, uid -1, pid -1
08-12 19:16:19.042 25963 27076 W libc : Access denied finding property "vendor.audio.lowpower"
08-12 19:16:19.043 25963 27083 D SurfaceUtils: set up nativeWindow 0xf3d5a408 for 640x368, color 0x7fa30c06, rotation 0, usage 0x20402900
08-12 19:16:19.060 25963 27076 D AudioTrack: isWhiteListPackage() Uid 10403, package name apkdone.com
08-12 19:16:19.062 25963 27076 W AudioTrack: Use of stream types is deprecated for operations other than volume control
08-12 19:16:19.062 25963 27076 W AudioTrack: See the documentation of AudioTrack() for what to use instead with android.media.AudioAttributes to qualify your playback use case
08-12 19:16:19.063 25963 27076 I AudioTrack: AudioTrack::setVolume L:1.000000 R:1.000000 and the pakage is apkdone.com
08-12 19:16:19.063 25963 27076 W libc : Access denied finding property "ro.vendor.audio.shortvideo.index"
08-12 19:16:19.069 25963 26388 I CCodecBufferChannel: pipelineRoom(1) is <= numClientBuffers(2). Not signalling any more buffers to client
08-12 19:16:19.069 25963 27080 I CCodecBufferChannel: pipelineRoom(1) is <= numClientBuffers(1). Not signalling any more buffers to client
08-12 19:16:19.074 25963 27082 W MediaCodec: mapFormat: no mediaType information
08-12 19:16:19.384 25963 25963 D Installations: Installation ID: eJru81uYRZC9HuGDo5YQMX
08-12 19:16:20.044 25963 26388 I CCodecBufferChannel: pipelineRoom(1) is <= numClientBuffers(2). Not signalling any more buffers to client
08-12 19:16:20.044 25963 27080 I CCodecBufferChannel: pipelineRoom(1) is <= numClientBuffers(1). Not signalling any more buffers to client
08-12 19:16:20.047 25963 26388 I CCodecBufferChannel: pipelineRoom(1) is <= numClientBuffers(1). Not signalling any more buffers to client
08-12 19:16:20.047 25963 26388 I CCodecBufferChannel: pipelineRoom(1) is <= numClientBuffers(1). Not signalling any more buffers to client
08-12 19:16:22.211 25963 25963 E MethodChannel#jojoy.app_resource_plugin: Failed to handle method call
08-12 19:16:22.211 25963 25963 E MethodChannel#jojoy.app_resource_plugin: android.content.res.Resources$NotFoundException: Drawable apkdone.com:mipmap/ic_launcher_foreground with resource ID #0x7f0f0001
08-12 19:16:22.211 25963 25963 E MethodChannel#jojoy.app_resource_plugin: Caused by: android.content.res.Resources$NotFoundException: File res/mipmap/ic_launcher_foreground.xml from drawable resource ID #0x7f0f0001
08-12 19:16:22.211 25963 25963 E MethodChannel#jojoy.app_resource_plugin: at android.content.res.ResourcesImpl.loadDrawableForCookie(ResourcesImpl.java:900)
08-12 19:16:22.211 25963 25963 E MethodChannel#jojoy.app_resource_plugin: at android.content.res.ResourcesImpl.loadDrawable(ResourcesImpl.java:691)
08-12 19:16:22.211 25963 25963 E MethodChannel#jojoy.app_resource_plugin: at android.content.res.MiuiResourcesImpl.loadDrawable(MiuiResourcesImpl.java:307)
08-12 19:16:22.211 25963 25963 E MethodChannel#jojoy.app_resource_plugin: at android.content.res.Resources.loadDrawable(Resources.java:1017)
08-12 19:16:22.211 25963 25963 E MethodChannel#jojoy.app_resource_plugin: at android.content.res.Resources.getDrawableForDensity(Resources.java:1005)
08-12 19:16:22.211 25963 25963 E MethodChannel#jojoy.app_resource_plugin: at android.content.res.Resources.getDrawable(Resources.java:944)
08-12 19:16:22.211 25963 25963 E MethodChannel#jojoy.app_resource_plugin: at android.content.Context.getDrawable(Context.java:763)
08-12 19:16:22.211 25963 25963 E MethodChannel#jojoy.app_resource_plugin: at androidx.core.content.ContextCompat$Api21Impl.getDrawable(Unknown Source:0)
08-12 19:16:22.211 25963 25963 E MethodChannel#jojoy.app_resource_plugin: at androidx.core.content.ContextCompat.getDrawable(Unknown Source:0)
08-12 19:16:22.211 25963 25963 E MethodChannel#jojoy.app_resource_plugin: at com.example.plugin.AppResourcePlugin.a(AppResourcePlugin.kt:4)
08-12 19:16:22.211 25963 25963 E MethodChannel#jojoy.app_resource_plugin: at com.example.plugin.AppResourcePlugin.onMethodCall(AppResourcePlugin.kt:22)
08-12 19:16:22.211 25963 25963 E MethodChannel#jojoy.app_resource_plugin: at io.flutter.plugin.common.MethodChannel$IncomingMethodCallHandler.onMessage(MethodCh annel.java:2)
08-12 19:16:22.211 25963 25963 E MethodChannel#jojoy.app_resource_plugin: at io.flutter.embedding.engine.dart.DartMessenger.invokeHandler(DartMessenger.java:2)
08-12 19:16:22.211 25963 25963 E MethodChannel#jojoy.app_resource_plugin: at io.flutter.embedding.engine.dart.DartMessenger.lambda$dispatchMessageToQueue$0(Dart Messenger.java:2)
08-12 19:16:22.211 25963 25963 E MethodChannel#jojoy.app_resource_plugin: at io.flutter.embedding.engine.dart.DartMessenger.a(Unknown Source:0)
08-12 19:16:22.211 25963 25963 E MethodChannel#jojoy.app_resource_plugin: at io.flutter.embedding.engine.dart.a.run(Unknown Source:12)
08-12 19:16:22.211 25963 25963 E MethodChannel#jojoy.app_resource_plugin: at android.os.Handler.handleCallback(Handler.java:938)
08-12 19:16:22.211 25963 25963 E MethodChannel#jojoy.app_resource_plugin: at android.os.Handler.dispatchMessage(Handler.java:99)
08-12 19:16:22.211 25963 25963 E MethodChannel#jojoy.app_resource_plugin: at android.os.Looper.loopOnce(Looper.java:210)
08-12 19:16:22.211 25963 25963 E MethodChannel#jojoy.app_resource_plugin: at android.os.Looper.loop(Looper.java:299)
08-12 19:16:22.211 25963 25963 E MethodChannel#jojoy.app_resource_plugin: at android.app.ActivityThread.main(ActivityThread.java:8205)
08-12 19:16:22.211 25963 25963 E MethodChannel#jojoy.app_resource_plugin: at java.lang.reflect.Method.invoke(Native Method)
08-12 19:16:22.211 25963 25963 E MethodChannel#jojoy.app_resource_plugin: at com.android.internal.os.RuntimeInit$MethodAndArgsCaller.run(RuntimeInit.java:556)
08-12 19:16:22.211 25963 25963 E MethodChannel#jojoy.app_resource_plugin: at com.android.internal.os.ZygoteInit.main(ZygoteInit.java:1045)
08-12 19:16:22.211 25963 25963 E MethodChannel#jojoy.app_resource_plugin: Caused by: android.view.InflateException: Class not found x
08-12 19:16:22.211 25963 25963 E MethodChannel#jojoy.app_resource_plugin: at android.graphics.drawable.DrawableInflater.inflateFromClass(DrawableInflater.java:2 25)
08-12 19:16:22.211 25963 25963 E MethodChannel#jojoy.app_resource_plugin: at android.graphics.drawable.DrawableInflater.inflateFromXmlForDensity(DrawableInflate r.java:142)
08-12 19:16:22.211 25963 25963 E MethodChannel#jojoy.app_resource_plugin: at android.graphics.drawable.Drawable.createFromXmlInnerForDensity(Drawable.java:1414)
08-12 19:16:22.211 25963 25963 E MethodChannel#jojoy.app_resource_plugin: at android.graphics.drawable.Drawable.createFromXmlForDensity(Drawable.java:1373)
08-12 19:16:22.211 25963 25963 E MethodChannel#jojoy.app_resource_plugin: at android.content.res.ResourcesImpl.createFromXmlForDensity(ResourcesImpl.java:1516)
08-12 19:16:22.211 25963 25963 E MethodChannel#jojoy.app_resource_plugin: at android.content.res.ResourcesImpl.loadXmlDrawable(ResourcesImpl.java:934)
08-12 19:16:22.211 25963 25963 E MethodChannel#jojoy.app_resource_plugin: at android.content.res.ResourcesImpl.loadDrawableForCookie(ResourcesImpl.java:883)
08-12 19:16:22.211 25963 25963 E MethodChannel#jojoy.app_resource_plugin: ... 23 more
08-12 19:16:22.211 25963 25963 E MethodChannel#jojoy.app_resource_plugin: Caused by: java.lang.ClassNotFoundException: Didn't find class "x" on path: DexPathList[[zip file "/data/app/~~RlqRSICE4iIplcPnDnZeBQ==/apkdone.com- sw2xb0k3UZHPPmHA8vw-0A==/base.apk"],nativeLibraryDirectories=[/data/app/ ~~RlqRSICE4iIplcPnDnZeBQ==/apkdone.com-sw2xb0k3UZHPPmHA8vw-0A==/lib/arm, /data/app/~~RlqRSICE4iIplcPnDnZeBQ==/apkdone.com-sw2xb0k3UZHPPmHA8vw-0A==/ base.apk!/lib/armeabi-v7a, /system/lib, /system_ext/lib]]
08-12 19:16:22.211 25963 25963 E MethodChannel#jojoy.app_resource_plugin: at dalvik.system.BaseDexClassLoader.findClass(BaseDexClassLoader.java:218)
08-12 19:16:22.211 25963 25963 E MethodChannel#jojoy.app_resource_plugin: at java.lang.ClassLoader.loadClass(ClassLoader.java:379)
08-12 19:16:22.211 25963 25963 E MethodChannel#jojoy.app_resource_plugin: at java.lang.ClassLoader.loadClass(ClassLoader.java:312)
08-12 19:16:22.211 25963 25963 E MethodChannel#jojoy.app_resource_plugin: at android.graphics.drawable.DrawableInflater.inflateFromClass(DrawableInflater.java:2 06)
08-12 19:16:22.211 25963 25963 E MethodChannel#jojoy.app_resource_plugin: ... 29 more
08-12 19:16:22.217 25963 25963 E MethodChannel#jojoy.app_resource_plugin: Failed to handle method call
08-12 19:16:22.217 25963 25963 E MethodChannel#jojoy.app_resource_plugin: android.content.res.Resources$NotFoundException: Drawable apkdone.com:mipmap/ic_launcher_foreground with resource ID #0x7f0f0001
08-12 19:16:22.217 25963 25963 E MethodChannel#jojoy.app_resource_plugin: Caused by: android.content.res.Resources$NotFoundException: File res/mipmap/ic_launcher_foreground.xml from drawable resource ID #0x7f0f0001
08-12 19:16:22.217 25963 25963 E MethodChannel#jojoy.app_resource_plugin: at android.content.res.ResourcesImpl.loadDrawableForCookie(ResourcesImpl.java:900)
08-12 19:16:22.217 25963 25963 E MethodChannel#jojoy.app_resource_plugin: at android.content.res.ResourcesImpl.loadDrawable(ResourcesImpl.java:691)
08-12 19:16:22.217 25963 25963 E MethodChannel#jojoy.app_resource_plugin: at android.content.res.MiuiResourcesImpl.loadDrawable(MiuiResourcesImpl.java:307)
08-12 19:16:22.217 25963 25963 E MethodChannel#jojoy.app_resource_plugin: at android.content.res.Resources.loadDrawable(Resources.java:1017)
08-12 19:16:22.217 25963 25963 E MethodChannel#jojoy.app_resource_plugin: at android.content.res.Resources.getDrawableForDensity(Resources.java:1005)
08-12 19:16:22.217 25963 25963 E MethodChannel#jojoy.app_resource_plugin: at android.content.res.Resources.getDrawable(Resources.java:944)
08-12 19:16:22.217 25963 25963 E MethodChannel#jojoy.app_resource_plugin: at android.content.Context.getDrawable(Context.java:763)
08-12 19:16:22.217 25963 25963 E MethodChannel#jojoy.app_resource_plugin: at androidx.core.content.ContextCompat$Api21Impl.getDrawable(Unknown Source:0)
08-12 19:16:22.217 25963 25963 E MethodChannel#jojoy.app_resource_plugin: at androidx.core.content.ContextCompat.getDrawable(Unknown Source:0)
08-12 19:16:22.217 25963 25963 E MethodChannel#jojoy.app_resource_plugin: at com.example.plugin.AppResourcePlugin.a(AppResourcePlugin.kt:4)
08-12 19:16:22.217 25963 25963 E MethodChannel#jojoy.app_resource_plugin: at com.example.plugin.AppResourcePlugin.onMethodCall(AppResourcePlugin.kt:22)
08-12 19:16:22.217 25963 25963 E MethodChannel#jojoy.app_resource_plugin: at io.flutter.plugin.common.MethodChannel$IncomingMethodCallHandler.onMessage(MethodCh annel.java:2)
08-12 19:16:22.217 25963 25963 E MethodChannel#jojoy.app_resource_plugin: at io.flutter.embedding.engine.dart.DartMessenger.invokeHandler(DartMessenger.java:2)
08-12 19:16:22.217 25963 25963 E MethodChannel#jojoy.app_resource_plugin: at io.flutter.embedding.engine.dart.DartMessenger.lambda$dispatchMessageToQueue$0(Dart Messenger.java:2)
08-12 19:16:22.217 25963 25963 E MethodChannel#jojoy.app_resource_plugin: at io.flutter.embedding.engine.dart.DartMessenger.a(Unknown Source:0)
08-12 19:16:22.217 25963 25963 E MethodChannel#jojoy.app_resource_plugin: at io.flutter.embedding.engine.dart.a.run(Unknown Source:12)
08-12 19:16:22.217 25963 25963 E MethodChannel#jojoy.app_resource_plugin: at android.os.Handler.handleCallback(Handler.java:938)
08-12 19:16:22.217 25963 25963 E MethodChannel#jojoy.app_resource_plugin: at android.os.Handler.dispatchMessage(Handler.java:99)
08-12 19:16:22.217 25963 25963 E MethodChannel#jojoy.app_resource_plugin: at android.os.Looper.loopOnce(Looper.java:210)
08-12 19:16:22.217 25963 25963 E MethodChannel#jojoy.app_resource_plugin: at android.os.Looper.loop(Looper.java:299)
08-12 19:16:22.217 25963 25963 E MethodChannel#jojoy.app_resource_plugin: at android.app.ActivityThread.main(ActivityThread.java:8205)
08-12 19:16:22.217 25963 25963 E MethodChannel#jojoy.app_resource_plugin: at java.lang.reflect.Method.invoke(Native Method)
08-12 19:16:22.217 25963 25963 E MethodChannel#jojoy.app_resource_plugin: at com.android.internal.os.RuntimeInit$MethodAndArgsCaller.run(RuntimeInit.java:556)
08-12 19:16:22.217 25963 25963 E MethodChannel#jojoy.app_resource_plugin: at com.android.internal.os.ZygoteInit.main(ZygoteInit.java:1045)
08-12 19:16:22.217 25963 25963 E MethodChannel#jojoy.app_resource_plugin: Caused by: android.view.InflateException: Class not found x
08-12 19:16:22.217 25963 25963 E MethodChannel#jojoy.app_resource_plugin: at android.graphics.drawable.DrawableInflater.inflateFromClass(DrawableInflater.java:2 25)
08-12 19:16:22.217 25963 25963 E MethodChannel#jojoy.app_resource_plugin: at android.graphics.drawable.DrawableInflater.inflateFromXmlForDensity(DrawableInflate r.java:142)
08-12 19:16:22.217 25963 25963 E MethodChannel#jojoy.app_resource_plugin: at android.graphics.drawable.Drawable.createFromXmlInnerForDensity(Drawable.java:1414)
08-12 19:16:22.217 25963 25963 E MethodChannel#jojoy.app_resource_plugin: at android.graphics.drawable.Drawable.createFromXmlForDensity(Drawable.java:1373)
08-12 19:16:22.217 25963 25963 E MethodChannel#jojoy.app_resource_plugin: at android.content.res.ResourcesImpl.createFromXmlForDensity(ResourcesImpl.java:1516)
08-12 19:16:22.217 25963 25963 E MethodChannel#jojoy.app_resource_plugin: at android.content.res.ResourcesImpl.loadXmlDrawable(ResourcesImpl.java:934)
08-12 19:16:22.217 25963 25963 E MethodChannel#jojoy.app_resource_plugin: at android.content.res.ResourcesImpl.loadDrawableForCookie(ResourcesImpl.java:883)
08-12 19:16:22.217 25963 25963 E MethodChannel#jojoy.app_resource_plugin: ... 23 more
08-12 19:16:22.217 25963 25963 E MethodChannel#jojoy.app_resource_plugin: Caused by: java.lang.ClassNotFoundException: Didn't find class "x" on path: DexPathList[[zip file "/data/app/~~RlqRSICE4iIplcPnDnZeBQ==/apkdone.com- sw2xb0k3UZHPPmHA8vw-0A==/base.apk"],nativeLibraryDirectories=[/data/app/ ~~RlqRSICE4iIplcPnDnZeBQ==/apkdone.com-sw2xb0k3UZHPPmHA8vw-0A==/lib/arm, /data/app/~~RlqRSICE4iIplcPnDnZeBQ==/apkdone.com-sw2xb0k3UZHPPmHA8vw-0A==/ base.apk!/lib/armeabi-v7a, /system/lib, /system_ext/lib]]
08-12 19:16:22.217 25963 25963 E MethodChannel#jojoy.app_resource_plugin: at dalvik.system.BaseDexClassLoader.findClass(BaseDexClassLoader.java:218)
08-12 19:16:22.217 25963 25963 E MethodChannel#jojoy.app_resource_plugin: at java.lang.ClassLoader.loadClass(ClassLoader.java:379)
08-12 19:16:22.217 25963 25963 E MethodChannel#jojoy.app_resource_plugin: at java.lang.ClassLoader.loadClass(ClassLoader.java:312)
08-12 19:16:22.217 25963 25963 E MethodChannel#jojoy.app_resource_plugin: at android.graphics.drawable.DrawableInflater.inflateFromClass(DrawableInflater.java:2 06)
08-12 19:16:22.217 25963 25963 E MethodChannel#jojoy.app_resource_plugin: ... 29 more
08-12 19:16:22.219 25963 25963 E MethodChannel#jojoy.app_resource_plugin: Failed to handle method call
08-12 19:16:22.219 25963 25963 E MethodChannel#jojoy.app_resource_plugin: android.content.res.Resources$NotFoundException: Drawable apkdone.com:mipmap/ic_launcher_foreground with resource ID #0x7f0f0001
08-12 19:16:22.219 25963 25963 E MethodChannel#jojoy.app_resource_plugin: Caused by: android.content.res.Resources$NotFoundException: File res/mipmap/ic_launcher_foreground.xml from drawable resource ID #0x7f0f0001
08-12 19:16:22.219 25963 25963 E MethodChannel#jojoy.app_resource_plugin: at android.content.res.ResourcesImpl.loadDrawableForCookie(ResourcesImpl.java:900)
08-12 19:16:22.219 25963 25963 E MethodChannel#jojoy.app_resource_plugin: at android.content.res.ResourcesImpl.loadDrawable(ResourcesImpl.java:691)
08-12 19:16:22.219 25963 25963 E MethodChannel#jojoy.app_resource_plugin: at android.content.res.MiuiResourcesImpl.loadDrawable(MiuiResourcesImpl.java:307)
08-12 19:16:22.219 25963 25963 E MethodChannel#jojoy.app_resource_plugin: at android.content.res.Resources.loadDrawable(Resources.java:1017)
08-12 19:16:22.219 25963 25963 E MethodChannel#jojoy.app_resource_plugin: at android.content.res.Resources.getDrawableForDensity(Resources.java:1005)
08-12 19:16:22.219 25963 25963 E MethodChannel#jojoy.app_resource_plugin: at android.content.res.Resources.getDrawable(Resources.java:944)
08-12 19:16:22.219 25963 25963 E MethodChannel#jojoy.app_resource_plugin: at android.content.Context.getDrawable(Context.java:763)
08-12 19:16:22.219 25963 25963 E MethodChannel#jojoy.app_resource_plugin: at androidx.core.content.ContextCompat$Api21Impl.getDrawable(Unknown Source:0)
08-12 19:16:22.219 25963 25963 E MethodChannel#jojoy.app_resource_plugin: at androidx.core.content.ContextCompat.getDrawable(Unknown Source:0)
08-12 19:16:22.219 25963 25963 E MethodChannel#jojoy.app_resource_plugin: at com.example.plugin.AppResourcePlugin.a(AppResourcePlugin.kt:4)
08-12 19:16:22.219 25963 25963 E MethodChannel#jojoy.app_resource_plugin: at com.example.plugin.AppResourcePlugin.onMethodCall(AppResourcePlugin.kt:22)
08-12 19:16:22.219 25963 25963 E MethodChannel#jojoy.app_resource_plugin: at io.flutter.plugin.common.MethodChannel$IncomingMethodCallHandler.onMessage(MethodCh annel.java:2)
08-12 19:16:22.219 25963 25963 E MethodChannel#jojoy.app_resource_plugin: at io.flutter.embedding.engine.dart.DartMessenger.invokeHandler(DartMessenger.java:2)
08-12 19:16:22.219 25963 25963 E MethodChannel#jojoy.app_resource_plugin: at io.flutter.embedding.engine.dart.DartMessenger.lambda$dispatchMessageToQueue$0(Dart Messenger.java:2)
08-12 19:16:22.219 25963 25963 E MethodChannel#jojoy.app_resource_plugin: at io.flutter.embedding.engine.dart.DartMessenger.a(Unknown Source:0)
08-12 19:16:22.219 25963 25963 E MethodChannel#jojoy.app_resource_plugin: at io.flutter.embedding.engine.dart.a.run(Unknown Source:12)
08-12 19:16:22.219 25963 25963 E MethodChannel#jojoy.app_resource_plugin: at android.os.Handler.handleCallback(Handler.java:938)
08-12 19:16:22.219 25963 25963 E MethodChannel#jojoy.app_resource_plugin: at android.os.Handler.dispatchMessage(Handler.java:99)
08-12 19:16:22.219 25963 25963 E MethodChannel#jojoy.app_resource_plugin: at android.os.Looper.loopOnce(Looper.java:210)
08-12 19:16:22.219 25963 25963 E MethodChannel#jojoy.app_resource_plugin: at android.os.Looper.loop(Looper.java:299)
08-12 19:16:22.219 25963 25963 E MethodChannel#jojoy.app_resource_plugin: at android.app.ActivityThread.main(ActivityThread.java:8205)
08-12 19:16:22.219 25963 25963 E MethodChannel#jojoy.app_resource_plugin: at java.lang.reflect.Method.invoke(Native Method)
08-12 19:16:22.219 25963 25963 E MethodChannel#jojoy.app_resource_plugin: at com.android.internal.os.RuntimeInit$MethodAndArgsCaller.run(RuntimeInit.java:556)
08-12 19:16:22.219 25963 25963 E MethodChannel#jojoy.app_resource_plugin: at com.android.internal.os.ZygoteInit.main(ZygoteInit.java:1045)
08-12 19:16:22.219 25963 25963 E MethodChannel#jojoy.app_resource_plugin: Caused by: android.view.InflateException: Class not found x
08-12 19:16:22.219 25963 25963 E MethodChannel#jojoy.app_resource_plugin: at android.graphics.drawable.DrawableInflater.inflateFromClass(DrawableInflater.java:2 25)
08-12 19:16:22.219 25963 25963 E MethodChannel#jojoy.app_resource_plugin: at android.graphics.drawable.DrawableInflater.inflateFromXmlForDensity(DrawableInflate r.java:142)
08-12 19:16:22.219 25963 25963 E MethodChannel#jojoy.app_resource_plugin: at android.graphics.drawable.Drawable.createFromXmlInnerForDensity(Drawable.java:1414)
08-12 19:16:22.219 25963 25963 E MethodChannel#jojoy.app_resource_plugin: at android.graphics.drawable.Drawable.createFromXmlForDensity(Drawable.java:1373)
08-12 19:16:22.219 25963 25963 E MethodChannel#jojoy.app_resource_plugin: at android.content.res.ResourcesImpl.createFromXmlForDensity(ResourcesImpl.java:1516)
08-12 19:16:22.219 25963 25963 E MethodChannel#jojoy.app_resource_plugin: at android.content.res.ResourcesImpl.loadXmlDrawable(ResourcesImpl.java:934)
08-12 19:16:22.219 25963 25963 E MethodChannel#jojoy.app_resource_plugin: at android.content.res.ResourcesImpl.loadDrawableForCookie(ResourcesImpl.java:883)
08-12 19:16:22.219 25963 25963 E MethodChannel#jojoy.app_resource_plugin: ... 23 more
08-12 19:16:22.219 25963 25963 E MethodChannel#jojoy.app_resource_plugin: Caused by: java.lang.ClassNotFoundException: Didn't find class "x" on path: DexPathList[[zip file "/data/app/~~RlqRSICE4iIplcPnDnZeBQ==/apkdone.com- sw2xb0k3UZHPPmHA8vw-0A==/base.apk"],nativeLibraryDirectories=[/data/app/ ~~RlqRSICE4iIplcPnDnZeBQ==/apkdone.com-sw2xb0k3UZHPPmHA8vw-0A==/lib/arm, /data/app/~~RlqRSICE4iIplcPnDnZeBQ==/apkdone.com-sw2xb0k3UZHPPmHA8vw-0A==/ base.apk!/lib/armeabi-v7a, /system/lib, /system_ext/lib]]
08-12 19:16:22.219 25963 25963 E MethodChannel#jojoy.app_resource_plugin: at dalvik.system.BaseDexClassLoader.findClass(BaseDexClassLoader.java:218)
08-12 19:16:22.219 25963 25963 E MethodChannel#jojoy.app_resource_plugin: at java.lang.ClassLoader.loadClass(ClassLoader.java:379)
08-12 19:16:22.219 25963 25963 E MethodChannel#jojoy.app_resource_plugin: at java.lang.ClassLoader.loadClass(ClassLoader.java:312)
08-12 19:16:22.219 25963 25963 E MethodChannel#jojoy.app_resource_plugin: at android.graphics.drawable.DrawableInflater.inflateFromClass(DrawableInflater.java:2 06)
08-12 19:16:22.219 25963 25963 E MethodChannel#jojoy.app_resource_plugin: ... 29 more
08-12 19:16:22.222 25963 26677 D CCodecBufferChannel: [c2.android.aac.decoder#788] DEBUG: elapsed: n=6 [in=0 pipeline=0 out=2]
08-12 19:16:22.222 25963 26677 D PipelineWatcher: DEBUG: elapsed 2 / 6
08-12 19:16:22.223 25963 25963 E MethodChannel#jojoy.app_resource_plugin: Failed to handle method call
08-12 19:16:22.223 25963 25963 E MethodChannel#jojoy.app_resource_plugin: android.content.res.Resources$NotFoundException: Drawable apkdone.com:mipmap/ic_launcher_foreground with resource ID #0x7f0f0001
08-12 19:16:22.223 25963 25963 E MethodChannel#jojoy.app_resource_plugin: Caused by: android.content.res.Resources$NotFoundException: File res/mipmap/ic_launcher_foreground.xml from drawable resource ID #0x7f0f0001
08-12 19:16:22.223 25963 25963 E MethodChannel#jojoy.app_resource_plugin: at android.content.res.ResourcesImpl.loadDrawableForCookie(ResourcesImpl.java:900)
08-12 19:16:22.223 25963 25963 E MethodChannel#jojoy.app_resource_plugin: at android.content.res.ResourcesImpl.loadDrawable(ResourcesImpl.java:691)
08-12 19:16:22.223 25963 25963 E MethodChannel#jojoy.app_resource_plugin: at android.content.res.MiuiResourcesImpl.loadDrawable(MiuiResourcesImpl.java:307)
