08-12 19:15:16.960 25963 25963 E MethodChannel#jojoy.app_resource_plugin: at android.content.res.ResourcesImpl.createFromXmlForDensity(ResourcesImpl.java:1516)
08-12 19:15:16.960 25963 25963 E MethodChannel#jojoy.app_resource_plugin: at android.content.res.ResourcesImpl.loadXmlDrawable(ResourcesImpl.java:934)
08-12 19:15:16.960 25963 25963 E MethodChannel#jojoy.app_resource_plugin: at android.content.res.ResourcesImpl.loadDrawableForCookie(ResourcesImpl.java:883)
08-12 19:15:16.960 25963 25963 E MethodChannel#jojoy.app_resource_plugin: ... 23 more
08-12 19:15:16.960 25963 25963 E MethodChannel#jojoy.app_resource_plugin: Caused by: java.lang.ClassNotFoundException: Didn't find class "x" on path: DexPathList[[zip file "/data/app/~~RlqRSICE4iIplcPnDnZeBQ==/apkdone.com- sw2xb0k3UZHPPmHA8vw-0A==/base.apk"],nativeLibraryDirectories=[/data/app/ ~~RlqRSICE4iIplcPnDnZeBQ==/apkdone.com-sw2xb0k3UZHPPmHA8vw-0A==/lib/arm, /data/app/~~RlqRSICE4iIplcPnDnZeBQ==/apkdone.com-sw2xb0k3UZHPPmHA8vw-0A==/ base.apk!/lib/armeabi-v7a, /system/lib, /system_ext/lib]]
08-12 19:15:16.960 25963 25963 E MethodChannel#jojoy.app_resource_plugin: at dalvik.system.BaseDexClassLoader.findClass(BaseDexClassLoader.java:218)
08-12 19:15:16.960 25963 25963 E MethodChannel#jojoy.app_resource_plugin: at java.lang.ClassLoader.loadClass(ClassLoader.java:379)
08-12 19:15:16.960 25963 25963 E MethodChannel#jojoy.app_resource_plugin: at java.lang.ClassLoader.loadClass(ClassLoader.java:312)
08-12 19:15:16.960 25963 25963 E MethodChannel#jojoy.app_resource_plugin: at android.graphics.drawable.DrawableInflater.inflateFromClass(DrawableInflater.java:2 06)
08-12 19:15:16.960 25963 25963 E MethodChannel#jojoy.app_resource_plugin: ... 29 more
08-12 19:15:16.969 25963 25963 D Installations: Installation ID: eJru81uYRZC9HuGDo5YQMX
08-12 19:15:16.969 25963 25963 D Installations: Installation ID: eJru81uYRZC9HuGDo5YQMX
08-12 19:15:16.972 25963 25963 D Installations: Installation ID: eJru81uYRZC9HuGDo5YQMX
08-12 19:15:17.137 25963 26245 D com.vungle.warren.VungleApiClient: Config Response: {"endpoints":{"new":"https://api.vungle.com/api/v5/new","ads":"https:// api.vungle.com/api/v5/ads","will_play_ad":"https://api.vungle.com/api/v5/ will_play_ad","report_ad":"https://api.vungle.com/api/v5/ report_ad","log":"https://logs.ads.vungle.com/sdk","ri":"https:// events.ads.vungle.com/api/v5/ri","cache_bust":"https://events.ads.vungle.com/api/ v5/cache_bust","sdk_bi":"https://logs.ads.vungle.com/api/v5/sdk_bi"},"placements": [{"id":"6231bb02073c1f2f79d7c6c7","reference_id":"DEFAULT- 6045176","is_auto_cached":true,"is_incentivized":false,"supported_template_types": ["fullscreen","fullscreen"],"supported_ad_formats": ["third_party","third_party_playable","vungle_mraid"],"cache_priority":6}, {"id":"623316691261eebebcaf40b1","reference_id":"DOWNLOAD_GAME_REWARD_ALL_PRICE- 0719134","is_auto_cached":false,"is_incentivized":true,"supported_template_types": ["fullscreen","fullscreen"],"supported_ad_formats": ["third_party","third_party_playable","vungle_mraid"]}, {"id":"623c4e0e4537632917292735","reference_id":"RECOMMEND_BANNER_ALL_PRICE- 7236779","is_auto_cached":false,"is_incentivized":false,"ad_refresh_duration":0,"su pported_template_types":["banner"],"supported_ad_formats": ["third_party","vungle_mraid"]}, {"id":"623c4e5b9a33c27e2342a014","reference_id":"GAME_DETAIL_BANNER_ALL_PRICE- 5033098","is_auto_cached":false,"is_incentivized":false,"ad_refresh_duration":0,"su pported_template_types":["banner"],"supported_ad_formats": ["third_party","vungle_mraid"]}, {"id":"624ee6a4e65ce16d1fe99de9","reference_id":"APP_OPEN_ALL_PRICE_TEST- 2943948","is_auto_cached":false,"is_incentivized":false,"supported_template_types": ["fullscreen","fullscreen"],"supported_ad_formats": ["third_party","third_party_playable","vungle_mraid"]}, {"id":"624fd639adb1db293611114b","reference_id":"APP_OPEN_ALL_PRICE_TEST02- 2456068","is_auto_cached":false,"is_incentivized":false,"supported_template_types": ["fullscreen","fullscreen"],"supported_ad_formats": ["third_party","third_party_playable","vungle_mraid"]}, {"id":"624fdd63b53e77a886fda92f","reference_id":"APP_OPEN_HIGH_PRICE- 9667104","is_auto_cached":true,"is_incentivized":false,"supported_template_types": ["fullscreen","fullscreen"],"supported_ad_formats": ["third_party","third_party_playable","vungle_mraid"],"cache_priority":7}, {"id":"624fdfa25b1c6777b6616f3c","reference_id":"APP_OPEN_MID_PRICE- 1652114","is_auto_cached":false,"is_incentivized":false,"supported_template_types": ["fullscreen","fullscreen"],"supported_ad_formats": ["third_party","third_party_playable","vungle_mraid"]}, {"id":"624fe093b53e77a886fda940","reference_id":"DOWNLOAD_GAME_REWARD_HIGH_PRICE- 6088314","is_auto_cached":false,"is_incentivized":true,"supported_template_types": ["fullscreen","fullscreen"],"supported_ad_formats": ["third_party","third_party_playable","vungle_mraid"]}, {"id":"624fe104b385686851afce07","reference_id":"DOWNLOAD_GAME_MID_PRICE- 1901884","is_auto_cached":false,"is_incentivized":true,"supported_template_types": ["fullscreen","fullscreen"],"supported_ad_formats": ["third_party","third_party_playable","vungle_mraid"]}, {"id":"6257c670ac21cddf70f41537","reference_id":"GAME_OPEN_APP_TEST- 0995526","is_auto_cached":false,"is_incentivized":false,"supported_template_types": ["fullscreen","fullscreen"],"supported_ad_formats": ["third_party","third_party_playable","vungle_mraid"]}, {"id":"625d472ac69cb9c677468a05","reference_id":"RECOMMEND_BANNER_TEST- 1908672","is_auto_cached":false,"is_incentivized":false,"ad_refresh_duration":0,"su pported_template_types":["banner"],"supported_ad_formats": ["third_party","vungle_mraid"]}, {"id":"625e8225cb3c632c6b16e652","reference_id":"GAME_DETAIL_BANNER_TEST- 0364547","is_auto_cached":false,"is_incentivized":false,"ad_refresh_duration":0,"su pported_template_types":["banner"],"supported_ad_formats": ["third_party","vungle_mraid"]}, {"id":"6260c792b090bdfbd3c52da9","reference_id":"EXIT_APP_MREC- 8896541","is_auto_cached":false,"is_incentivized":false,"supported_template_types": ["mrec","mrec","mrec"],"supported_ad_formats":["vungle_mraid","third_pa
08-12 19:15:17.139 25963 26245 D PlacementModel: SupportedTemplatesTypes : fullscreen
08-12 19:15:17.139 25963 26245 D PlacementModel: SupportedTemplatesTypes : fullscreen
08-12 19:15:17.140 25963 26245 D PlacementModel: SupportedTemplatesTypes : banner
08-12 19:15:17.140 25963 26245 D PlacementModel: SupportedTemplatesTypes : banner
08-12 19:15:17.140 25963 26245 D PlacementModel: SupportedTemplatesTypes : fullscreen
08-12 19:15:17.140 25963 26245 D PlacementModel: SupportedTemplatesTypes : fullscreen
08-12 19:15:17.140 25963 26245 D PlacementModel: SupportedTemplatesTypes : fullscreen
08-12 19:15:17.140 25963 26245 D PlacementModel: SupportedTemplatesTypes : fullscreen
08-12 19:15:17.140 25963 26245 D PlacementModel: SupportedTemplatesTypes : fullscreen
08-12 19:15:17.140 25963 26245 D PlacementModel: SupportedTemplatesTypes : fullscreen
08-12 19:15:17.140 25963 26245 D PlacementModel: SupportedTemplatesTypes : fullscreen
08-12 19:15:17.140 25963 26245 D PlacementModel: SupportedTemplatesTypes : banner
08-12 19:15:17.140 25963 26245 D PlacementModel: SupportedTemplatesTypes : banner
08-12 19:15:17.140 25963 26245 D PlacementModel: SupportedTemplatesTypes : mrec
08-12 19:15:17.140 25963 26245 D PlacementModel: SupportedTemplatesTypes : banner
08-12 19:15:17.140 25963 26245 D PlacementModel: SupportedTemplatesTypes : banner
08-12 19:15:17.140 25963 26245 D PlacementModel: SupportedTemplatesTypes : banner
08-12 19:15:17.141 25963 26245 D PlacementModel: SupportedTemplatesTypes : banner
08-12 19:15:17.141 25963 26245 D PlacementModel: SupportedTemplatesTypes : banner
08-12 19:15:17.141 25963 26245 D PlacementModel: SupportedTemplatesTypes : banner
08-12 19:15:17.141 25963 26245 D PlacementModel: SupportedTemplatesTypes : mrec
08-12 19:15:17.141 25963 26245 D PlacementModel: SupportedTemplatesTypes : mrec
08-12 19:15:17.141 25963 26245 D PlacementModel: SupportedTemplatesTypes : mrec
08-12 19:15:17.141 25963 26245 D PlacementModel: SupportedTemplatesTypes : banner
08-12 19:15:17.141 25963 26245 D PlacementModel: SupportedTemplatesTypes : mrec
08-12 19:15:17.141 25963 26245 D PlacementModel: SupportedTemplatesTypes : fullscreen
08-12 19:15:17.141 25963 26245 D PlacementModel: SupportedTemplatesTypes : mrec
08-12 19:15:17.141 25963 26245 D PlacementModel: SupportedTemplatesTypes : mrec
08-12 19:15:17.141 25963 26245 D PlacementModel: SupportedTemplatesTypes : mrec
08-12 19:15:17.141 25963 26245 D PlacementModel: SupportedTemplatesTypes : fullscreen
08-12 19:15:17.141 25963 26245 D PlacementModel: SupportedTemplatesTypes : fullscreen
08-12 19:15:17.142 25963 26245 D PlacementModel: SupportedTemplatesTypes : fullscreen
08-12 19:15:17.142 25963 26245 D PlacementModel: SupportedTemplatesTypes : banner
08-12 19:15:17.142 25963 26245 D PlacementModel: SupportedTemplatesTypes : banner
08-12 19:15:17.142 25963 26245 D PlacementModel: SupportedTemplatesTypes : banner
08-12 19:15:17.142 25963 26245 D PlacementModel: SupportedTemplatesTypes : banner
08-12 19:15:17.142 25963 26245 D PlacementModel: SupportedTemplatesTypes : banner
08-12 19:15:17.142 25963 26245 D PlacementModel: SupportedTemplatesTypes : fullscreen
08-12 19:15:17.142 25963 26245 D PlacementModel: SupportedTemplatesTypes : banner
08-12 19:15:17.142 25963 26245 D PlacementModel: SupportedTemplatesTypes : mrec
08-12 19:15:17.142 25963 26245 D PlacementModel: SupportedTemplatesTypes : banner
08-12 19:15:17.142 25963 26245 D PlacementModel: SupportedTemplatesTypes : mrec
08-12 19:15:17.193 25963 26378 D a : Setting process thread prio = 12 for p1.c
08-12 19:15:17.193 25963 26245 D com.vungle.warren.Vungle: starting jobs for autocached advs
08-12 19:15:17.193 25963 26378 D a : Start job p1.cThread vng_jr-th-1
08-12 19:15:17.193 25963 26378 D p1.c : CleanupJob: Current directory snapshot
08-12 19:15:17.195 25963 26380 D a : Setting process thread prio = 10 for j
08-12 19:15:17.195 25963 26380 D a : Start job jThread vng_jr-th-3
08-12 19:15:17.196 25963 26380 D c : Crash report disabled, no need to send crash log files.
08-12 19:15:17.196 25963 26380 D c : Logging disabled, no need to send log files.
08-12 19:15:17.196 25963 26380 D a : On job finished j with result 0
08-12 19:15:17.199 25963 26379 D a : Setting process thread prio = 10 for p1.k
08-12 19:15:17.199 25963 26379 D a : Start job p1.kThread vng_jr-th-2
08-12 19:15:17.202 25963 26379 D a : On job finished p1.k with result 0
08-12 19:15:17.209 25963 26382 D a : Setting process thread prio = 10 for a
08-12 19:15:17.209 25963 26382 D a : Start job aThread vng_jr-th-4
08-12 19:15:17.210 25963 26382 D a : On job finished a with result 0
08-12 19:15:17.210 25963 26249 I b : Searching for valid advertisement for placement with GAME_DOWNLOAD_MREC_BIDDING-0675446event ID null
08-12 19:15:17.210 25963 26245 I com.vungle.warren.d: didn't find cached adv for AdRequest{placementId='GAME_DOWNLOAD_MREC_BIDDING-0675446', adMarkup=null, type=2, adCount=1} downloading
08-12 19:15:17.211 25963 26245 D com.vungle.warren.d: No adv for placement GAME_DOWNLOAD_MREC_BIDDING-0675446 getting new data
08-12 19:15:17.211 25963 26245 V com.vungle.warren.d: [ttDownloadContext] Start to request ad, request = AdRequest{placementId='GAME_DOWNLOAD_MREC_BIDDING-0675446', adMarkup=null, type=2, adCount=1}, at: 1660308317211
08-12 19:15:17.221 25963 26378 D a : On job finished p1.c with result 0
08-12 19:15:17.347 25963 26309 I DrmHal : found instance=clearkey [email protected]::IDrmFactory
08-12 19:15:17.347 25963 26309 I DrmHal : found instance=widevine [email protected]::IDrmFactory
08-12 19:15:17.608 25963 26309 D Ringtone: Successfully created local player
08-12 19:15:17.665 25963 25963 E MethodChannel#jojoy.app_resource_plugin: Failed to handle method call
08-12 19:15:17.665 25963 25963 E MethodChannel#jojoy.app_resource_plugin: android.content.res.Resources$NotFoundException: Drawable apkdone.com:mipmap/ic_launcher_foreground with resource ID #0x7f0f0001
08-12 19:15:17.665 25963 25963 E MethodChannel#jojoy.app_resource_plugin: Caused by: android.content.res.Resources$NotFoundException: File res/mipmap/ic_launcher_foreground.xml from drawable resource ID #0x7f0f0001
08-12 19:15:17.665 25963 25963 E MethodChannel#jojoy.app_resource_plugin: at android.content.res.ResourcesImpl.loadDrawableForCookie(ResourcesImpl.java:900)
08-12 19:15:17.665 25963 25963 E MethodChannel#jojoy.app_resource_plugin: at android.content.res.ResourcesImpl.loadDrawable(ResourcesImpl.java:691)
08-12 19:15:17.665 25963 25963 E MethodChannel#jojoy.app_resource_plugin: at android.content.res.MiuiResourcesImpl.loadDrawable(MiuiResourcesImpl.java:307)
08-12 19:15:17.665 25963 25963 E MethodChannel#jojoy.app_resource_plugin: at android.content.res.Resources.loadDrawable(Resources.java:1017)
08-12 19:15:17.665 25963 25963 E MethodChannel#jojoy.app_resource_plugin: at android.content.res.Resources.getDrawableForDensity(Resources.java:1005)
08-12 19:15:17.665 25963 25963 E MethodChannel#jojoy.app_resource_plugin: at android.content.res.Resources.getDrawable(Resources.java:944)
08-12 19:15:17.665 25963 25963 E MethodChannel#jojoy.app_resource_plugin: at android.content.Context.getDrawable(Context.java:763)
08-12 19:15:17.665 25963 25963 E MethodChannel#jojoy.app_resource_plugin: at androidx.core.content.ContextCompat$Api21Impl.getDrawable(Unknown Source:0)
08-12 19:15:17.665 25963 25963 E MethodChannel#jojoy.app_resource_plugin: at androidx.core.content.ContextCompat.getDrawable(Unknown Source:0)
08-12 19:15:17.665 25963 25963 E MethodChannel#jojoy.app_resource_plugin: at com.example.plugin.AppResourcePlugin.a(AppResourcePlugin.kt:4)
08-12 19:15:17.665 25963 25963 E MethodChannel#jojoy.app_resource_plugin: at com.example.plugin.AppResourcePlugin.onMethodCall(AppResourcePlugin.kt:22)
08-12 19:15:17.665 25963 25963 E MethodChannel#jojoy.app_resource_plugin: at io.flutter.plugin.common.MethodChannel$IncomingMethodCallHandler.onMessage(MethodCh annel.java:2)
08-12 19:15:17.665 25963 25963 E MethodChannel#jojoy.app_resource_plugin: at io.flutter.embedding.engine.dart.DartMessenger.invokeHandler(DartMessenger.java:2)
08-12 19:15:17.665 25963 25963 E MethodChannel#jojoy.app_resource_plugin: at io.flutter.embedding.engine.dart.DartMessenger.lambda$dispatchMessageToQueue$0(Dart Messenger.java:2)
08-12 19:15:17.665 25963 25963 E MethodChannel#jojoy.app_resource_plugin: at io.flutter.embedding.engine.dart.DartMessenger.a(Unknown Source:0)
08-12 19:15:17.665 25963 25963 E MethodChannel#jojoy.app_resource_plugin: at io.flutter.embedding.engine.dart.a.run(Unknown Source:12)
08-12 19:15:17.665 25963 25963 E MethodChannel#jojoy.app_resource_plugin: at android.os.Handler.handleCallback(Handler.java:938)
08-12 19:15:17.665 25963 25963 E MethodChannel#jojoy.app_resource_plugin: at android.os.Handler.dispatchMessage(Handler.java:99)
08-12 19:15:17.665 25963 25963 E MethodChannel#jojoy.app_resource_plugin: at android.os.Looper.loopOnce(Looper.java:210)
08-12 19:15:17.665 25963 25963 E MethodChannel#jojoy.app_resource_plugin: at android.os.Looper.loop(Looper.java:299)
08-12 19:15:17.665 25963 25963 E MethodChannel#jojoy.app_resource_plugin: at android.app.ActivityThread.main(ActivityThread.java:8205)
08-12 19:15:17.665 25963 25963 E MethodChannel#jojoy.app_resource_plugin: at java.lang.reflect.Method.invoke(Native Method)
08-12 19:15:17.665 25963 25963 E MethodChannel#jojoy.app_resource_plugin: at com.android.internal.os.RuntimeInit$MethodAndArgsCaller.run(RuntimeInit.java:556)
08-12 19:15:17.665 25963 25963 E MethodChannel#jojoy.app_resource_plugin: at com.android.internal.os.ZygoteInit.main(ZygoteInit.java:1045)
08-12 19:15:17.665 25963 25963 E MethodChannel#jojoy.app_resource_plugin: Caused by: android.view.InflateException: Class not found x
08-12 19:15:17.665 25963 25963 E MethodChannel#jojoy.app_resource_plugin: at android.graphics.drawable.DrawableInflater.inflateFromClass(DrawableInflater.java:2 25)
08-12 19:15:17.665 25963 25963 E MethodChannel#jojoy.app_resource_plugin: at android.graphics.drawable.DrawableInflater.inflateFromXmlForDensity(DrawableInflate r.java:142)
08-12 19:15:17.665 25963 25963 E MethodChannel#jojoy.app_resource_plugin: at android.graphics.drawable.Drawable.createFromXmlInnerForDensity(Drawable.java:1414)
08-12 19:15:17.665 25963 25963 E MethodChannel#jojoy.app_resource_plugin: at android.graphics.drawable.Drawable.createFromXmlForDensity(Drawable.java:1373)
08-12 19:15:17.665 25963 25963 E MethodChannel#jojoy.app_resource_plugin: at android.content.res.ResourcesImpl.createFromXmlForDensity(ResourcesImpl.java:1516)
08-12 19:15:17.665 25963 25963 E MethodChannel#jojoy.app_resource_plugin: at android.content.res.ResourcesImpl.loadXmlDrawable(ResourcesImpl.java:934)
08-12 19:15:17.665 25963 25963 E MethodChannel#jojoy.app_resource_plugin: at android.content.res.ResourcesImpl.loadDrawableForCookie(ResourcesImpl.java:883)
08-12 19:15:17.665 25963 25963 E MethodChannel#jojoy.app_resource_plugin: ... 23 more
08-12 19:15:17.665 25963 25963 E MethodChannel#jojoy.app_resource_plugin: Caused by: java.lang.ClassNotFoundException: Didn't find class "x" on path: DexPathList[[zip file "/data/app/~~RlqRSICE4iIplcPnDnZeBQ==/apkdone.com- sw2xb0k3UZHPPmHA8vw-0A==/base.apk"],nativeLibraryDirectories=[/data/app/ ~~RlqRSICE4iIplcPnDnZeBQ==/apkdone.com-sw2xb0k3UZHPPmHA8vw-0A==/lib/arm, /data/app/~~RlqRSICE4iIplcPnDnZeBQ==/apkdone.com-sw2xb0k3UZHPPmHA8vw-0A==/ base.apk!/lib/armeabi-v7a, /system/lib, /system_ext/lib]]
08-12 19:15:17.665 25963 25963 E MethodChannel#jojoy.app_resource_plugin: at dalvik.system.BaseDexClassLoader.findClass(BaseDexClassLoader.java:218)
08-12 19:15:17.665 25963 25963 E MethodChannel#jojoy.app_resource_plugin: at java.lang.ClassLoader.loadClass(ClassLoader.java:379)
08-12 19:15:17.665 25963 25963 E MethodChannel#jojoy.app_resource_plugin: at java.lang.ClassLoader.loadClass(ClassLoader.java:312)
08-12 19:15:17.665 25963 25963 E MethodChannel#jojoy.app_resource_plugin: at android.graphics.drawable.DrawableInflater.inflateFromClass(DrawableInflater.java:2 06)
08-12 19:15:17.665 25963 25963 E MethodChannel#jojoy.app_resource_plugin: ... 29 more
08-12 19:15:17.667 25963 25963 D Installations: Installation ID: eJru81uYRZC9HuGDo5YQMX
08-12 19:15:17.740 25963 26309 W libc : Access denied finding property "qemu.hw.mainkeys"
08-12 19:15:17.740 25963 26309 W libc : Access denied finding property "qemu.sf.lcd_density"
08-12 19:15:17.740 25963 26309 W libc : Access denied finding property "ro.serialno"
08-12 19:15:18.016 25963 26339 I UnityAds: com.unity3d.services.core.api.Sdk.logInfo() (line:1) :: Received configuration for token eyJhbGciOiJIUzI1NiIsInR5cCI6IkpXVCJ9.eyJhZyI6Im93dkFXVytQb2doVVAxZ29PN0VRV2N4Zjg2am pPVys3R3Fza1k1ZHE3RDE5c1RtMmdXVmRIQlVnTDZzaXlXditQMlNza3c9PSIsImFwcCI6MjcsImFwcExld mVsQ29wcGEiOmZhbHNlLCJhdHQiOjAsImF1YyI6MTUxLCJhdWkiOjk0LCJhenAiOiI4MGY4YzMwYS0zZDk4 LTQxMzYtYjZmZi1jM2Q4YThiOThiYmQiLCJjYWxjdWxhdGVkQ29wcGEiOmZhbHNlLCJjb25zZW50IjpmYWx zZSwiY29udGV4dHVhbE9ubHkiOmZhbHNlLCJjcGkiOjI1NCwiY3JlYXRlZCI6MTY1NzI1OTYzMjAwMCwiZG x0IjowLCJkdCI6MCwiZXR0IjpbMjE0NzQ4Mzg3Miw2MDIyLDY5MTUsNjY0Miw1NDMxLDUzNDksNTM0NSw1N zU2LDU5NjMsNTk0MV0sImV4cCI6MTY2MTUxNzkxNywiaWFwIjo3NCwiaWF0IjoxNjYwMzA4MzE3LCJpZyI6 InZweDNoZDhsdEZUMDQxMVE4Uzg5TWNXR0F1Y201bHRpMGpMeUJxaFBKdEdSdlJ0elBZMElTRTBXdjg3T1J ORTVlWnBLd1E9PSIsImluc3RhbGxhdGlvbklkIjoiNmNlMGFjN2UtOTFiMC00OWEyLTk2NTYtY2Y5OTFiOD c0OGRhIiwiaXNzIjoiYWRzLXNkay1jb25maWd1cmF0aW9uLnVuaXR5YWRzLnVuaXR5M2QuY29tIiwibGVnY WxUZXJyaXRvcnkiOjAsImx0diI6NzYsIm1peGVkIjpmYWxzZSwicHJvIjozLCJwcm94aWVkIjpmYWxzZSwi c3ViIjoieWFBbFA3dEswd0JkWXd6VDZTL1lLcHlQSWd3WCtXU1BNZFZZMzl1QmVlVEVSN0lrd1YvSzJkblR zejRjbEtjanBVWjRoQT09IiwidGd0Ijo2NywieHByIjoxMDB9.Jd4CSrgH23FMxOamUSNOQSEB1GpevjNEO NRf42D6Iro (A/B group 10)
08-12 19:15:18.104 25963 25963 I DynamiteModule: Considering local module com.google.android.gms.ads.dynamite:0 and remote module com.google.android.gms.ads.dynamite:221908400
08-12 19:15:18.104 25963 25963 I DynamiteModule: Selected remote version of com.google.android.gms.ads.dynamite, version >= 221908400
08-12 19:15:18.104 25963 25963 V DynamiteModule: Dynamite loader version >= 2, using loadModule2NoCrashUtils
08-12 19:15:18.114 25963 25963 I Ads : Use RequestConfiguration.Builder().setTestDeviceIds(Arrays.asList("960FA59A29CA1A010171 A2FD3EC14BEE")) to get test ads on this device.
08-12 19:15:18.175 25963 25963 W ConnectionStatusConfig: Dynamic lookup for intent failed for action: com.google.android.gms.ads.service.CACHE
08-12 19:15:18.186 25963 25963 D DynamitePackage: Instantiating com.google.android.gms.ads.ChimeraAdManagerCreatorImpl
08-12 19:15:18.186 25963 26385 V com.vungle.warren.d: [ttDownloadContext] Request ad got response, request = AdRequest{placementId='GAME_DOWNLOAD_MREC_BIDDING- 0675446', adMarkup=null, type=2, adCount=1}, elapsed time = 975ms
08-12 19:15:18.188 25963 26245 D com.vungle.warren.d: Ads Response: {"ads": [{"placement_reference_id":"GAME_DOWNLOAD_MREC_BIDDING-0675446","ad_markup": {"id":"","campaign":null,"app_id":null,"sleep":1445,"info":"impression auctioned but unsold","delay":0,"showClose":0,"showCloseIncentivized":0,"countdown":0,"url":"","v ideoWidth":0,"videoHeight":0,"requires_sideloading":false}}]}
08-12 19:15:18.191 25963 26249 I b : Searching for valid advertisement for placement with GAME_DETAIL_BANNER_BIDDING-9742167event ID null
08-12 19:15:18.192 25963 25963 I Ads : Use RequestConfiguration.Builder().setTestDeviceIds(Arrays.asList("960FA59A29CA1A010171 A2FD3EC14BEE")) to get test ads on this device.
08-12 19:15:18.194 25963 26245 I com.vungle.warren.d: didn't find cached adv for AdRequest{placementId='GAME_DETAIL_BANNER_BIDDING-9742167', adMarkup=null, type=2, adCount=1} downloading
08-12 19:15:18.195 25963 26245 D com.vungle.warren.d: No adv for placement GAME_DETAIL_BANNER_BIDDING-9742167 getting new data
08-12 19:15:18.195 25963 26245 V com.vungle.warren.d: [ttDownloadContext] Start to request ad, request = AdRequest{placementId='GAME_DETAIL_BANNER_BIDDING-9742167', adMarkup=null, type=2, adCount=1}, at: 1660308318195
08-12 19:15:18.213 25963 25963 D DynamitePackage: Instantiating com.google.android.gms.ads.ChimeraAdManagerCreatorImpl
08-12 19:15:18.215 25963 25963 I Ads : Use RequestConfiguration.Builder().setTestDeviceIds(Arrays.asList("960FA59A29CA1A010171 A2FD3EC14BEE")) to get test ads on this device.
08-12 19:15:18.224 25963 25963 D DynamitePackage: Instantiating com.google.android.gms.ads.ChimeraAdManagerCreatorImpl
08-12 19:15:18.227 25963 25963 I Ads : Use RequestConfiguration.Builder().setTestDeviceIds(Arrays.asList("960FA59A29CA1A010171 A2FD3EC14BEE")) to get test ads on this device.
08-12 19:15:18.244 25963 25963 D DynamitePackage: Instantiating com.google.android.gms.ads.ChimeraAdLoaderBuilderCreatorImpl
08-12 19:15:18.248 25963 25963 I Ads : Use RequestConfiguration.Builder().setTestDeviceIds(Arrays.asList("960FA59A29CA1A010171 A2FD3EC14BEE")) to get test ads on this device.
08-12 19:15:18.259 25963 26457 W Ads : Not retrying to fetch app settings
08-12 19:15:18.260 25963 26407 W Ads : Not retrying to fetch app settings
08-12 19:15:18.260 25963 26404 W Ads : Not retrying to fetch app settings
08-12 19:15:18.261 25963 26449 W Ads : Not retrying to fetch app settings
08-12 19:15:18.268 25963 25963 D DynamitePackage: Instantiating com.google.android.gms.ads.ChimeraAdLoaderBuilderCreatorImpl
08-12 19:15:18.269 25963 25963 I Ads : Use RequestConfiguration.Builder().setTestDeviceIds(Arrays.asList("960FA59A29CA1A010171 A2FD3EC14BEE")) to get test ads on this device.
08-12 19:15:18.270 25963 26464 W ConnectionStatusConfig: Dynamic lookup for intent failed for action: com.google.android.gms.ads.service.START
08-12 19:15:18.277 25963 25963 D DynamitePackage: Instantiating com.google.android.gms.ads.ChimeraAdManagerCreatorImpl
08-12 19:15:18.280 25963 26408 W Ads : Not retrying to fetch app settings
08-12 19:15:18.281 25963 25963 I Ads : Use RequestConfiguration.Builder().setTestDeviceIds(Arrays.asList("960FA59A29CA1A010171 A2FD3EC14BEE")) to get test ads on this device.
08-12 19:15:18.287 25963 26447 W Ads : Not retrying to fetch app settings
08-12 19:15:18.294 25963 25963 D DynamitePackage: Instantiating com.google.android.gms.ads.ChimeraAdManagerCreatorImpl
08-12 19:15:18.296 25963 26407 W Ads : Not retrying to fetch app settings
08-12 19:15:18.296 25963 25963 I Ads : Use RequestConfiguration.Builder().setTestDeviceIds(Arrays.asList("960FA59A29CA1A010171 A2FD3EC14BEE")) to get test ads on this device.
08-12 19:15:18.308 25963 25963 D DynamitePackage: Instantiating com.google.android.gms.ads.ChimeraAdManagerCreatorImpl
08-12 19:15:18.310 25963 26408 W Ads : Not retrying to fetch app settings
08-12 19:15:18.310 25963 25963 I Ads : Use RequestConfiguration.Builder().setTestDeviceIds(Arrays.asList("960FA59A29CA1A010171 A2FD3EC14BEE")) to get test ads on this device.
08-12 19:15:18.336 25963 26346 W Ads : Not retrying to fetch app settings
08-12 19:15:18.350 25963 26114 I flutter : saving File: '/data/user/0/apkdone.com/files/Catamaran_700_25162ac2ef012a479d49c02c0cea340e085fc acc58eb413cb98c90f895d30089.ttf'
08-12 19:15:18.391 25963 25963 D Installations: Installation ID: eJru81uYRZC9HuGDo5YQMX
08-12 19:15:18.414 25963 25963 E MethodChannel#jojoy.app_resource_plugin: Failed to handle method call
08-12 19:15:18.414 25963 25963 E MethodChannel#jojoy.app_resource_plugin: android.content.res.Resources$NotFoundException: Drawable apkdone.com:mipmap/ic_launcher_foreground with resource ID #0x7f0f0001
08-12 19:15:18.414 25963 25963 E MethodChannel#jojoy.app_resource_plugin: Caused by: android.content.res.Resources$NotFoundException: File res/mipmap/ic_launcher_foreground.xml from drawable resource ID #0x7f0f0001
08-12 19:15:18.414 25963 25963 E MethodChannel#jojoy.app_resource_plugin: at android.content.res.ResourcesImpl.loadDrawableForCookie(ResourcesImpl.java:900)
08-12 19:15:18.414 25963 25963 E MethodChannel#jojoy.app_resource_plugin: at android.content.res.ResourcesImpl.loadDrawable(ResourcesImpl.java:691)
08-12 19:15:18.414 25963 25963 E MethodChannel#jojoy.app_resource_plugin: at android.content.res.MiuiResourcesImpl.loadDrawable(MiuiResourcesImpl.java:307)
08-12 19:15:18.414 25963 25963 E MethodChannel#jojoy.app_resource_plugin: at android.content.res.Resources.loadDrawable(Resources.java:1017)
08-12 19:15:18.414 25963 25963 E MethodChannel#jojoy.app_resource_plugin: at android.content.res.Resources.getDrawableForDensity(Resources.java:1005)
08-12 19:15:18.414 25963 25963 E MethodChannel#jojoy.app_resource_plugin: at android.content.res.Resources.getDrawable(Resources.java:944)
08-12 19:15:18.414 25963 25963 E MethodChannel#jojoy.app_resource_plugin: at android.content.Context.getDrawable(Context.java:763)
08-12 19:15:18.414 25963 25963 E MethodChannel#jojoy.app_resource_plugin: at androidx.core.content.ContextCompat$Api21Impl.getDrawable(Unknown Source:0)
08-12 19:15:18.414 25963 25963 E MethodChannel#jojoy.app_resource_plugin: at androidx.core.content.ContextCompat.getDrawable(Unknown Source:0)
08-12 19:15:18.414 25963 25963 E MethodChannel#jojoy.app_resource_plugin: at com.example.plugin.AppResourcePlugin.a(AppResourcePlugin.kt:4)
08-12 19:15:18.414 25963 25963 E MethodChannel#jojoy.app_resource_plugin: at com.example.plugin.AppResourcePlugin.onMethodCall(AppResourcePlugin.kt:22)
08-12 19:15:18.414 25963 25963 E MethodChannel#jojoy.app_resource_plugin: at io.flutter.plugin.common.MethodChannel$IncomingMethodCallHandler.onMessage(MethodCh annel.java:2)
08-12 19:15:18.414 25963 25963 E MethodChannel#jojoy.app_resource_plugin: at io.flutter.embedding.engine.dart.DartMessenger.invokeHandler(DartMessenger.java:2)
08-12 19:15:18.414 25963 25963 E MethodChannel#jojoy.app_resource_plugin: at io.flutter.embedding.engine.dart.DartMessenger.lambda$dispatchMessageToQueue$0(Dart Messenger.java:2)
08-12 19:15:18.414 25963 25963 E MethodChannel#jojoy.app_resource_plugin: at io.flutter.embedding.engine.dart.DartMessenger.a(Unknown Source:0)
08-12 19:15:18.414 25963 25963 E MethodChannel#jojoy.app_resource_plugin: at io.flutter.embedding.engine.dart.a.run(Unknown Source:12)
08-12 19:15:18.414 25963 25963 E MethodChannel#jojoy.app_resource_plugin: at android.os.Handler.handleCallback(Handler.java:938)
08-12 19:15:18.414 25963 25963 E MethodChannel#jojoy.app_resource_plugin: at android.os.Handler.dispatchMessage(Handler.java:99)
08-12 19:15:18.414 25963 25963 E MethodChannel#jojoy.app_resource_plugin: at android.os.Looper.loopOnce(Looper.java:210)
08-12 19:15:18.414 25963 25963 E MethodChannel#jojoy.app_resource_plugin: at android.os.Looper.loop(Looper.java:299)
08-12 19:15:18.414 25963 25963 E MethodChannel#jojoy.app_resource_plugin: at android.app.ActivityThread.main(ActivityThread.java:8205)
08-12 19:15:18.414 25963 25963 E MethodChannel#jojoy.app_resource_plugin: at java.lang.reflect.Method.invoke(Native Method)
08-12 19:15:18.414 25963 25963 E MethodChannel#jojoy.app_resource_plugin: at com.android.internal.os.RuntimeInit$MethodAndArgsCaller.run(RuntimeInit.java:556)
08-12 19:15:18.414 25963 25963 E MethodChannel#jojoy.app_resource_plugin: at com.android.internal.os.ZygoteInit.main(ZygoteInit.java:1045)
08-12 19:15:18.414 25963 25963 E MethodChannel#jojoy.app_resource_plugin: Caused by: android.view.InflateException: Class not found x
08-12 19:15:18.414 25963 25963 E MethodChannel#jojoy.app_resource_plugin: at android.graphics.drawable.DrawableInflater.inflateFromClass(DrawableInflater.java:2 25)
08-12 19:15:18.414 25963 25963 E MethodChannel#jojoy.app_resource_plugin: at android.graphics.drawable.DrawableInflater.inflateFromXmlForDensity(DrawableInflate r.java:142)
08-12 19:15:18.414 25963 25963 E MethodChannel#jojoy.app_resource_plugin: at android.graphics.drawable.Drawable.createFromXmlInnerForDensity(Drawable.java:1414)
08-12 19:15:18.414 25963 25963 E MethodChannel#jojoy.app_resource_plugin: at android.graphics.drawable.Drawable.createFromXmlForDensity(Drawable.java:1373)
08-12 19:15:18.414 25963 25963 E MethodChannel#jojoy.app_resource_plugin: at android.content.res.ResourcesImpl.createFromXmlForDensity(ResourcesImpl.java:1516)
08-12 19:15:18.414 25963 25963 E MethodChannel#jojoy.app_resource_plugin: at android.content.res.ResourcesImpl.loadXmlDrawable(ResourcesImpl.java:934)
08-12 19:15:18.414 25963 25963 E MethodChannel#jojoy.app_resource_plugin: at android.content.res.ResourcesImpl.loadDrawableForCookie(ResourcesImpl.java:883)
08-12 19:15:18.414 25963 25963 E MethodChannel#jojoy.app_resource_plugin: ... 23 more
08-12 19:15:18.414 25963 25963 E MethodChannel#jojoy.app_resource_plugin: Caused by: java.lang.ClassNotFoundException: Didn't find class "x" on path: DexPathList[[zip file "/data/app/~~RlqRSICE4iIplcPnDnZeBQ==/apkdone.com- sw2xb0k3UZHPPmHA8vw-0A==/base.apk"],nativeLibraryDirectories=[/data/app/ ~~RlqRSICE4iIplcPnDnZeBQ==/apkdone.com-sw2xb0k3UZHPPmHA8vw-0A==/lib/arm, /data/app/~~RlqRSICE4iIplcPnDnZeBQ==/apkdone.com-sw2xb0k3UZHPPmHA8vw-0A==/ base.apk!/lib/armeabi-v7a, /system/lib, /system_ext/lib]]
08-12 19:15:18.414 25963 25963 E MethodChannel#jojoy.app_resource_plugin: at dalvik.system.BaseDexClassLoader.findClass(BaseDexClassLoader.java:218)
08-12 19:15:18.414 25963 25963 E MethodChannel#jojoy.app_resource_plugin: at java.lang.ClassLoader.loadClass(ClassLoader.java:379)
08-12 19:15:18.414 25963 25963 E MethodChannel#jojoy.app_resource_plugin: at java.lang.ClassLoader.loadClass(ClassLoader.java:312)
08-12 19:15:18.414 25963 25963 E MethodChannel#jojoy.app_resource_plugin: at android.graphics.drawable.DrawableInflater.inflateFromClass(DrawableInflater.java:2 06)
08-12 19:15:18.414 25963 25963 E MethodChannel#jojoy.app_resource_plugin: ... 29 more
08-12 19:15:18.415 25963 25963 E MethodChannel#jojoy.app_resource_plugin: Failed to handle method call
08-12 19:15:18.415 25963 25963 E MethodChannel#jojoy.app_resource_plugin: android.content.res.Resources$NotFoundException: Drawable apkdone.com:mipmap/ic_launcher_foreground with resource ID #0x7f0f0001
08-12 19:15:18.415 25963 25963 E MethodChannel#jojoy.app_resource_plugin: Caused by: android.content.res.Resources$NotFoundException: File res/mipmap/ic_launcher_foreground.xml from drawable resource ID #0x7f0f0001
08-12 19:15:18.415 25963 25963 E MethodChannel#jojoy.app_resource_plugin: at android.content.res.ResourcesImpl.loadDrawableForCookie(ResourcesImpl.java:900)
08-12 19:15:18.415 25963 25963 E MethodChannel#jojoy.app_resource_plugin: at android.content.res.ResourcesImpl.loadDrawable(ResourcesImpl.java:691)
08-12 19:15:18.415 25963 25963 E MethodChannel#jojoy.app_resource_plugin: at android.content.res.MiuiResourcesImpl.loadDrawable(MiuiResourcesImpl.java:307)
08-12 19:15:18.415 25963 25963 E MethodChannel#jojoy.app_resource_plugin: at android.content.res.Resources.loadDrawable(Resources.java:1017)
08-12 19:15:18.415 25963 25963 E MethodChannel#jojoy.app_resource_plugin: at android.content.res.Resources.getDrawableForDensity(Resources.java:1005)
08-12 19:15:18.415 25963 25963 E MethodChannel#jojoy.app_resource_plugin: at android.content.res.Resources.getDrawable(Resources.java:944)
08-12 19:15:18.415 25963 25963 E MethodChannel#jojoy.app_resource_plugin: at android.content.Context.getDrawable(Context.java:763)
08-12 19:15:18.415 25963 25963 E MethodChannel#jojoy.app_resource_plugin: at androidx.core.content.ContextCompat$Api21Impl.getDrawable(Unknown Source:0)
08-12 19:15:18.415 25963 25963 E MethodChannel#jojoy.app_resource_plugin: at androidx.core.content.ContextCompat.getDrawable(Unknown Source:0)
08-12 19:15:18.415 25963 25963 E MethodChannel#jojoy.app_resource_plugin: at com.example.plugin.AppResourcePlugin.a(AppResourcePlugin.kt:4)
08-12 19:15:18.415 25963 25963 E MethodChannel#jojoy.app_resource_plugin: at com.example.plugin.AppResourcePlugin.onMethodCall(AppResourcePlugin.kt:22)
08-12 19:15:18.415 25963 25963 E MethodChannel#jojoy.app_resource_plugin: at io.flutter.plugin.common.MethodChannel$IncomingMethodCallHandler.onMessage(MethodCh annel.java:2)
08-12 19:15:18.415 25963 25963 E MethodChannel#jojoy.app_resource_plugin: at io.flutter.embedding.engine.dart.DartMessenger.invokeHandler(DartMessenger.java:2)
08-12 19:15:18.415 25963 25963 E MethodChannel#jojoy.app_resource_plugin: at io.flutter.embedding.engine.dart.DartMessenger.lambda$dispatchMessageToQueue$0(Dart Messenger.java:2)
08-12 19:15:18.415 25963 25963 E MethodChannel#jojoy.app_resource_plugin: at io.flutter.embedding.engine.dart.DartMessenger.a(Unknown Source:0)
08-12 19:15:18.415 25963 25963 E MethodChannel#jojoy.app_resource_plugin: at io.flutter.embedding.engine.dart.a.run(Unknown Source:12)
08-12 19:15:18.415 25963 25963 E MethodChannel#jojoy.app_resource_plugin: at android.os.Handler.handleCallback(Handler.java:938)
08-12 19:15:18.415 25963 25963 E MethodChannel#jojoy.app_resource_plugin: at android.os.Handler.dispatchMessage(Handler.java:99)
08-12 19:15:18.415 25963 25963 E MethodChannel#jojoy.app_resource_plugin: at android.os.Looper.loopOnce(Looper.java:210)
08-12 19:15:18.415 25963 25963 E MethodChannel#jojoy.app_resource_plugin: at android.os.Looper.loop(Looper.java:299)
08-12 19:15:18.415 25963 25963 E MethodChannel#jojoy.app_resource_plugin: at android.app.ActivityThread.main(ActivityThread.java:8205)
08-12 19:15:18.415 25963 25963 E MethodChannel#jojoy.app_resource_plugin: at java.lang.reflect.Method.invoke(Native Method)
08-12 19:15:18.415 25963 25963 E MethodChannel#jojoy.app_resource_plugin: at com.android.internal.os.RuntimeInit$MethodAndArgsCaller.run(RuntimeInit.java:556)
08-12 19:15:18.415 25963 25963 E MethodChannel#jojoy.app_resource_plugin: at com.android.internal.os.ZygoteInit.main(ZygoteInit.java:1045)
08-12 19:15:18.415 25963 25963 E MethodChannel#jojoy.app_resource_plugin: Caused by: android.view.InflateException: Class not found x
08-12 19:15:18.415 25963 25963 E MethodChannel#jojoy.app_resource_plugin: at android.graphics.drawable.DrawableInflater.inflateFromClass(DrawableInflater.java:2 25)
08-12 19:15:18.415 25963 25963 E MethodChannel#jojoy.app_resource_plugin: at android.graphics.drawable.DrawableInflater.inflateFromXmlForDensity(DrawableInflate r.java:142)
08-12 19:15:18.415 25963 25963 E MethodChannel#jojoy.app_resource_plugin: at android.graphics.drawable.Drawable.createFromXmlInnerForDensity(Drawable.java:1414)
08-12 19:15:18.415 25963 25963 E MethodChannel#jojoy.app_resource_plugin: at android.graphics.drawable.Drawable.createFromXmlForDensity(Drawable.java:1373)
08-12 19:15:18.415 25963 25963 E MethodChannel#jojoy.app_resource_plugin: at android.content.res.ResourcesImpl.createFromXmlForDensity(ResourcesImpl.java:1516)
08-12 19:15:18.415 25963 25963 E MethodChannel#jojoy.app_resource_plugin: at android.content.res.ResourcesImpl.loadXmlDrawable(ResourcesImpl.java:934)
08-12 19:15:18.415 25963 25963 E MethodChannel#jojoy.app_resource_plugin: at android.content.res.ResourcesImpl.loadDrawableForCookie(ResourcesImpl.java:883)
08-12 19:15:18.415 25963 25963 E MethodChannel#jojoy.app_resource_plugin: ... 23 more
08-12 19:15:18.415 25963 25963 E MethodChannel#jojoy.app_resource_plugin: Caused by: java.lang.ClassNotFoundException: Didn't find class "x" on path: DexPathList[[zip file "/data/app/~~RlqRSICE4iIplcPnDnZeBQ==/apkdone.com- sw2xb0k3UZHPPmHA8vw-0A==/base.apk"],nativeLibraryDirectories=[/data/app/ ~~RlqRSICE4iIplcPnDnZeBQ==/apkdone.com-sw2xb0k3UZHPPmHA8vw-0A==/lib/arm, /data/app/~~RlqRSICE4iIplcPnDnZeBQ==/apkdone.com-sw2xb0k3UZHPPmHA8vw-0A==/ base.apk!/lib/armeabi-v7a, /system/lib, /system_ext/lib]]
08-12 19:15:18.415 25963 25963 E MethodChannel#jojoy.app_resource_plugin: at dalvik.system.BaseDexClassLoader.findClass(BaseDexClassLoader.java:218)
08-12 19:15:18.415 25963 25963 E MethodChannel#jojoy.app_resource_plugin: at java.lang.ClassLoader.loadClass(ClassLoader.java:379)
08-12 19:15:18.415 25963 25963 E MethodChannel#jojoy.app_resource_plugin: at java.lang.ClassLoader.loadClass(ClassLoader.java:312)
08-12 19:15:18.415 25963 25963 E MethodChannel#jojoy.app_resource_plugin: at android.graphics.drawable.DrawableInflater.inflateFromClass(DrawableInflater.java:2 06)
08-12 19:15:18.415 25963 25963 E MethodChannel#jojoy.app_resource_plugin: ... 29 more
08-12 19:15:18.416 25963 25963 E MethodChannel#jojoy.app_resource_plugin: Failed to handle method call
08-12 19:15:18.416 25963 25963 E MethodChannel#jojoy.app_resource_plugin: android.content.res.Resources$NotFoundException: Drawable apkdone.com:mipmap/ic_launcher_foreground with resource ID #0x7f0f0001
08-12 19:15:18.416 25963 25963 E MethodChannel#jojoy.app_resource_plugin: Caused by: android.content.res.Resources$NotFoundException: File res/mipmap/ic_launcher_foreground.xml from drawable resource ID #0x7f0f0001
08-12 19:15:18.416 25963 25963 E MethodChannel#jojoy.app_resource_plugin: at android.content.res.ResourcesImpl.loadDrawableForCookie(ResourcesImpl.java:900)
08-12 19:15:18.416 25963 25963 E MethodChannel#jojoy.app_resource_plugin: at android.content.res.ResourcesImpl.loadDrawable(ResourcesImpl.java:691)
08-12 19:15:18.416 25963 25963 E MethodChannel#jojoy.app_resource_plugin: at android.content.res.MiuiResourcesImpl.loadDrawable(MiuiResourcesImpl.java:307)
08-12 19:15:18.416 25963 25963 E MethodChannel#jojoy.app_resource_plugin: at android.content.res.Resources.loadDrawable(Resources.java:1017)
08-12 19:15:18.416 25963 25963 E MethodChannel#jojoy.app_resource_plugin: at android.content.res.Resources.getDrawableForDensity(Resources.java:1005)
08-12 19:15:18.416 25963 25963 E MethodChannel#jojoy.app_resource_plugin: at android.content.res.Resources.getDrawable(Resources.java:944)
08-12 19:15:18.416 25963 25963 E MethodChannel#jojoy.app_resource_plugin: at android.content.Context.getDrawable(Context.java:763)
08-12 19:15:18.416 25963 25963 E MethodChannel#jojoy.app_resource_plugin: at androidx.core.content.ContextCompat$Api21Impl.getDrawable(Unknown Source:0)
08-12 19:15:18.416 25963 25963 E MethodChannel#jojoy.app_resource_plugin: at androidx.core.content.ContextCompat.getDrawable(Unknown Source:0)
08-12 19:15:18.416 25963 25963 E MethodChannel#jojoy.app_resource_plugin: at com.example.plugin.AppResourcePlugin.a(AppResourcePlugin.kt:4)
08-12 19:15:18.416 25963 25963 E MethodChannel#jojoy.app_resource_plugin: at com.example.plugin.AppResourcePlugin.onMethodCall(AppResourcePlugin.kt:22)
08-12 19:15:18.416 25963 25963 E MethodChannel#jojoy.app_resource_plugin: at io.flutter.plugin.common.MethodChannel$IncomingMethodCallHandler.onMessage(MethodCh annel.java:2)
08-12 19:15:18.416 25963 25963 E MethodChannel#jojoy.app_resource_plugin: at io.flutter.embedding.engine.dart.DartMessenger.invokeHandler(DartMessenger.java:2)
08-12 19:15:18.416 25963 25963 E MethodChannel#jojoy.app_resource_plugin: at io.flutter.embedding.engine.dart.DartMessenger.lambda$dispatchMessageToQueue$0(Dart Messenger.java:2)
08-12 19:15:18.416 25963 25963 E MethodChannel#jojoy.app_resource_plugin: at io.flutter.embedding.engine.dart.DartMessenger.a(Unknown Source:0)
08-12 19:15:18.416 25963 25963 E MethodChannel#jojoy.app_resource_plugin: at io.flutter.embedding.engine.dart.a.run(Unknown Source:12)
08-12 19:15:18.416 25963 25963 E MethodChannel#jojoy.app_resource_plugin: at android.os.Handler.handleCallback(Handler.java:938)
08-12 19:15:18.416 25963 25963 E MethodChannel#jojoy.app_resource_plugin: at android.os.Handler.dispatchMessage(Handler.java:99)
08-12 19:15:18.416 25963 25963 E MethodChannel#jojoy.app_resource_plugin: at android.os.Looper.loopOnce(Looper.java:210)
08-12 19:15:18.416 25963 25963 E MethodChannel#jojoy.app_resource_plugin: at android.os.Looper.loop(Looper.java:299)
08-12 19:15:18.416 25963 25963 E MethodChannel#jojoy.app_resource_plugin: at android.app.ActivityThread.main(ActivityThread.java:8205)
08-12 19:15:18.416 25963 25963 E MethodChannel#jojoy.app_resource_plugin: at java.lang.reflect.Method.invoke(Native Method)
08-12 19:15:18.416 25963 25963 E MethodChannel#jojoy.app_resource_plugin: at com.android.internal.os.RuntimeInit$MethodAndArgsCaller.run(RuntimeInit.java:556)
08-12 19:15:18.416 25963 25963 E MethodChannel#jojoy.app_resource_plugin: at com.android.internal.os.ZygoteInit.main(ZygoteInit.java:1045)
08-12 19:15:18.416 25963 25963 E MethodChannel#jojoy.app_resource_plugin: Caused by: android.view.InflateException: Class not found x
08-12 19:15:18.416 25963 25963 E MethodChannel#jojoy.app_resource_plugin: at android.graphics.drawable.DrawableInflater.inflateFromClass(DrawableInflater.java:2 25)
08-12 19:15:18.416 25963 25963 E MethodChannel#jojoy.app_resource_plugin: at android.graphics.drawable.DrawableInflater.inflateFromXmlForDensity(DrawableInflate r.java:142)
08-12 19:15:18.416 25963 25963 E MethodChannel#jojoy.app_resource_plugin: at android.graphics.drawable.Drawable.createFromXmlInnerForDensity(Drawable.java:1414)
08-12 19:15:18.416 25963 25963 E MethodChannel#jojoy.app_resource_plugin: at android.graphics.drawable.Drawable.createFromXmlForDensity(Drawable.java:1373)
08-12 19:15:18.416 25963 25963 E MethodChannel#jojoy.app_resource_plugin: at android.content.res.ResourcesImpl.createFromXmlForDensity(ResourcesImpl.java:1516)
08-12 19:15:18.416 25963 25963 E MethodChannel#jojoy.app_resource_plugin: at android.content.res.ResourcesImpl.loadXmlDrawable(ResourcesImpl.java:934)
08-12 19:15:18.416 25963 25963 E MethodChannel#jojoy.app_resource_plugin: at android.content.res.ResourcesImpl.loadDrawableForCookie(ResourcesImpl.java:883)
08-12 19:15:18.416 25963 25963 E MethodChannel#jojoy.app_resource_plugin: ... 23 more
08-12 19:15:18.416 25963 25963 E MethodChannel#jojoy.app_resource_plugin: Caused by: java.lang.ClassNotFoundException: Didn't find class "x" on path: DexPathList[[zip file "/data/app/~~RlqRSICE4iIplcPnDnZeBQ==/apkdone.com- sw2xb0k3UZHPPmHA8vw-0A==/base.apk"],nativeLibraryDirectories=[/data/app/ ~~RlqRSICE4iIplcPnDnZeBQ==/apkdone.com-sw2xb0k3UZHPPmHA8vw-0A==/lib/arm, /data/app/~~RlqRSICE4iIplcPnDnZeBQ==/apkdone.com-sw2xb0k3UZHPPmHA8vw-0A==/ base.apk!/lib/armeabi-v7a, /system/lib, /system_ext/lib]]
08-12 19:15:18.416 25963 25963 E MethodChannel#jojoy.app_resource_plugin: at dalvik.system.BaseDexClassLoader.findClass(BaseDexClassLoader.java:218)
08-12 19:15:18.416 25963 25963 E MethodChannel#jojoy.app_resource_plugin: at java.lang.ClassLoader.loadClass(ClassLoader.java:379)
08-12 19:15:18.416 25963 25963 E MethodChannel#jojoy.app_resource_plugin: at java.lang.ClassLoader.loadClass(ClassLoader.java:312)
08-12 19:15:18.416 25963 25963 E MethodChannel#jojoy.app_resource_plugin: at android.graphics.drawable.DrawableInflater.inflateFromClass(DrawableInflater.java:2 06)
08-12 19:15:18.416 25963 25963 E MethodChannel#jojoy.app_resource_plugin: ... 29 more
08-12 19:15:18.417 25963 25963 E MethodChannel#jojoy.app_resource_plugin: Failed to handle method call
08-12 19:15:18.417 25963 25963 E MethodChannel#jojoy.app_resource_plugin: android.content.res.Resources$NotFoundException: Drawable apkdone.com:mipmap/ic_launcher_foreground with resource ID #0x7f0f0001
08-12 19:15:18.417 25963 25963 E MethodChannel#jojoy.app_resource_plugin: Caused by: android.content.res.Resources$NotFoundException: File res/mipmap/ic_launcher_foreground.xml from drawable resource ID #0x7f0f0001
08-12 19:15:18.417 25963 25963 E MethodChannel#jojoy.app_resource_plugin: at android.content.res.ResourcesImpl.loadDrawableForCookie(ResourcesImpl.java:900)
08-12 19:15:18.417 25963 25963 E MethodChannel#jojoy.app_resource_plugin: at android.content.res.ResourcesImpl.loadDrawable(ResourcesImpl.java:691)
08-12 19:15:18.417 25963 25963 E MethodChannel#jojoy.app_resource_plugin: at android.content.res.MiuiResourcesImpl.loadDrawable(MiuiResourcesImpl.java:307)
08-12 19:15:18.417 25963 25963 E MethodChannel#jojoy.app_resource_plugin: at android.content.res.Resources.loadDrawable(Resources.java:1017)
08-12 19:15:18.417 25963 25963 E MethodChannel#jojoy.app_resource_plugin: at android.content.res.Resources.getDrawableForDensity(Resources.java:1005)
08-12 19:15:18.417 25963 25963 E MethodChannel#jojoy.app_resource_plugin: at android.content.res.Resources.getDrawable(Resources.java:944)
08-12 19:15:18.417 25963 25963 E MethodChannel#jojoy.app_resource_plugin: at android.content.Context.getDrawable(Context.java:763)
08-12 19:15:18.417 25963 25963 E MethodChannel#jojoy.app_resource_plugin: at androidx.core.content.ContextCompat$Api21Impl.getDrawable(Unknown Source:0)
08-12 19:15:18.417 25963 25963 E MethodChannel#jojoy.app_resource_plugin: at androidx.core.content.ContextCompat.getDrawable(Unknown Source:0)
08-12 19:15:18.417 25963 25963 E MethodChannel#jojoy.app_resource_plugin: at com.example.plugin.AppResourcePlugin.a(AppResourcePlugin.kt:4)
08-12 19:15:18.417 25963 25963 E MethodChannel#jojoy.app_resource_plugin: at com.example.plugin.AppResourcePlugin.onMethodCall(AppResourcePlugin.kt:22)
08-12 19:15:18.417 25963 25963 E MethodChannel#jojoy.app_resource_plugin: at io.flutter.plugin.common.MethodChannel$IncomingMethodCallHandler.onMessage(MethodCh annel.java:2)
08-12 19:15:18.417 25963 25963 E MethodChannel#jojoy.app_resource_plugin: at io.flutter.embedding.engine.dart.DartMessenger.invokeHandler(DartMessenger.java:2)
08-12 19:15:18.417 25963 25963 E MethodChannel#jojoy.app_resource_plugin: at io.flutter.embedding.engine.dart.DartMessenger.lambda$dispatchMessageToQueue$0(Dart Messenger.java:2)
08-12 19:15:18.417 25963 25963 E MethodChannel#jojoy.app_resource_plugin: at io.flutter.embedding.engine.dart.DartMessenger.a(Unknown Source:0)
08-12 19:15:18.417 25963 25963 E MethodChannel#jojoy.app_resource_plugin: at io.flutter.embedding.engine.dart.a.run(Unknown Source:12)
08-12 19:15:18.417 25963 25963 E MethodChannel#jojoy.app_resource_plugin: at android.os.Handler.handleCallback(Handler.java:938)
08-12 19:15:18.417 25963 25963 E MethodChannel#jojoy.app_resource_plugin: at android.os.Handler.dispatchMessage(Handler.java:99)
08-12 19:15:18.417 25963 25963 E MethodChannel#jojoy.app_resource_plugin: at android.os.Looper.loopOnce(Looper.java:210)
08-12 19:15:18.417 25963 25963 E MethodChannel#jojoy.app_resource_plugin: at android.os.Looper.loop(Looper.java:299)
08-12 19:15:18.417 25963 25963 E MethodChannel#jojoy.app_resource_plugin: at android.app.ActivityThread.main(ActivityThread.java:8205)
08-12 19:15:18.417 25963 25963 E MethodChannel#jojoy.app_resource_plugin: at java.lang.reflect.Method.invoke(Native Method)
08-12 19:15:18.417 25963 25963 E MethodChannel#jojoy.app_resource_plugin: at com.android.internal.os.RuntimeInit$MethodAndArgsCaller.run(RuntimeInit.java:556)
08-12 19:15:18.417 25963 25963 E MethodChannel#jojoy.app_resource_plugin: at com.android.internal.os.ZygoteInit.main(ZygoteInit.java:1045)
08-12 19:15:18.417 25963 25963 E MethodChannel#jojoy.app_resource_plugin: Caused by: android.view.InflateException: Class not found x
08-12 19:15:18.417 25963 25963 E MethodChannel#jojoy.app_resource_plugin: at android.graphics.drawable.DrawableInflater.inflateFromClass(DrawableInflater.java:2 25)
08-12 19:15:18.417 25963 25963 E MethodChannel#jojoy.app_resource_plugin: at android.graphics.drawable.DrawableInflater.inflateFromXmlForDensity(DrawableInflate r.java:142)
08-12 19:15:18.417 25963 25963 E MethodChannel#jojoy.app_resource_plugin: at android.graphics.drawable.Drawable.createFromXmlInnerForDensity(Drawable.java:1414)
08-12 19:15:18.417 25963 25963 E MethodChannel#jojoy.app_resource_plugin: at android.graphics.drawable.Drawable.createFromXmlForDensity(Drawable.java:1373)
08-12 19:15:18.417 25963 25963 E MethodChannel#jojoy.app_resource_plugin: at android.content.res.ResourcesImpl.createFromXmlForDensity(ResourcesImpl.java:1516)
