08-12 19:16:27.087 25963 27213 I MediaCodec: init video box disabled for init not supported
08-12 19:16:27.089 25963 27241 I OMXClient: IOmx service obtained
08-12 19:16:27.091 25963 26106 E FrameEvents: updateAcquireFence: Did not find frame.
08-12 19:16:27.098 25963 27213 D VideoInfo: apkdone.com create OMX.qcom.video.decoder.vp9 in MediaCodec
08-12 19:16:27.098 25963 26106 E FrameEvents: updateAcquireFence: Did not find frame.
08-12 19:16:27.098 25963 27239 D SurfaceUtils: connecting to surface 0xaa55e808, reason connectToSurface
08-12 19:16:27.098 25963 27239 I MediaCodec: [OMX.qcom.video.decoder.vp9] setting surface generation to 26586125
08-12 19:16:27.098 25963 27239 D SurfaceUtils: disconnecting from surface 0xaa55e808, reason connectToSurface(reconnect)
08-12 19:16:27.098 25963 27239 D SurfaceUtils: connecting to surface 0xaa55e808, reason connectToSurface(reconnect)
08-12 19:16:27.101 25963 27241 I ExtendedACodec: setupVideoDecoder()
08-12 19:16:27.103 25963 27241 I ExtendedACodec: Decoder will be in frame by frame mode
08-12 19:16:27.104 25963 27241 W ExtendedACodec: Failed to set frame packing format on component
08-12 19:16:27.106 25963 26106 E FrameEvents: updateAcquireFence: Did not find frame.
08-12 19:16:27.112 25963 27239 D MediaImpl: MediaImpl::sendMine: video/x- vnd.on2.vp9
08-12 19:16:27.112 25963 27239 D MediaStub: MediaStub::sendMine video/x-vnd.on2.vp9
08-12 19:16:27.116 25963 26106 E FrameEvents: updateAcquireFence: Did not find frame.
08-12 19:16:27.126 25963 26106 E FrameEvents: updateAcquireFence: Did not find frame.
08-12 19:16:27.132 25963 26106 E FrameEvents: updateAcquireFence: Did not find frame.
08-12 19:16:27.140 25963 27241 D SurfaceUtils: set up nativeWindow 0xaa55e808 for 360x360, color 0x7fa30c06, rotation 0, usage 0x20402900
08-12 19:16:27.140 25963 26106 E FrameEvents: updateAcquireFence: Did not find frame.
08-12 19:16:27.150 25963 26106 E FrameEvents: updateAcquireFence: Did not find frame.
08-12 19:16:27.156 25963 27213 D AudioTrack: set(sessionId=0)
08-12 19:16:27.156 25963 27213 D AudioTrack: set(): streamType -1, sampleRate 44100, format 0x1, channelMask 0x3, frameCount 14144, flags #0, notificationFrames 0, sessionId 0, transferType 3, uid -1, pid -1
08-12 19:16:27.158 25963 27213 W libc : Access denied finding property "vendor.audio.lowpower"
08-12 19:16:27.160 25963 26106 E FrameEvents: updateAcquireFence: Did not find frame.
08-12 19:16:27.172 25963 27213 D AudioTrack: isWhiteListPackage() Uid 10403, package name apkdone.com
08-12 19:16:27.176 25963 27213 W AudioTrack: Use of stream types is deprecated for operations other than volume control
08-12 19:16:27.176 25963 27213 W AudioTrack: See the documentation of AudioTrack() for what to use instead with android.media.AudioAttributes to qualify your playback use case
08-12 19:16:27.178 25963 27213 I AudioTrack: AudioTrack::setVolume L:1.000000 R:1.000000 and the pakage is apkdone.com
08-12 19:16:27.178 25963 27213 W libc : Access denied finding property "ro.vendor.audio.shortvideo.index"
08-12 19:16:27.186 25963 26388 I CCodecBufferChannel: pipelineRoom(2) is <= numClientBuffers(3). Not signalling any more buffers to client
08-12 19:16:27.186 25963 27229 I CCodecBufferChannel: pipelineRoom(2) is <= numClientBuffers(2). Not signalling any more buffers to client
08-12 19:16:27.187 25963 26388 I CCodecBufferChannel: pipelineRoom(3) is <= numClientBuffers(3). Not signalling any more buffers to client
08-12 19:16:27.189 25963 26388 I CCodecBufferChannel: pipelineRoom(2) is <= numClientBuffers(2). Not signalling any more buffers to client
08-12 19:16:27.190 25963 26388 I CCodecBufferChannel: pipelineRoom(3) is <= numClientBuffers(3). Not signalling any more buffers to client
08-12 19:16:27.191 25963 26388 I CCodecBufferChannel: pipelineRoom(2) is <= numClientBuffers(3). Not signalling any more buffers to client
08-12 19:16:27.192 25963 27229 I CCodecBufferChannel: pipelineRoom(2) is <= numClientBuffers(2). Not signalling any more buffers to client
08-12 19:16:27.298 25963 26388 I CCodecBufferChannel: pipelineRoom(2) is <= numClientBuffers(2). Not signalling any more buffers to client
08-12 19:16:27.414 25963 27158 W BpBinder: Slow Binder: BpBinder transact took 545 ms, interface=android.media.IResourceManagerService, code=5 oneway=false
08-12 19:16:27.414 25963 27158 E MediaCodec: configure failed with err 0xfffffff4, resetting...
08-12 19:16:27.416 25963 27196 D MediaCodec: kWhatReleaseCompleted
08-12 19:16:27.416 25963 26388 I CCodecBufferChannel: pipelineRoom(1) is <= numClientBuffers(2). Not signalling any more buffers to client
08-12 19:16:27.417 25963 26868 I CCodecBufferChannel: pipelineRoom(1) is <= numClientBuffers(1). Not signalling any more buffers to client
08-12 19:16:27.417 25963 27196 D MediaImpl: FRC not support: valueSupport :
08-12 19:16:27.417 25963 27196 D MediaImpl: AIE not support: valueSupport :
08-12 19:16:27.417 25963 27196 D MediaImpl: AIS not support: valueSupport :
08-12 19:16:27.417 25963 27196 D MediaImpl: sendVideoPlayData, start
08-12 19:16:27.417 25963 27196 D MediaImpl: MediaImpl::sendVideoPlayData::mediacodec_mime : video/x-vnd.on2.vp9
08-12 19:16:27.417 25963 27196 D MediaImpl: MediaImpl::sendVideoPlayData::mediacodec_packgeName : apkdone.com
08-12 19:16:27.417 25963 27196 D MediaImpl: MediaImpl::sendVideoPlayData::mine : video/x-vnd.on2.vp9
08-12 19:16:27.417 25963 27196 D MediaImpl: MediaImpl::sendVideoPlayData::packgeName : apkdone.com
08-12 19:16:27.417 25963 27196 E send_data_to_xlog: send_video_play_to_xlog, start
08-12 19:16:27.417 25963 27196 D send_data_to_xlog: send_video_play_to_xlog::mine : video/x-vnd.on2.vp9
08-12 19:16:27.417 25963 27196 D send_data_to_xlog: send_video_play_to_xlog::packgeName : apkdone.com
08-12 19:16:27.417 25963 27196 V xlog_client: xlog_send msg_id: 13
08-12 19:16:27.417 25963 27196 V xlog_client: xlog_send
08-12 19:16:27.417 25963 27196 E xlog_client: xlog_open: Error in open xlog
08-12 19:16:27.417 25963 27196 E xlog_client: xlog open fail
08-12 19:16:27.419 25963 27158 I MediaCodec: video box enabled in settings
08-12 19:16:27.419 25963 27158 I VideoBoxStub: VideoBoxStub::initVideobox
08-12 19:16:27.422 25963 27158 I VideoBox: VideoBox::VideoBox
08-12 19:16:27.423 25963 27158 I VideoBox: initVideobox
08-12 19:16:27.423 25963 27158 I VideoBox: initVideobox going OMX.qcom.video.decoder.vp9
08-12 19:16:27.423 25963 27158 I VideoBox: initVideobox return false for platform is not support vpp
08-12 19:16:27.423 25963 27158 I VideoBoxStub: VideoBoxStub::releaseVideoBox
08-12 19:16:27.423 25963 27158 I VideoBox: VideoBox::~VideoBox
08-12 19:16:27.423 25963 27158 I MediaCodec: init video box disabled for init not supported
08-12 19:16:27.425 25963 27198 I OMXClient: IOmx service obtained
08-12 19:16:27.435 25963 27158 D VideoInfo: apkdone.com create OMX.qcom.video.decoder.vp9 in MediaCodec
08-12 19:16:27.435 25963 27196 I MediaCodec: MediaCodec will operate in async mode
08-12 19:16:27.435 25963 27196 D SurfaceUtils: connecting to surface 0xb5a64408, reason connectToSurface
08-12 19:16:27.435 25963 27196 I MediaCodec: [OMX.qcom.video.decoder.vp9] setting surface generation to 26586126
08-12 19:16:27.435 25963 27196 D SurfaceUtils: disconnecting from surface 0xb5a64408, reason connectToSurface(reconnect)
08-12 19:16:27.435 25963 27196 D SurfaceUtils: connecting to surface 0xb5a64408, reason connectToSurface(reconnect)
08-12 19:16:27.437 25963 27198 I ExtendedACodec: setupVideoDecoder()
08-12 19:16:27.439 25963 27198 I ExtendedACodec: Decoder will be in frame by frame mode
08-12 19:16:27.439 25963 27198 W ExtendedACodec: Failed to set frame packing format on component
08-12 19:16:27.446 25963 27196 D MediaImpl: MediaImpl::sendMine: video/x- vnd.on2.vp9
08-12 19:16:27.446 25963 27196 D MediaStub: MediaStub::sendMine video/x-vnd.on2.vp9
08-12 19:16:27.447 25963 27158 D MediaCodec: keep callback message for reclaim
08-12 19:16:27.463 25963 27198 D SurfaceUtils: set up nativeWindow 0xb5a64408 for 1280x720, color 0x7fa30c06, rotation 0, usage 0x20402900
08-12 19:16:27.491 25963 27196 W MediaCodec: mapFormat: no mediaType information
08-12 19:16:27.499 25963 26388 I CCodecBufferChannel: pipelineRoom(3) is <= numClientBuffers(3). Not signalling any more buffers to client
08-12 19:16:27.499 25963 26868 I CCodecBufferChannel: pipelineRoom(2) is <= numClientBuffers(2). Not signalling any more buffers to client
08-12 19:16:27.611 25963 26388 I CCodecBufferChannel: pipelineRoom(1) is <= numClientBuffers(1). Not signalling any more buffers to client
08-12 19:16:27.612 25963 26388 I CCodecBufferChannel: pipelineRoom(1) is <= numClientBuffers(2). Not signalling any more buffers to client
08-12 19:16:27.612 25963 26868 I CCodecBufferChannel: pipelineRoom(1) is <= numClientBuffers(1). Not signalling any more buffers to client
08-12 19:16:27.857 25963 26388 I CCodecBufferChannel: pipelineRoom(3) is <= numClientBuffers(3). Not signalling any more buffers to client
08-12 19:16:27.860 25963 26388 I CCodecBufferChannel: pipelineRoom(1) is <= numClientBuffers(2). Not signalling any more buffers to client
08-12 19:16:27.860 25963 26868 I CCodecBufferChannel: pipelineRoom(1) is <= numClientBuffers(1). Not signalling any more buffers to client
08-12 19:16:27.930 25963 26388 I CCodecBufferChannel: pipelineRoom(2) is <= numClientBuffers(3). Not signalling any more buffers to client
08-12 19:16:27.930 25963 26868 I CCodecBufferChannel: pipelineRoom(2) is <= numClientBuffers(2). Not signalling any more buffers to client
08-12 19:16:28.051 25963 26388 D CCodecBuffers: [c2.android.aac.decoder#411:1D- Input.Impl[N]] codec released a buffer owned by client (index 0)
08-12 19:16:28.051 25963 26868 I CCodecBufferChannel: pipelineRoom(3) is <= numClientBuffers(3). Not signalling any more buffers to client
08-12 19:16:28.104 25963 26677 D CCodecBufferChannel: [c2.android.aac.decoder#344] DEBUG: elapsed: n=6 [in=0 pipeline=0 out=2]
08-12 19:16:28.104 25963 26677 D PipelineWatcher: DEBUG: elapsed 2 / 6
08-12 19:16:28.104 25963 26677 D CCodecBufferChannel: [c2.android.aac.decoder#411] DEBUG: elapsed: n=6 [in=0 pipeline=0 out=2]
08-12 19:16:28.104 25963 26677 D PipelineWatcher: DEBUG: elapsed 2 / 6
08-12 19:16:28.160 25963 26388 I CCodecBufferChannel: pipelineRoom(1) is <= numClientBuffers(2). Not signalling any more buffers to client
08-12 19:16:28.160 25963 27229 I CCodecBufferChannel: pipelineRoom(1) is <= numClientBuffers(1). Not signalling any more buffers to client
08-12 19:16:28.163 25963 26388 I CCodecBufferChannel: pipelineRoom(3) is <= numClientBuffers(3). Not signalling any more buffers to client
08-12 19:16:28.168 25963 27239 W MediaCodec: mapFormat: no mediaType information
08-12 19:16:28.173 25963 26388 I CCodecBufferChannel: pipelineRoom(2) is <= numClientBuffers(3). Not signalling any more buffers to client
08-12 19:16:28.173 25963 26868 I CCodecBufferChannel: pipelineRoom(2) is <= numClientBuffers(2). Not signalling any more buffers to client
08-12 19:16:28.296 25963 26388 I CCodecBufferChannel: pipelineRoom(2) is <= numClientBuffers(3). Not signalling any more buffers to client
08-12 19:16:28.296 25963 26868 I CCodecBufferChannel: pipelineRoom(2) is <= numClientBuffers(2). Not signalling any more buffers to client
08-12 19:16:28.297 25963 26388 I CCodecBufferChannel: pipelineRoom(2) is <= numClientBuffers(3). Not signalling any more buffers to client
08-12 19:16:28.297 25963 26868 I CCodecBufferChannel: pipelineRoom(2) is <= numClientBuffers(2). Not signalling any more buffers to client
08-12 19:16:28.479 25963 26020 I TRuntime.CctTransportBackend: Making request to: https://firebaselogging-pa.googleapis.com/v1/firelog/legacy/batchlog
08-12 19:16:28.611 25963 26388 I CCodecBufferChannel: pipelineRoom(2) is <= numClientBuffers(3). Not signalling any more buffers to client
08-12 19:16:28.611 25963 26868 I CCodecBufferChannel: pipelineRoom(2) is <= numClientBuffers(2). Not signalling any more buffers to client
08-12 19:16:28.612 25963 26868 I CCodecBufferChannel: pipelineRoom(3) is <= numClientBuffers(3). Not signalling any more buffers to client
08-12 19:16:28.612 25963 26388 I CCodecBufferChannel: pipelineRoom(3) is <= numClientBuffers(3). Not signalling any more buffers to client
08-12 19:16:28.657 25963 25982 I OpenGLRenderer: Davey! duration=9223284456905ms; Flags=0, FrameTimelineVsyncId=6704086, IntendedVsync=87579947248635, Vsync=87579947248635, InputEventId=0, HandleInputStart=87579947921015, AnimationStart=87579947924140, PerformTraversalsStart=87579947926953, DrawStart=87579952154036, FrameDeadline=87579967248634, FrameInterval=87579947901796, FrameStartTime=8333333, SyncQueued=87579952607109, SyncStart=87579954279348, IssueDrawCommandsStart=87579954402317, SwapBuffers=87579957561484, FrameCompleted=9223372036854775807, DequeueBufferDuration=21406, QueueBufferDuration=611510, GpuCompleted=9223372036854775807, SwapBuffersCompleted=87579958638515, DisplayPresentTime=87576551092839,
08-12 19:16:28.732 25963 26388 I CCodecBufferChannel: pipelineRoom(2) is <= numClientBuffers(2). Not signalling any more buffers to client
08-12 19:16:28.733 25963 26388 I CCodecBufferChannel: pipelineRoom(2) is <= numClientBuffers(3). Not signalling any more buffers to client
08-12 19:16:28.734 25963 26868 I CCodecBufferChannel: pipelineRoom(2) is <= numClientBuffers(2). Not signalling any more buffers to client
08-12 19:16:28.854 25963 26388 I CCodecBufferChannel: pipelineRoom(2) is <= numClientBuffers(3). Not signalling any more buffers to client
08-12 19:16:28.854 25963 26868 I CCodecBufferChannel: pipelineRoom(2) is <= numClientBuffers(2). Not signalling any more buffers to client
08-12 19:16:29.154 25963 27213 I AudioTrack: isLongTimeZeroData zero date time 1 Seconds
08-12 19:16:29.175 25963 26388 I CCodecBufferChannel: pipelineRoom(2) is <= numClientBuffers(2). Not signalling any more buffers to client
08-12 19:16:29.179 25963 26388 D CCodecBuffers: [c2.android.aac.decoder#411:1D- Input.Impl[N]] codec released a buffer owned by client (index 3)
08-12 19:16:29.299 25963 26388 I CCodecBufferChannel: pipelineRoom(1) is <= numClientBuffers(2). Not signalling any more buffers to client
08-12 19:16:29.300 25963 26868 I CCodecBufferChannel: pipelineRoom(1) is <= numClientBuffers(1). Not signalling any more buffers to client
08-12 19:16:29.373 25963 26388 I CCodecBufferChannel: pipelineRoom(3) is <= numClientBuffers(3). Not signalling any more buffers to client
08-12 19:16:29.615 25963 26388 I CCodecBufferChannel: pipelineRoom(2) is <= numClientBuffers(2). Not signalling any more buffers to client
08-12 19:16:29.616 25963 26388 I CCodecBufferChannel: pipelineRoom(2) is <= numClientBuffers(3). Not signalling any more buffers to client
08-12 19:16:29.616 25963 26868 I CCodecBufferChannel: pipelineRoom(2) is <= numClientBuffers(2). Not signalling any more buffers to client
08-12 19:16:29.738 25963 26388 I CCodecBufferChannel: pipelineRoom(3) is <= numClientBuffers(3). Not signalling any more buffers to client
08-12 19:16:29.739 25963 26388 I CCodecBufferChannel: pipelineRoom(2) is <= numClientBuffers(3). Not signalling any more buffers to client
08-12 19:16:29.739 25963 26868 I CCodecBufferChannel: pipelineRoom(2) is <= numClientBuffers(2). Not signalling any more buffers to client
08-12 19:16:29.816 25963 26868 D BufferPoolAccessor2.0: bufferpool2 0xdaf68658 : 4(32768 size) total buffers - 4(32768 size) used buffers - 1/6 (recycle/alloc) - 13/246 (fetch/transfer)
08-12 19:16:29.840 25963 27198 W AMessage: failed to deliver message as target handler 34 is gone.
08-12 19:16:29.942 25963 26679 D BufferPoolAccessor2.0: evictor expired: 1, evicted: 1
08-12 19:16:29.943 25963 26388 I CCodecBufferChannel: pipelineRoom(3) is <= numClientBuffers(3). Not signalling any more buffers to client
08-12 19:16:29.944 25963 26388 D CCodecBuffers: [c2.android.aac.decoder#411:1D- Input.Impl[N]] codec released a buffer owned by client (index 1)
08-12 19:16:30.008 25963 26861 D AudioTrack: pause(sessionID=75697)
08-12 19:16:30.008 25963 26861 D AudioTrack: pause(9941): prior state:STATE_ACTIVE
08-12 19:16:30.016 25963 26861 I AudioTrack: AudioTrack::setVolume L:0.000000 R:0.000000 and the pakage is apkdone.com
08-12 19:16:30.017 25963 26861 W libc : Access denied finding property "ro.vendor.audio.shortvideo.index"
08-12 19:16:30.051 25963 25963 W AudioManager: Use of stream types is deprecated for operations other than volume control
08-12 19:16:30.051 25963 25963 W AudioManager: See the documentation of requestAudioFocus() for what to use instead with android.media.AudioAttributes to qualify your playback use case
08-12 19:16:30.060 25963 26388 D CCodecBuffers: [c2.android.aac.decoder#411:1D- Input.Impl[N]] codec released a buffer owned by client (index 1)
08-12 19:16:30.060 25963 26868 I CCodecBufferChannel: pipelineRoom(3) is <= numClientBuffers(3). Not signalling any more buffers to client
08-12 19:16:30.062 25963 26388 D CCodecBuffers: [c2.android.aac.decoder#411:1D- Input.Impl[N]] codec released a buffer owned by client (index 2)
08-12 19:16:30.075 25963 26861 I AudioTrack: AudioTrack::setVolume L:1.000000 R:1.000000 and the pakage is apkdone.com
08-12 19:16:30.075 25963 26861 W libc : Access denied finding property "ro.vendor.audio.shortvideo.index"
08-12 19:16:30.078 25963 27241 W AMessage: failed to deliver message as target handler 40 is gone.
08-12 19:16:30.177 25963 26868 I CCodecBufferChannel: pipelineRoom(1) is <= numClientBuffers(1). Not signalling any more buffers to client
08-12 19:16:30.177 25963 26388 I CCodecBufferChannel: pipelineRoom(1) is <= numClientBuffers(1). Not signalling any more buffers to client
08-12 19:16:30.299 25963 26388 I CCodecBufferChannel: pipelineRoom(1) is <= numClientBuffers(2). Not signalling any more buffers to client
08-12 19:16:30.299 25963 26868 I CCodecBufferChannel: pipelineRoom(1) is <= numClientBuffers(1). Not signalling any more buffers to client
08-12 19:16:30.414 25963 27198 W AMessage: failed to deliver message as target handler 43 is gone.
08-12 19:16:30.489 25963 26861 D AudioTrack: pause(sessionID=75697)
08-12 19:16:30.489 25963 26861 D AudioTrack: pause(9941): prior state:STATE_ACTIVE
08-12 19:16:30.497 25963 26388 I CCodecBufferChannel: pipelineRoom(3) is <= numClientBuffers(3). Not signalling any more buffers to client
08-12 19:16:30.508 25963 26861 I AudioTrack: AudioTrack::setVolume L:0.000000 R:0.000000 and the pakage is apkdone.com
08-12 19:16:30.508 25963 26861 W libc : Access denied finding property "ro.vendor.audio.shortvideo.index"
08-12 19:16:30.522 25963 25963 W AudioManager: Use of stream types is deprecated for operations other than volume control
08-12 19:16:30.522 25963 25963 W AudioManager: See the documentation of requestAudioFocus() for what to use instead with android.media.AudioAttributes to qualify your playback use case
08-12 19:16:30.526 25963 26861 I AudioTrack: AudioTrack::setVolume L:1.000000 R:1.000000 and the pakage is apkdone.com
08-12 19:16:30.526 25963 26861 W libc : Access denied finding property "ro.vendor.audio.shortvideo.index"
08-12 19:16:30.534 25963 26861 D AudioTrack: pause(sessionID=75697)
08-12 19:16:30.534 25963 26861 D AudioTrack: pause(9941): prior state:STATE_ACTIVE
08-12 19:16:30.536 25963 26861 I AudioTrack: AudioTrack::setVolume L:0.000000 R:0.000000 and the pakage is apkdone.com
08-12 19:16:30.536 25963 26861 W libc : Access denied finding property "ro.vendor.audio.shortvideo.index"
08-12 19:16:30.538 25963 26868 D CCodecBufferChannel: [c2.android.aac.decoder#411] MediaCodec discarded an unknown buffer
08-12 19:16:30.538 25963 26868 D CCodecBufferChannel: [c2.android.aac.decoder#411] MediaCodec discarded an unknown buffer
08-12 19:16:30.538 25963 27338 D AudioTrack: stop(sessionID=75697)
08-12 19:16:30.538 25963 27338 D AudioTrack: stop(9941): prior state:STATE_FLUSHED
08-12 19:16:30.538 25963 26868 D CCodecBufferChannel: [c2.android.aac.decoder#411] MediaCodec discarded an unknown buffer
08-12 19:16:30.538 25963 26868 D CCodecBufferChannel: [c2.android.aac.decoder#411] MediaCodec discarded an unknown buffer
08-12 19:16:30.538 25963 26868 D CCodecBufferChannel: [c2.android.aac.decoder#411] MediaCodec discarded an unknown buffer
08-12 19:16:30.538 25963 26868 D CCodecBufferChannel: [c2.android.aac.decoder#411] MediaCodec discarded an unknown buffer
08-12 19:16:30.539 25963 27338 D AudioTrack: ~AudioTrack(sessionID=75697)
08-12 19:16:30.539 25963 27338 D AudioTrack: stop(sessionID=75697)
08-12 19:16:30.539 25963 27338 D AudioTrack: stop(9941): prior state:STATE_FLUSHED
08-12 19:16:30.541 25963 26868 I hw-BpHwBinder: onLastStrongRef automatically unlinking death recipients
08-12 19:16:30.542 25963 26868 D MediaCodec: kWhatReleaseCompleted
08-12 19:16:30.542 25963 26868 D MediaImpl: FRC not support: valueSupport :
08-12 19:16:30.542 25963 26868 D MediaImpl: AIE not support: valueSupport :
08-12 19:16:30.542 25963 26868 D MediaImpl: AIS not support: valueSupport :
08-12 19:16:30.542 25963 26868 D MediaCodec: ~MediaCodec
08-12 19:16:30.559 25963 26871 D SurfaceUtils: disconnecting from surface 0x77154408, reason disconnectFromSurface
08-12 19:16:30.569 25963 26871 D MediaCodec: kWhatReleaseCompleted
08-12 19:16:30.570 25963 26871 D MediaImpl: FRC not support: valueSupport :
08-12 19:16:30.570 25963 26871 D MediaImpl: AIE not support: valueSupport :
08-12 19:16:30.570 25963 26871 D MediaImpl: AIS not support: valueSupport :
08-12 19:16:30.570 25963 26871 D MediaImpl: sendVideoPlayData, start
08-12 19:16:30.570 25963 26871 D MediaImpl: MediaImpl::sendVideoPlayData::mediacodec_mime : video/x-vnd.on2.vp9
08-12 19:16:30.570 25963 26871 D MediaImpl: MediaImpl::sendVideoPlayData::mediacodec_packgeName : apkdone.com
08-12 19:16:30.570 25963 26871 D MediaImpl: MediaImpl::sendVideoPlayData::mine : video/x-vnd.on2.vp9
08-12 19:16:30.570 25963 26871 D MediaImpl: MediaImpl::sendVideoPlayData::packgeName : apkdone.com
08-12 19:16:30.570 25963 26871 E send_data_to_xlog: send_video_play_to_xlog, start
08-12 19:16:30.570 25963 26871 D send_data_to_xlog: send_video_play_to_xlog::mine : video/x-vnd.on2.vp9
08-12 19:16:30.570 25963 26871 D send_data_to_xlog: send_video_play_to_xlog::packgeName : apkdone.com
08-12 19:16:30.570 25963 26871 V xlog_client: xlog_send msg_id: 13
08-12 19:16:30.570 25963 26871 V xlog_client: xlog_send
08-12 19:16:30.570 25963 26871 E xlog_client: xlog_open: Error in open xlog
08-12 19:16:30.570 25963 26871 E xlog_client: xlog open fail
08-12 19:16:30.570 25963 26871 D MediaCodec: ~MediaCodec
08-12 19:16:30.570 25963 25963 I PlayCore: UID: [10403] PID: [25963] PrewarmService : detach
08-12 19:16:30.574 25963 26871 D VideoInfo: apkdone.com destroy OMX.qcom.video.decoder.vp9 in MediaCodec, input buffer num 192 output buffer num 176
08-12 19:16:30.574 25963 26871 D VideoInfo: max input intervel 43865ms, max output intervel 43753ms max render interval 72ms
08-12 19:16:30.615 25963 25963 W AudioManager: Use of stream types is deprecated for operations other than volume control
08-12 19:16:30.615 25963 25963 W AudioManager: See the documentation of requestAudioFocus() for what to use instead with android.media.AudioAttributes to qualify your playback use case
08-12 19:16:30.618 25963 25963 D DecorView[]: onWindowFocusChanged hasWindowFocus false
08-12 19:16:30.636 25963 25963 D DecorView[]: onWindowFocusChanged hasWindowFocus true
08-12 19:16:31.461 25963 26677 D CCodecBufferChannel: [c2.android.aac.decoder#344] DEBUG: elapsed: n=6 [in=0 pipeline=0 out=2]
08-12 19:16:31.461 25963 26677 D PipelineWatcher: DEBUG: elapsed 2 / 6
08-12 19:16:31.600 25963 25963 W Ads : #004 The webview is destroyed. Ignoring action.
08-12 19:16:31.602 25963 25963 W Ads : Trying to set volume before player is initialized.
08-12 19:16:31.942 25963 26679 D BufferPoolAccessor2.0: bufferpool2 0xb1c74a98 : 5(40960 size) total buffers - 4(32768 size) used buffers - 1/6 (recycle/alloc) - 5/24 (fetch/transfer)
08-12 19:16:31.942 25963 26679 D BufferPoolAccessor2.0: evictor expired: 1, evicted: 1
08-12 19:16:32.006 25963 26020 I TRuntime.CctTransportBackend: Status Code: 200
08-12 19:16:32.607 25963 25963 D DecorView[]: onWindowFocusChanged hasWindowFocus false